0byt3m1n1
Path:
/
data
/
0
/
0
/
79
/
35
/
79687
/
meta
/
80998
/
logs
/
[
Home
]
File: x-access_log.2013-08-12
157.55.34.180 - - [12/Aug/2013:05:09:22 -0400] "GET /Frame-6-onlinespecialheader.htm HTTP/1.1" 304 - "-" "Mozilla/5.0 (compatible; bingbot/2.0; +http://www.bing.com/bingbot.htm)"
24.23.168.67 - - [12/Aug/2013:12:20:22 -0400] "GET /scripts/template.css HTTP/1.1" 200 9956 "http://www.circletcabins.com/" "Mozilla/5.0 (Macintosh; Intel Mac OS X 10_7_5) AppleWebKit/536.30.1 (KHTML, like Gecko) Version/6.0.5 Safari/536.30.1"
24.23.168.67 - - [12/Aug/2013:12:20:25 -0400] "GET /images/222610.jpg HTTP/1.1" 200 16217 "http://www.circletcabins.com/" "Mozilla/5.0 (Macintosh; Intel Mac OS X 10_7_5) AppleWebKit/536.30.1 (KHTML, like Gecko) Version/6.0.5 Safari/536.30.1"
37.59.50.71 - - [12/Aug/2013:01:27:09 -0400] "GET / HTTP/1.1" 200 10498 "-" "Mozilla/5.0 (Windows NT 6.1; WOW64; en-US;) AppleWebKit/537.36 (KHTML, like Gecko) Chrome/28.0.1500.95 Safari/537.36"
86.161.137.158 - - [12/Aug/2013:02:47:25 -0400] "GET /Frame-1-homepageheader.htm HTTP/1.0" 200 1203 "-" "Mozilla/5.0 (compatible; MJ12bot/v1.4.3; http://www.majestic12.co.uk/bot.php?+)"
202.46.62.115 - - [12/Aug/2013:17:29:10 -0400] "GET /scripts/4.css HTTP/1.1" 200 203 "-" "Mozilla/5.0 (Windows NT 5.1; rv:6.0.2) Gecko/20100101 Firefox/6.0.2"
157.55.34.180 - - [12/Aug/2013:04:04:57 -0400] "GET /Frame-5-photosnav.htm HTTP/1.1" 304 - "-" "Mozilla/5.0 (compatible; bingbot/2.0; +http://www.bing.com/bingbot.htm)"
130.185.109.243 - - [12/Aug/2013:04:28:05 -0400] "GET /robots.txt HTTP/1.1" 200 25 "-" "PagesInventory (robot http://www.pagesinvenotry.com)"
24.23.142.46 - - [12/Aug/2013:00:48:23 -0400] "GET /favicon.ico HTTP/1.1" 404 575 "-" "Mozilla/5.0 (compatible; MSIE 10.0; Windows NT 6.1; Win64; x64; Trident/6.0; NP06)"
86.161.137.158 - - [12/Aug/2013:02:47:32 -0400] "GET /Frame-1-homepagepage1.html?refresh=1301856371320 HTTP/1.0" 200 7453 "-" "Mozilla/5.0 (compatible; MJ12bot/v1.4.3; http://www.majestic12.co.uk/bot.php?+)"
180.76.5.110 - - [12/Aug/2013:12:22:05 -0400] "GET /scripts/print.css HTTP/1.1" 200 - "-" "Mozilla/5.0 (compatible; Baiduspider/2.0; +http://www.baidu.com/search/spider.html)"
66.249.75.53 - - [12/Aug/2013:13:31:40 -0400] "GET /scripts/2custom.css HTTP/1.1" 200 1478 "-" "Mozilla/5.0 (compatible; Googlebot/2.1; +http://www.google.com/bot.html)"
24.23.142.46 - - [12/Aug/2013:00:48:36 -0400] "GET /images/185_RIM00267.JPG HTTP/1.1" 200 7425 "http://www.circletcabins.com/photos.html" "Mozilla/5.0 (compatible; MSIE 10.0; Windows NT 6.1; WOW64; Trident/6.0; NP06)"
24.23.142.46 - - [12/Aug/2013:00:48:36 -0400] "GET /images/185_RIM00278.JPG HTTP/1.1" 200 8042 "http://www.circletcabins.com/photos.html" "Mozilla/5.0 (compatible; MSIE 10.0; Windows NT 6.1; WOW64; Trident/6.0; NP06)"
24.23.142.46 - - [12/Aug/2013:00:48:36 -0400] "GET /images/185_RIM00318.JPG HTTP/1.1" 200 5239 "http://www.circletcabins.com/photos.html" "Mozilla/5.0 (compatible; MSIE 10.0; Windows NT 6.1; WOW64; Trident/6.0; NP06)"
24.23.142.46 - - [12/Aug/2013:00:48:36 -0400] "GET /images/185_RIM00223.JPG HTTP/1.1" 200 7252 "http://www.circletcabins.com/photos.html" "Mozilla/5.0 (compatible; MSIE 10.0; Windows NT 6.1; WOW64; Trident/6.0; NP06)"
24.23.142.46 - - [12/Aug/2013:00:48:37 -0400] "GET /images/185_RIM00355.JPG HTTP/1.1" 200 4822 "http://www.circletcabins.com/photos.html" "Mozilla/5.0 (compatible; MSIE 10.0; Windows NT 6.1; WOW64; Trident/6.0; NP06)"
86.161.137.158 - - [12/Aug/2013:02:47:30 -0400] "GET /Frame-1-homepagepage1.html?refresh=1277266959854 HTTP/1.0" 200 7453 "-" "Mozilla/5.0 (compatible; MJ12bot/v1.4.3; http://www.majestic12.co.uk/bot.php?+)"
24.23.168.67 - - [12/Aug/2013:22:10:18 -0400] "GET / HTTP/1.1" 200 10498 "-" "Mozilla/5.0 (Macintosh; Intel Mac OS X 10_7_5) AppleWebKit/536.30.1 (KHTML, like Gecko) Version/6.0.5 Safari/536.30.1"
24.23.168.67 - - [12/Aug/2013:22:10:18 -0400] "GET /scripts/user.js HTTP/1.1" 200 23762 "http://www.circletcabins.com/" "Mozilla/5.0 (Macintosh; Intel Mac OS X 10_7_5) AppleWebKit/536.30.1 (KHTML, like Gecko) Version/6.0.5 Safari/536.30.1"
24.23.168.67 - - [12/Aug/2013:22:10:20 -0400] "GET /images/ic_034_body_bg_wide.jpg HTTP/1.1" 200 90532 "http://www.circletcabins.com/" "Mozilla/5.0 (Macintosh; Intel Mac OS X 10_7_5) AppleWebKit/536.30.1 (KHTML, like Gecko) Version/6.0.5 Safari/536.30.1"
24.23.168.67 - - [12/Aug/2013:22:10:20 -0400] "GET /scripts/print.css HTTP/1.1" 200 - "http://www.circletcabins.com/" "Mozilla/5.0 (Macintosh; Intel Mac OS X 10_7_5) AppleWebKit/536.30.1 (KHTML, like Gecko) Version/6.0.5 Safari/536.30.1"
75.18.204.18 - - [12/Aug/2013:22:43:48 -0400] "GET /images/P6220079.jpg HTTP/1.1" 200 16334 "-" "Mozilla/5.0 (iPad; CPU OS 6_0_1 like Mac OS X) AppleWebKit/536.26 (KHTML, like Gecko) Version/6.0 Mobile/10A523 Safari/8536.25"
98.210.163.29 - - [12/Aug/2013:23:06:29 -0400] "GET /images/10_Copy%20(2)%20of%20P6220099.jpg HTTP/1.1" 404 575 "http://www.circletcabins.com/homepage.html" "Mozilla/5.0 (compatible; MSIE 10.0; Windows NT 6.1; WOW64; Trident/6.0)"
98.210.163.29 - - [12/Aug/2013:23:06:30 -0400] "GET /images/clear_pixel.gif HTTP/1.1" 404 575 "http://www.circletcabins.com/homepage.html" "Mozilla/5.0 (compatible; MSIE 10.0; Windows NT 6.1; WOW64; Trident/6.0)"
180.76.5.172 - - [12/Aug/2013:10:14:04 -0400] "GET /174/scripts/icwebsiteelement.css HTTP/1.1" 200 8132 "-" "Mozilla/5.0 (compatible; Baiduspider/2.0; +http://www.baidu.com/search/spider.html)"
66.249.75.53 - - [12/Aug/2013:20:38:17 -0400] "GET /scripts/template.css HTTP/1.1" 200 9956 "-" "Mozilla/5.0 (compatible; Googlebot/2.1; +http://www.google.com/bot.html)"
199.21.99.67 - - [12/Aug/2013:09:28:17 -0400] "GET / HTTP/1.1" 200 10498 "-" "Mozilla/5.0 (compatible; YandexBot/3.0; +http://yandex.com/bots)"
24.23.142.46 - - [12/Aug/2013:00:48:36 -0400] "GET /images/185_RIM00268.JPG HTTP/1.1" 200 7476 "http://www.circletcabins.com/photos.html" "Mozilla/5.0 (compatible; MSIE 10.0; Windows NT 6.1; WOW64; Trident/6.0; NP06)"
24.23.142.46 - - [12/Aug/2013:00:48:36 -0400] "GET /images/185_RIM00304.JPG HTTP/1.1" 200 6417 "http://www.circletcabins.com/photos.html" "Mozilla/5.0 (compatible; MSIE 10.0; Windows NT 6.1; WOW64; Trident/6.0; NP06)"
24.23.142.46 - - [12/Aug/2013:00:48:36 -0400] "GET /images/185_RIM00349.JPG HTTP/1.1" 200 8784 "http://www.circletcabins.com/photos.html" "Mozilla/5.0 (compatible; MSIE 10.0; Windows NT 6.1; WOW64; Trident/6.0; NP06)"
24.23.142.46 - - [12/Aug/2013:00:48:36 -0400] "GET /images/185_PB290110.JPG HTTP/1.1" 200 8309 "http://www.circletcabins.com/photos.html" "Mozilla/5.0 (compatible; MSIE 10.0; Windows NT 6.1; WOW64; Trident/6.0; NP06)"
157.56.229.184 - - [12/Aug/2013:15:35:11 -0400] "GET /homepage.html HTTP/1.1" 200 10498 "-" "Mozilla/5.0 (compatible; bingbot/2.0; +http://www.bing.com/bingbot.htm)"
157.55.34.180 - - [12/Aug/2013:16:30:11 -0400] "GET /scripts/2custom.css HTTP/1.1" 200 1478 "-" "Mozilla/5.0 (compatible; bingbot/2.0; +http://www.bing.com/bingbot.htm)"
98.210.163.29 - - [12/Aug/2013:23:06:29 -0400] "GET /homepage.html HTTP/1.1" 200 10498 "http://www.circletcabins.com/summercalendar.html" "Mozilla/5.0 (compatible; MSIE 10.0; Windows NT 6.1; WOW64; Trident/6.0)"
98.210.163.29 - - [12/Aug/2013:23:06:30 -0400] "GET /images/clear_pixel.gif HTTP/1.1" 404 575 "http://www.circletcabins.com/homepage.html" "Mozilla/5.0 (compatible; MSIE 10.0; Windows NT 6.1; WOW64; Trident/6.0)"
24.23.142.46 - - [12/Aug/2013:00:48:36 -0400] "GET /photos.html HTTP/1.1" 200 16250 "http://www.circletcabins.com/photos.html" "Mozilla/5.0 (compatible; MSIE 10.0; Windows NT 6.1; WOW64; Trident/6.0; NP06)"
24.23.142.46 - - [12/Aug/2013:00:48:36 -0400] "GET /scripts/5custom.css HTTP/1.1" 200 1144 "http://www.circletcabins.com/photos.html" "Mozilla/5.0 (compatible; MSIE 10.0; Windows NT 6.1; WOW64; Trident/6.0; NP06)"
24.23.142.46 - - [12/Aug/2013:00:48:36 -0400] "GET /images/185_PB060059.JPG HTTP/1.1" 200 7949 "http://www.circletcabins.com/photos.html" "Mozilla/5.0 (compatible; MSIE 10.0; Windows NT 6.1; WOW64; Trident/6.0; NP06)"
24.23.142.46 - - [12/Aug/2013:00:48:36 -0400] "GET /images/185_RIM00309.JPG HTTP/1.1" 200 5817 "http://www.circletcabins.com/photos.html" "Mozilla/5.0 (compatible; MSIE 10.0; Windows NT 6.1; WOW64; Trident/6.0; NP06)"
24.23.142.46 - - [12/Aug/2013:00:48:36 -0400] "GET /images/185_RIM00358.JPG HTTP/1.1" 200 4833 "http://www.circletcabins.com/photos.html" "Mozilla/5.0 (compatible; MSIE 10.0; Windows NT 6.1; WOW64; Trident/6.0; NP06)"
24.23.142.46 - - [12/Aug/2013:00:48:47 -0400] "GET /images/600_PB060059.JPG HTTP/1.1" 200 90229 "http://www.circletcabins.com/photos.html" "Mozilla/5.0 (compatible; MSIE 10.0; Windows NT 6.1; WOW64; Trident/6.0; NP06)"
174.76.158.98 - - [12/Aug/2013:19:18:17 -0400] "GET /scripts/website.css HTTP/1.0" 200 1660 "http://www.circletcabins.com/" "Mozilla/5.0 (Windows NT 5.1; rv:22.0) Gecko/20100101 Firefox/22.0"
174.76.158.98 - - [12/Aug/2013:19:18:17 -0400] "GET /scripts/icwebsiteelement.css HTTP/1.0" 200 8132 "http://www.circletcabins.com/" "Mozilla/5.0 (Windows NT 5.1; rv:22.0) Gecko/20100101 Firefox/22.0"
174.76.158.98 - - [12/Aug/2013:19:18:17 -0400] "GET /images/136_P6220092.jpg HTTP/1.0" 200 3901 "http://www.circletcabins.com/" "Mozilla/5.0 (Windows NT 5.1; rv:22.0) Gecko/20100101 Firefox/22.0"
75.18.204.18 - - [12/Aug/2013:22:43:59 -0400] "GET /images/P6220108.jpg HTTP/1.1" 200 16867 "-" "Mozilla/5.0 (iPad; CPU OS 6_0_1 like Mac OS X) AppleWebKit/536.26 (KHTML, like Gecko) Version/6.0 Mobile/10A523 Safari/8536.25"
98.210.163.29 - - [12/Aug/2013:23:04:50 -0400] "GET /scripts/photoalbum.js HTTP/1.1" 200 62481 "http://www.circletcabins.com/" "Mozilla/5.0 (compatible; MSIE 10.0; Windows NT 6.1; WOW64; Trident/6.0)"
24.23.142.46 - - [12/Aug/2013:00:50:59 -0400] "GET /homepage.html HTTP/1.1" 200 10498 "http://www.circletcabins.com/maps.html" "Mozilla/5.0 (compatible; MSIE 10.0; Windows NT 6.1; WOW64; Trident/6.0; NP06)"
24.23.142.46 - - [12/Aug/2013:00:50:59 -0400] "GET /images/10_Copy%20(2)%20of%20P6220099.jpg HTTP/1.1" 404 575 "http://www.circletcabins.com/homepage.html" "Mozilla/5.0 (compatible; MSIE 10.0; Windows NT 6.1; WOW64; Trident/6.0; NP06)"
1.202.218.91 - - [12/Aug/2013:05:30:04 -0400] "HEAD / HTTP/1.1" 200 - "-" "Mozilla/5.0 (compatible; JikeSpider; +http://shoulu.jike.com/spider.html)"
66.249.75.53 - - [12/Aug/2013:22:01:21 -0400] "GET /images/150_PB060059.JPG HTTP/1.1" 304 - "-" "Googlebot-Image/1.0"
66.249.16.212 - - [12/Aug/2013:06:35:47 -0400] "GET / HTTP/1.1" 200 10498 "http://whois.domaintools.com/circletcabins.net" "Mozilla/5.0 (compatible; bingbot/2.0; +http://www.bing.com/bingbot.htm)"
199.30.24.217 - - [12/Aug/2013:17:27:06 -0400] "GET /scripts/ic_globals_published.js HTTP/1.1" 200 566 "http://www.circletcabins.com/maps.html" "Mozilla/5.0 (Windows NT 6.1; WOW64) AppleWebKit/534+ (KHTML, like Gecko) BingPreview/1.0b"
199.30.24.217 - - [12/Aug/2013:17:27:07 -0400] "GET /images/ic_034_body_bg_wide.jpg HTTP/1.1" 200 90532 "http://www.circletcabins.com/maps.html" "Mozilla/5.0 (Windows NT 6.1; WOW64) AppleWebKit/534+ (KHTML, like Gecko) BingPreview/1.0b"
24.23.142.46 - - [12/Aug/2013:00:48:22 -0400] "GET /scripts/print.css HTTP/1.1" 200 - "http://www.circletcabins.com/" "Mozilla/5.0 (compatible; MSIE 10.0; Windows NT 6.1; WOW64; Trident/6.0; NP06)"
24.23.142.46 - - [12/Aug/2013:00:48:22 -0400] "GET /scripts/user.js HTTP/1.1" 200 23762 "http://www.circletcabins.com/" "Mozilla/5.0 (compatible; MSIE 10.0; Windows NT 6.1; WOW64; Trident/6.0; NP06)"
24.23.142.46 - - [12/Aug/2013:00:48:23 -0400] "GET /images/ic_034_body_bg_wide.jpg HTTP/1.1" 200 90532 "http://www.circletcabins.com/" "Mozilla/5.0 (compatible; MSIE 10.0; Windows NT 6.1; WOW64; Trident/6.0; NP06)"
24.23.142.46 - - [12/Aug/2013:00:48:23 -0400] "GET /images/222610.jpg HTTP/1.1" 200 16217 "http://www.circletcabins.com/" "Mozilla/5.0 (compatible; MSIE 10.0; Windows NT 6.1; WOW64; Trident/6.0; NP06)"
66.249.75.53 - - [12/Aug/2013:13:16:47 -0400] "GET /maps.html HTTP/1.1" 200 6293 "-" "Mozilla/5.0 (iPhone; U; CPU iPhone OS 4_1 like Mac OS X; en-us) AppleWebKit/532.9 (KHTML, like Gecko) Version/4.0.5 Mobile/8B117 Safari/6531.22.7 (compatible; Googlebot-Mobile/2.1; +http://www.google.com/bot.html)"
75.18.204.18 - - [12/Aug/2013:22:43:54 -0400] "GET /images/P6220085.jpg HTTP/1.1" 200 17445 "-" "Mozilla/5.0 (iPad; CPU OS 6_0_1 like Mac OS X) AppleWebKit/536.26 (KHTML, like Gecko) Version/6.0 Mobile/10A523 Safari/8536.25"
98.210.163.29 - - [12/Aug/2013:23:05:03 -0400] "GET /favicon.ico HTTP/1.1" 404 575 "-" "Mozilla/5.0 (compatible; MSIE 10.0; Windows NT 6.1; Win64; x64; Trident/6.0)"
24.23.168.67 - - [12/Aug/2013:23:32:12 -0400] "GET /images/222610.jpg HTTP/1.1" 200 16217 "http://www.circletcabins.com/" "Mozilla/5.0 (Macintosh; Intel Mac OS X 10_7_5) AppleWebKit/536.30.1 (KHTML, like Gecko) Version/6.0.5 Safari/536.30.1"
5.10.83.44 - - [12/Aug/2013:08:26:10 -0400] "GET /robots.txt HTTP/1.1" 200 25 "-" "Mozilla/5.0 (compatible; AhrefsBot/5.0; +http://ahrefs.com/robot/)"
75.18.204.18 - - [12/Aug/2013:22:42:53 -0400] "GET / HTTP/1.1" 200 10498 "http://www.trinitycounty.com/Members/Show2.php" "Mozilla/5.0 (iPad; CPU OS 6_0_1 like Mac OS X) AppleWebKit/536.26 (KHTML, like Gecko) Version/6.0 Mobile/10A523 Safari/8536.25"
75.18.204.18 - - [12/Aug/2013:22:42:54 -0400] "GET /images/136_P6220071.jpg HTTP/1.1" 200 3907 "http://www.circletcabins.com/" "Mozilla/5.0 (iPad; CPU OS 6_0_1 like Mac OS X) AppleWebKit/536.26 (KHTML, like Gecko) Version/6.0 Mobile/10A523 Safari/8536.25"
75.18.204.18 - - [12/Aug/2013:22:42:54 -0400] "GET /images/ic_034_body_bg_wide.jpg HTTP/1.1" 200 90532 "http://www.circletcabins.com/" "Mozilla/5.0 (iPad; CPU OS 6_0_1 like Mac OS X) AppleWebKit/536.26 (KHTML, like Gecko) Version/6.0 Mobile/10A523 Safari/8536.25"
98.210.163.29 - - [12/Aug/2013:23:04:56 -0400] "GET /images/ic_034_body_bg_wide.jpg HTTP/1.1" 200 90532 "http://www.circletcabins.com/" "Mozilla/5.0 (compatible; MSIE 10.0; Windows NT 6.1; WOW64; Trident/6.0)"
24.23.168.67 - - [12/Aug/2013:23:32:02 -0400] "GET /scripts/ic_globals_published.js HTTP/1.1" 200 566 "http://www.circletcabins.com/" "Mozilla/5.0 (Macintosh; Intel Mac OS X 10_7_5) AppleWebKit/536.30.1 (KHTML, like Gecko) Version/6.0.5 Safari/536.30.1"
24.23.168.67 - - [12/Aug/2013:23:32:03 -0400] "GET /images/136_P6220092.jpg HTTP/1.1" 200 3901 "http://www.circletcabins.com/" "Mozilla/5.0 (Macintosh; Intel Mac OS X 10_7_5) AppleWebKit/536.30.1 (KHTML, like Gecko) Version/6.0.5 Safari/536.30.1"
24.23.168.67 - - [12/Aug/2013:22:10:18 -0400] "GET /scripts/website.css HTTP/1.1" 200 1660 "http://www.circletcabins.com/" "Mozilla/5.0 (Macintosh; Intel Mac OS X 10_7_5) AppleWebKit/536.30.1 (KHTML, like Gecko) Version/6.0.5 Safari/536.30.1"
24.23.168.67 - - [12/Aug/2013:22:10:20 -0400] "GET /images/10_Copy%20(2)%20of%20P6220099.jpg HTTP/1.1" 404 575 "http://www.circletcabins.com/" "Mozilla/5.0 (Macintosh; Intel Mac OS X 10_7_5) AppleWebKit/536.30.1 (KHTML, like Gecko) Version/6.0.5 Safari/536.30.1"
202.46.48.72 - - [12/Aug/2013:02:33:01 -0400] "GET / HTTP/1.1" 304 - "-" "Mozilla/5.0 (Windows NT 5.1; rv:6.0.2) Gecko/20100101 Firefox/6.0.2"
199.21.99.67 - - [12/Aug/2013:09:28:03 -0400] "GET / HTTP/1.1" 200 10498 "-" "Mozilla/5.0 (compatible; YandexBot/3.0; +http://yandex.com/bots)"
180.76.5.61 - - [12/Aug/2013:06:08:25 -0400] "GET /scripts/'+src+' HTTP/1.1" 404 575 "-" "Mozilla/5.0 (compatible; Baiduspider/2.0; +http://www.baidu.com/search/spider.html)"
130.185.109.210 - - [12/Aug/2013:04:43:17 -0400] "GET /robots.txt HTTP/1.1" 200 25 "-" "PagesInventory (robot http://www.pagesinvenotry.com)"
130.185.109.210 - - [12/Aug/2013:04:44:12 -0400] "GET /scripts/template.css HTTP/1.1" 200 9956 "-" "PagesInventory (robot http://www.pagesinventory.com)"
157.56.229.246 - - [12/Aug/2013:14:24:25 -0400] "GET /contactus.html HTTP/1.1" 200 8400 "-" "Mozilla/5.0 (compatible; bingbot/2.0; +http://www.bing.com/bingbot.htm)"
24.23.142.46 - - [12/Aug/2013:00:48:22 -0400] "GET /scripts/photoalbum.js HTTP/1.1" 200 62481 "http://www.circletcabins.com/" "Mozilla/5.0 (compatible; MSIE 10.0; Windows NT 6.1; WOW64; Trident/6.0; NP06)"
24.23.142.46 - - [12/Aug/2013:00:48:23 -0400] "GET /images/clear_pixel.gif HTTP/1.1" 404 575 "http://www.circletcabins.com/" "Mozilla/5.0 (compatible; MSIE 10.0; Windows NT 6.1; WOW64; Trident/6.0; NP06)"
24.23.142.46 - - [12/Aug/2013:00:49:19 -0400] "GET /images/clear_pixel.gif HTTP/1.1" 404 575 "http://www.circletcabins.com/photos.html" "Mozilla/5.0 (compatible; MSIE 10.0; Windows NT 6.1; WOW64; Trident/6.0; NP06)"
86.161.137.158 - - [12/Aug/2013:02:47:28 -0400] "GET /Frame-1-homepagenav.htm HTTP/1.0" 200 4551 "-" "Mozilla/5.0 (compatible; MJ12bot/v1.4.3; http://www.majestic12.co.uk/bot.php?+)"
174.76.158.98 - - [12/Aug/2013:19:18:15 -0400] "GET / HTTP/1.0" 200 10498 "http://www.trinitycounty.com/Members/Show2.php" "Mozilla/5.0 (Windows NT 5.1; rv:22.0) Gecko/20100101 Firefox/22.0"
174.76.158.98 - - [12/Aug/2013:19:18:17 -0400] "GET /scripts/ic_globals_published.js HTTP/1.0" 200 566 "http://www.circletcabins.com/" "Mozilla/5.0 (Windows NT 5.1; rv:22.0) Gecko/20100101 Firefox/22.0"
174.76.158.98 - - [12/Aug/2013:19:18:17 -0400] "GET /scripts/1custom.css HTTP/1.0" 200 2152 "http://www.circletcabins.com/" "Mozilla/5.0 (Windows NT 5.1; rv:22.0) Gecko/20100101 Firefox/22.0"
174.76.158.98 - - [12/Aug/2013:19:18:17 -0400] "GET /images/10_Copy%20(2)%20of%20P6220099.jpg HTTP/1.0" 404 575 "http://www.circletcabins.com/" "Mozilla/5.0 (Windows NT 5.1; rv:22.0) Gecko/20100101 Firefox/22.0"
174.76.158.98 - - [12/Aug/2013:19:18:17 -0400] "GET /images/clear_pixel.gif HTTP/1.0" 404 575 "http://www.circletcabins.com/" "Mozilla/5.0 (Windows NT 5.1; rv:22.0) Gecko/20100101 Firefox/22.0"
75.18.204.18 - - [12/Aug/2013:22:42:53 -0400] "GET /scripts/ic_globals_published.js HTTP/1.1" 200 566 "http://www.circletcabins.com/" "Mozilla/5.0 (iPad; CPU OS 6_0_1 like Mac OS X) AppleWebKit/536.26 (KHTML, like Gecko) Version/6.0 Mobile/10A523 Safari/8536.25"
75.18.204.18 - - [12/Aug/2013:22:42:53 -0400] "GET /scripts/1custom.css HTTP/1.1" 200 2152 "http://www.circletcabins.com/" "Mozilla/5.0 (iPad; CPU OS 6_0_1 like Mac OS X) AppleWebKit/536.26 (KHTML, like Gecko) Version/6.0 Mobile/10A523 Safari/8536.25"
75.18.204.18 - - [12/Aug/2013:22:42:53 -0400] "GET /scripts/icwebsiteelement.css HTTP/1.1" 200 8132 "http://www.circletcabins.com/" "Mozilla/5.0 (iPad; CPU OS 6_0_1 like Mac OS X) AppleWebKit/536.26 (KHTML, like Gecko) Version/6.0 Mobile/10A523 Safari/8536.25"
75.18.204.18 - - [12/Aug/2013:22:42:54 -0400] "GET /images/136_P6220079.jpg HTTP/1.1" 200 3760 "http://www.circletcabins.com/" "Mozilla/5.0 (iPad; CPU OS 6_0_1 like Mac OS X) AppleWebKit/536.26 (KHTML, like Gecko) Version/6.0 Mobile/10A523 Safari/8536.25"
75.18.204.18 - - [12/Aug/2013:22:42:54 -0400] "GET /images/222610.jpg HTTP/1.1" 200 16217 "http://www.circletcabins.com/" "Mozilla/5.0 (iPad; CPU OS 6_0_1 like Mac OS X) AppleWebKit/536.26 (KHTML, like Gecko) Version/6.0 Mobile/10A523 Safari/8536.25"
98.210.163.29 - - [12/Aug/2013:23:04:49 -0400] "GET / HTTP/1.1" 200 10498 "http://www.google.com/url?sa=t&rct=j&q=circle%20t%20cabins%20trinity&source=web&cd=1&ved=0CCwQFjAA&url=http%3A%2F%2Fwww.circletcabins.com%2F&ei=QaIJUrvoGsnXygGLsoGgDA&usg=AFQjCNEYNxSpinBgavFa4d-gPkxbgAAEyA&bvm=bv.50500085,d.aWc" "Mozilla/5.0 (compatible; MSIE 10.0; Windows NT 6.1; WOW64; Trident/6.0)"
98.210.163.29 - - [12/Aug/2013:23:04:50 -0400] "GET /images/clear_pixel.gif HTTP/1.1" 404 575 "http://www.circletcabins.com/" "Mozilla/5.0 (compatible; MSIE 10.0; Windows NT 6.1; WOW64; Trident/6.0)"
98.210.163.29 - - [12/Aug/2013:23:04:50 -0400] "GET /images/136_P6220092.jpg HTTP/1.1" 200 3901 "http://www.circletcabins.com/" "Mozilla/5.0 (compatible; MSIE 10.0; Windows NT 6.1; WOW64; Trident/6.0)"
49.145.135.203 - - [12/Aug/2013:17:31:01 -0400] "GET / HTTP/1.1" 200 10498 "http://www.circletcabins.com/" "Mozilla/5.0 (X11; Ubuntu; Linux i686; rv:21.0) Gecko/20100101 Firefox/21.0"
157.56.92.174 - - [12/Aug/2013:17:42:29 -0400] "GET /robots.txt HTTP/1.1" 200 25 "-" "Mozilla/5.0 (compatible; bingbot/2.0; +http://www.bing.com/bingbot.htm)"
1.202.218.92 - - [12/Aug/2013:05:30:04 -0400] "GET / HTTP/1.1" 200 10498 "-" "Mozilla/5.0 (compatible; JikeSpider; +http://shoulu.jike.com/spider.html)"
54.211.22.202 - - [12/Aug/2013:09:14:42 -0400] "HEAD / HTTP/1.1" 200 - "-" "python-requests/1.1.0 CPython/2.7.4 Linux/3.8.0-19-generic"
24.23.168.67 - - [12/Aug/2013:22:10:18 -0400] "GET /scripts/icwebsiteelement.css HTTP/1.1" 200 8132 "http://www.circletcabins.com/" "Mozilla/5.0 (Macintosh; Intel Mac OS X 10_7_5) AppleWebKit/536.30.1 (KHTML, like Gecko) Version/6.0.5 Safari/536.30.1"
24.23.168.67 - - [12/Aug/2013:22:10:18 -0400] "GET /scripts/template.css HTTP/1.1" 200 9956 "http://www.circletcabins.com/" "Mozilla/5.0 (Macintosh; Intel Mac OS X 10_7_5) AppleWebKit/536.30.1 (KHTML, like Gecko) Version/6.0.5 Safari/536.30.1"
24.23.168.67 - - [12/Aug/2013:22:10:20 -0400] "GET /images/136_P6220071.jpg HTTP/1.1" 200 3907 "http://www.circletcabins.com/" "Mozilla/5.0 (Macintosh; Intel Mac OS X 10_7_5) AppleWebKit/536.30.1 (KHTML, like Gecko) Version/6.0.5 Safari/536.30.1"
24.23.168.67 - - [12/Aug/2013:22:10:20 -0400] "GET /images/222610.jpg HTTP/1.1" 200 16217 "http://www.circletcabins.com/" "Mozilla/5.0 (Macintosh; Intel Mac OS X 10_7_5) AppleWebKit/536.30.1 (KHTML, like Gecko) Version/6.0.5 Safari/536.30.1"
24.23.168.67 - - [12/Aug/2013:22:10:20 -0400] "GET /images/136_P6220108.jpg HTTP/1.1" 200 3793 "http://www.circletcabins.com/" "Mozilla/5.0 (Macintosh; Intel Mac OS X 10_7_5) AppleWebKit/536.30.1 (KHTML, like Gecko) Version/6.0.5 Safari/536.30.1"
86.161.137.158 - - [12/Aug/2013:02:47:38 -0400] "GET /Frame-1-homepagepage1.html?refresh=1309109581332 HTTP/1.0" 200 7453 "-" "Mozilla/5.0 (compatible; MJ12bot/v1.4.3; http://www.majestic12.co.uk/bot.php?+)"
37.59.50.71 - - [12/Aug/2013:00:41:00 -0400] "GET / HTTP/1.1" 200 10498 "-" "Mozilla/5.0 (Windows NT 6.1; WOW64; en-US;) AppleWebKit/537.36 (KHTML, like Gecko) Chrome/28.0.1500.95 Safari/537.36"
24.23.142.46 - - [12/Aug/2013:00:48:22 -0400] "GET / HTTP/1.1" 200 10498 "http://www.northtrinitylake.com/info/lodging.shtml" "Mozilla/5.0 (compatible; MSIE 10.0; Windows NT 6.1; WOW64; Trident/6.0; NP06)"
24.23.142.46 - - [12/Aug/2013:00:48:22 -0400] "GET /scripts/ic_globals_published.js HTTP/1.1" 200 566 "http://www.circletcabins.com/" "Mozilla/5.0 (compatible; MSIE 10.0; Windows NT 6.1; WOW64; Trident/6.0; NP06)"
24.23.142.46 - - [12/Aug/2013:00:48:22 -0400] "GET /scripts/template.css HTTP/1.1" 200 9956 "http://www.circletcabins.com/" "Mozilla/5.0 (compatible; MSIE 10.0; Windows NT 6.1; WOW64; Trident/6.0; NP06)"
24.23.142.46 - - [12/Aug/2013:00:48:22 -0400] "GET /images/136_P6220071.jpg HTTP/1.1" 200 3907 "http://www.circletcabins.com/" "Mozilla/5.0 (compatible; MSIE 10.0; Windows NT 6.1; WOW64; Trident/6.0; NP06)"
24.23.142.46 - - [12/Aug/2013:00:48:22 -0400] "GET /images/136_P6220108.jpg HTTP/1.1" 200 3793 "http://www.circletcabins.com/" "Mozilla/5.0 (compatible; MSIE 10.0; Windows NT 6.1; WOW64; Trident/6.0; NP06)"
24.23.142.46 - - [12/Aug/2013:00:48:36 -0400] "GET /images/185_RIM00266.JPG HTTP/1.1" 200 8107 "http://www.circletcabins.com/photos.html" "Mozilla/5.0 (compatible; MSIE 10.0; Windows NT 6.1; WOW64; Trident/6.0; NP06)"
24.23.142.46 - - [12/Aug/2013:00:48:36 -0400] "GET /images/185_RIM00277.JPG HTTP/1.1" 200 7408 "http://www.circletcabins.com/photos.html" "Mozilla/5.0 (compatible; MSIE 10.0; Windows NT 6.1; WOW64; Trident/6.0; NP06)"
24.23.142.46 - - [12/Aug/2013:00:48:36 -0400] "GET /images/185_RIM00331.JPG HTTP/1.1" 200 9299 "http://www.circletcabins.com/photos.html" "Mozilla/5.0 (compatible; MSIE 10.0; Windows NT 6.1; WOW64; Trident/6.0; NP06)"
24.23.142.46 - - [12/Aug/2013:00:48:37 -0400] "GET /images/185_RIM00360.JPG HTTP/1.1" 200 8801 "http://www.circletcabins.com/photos.html" "Mozilla/5.0 (compatible; MSIE 10.0; Windows NT 6.1; WOW64; Trident/6.0; NP06)"
174.76.158.98 - - [12/Aug/2013:19:18:25 -0400] "GET /images/185_RIM00266.JPG HTTP/1.0" 200 8107 "http://www.circletcabins.com/photos.html" "Mozilla/5.0 (Windows NT 5.1; rv:22.0) Gecko/20100101 Firefox/22.0"
174.76.158.98 - - [12/Aug/2013:19:18:25 -0400] "GET /images/185_RIM00275.JPG HTTP/1.0" 200 6229 "http://www.circletcabins.com/photos.html" "Mozilla/5.0 (Windows NT 5.1; rv:22.0) Gecko/20100101 Firefox/22.0"
174.76.158.98 - - [12/Aug/2013:19:18:25 -0400] "GET /images/185_RIM00355.JPG HTTP/1.0" 200 4822 "http://www.circletcabins.com/photos.html" "Mozilla/5.0 (Windows NT 5.1; rv:22.0) Gecko/20100101 Firefox/22.0"
174.76.158.98 - - [12/Aug/2013:19:18:25 -0400] "GET /images/185_RIM00272.JPG HTTP/1.0" 200 2286 "http://www.circletcabins.com/photos.html" "Mozilla/5.0 (Windows NT 5.1; rv:22.0) Gecko/20100101 Firefox/22.0"
157.55.34.180 - - [12/Aug/2013:03:59:46 -0400] "GET /robots.txt HTTP/1.1" 200 25 "-" "Mozilla/5.0 (compatible; bingbot/2.0; +http://www.bing.com/bingbot.htm)"
98.210.163.29 - - [12/Aug/2013:23:04:49 -0400] "GET / HTTP/1.1" 200 10498 "http://www.google.com/url?sa=t&rct=j&q=circle%20t%20cabins%20trinity&source=web&cd=1&ved=0CCwQFjAA&url=http%3A%2F%2Fwww.circletcabins.com%2F&ei=QaIJUrvoGsnXygGLsoGgDA&usg=AFQjCNEYNxSpinBgavFa4d-gPkxbgAAEyA&bvm=bv.50500085,d.aWc" "Mozilla/5.0 (compatible; MSIE 10.0; Windows NT 6.1; WOW64; Trident/6.0)"
24.23.142.46 - - [12/Aug/2013:00:48:36 -0400] "GET /images/clear_pixel.gif HTTP/1.1" 404 575 "http://www.circletcabins.com/photos.html" "Mozilla/5.0 (compatible; MSIE 10.0; Windows NT 6.1; WOW64; Trident/6.0; NP06)"
24.23.142.46 - - [12/Aug/2013:00:48:36 -0400] "GET /images/185_RIM00269.JPG HTTP/1.1" 200 8632 "http://www.circletcabins.com/photos.html" "Mozilla/5.0 (compatible; MSIE 10.0; Windows NT 6.1; WOW64; Trident/6.0; NP06)"
24.23.142.46 - - [12/Aug/2013:00:48:36 -0400] "GET /images/185_Pb060067.jpg HTTP/1.1" 200 6558 "http://www.circletcabins.com/photos.html" "Mozilla/5.0 (compatible; MSIE 10.0; Windows NT 6.1; WOW64; Trident/6.0; NP06)"
24.23.142.46 - - [12/Aug/2013:00:48:36 -0400] "GET /images/185_RIM00353.JPG HTTP/1.1" 200 4565 "http://www.circletcabins.com/photos.html" "Mozilla/5.0 (compatible; MSIE 10.0; Windows NT 6.1; WOW64; Trident/6.0; NP06)"
24.23.142.46 - - [12/Aug/2013:00:48:37 -0400] "GET /images/185_RIM00330.JPG HTTP/1.1" 200 5033 "http://www.circletcabins.com/photos.html" "Mozilla/5.0 (compatible; MSIE 10.0; Windows NT 6.1; WOW64; Trident/6.0; NP06)"
86.161.137.158 - - [12/Aug/2013:02:47:23 -0400] "GET /Frame-1-homepagefooter.htm HTTP/1.0" 200 875 "-" "Mozilla/5.0 (compatible; MJ12bot/v1.4.3; http://www.majestic12.co.uk/bot.php?+)"
46.229.164.97 - - [12/Aug/2013:12:26:57 -0400] "GET /robots.txt HTTP/1.1" 200 25 "-" "Mozilla/5.0 (compatible; SemrushBot/0.96.4; +http://www.semrush.com/bot.html)"
157.56.229.246 - - [12/Aug/2013:14:23:30 -0400] "GET /robots.txt HTTP/1.1" 200 25 "-" "Mozilla/5.0 (compatible; bingbot/2.0; +http://www.bing.com/bingbot.htm)"
144.76.106.36 - - [12/Aug/2013:21:50:13 -0400] "GET /Frame-1-homepagepage1.html?refresh=1314126865262 HTTP/1.0" 200 7453 "-" "Mozilla/5.0 (compatible; MJ12bot/v1.4.3; http://www.majestic12.co.uk/bot.php?+)"
98.210.163.29 - - [12/Aug/2013:23:04:56 -0400] "GET /images/222610.jpg HTTP/1.1" 200 16217 "http://www.circletcabins.com/" "Mozilla/5.0 (compatible; MSIE 10.0; Windows NT 6.1; WOW64; Trident/6.0)"
24.23.168.67 - - [12/Aug/2013:12:20:22 -0400] "GET / HTTP/1.1" 200 10498 "-" "Mozilla/5.0 (Macintosh; Intel Mac OS X 10_7_5) AppleWebKit/536.30.1 (KHTML, like Gecko) Version/6.0.5 Safari/536.30.1"
24.23.168.67 - - [12/Aug/2013:12:20:22 -0400] "GET /scripts/user.js HTTP/1.1" 200 23762 "http://www.circletcabins.com/" "Mozilla/5.0 (Macintosh; Intel Mac OS X 10_7_5) AppleWebKit/536.30.1 (KHTML, like Gecko) Version/6.0.5 Safari/536.30.1"
24.23.168.67 - - [12/Aug/2013:12:20:22 -0400] "GET /scripts/1custom.css HTTP/1.1" 200 2152 "http://www.circletcabins.com/" "Mozilla/5.0 (Macintosh; Intel Mac OS X 10_7_5) AppleWebKit/536.30.1 (KHTML, like Gecko) Version/6.0.5 Safari/536.30.1"
24.23.168.67 - - [12/Aug/2013:12:20:22 -0400] "GET /scripts/photoalbum.js HTTP/1.1" 200 62481 "http://www.circletcabins.com/" "Mozilla/5.0 (Macintosh; Intel Mac OS X 10_7_5) AppleWebKit/536.30.1 (KHTML, like Gecko) Version/6.0.5 Safari/536.30.1"
24.23.168.67 - - [12/Aug/2013:12:20:25 -0400] "GET /images/clear_pixel.gif HTTP/1.1" 404 575 "http://www.circletcabins.com/" "Mozilla/5.0 (Macintosh; Intel Mac OS X 10_7_5) AppleWebKit/536.30.1 (KHTML, like Gecko) Version/6.0.5 Safari/536.30.1"
24.23.168.67 - - [12/Aug/2013:12:20:25 -0400] "GET /images/ic_034_body_bg_wide.jpg HTTP/1.1" 200 90532 "http://www.circletcabins.com/" "Mozilla/5.0 (Macintosh; Intel Mac OS X 10_7_5) AppleWebKit/536.30.1 (KHTML, like Gecko) Version/6.0.5 Safari/536.30.1"
24.23.168.67 - - [12/Aug/2013:12:20:25 -0400] "GET /images/136_P6220092.jpg HTTP/1.1" 200 3901 "http://www.circletcabins.com/" "Mozilla/5.0 (Macintosh; Intel Mac OS X 10_7_5) AppleWebKit/536.30.1 (KHTML, like Gecko) Version/6.0.5 Safari/536.30.1"
24.23.168.67 - - [12/Aug/2013:12:20:26 -0400] "GET /scripts/print.css HTTP/1.1" 200 - "http://www.circletcabins.com/" "Mozilla/5.0 (Macintosh; Intel Mac OS X 10_7_5) AppleWebKit/536.30.1 (KHTML, like Gecko) Version/6.0.5 Safari/536.30.1"
157.55.36.39 - - [12/Aug/2013:12:35:30 -0400] "GET /robots.txt HTTP/1.1" 200 25 "-" "Mozilla/5.0 (compatible; bingbot/2.0; +http://www.bing.com/bingbot.htm)"
130.185.109.243 - - [12/Aug/2013:04:28:05 -0400] "GET / HTTP/1.1" 200 10498 "-" "PagesInventory (robot +http://www.pagesinventory.com)"
98.210.163.29 - - [12/Aug/2013:23:04:50 -0400] "GET /scripts/template.css HTTP/1.1" 200 9956 "http://www.circletcabins.com/" "Mozilla/5.0 (compatible; MSIE 10.0; Windows NT 6.1; WOW64; Trident/6.0)"
98.210.163.29 - - [12/Aug/2013:23:04:50 -0400] "GET /scripts/user.js HTTP/1.1" 200 23762 "http://www.circletcabins.com/" "Mozilla/5.0 (compatible; MSIE 10.0; Windows NT 6.1; WOW64; Trident/6.0)"
98.210.163.29 - - [12/Aug/2013:23:04:50 -0400] "GET /images/10_Copy%20(2)%20of%20P6220099.jpg HTTP/1.1" 404 575 "http://www.circletcabins.com/" "Mozilla/5.0 (compatible; MSIE 10.0; Windows NT 6.1; WOW64; Trident/6.0)"
98.210.163.29 - - [12/Aug/2013:23:04:50 -0400] "GET /images/136_P6220071.jpg HTTP/1.1" 200 3907 "http://www.circletcabins.com/" "Mozilla/5.0 (compatible; MSIE 10.0; Windows NT 6.1; WOW64; Trident/6.0)"
98.210.163.29 - - [12/Aug/2013:23:04:56 -0400] "GET /images/clear_pixel.gif HTTP/1.1" 404 575 "http://www.circletcabins.com/" "Mozilla/5.0 (compatible; MSIE 10.0; Windows NT 6.1; WOW64; Trident/6.0)"
24.23.142.46 - - [12/Aug/2013:00:49:19 -0400] "GET /photos.html HTTP/1.1" 304 - "http://www.circletcabins.com/maps.html" "Mozilla/5.0 (compatible; MSIE 10.0; Windows NT 6.1; WOW64; Trident/6.0; NP06)"
24.23.142.46 - - [12/Aug/2013:00:49:19 -0400] "GET /images/clear_pixel.gif HTTP/1.1" 404 575 "http://www.circletcabins.com/photos.html" "Mozilla/5.0 (compatible; MSIE 10.0; Windows NT 6.1; WOW64; Trident/6.0; NP06)"
199.30.24.217 - - [12/Aug/2013:17:27:05 -0400] "GET /scripts/user.js HTTP/1.1" 200 23762 "http://www.circletcabins.com/maps.html" "Mozilla/5.0 (Windows NT 6.1; WOW64) AppleWebKit/534+ (KHTML, like Gecko) BingPreview/1.0b"
199.30.24.217 - - [12/Aug/2013:17:27:07 -0400] "GET /images/222610.jpg HTTP/1.1" 200 16217 "http://www.circletcabins.com/maps.html" "Mozilla/5.0 (Windows NT 6.1; WOW64) AppleWebKit/534+ (KHTML, like Gecko) BingPreview/1.0b"
157.56.92.174 - - [12/Aug/2013:17:57:59 -0400] "GET / HTTP/1.1" 200 10498 "-" "Mozilla/5.0 (compatible; bingbot/2.0; +http://www.bing.com/bingbot.htm)"
174.76.158.98 - - [12/Aug/2013:19:18:17 -0400] "GET /scripts/print.css HTTP/1.0" 200 - "http://www.circletcabins.com/" "Mozilla/5.0 (Windows NT 5.1; rv:22.0) Gecko/20100101 Firefox/22.0"
174.76.158.98 - - [12/Aug/2013:19:18:17 -0400] "GET /images/136_P6220085.jpg HTTP/1.0" 200 3808 "http://www.circletcabins.com/" "Mozilla/5.0 (Windows NT 5.1; rv:22.0) Gecko/20100101 Firefox/22.0"
174.76.158.98 - - [12/Aug/2013:19:18:17 -0400] "GET /images/ic_034_body_bg_wide.jpg HTTP/1.0" 200 90532 "http://www.circletcabins.com/scripts/template.css" "Mozilla/5.0 (Windows NT 5.1; rv:22.0) Gecko/20100101 Firefox/22.0"
174.76.158.98 - - [12/Aug/2013:19:18:18 -0400] "GET /favicon.ico HTTP/1.0" 404 575 "-" "Mozilla/5.0 (Windows NT 5.1; rv:22.0) Gecko/20100101 Firefox/22.0"
54.211.22.202 - - [12/Aug/2013:09:14:41 -0400] "HEAD / HTTP/1.1" 200 - "-" "python-requests/1.1.0 CPython/2.7.4 Linux/3.8.0-19-generic"
24.23.142.46 - - [12/Aug/2013:00:49:04 -0400] "GET /images/205_Jan27_01_2.dmsp1.jpg HTTP/1.1" 200 14369 "http://www.circletcabins.com/maps.html" "Mozilla/5.0 (compatible; MSIE 10.0; Windows NT 6.1; WOW64; Trident/6.0; NP06)"
66.249.75.53 - - [12/Aug/2013:13:31:40 -0400] "GET /scripts/icwebsiteelement.css HTTP/1.1" 200 8132 "-" "Mozilla/5.0 (compatible; Googlebot/2.1; +http://www.google.com/bot.html)"
75.18.204.18 - - [12/Aug/2013:22:42:53 -0400] "GET /scripts/template.css HTTP/1.1" 200 9956 "http://www.circletcabins.com/" "Mozilla/5.0 (iPad; CPU OS 6_0_1 like Mac OS X) AppleWebKit/536.26 (KHTML, like Gecko) Version/6.0 Mobile/10A523 Safari/8536.25"
75.18.204.18 - - [12/Aug/2013:22:42:54 -0400] "GET /images/136_P6220092.jpg HTTP/1.1" 200 3901 "http://www.circletcabins.com/" "Mozilla/5.0 (iPad; CPU OS 6_0_1 like Mac OS X) AppleWebKit/536.26 (KHTML, like Gecko) Version/6.0 Mobile/10A523 Safari/8536.25"
157.56.92.174 - - [12/Aug/2013:22:58:19 -0400] "GET /areaservices.html HTTP/1.1" 200 4435 "-" "Mozilla/5.0 (compatible; bingbot/2.0; +http://www.bing.com/bingbot.htm)"
98.210.163.29 - - [12/Aug/2013:23:05:00 -0400] "GET /scripts/7custom.css HTTP/1.1" 200 805 "http://www.circletcabins.com/summercalendar.html" "Mozilla/5.0 (compatible; MSIE 10.0; Windows NT 6.1; WOW64; Trident/6.0)"
98.210.163.29 - - [12/Aug/2013:23:05:00 -0400] "GET /images/ic_034_body_bg_wide.jpg HTTP/1.1" 206 16072 "http://www.circletcabins.com/summercalendar.html" "Mozilla/5.0 (compatible; MSIE 10.0; Windows NT 6.1; WOW64; Trident/6.0)"
24.23.168.67 - - [12/Aug/2013:23:32:02 -0400] "GET /scripts/template.css HTTP/1.1" 200 9956 "http://www.circletcabins.com/" "Mozilla/5.0 (Macintosh; Intel Mac OS X 10_7_5) AppleWebKit/536.30.1 (KHTML, like Gecko) Version/6.0.5 Safari/536.30.1"
24.23.168.67 - - [12/Aug/2013:23:32:03 -0400] "GET /images/136_P6220071.jpg HTTP/1.1" 200 3907 "http://www.circletcabins.com/" "Mozilla/5.0 (Macintosh; Intel Mac OS X 10_7_5) AppleWebKit/536.30.1 (KHTML, like Gecko) Version/6.0.5 Safari/536.30.1"
24.23.168.67 - - [12/Aug/2013:23:32:12 -0400] "GET /scripts/icwebsiteelement.css HTTP/1.1" 200 8132 "http://www.circletcabins.com/" "Mozilla/5.0 (Macintosh; Intel Mac OS X 10_7_5) AppleWebKit/536.30.1 (KHTML, like Gecko) Version/6.0.5 Safari/536.30.1"
24.23.168.67 - - [12/Aug/2013:23:32:12 -0400] "GET /images/ic_034_body_bg_wide.jpg HTTP/1.1" 200 90532 "http://www.circletcabins.com/" "Mozilla/5.0 (Macintosh; Intel Mac OS X 10_7_5) AppleWebKit/536.30.1 (KHTML, like Gecko) Version/6.0.5 Safari/536.30.1"
157.55.35.47 - - [12/Aug/2013:00:00:14 -0400] "GET /Frame-5-photospage5.html?refresh=1262108005556 HTTP/1.1" 200 13547 "-" "Mozilla/5.0 (compatible; bingbot/2.0; +http://www.bing.com/bingbot.htm)"
66.249.75.53 - - [12/Aug/2013:13:31:41 -0400] "GET /scripts/print.css HTTP/1.1" 200 - "-" "Mozilla/5.0 (compatible; Googlebot/2.1; +http://www.google.com/bot.html)"
157.55.32.189 - - [12/Aug/2013:16:25:48 -0400] "GET /maps.html HTTP/1.1" 200 6293 "-" "Mozilla/5.0 (compatible; bingbot/2.0; +http://www.bing.com/bingbot.htm)"
157.55.34.180 - - [12/Aug/2013:16:48:10 -0400] "GET /scripts/icwebsiteelement.css HTTP/1.1" 200 8132 "-" "Mozilla/5.0 (compatible; bingbot/2.0; +http://www.bing.com/bingbot.htm)"
66.249.75.53 - - [12/Aug/2013:20:28:52 -0400] "GET / HTTP/1.1" 200 10498 "-" "Mozilla/5.0 (compatible; Googlebot/2.1; +http://www.google.com/bot.html)"
98.210.163.29 - - [12/Aug/2013:23:06:30 -0400] "GET /favicon.ico HTTP/1.1" 404 575 "-" "Mozilla/5.0 (compatible; MSIE 10.0; Windows NT 6.1; Win64; x64; Trident/6.0)"
86.161.137.158 - - [12/Aug/2013:02:47:36 -0400] "GET /Frame-1-homepagepage1.html?refresh=1306794870474 HTTP/1.0" 200 7453 "-" "Mozilla/5.0 (compatible; MJ12bot/v1.4.3; http://www.majestic12.co.uk/bot.php?+)"
174.76.158.98 - - [12/Aug/2013:19:18:17 -0400] "GET /scripts/user.js HTTP/1.0" 200 23762 "http://www.circletcabins.com/" "Mozilla/5.0 (Windows NT 5.1; rv:22.0) Gecko/20100101 Firefox/22.0"
174.76.158.98 - - [12/Aug/2013:19:18:17 -0400] "GET /images/136_P6220108.jpg HTTP/1.0" 200 3793 "http://www.circletcabins.com/" "Mozilla/5.0 (Windows NT 5.1; rv:22.0) Gecko/20100101 Firefox/22.0"
86.161.137.158 - - [12/Aug/2013:02:47:20 -0400] "GET /robots.txt HTTP/1.0" 200 25 "-" "Mozilla/5.0 (compatible; MJ12bot/v1.4.3; http://www.majestic12.co.uk/bot.php?+)"
157.55.36.39 - - [12/Aug/2013:12:36:57 -0400] "GET /photos.html HTTP/1.1" 200 16250 "-" "Mozilla/5.0 (compatible; bingbot/2.0; +http://www.bing.com/bingbot.htm)"
174.76.158.98 - - [12/Aug/2013:19:18:25 -0400] "GET /images/185_RIM00267.JPG HTTP/1.0" 200 7425 "http://www.circletcabins.com/photos.html" "Mozilla/5.0 (Windows NT 5.1; rv:22.0) Gecko/20100101 Firefox/22.0"
174.76.158.98 - - [12/Aug/2013:19:18:25 -0400] "GET /images/185_RIM00318.JPG HTTP/1.0" 200 5239 "http://www.circletcabins.com/photos.html" "Mozilla/5.0 (Windows NT 5.1; rv:22.0) Gecko/20100101 Firefox/22.0"
174.76.158.98 - - [12/Aug/2013:19:18:25 -0400] "GET /images/185_RIM00349.JPG HTTP/1.0" 200 8784 "http://www.circletcabins.com/photos.html" "Mozilla/5.0 (Windows NT 5.1; rv:22.0) Gecko/20100101 Firefox/22.0"
174.76.158.98 - - [12/Aug/2013:19:18:25 -0400] "GET /images/185_RIM00360.JPG HTTP/1.0" 200 8801 "http://www.circletcabins.com/photos.html" "Mozilla/5.0 (Windows NT 5.1; rv:22.0) Gecko/20100101 Firefox/22.0"
174.76.158.98 - - [12/Aug/2013:19:18:27 -0400] "GET /images/600_RIM00264.JPG HTTP/1.0" 200 87064 "http://www.circletcabins.com/photos.html" "Mozilla/5.0 (Windows NT 5.1; rv:22.0) Gecko/20100101 Firefox/22.0"
174.76.158.98 - - [12/Aug/2013:19:18:29 -0400] "GET /images/600_RIM00278.JPG HTTP/1.0" 200 70844 "http://www.circletcabins.com/photos.html" "Mozilla/5.0 (Windows NT 5.1; rv:22.0) Gecko/20100101 Firefox/22.0"
174.76.158.98 - - [12/Aug/2013:19:18:31 -0400] "GET /images/600_RIM00277.JPG HTTP/1.0" 200 70538 "http://www.circletcabins.com/photos.html" "Mozilla/5.0 (Windows NT 5.1; rv:22.0) Gecko/20100101 Firefox/22.0"
157.55.34.180 - - [12/Aug/2013:16:26:42 -0400] "GET /scripts/print.css HTTP/1.1" 200 - "-" "Mozilla/5.0 (compatible; bingbot/2.0; +http://www.bing.com/bingbot.htm)"
199.21.99.67 - - [12/Aug/2013:09:28:02 -0400] "GET / HTTP/1.1" 200 10498 "-" "Mozilla/5.0 (compatible; YandexBot/3.0; +http://yandex.com/bots)"
174.76.158.98 - - [12/Aug/2013:19:18:17 -0400] "GET /scripts/template.css HTTP/1.0" 200 9956 "http://www.circletcabins.com/" "Mozilla/5.0 (Windows NT 5.1; rv:22.0) Gecko/20100101 Firefox/22.0"
174.76.158.98 - - [12/Aug/2013:19:18:17 -0400] "GET /images/136_P6220071.jpg HTTP/1.0" 200 3907 "http://www.circletcabins.com/" "Mozilla/5.0 (Windows NT 5.1; rv:22.0) Gecko/20100101 Firefox/22.0"
174.76.158.98 - - [12/Aug/2013:19:18:17 -0400] "GET /images/222610.jpg HTTP/1.0" 200 16217 "http://www.circletcabins.com/scripts/website.css" "Mozilla/5.0 (Windows NT 5.1; rv:22.0) Gecko/20100101 Firefox/22.0"
157.55.34.180 - - [12/Aug/2013:05:02:34 -0400] "GET /robots.txt HTTP/1.1" 200 25 "-" "Mozilla/5.0 (compatible; bingbot/2.0; +http://www.bing.com/bingbot.htm)"
24.23.168.67 - - [12/Aug/2013:23:32:02 -0400] "GET / HTTP/1.1" 200 10498 "-" "Mozilla/5.0 (Macintosh; Intel Mac OS X 10_7_5) AppleWebKit/536.30.1 (KHTML, like Gecko) Version/6.0.5 Safari/536.30.1"
24.23.168.67 - - [12/Aug/2013:23:32:02 -0400] "GET /scripts/user.js HTTP/1.1" 200 23762 "http://www.circletcabins.com/" "Mozilla/5.0 (Macintosh; Intel Mac OS X 10_7_5) AppleWebKit/536.30.1 (KHTML, like Gecko) Version/6.0.5 Safari/536.30.1"
24.23.168.67 - - [12/Aug/2013:23:32:03 -0400] "GET /images/10_Copy%20(2)%20of%20P6220099.jpg HTTP/1.1" 404 575 "http://www.circletcabins.com/" "Mozilla/5.0 (Macintosh; Intel Mac OS X 10_7_5) AppleWebKit/536.30.1 (KHTML, like Gecko) Version/6.0.5 Safari/536.30.1"
24.23.168.67 - - [12/Aug/2013:23:32:03 -0400] "GET /images/136_P6220108.jpg HTTP/1.1" 200 3793 "http://www.circletcabins.com/" "Mozilla/5.0 (Macintosh; Intel Mac OS X 10_7_5) AppleWebKit/536.30.1 (KHTML, like Gecko) Version/6.0.5 Safari/536.30.1"
37.59.50.71 - - [12/Aug/2013:00:54:41 -0400] "GET / HTTP/1.1" 200 10498 "-" "Mozilla/5.0 (Windows NT 6.1; WOW64; en-US;) AppleWebKit/537.36 (KHTML, like Gecko) Chrome/28.0.1500.95 Safari/537.36"
199.30.24.217 - - [12/Aug/2013:17:27:05 -0400] "GET /scripts/photoalbum.js HTTP/1.1" 200 62481 "http://www.circletcabins.com/maps.html" "Mozilla/5.0 (Windows NT 6.1; WOW64) AppleWebKit/534+ (KHTML, like Gecko) BingPreview/1.0b"
174.76.158.98 - - [12/Aug/2013:19:18:25 -0400] "GET /images/185_RIM00269.JPG HTTP/1.0" 200 8632 "http://www.circletcabins.com/photos.html" "Mozilla/5.0 (Windows NT 5.1; rv:22.0) Gecko/20100101 Firefox/22.0"
174.76.158.98 - - [12/Aug/2013:19:18:25 -0400] "GET /images/185_RIM00309.JPG HTTP/1.0" 200 5817 "http://www.circletcabins.com/photos.html" "Mozilla/5.0 (Windows NT 5.1; rv:22.0) Gecko/20100101 Firefox/22.0"
174.76.158.98 - - [12/Aug/2013:19:18:25 -0400] "GET /images/185_RIM00358.JPG HTTP/1.0" 200 4833 "http://www.circletcabins.com/photos.html" "Mozilla/5.0 (Windows NT 5.1; rv:22.0) Gecko/20100101 Firefox/22.0"
174.76.158.98 - - [12/Aug/2013:19:18:25 -0400] "GET /images/185_PB290110.JPG HTTP/1.0" 200 8309 "http://www.circletcabins.com/photos.html" "Mozilla/5.0 (Windows NT 5.1; rv:22.0) Gecko/20100101 Firefox/22.0"
24.23.168.67 - - [12/Aug/2013:22:10:18 -0400] "GET /scripts/ic_globals_published.js HTTP/1.1" 200 566 "http://www.circletcabins.com/" "Mozilla/5.0 (Macintosh; Intel Mac OS X 10_7_5) AppleWebKit/536.30.1 (KHTML, like Gecko) Version/6.0.5 Safari/536.30.1"
24.23.168.67 - - [12/Aug/2013:22:10:18 -0400] "GET /scripts/photoalbum.js HTTP/1.1" 200 62481 "http://www.circletcabins.com/" "Mozilla/5.0 (Macintosh; Intel Mac OS X 10_7_5) AppleWebKit/536.30.1 (KHTML, like Gecko) Version/6.0.5 Safari/536.30.1"
24.23.168.67 - - [12/Aug/2013:22:10:20 -0400] "GET /images/136_P6220079.jpg HTTP/1.1" 200 3760 "http://www.circletcabins.com/" "Mozilla/5.0 (Macintosh; Intel Mac OS X 10_7_5) AppleWebKit/536.30.1 (KHTML, like Gecko) Version/6.0.5 Safari/536.30.1"
24.23.168.67 - - [12/Aug/2013:22:10:20 -0400] "GET /images/136_P6220085.jpg HTTP/1.1" 200 3808 "http://www.circletcabins.com/" "Mozilla/5.0 (Macintosh; Intel Mac OS X 10_7_5) AppleWebKit/536.30.1 (KHTML, like Gecko) Version/6.0.5 Safari/536.30.1"
66.249.75.53 - - [12/Aug/2013:00:10:00 -0400] "GET /robots.txt HTTP/1.1" 200 25 "-" "Mozilla/5.0 (compatible; Googlebot/2.1; +http://www.google.com/bot.html)"
66.249.75.53 - - [12/Aug/2013:00:10:00 -0400] "GET /images/150_RIM00346.JPG HTTP/1.1" 304 - "-" "Googlebot-Image/1.0"
130.185.109.210 - - [12/Aug/2013:04:44:08 -0400] "GET /scripts/print.css HTTP/1.1" 200 - "-" "PagesInventory (robot http://www.pagesinventory.com)"
98.210.163.29 - - [12/Aug/2013:23:05:00 -0400] "GET /summercalendar.html HTTP/1.1" 200 4127 "http://www.circletcabins.com/" "Mozilla/5.0 (compatible; MSIE 10.0; Windows NT 6.1; WOW64; Trident/6.0)"
199.21.99.67 - - [12/Aug/2013:09:28:16 -0400] "GET / HTTP/1.1" 200 10498 "-" "Mozilla/5.0 (compatible; YandexBot/3.0; +http://yandex.com/bots)"
24.23.168.67 - - [12/Aug/2013:12:20:22 -0400] "GET /scripts/website.css HTTP/1.1" 200 1660 "http://www.circletcabins.com/" "Mozilla/5.0 (Macintosh; Intel Mac OS X 10_7_5) AppleWebKit/536.30.1 (KHTML, like Gecko) Version/6.0.5 Safari/536.30.1"
24.23.168.67 - - [12/Aug/2013:12:20:25 -0400] "GET /images/10_Copy%20(2)%20of%20P6220099.jpg HTTP/1.1" 404 575 "http://www.circletcabins.com/" "Mozilla/5.0 (Macintosh; Intel Mac OS X 10_7_5) AppleWebKit/536.30.1 (KHTML, like Gecko) Version/6.0.5 Safari/536.30.1"
24.23.168.67 - - [12/Aug/2013:12:20:25 -0400] "GET /images/136_P6220085.jpg HTTP/1.1" 200 3808 "http://www.circletcabins.com/" "Mozilla/5.0 (Macintosh; Intel Mac OS X 10_7_5) AppleWebKit/536.30.1 (KHTML, like Gecko) Version/6.0.5 Safari/536.30.1"
24.23.142.46 - - [12/Aug/2013:00:51:00 -0400] "GET /images/clear_pixel.gif HTTP/1.1" 404 575 "http://www.circletcabins.com/homepage.html" "Mozilla/5.0 (compatible; MSIE 10.0; Windows NT 6.1; WOW64; Trident/6.0; NP06)"
157.55.34.180 - - [12/Aug/2013:16:54:53 -0400] "GET /scripts/template.css HTTP/1.1" 200 9956 "-" "Mozilla/5.0 (compatible; bingbot/2.0; +http://www.bing.com/bingbot.htm)"
199.30.24.217 - - [12/Aug/2013:17:27:05 -0400] "GET /scripts/website.css HTTP/1.1" 200 1660 "http://www.circletcabins.com/maps.html" "Mozilla/5.0 (Windows NT 6.1; WOW64) AppleWebKit/534+ (KHTML, like Gecko) BingPreview/1.0b"
75.18.204.18 - - [12/Aug/2013:22:42:53 -0400] "GET /scripts/website.css HTTP/1.1" 200 1660 "http://www.circletcabins.com/" "Mozilla/5.0 (iPad; CPU OS 6_0_1 like Mac OS X) AppleWebKit/536.26 (KHTML, like Gecko) Version/6.0 Mobile/10A523 Safari/8536.25"
24.23.142.46 - - [12/Aug/2013:00:48:22 -0400] "GET /scripts/website.css HTTP/1.1" 200 1660 "http://www.circletcabins.com/" "Mozilla/5.0 (compatible; MSIE 10.0; Windows NT 6.1; WOW64; Trident/6.0; NP06)"
24.23.142.46 - - [12/Aug/2013:00:48:22 -0400] "GET /images/136_P6220085.jpg HTTP/1.1" 200 3808 "http://www.circletcabins.com/" "Mozilla/5.0 (compatible; MSIE 10.0; Windows NT 6.1; WOW64; Trident/6.0; NP06)"
24.23.142.46 - - [12/Aug/2013:00:48:22 -0400] "GET /images/clear_pixel.gif HTTP/1.1" 404 575 "http://www.circletcabins.com/" "Mozilla/5.0 (compatible; MSIE 10.0; Windows NT 6.1; WOW64; Trident/6.0; NP06)"
24.23.168.67 - - [12/Aug/2013:22:10:18 -0400] "GET /scripts/1custom.css HTTP/1.1" 200 2152 "http://www.circletcabins.com/" "Mozilla/5.0 (Macintosh; Intel Mac OS X 10_7_5) AppleWebKit/536.30.1 (KHTML, like Gecko) Version/6.0.5 Safari/536.30.1"
24.23.168.67 - - [12/Aug/2013:22:10:20 -0400] "GET /images/clear_pixel.gif HTTP/1.1" 404 575 "http://www.circletcabins.com/" "Mozilla/5.0 (Macintosh; Intel Mac OS X 10_7_5) AppleWebKit/536.30.1 (KHTML, like Gecko) Version/6.0.5 Safari/536.30.1"
24.23.168.67 - - [12/Aug/2013:22:10:20 -0400] "GET /images/136_P6220092.jpg HTTP/1.1" 200 3901 "http://www.circletcabins.com/" "Mozilla/5.0 (Macintosh; Intel Mac OS X 10_7_5) AppleWebKit/536.30.1 (KHTML, like Gecko) Version/6.0.5 Safari/536.30.1"
98.210.163.29 - - [12/Aug/2013:23:04:50 -0400] "GET /scripts/ic_globals_published.js HTTP/1.1" 200 566 "http://www.circletcabins.com/" "Mozilla/5.0 (compatible; MSIE 10.0; Windows NT 6.1; WOW64; Trident/6.0)"
98.210.163.29 - - [12/Aug/2013:23:04:50 -0400] "GET /scripts/1custom.css HTTP/1.1" 200 2152 "http://www.circletcabins.com/" "Mozilla/5.0 (compatible; MSIE 10.0; Windows NT 6.1; WOW64; Trident/6.0)"
98.210.163.29 - - [12/Aug/2013:23:04:50 -0400] "GET /scripts/icwebsiteelement.css HTTP/1.1" 200 8132 "http://www.circletcabins.com/" "Mozilla/5.0 (compatible; MSIE 10.0; Windows NT 6.1; WOW64; Trident/6.0)"
98.210.163.29 - - [12/Aug/2013:23:04:50 -0400] "GET /images/136_P6220079.jpg HTTP/1.1" 200 3760 "http://www.circletcabins.com/" "Mozilla/5.0 (compatible; MSIE 10.0; Windows NT 6.1; WOW64; Trident/6.0)"
98.210.163.29 - - [12/Aug/2013:23:04:50 -0400] "GET /images/136_P6220108.jpg HTTP/1.1" 200 3793 "http://www.circletcabins.com/" "Mozilla/5.0 (compatible; MSIE 10.0; Windows NT 6.1; WOW64; Trident/6.0)"
144.76.106.36 - - [12/Aug/2013:21:50:06 -0400] "GET /robots.txt HTTP/1.0" 200 25 "-" "Mozilla/5.0 (compatible; MJ12bot/v1.4.3; http://www.majestic12.co.uk/bot.php?+)"
24.23.142.46 - - [12/Aug/2013:00:48:22 -0400] "GET /scripts/1custom.css HTTP/1.1" 200 2152 "http://www.circletcabins.com/" "Mozilla/5.0 (compatible; MSIE 10.0; Windows NT 6.1; WOW64; Trident/6.0; NP06)"
24.23.142.46 - - [12/Aug/2013:00:48:22 -0400] "GET /images/136_P6220079.jpg HTTP/1.1" 200 3760 "http://www.circletcabins.com/" "Mozilla/5.0 (compatible; MSIE 10.0; Windows NT 6.1; WOW64; Trident/6.0; NP06)"
24.23.142.46 - - [12/Aug/2013:00:48:22 -0400] "GET /images/10_Copy%20(2)%20of%20P6220099.jpg HTTP/1.1" 404 575 "http://www.circletcabins.com/" "Mozilla/5.0 (compatible; MSIE 10.0; Windows NT 6.1; WOW64; Trident/6.0; NP06)"
174.76.158.98 - - [12/Aug/2013:19:18:25 -0400] "GET /images/185_RIM00264.JPG HTTP/1.0" 200 8463 "http://www.circletcabins.com/photos.html" "Mozilla/5.0 (Windows NT 5.1; rv:22.0) Gecko/20100101 Firefox/22.0"
174.76.158.98 - - [12/Aug/2013:19:18:25 -0400] "GET /images/185_RIM00304.JPG HTTP/1.0" 200 6417 "http://www.circletcabins.com/photos.html" "Mozilla/5.0 (Windows NT 5.1; rv:22.0) Gecko/20100101 Firefox/22.0"
174.76.158.98 - - [12/Aug/2013:19:18:25 -0400] "GET /images/185_RIM00353.JPG HTTP/1.0" 200 4565 "http://www.circletcabins.com/photos.html" "Mozilla/5.0 (Windows NT 5.1; rv:22.0) Gecko/20100101 Firefox/22.0"
174.76.158.98 - - [12/Aug/2013:19:18:25 -0400] "GET /images/185_RIM00330.JPG HTTP/1.0" 200 5033 "http://www.circletcabins.com/photos.html" "Mozilla/5.0 (Windows NT 5.1; rv:22.0) Gecko/20100101 Firefox/22.0"
24.23.168.67 - - [12/Aug/2013:23:32:02 -0400] "GET /scripts/1custom.css HTTP/1.1" 200 2152 "http://www.circletcabins.com/" "Mozilla/5.0 (Macintosh; Intel Mac OS X 10_7_5) AppleWebKit/536.30.1 (KHTML, like Gecko) Version/6.0.5 Safari/536.30.1"
24.23.168.67 - - [12/Aug/2013:23:32:03 -0400] "GET /images/136_P6220085.jpg HTTP/1.1" 200 3808 "http://www.circletcabins.com/" "Mozilla/5.0 (Macintosh; Intel Mac OS X 10_7_5) AppleWebKit/536.30.1 (KHTML, like Gecko) Version/6.0.5 Safari/536.30.1"
24.23.168.67 - - [12/Aug/2013:12:20:22 -0400] "GET /scripts/ic_globals_published.js HTTP/1.1" 200 566 "http://www.circletcabins.com/" "Mozilla/5.0 (Macintosh; Intel Mac OS X 10_7_5) AppleWebKit/536.30.1 (KHTML, like Gecko) Version/6.0.5 Safari/536.30.1"
24.23.168.67 - - [12/Aug/2013:12:20:25 -0400] "GET /images/136_P6220079.jpg HTTP/1.1" 200 3760 "http://www.circletcabins.com/" "Mozilla/5.0 (Macintosh; Intel Mac OS X 10_7_5) AppleWebKit/536.30.1 (KHTML, like Gecko) Version/6.0.5 Safari/536.30.1"
