24.23.168.67 - - [12/Aug/2013:12:20:25 -0400] "GET /images/136_P6220108.jpg HTTP/1.1" 200 3793 "http://www.circletcabins.com/" "Mozilla/5.0 (Macintosh; Intel Mac OS X 10_7_5) AppleWebKit/536.30.1 (KHTML, like Gecko) Version/6.0.5 Safari/536.30.1"
130.185.109.210 - - [12/Aug/2013:04:43:17 -0400] "GET /scripts/1custom.css HTTP/1.1" 200 2152 "-" "PagesInventory (robot http://www.pagesinventory.com)"
174.76.158.98 - - [12/Aug/2013:19:18:25 -0400] "GET /images/185_RIM00268.JPG HTTP/1.0" 200 7476 "http://www.circletcabins.com/photos.html" "Mozilla/5.0 (Windows NT 5.1; rv:22.0) Gecko/20100101 Firefox/22.0"
174.76.158.98 - - [12/Aug/2013:19:18:25 -0400] "GET /images/185_Pb060067.jpg HTTP/1.0" 200 6558 "http://www.circletcabins.com/photos.html" "Mozilla/5.0 (Windows NT 5.1; rv:22.0) Gecko/20100101 Firefox/22.0"
174.76.158.98 - - [12/Aug/2013:19:18:25 -0400] "GET /images/185_RIM00223.JPG HTTP/1.0" 200 7252 "http://www.circletcabins.com/photos.html" "Mozilla/5.0 (Windows NT 5.1; rv:22.0) Gecko/20100101 Firefox/22.0"
24.23.142.46 - - [12/Aug/2013:00:49:11 -0400] "GET /images/600_Jan27_01_2.dmsp1.jpg HTTP/1.1" 200 87882 "http://www.circletcabins.com/maps.html" "Mozilla/5.0 (compatible; MSIE 10.0; Windows NT 6.1; WOW64; Trident/6.0; NP06)"
199.21.99.67 - - [12/Aug/2013:09:28:16 -0400] "GET / HTTP/1.1" 200 10498 "-" "Mozilla/5.0 (compatible; YandexBot/3.0; +http://yandex.com/bots)"
24.23.168.67 - - [12/Aug/2013:23:32:02 -0400] "GET /scripts/website.css HTTP/1.1" 200 1660 "http://www.circletcabins.com/" "Mozilla/5.0 (Macintosh; Intel Mac OS X 10_7_5) AppleWebKit/536.30.1 (KHTML, like Gecko) Version/6.0.5 Safari/536.30.1"
24.23.168.67 - - [12/Aug/2013:23:32:03 -0400] "GET /scripts/photoalbum.js HTTP/1.1" 200 62481 "http://www.circletcabins.com/" "Mozilla/5.0 (Macintosh; Intel Mac OS X 10_7_5) AppleWebKit/536.30.1 (KHTML, like Gecko) Version/6.0.5 Safari/536.30.1"
24.23.168.67 - - [12/Aug/2013:23:32:03 -0400] "GET /images/136_P6220079.jpg HTTP/1.1" 200 3760 "http://www.circletcabins.com/" "Mozilla/5.0 (Macintosh; Intel Mac OS X 10_7_5) AppleWebKit/536.30.1 (KHTML, like Gecko) Version/6.0.5 Safari/536.30.1"
180.76.5.87 - - [12/Aug/2013:12:24:12 -0400] "GET /links.html HTTP/1.1" 200 5638 "-" "Mozilla/5.0 (compatible; Baiduspider/2.0; +http://www.baidu.com/search/spider.html)"
157.56.229.184 - - [12/Aug/2013:15:34:32 -0400] "GET /robots.txt HTTP/1.1" 200 25 "-" "Mozilla/5.0 (compatible; bingbot/2.0; +http://www.bing.com/bingbot.htm)"
130.185.109.210 - - [12/Aug/2013:04:43:21 -0400] "GET /scripts/website.css HTTP/1.1" 200 1660 "-" "PagesInventory (robot http://www.pagesinventory.com)"
157.56.229.184 - - [12/Aug/2013:16:23:42 -0400] "GET /homepage.html HTTP/1.1" 200 10498 "-" "Mozilla/5.0 (compatible; bingbot/2.0; +http://www.bing.com/bingbot.htm)"
24.23.142.46 - - [12/Aug/2013:00:48:38 -0400] "GET /favicon.ico HTTP/1.1" 404 575 "-" "Mozilla/5.0 (compatible; MSIE 10.0; Windows NT 6.1; Win64; x64; Trident/6.0; NP06)"
24.23.142.46 - - [12/Aug/2013:00:49:23 -0400] "GET /images/600_RIM00266.JPG HTTP/1.1" 200 80950 "http://www.circletcabins.com/photos.html" "Mozilla/5.0 (compatible; MSIE 10.0; Windows NT 6.1; WOW64; Trident/6.0; NP06)"
24.23.142.46 - - [12/Aug/2013:00:50:44 -0400] "GET /maps.html HTTP/1.1" 304 - "http://www.circletcabins.com/photos.html" "Mozilla/5.0 (compatible; MSIE 10.0; Windows NT 6.1; WOW64; Trident/6.0; NP06)"
24.23.168.67 - - [12/Aug/2013:12:20:22 -0400] "GET /scripts/icwebsiteelement.css HTTP/1.1" 200 8132 "http://www.circletcabins.com/" "Mozilla/5.0 (Macintosh; Intel Mac OS X 10_7_5) AppleWebKit/536.30.1 (KHTML, like Gecko) Version/6.0.5 Safari/536.30.1"
24.23.168.67 - - [12/Aug/2013:12:20:25 -0400] "GET /images/136_P6220071.jpg HTTP/1.1" 200 3907 "http://www.circletcabins.com/" "Mozilla/5.0 (Macintosh; Intel Mac OS X 10_7_5) AppleWebKit/536.30.1 (KHTML, like Gecko) Version/6.0.5 Safari/536.30.1"
174.76.158.98 - - [12/Aug/2013:19:18:17 -0400] "GET /scripts/photoalbum.js HTTP/1.0" 200 62481 "http://www.circletcabins.com/" "Mozilla/5.0 (Windows NT 5.1; rv:22.0) Gecko/20100101 Firefox/22.0"
174.76.158.98 - - [12/Aug/2013:19:18:17 -0400] "GET /images/136_P6220079.jpg HTTP/1.0" 200 3760 "http://www.circletcabins.com/" "Mozilla/5.0 (Windows NT 5.1; rv:22.0) Gecko/20100101 Firefox/22.0"
66.249.75.53 - - [12/Aug/2013:20:38:17 -0400] "GET /scripts/1custom.css HTTP/1.1" 200 2152 "-" "Mozilla/5.0 (compatible; Googlebot/2.1; +http://www.google.com/bot.html)"
75.18.204.18 - - [12/Aug/2013:22:42:53 -0400] "GET /scripts/photoalbum.js HTTP/1.1" 200 62481 "http://www.circletcabins.com/" "Mozilla/5.0 (iPad; CPU OS 6_0_1 like Mac OS X) AppleWebKit/536.26 (KHTML, like Gecko) Version/6.0 Mobile/10A523 Safari/8536.25"
75.18.204.18 - - [12/Aug/2013:22:42:54 -0400] "GET /images/10_Copy%20(2)%20of%20P6220099.jpg HTTP/1.1" 404 575 "http://www.circletcabins.com/" "Mozilla/5.0 (iPad; CPU OS 6_0_1 like Mac OS X) AppleWebKit/536.26 (KHTML, like Gecko) Version/6.0 Mobile/10A523 Safari/8536.25"
75.18.204.18 - - [12/Aug/2013:22:42:54 -0400] "GET /images/136_P6220108.jpg HTTP/1.1" 200 3793 "http://www.circletcabins.com/" "Mozilla/5.0 (iPad; CPU OS 6_0_1 like Mac OS X) AppleWebKit/536.26 (KHTML, like Gecko) Version/6.0 Mobile/10A523 Safari/8536.25"
75.18.204.18 - - [12/Aug/2013:22:43:01 -0400] "GET /scripts/print.css HTTP/1.1" 200 - "http://www.circletcabins.com/" "Mozilla/5.0 (iPad; CPU OS 6_0_1 like Mac OS X) AppleWebKit/536.26 (KHTML, like Gecko) Version/6.0 Mobile/10A523 Safari/8536.25"
1.202.218.99 - - [12/Aug/2013:05:30:02 -0400] "GET /robots.txt HTTP/1.1" 200 25 "-" "Mozilla/5.0 ()"
199.21.99.67 - - [12/Aug/2013:09:28:15 -0400] "GET / HTTP/1.1" 200 10498 "-" "Mozilla/5.0 (compatible; YandexBot/3.0; +http://yandex.com/bots)"
24.23.142.46 - - [12/Aug/2013:00:49:03 -0400] "GET /maps.html HTTP/1.1" 200 6293 "http://www.circletcabins.com/photos.html" "Mozilla/5.0 (compatible; MSIE 10.0; Windows NT 6.1; WOW64; Trident/6.0; NP06)"
24.23.142.46 - - [12/Aug/2013:00:49:04 -0400] "GET /scripts/2custom.css HTTP/1.1" 200 1478 "http://www.circletcabins.com/maps.html" "Mozilla/5.0 (compatible; MSIE 10.0; Windows NT 6.1; WOW64; Trident/6.0; NP06)"
157.56.92.174 - - [12/Aug/2013:22:53:10 -0400] "GET /robots.txt HTTP/1.1" 200 25 "-" "Mozilla/5.0 (compatible; bingbot/2.0; +http://www.bing.com/bingbot.htm)"
98.210.163.29 - - [12/Aug/2013:23:04:50 -0400] "GET /scripts/website.css HTTP/1.1" 200 1660 "http://www.circletcabins.com/" "Mozilla/5.0 (compatible; MSIE 10.0; Windows NT 6.1; WOW64; Trident/6.0)"
98.210.163.29 - - [12/Aug/2013:23:04:50 -0400] "GET /scripts/print.css HTTP/1.1" 200 - "http://www.circletcabins.com/" "Mozilla/5.0 (compatible; MSIE 10.0; Windows NT 6.1; WOW64; Trident/6.0)"
98.210.163.29 - - [12/Aug/2013:23:04:50 -0400] "GET /images/136_P6220085.jpg HTTP/1.1" 200 3808 "http://www.circletcabins.com/" "Mozilla/5.0 (compatible; MSIE 10.0; Windows NT 6.1; WOW64; Trident/6.0)"
174.76.158.98 - - [12/Aug/2013:19:18:24 -0400] "GET /photos.html HTTP/1.0" 200 16250 "http://www.circletcabins.com/" "Mozilla/5.0 (Windows NT 5.1; rv:22.0) Gecko/20100101 Firefox/22.0"
174.76.158.98 - - [12/Aug/2013:19:18:25 -0400] "GET /scripts/5custom.css HTTP/1.0" 200 1144 "http://www.circletcabins.com/photos.html" "Mozilla/5.0 (Windows NT 5.1; rv:22.0) Gecko/20100101 Firefox/22.0"
174.76.158.98 - - [12/Aug/2013:19:18:25 -0400] "GET /images/185_PB060059.JPG HTTP/1.0" 200 7949 "http://www.circletcabins.com/photos.html" "Mozilla/5.0 (Windows NT 5.1; rv:22.0) Gecko/20100101 Firefox/22.0"
174.76.158.98 - - [12/Aug/2013:19:18:25 -0400] "GET /images/185_RIM00278.JPG HTTP/1.0" 200 8042 "http://www.circletcabins.com/photos.html" "Mozilla/5.0 (Windows NT 5.1; rv:22.0) Gecko/20100101 Firefox/22.0"
174.76.158.98 - - [12/Aug/2013:19:18:25 -0400] "GET /images/185_RIM00277.JPG HTTP/1.0" 200 7408 "http://www.circletcabins.com/photos.html" "Mozilla/5.0 (Windows NT 5.1; rv:22.0) Gecko/20100101 Firefox/22.0"
174.76.158.98 - - [12/Aug/2013:19:18:25 -0400] "GET /images/185_RIM00331.JPG HTTP/1.0" 200 9299 "http://www.circletcabins.com/photos.html" "Mozilla/5.0 (Windows NT 5.1; rv:22.0) Gecko/20100101 Firefox/22.0"
174.76.158.98 - - [12/Aug/2013:19:18:25 -0400] "GET /images/185_RIM00346.JPG HTTP/1.0" 200 8077 "http://www.circletcabins.com/photos.html" "Mozilla/5.0 (Windows NT 5.1; rv:22.0) Gecko/20100101 Firefox/22.0"
24.23.142.46 - - [12/Aug/2013:00:48:22 -0400] "GET /scripts/icwebsiteelement.css HTTP/1.1" 200 8132 "http://www.circletcabins.com/" "Mozilla/5.0 (compatible; MSIE 10.0; Windows NT 6.1; WOW64; Trident/6.0; NP06)"
24.23.142.46 - - [12/Aug/2013:00:48:22 -0400] "GET /images/136_P6220092.jpg HTTP/1.1" 200 3901 "http://www.circletcabins.com/" "Mozilla/5.0 (compatible; MSIE 10.0; Windows NT 6.1; WOW64; Trident/6.0; NP06)"
65.55.24.245 - - [12/Aug/2013:09:16:24 -0400] "GET / HTTP/1.1" 200 10498 "-" "Mozilla/5.0 (compatible; bingbot/2.0; +http://www.bing.com/bingbot.htm)"
199.21.99.67 - - [12/Aug/2013:09:27:58 -0400] "GET /robots.txt HTTP/1.1" 200 25 "-" "Mozilla/5.0 (compatible; YandexBot/3.0; +http://yandex.com/bots)"
199.21.99.67 - - [12/Aug/2013:09:28:00 -0400] "GET /robots.txt HTTP/1.1" 200 25 "-" "Mozilla/5.0 (compatible; YandexBot/3.0; +http://yandex.com/bots)"
199.21.99.67 - - [12/Aug/2013:09:28:01 -0400] "GET /robots.txt HTTP/1.1" 200 25 "-" "Mozilla/5.0 (compatible; YandexBot/3.0; +http://yandex.com/bots)"
199.21.99.67 - - [12/Aug/2013:09:28:01 -0400] "GET /robots.txt HTTP/1.1" 200 25 "-" "Mozilla/5.0 (compatible; YandexBot/3.0; +http://yandex.com/bots)"
199.21.99.67 - - [12/Aug/2013:09:28:02 -0400] "GET / HTTP/1.1" 200 10498 "-" "Mozilla/5.0 (compatible; YandexBot/3.0; +http://yandex.com/bots)"
75.18.204.18 - - [12/Aug/2013:22:42:53 -0400] "GET /scripts/user.js HTTP/1.1" 200 23762 "http://www.circletcabins.com/" "Mozilla/5.0 (iPad; CPU OS 6_0_1 like Mac OS X) AppleWebKit/536.26 (KHTML, like Gecko) Version/6.0 Mobile/10A523 Safari/8536.25"
75.18.204.18 - - [12/Aug/2013:22:42:54 -0400] "GET /images/136_P6220085.jpg HTTP/1.1" 200 3808 "http://www.circletcabins.com/" "Mozilla/5.0 (iPad; CPU OS 6_0_1 like Mac OS X) AppleWebKit/536.26 (KHTML, like Gecko) Version/6.0 Mobile/10A523 Safari/8536.25"
75.18.204.18 - - [12/Aug/2013:22:42:54 -0400] "GET /images/clear_pixel.gif HTTP/1.1" 404 575 "http://www.circletcabins.com/" "Mozilla/5.0 (iPad; CPU OS 6_0_1 like Mac OS X) AppleWebKit/536.26 (KHTML, like Gecko) Version/6.0 Mobile/10A523 Safari/8536.25"
65.55.24.245 - - [12/Aug/2013:08:54:31 -0400] "GET /robots.txt HTTP/1.1" 200 25 "-" "Mozilla/5.0 (compatible; bingbot/2.0; +http://www.bing.com/bingbot.htm)"
49.145.135.203 - - [12/Aug/2013:17:31:03 -0400] "GET /summercalendar.html HTTP/1.1" 200 4127 "http://www.circletcabins.com/" "Mozilla/5.0 (X11; Ubuntu; Linux i686; rv:21.0) Gecko/20100101 Firefox/21.0"
24.23.168.67 - - [12/Aug/2013:23:32:17 -0400] "GET /images/clear_pixel.gif HTTP/1.1" 404 575 "http://www.circletcabins.com/" "Mozilla/5.0 (Macintosh; Intel Mac OS X 10_7_5) AppleWebKit/536.30.1 (KHTML, like Gecko) Version/6.0.5 Safari/536.30.1"
24.23.168.67 - - [12/Aug/2013:23:32:17 -0400] "GET /scripts/print.css HTTP/1.1" 200 - "http://www.circletcabins.com/" "Mozilla/5.0 (Macintosh; Intel Mac OS X 10_7_5) AppleWebKit/536.30.1 (KHTML, like Gecko) Version/6.0.5 Safari/536.30.1"
24.23.142.46 - - [12/Aug/2013:00:48:36 -0400] "GET /images/185_RIM00264.JPG HTTP/1.1" 200 8463 "http://www.circletcabins.com/photos.html" "Mozilla/5.0 (compatible; MSIE 10.0; Windows NT 6.1; WOW64; Trident/6.0; NP06)"
24.23.142.46 - - [12/Aug/2013:00:48:36 -0400] "GET /images/185_RIM00275.JPG HTTP/1.1" 200 6229 "http://www.circletcabins.com/photos.html" "Mozilla/5.0 (compatible; MSIE 10.0; Windows NT 6.1; WOW64; Trident/6.0; NP06)"
24.23.142.46 - - [12/Aug/2013:00:48:36 -0400] "GET /images/185_RIM00346.JPG HTTP/1.1" 200 8077 "http://www.circletcabins.com/photos.html" "Mozilla/5.0 (compatible; MSIE 10.0; Windows NT 6.1; WOW64; Trident/6.0; NP06)"
24.23.142.46 - - [12/Aug/2013:00:48:36 -0400] "GET /images/185_RIM00272.JPG HTTP/1.1" 200 2286 "http://www.circletcabins.com/photos.html" "Mozilla/5.0 (compatible; MSIE 10.0; Windows NT 6.1; WOW64; Trident/6.0; NP06)"
24.23.142.46 - - [12/Aug/2013:00:48:37 -0400] "GET /images/clear_pixel.gif HTTP/1.1" 404 575 "http://www.circletcabins.com/photos.html" "Mozilla/5.0 (compatible; MSIE 10.0; Windows NT 6.1; WOW64; Trident/6.0; NP06)"
24.23.168.67 - - [12/Aug/2013:18:51:42 -0400] "GET / HTTP/1.1" 200 10498 "-" "Mozilla/5.0 (Macintosh; Intel Mac OS X 10_7_5) AppleWebKit/536.30.1 (KHTML, like Gecko) Version/6.0.5 Safari/536.30.1"
199.21.99.67 - - [12/Aug/2013:09:28:03 -0400] "GET / HTTP/1.1" 200 10498 "-" "Mozilla/5.0 (compatible; YandexBot/3.0; +http://yandex.com/bots)"
199.21.99.67 - - [12/Aug/2013:22:51:35 -0400] "GET /robots.txt HTTP/1.1" 200 25 "-" "Mozilla/5.0 (compatible; YandexBot/3.0; +http://yandex.com/bots)"
199.21.99.67 - - [12/Aug/2013:22:51:37 -0400] "GET /174/images/nature_01.jpg HTTP/1.1" 200 4635 "-" "Mozilla/5.0 (compatible; YandexImages/3.0; +http://yandex.com/bots)"