0byt3m1n1
Path:
/
data
/
0
/
0
/
79
/
35
/
79687
/
meta
/
80998
/
logs
/
[
Home
]
File: x-access_log.2013-08-19
65.55.215.61 - - [19/Aug/2013:00:34:16 -0400] "GET /robots.txt HTTP/1.1" 200 25 "-" "msnbot-media/1.1 (+http://search.msn.com/msnbot.htm)"
178.255.215.64 - - [19/Aug/2013:17:23:38 -0400] "GET / HTTP/1.1" 200 10498 "-" "Mozilla/5.0 (compatible; Exabot/3.0; +http://www.exabot.com/go/robot)"
173.199.114.99 - - [19/Aug/2013:09:37:14 -0400] "GET / HTTP/1.1" 200 10498 "-" "Mozilla/5.0 (compatible; AhrefsBot/4.0; +http://ahrefs.com/robot/)"
199.21.99.67 - - [19/Aug/2013:10:11:52 -0400] "GET / HTTP/1.1" 200 10498 "-" "Mozilla/5.0 (compatible; YandexBot/3.0; +http://yandex.com/bots)"
65.55.215.61 - - [19/Aug/2013:12:54:31 -0400] "GET /robots.txt HTTP/1.1" 200 25 "-" "msnbot-media/1.1 (+http://search.msn.com/msnbot.htm)"
178.255.215.97 - - [19/Aug/2013:17:23:29 -0400] "GET /scripts/1custom.css HTTP/1.1" 200 2152 "http://circletcabins.com/" "Mozilla/5.0 (compatible; Konqueror/3.5; Linux) KHTML/3.5.5 (like Gecko) (Exabot-Thumbnails)"
178.255.215.97 - - [19/Aug/2013:17:23:30 -0400] "GET /images/clear_pixel.gif HTTP/1.1" 404 575 "http://circletcabins.com/" "Mozilla/5.0 (compatible; Konqueror/3.5; Linux) KHTML/3.5.5 (like Gecko) (Exabot-Thumbnails)"
178.255.215.97 - - [19/Aug/2013:17:23:30 -0400] "GET /images/136_P6220085.jpg HTTP/1.1" 200 3808 "http://circletcabins.com/" "Mozilla/5.0 (compatible; Konqueror/3.5; Linux) KHTML/3.5.5 (like Gecko) (Exabot-Thumbnails)"
178.255.215.64 - - [19/Aug/2013:17:23:38 -0400] "GET /robots.txt HTTP/1.1" 200 25 "-" "Mozilla/5.0 (compatible; Exabot/3.0; +http://www.exabot.com/go/robot)"
180.76.5.172 - - [19/Aug/2013:21:41:34 -0400] "GET /scripts/template.css HTTP/1.1" 200 9956 "-" "Mozilla/5.0 (compatible; Baiduspider/2.0; +http://www.baidu.com/search/spider.html)"
70.179.7.228 - - [19/Aug/2013:22:27:12 -0400] "GET /maps.html HTTP/1.1" 200 6293 "http://www.circletcabins.com/photos.html" "Mozilla/5.0 (Macintosh; Intel Mac OS X 10_8_4) AppleWebKit/536.30.1 (KHTML, like Gecko) Version/6.0.5 Safari/536.30.1"
70.179.7.228 - - [19/Aug/2013:22:27:12 -0400] "GET /images/205_Jan27_01_2.dmsp1.jpg HTTP/1.1" 200 14369 "http://www.circletcabins.com/maps.html" "Mozilla/5.0 (Macintosh; Intel Mac OS X 10_8_4) AppleWebKit/536.30.1 (KHTML, like Gecko) Version/6.0.5 Safari/536.30.1"
71.134.231.156 - - [19/Aug/2013:23:21:41 -0400] "GET /scripts/website.css HTTP/1.1" 200 1660 "http://www.circletcabins.com/" "Mozilla/5.0 (Windows NT 5.1) AppleWebKit/537.36 (KHTML, like Gecko) Chrome/28.0.1500.95 Safari/537.36"
71.134.231.156 - - [19/Aug/2013:23:21:42 -0400] "GET /images/136_P6220092.jpg HTTP/1.1" 200 3901 "http://www.circletcabins.com/" "Mozilla/5.0 (Windows NT 5.1) AppleWebKit/537.36 (KHTML, like Gecko) Chrome/28.0.1500.95 Safari/537.36"
66.249.75.53 - - [19/Aug/2013:10:21:26 -0400] "GET /photos.html HTTP/1.1" 304 - "-" "Mozilla/5.0 (iPhone; U; CPU iPhone OS 4_1 like Mac OS X; en-us) AppleWebKit/532.9 (KHTML, like Gecko) Version/4.0.5 Mobile/8B117 Safari/6531.22.7 (compatible; Googlebot-Mobile/2.1; +http://www.google.com/bot.html)"
70.179.7.228 - - [19/Aug/2013:22:26:07 -0400] "GET /favicon.ico HTTP/1.1" 404 575 "http://www.circletcabins.com/" "Mozilla/5.0 (Macintosh; Intel Mac OS X 10_8_4) AppleWebKit/536.30.1 (KHTML, like Gecko) Version/6.0.5 Safari/536.30.1"
130.185.109.243 - - [19/Aug/2013:11:22:59 -0400] "GET /scripts/1custom.css HTTP/1.1" 200 2152 "-" "PagesInventory (robot http://www.pagesinventory.com)"
157.56.92.164 - - [19/Aug/2013:18:26:20 -0400] "GET /robots.txt HTTP/1.1" 200 25 "-" "Mozilla/5.0 (compatible; bingbot/2.0; +http://www.bing.com/bingbot.htm)"
66.249.75.89 - - [19/Aug/2013:05:10:21 -0400] "GET /robots.txt HTTP/1.1" 200 25 "-" "Mozilla/5.0 (compatible; Googlebot/2.1; +http://www.google.com/bot.html)"
199.21.99.67 - - [19/Aug/2013:10:11:31 -0400] "GET / HTTP/1.1" 200 10498 "-" "Mozilla/5.0 (compatible; YandexBot/3.0; +http://yandex.com/bots)"
173.199.115.11 - - [19/Aug/2013:22:23:47 -0400] "GET /robots.txt HTTP/1.1" 200 25 "-" "Mozilla/5.0 (compatible; AhrefsBot/4.0; +http://ahrefs.com/robot/)"
70.179.7.228 - - [19/Aug/2013:22:26:01 -0400] "GET /scripts/icwebsiteelement.css HTTP/1.1" 200 8132 "http://www.circletcabins.com/" "Mozilla/5.0 (Macintosh; Intel Mac OS X 10_8_4) AppleWebKit/536.30.1 (KHTML, like Gecko) Version/6.0.5 Safari/536.30.1"
70.179.7.228 - - [19/Aug/2013:22:26:01 -0400] "GET /scripts/ic_globals_published.js HTTP/1.1" 200 566 "http://www.circletcabins.com/" "Mozilla/5.0 (Macintosh; Intel Mac OS X 10_8_4) AppleWebKit/536.30.1 (KHTML, like Gecko) Version/6.0.5 Safari/536.30.1"
70.179.7.228 - - [19/Aug/2013:22:26:01 -0400] "GET /images/136_P6220092.jpg HTTP/1.1" 200 3901 "http://www.circletcabins.com/" "Mozilla/5.0 (Macintosh; Intel Mac OS X 10_8_4) AppleWebKit/536.30.1 (KHTML, like Gecko) Version/6.0.5 Safari/536.30.1"
70.179.7.228 - - [19/Aug/2013:22:26:01 -0400] "GET /images/136_P6220085.jpg HTTP/1.1" 200 3808 "http://www.circletcabins.com/" "Mozilla/5.0 (Macintosh; Intel Mac OS X 10_8_4) AppleWebKit/536.30.1 (KHTML, like Gecko) Version/6.0.5 Safari/536.30.1"
71.134.231.156 - - [19/Aug/2013:23:23:31 -0400] "GET /favicon.ico HTTP/1.1" 404 575 "-" "Mozilla/5.0 (Windows NT 5.1) AppleWebKit/537.36 (KHTML, like Gecko) Chrome/28.0.1500.95 Safari/537.36"
199.21.99.67 - - [19/Aug/2013:10:11:29 -0400] "GET /robots.txt HTTP/1.1" 200 25 "-" "Mozilla/5.0 (compatible; YandexBot/3.0; +http://yandex.com/bots)"
199.21.99.67 - - [19/Aug/2013:10:11:29 -0400] "GET /robots.txt HTTP/1.1" 200 25 "-" "Mozilla/5.0 (compatible; YandexBot/3.0; +http://yandex.com/bots)"
199.21.99.67 - - [19/Aug/2013:10:11:30 -0400] "GET / HTTP/1.1" 200 10498 "-" "Mozilla/5.0 (compatible; YandexBot/3.0; +http://yandex.com/bots)"
130.185.109.243 - - [19/Aug/2013:11:23:04 -0400] "GET /scripts/print.css HTTP/1.1" 200 - "-" "PagesInventory (robot http://www.pagesinventory.com)"
178.255.215.97 - - [19/Aug/2013:17:23:30 -0400] "GET /images/136_P6220071.jpg HTTP/1.1" 200 3907 "http://circletcabins.com/" "Mozilla/5.0 (compatible; Konqueror/3.5; Linux) KHTML/3.5.5 (like Gecko) (Exabot-Thumbnails)"
71.134.231.156 - - [19/Aug/2013:23:21:41 -0400] "GET /scripts/icwebsiteelement.css HTTP/1.1" 200 8132 "http://www.circletcabins.com/" "Mozilla/5.0 (Windows NT 5.1) AppleWebKit/537.36 (KHTML, like Gecko) Chrome/28.0.1500.95 Safari/537.36"
71.134.231.156 - - [19/Aug/2013:23:21:42 -0400] "GET /images/136_P6220079.jpg HTTP/1.1" 200 3760 "http://www.circletcabins.com/" "Mozilla/5.0 (Windows NT 5.1) AppleWebKit/537.36 (KHTML, like Gecko) Chrome/28.0.1500.95 Safari/537.36"
71.134.231.156 - - [19/Aug/2013:23:21:42 -0400] "GET /images/clear_pixel.gif HTTP/1.1" 404 575 "http://www.circletcabins.com/" "Mozilla/5.0 (Windows NT 5.1) AppleWebKit/537.36 (KHTML, like Gecko) Chrome/28.0.1500.95 Safari/537.36"
208.115.111.73 - - [19/Aug/2013:22:20:47 -0400] "GET /summercalendar.html HTTP/1.1" 200 4127 "-" "Mozilla/5.0 (compatible; Ezooms/1.0; ezooms.bot@gmail.com)"
70.179.7.228 - - [19/Aug/2013:22:26:49 -0400] "GET /photos.html HTTP/1.1" 200 16250 "http://www.circletcabins.com/" "Mozilla/5.0 (Macintosh; Intel Mac OS X 10_8_4) AppleWebKit/536.30.1 (KHTML, like Gecko) Version/6.0.5 Safari/536.30.1"
70.179.7.228 - - [19/Aug/2013:22:26:49 -0400] "GET /images/185_RIM00268.JPG HTTP/1.1" 200 7476 "http://www.circletcabins.com/photos.html" "Mozilla/5.0 (Macintosh; Intel Mac OS X 10_8_4) AppleWebKit/536.30.1 (KHTML, like Gecko) Version/6.0.5 Safari/536.30.1"
70.179.7.228 - - [19/Aug/2013:22:26:49 -0400] "GET /images/185_RIM00278.JPG HTTP/1.1" 200 8042 "http://www.circletcabins.com/photos.html" "Mozilla/5.0 (Macintosh; Intel Mac OS X 10_8_4) AppleWebKit/536.30.1 (KHTML, like Gecko) Version/6.0.5 Safari/536.30.1"
70.179.7.228 - - [19/Aug/2013:22:26:50 -0400] "GET /images/185_RIM00304.JPG HTTP/1.1" 200 6417 "http://www.circletcabins.com/photos.html" "Mozilla/5.0 (Macintosh; Intel Mac OS X 10_8_4) AppleWebKit/536.30.1 (KHTML, like Gecko) Version/6.0.5 Safari/536.30.1"
70.179.7.228 - - [19/Aug/2013:22:26:50 -0400] "GET /images/185_RIM00355.JPG HTTP/1.1" 200 4822 "http://www.circletcabins.com/photos.html" "Mozilla/5.0 (Macintosh; Intel Mac OS X 10_8_4) AppleWebKit/536.30.1 (KHTML, like Gecko) Version/6.0.5 Safari/536.30.1"
70.179.7.228 - - [19/Aug/2013:22:26:50 -0400] "GET /images/185_RIM00330.JPG HTTP/1.1" 200 5033 "http://www.circletcabins.com/photos.html" "Mozilla/5.0 (Macintosh; Intel Mac OS X 10_8_4) AppleWebKit/536.30.1 (KHTML, like Gecko) Version/6.0.5 Safari/536.30.1"
66.249.75.116 - - [19/Aug/2013:08:27:44 -0400] "GET /scripts/website.css HTTP/1.1" 200 1660 "-" "Mozilla/5.0 (compatible; Googlebot/2.1; +http://www.google.com/bot.html)"
178.255.215.97 - - [19/Aug/2013:17:23:29 -0400] "GET /scripts/ic_globals_published.js HTTP/1.1" 200 566 "http://circletcabins.com/" "Mozilla/5.0 (compatible; Konqueror/3.5; Linux) KHTML/3.5.5 (like Gecko) (Exabot-Thumbnails)"
178.255.215.97 - - [19/Aug/2013:17:23:29 -0400] "GET /scripts/photoalbum.js HTTP/1.1" 200 62481 "http://circletcabins.com/" "Mozilla/5.0 (compatible; Konqueror/3.5; Linux) KHTML/3.5.5 (like Gecko) (Exabot-Thumbnails)"
180.76.5.56 - - [19/Aug/2013:20:43:35 -0400] "GET /robots.txt HTTP/1.1" 200 25 "-" "Mozilla/5.0 (Windows NT 5.1; rv:6.0.2) Gecko/20100101 Firefox/6.0.2"
70.179.7.228 - - [19/Aug/2013:22:26:06 -0400] "GET /images/222610.jpg HTTP/1.1" 200 16217 "http://www.circletcabins.com/" "Mozilla/5.0 (Macintosh; Intel Mac OS X 10_8_4) AppleWebKit/536.30.1 (KHTML, like Gecko) Version/6.0.5 Safari/536.30.1"
178.255.215.97 - - [19/Aug/2013:17:23:29 -0400] "GET /scripts/icwebsiteelement.css HTTP/1.1" 200 8132 "http://circletcabins.com/" "Mozilla/5.0 (compatible; Konqueror/3.5; Linux) KHTML/3.5.5 (like Gecko) (Exabot-Thumbnails)"
178.255.215.97 - - [19/Aug/2013:17:23:30 -0400] "GET /images/136_P6220079.jpg HTTP/1.1" 200 3760 "http://circletcabins.com/" "Mozilla/5.0 (compatible; Konqueror/3.5; Linux) KHTML/3.5.5 (like Gecko) (Exabot-Thumbnails)"
178.255.215.97 - - [19/Aug/2013:17:23:30 -0400] "GET /images/136_P6220092.jpg HTTP/1.1" 200 3901 "http://circletcabins.com/" "Mozilla/5.0 (compatible; Konqueror/3.5; Linux) KHTML/3.5.5 (like Gecko) (Exabot-Thumbnails)"
70.179.7.228 - - [19/Aug/2013:22:27:12 -0400] "GET /scripts/2custom.css HTTP/1.1" 200 1478 "http://www.circletcabins.com/maps.html" "Mozilla/5.0 (Macintosh; Intel Mac OS X 10_8_4) AppleWebKit/536.30.1 (KHTML, like Gecko) Version/6.0.5 Safari/536.30.1"
130.185.109.243 - - [19/Aug/2013:11:22:59 -0400] "GET /robots.txt HTTP/1.1" 200 25 "-" "PagesInventory (robot http://www.pagesinvenotry.com)"
66.249.75.180 - - [19/Aug/2013:15:27:34 -0400] "GET /robots.txt HTTP/1.1" 200 25 "-" "Mozilla/5.0 (compatible; Googlebot/2.1; +http://www.google.com/bot.html)"
66.249.75.180 - - [19/Aug/2013:15:27:35 -0400] "GET /Frame-2-mapsfooter.htm HTTP/1.1" 200 875 "-" "Mozilla/5.0 (compatible; Googlebot/2.1; +http://www.google.com/bot.html)"
157.56.92.164 - - [19/Aug/2013:18:26:51 -0400] "GET /links.html HTTP/1.1" 200 5638 "-" "Mozilla/5.0 (compatible; bingbot/2.0; +http://www.bing.com/bingbot.htm)"
70.179.7.228 - - [19/Aug/2013:22:26:01 -0400] "GET /scripts/1custom.css HTTP/1.1" 200 2152 "http://www.circletcabins.com/" "Mozilla/5.0 (Macintosh; Intel Mac OS X 10_8_4) AppleWebKit/536.30.1 (KHTML, like Gecko) Version/6.0.5 Safari/536.30.1"
70.179.7.228 - - [19/Aug/2013:22:26:01 -0400] "GET /scripts/photoalbum.js HTTP/1.1" 200 62481 "http://www.circletcabins.com/" "Mozilla/5.0 (Macintosh; Intel Mac OS X 10_8_4) AppleWebKit/536.30.1 (KHTML, like Gecko) Version/6.0.5 Safari/536.30.1"
70.179.7.228 - - [19/Aug/2013:22:26:01 -0400] "GET /images/136_P6220071.jpg HTTP/1.1" 200 3907 "http://www.circletcabins.com/" "Mozilla/5.0 (Macintosh; Intel Mac OS X 10_8_4) AppleWebKit/536.30.1 (KHTML, like Gecko) Version/6.0.5 Safari/536.30.1"
71.134.231.156 - - [19/Aug/2013:23:21:41 -0400] "GET /scripts/1custom.css HTTP/1.1" 200 2152 "http://www.circletcabins.com/" "Mozilla/5.0 (Windows NT 5.1) AppleWebKit/537.36 (KHTML, like Gecko) Chrome/28.0.1500.95 Safari/537.36"
71.134.231.156 - - [19/Aug/2013:23:21:42 -0400] "GET /images/136_P6220085.jpg HTTP/1.1" 200 3808 "http://www.circletcabins.com/" "Mozilla/5.0 (Windows NT 5.1) AppleWebKit/537.36 (KHTML, like Gecko) Chrome/28.0.1500.95 Safari/537.36"
71.134.231.156 - - [19/Aug/2013:23:21:42 -0400] "GET /scripts/print.css HTTP/1.1" 200 - "http://www.circletcabins.com/" "Mozilla/5.0 (Windows NT 5.1) AppleWebKit/537.36 (KHTML, like Gecko) Chrome/28.0.1500.95 Safari/537.36"
71.134.231.156 - - [19/Aug/2013:23:23:17 -0400] "GET /links.html HTTP/1.1" 200 5638 "http://www.circletcabins.com/maps.html" "Mozilla/5.0 (Windows NT 5.1) AppleWebKit/537.36 (KHTML, like Gecko) Chrome/28.0.1500.95 Safari/537.36"
71.134.231.156 - - [19/Aug/2013:23:23:18 -0400] "GET /scripts/3custom.css HTTP/1.1" 200 1478 "http://www.circletcabins.com/links.html" "Mozilla/5.0 (Windows NT 5.1) AppleWebKit/537.36 (KHTML, like Gecko) Chrome/28.0.1500.95 Safari/537.36"
71.134.231.156 - - [19/Aug/2013:23:23:18 -0400] "GET /favicon.ico HTTP/1.1" 404 575 "-" "Mozilla/5.0 (Windows NT 5.1) AppleWebKit/537.36 (KHTML, like Gecko) Chrome/28.0.1500.95 Safari/537.36"
71.134.231.156 - - [19/Aug/2013:23:23:20 -0400] "GET /areaservices.html HTTP/1.1" 200 4435 "http://www.circletcabins.com/links.html" "Mozilla/5.0 (Windows NT 5.1) AppleWebKit/537.36 (KHTML, like Gecko) Chrome/28.0.1500.95 Safari/537.36"
71.134.231.156 - - [19/Aug/2013:23:23:20 -0400] "GET /scripts/8custom.css HTTP/1.1" 200 804 "http://www.circletcabins.com/areaservices.html" "Mozilla/5.0 (Windows NT 5.1) AppleWebKit/537.36 (KHTML, like Gecko) Chrome/28.0.1500.95 Safari/537.36"
71.134.231.156 - - [19/Aug/2013:23:23:21 -0400] "GET /favicon.ico HTTP/1.1" 404 575 "-" "Mozilla/5.0 (Windows NT 5.1) AppleWebKit/537.36 (KHTML, like Gecko) Chrome/28.0.1500.95 Safari/537.36"
178.255.215.97 - - [19/Aug/2013:17:23:29 -0400] "GET /scripts/user.js HTTP/1.1" 200 23762 "http://circletcabins.com/" "Mozilla/5.0 (compatible; Konqueror/3.5; Linux) KHTML/3.5.5 (like Gecko) (Exabot-Thumbnails)"
75.36.227.166 - - [19/Aug/2013:13:46:58 -0400] "GET /scripts/template.css HTTP/1.1" 200 9956 "http://www.circletcabins.com/" "Mozilla/5.0 (Windows NT 6.1; WOW64; rv:22.0) Gecko/20100101 Firefox/22.0"
75.36.227.166 - - [19/Aug/2013:13:46:59 -0400] "GET /images/136_P6220079.jpg HTTP/1.1" 200 3760 "http://www.circletcabins.com/" "Mozilla/5.0 (Windows NT 6.1; WOW64; rv:22.0) Gecko/20100101 Firefox/22.0"
71.134.231.156 - - [19/Aug/2013:23:21:41 -0400] "GET / HTTP/1.1" 200 10498 "https://www.google.com/" "Mozilla/5.0 (Windows NT 5.1) AppleWebKit/537.36 (KHTML, like Gecko) Chrome/28.0.1500.95 Safari/537.36"
71.134.231.156 - - [19/Aug/2013:23:21:41 -0400] "GET /scripts/ic_globals_published.js HTTP/1.1" 200 566 "http://www.circletcabins.com/" "Mozilla/5.0 (Windows NT 5.1) AppleWebKit/537.36 (KHTML, like Gecko) Chrome/28.0.1500.95 Safari/537.36"
71.134.231.156 - - [19/Aug/2013:23:21:41 -0400] "GET /scripts/template.css HTTP/1.1" 200 9956 "http://www.circletcabins.com/" "Mozilla/5.0 (Windows NT 5.1) AppleWebKit/537.36 (KHTML, like Gecko) Chrome/28.0.1500.95 Safari/537.36"
71.134.231.156 - - [19/Aug/2013:23:21:42 -0400] "GET /images/136_P6220108.jpg HTTP/1.1" 200 3793 "http://www.circletcabins.com/" "Mozilla/5.0 (Windows NT 5.1) AppleWebKit/537.36 (KHTML, like Gecko) Chrome/28.0.1500.95 Safari/537.36"
178.255.215.97 - - [19/Aug/2013:17:23:28 -0400] "GET / HTTP/1.1" 200 10498 "-" "Mozilla/5.0 (compatible; Konqueror/3.5; Linux) KHTML/3.5.5 (like Gecko) (Exabot-Thumbnails)"
71.134.231.156 - - [19/Aug/2013:23:22:49 -0400] "GET /images/185_RIM00268.JPG HTTP/1.1" 200 7476 "http://www.circletcabins.com/photos.html" "Mozilla/5.0 (Windows NT 5.1) AppleWebKit/537.36 (KHTML, like Gecko) Chrome/28.0.1500.95 Safari/537.36"
71.134.231.156 - - [19/Aug/2013:23:22:49 -0400] "GET /images/185_RIM00309.JPG HTTP/1.1" 200 5817 "http://www.circletcabins.com/photos.html" "Mozilla/5.0 (Windows NT 5.1) AppleWebKit/537.36 (KHTML, like Gecko) Chrome/28.0.1500.95 Safari/537.36"
71.134.231.156 - - [19/Aug/2013:23:22:49 -0400] "GET /images/185_RIM00355.JPG HTTP/1.1" 200 4822 "http://www.circletcabins.com/photos.html" "Mozilla/5.0 (Windows NT 5.1) AppleWebKit/537.36 (KHTML, like Gecko) Chrome/28.0.1500.95 Safari/537.36"
71.134.231.156 - - [19/Aug/2013:23:22:49 -0400] "GET /images/185_RIM00330.JPG HTTP/1.1" 200 5033 "http://www.circletcabins.com/photos.html" "Mozilla/5.0 (Windows NT 5.1) AppleWebKit/537.36 (KHTML, like Gecko) Chrome/28.0.1500.95 Safari/537.36"
75.36.227.166 - - [19/Aug/2013:13:46:58 -0400] "GET /scripts/website.css HTTP/1.1" 200 1660 "http://www.circletcabins.com/" "Mozilla/5.0 (Windows NT 6.1; WOW64; rv:22.0) Gecko/20100101 Firefox/22.0"
75.36.227.166 - - [19/Aug/2013:13:46:58 -0400] "GET /scripts/icwebsiteelement.css HTTP/1.1" 200 8132 "http://www.circletcabins.com/" "Mozilla/5.0 (Windows NT 6.1; WOW64; rv:22.0) Gecko/20100101 Firefox/22.0"
75.36.227.166 - - [19/Aug/2013:13:46:59 -0400] "GET /images/136_P6220085.jpg HTTP/1.1" 200 3808 "http://www.circletcabins.com/" "Mozilla/5.0 (Windows NT 6.1; WOW64; rv:22.0) Gecko/20100101 Firefox/22.0"
75.36.227.166 - - [19/Aug/2013:13:46:59 -0400] "GET /images/222610.jpg HTTP/1.1" 200 16217 "http://www.circletcabins.com/scripts/website.css" "Mozilla/5.0 (Windows NT 6.1; WOW64; rv:22.0) Gecko/20100101 Firefox/22.0"
70.179.7.228 - - [19/Aug/2013:22:26:49 -0400] "GET /images/185_RIM00264.JPG HTTP/1.1" 200 8463 "http://www.circletcabins.com/photos.html" "Mozilla/5.0 (Macintosh; Intel Mac OS X 10_8_4) AppleWebKit/536.30.1 (KHTML, like Gecko) Version/6.0.5 Safari/536.30.1"
70.179.7.228 - - [19/Aug/2013:22:26:50 -0400] "GET /images/185_RIM00309.JPG HTTP/1.1" 200 5817 "http://www.circletcabins.com/photos.html" "Mozilla/5.0 (Macintosh; Intel Mac OS X 10_8_4) AppleWebKit/536.30.1 (KHTML, like Gecko) Version/6.0.5 Safari/536.30.1"
70.179.7.228 - - [19/Aug/2013:22:26:50 -0400] "GET /images/185_RIM00358.JPG HTTP/1.1" 200 4833 "http://www.circletcabins.com/photos.html" "Mozilla/5.0 (Macintosh; Intel Mac OS X 10_8_4) AppleWebKit/536.30.1 (KHTML, like Gecko) Version/6.0.5 Safari/536.30.1"
206.209.238.11 - - [19/Aug/2013:18:56:12 -0400] "GET /scripts/user.js HTTP/1.1" 200 23762 "http://www.circletcabins.com/" "Mozilla/4.0 (compatible; MSIE 8.0; Windows NT 6.1; Trident/4.0; SLCC2; .NET CLR 2.0.50727; .NET CLR 3.5.30729; .NET CLR 3.0.30729; Media Center PC 6.0; InfoPath.3; .NET4.0C; .NET4.0E; Tablet PC 2.0)"
206.209.238.11 - - [19/Aug/2013:18:56:12 -0400] "GET /scripts/template.css HTTP/1.1" 200 9956 "http://www.circletcabins.com/" "Mozilla/4.0 (compatible; MSIE 8.0; Windows NT 6.1; Trident/4.0; SLCC2; .NET CLR 2.0.50727; .NET CLR 3.5.30729; .NET CLR 3.0.30729; Media Center PC 6.0; InfoPath.3; .NET4.0C; .NET4.0E; Tablet PC 2.0)"
206.209.238.11 - - [19/Aug/2013:18:56:12 -0400] "GET /images/136_P6220085.jpg HTTP/1.1" 200 3808 "http://www.circletcabins.com/" "Mozilla/4.0 (compatible; MSIE 8.0; Windows NT 6.1; Trident/4.0; SLCC2; .NET CLR 2.0.50727; .NET CLR 3.5.30729; .NET CLR 3.0.30729; Media Center PC 6.0; InfoPath.3; .NET4.0C; .NET4.0E; Tablet PC 2.0)"
206.209.238.11 - - [19/Aug/2013:18:56:12 -0400] "GET /images/136_P6220092.jpg HTTP/1.1" 200 3901 "http://www.circletcabins.com/" "Mozilla/4.0 (compatible; MSIE 8.0; Windows NT 6.1; Trident/4.0; SLCC2; .NET CLR 2.0.50727; .NET CLR 3.5.30729; .NET CLR 3.0.30729; Media Center PC 6.0; InfoPath.3; .NET4.0C; .NET4.0E; Tablet PC 2.0)"
70.179.7.228 - - [19/Aug/2013:22:26:06 -0400] "GET /scripts/website.css HTTP/1.1" 200 1660 "http://www.circletcabins.com/" "Mozilla/5.0 (Macintosh; Intel Mac OS X 10_8_4) AppleWebKit/536.30.1 (KHTML, like Gecko) Version/6.0.5 Safari/536.30.1"
70.179.7.228 - - [19/Aug/2013:22:26:06 -0400] "GET /images/ic_034_body_bg_wide.jpg HTTP/1.1" 200 90532 "http://www.circletcabins.com/" "Mozilla/5.0 (Macintosh; Intel Mac OS X 10_8_4) AppleWebKit/536.30.1 (KHTML, like Gecko) Version/6.0.5 Safari/536.30.1"
70.179.7.228 - - [19/Aug/2013:22:26:07 -0400] "GET /scripts/print.css HTTP/1.1" 200 - "http://www.circletcabins.com/" "Mozilla/5.0 (Macintosh; Intel Mac OS X 10_8_4) AppleWebKit/536.30.1 (KHTML, like Gecko) Version/6.0.5 Safari/536.30.1"
70.179.7.228 - - [19/Aug/2013:22:26:49 -0400] "GET /images/185_RIM00267.JPG HTTP/1.1" 200 7425 "http://www.circletcabins.com/photos.html" "Mozilla/5.0 (Macintosh; Intel Mac OS X 10_8_4) AppleWebKit/536.30.1 (KHTML, like Gecko) Version/6.0.5 Safari/536.30.1"
70.179.7.228 - - [19/Aug/2013:22:26:49 -0400] "GET /images/185_Pb060067.jpg HTTP/1.1" 200 6558 "http://www.circletcabins.com/photos.html" "Mozilla/5.0 (Macintosh; Intel Mac OS X 10_8_4) AppleWebKit/536.30.1 (KHTML, like Gecko) Version/6.0.5 Safari/536.30.1"
70.179.7.228 - - [19/Aug/2013:22:26:50 -0400] "GET /images/185_RIM00346.JPG HTTP/1.1" 200 8077 "http://www.circletcabins.com/photos.html" "Mozilla/5.0 (Macintosh; Intel Mac OS X 10_8_4) AppleWebKit/536.30.1 (KHTML, like Gecko) Version/6.0.5 Safari/536.30.1"
70.179.7.228 - - [19/Aug/2013:22:26:50 -0400] "GET /images/185_RIM00272.JPG HTTP/1.1" 200 2286 "http://www.circletcabins.com/photos.html" "Mozilla/5.0 (Macintosh; Intel Mac OS X 10_8_4) AppleWebKit/536.30.1 (KHTML, like Gecko) Version/6.0.5 Safari/536.30.1"
71.134.231.156 - - [19/Aug/2013:23:23:08 -0400] "GET /images/205_Jan27_01_2.dmsp1.jpg HTTP/1.1" 200 14369 "http://www.circletcabins.com/maps.html" "Mozilla/5.0 (Windows NT 5.1) AppleWebKit/537.36 (KHTML, like Gecko) Chrome/28.0.1500.95 Safari/537.36"
71.134.231.156 - - [19/Aug/2013:23:23:09 -0400] "GET /favicon.ico HTTP/1.1" 404 575 "-" "Mozilla/5.0 (Windows NT 5.1) AppleWebKit/537.36 (KHTML, like Gecko) Chrome/28.0.1500.95 Safari/537.36"
130.185.109.239 - - [19/Aug/2013:11:15:48 -0400] "GET / HTTP/1.1" 200 10498 "-" "PagesInventory (robot +http://www.pagesinventory.com)"
70.179.7.228 - - [19/Aug/2013:22:27:48 -0400] "GET /summercalendar.html HTTP/1.1" 200 4127 "http://www.circletcabins.com/homepage.html" "Mozilla/5.0 (Macintosh; Intel Mac OS X 10_8_4) AppleWebKit/536.30.1 (KHTML, like Gecko) Version/6.0.5 Safari/536.30.1"
75.36.227.166 - - [19/Aug/2013:13:46:58 -0400] "GET / HTTP/1.1" 200 10498 "http://www.northtrinitylake.com/info/lodging.shtml" "Mozilla/5.0 (Windows NT 6.1; WOW64; rv:22.0) Gecko/20100101 Firefox/22.0"
75.36.227.166 - - [19/Aug/2013:13:46:58 -0400] "GET /scripts/ic_globals_published.js HTTP/1.1" 200 566 "http://www.circletcabins.com/" "Mozilla/5.0 (Windows NT 6.1; WOW64; rv:22.0) Gecko/20100101 Firefox/22.0"
75.36.227.166 - - [19/Aug/2013:13:46:58 -0400] "GET /scripts/1custom.css HTTP/1.1" 200 2152 "http://www.circletcabins.com/" "Mozilla/5.0 (Windows NT 6.1; WOW64; rv:22.0) Gecko/20100101 Firefox/22.0"
75.36.227.166 - - [19/Aug/2013:13:46:59 -0400] "GET /images/136_P6220071.jpg HTTP/1.1" 200 3907 "http://www.circletcabins.com/" "Mozilla/5.0 (Windows NT 6.1; WOW64; rv:22.0) Gecko/20100101 Firefox/22.0"
75.36.227.166 - - [19/Aug/2013:13:46:59 -0400] "GET /images/ic_034_body_bg_wide.jpg HTTP/1.1" 200 90532 "http://www.circletcabins.com/scripts/template.css" "Mozilla/5.0 (Windows NT 6.1; WOW64; rv:22.0) Gecko/20100101 Firefox/22.0"
75.36.227.166 - - [19/Aug/2013:13:47:00 -0400] "GET /favicon.ico HTTP/1.1" 404 575 "-" "Mozilla/5.0 (Windows NT 6.1; WOW64; rv:22.0) Gecko/20100101 Firefox/22.0"
199.21.99.67 - - [19/Aug/2013:10:11:56 -0400] "GET / HTTP/1.1" 200 10498 "-" "Mozilla/5.0 (compatible; YandexBot/3.0; +http://yandex.com/bots)"
180.76.5.178 - - [19/Aug/2013:10:16:18 -0400] "GET /scripts/user.js HTTP/1.1" 200 23762 "-" "Mozilla/5.0 (compatible; Baiduspider/2.0; +http://www.baidu.com/search/spider.html)"
65.55.215.61 - - [19/Aug/2013:00:34:16 -0400] "GET /images/136_P6220071.jpg HTTP/1.1" 200 3907 "-" "msnbot-media/1.1 (+http://search.msn.com/msnbot.htm)"
71.134.231.156 - - [19/Aug/2013:23:23:18 -0400] "GET /contactus.html HTTP/1.1" 200 8400 "http://www.circletcabins.com/maps.html" "Mozilla/5.0 (Windows NT 5.1) AppleWebKit/537.36 (KHTML, like Gecko) Chrome/28.0.1500.95 Safari/537.36"
178.255.215.97 - - [19/Aug/2013:17:23:24 -0400] "GET /pages/4/page4.html?refresh=1112060114615 HTTP/1.1" 200 19118 "-" "Mozilla/5.0 (compatible; Konqueror/3.5; Linux) KHTML/3.5.5 (like Gecko) (Exabot-Thumbnails)"
199.21.99.67 - - [19/Aug/2013:10:11:24 -0400] "GET /robots.txt HTTP/1.1" 200 25 "-" "Mozilla/5.0 (compatible; YandexBot/3.0; +http://yandex.com/bots)"
178.255.215.97 - - [19/Aug/2013:17:23:30 -0400] "GET /images/222610.jpg HTTP/1.1" 200 16217 "http://circletcabins.com/" "Mozilla/5.0 (compatible; Konqueror/3.5; Linux) KHTML/3.5.5 (like Gecko) (Exabot-Thumbnails)"
206.209.238.11 - - [19/Aug/2013:18:56:23 -0400] "GET /scripts/4.css HTTP/1.1" 200 203 "http://www.circletcabins.com/contactus.html" "Mozilla/4.0 (compatible; MSIE 8.0; Windows NT 6.1; Trident/4.0; SLCC2; .NET CLR 2.0.50727; .NET CLR 3.5.30729; .NET CLR 3.0.30729; Media Center PC 6.0; InfoPath.3; .NET4.0C; .NET4.0E; Tablet PC 2.0)"
206.209.238.11 - - [19/Aug/2013:18:56:23 -0400] "GET /favicon.ico HTTP/1.1" 404 575 "-" "Mozilla/4.0 (compatible; MSIE 8.0; Windows NT 6.1; Trident/4.0; SLCC2; .NET CLR 2.0.50727; .NET CLR 3.5.30729; .NET CLR 3.0.30729; Media Center PC 6.0; InfoPath.3; .NET4.0C; .NET4.0E; Tablet PC 2.0)"
70.179.7.228 - - [19/Aug/2013:22:26:49 -0400] "GET /images/185_PB060059.JPG HTTP/1.1" 200 7949 "http://www.circletcabins.com/photos.html" "Mozilla/5.0 (Macintosh; Intel Mac OS X 10_8_4) AppleWebKit/536.30.1 (KHTML, like Gecko) Version/6.0.5 Safari/536.30.1"
70.179.7.228 - - [19/Aug/2013:22:26:49 -0400] "GET /images/185_RIM00277.JPG HTTP/1.1" 200 7408 "http://www.circletcabins.com/photos.html" "Mozilla/5.0 (Macintosh; Intel Mac OS X 10_8_4) AppleWebKit/536.30.1 (KHTML, like Gecko) Version/6.0.5 Safari/536.30.1"
70.179.7.228 - - [19/Aug/2013:22:26:50 -0400] "GET /images/185_RIM00331.JPG HTTP/1.1" 200 9299 "http://www.circletcabins.com/photos.html" "Mozilla/5.0 (Macintosh; Intel Mac OS X 10_8_4) AppleWebKit/536.30.1 (KHTML, like Gecko) Version/6.0.5 Safari/536.30.1"
70.179.7.228 - - [19/Aug/2013:22:26:50 -0400] "GET /images/185_RIM00223.JPG HTTP/1.1" 200 7252 "http://www.circletcabins.com/photos.html" "Mozilla/5.0 (Macintosh; Intel Mac OS X 10_8_4) AppleWebKit/536.30.1 (KHTML, like Gecko) Version/6.0.5 Safari/536.30.1"
71.134.231.156 - - [19/Aug/2013:23:22:28 -0400] "GET /onlinespecial.html HTTP/1.1" 200 6923 "http://www.circletcabins.com/summercalendar.html" "Mozilla/5.0 (Windows NT 5.1) AppleWebKit/537.36 (KHTML, like Gecko) Chrome/28.0.1500.95 Safari/537.36"
71.134.231.156 - - [19/Aug/2013:23:22:29 -0400] "GET /scripts/6custom.css HTTP/1.1" 200 1141 "http://www.circletcabins.com/onlinespecial.html" "Mozilla/5.0 (Windows NT 5.1) AppleWebKit/537.36 (KHTML, like Gecko) Chrome/28.0.1500.95 Safari/537.36"
71.134.231.156 - - [19/Aug/2013:23:22:29 -0400] "GET /favicon.ico HTTP/1.1" 404 575 "-" "Mozilla/5.0 (Windows NT 5.1) AppleWebKit/537.36 (KHTML, like Gecko) Chrome/28.0.1500.95 Safari/537.36"
66.249.75.116 - - [19/Aug/2013:08:28:03 -0400] "GET /scripts/user.js HTTP/1.1" 200 23762 "-" "Mozilla/5.0 (compatible; Googlebot/2.1; +http://www.google.com/bot.html)"
173.199.114.99 - - [19/Aug/2013:08:32:15 -0400] "GET /onlinespecial.html HTTP/1.1" 200 6923 "-" "Mozilla/5.0 (compatible; AhrefsBot/4.0; +http://ahrefs.com/robot/)"
199.30.16.8 - - [19/Aug/2013:04:18:10 -0400] "GET /robots.txt HTTP/1.1" 200 25 "-" "msnbot-media/1.1 (+http://search.msn.com/msnbot.htm)"
178.255.215.97 - - [19/Aug/2013:17:23:30 -0400] "GET /images/10_Copy%20(2)%20of%20P6220099.jpg HTTP/1.1" 404 575 "http://circletcabins.com/" "Mozilla/5.0 (compatible; Konqueror/3.5; Linux) KHTML/3.5.5 (like Gecko) (Exabot-Thumbnails)"
178.255.215.97 - - [19/Aug/2013:17:23:30 -0400] "GET /images/ic_034_body_bg_wide.jpg HTTP/1.1" 200 90532 "http://circletcabins.com/" "Mozilla/5.0 (compatible; Konqueror/3.5; Linux) KHTML/3.5.5 (like Gecko) (Exabot-Thumbnails)"
178.255.215.64 - - [19/Aug/2013:17:23:32 -0400] "GET /pages/4/page4.html?refresh=1112060114615 HTTP/1.1" 304 - "-" "Mozilla/5.0 (compatible; Exabot/3.0; +http://www.exabot.com/go/robot)"
130.185.109.243 - - [19/Aug/2013:11:23:05 -0400] "GET /scripts/template.css HTTP/1.1" 200 9956 "-" "PagesInventory (robot http://www.pagesinventory.com)"
206.209.238.11 - - [19/Aug/2013:18:57:12 -0400] "GET /contactus.html HTTP/1.1" 200 8400 "http://www.circletcabins.com/contactus.html" "Mozilla/4.0 (compatible; MSIE 8.0; Windows NT 6.1; Trident/4.0; SLCC2; .NET CLR 2.0.50727; .NET CLR 3.5.30729; .NET CLR 3.0.30729; Media Center PC 6.0; InfoPath.3; .NET4.0C; .NET4.0E; Tablet PC 2.0)"
199.30.20.136 - - [19/Aug/2013:08:09:05 -0400] "GET /robots.txt HTTP/1.1" 200 25 "-" "msnbot-media/1.1 (+http://search.msn.com/msnbot.htm)"
66.249.75.116 - - [19/Aug/2013:08:27:55 -0400] "GET /scripts/icwebsiteelement.css HTTP/1.1" 200 8132 "-" "Mozilla/5.0 (compatible; Googlebot/2.1; +http://www.google.com/bot.html)"
180.76.6.21 - - [19/Aug/2013:17:16:29 -0400] "GET /robots.txt HTTP/1.1" 200 25 "-" "Mozilla/5.0 (Windows NT 5.1; rv:6.0.2) Gecko/20100101 Firefox/6.0.2"
178.255.215.97 - - [19/Aug/2013:17:23:25 -0400] "GET /scripts/user.js HTTP/1.1" 200 23762 "http://www.circletcabins.com/pages/4/page4.html?refresh=1112060114615" "Mozilla/5.0 (compatible; Konqueror/3.5; Linux) KHTML/3.5.5 (like Gecko) (Exabot-Thumbnails)"
70.179.7.228 - - [19/Aug/2013:22:27:33 -0400] "GET /homepage.html HTTP/1.1" 200 10498 "http://www.circletcabins.com/maps.html" "Mozilla/5.0 (Macintosh; Intel Mac OS X 10_8_4) AppleWebKit/536.30.1 (KHTML, like Gecko) Version/6.0.5 Safari/536.30.1"
71.134.231.156 - - [19/Aug/2013:23:22:49 -0400] "GET /images/185_RIM00267.JPG HTTP/1.1" 200 7425 "http://www.circletcabins.com/photos.html" "Mozilla/5.0 (Windows NT 5.1) AppleWebKit/537.36 (KHTML, like Gecko) Chrome/28.0.1500.95 Safari/537.36"
71.134.231.156 - - [19/Aug/2013:23:22:49 -0400] "GET /images/185_RIM00304.JPG HTTP/1.1" 200 6417 "http://www.circletcabins.com/photos.html" "Mozilla/5.0 (Windows NT 5.1) AppleWebKit/537.36 (KHTML, like Gecko) Chrome/28.0.1500.95 Safari/537.36"
71.134.231.156 - - [19/Aug/2013:23:22:49 -0400] "GET /images/185_RIM00353.JPG HTTP/1.1" 200 4565 "http://www.circletcabins.com/photos.html" "Mozilla/5.0 (Windows NT 5.1) AppleWebKit/537.36 (KHTML, like Gecko) Chrome/28.0.1500.95 Safari/537.36"
71.134.231.156 - - [19/Aug/2013:23:22:49 -0400] "GET /images/185_PB290110.JPG HTTP/1.1" 200 8309 "http://www.circletcabins.com/photos.html" "Mozilla/5.0 (Windows NT 5.1) AppleWebKit/537.36 (KHTML, like Gecko) Chrome/28.0.1500.95 Safari/537.36"
66.249.75.116 - - [19/Aug/2013:08:27:47 -0400] "GET /scripts/ic_globals_published.js HTTP/1.1" 200 566 "-" "Mozilla/5.0 (compatible; Googlebot/2.1; +http://www.google.com/bot.html)"
178.255.215.97 - - [19/Aug/2013:17:23:25 -0400] "GET /174/scripts/master.css HTTP/1.1" 200 1951 "http://www.circletcabins.com/pages/4/page4.html?refresh=1112060114615" "Mozilla/5.0 (compatible; Konqueror/3.5; Linux) KHTML/3.5.5 (like Gecko) (Exabot-Thumbnails)"
178.255.215.97 - - [19/Aug/2013:17:23:29 -0400] "GET /scripts/template.css HTTP/1.1" 200 9956 "http://circletcabins.com/" "Mozilla/5.0 (compatible; Konqueror/3.5; Linux) KHTML/3.5.5 (like Gecko) (Exabot-Thumbnails)"
178.255.215.97 - - [19/Aug/2013:17:23:30 -0400] "GET /images/136_P6220108.jpg HTTP/1.1" 200 3793 "http://circletcabins.com/" "Mozilla/5.0 (compatible; Konqueror/3.5; Linux) KHTML/3.5.5 (like Gecko) (Exabot-Thumbnails)"
178.255.215.97 - - [19/Aug/2013:17:23:31 -0400] "GET /scripts/print.css HTTP/1.1" 200 - "http://circletcabins.com/" "Mozilla/5.0 (compatible; Konqueror/3.5; Linux) KHTML/3.5.5 (like Gecko) (Exabot-Thumbnails)"
70.179.7.228 - - [19/Aug/2013:22:25:59 -0400] "GET / HTTP/1.1" 200 10498 "http://www.northtrinitylake.com/info/lodging.shtml" "Mozilla/5.0 (Macintosh; Intel Mac OS X 10_8_4) AppleWebKit/536.30.1 (KHTML, like Gecko) Version/6.0.5 Safari/536.30.1"
70.179.7.228 - - [19/Aug/2013:22:26:01 -0400] "GET /scripts/user.js HTTP/1.1" 200 23762 "http://www.circletcabins.com/" "Mozilla/5.0 (Macintosh; Intel Mac OS X 10_8_4) AppleWebKit/536.30.1 (KHTML, like Gecko) Version/6.0.5 Safari/536.30.1"
70.179.7.228 - - [19/Aug/2013:22:26:01 -0400] "GET /images/10_Copy%20(2)%20of%20P6220099.jpg HTTP/1.1" 404 575 "http://www.circletcabins.com/" "Mozilla/5.0 (Macintosh; Intel Mac OS X 10_8_4) AppleWebKit/536.30.1 (KHTML, like Gecko) Version/6.0.5 Safari/536.30.1"
70.179.7.228 - - [19/Aug/2013:22:26:01 -0400] "GET /images/136_P6220108.jpg HTTP/1.1" 200 3793 "http://www.circletcabins.com/" "Mozilla/5.0 (Macintosh; Intel Mac OS X 10_8_4) AppleWebKit/536.30.1 (KHTML, like Gecko) Version/6.0.5 Safari/536.30.1"
173.199.114.99 - - [19/Aug/2013:07:54:11 -0400] "GET /areaservices.html HTTP/1.1" 200 4435 "-" "Mozilla/5.0 (compatible; AhrefsBot/4.0; +http://ahrefs.com/robot/)"
180.76.5.87 - - [19/Aug/2013:12:48:05 -0400] "GET /robots.txt HTTP/1.1" 200 25 "-" "Mozilla/5.0 (Windows NT 5.1; rv:6.0.2) Gecko/20100101 Firefox/6.0.2"
66.249.75.53 - - [19/Aug/2013:22:53:24 -0400] "GET /robots.txt HTTP/1.1" 200 25 "-" "Mozilla/5.0 (compatible; Googlebot/2.1; +http://www.google.com/bot.html)"
66.249.75.53 - - [19/Aug/2013:22:53:24 -0400] "GET /links.html HTTP/1.1" 304 - "-" "Mozilla/5.0 (iPhone; U; CPU iPhone OS 4_1 like Mac OS X; en-us) AppleWebKit/532.9 (KHTML, like Gecko) Version/4.0.5 Mobile/8B117 Safari/6531.22.7 (compatible; Googlebot-Mobile/2.1; +http://www.google.com/bot.html)"
70.179.7.228 - - [19/Aug/2013:22:26:06 -0400] "GET /images/clear_pixel.gif HTTP/1.1" 404 575 "http://www.circletcabins.com/" "Mozilla/5.0 (Macintosh; Intel Mac OS X 10_8_4) AppleWebKit/536.30.1 (KHTML, like Gecko) Version/6.0.5 Safari/536.30.1"
71.134.231.156 - - [19/Aug/2013:23:22:49 -0400] "GET /scripts/5custom.css HTTP/1.1" 200 1144 "http://www.circletcabins.com/photos.html" "Mozilla/5.0 (Windows NT 5.1) AppleWebKit/537.36 (KHTML, like Gecko) Chrome/28.0.1500.95 Safari/537.36"
71.134.231.156 - - [19/Aug/2013:23:22:49 -0400] "GET /images/185_RIM00278.JPG HTTP/1.1" 200 8042 "http://www.circletcabins.com/photos.html" "Mozilla/5.0 (Windows NT 5.1) AppleWebKit/537.36 (KHTML, like Gecko) Chrome/28.0.1500.95 Safari/537.36"
71.134.231.156 - - [19/Aug/2013:23:22:49 -0400] "GET /images/185_RIM00318.JPG HTTP/1.1" 200 5239 "http://www.circletcabins.com/photos.html" "Mozilla/5.0 (Windows NT 5.1) AppleWebKit/537.36 (KHTML, like Gecko) Chrome/28.0.1500.95 Safari/537.36"
71.134.231.156 - - [19/Aug/2013:23:22:49 -0400] "GET /images/185_RIM00358.JPG HTTP/1.1" 200 4833 "http://www.circletcabins.com/photos.html" "Mozilla/5.0 (Windows NT 5.1) AppleWebKit/537.36 (KHTML, like Gecko) Chrome/28.0.1500.95 Safari/537.36"
71.134.231.156 - - [19/Aug/2013:23:22:49 -0400] "GET /images/clear_pixel.gif HTTP/1.1" 404 575 "http://www.circletcabins.com/photos.html" "Mozilla/5.0 (Windows NT 5.1) AppleWebKit/537.36 (KHTML, like Gecko) Chrome/28.0.1500.95 Safari/537.36"
208.115.111.73 - - [19/Aug/2013:20:49:20 -0400] "GET /robots.txt HTTP/1.1" 200 25 "-" "Mozilla/5.0 (compatible; Ezooms/1.0; ezooms.bot@gmail.com)"
130.185.109.243 - - [19/Aug/2013:11:22:59 -0400] "GET /scripts/website.css HTTP/1.1" 200 1660 "-" "PagesInventory (robot http://www.pagesinventory.com)"
157.56.93.150 - - [19/Aug/2013:06:53:57 -0400] "GET / HTTP/1.1" 200 10498 "-" "Mozilla/5.0 (compatible; bingbot/2.0; +http://www.bing.com/bingbot.htm)"
5.9.149.166 - - [19/Aug/2013:22:26:13 -0400] "GET /robots.txt HTTP/1.1" 200 25 "-" "Mozilla/4.0 (compatible; MSIE 5.5; Windows NT)"
70.179.7.228 - - [19/Aug/2013:22:26:49 -0400] "GET /images/185_RIM00266.JPG HTTP/1.1" 200 8107 "http://www.circletcabins.com/photos.html" "Mozilla/5.0 (Macintosh; Intel Mac OS X 10_8_4) AppleWebKit/536.30.1 (KHTML, like Gecko) Version/6.0.5 Safari/536.30.1"
70.179.7.228 - - [19/Aug/2013:22:26:50 -0400] "GET /images/185_RIM00275.JPG HTTP/1.1" 200 6229 "http://www.circletcabins.com/photos.html" "Mozilla/5.0 (Macintosh; Intel Mac OS X 10_8_4) AppleWebKit/536.30.1 (KHTML, like Gecko) Version/6.0.5 Safari/536.30.1"
70.179.7.228 - - [19/Aug/2013:22:26:50 -0400] "GET /images/185_RIM00349.JPG HTTP/1.1" 200 8784 "http://www.circletcabins.com/photos.html" "Mozilla/5.0 (Macintosh; Intel Mac OS X 10_8_4) AppleWebKit/536.30.1 (KHTML, like Gecko) Version/6.0.5 Safari/536.30.1"
70.179.7.228 - - [19/Aug/2013:22:26:50 -0400] "GET /images/185_RIM00360.JPG HTTP/1.1" 200 8801 "http://www.circletcabins.com/photos.html" "Mozilla/5.0 (Macintosh; Intel Mac OS X 10_8_4) AppleWebKit/536.30.1 (KHTML, like Gecko) Version/6.0.5 Safari/536.30.1"
71.134.231.156 - - [19/Aug/2013:23:21:41 -0400] "GET /scripts/photoalbum.js HTTP/1.1" 200 62481 "http://www.circletcabins.com/" "Mozilla/5.0 (Windows NT 5.1) AppleWebKit/537.36 (KHTML, like Gecko) Chrome/28.0.1500.95 Safari/537.36"
71.134.231.156 - - [19/Aug/2013:23:21:42 -0400] "GET /images/10_Copy%20(2)%20of%20P6220099.jpg HTTP/1.1" 404 575 "http://www.circletcabins.com/" "Mozilla/5.0 (Windows NT 5.1) AppleWebKit/537.36 (KHTML, like Gecko) Chrome/28.0.1500.95 Safari/537.36"
71.134.231.156 - - [19/Aug/2013:23:21:42 -0400] "GET /images/ic_034_body_bg_wide.jpg HTTP/1.1" 200 90532 "http://www.circletcabins.com/" "Mozilla/5.0 (Windows NT 5.1) AppleWebKit/537.36 (KHTML, like Gecko) Chrome/28.0.1500.95 Safari/537.36"
71.134.231.156 - - [19/Aug/2013:23:21:42 -0400] "GET /favicon.ico HTTP/1.1" 404 575 "-" "Mozilla/5.0 (Windows NT 5.1) AppleWebKit/537.36 (KHTML, like Gecko) Chrome/28.0.1500.95 Safari/537.36"
206.209.238.11 - - [19/Aug/2013:18:56:09 -0400] "GET / HTTP/1.1" 200 10498 "http://www.google.com/url?sa=t&rct=j&q=circle%20t%20cabins%20trinity&source=web&cd=1&ved=0CCsQFjAA&url=http%3A%2F%2Fwww.circletcabins.com%2F&ei=hKISUtTOLsnWiwK3sIHoDA&usg=AFQjCNEYNxSpinBgavFa4d-gPkxbgAAEyA&bvm=bv.50952593,d.cGE" "Mozilla/4.0 (compatible; MSIE 8.0; Windows NT 6.1; Trident/4.0; SLCC2; .NET CLR 2.0.50727; .NET CLR 3.5.30729; .NET CLR 3.0.30729; Media Center PC 6.0; InfoPath.3; .NET4.0C; .NET4.0E; Tablet PC 2.0)"
206.209.238.11 - - [19/Aug/2013:18:56:10 -0400] "GET /scripts/ic_globals_published.js HTTP/1.1" 200 566 "http://www.circletcabins.com/" "Mozilla/4.0 (compatible; MSIE 8.0; Windows NT 6.1; Trident/4.0; SLCC2; .NET CLR 2.0.50727; .NET CLR 3.5.30729; .NET CLR 3.0.30729; Media Center PC 6.0; InfoPath.3; .NET4.0C; .NET4.0E; Tablet PC 2.0)"
206.209.238.11 - - [19/Aug/2013:18:56:10 -0400] "GET /scripts/1custom.css HTTP/1.1" 200 2152 "http://www.circletcabins.com/" "Mozilla/4.0 (compatible; MSIE 8.0; Windows NT 6.1; Trident/4.0; SLCC2; .NET CLR 2.0.50727; .NET CLR 3.5.30729; .NET CLR 3.0.30729; Media Center PC 6.0; InfoPath.3; .NET4.0C; .NET4.0E; Tablet PC 2.0)"
206.209.238.11 - - [19/Aug/2013:18:56:12 -0400] "GET /images/10_Copy%20(2)%20of%20P6220099.jpg HTTP/1.1" 404 575 "http://www.circletcabins.com/" "Mozilla/4.0 (compatible; MSIE 8.0; Windows NT 6.1; Trident/4.0; SLCC2; .NET CLR 2.0.50727; .NET CLR 3.5.30729; .NET CLR 3.0.30729; Media Center PC 6.0; InfoPath.3; .NET4.0C; .NET4.0E; Tablet PC 2.0)"
206.209.238.11 - - [19/Aug/2013:18:56:12 -0400] "GET /images/136_P6220108.jpg HTTP/1.1" 200 3793 "http://www.circletcabins.com/" "Mozilla/4.0 (compatible; MSIE 8.0; Windows NT 6.1; Trident/4.0; SLCC2; .NET CLR 2.0.50727; .NET CLR 3.5.30729; .NET CLR 3.0.30729; Media Center PC 6.0; InfoPath.3; .NET4.0C; .NET4.0E; Tablet PC 2.0)"
70.179.7.228 - - [19/Aug/2013:22:26:01 -0400] "GET /scripts/template.css HTTP/1.1" 200 9956 "http://www.circletcabins.com/" "Mozilla/5.0 (Macintosh; Intel Mac OS X 10_8_4) AppleWebKit/536.30.1 (KHTML, like Gecko) Version/6.0.5 Safari/536.30.1"
70.179.7.228 - - [19/Aug/2013:22:26:01 -0400] "GET /images/136_P6220079.jpg HTTP/1.1" 200 3760 "http://www.circletcabins.com/" "Mozilla/5.0 (Macintosh; Intel Mac OS X 10_8_4) AppleWebKit/536.30.1 (KHTML, like Gecko) Version/6.0.5 Safari/536.30.1"
70.179.7.228 - - [19/Aug/2013:22:28:06 -0400] "GET /scripts/6custom.css HTTP/1.1" 200 1141 "http://www.circletcabins.com/onlinespecial.html" "Mozilla/5.0 (Macintosh; Intel Mac OS X 10_8_4) AppleWebKit/536.30.1 (KHTML, like Gecko) Version/6.0.5 Safari/536.30.1"
66.249.75.116 - - [19/Aug/2013:08:27:53 -0400] "GET /scripts/1custom.css HTTP/1.1" 200 2152 "-" "Mozilla/5.0 (compatible; Googlebot/2.1; +http://www.google.com/bot.html)"
75.36.227.166 - - [19/Aug/2013:13:46:58 -0400] "GET /scripts/print.css HTTP/1.1" 200 - "http://www.circletcabins.com/" "Mozilla/5.0 (Windows NT 6.1; WOW64; rv:22.0) Gecko/20100101 Firefox/22.0"
75.36.227.166 - - [19/Aug/2013:13:46:59 -0400] "GET /images/136_P6220092.jpg HTTP/1.1" 200 3901 "http://www.circletcabins.com/" "Mozilla/5.0 (Windows NT 6.1; WOW64; rv:22.0) Gecko/20100101 Firefox/22.0"
75.36.227.166 - - [19/Aug/2013:13:46:59 -0400] "GET /images/clear_pixel.gif HTTP/1.1" 404 575 "http://www.circletcabins.com/" "Mozilla/5.0 (Windows NT 6.1; WOW64; rv:22.0) Gecko/20100101 Firefox/22.0"
65.55.215.61 - - [19/Aug/2013:12:54:32 -0400] "GET /images/136_P6220071.jpg HTTP/1.1" 200 3907 "-" "msnbot-media/1.1 (+http://search.msn.com/msnbot.htm)"
75.36.227.166 - - [19/Aug/2013:13:46:58 -0400] "GET /scripts/user.js HTTP/1.1" 200 23762 "http://www.circletcabins.com/" "Mozilla/5.0 (Windows NT 6.1; WOW64; rv:22.0) Gecko/20100101 Firefox/22.0"
75.36.227.166 - - [19/Aug/2013:13:46:59 -0400] "GET /images/10_Copy%20(2)%20of%20P6220099.jpg HTTP/1.1" 404 575 "http://www.circletcabins.com/" "Mozilla/5.0 (Windows NT 6.1; WOW64; rv:22.0) Gecko/20100101 Firefox/22.0"
199.30.16.8 - - [19/Aug/2013:04:18:10 -0400] "GET /images/185_RIM00355.JPG HTTP/1.1" 200 4822 "-" "msnbot-media/1.1 (+http://search.msn.com/msnbot.htm)"
178.255.215.64 - - [19/Aug/2013:04:50:02 -0400] "GET /Frame-1-homepagepage1.html?refresh=1301856371320 HTTP/1.1" 200 7453 "-" "Mozilla/5.0 (compatible; Exabot/3.0; +http://www.exabot.com/go/robot)"
199.21.99.67 - - [19/Aug/2013:10:11:31 -0400] "GET / HTTP/1.1" 200 10498 "-" "Mozilla/5.0 (compatible; YandexBot/3.0; +http://yandex.com/bots)"
66.249.75.116 - - [19/Aug/2013:08:18:19 -0400] "GET /robots.txt HTTP/1.1" 200 25 "-" "Mozilla/5.0 (compatible; Googlebot/2.1; +http://www.google.com/bot.html)"
66.249.75.116 - - [19/Aug/2013:08:18:19 -0400] "GET / HTTP/1.1" 200 10498 "-" "Mozilla/5.0 (compatible; Googlebot/2.1; +http://www.google.com/bot.html)"
184.73.7.125 - - [19/Aug/2013:02:40:48 -0400] "GET / HTTP/1.1" 200 10498 "-" "Mozilla/5.0 (Windows; U; Windows NT 6.0; en-US; rv:1.9.2.3) Gecko/20100401 Firefox/3.6.3 GTB6 (.NET CLR 3.5.30729)"
66.249.75.116 - - [19/Aug/2013:08:28:04 -0400] "GET /scripts/photoalbum.js HTTP/1.1" 200 62481 "-" "Mozilla/5.0 (compatible; Googlebot/2.1; +http://www.google.com/bot.html)"
66.249.75.116 - - [19/Aug/2013:08:28:07 -0400] "GET /scripts/template.css HTTP/1.1" 200 9956 "-" "Mozilla/5.0 (compatible; Googlebot/2.1; +http://www.google.com/bot.html)"
180.76.5.18 - - [19/Aug/2013:15:42:28 -0400] "GET / HTTP/1.1" 304 - "-" "Mozilla/5.0 (compatible; Baiduspider/2.0; +http://www.baidu.com/search/spider.html)"
206.209.238.11 - - [19/Aug/2013:18:56:10 -0400] "GET /scripts/print.css HTTP/1.1" 200 - "http://www.circletcabins.com/" "Mozilla/4.0 (compatible; MSIE 8.0; Windows NT 6.1; Trident/4.0; SLCC2; .NET CLR 2.0.50727; .NET CLR 3.5.30729; .NET CLR 3.0.30729; Media Center PC 6.0; InfoPath.3; .NET4.0C; .NET4.0E; Tablet PC 2.0)"
206.209.238.11 - - [19/Aug/2013:18:56:10 -0400] "GET /scripts/photoalbum.js HTTP/1.1" 200 62481 "http://www.circletcabins.com/" "Mozilla/4.0 (compatible; MSIE 8.0; Windows NT 6.1; Trident/4.0; SLCC2; .NET CLR 2.0.50727; .NET CLR 3.5.30729; .NET CLR 3.0.30729; Media Center PC 6.0; InfoPath.3; .NET4.0C; .NET4.0E; Tablet PC 2.0)"
206.209.238.11 - - [19/Aug/2013:18:56:12 -0400] "GET /images/136_P6220079.jpg HTTP/1.1" 200 3760 "http://www.circletcabins.com/" "Mozilla/4.0 (compatible; MSIE 8.0; Windows NT 6.1; Trident/4.0; SLCC2; .NET CLR 2.0.50727; .NET CLR 3.5.30729; .NET CLR 3.0.30729; Media Center PC 6.0; InfoPath.3; .NET4.0C; .NET4.0E; Tablet PC 2.0)"
206.209.238.11 - - [19/Aug/2013:18:56:13 -0400] "GET /favicon.ico HTTP/1.1" 404 575 "-" "Mozilla/4.0 (compatible; MSIE 8.0; Windows NT 6.1; Trident/4.0; SLCC2; .NET CLR 2.0.50727; .NET CLR 3.5.30729; .NET CLR 3.0.30729; Media Center PC 6.0; InfoPath.3; .NET4.0C; .NET4.0E; Tablet PC 2.0)"
71.134.231.156 - - [19/Aug/2013:23:23:05 -0400] "GET /maps.html HTTP/1.1" 200 6293 "http://www.circletcabins.com/photos.html" "Mozilla/5.0 (Windows NT 5.1) AppleWebKit/537.36 (KHTML, like Gecko) Chrome/28.0.1500.95 Safari/537.36"
71.134.231.156 - - [19/Aug/2013:23:23:05 -0400] "GET /scripts/2custom.css HTTP/1.1" 200 1478 "http://www.circletcabins.com/maps.html" "Mozilla/5.0 (Windows NT 5.1) AppleWebKit/537.36 (KHTML, like Gecko) Chrome/28.0.1500.95 Safari/537.36"
5.9.149.166 - - [19/Aug/2013:22:26:14 -0400] "GET / HTTP/1.1" 200 10498 "-" "Mozilla/4.0 (compatible; MSIE 5.5; Windows NT)"
70.179.7.228 - - [19/Aug/2013:22:27:49 -0400] "GET /scripts/7custom.css HTTP/1.1" 200 805 "http://www.circletcabins.com/summercalendar.html" "Mozilla/5.0 (Macintosh; Intel Mac OS X 10_8_4) AppleWebKit/536.30.1 (KHTML, like Gecko) Version/6.0.5 Safari/536.30.1"
71.134.231.156 - - [19/Aug/2013:23:22:49 -0400] "GET /images/185_RIM00266.JPG HTTP/1.1" 200 8107 "http://www.circletcabins.com/photos.html" "Mozilla/5.0 (Windows NT 5.1) AppleWebKit/537.36 (KHTML, like Gecko) Chrome/28.0.1500.95 Safari/537.36"
71.134.231.156 - - [19/Aug/2013:23:22:49 -0400] "GET /images/185_RIM00275.JPG HTTP/1.1" 200 6229 "http://www.circletcabins.com/photos.html" "Mozilla/5.0 (Windows NT 5.1) AppleWebKit/537.36 (KHTML, like Gecko) Chrome/28.0.1500.95 Safari/537.36"
71.134.231.156 - - [19/Aug/2013:23:22:49 -0400] "GET /images/185_RIM00349.JPG HTTP/1.1" 200 8784 "http://www.circletcabins.com/photos.html" "Mozilla/5.0 (Windows NT 5.1) AppleWebKit/537.36 (KHTML, like Gecko) Chrome/28.0.1500.95 Safari/537.36"
71.134.231.156 - - [19/Aug/2013:23:22:49 -0400] "GET /images/185_RIM00360.JPG HTTP/1.1" 200 8801 "http://www.circletcabins.com/photos.html" "Mozilla/5.0 (Windows NT 5.1) AppleWebKit/537.36 (KHTML, like Gecko) Chrome/28.0.1500.95 Safari/537.36"
199.21.99.67 - - [19/Aug/2013:10:11:53 -0400] "GET / HTTP/1.1" 200 10498 "-" "Mozilla/5.0 (compatible; YandexBot/3.0; +http://yandex.com/bots)"
157.56.93.150 - - [19/Aug/2013:06:41:16 -0400] "GET /robots.txt HTTP/1.1" 200 25 "-" "Mozilla/5.0 (compatible; bingbot/2.0; +http://www.bing.com/bingbot.htm)"
70.179.7.228 - - [19/Aug/2013:22:26:49 -0400] "GET /scripts/5custom.css HTTP/1.1" 200 1144 "http://www.circletcabins.com/photos.html" "Mozilla/5.0 (Macintosh; Intel Mac OS X 10_8_4) AppleWebKit/536.30.1 (KHTML, like Gecko) Version/6.0.5 Safari/536.30.1"
70.179.7.228 - - [19/Aug/2013:22:26:49 -0400] "GET /images/185_RIM00269.JPG HTTP/1.1" 200 8632 "http://www.circletcabins.com/photos.html" "Mozilla/5.0 (Macintosh; Intel Mac OS X 10_8_4) AppleWebKit/536.30.1 (KHTML, like Gecko) Version/6.0.5 Safari/536.30.1"
70.179.7.228 - - [19/Aug/2013:22:26:50 -0400] "GET /images/185_RIM00318.JPG HTTP/1.1" 200 5239 "http://www.circletcabins.com/photos.html" "Mozilla/5.0 (Macintosh; Intel Mac OS X 10_8_4) AppleWebKit/536.30.1 (KHTML, like Gecko) Version/6.0.5 Safari/536.30.1"
70.179.7.228 - - [19/Aug/2013:22:26:50 -0400] "GET /images/185_RIM00353.JPG HTTP/1.1" 200 4565 "http://www.circletcabins.com/photos.html" "Mozilla/5.0 (Macintosh; Intel Mac OS X 10_8_4) AppleWebKit/536.30.1 (KHTML, like Gecko) Version/6.0.5 Safari/536.30.1"
70.179.7.228 - - [19/Aug/2013:22:26:50 -0400] "GET /images/185_PB290110.JPG HTTP/1.1" 200 8309 "http://www.circletcabins.com/photos.html" "Mozilla/5.0 (Macintosh; Intel Mac OS X 10_8_4) AppleWebKit/536.30.1 (KHTML, like Gecko) Version/6.0.5 Safari/536.30.1"
70.179.7.228 - - [19/Aug/2013:22:28:06 -0400] "GET /onlinespecial.html HTTP/1.1" 200 6923 "http://www.circletcabins.com/summercalendar.html" "Mozilla/5.0 (Macintosh; Intel Mac OS X 10_8_4) AppleWebKit/536.30.1 (KHTML, like Gecko) Version/6.0.5 Safari/536.30.1"
71.134.231.156 - - [19/Aug/2013:23:21:41 -0400] "GET /scripts/user.js HTTP/1.1" 200 23762 "http://www.circletcabins.com/" "Mozilla/5.0 (Windows NT 5.1) AppleWebKit/537.36 (KHTML, like Gecko) Chrome/28.0.1500.95 Safari/537.36"
71.134.231.156 - - [19/Aug/2013:23:21:42 -0400] "GET /images/136_P6220071.jpg HTTP/1.1" 200 3907 "http://www.circletcabins.com/" "Mozilla/5.0 (Windows NT 5.1) AppleWebKit/537.36 (KHTML, like Gecko) Chrome/28.0.1500.95 Safari/537.36"
71.134.231.156 - - [19/Aug/2013:23:21:42 -0400] "GET /images/222610.jpg HTTP/1.1" 200 16217 "http://www.circletcabins.com/" "Mozilla/5.0 (Windows NT 5.1) AppleWebKit/537.36 (KHTML, like Gecko) Chrome/28.0.1500.95 Safari/537.36"
75.36.227.166 - - [19/Aug/2013:13:46:58 -0400] "GET /scripts/photoalbum.js HTTP/1.1" 200 62481 "http://www.circletcabins.com/" "Mozilla/5.0 (Windows NT 6.1; WOW64; rv:22.0) Gecko/20100101 Firefox/22.0"
75.36.227.166 - - [19/Aug/2013:13:46:59 -0400] "GET /images/136_P6220108.jpg HTTP/1.1" 200 3793 "http://www.circletcabins.com/" "Mozilla/5.0 (Windows NT 6.1; WOW64; rv:22.0) Gecko/20100101 Firefox/22.0"
66.249.75.116 - - [19/Aug/2013:08:28:02 -0400] "GET /scripts/print.css HTTP/1.1" 200 - "-" "Mozilla/5.0 (compatible; Googlebot/2.1; +http://www.google.com/bot.html)"
199.21.99.67 - - [19/Aug/2013:10:11:26 -0400] "GET / HTTP/1.1" 200 10498 "-" "Mozilla/5.0 (compatible; YandexBot/3.0; +http://yandex.com/bots)"
206.209.238.11 - - [19/Aug/2013:18:56:10 -0400] "GET /scripts/icwebsiteelement.css HTTP/1.1" 200 8132 "http://www.circletcabins.com/" "Mozilla/4.0 (compatible; MSIE 8.0; Windows NT 6.1; Trident/4.0; SLCC2; .NET CLR 2.0.50727; .NET CLR 3.5.30729; .NET CLR 3.0.30729; Media Center PC 6.0; InfoPath.3; .NET4.0C; .NET4.0E; Tablet PC 2.0)"
206.209.238.11 - - [19/Aug/2013:18:56:12 -0400] "GET /images/136_P6220071.jpg HTTP/1.1" 200 3907 "http://www.circletcabins.com/" "Mozilla/4.0 (compatible; MSIE 8.0; Windows NT 6.1; Trident/4.0; SLCC2; .NET CLR 2.0.50727; .NET CLR 3.5.30729; .NET CLR 3.0.30729; Media Center PC 6.0; InfoPath.3; .NET4.0C; .NET4.0E; Tablet PC 2.0)"
