0byt3m1n1
Path:
/
data
/
0
/
0
/
79
/
35
/
79687
/
meta
/
80998
/
logs
/
[
Home
]
File: x-access_log.2014-06-20
100.43.91.15 - - [20/Jun/2014:18:06:29 -0400] "GET / HTTP/1.1" 200 10848 "-" "Mozilla/5.0 (compatible; YandexBot/3.0; +http://yandex.com/bots)"
192.95.29.119 - - [20/Jun/2014:08:26:55 -0400] "GET /robots.txt HTTP/1.1" 200 25 "-" "Mozilla/5.0 (compatible; meanpathbot/1.0; +http://www.meanpath.com/meanpathbot.html)"
192.95.29.119 - - [20/Jun/2014:08:26:55 -0400] "GET / HTTP/1.1" 200 10848 "-" "Mozilla/5.0 (compatible; meanpathbot/1.0; +http://www.meanpath.com/meanpathbot.html)"
157.55.39.172 - - [20/Jun/2014:20:47:07 -0400] "GET /scripts/website.css HTTP/1.1" 200 1660 "-" "Mozilla/5.0 (compatible; bingbot/2.0; +http://www.bing.com/bingbot.htm)"
157.55.39.172 - - [20/Jun/2014:20:47:07 -0400] "GET /scripts/template.css HTTP/1.1" 200 9956 "-" "Mozilla/5.0 (compatible; bingbot/2.0; +http://www.bing.com/bingbot.htm)"
76.21.27.161 - - [20/Jun/2014:11:42:13 -0400] "GET /images/P6220079.jpg HTTP/1.1" 200 16334 "http://circletcabins.com/" "Mozilla/5.0 (Windows NT 6.1; WOW64; Trident/7.0; rv:11.0) like Gecko"
66.249.64.58 - - [20/Jun/2014:00:26:04 -0400] "GET /photos.html HTTP/1.1" 304 - "-" "Mozilla/5.0 (compatible; Googlebot/2.1; +http://www.google.com/bot.html)"
157.55.39.60 - - [20/Jun/2014:20:46:30 -0400] "GET /scripts/8custom.css HTTP/1.1" 200 804 "-" "Mozilla/5.0 (compatible; bingbot/2.0; +http://www.bing.com/bingbot.htm)"
76.21.27.161 - - [20/Jun/2014:11:44:38 -0400] "GET /links.html HTTP/1.1" 200 5638 "http://circletcabins.com/maps.html" "Mozilla/5.0 (Windows NT 6.1; WOW64; Trident/7.0; rv:11.0) like Gecko"
157.55.39.90 - - [20/Jun/2014:20:18:07 -0400] "GET /Frame-7-summeravaliablityfooter.htm HTTP/1.1" 304 - "-" "Mozilla/5.0 (compatible; bingbot/2.0; +http://www.bing.com/bingbot.htm)"
76.21.27.161 - - [20/Jun/2014:11:43:39 -0400] "GET /onlinespecial.html HTTP/1.1" 200 6927 "http://circletcabins.com/summercalendar.html" "Mozilla/5.0 (Windows NT 6.1; WOW64; Trident/7.0; rv:11.0) like Gecko"
68.180.225.43 - - [20/Jun/2014:12:23:04 -0400] "GET /maps.html HTTP/1.1" 200 6293 "-" "Mozilla/5.0 (compatible; Yahoo! Slurp; http://help.yahoo.com/help/us/ysearch/slurp)"
182.118.25.245 - - [20/Jun/2014:18:07:19 -0400] "GET /robots.txt HTTP/1.1" 200 25 "http://www.circletcabins.com/robots.txt" "Mozilla/5.0 (compatible; MSIE 9.0; Windows NT 6.1; Trident/5.0); 360Spider"
179.182.58.146 - - [20/Jun/2014:18:48:36 -0400] "GET / HTTP/1.1" 200 10848 "http://semalt.semalt.com/crawler.php?u=http://circletcabins.com" "Mozilla/5.0 (Windows NT 6.1; WOW64) AppleWebKit/537.36 (KHTML, like Gecko) Chrome/32.0.1700.107 Safari/537.36"
179.182.58.146 - - [20/Jun/2014:18:48:36 -0400] "GET /scripts/ic_globals_published.js HTTP/1.1" 200 566 "http://circletcabins.com/" "Mozilla/5.0 (Windows NT 6.1; WOW64) AppleWebKit/537.36 (KHTML, like Gecko) Chrome/32.0.1700.107 Safari/537.36"
179.182.58.146 - - [20/Jun/2014:18:48:37 -0400] "GET /scripts/icwebsiteelement.css HTTP/1.1" 200 8132 "http://circletcabins.com/" "Mozilla/5.0 (Windows NT 6.1; WOW64) AppleWebKit/537.36 (KHTML, like Gecko) Chrome/32.0.1700.107 Safari/537.36"
179.182.58.146 - - [20/Jun/2014:18:48:37 -0400] "GET /scripts/website.css HTTP/1.1" 200 1660 "http://circletcabins.com/" "Mozilla/5.0 (Windows NT 6.1; WOW64) AppleWebKit/537.36 (KHTML, like Gecko) Chrome/32.0.1700.107 Safari/537.36"
179.182.58.146 - - [20/Jun/2014:18:48:37 -0400] "GET /images/ic_034_body_bg_wide.jpg HTTP/1.1" 200 90532 "http://circletcabins.com/" "Mozilla/5.0 (Windows NT 6.1; WOW64) AppleWebKit/537.36 (KHTML, like Gecko) Chrome/32.0.1700.107 Safari/537.36"
179.182.58.146 - - [20/Jun/2014:18:48:37 -0400] "GET /images/136_P6220071.jpg HTTP/1.1" 200 3907 "http://circletcabins.com/" "Mozilla/5.0 (Windows NT 6.1; WOW64) AppleWebKit/537.36 (KHTML, like Gecko) Chrome/32.0.1700.107 Safari/537.36"
179.182.58.146 - - [20/Jun/2014:18:48:38 -0400] "GET /images/136_P6220092.jpg HTTP/1.1" 200 3901 "http://circletcabins.com/" "Mozilla/5.0 (Windows NT 6.1; WOW64) AppleWebKit/537.36 (KHTML, like Gecko) Chrome/32.0.1700.107 Safari/537.36"
179.182.58.146 - - [20/Jun/2014:18:48:38 -0400] "GET /scripts/print.css HTTP/1.1" 200 - "http://circletcabins.com/" "Mozilla/5.0 (Windows NT 6.1; WOW64) AppleWebKit/537.36 (KHTML, like Gecko) Chrome/32.0.1700.107 Safari/537.36"
76.21.27.161 - - [20/Jun/2014:11:43:55 -0400] "GET /scripts/5custom.css HTTP/1.1" 200 1144 "http://circletcabins.com/photos.html" "Mozilla/5.0 (Windows NT 6.1; WOW64; Trident/7.0; rv:11.0) like Gecko"
76.21.27.161 - - [20/Jun/2014:11:43:55 -0400] "GET /images/185_RIM00264.JPG HTTP/1.1" 200 8463 "http://circletcabins.com/photos.html" "Mozilla/5.0 (Windows NT 6.1; WOW64; Trident/7.0; rv:11.0) like Gecko"
76.21.27.161 - - [20/Jun/2014:11:43:55 -0400] "GET /images/185_RIM00278.JPG HTTP/1.1" 200 8042 "http://circletcabins.com/photos.html" "Mozilla/5.0 (Windows NT 6.1; WOW64; Trident/7.0; rv:11.0) like Gecko"
76.21.27.161 - - [20/Jun/2014:11:43:55 -0400] "GET /images/185_RIM00275.JPG HTTP/1.1" 200 6229 "http://circletcabins.com/photos.html" "Mozilla/5.0 (Windows NT 6.1; WOW64; Trident/7.0; rv:11.0) like Gecko"
76.21.27.161 - - [20/Jun/2014:11:43:55 -0400] "GET /images/185_RIM00346.JPG HTTP/1.1" 200 8077 "http://circletcabins.com/photos.html" "Mozilla/5.0 (Windows NT 6.1; WOW64; Trident/7.0; rv:11.0) like Gecko"
76.21.27.161 - - [20/Jun/2014:11:43:55 -0400] "GET /images/185_RIM00358.JPG HTTP/1.1" 200 4833 "http://circletcabins.com/photos.html" "Mozilla/5.0 (Windows NT 6.1; WOW64; Trident/7.0; rv:11.0) like Gecko"
76.21.27.161 - - [20/Jun/2014:11:43:56 -0400] "GET /images/185_PB290110.JPG HTTP/1.1" 200 8309 "http://circletcabins.com/photos.html" "Mozilla/5.0 (Windows NT 6.1; WOW64; Trident/7.0; rv:11.0) like Gecko"
75.111.7.204 - - [20/Jun/2014:00:48:29 -0400] "GET /scripts/photoalbum.js HTTP/1.1" 200 62481 "http://www.circletcabins.com/" "Mozilla/5.0 (Windows NT 5.1; rv:29.0) Gecko/20100101 Firefox/29.0"
75.111.7.204 - - [20/Jun/2014:00:48:32 -0400] "GET /images/10_Copy%20(2)%20of%20P6220099.jpg HTTP/1.1" 404 575 "http://www.circletcabins.com/" "Mozilla/5.0 (Windows NT 5.1; rv:29.0) Gecko/20100101 Firefox/29.0"
75.111.7.204 - - [20/Jun/2014:00:48:33 -0400] "GET /images/ic_034_body_bg_wide.jpg HTTP/1.1" 200 90532 "http://www.circletcabins.com/scripts/template.css" "Mozilla/5.0 (Windows NT 5.1; rv:29.0) Gecko/20100101 Firefox/29.0"
75.111.7.204 - - [20/Jun/2014:00:48:35 -0400] "GET /favicon.ico HTTP/1.1" 404 575 "-" "Mozilla/5.0 (Windows NT 5.1; rv:29.0) Gecko/20100101 Firefox/29.0"
75.111.7.204 - - [20/Jun/2014:00:48:35 -0400] "GET /favicon.ico HTTP/1.1" 404 575 "-" "Mozilla/5.0 (Windows NT 5.1; rv:29.0) Gecko/20100101 Firefox/29.0"
76.21.27.161 - - [20/Jun/2014:11:44:13 -0400] "GET /images/600_Jan27_01_2.dmsp1.jpg HTTP/1.1" 200 87882 "http://circletcabins.com/maps.html" "Mozilla/5.0 (Windows NT 6.1; WOW64; Trident/7.0; rv:11.0) like Gecko"
216.172.56.37 - - [20/Jun/2014:18:58:45 -0400] "GET / HTTP/1.1" 200 10848 "http://privhosting.com/" "Mozilla/5.0 (compatible; MSIE 10.0; Windows NT 6.1; WOW64; Trident/6.0)"
66.249.65.44 - - [20/Jun/2014:21:26:57 -0400] "GET /main.php?view=event&eventid=1394991016579-0004 HTTP/1.1" 404 575 "-" "Mozilla/5.0 (iPhone; CPU iPhone OS 6_0 like Mac OS X) AppleWebKit/536.26 (KHTML, like Gecko) Version/6.0 Mobile/10A5376e Safari/8536.25 (compatible; Googlebot/2.1; +http://www.google.com/bot.html)"
100.43.91.15 - - [20/Jun/2014:18:06:31 -0400] "GET /robots.txt HTTP/1.1" 200 25 "-" "Mozilla/5.0 (compatible; YandexBot/3.0; +http://yandex.com/bots)"
66.249.65.57 - - [20/Jun/2014:21:46:29 -0400] "GET /main.php?view=event&eventid=1394991016579-0002 HTTP/1.1" 404 575 "-" "Mozilla/5.0 (iPhone; CPU iPhone OS 6_0 like Mac OS X) AppleWebKit/536.26 (KHTML, like Gecko) Version/6.0 Mobile/10A5376e Safari/8536.25 (compatible; Googlebot/2.1; +http://www.google.com/bot.html)"
199.30.25.96 - - [20/Jun/2014:21:47:30 -0400] "GET /images/ic_034_body_bg_wide.jpg HTTP/1.1" 200 90532 "http://circletcabins.info/areaservices.html" "Mozilla/5.0 (Windows NT 6.1; WOW64) AppleWebKit/534+ (KHTML, like Gecko) BingPreview/1.0b"
76.21.27.161 - - [20/Jun/2014:11:41:52 -0400] "GET /scripts/ic_globals_published.js HTTP/1.1" 200 566 "http://circletcabins.com/" "Mozilla/5.0 (Windows NT 6.1; WOW64; Trident/7.0; rv:11.0) like Gecko"
76.21.27.161 - - [20/Jun/2014:11:41:52 -0400] "GET /scripts/website.css HTTP/1.1" 200 1660 "http://circletcabins.com/" "Mozilla/5.0 (Windows NT 6.1; WOW64; Trident/7.0; rv:11.0) like Gecko"
76.21.27.161 - - [20/Jun/2014:11:41:52 -0400] "GET /scripts/1custom.css HTTP/1.1" 200 2152 "http://circletcabins.com/" "Mozilla/5.0 (Windows NT 6.1; WOW64; Trident/7.0; rv:11.0) like Gecko"
75.111.7.204 - - [20/Jun/2014:00:49:01 -0400] "GET /images/185_PB060059.JPG HTTP/1.1" 200 7949 "http://www.circletcabins.com/photos.html" "Mozilla/5.0 (Windows NT 5.1; rv:29.0) Gecko/20100101 Firefox/29.0"
75.111.7.204 - - [20/Jun/2014:00:49:02 -0400] "GET /images/185_RIM00278.JPG HTTP/1.1" 200 8042 "http://www.circletcabins.com/photos.html" "Mozilla/5.0 (Windows NT 5.1; rv:29.0) Gecko/20100101 Firefox/29.0"
75.111.7.204 - - [20/Jun/2014:00:49:02 -0400] "GET /images/clear_pixel.gif HTTP/1.1" 404 575 "http://www.circletcabins.com/photos.html" "Mozilla/5.0 (Windows NT 5.1; rv:29.0) Gecko/20100101 Firefox/29.0"
75.111.7.204 - - [20/Jun/2014:00:49:02 -0400] "GET /images/185_RIM00309.JPG HTTP/1.1" 200 5817 "http://www.circletcabins.com/photos.html" "Mozilla/5.0 (Windows NT 5.1; rv:29.0) Gecko/20100101 Firefox/29.0"
75.111.7.204 - - [20/Jun/2014:00:49:03 -0400] "GET /images/185_RIM00331.JPG HTTP/1.1" 200 9299 "http://www.circletcabins.com/photos.html" "Mozilla/5.0 (Windows NT 5.1; rv:29.0) Gecko/20100101 Firefox/29.0"
75.111.7.204 - - [20/Jun/2014:00:49:03 -0400] "GET /images/185_RIM00349.JPG HTTP/1.1" 200 8784 "http://www.circletcabins.com/photos.html" "Mozilla/5.0 (Windows NT 5.1; rv:29.0) Gecko/20100101 Firefox/29.0"
66.249.64.58 - - [20/Jun/2014:02:51:23 -0400] "GET /links.html HTTP/1.1" 304 - "-" "Mozilla/5.0 (compatible; Googlebot/2.1; +http://www.google.com/bot.html)"
157.55.39.95 - - [20/Jun/2014:14:53:18 -0400] "GET /robots.txt HTTP/1.1" 200 25 "-" "Mozilla/5.0 (compatible; bingbot/2.0; +http://www.bing.com/bingbot.htm)"
100.43.91.15 - - [20/Jun/2014:18:06:28 -0400] "GET / HTTP/1.1" 200 10848 "-" "Mozilla/5.0 (compatible; YandexBot/3.0; +http://yandex.com/bots)"
199.30.25.96 - - [20/Jun/2014:21:47:30 -0400] "GET /images/222610.jpg HTTP/1.1" 200 16217 "http://circletcabins.info/areaservices.html" "Mozilla/5.0 (Windows NT 6.1; WOW64) AppleWebKit/534+ (KHTML, like Gecko) BingPreview/1.0b"
130.211.165.243 - - [20/Jun/2014:11:11:34 -0400] "GET / HTTP/1.0" 200 10848 "-" "NerdyBot"
76.21.27.161 - - [20/Jun/2014:11:43:00 -0400] "GET /areaservices.html HTTP/1.1" 200 4435 "http://circletcabins.com/" "Mozilla/5.0 (Windows NT 6.1; WOW64; Trident/7.0; rv:11.0) like Gecko"
75.111.7.204 - - [20/Jun/2014:00:48:33 -0400] "GET /images/136_P6220079.jpg HTTP/1.1" 200 3760 "http://www.circletcabins.com/" "Mozilla/5.0 (Windows NT 5.1; rv:29.0) Gecko/20100101 Firefox/29.0"
66.249.64.63 - - [20/Jun/2014:05:29:12 -0400] "GET /summercalendar.html HTTP/1.1" 304 - "-" "Mozilla/5.0 (compatible; Googlebot/2.1; +http://www.google.com/bot.html)"
134.249.76.109 - - [20/Jun/2014:17:54:03 -0400] "GET /maps.html HTTP/1.1" 200 6293 "http://invetdollare.net/" "Mozilla/4.0 (compatible; MSIE 6.0; Windows NT) ::ELNSB50::000061100320025802a00111000000000507000900000000"
100.43.91.15 - - [20/Jun/2014:18:06:28 -0400] "GET / HTTP/1.1" 200 10848 "-" "Mozilla/5.0 (compatible; YandexBot/3.0; +http://yandex.com/bots)"
76.21.27.161 - - [20/Jun/2014:11:41:52 -0400] "GET /scripts/user.js HTTP/1.1" 200 23762 "http://circletcabins.com/" "Mozilla/5.0 (Windows NT 6.1; WOW64; Trident/7.0; rv:11.0) like Gecko"
76.21.27.161 - - [20/Jun/2014:11:41:52 -0400] "GET /scripts/icwebsiteelement.css HTTP/1.1" 200 8132 "http://circletcabins.com/" "Mozilla/5.0 (Windows NT 6.1; WOW64; Trident/7.0; rv:11.0) like Gecko"
76.21.27.161 - - [20/Jun/2014:11:41:52 -0400] "GET /images/10_Copy%20(2)%20of%20P6220099.jpg HTTP/1.1" 404 575 "http://circletcabins.com/" "Mozilla/5.0 (Windows NT 6.1; WOW64; Trident/7.0; rv:11.0) like Gecko"
76.21.27.161 - - [20/Jun/2014:11:41:53 -0400] "GET /images/136_P6220071.jpg HTTP/1.1" 200 3907 "http://circletcabins.com/" "Mozilla/5.0 (Windows NT 6.1; WOW64; Trident/7.0; rv:11.0) like Gecko"
76.21.27.161 - - [20/Jun/2014:11:41:53 -0400] "GET /images/136_P6220085.jpg HTTP/1.1" 200 3808 "http://circletcabins.com/" "Mozilla/5.0 (Windows NT 6.1; WOW64; Trident/7.0; rv:11.0) like Gecko"
76.21.27.161 - - [20/Jun/2014:11:41:53 -0400] "GET /images/222610.jpg HTTP/1.1" 200 16217 "http://circletcabins.com/" "Mozilla/5.0 (Windows NT 6.1; WOW64; Trident/7.0; rv:11.0) like Gecko"
76.21.27.161 - - [20/Jun/2014:11:43:14 -0400] "GET /summercalendar.html HTTP/1.1" 200 4125 "http://circletcabins.com/areaservices.html" "Mozilla/5.0 (Windows NT 6.1; WOW64; Trident/7.0; rv:11.0) like Gecko"
75.111.7.204 - - [20/Jun/2014:00:48:29 -0400] "GET /scripts/website.css HTTP/1.1" 200 1660 "http://www.circletcabins.com/" "Mozilla/5.0 (Windows NT 5.1; rv:29.0) Gecko/20100101 Firefox/29.0"
75.111.7.204 - - [20/Jun/2014:00:48:29 -0400] "GET /scripts/1custom.css HTTP/1.1" 200 2152 "http://www.circletcabins.com/" "Mozilla/5.0 (Windows NT 5.1; rv:29.0) Gecko/20100101 Firefox/29.0"
75.111.7.204 - - [20/Jun/2014:00:49:21 -0400] "GET /images/205_Jan27_01_2.dmsp1.jpg HTTP/1.1" 200 14369 "http://www.circletcabins.com/maps.html" "Mozilla/5.0 (Windows NT 5.1; rv:29.0) Gecko/20100101 Firefox/29.0"
179.182.58.146 - - [20/Jun/2014:18:48:37 -0400] "GET /scripts/user.js HTTP/1.1" 200 23762 "http://circletcabins.com/" "Mozilla/5.0 (Windows NT 6.1; WOW64) AppleWebKit/537.36 (KHTML, like Gecko) Chrome/32.0.1700.107 Safari/537.36"
179.182.58.146 - - [20/Jun/2014:18:48:37 -0400] "GET /scripts/1custom.css HTTP/1.1" 200 2152 "http://circletcabins.com/" "Mozilla/5.0 (Windows NT 6.1; WOW64) AppleWebKit/537.36 (KHTML, like Gecko) Chrome/32.0.1700.107 Safari/537.36"
179.182.58.146 - - [20/Jun/2014:18:48:37 -0400] "GET /images/136_P6220079.jpg HTTP/1.1" 200 3760 "http://circletcabins.com/" "Mozilla/5.0 (Windows NT 6.1; WOW64) AppleWebKit/537.36 (KHTML, like Gecko) Chrome/32.0.1700.107 Safari/537.36"
179.182.58.146 - - [20/Jun/2014:18:48:38 -0400] "GET /images/10_Copy%20(2)%20of%20P6220099.jpg HTTP/1.1" 404 575 "http://circletcabins.com/" "Mozilla/5.0 (Windows NT 6.1; WOW64) AppleWebKit/537.36 (KHTML, like Gecko) Chrome/32.0.1700.107 Safari/537.36"
76.21.27.161 - - [20/Jun/2014:11:47:53 -0400] "GET /images/10_Copy%20(2)%20of%20P6220099.jpg HTTP/1.1" 404 575 "http://circletcabins.com/homepage.html" "Mozilla/5.0 (Windows NT 6.1; WOW64; Trident/7.0; rv:11.0) like Gecko"
157.55.39.60 - - [20/Jun/2014:21:59:48 -0400] "GET /areaservices.html HTTP/1.1" 200 4435 "-" "Mozilla/5.0 (compatible; bingbot/2.0; +http://www.bing.com/bingbot.htm)"
66.249.65.70 - - [20/Jun/2014:15:23:52 -0400] "GET /main.php?view=event&eventid=1394991016579-0009 HTTP/1.1" 404 575 "-" "Mozilla/5.0 (iPhone; CPU iPhone OS 6_0 like Mac OS X) AppleWebKit/536.26 (KHTML, like Gecko) Version/6.0 Mobile/10A5376e Safari/8536.25 (compatible; Googlebot/2.1; +http://www.google.com/bot.html)"
75.111.7.204 - - [20/Jun/2014:00:49:19 -0400] "GET /maps.html HTTP/1.1" 200 6293 "http://www.circletcabins.com/photos.html" "Mozilla/5.0 (Windows NT 5.1; rv:29.0) Gecko/20100101 Firefox/29.0"
75.111.7.204 - - [20/Jun/2014:00:49:20 -0400] "GET /scripts/2custom.css HTTP/1.1" 200 1478 "http://www.circletcabins.com/maps.html" "Mozilla/5.0 (Windows NT 5.1; rv:29.0) Gecko/20100101 Firefox/29.0"
75.111.7.204 - - [20/Jun/2014:00:50:07 -0400] "GET /summercalendar.html HTTP/1.1" 200 4125 "http://www.circletcabins.com/maps.html" "Mozilla/5.0 (Windows NT 5.1; rv:29.0) Gecko/20100101 Firefox/29.0"
75.111.7.204 - - [20/Jun/2014:00:50:07 -0400] "GET /scripts/7custom.css HTTP/1.1" 200 805 "http://www.circletcabins.com/summercalendar.html" "Mozilla/5.0 (Windows NT 5.1; rv:29.0) Gecko/20100101 Firefox/29.0"
75.111.7.204 - - [20/Jun/2014:00:50:26 -0400] "GET /onlinespecial.html HTTP/1.1" 200 6927 "http://www.circletcabins.com/summercalendar.html" "Mozilla/5.0 (Windows NT 5.1; rv:29.0) Gecko/20100101 Firefox/29.0"
75.111.7.204 - - [20/Jun/2014:00:50:27 -0400] "GET /scripts/6custom.css HTTP/1.1" 200 1141 "http://www.circletcabins.com/onlinespecial.html" "Mozilla/5.0 (Windows NT 5.1; rv:29.0) Gecko/20100101 Firefox/29.0"
66.249.65.44 - - [20/Jun/2014:17:24:50 -0400] "GET /images/185_RIM00355.JPG HTTP/1.1" 304 - "-" "Googlebot-Image/1.0"
130.211.165.243 - - [20/Jun/2014:11:11:34 -0400] "GET / HTTP/1.0" 200 10848 "-" "NerdyBot"
144.76.71.241 - - [20/Jun/2014:03:42:24 -0400] "GET /robots.txt HTTP/1.1" 200 25 "-" "Mozilla/5.0 (compatible; SISTRIX Crawler; http://crawler.sistrix.net/)"
76.21.27.161 - - [20/Jun/2014:11:41:51 -0400] "GET / HTTP/1.1" 200 10848 "-" "Mozilla/5.0 (Windows NT 6.1; WOW64; Trident/7.0; rv:11.0) like Gecko"
76.21.27.161 - - [20/Jun/2014:11:41:52 -0400] "GET /scripts/template.css HTTP/1.1" 200 9956 "http://circletcabins.com/" "Mozilla/5.0 (Windows NT 6.1; WOW64; Trident/7.0; rv:11.0) like Gecko"
76.21.27.161 - - [20/Jun/2014:11:41:52 -0400] "GET /scripts/print.css HTTP/1.1" 200 - "http://circletcabins.com/" "Mozilla/5.0 (Windows NT 6.1; WOW64; Trident/7.0; rv:11.0) like Gecko"
76.21.27.161 - - [20/Jun/2014:11:41:52 -0400] "GET /scripts/photoalbum.js HTTP/1.1" 200 62481 "http://circletcabins.com/" "Mozilla/5.0 (Windows NT 6.1; WOW64; Trident/7.0; rv:11.0) like Gecko"
76.21.27.161 - - [20/Jun/2014:11:41:52 -0400] "GET /images/136_P6220079.jpg HTTP/1.1" 200 3760 "http://circletcabins.com/" "Mozilla/5.0 (Windows NT 6.1; WOW64; Trident/7.0; rv:11.0) like Gecko"
76.21.27.161 - - [20/Jun/2014:11:41:52 -0400] "GET /images/clear_pixel.gif HTTP/1.1" 404 575 "http://circletcabins.com/" "Mozilla/5.0 (Windows NT 6.1; WOW64; Trident/7.0; rv:11.0) like Gecko"
76.21.27.161 - - [20/Jun/2014:11:41:52 -0400] "GET /images/136_P6220092.jpg HTTP/1.1" 200 3901 "http://circletcabins.com/" "Mozilla/5.0 (Windows NT 6.1; WOW64; Trident/7.0; rv:11.0) like Gecko"
76.21.27.161 - - [20/Jun/2014:11:41:52 -0400] "GET /images/136_P6220108.jpg HTTP/1.1" 200 3793 "http://circletcabins.com/" "Mozilla/5.0 (Windows NT 6.1; WOW64; Trident/7.0; rv:11.0) like Gecko"
134.249.76.109 - - [20/Jun/2014:17:54:02 -0400] "GET / HTTP/1.1" 200 10848 "http://toureseme.net/" "Mozilla/4.0 (compatible; MSIE 6.0; Windows NT 5.1; MyIE2; Deepnet Explorer)"
134.249.76.109 - - [20/Jun/2014:17:54:03 -0400] "GET /maps.html HTTP/1.1" 200 6293 "http://invetdollare.net/" "Mozilla/4.0 (compatible; MSIE 6.0; Windows NT) ::ELNSB50::000061100320025802a00111000000000507000900000000"
100.43.91.15 - - [20/Jun/2014:18:06:35 -0400] "GET / HTTP/1.1" 200 10848 "-" "Mozilla/5.0 (compatible; YandexBot/3.0; +http://yandex.com/bots)"
76.21.27.161 - - [20/Jun/2014:11:42:16 -0400] "GET /images/P6220085.jpg HTTP/1.1" 200 17445 "http://circletcabins.com/" "Mozilla/5.0 (Windows NT 6.1; WOW64; Trident/7.0; rv:11.0) like Gecko"
134.249.76.109 - - [20/Jun/2014:17:53:59 -0400] "GET / HTTP/1.1" 200 10848 "http://toureseme.net/" "Mozilla/4.0 (compatible; MSIE 6.0; Windows NT 5.1; MyIE2; Deepnet Explorer)"
76.21.27.161 - - [20/Jun/2014:11:41:52 -0400] "GET /images/clear_pixel.gif HTTP/1.1" 404 575 "http://circletcabins.com/" "Mozilla/5.0 (Windows NT 6.1; WOW64; Trident/7.0; rv:11.0) like Gecko"
75.111.7.204 - - [20/Jun/2014:00:48:32 -0400] "GET /images/136_P6220085.jpg HTTP/1.1" 200 3808 "http://www.circletcabins.com/" "Mozilla/5.0 (Windows NT 5.1; rv:29.0) Gecko/20100101 Firefox/29.0"
75.111.7.204 - - [20/Jun/2014:00:48:32 -0400] "GET /images/clear_pixel.gif HTTP/1.1" 404 575 "http://www.circletcabins.com/" "Mozilla/5.0 (Windows NT 5.1; rv:29.0) Gecko/20100101 Firefox/29.0"
157.55.39.96 - - [20/Jun/2014:14:53:29 -0400] "GET /Frame-1-homepagefooter.htm HTTP/1.1" 200 875 "-" "Mozilla/5.0 (compatible; bingbot/2.0; +http://www.bing.com/bingbot.htm)"
192.95.29.155 - - [20/Jun/2014:08:26:52 -0400] "GET /robots.txt HTTP/1.1" 200 25 "-" "Mozilla/5.0 (compatible; meanpathbot/1.0; +http://www.meanpath.com/meanpathbot.html)"
192.95.29.155 - - [20/Jun/2014:08:26:52 -0400] "GET / HTTP/1.1" 200 10848 "-" "Mozilla/5.0 (compatible; meanpathbot/1.0; +http://www.meanpath.com/meanpathbot.html)"
75.111.7.204 - - [20/Jun/2014:00:49:00 -0400] "GET /photos.html HTTP/1.1" 200 16250 "http://www.circletcabins.com/" "Mozilla/5.0 (Windows NT 5.1; rv:29.0) Gecko/20100101 Firefox/29.0"
75.111.7.204 - - [20/Jun/2014:00:49:02 -0400] "GET /images/185_RIM00269.JPG HTTP/1.1" 200 8632 "http://www.circletcabins.com/photos.html" "Mozilla/5.0 (Windows NT 5.1; rv:29.0) Gecko/20100101 Firefox/29.0"
75.111.7.204 - - [20/Jun/2014:00:49:04 -0400] "GET /images/185_RIM00223.JPG HTTP/1.1" 200 7252 "http://www.circletcabins.com/photos.html" "Mozilla/5.0 (Windows NT 5.1; rv:29.0) Gecko/20100101 Firefox/29.0"
157.55.39.60 - - [20/Jun/2014:20:46:09 -0400] "GET /areaservices.html HTTP/1.1" 200 4435 "-" "Mozilla/5.0 (compatible; bingbot/2.0; +http://www.bing.com/bingbot.htm)"
75.111.7.204 - - [20/Jun/2014:00:48:29 -0400] "GET / HTTP/1.1" 200 10848 "http://www.visittrinity.com/lodging/" "Mozilla/5.0 (Windows NT 5.1; rv:29.0) Gecko/20100101 Firefox/29.0"
75.111.7.204 - - [20/Jun/2014:00:48:29 -0400] "GET /scripts/user.js HTTP/1.1" 200 23762 "http://www.circletcabins.com/" "Mozilla/5.0 (Windows NT 5.1; rv:29.0) Gecko/20100101 Firefox/29.0"
75.111.7.204 - - [20/Jun/2014:00:48:29 -0400] "GET /scripts/print.css HTTP/1.1" 200 - "http://www.circletcabins.com/" "Mozilla/5.0 (Windows NT 5.1; rv:29.0) Gecko/20100101 Firefox/29.0"
75.111.7.204 - - [20/Jun/2014:00:48:29 -0400] "GET /scripts/icwebsiteelement.css HTTP/1.1" 200 8132 "http://www.circletcabins.com/" "Mozilla/5.0 (Windows NT 5.1; rv:29.0) Gecko/20100101 Firefox/29.0"
66.249.64.68 - - [20/Jun/2014:04:13:53 -0400] "GET /contactus.html HTTP/1.1" 304 - "-" "Mozilla/5.0 (compatible; Googlebot/2.1; +http://www.google.com/bot.html)"
89.223.53.7 - - [20/Jun/2014:18:02:50 -0400] "GET / HTTP/1.1" 200 10848 "http://zerocash.msk.ru/2.htm?ref=gHGed" "Mozilla/5.0 (Windows NT 5.1) AppleWebKit/537.36 (KHTML, like Gecko) Chrome/34.0.1847.131 Safari/537.36"
207.46.13.131 - - [20/Jun/2014:11:41:55 -0400] "GET /Frame-7-summercalendarfooter.htm HTTP/1.1" 304 - "-" "Mozilla/5.0 (compatible; bingbot/2.0; +http://www.bing.com/bingbot.htm)"
76.21.27.161 - - [20/Jun/2014:11:43:39 -0400] "GET /scripts/6custom.css HTTP/1.1" 200 1141 "http://circletcabins.com/onlinespecial.html" "Mozilla/5.0 (Windows NT 6.1; WOW64; Trident/7.0; rv:11.0) like Gecko"
144.76.71.241 - - [20/Jun/2014:03:42:25 -0400] "GET / HTTP/1.1" 206 10848 "-" "Mozilla/5.0 (compatible; SISTRIX Crawler; http://crawler.sistrix.net/)"
134.249.76.109 - - [20/Jun/2014:17:54:02 -0400] "GET / HTTP/1.1" 200 10848 "http://toureseme.net/" "Mozilla/4.0 (compatible; MSIE 6.0; Windows NT 5.1; MyIE2; Deepnet Explorer)"
100.43.91.15 - - [20/Jun/2014:18:06:39 -0400] "GET / HTTP/1.1" 200 10848 "-" "Mozilla/5.0 (compatible; YandexBot/3.0; +http://yandex.com/bots)"
76.21.27.161 - - [20/Jun/2014:11:43:55 -0400] "GET /images/185_PB060059.JPG HTTP/1.1" 200 7949 "http://circletcabins.com/photos.html" "Mozilla/5.0 (Windows NT 6.1; WOW64; Trident/7.0; rv:11.0) like Gecko"
76.21.27.161 - - [20/Jun/2014:11:43:55 -0400] "GET /images/185_RIM00269.JPG HTTP/1.1" 200 8632 "http://circletcabins.com/photos.html" "Mozilla/5.0 (Windows NT 6.1; WOW64; Trident/7.0; rv:11.0) like Gecko"
76.21.27.161 - - [20/Jun/2014:11:43:55 -0400] "GET /images/185_RIM00304.JPG HTTP/1.1" 200 6417 "http://circletcabins.com/photos.html" "Mozilla/5.0 (Windows NT 6.1; WOW64; Trident/7.0; rv:11.0) like Gecko"
76.21.27.161 - - [20/Jun/2014:11:43:55 -0400] "GET /images/185_RIM00331.JPG HTTP/1.1" 200 9299 "http://circletcabins.com/photos.html" "Mozilla/5.0 (Windows NT 6.1; WOW64; Trident/7.0; rv:11.0) like Gecko"
76.21.27.161 - - [20/Jun/2014:11:43:55 -0400] "GET /images/185_RIM00355.JPG HTTP/1.1" 200 4822 "http://circletcabins.com/photos.html" "Mozilla/5.0 (Windows NT 6.1; WOW64; Trident/7.0; rv:11.0) like Gecko"
76.21.27.161 - - [20/Jun/2014:11:43:56 -0400] "GET /images/185_RIM00360.JPG HTTP/1.1" 200 8801 "http://circletcabins.com/photos.html" "Mozilla/5.0 (Windows NT 6.1; WOW64; Trident/7.0; rv:11.0) like Gecko"
157.55.39.60 - - [20/Jun/2014:21:13:54 -0400] "GET /areaservices.html HTTP/1.1" 200 4435 "-" "Mozilla/5.0 (compatible; bingbot/2.0; +http://www.bing.com/bingbot.htm)"
66.162.42.131 - - [20/Jun/2014:15:33:04 -0400] "GET / HTTP/1.0" 200 10848 "-" "Gigabot/2.0"
76.21.27.161 - - [20/Jun/2014:11:44:41 -0400] "GET /scripts/3custom.css HTTP/1.1" 200 1478 "http://circletcabins.com/links.html" "Mozilla/5.0 (Windows NT 6.1; WOW64; Trident/7.0; rv:11.0) like Gecko"
66.249.65.57 - - [20/Jun/2014:13:53:33 -0400] "GET /robots.txt HTTP/1.1" 200 25 "-" "Mozilla/5.0 (compatible; Googlebot/2.1; +http://www.google.com/bot.html)"
66.249.65.57 - - [20/Jun/2014:13:53:33 -0400] "GET /main.php?view=event&eventid=1394990790612-0004 HTTP/1.1" 404 575 "-" "Mozilla/5.0 (iPhone; CPU iPhone OS 6_0 like Mac OS X) AppleWebKit/536.26 (KHTML, like Gecko) Version/6.0 Mobile/10A5376e Safari/8536.25 (compatible; Googlebot/2.1; +http://www.google.com/bot.html)"
75.111.7.204 - - [20/Jun/2014:00:48:35 -0400] "GET /images/136_P6220092.jpg HTTP/1.1" 200 3901 "http://www.circletcabins.com/" "Mozilla/5.0 (Windows NT 5.1; rv:29.0) Gecko/20100101 Firefox/29.0"
113.108.139.33 - - [20/Jun/2014:15:20:54 -0400] "GET / HTTP/1.1" 200 10848 "-" "WhatWeb/0.4.7"
94.242.222.44 - - [20/Jun/2014:18:37:52 -0400] "GET /contactus.html HTTP/1.1" 200 8400 "-" "Mozilla/4.0 (compatible; MSIE 8.0; Windows NT 6.1; Trident/4.0)"
157.55.39.60 - - [20/Jun/2014:20:46:08 -0400] "GET /robots.txt HTTP/1.1" 200 25 "-" "Mozilla/5.0 (compatible; bingbot/2.0; +http://www.bing.com/bingbot.htm)"
76.21.27.161 - - [20/Jun/2014:11:41:53 -0400] "GET /images/ic_034_body_bg_wide.jpg HTTP/1.1" 200 90532 "http://circletcabins.com/" "Mozilla/5.0 (Windows NT 6.1; WOW64; Trident/7.0; rv:11.0) like Gecko"
76.21.27.161 - - [20/Jun/2014:11:42:07 -0400] "GET /images/P6220071.jpg HTTP/1.1" 200 17798 "http://circletcabins.com/" "Mozilla/5.0 (Windows NT 6.1; WOW64; Trident/7.0; rv:11.0) like Gecko"
207.46.13.67 - - [20/Jun/2014:14:56:11 -0400] "GET /scripts/ic_globals_published.js HTTP/1.1" 200 566 "-" "Mozilla/5.0 (compatible; bingbot/2.0; +http://www.bing.com/bingbot.htm)"
207.46.13.67 - - [20/Jun/2014:14:56:11 -0400] "GET /scripts/user.js HTTP/1.1" 200 23762 "-" "Mozilla/5.0 (compatible; bingbot/2.0; +http://www.bing.com/bingbot.htm)"
207.46.13.67 - - [20/Jun/2014:14:56:12 -0400] "GET /scripts/photoalbum.js HTTP/1.1" 200 62481 "-" "Mozilla/5.0 (compatible; bingbot/2.0; +http://www.bing.com/bingbot.htm)"
100.43.91.15 - - [20/Jun/2014:18:06:25 -0400] "GET /robots.txt HTTP/1.1" 200 25 "-" "Mozilla/5.0 (compatible; YandexBot/3.0; +http://yandex.com/bots)"
100.43.91.15 - - [20/Jun/2014:18:06:25 -0400] "GET /robots.txt HTTP/1.1" 200 25 "-" "Mozilla/5.0 (compatible; YandexBot/3.0; +http://yandex.com/bots)"
100.43.91.15 - - [20/Jun/2014:18:06:26 -0400] "GET /robots.txt HTTP/1.1" 200 25 "-" "Mozilla/5.0 (compatible; YandexBot/3.0; +http://yandex.com/bots)"
179.182.58.146 - - [20/Jun/2014:18:48:37 -0400] "GET /scripts/photoalbum.js HTTP/1.1" 200 62481 "http://circletcabins.com/" "Mozilla/5.0 (Windows NT 6.1; WOW64) AppleWebKit/537.36 (KHTML, like Gecko) Chrome/32.0.1700.107 Safari/537.36"
179.182.58.146 - - [20/Jun/2014:18:48:38 -0400] "GET /images/222610.jpg HTTP/1.1" 200 16217 "http://circletcabins.com/" "Mozilla/5.0 (Windows NT 6.1; WOW64) AppleWebKit/537.36 (KHTML, like Gecko) Chrome/32.0.1700.107 Safari/537.36"
179.182.58.146 - - [20/Jun/2014:18:48:38 -0400] "GET /images/136_P6220085.jpg HTTP/1.1" 200 3808 "http://circletcabins.com/" "Mozilla/5.0 (Windows NT 6.1; WOW64) AppleWebKit/537.36 (KHTML, like Gecko) Chrome/32.0.1700.107 Safari/537.36"
66.249.65.57 - - [20/Jun/2014:19:33:32 -0400] "GET /main.php?view=event&eventid=1394990790612-0026 HTTP/1.1" 404 575 "-" "Mozilla/5.0 (iPhone; CPU iPhone OS 6_0 like Mac OS X) AppleWebKit/536.26 (KHTML, like Gecko) Version/6.0 Mobile/10A5376e Safari/8536.25 (compatible; Googlebot/2.1; +http://www.google.com/bot.html)"
130.211.165.243 - - [20/Jun/2014:11:11:34 -0400] "GET / HTTP/1.0" 200 10848 "-" "NerdyBot"
66.249.64.68 - - [20/Jun/2014:07:31:55 -0400] "GET /images/185_RIM00318.JPG HTTP/1.1" 304 - "-" "Googlebot-Image/1.0"
76.21.27.161 - - [20/Jun/2014:11:43:13 -0400] "GET /maps.html HTTP/1.1" 200 6293 "http://circletcabins.com/photos.html" "Mozilla/5.0 (Windows NT 6.1; WOW64; Trident/7.0; rv:11.0) like Gecko"
76.21.27.161 - - [20/Jun/2014:11:43:14 -0400] "GET /images/205_Jan27_01_2.dmsp1.jpg HTTP/1.1" 200 14369 "http://circletcabins.com/maps.html" "Mozilla/5.0 (Windows NT 6.1; WOW64; Trident/7.0; rv:11.0) like Gecko"
75.111.7.204 - - [20/Jun/2014:00:48:44 -0400] "GET /images/136_P6220071.jpg HTTP/1.1" 200 3907 "http://www.circletcabins.com/" "Mozilla/5.0 (Windows NT 5.1; rv:29.0) Gecko/20100101 Firefox/29.0"
75.111.7.204 - - [20/Jun/2014:00:49:13 -0400] "GET /images/185_RIM00268.JPG HTTP/1.1" 200 7476 "http://www.circletcabins.com/photos.html" "Mozilla/5.0 (Windows NT 5.1; rv:29.0) Gecko/20100101 Firefox/29.0"
75.111.7.204 - - [20/Jun/2014:00:49:14 -0400] "GET /images/185_Pb060067.jpg HTTP/1.1" 200 6558 "http://www.circletcabins.com/photos.html" "Mozilla/5.0 (Windows NT 5.1; rv:29.0) Gecko/20100101 Firefox/29.0"
75.111.7.204 - - [20/Jun/2014:00:49:15 -0400] "GET /images/185_PB290110.JPG HTTP/1.1" 200 8309 "http://www.circletcabins.com/photos.html" "Mozilla/5.0 (Windows NT 5.1; rv:29.0) Gecko/20100101 Firefox/29.0"
76.21.27.161 - - [20/Jun/2014:11:43:55 -0400] "GET /photos.html HTTP/1.1" 200 16250 "http://circletcabins.com/onlinespecial.html" "Mozilla/5.0 (Windows NT 6.1; WOW64; Trident/7.0; rv:11.0) like Gecko"
76.21.27.161 - - [20/Jun/2014:11:43:55 -0400] "GET /images/185_RIM00266.JPG HTTP/1.1" 200 8107 "http://circletcabins.com/photos.html" "Mozilla/5.0 (Windows NT 6.1; WOW64; Trident/7.0; rv:11.0) like Gecko"
76.21.27.161 - - [20/Jun/2014:11:43:55 -0400] "GET /images/185_RIM00268.JPG HTTP/1.1" 200 7476 "http://circletcabins.com/photos.html" "Mozilla/5.0 (Windows NT 6.1; WOW64; Trident/7.0; rv:11.0) like Gecko"
76.21.27.161 - - [20/Jun/2014:11:43:55 -0400] "GET /images/185_Pb060067.jpg HTTP/1.1" 200 6558 "http://circletcabins.com/photos.html" "Mozilla/5.0 (Windows NT 6.1; WOW64; Trident/7.0; rv:11.0) like Gecko"
76.21.27.161 - - [20/Jun/2014:11:43:55 -0400] "GET /images/185_RIM00318.JPG HTTP/1.1" 200 5239 "http://circletcabins.com/photos.html" "Mozilla/5.0 (Windows NT 6.1; WOW64; Trident/7.0; rv:11.0) like Gecko"
76.21.27.161 - - [20/Jun/2014:11:43:55 -0400] "GET /images/185_RIM00353.JPG HTTP/1.1" 200 4565 "http://circletcabins.com/photos.html" "Mozilla/5.0 (Windows NT 6.1; WOW64; Trident/7.0; rv:11.0) like Gecko"
76.21.27.161 - - [20/Jun/2014:11:43:56 -0400] "GET /images/185_RIM00223.JPG HTTP/1.1" 200 7252 "http://circletcabins.com/photos.html" "Mozilla/5.0 (Windows NT 6.1; WOW64; Trident/7.0; rv:11.0) like Gecko"
76.21.27.161 - - [20/Jun/2014:11:43:56 -0400] "GET /images/185_RIM00330.JPG HTTP/1.1" 200 5033 "http://circletcabins.com/photos.html" "Mozilla/5.0 (Windows NT 6.1; WOW64; Trident/7.0; rv:11.0) like Gecko"
76.21.27.161 - - [20/Jun/2014:11:44:06 -0400] "GET /scripts/2custom.css HTTP/1.1" 200 1478 "http://circletcabins.com/maps.html" "Mozilla/5.0 (Windows NT 6.1; WOW64; Trident/7.0; rv:11.0) like Gecko"
66.249.64.68 - - [20/Jun/2014:04:34:42 -0400] "GET / HTTP/1.1" 304 - "-" "Mozilla/5.0 (compatible; Googlebot/2.1; +http://www.google.com/bot.html)"
157.55.39.63 - - [20/Jun/2014:20:46:33 -0400] "GET /scripts/ic_globals_published.js HTTP/1.1" 200 566 "-" "Mozilla/5.0 (compatible; bingbot/2.0; +http://www.bing.com/bingbot.htm)"
157.55.39.63 - - [20/Jun/2014:20:46:33 -0400] "GET /scripts/photoalbum.js HTTP/1.1" 200 62481 "-" "Mozilla/5.0 (compatible; bingbot/2.0; +http://www.bing.com/bingbot.htm)"
157.55.39.63 - - [20/Jun/2014:20:46:33 -0400] "GET /scripts/user.js HTTP/1.1" 200 23762 "-" "Mozilla/5.0 (compatible; bingbot/2.0; +http://www.bing.com/bingbot.htm)"
75.111.7.204 - - [20/Jun/2014:00:48:29 -0400] "GET /scripts/template.css HTTP/1.1" 200 9956 "http://www.circletcabins.com/" "Mozilla/5.0 (Windows NT 5.1; rv:29.0) Gecko/20100101 Firefox/29.0"
100.43.91.15 - - [20/Jun/2014:18:06:37 -0400] "GET / HTTP/1.1" 200 10848 "-" "Mozilla/5.0 (compatible; YandexBot/3.0; +http://yandex.com/bots)"
207.46.13.6 - - [20/Jun/2014:20:46:38 -0400] "GET /scripts/icwebsiteelement.css HTTP/1.1" 200 8132 "-" "Mozilla/5.0 (compatible; bingbot/2.0; +http://www.bing.com/bingbot.htm)"
207.46.13.6 - - [20/Jun/2014:20:46:38 -0400] "GET /scripts/print.css HTTP/1.1" 200 - "-" "Mozilla/5.0 (compatible; bingbot/2.0; +http://www.bing.com/bingbot.htm)"
76.21.27.161 - - [20/Jun/2014:11:42:26 -0400] "GET /images/P6220092.jpg HTTP/1.1" 200 18114 "http://circletcabins.com/" "Mozilla/5.0 (Windows NT 6.1; WOW64; Trident/7.0; rv:11.0) like Gecko"
100.43.91.15 - - [20/Jun/2014:18:06:36 -0400] "GET / HTTP/1.1" 200 10848 "-" "Mozilla/5.0 (compatible; YandexBot/3.0; +http://yandex.com/bots)"
157.55.39.90 - - [20/Jun/2014:07:56:29 -0400] "GET / HTTP/1.1" 200 10848 "-" "Mozilla/5.0 (compatible; bingbot/2.0; +http://www.bing.com/bingbot.htm)"
66.249.64.58 - - [20/Jun/2014:05:29:12 -0400] "GET /robots.txt HTTP/1.1" 200 25 "-" "Mozilla/5.0 (compatible; Googlebot/2.1; +http://www.google.com/bot.html)"
180.76.5.21 - - [20/Jun/2014:18:43:45 -0400] "GET /Frame-5-photosnav.htm HTTP/1.1" 200 4551 "-" "Mozilla/5.0 (compatible; Baiduspider/2.0; +http://www.baidu.com/search/spider.html)"
76.21.27.161 - - [20/Jun/2014:11:43:00 -0400] "GET /scripts/8custom.css HTTP/1.1" 200 804 "http://circletcabins.com/areaservices.html" "Mozilla/5.0 (Windows NT 6.1; WOW64; Trident/7.0; rv:11.0) like Gecko"
75.111.7.204 - - [20/Jun/2014:00:48:32 -0400] "GET /scripts/ic_globals_published.js HTTP/1.1" 200 566 "http://www.circletcabins.com/" "Mozilla/5.0 (Windows NT 5.1; rv:29.0) Gecko/20100101 Firefox/29.0"
75.111.7.204 - - [20/Jun/2014:00:48:32 -0400] "GET /images/136_P6220108.jpg HTTP/1.1" 200 3793 "http://www.circletcabins.com/" "Mozilla/5.0 (Windows NT 5.1; rv:29.0) Gecko/20100101 Firefox/29.0"
75.111.7.204 - - [20/Jun/2014:00:48:33 -0400] "GET /images/222610.jpg HTTP/1.1" 200 16217 "http://www.circletcabins.com/scripts/website.css" "Mozilla/5.0 (Windows NT 5.1; rv:29.0) Gecko/20100101 Firefox/29.0"
75.111.7.204 - - [20/Jun/2014:00:49:01 -0400] "GET /scripts/5custom.css HTTP/1.1" 200 1144 "http://www.circletcabins.com/photos.html" "Mozilla/5.0 (Windows NT 5.1; rv:29.0) Gecko/20100101 Firefox/29.0"
75.111.7.204 - - [20/Jun/2014:00:49:01 -0400] "GET /images/185_RIM00267.JPG HTTP/1.1" 200 7425 "http://www.circletcabins.com/photos.html" "Mozilla/5.0 (Windows NT 5.1; rv:29.0) Gecko/20100101 Firefox/29.0"
75.111.7.204 - - [20/Jun/2014:00:49:02 -0400] "GET /images/185_RIM00264.JPG HTTP/1.1" 200 8463 "http://www.circletcabins.com/photos.html" "Mozilla/5.0 (Windows NT 5.1; rv:29.0) Gecko/20100101 Firefox/29.0"
75.111.7.204 - - [20/Jun/2014:00:49:02 -0400] "GET /images/185_RIM00277.JPG HTTP/1.1" 200 7408 "http://www.circletcabins.com/photos.html" "Mozilla/5.0 (Windows NT 5.1; rv:29.0) Gecko/20100101 Firefox/29.0"
75.111.7.204 - - [20/Jun/2014:00:49:02 -0400] "GET /images/185_RIM00275.JPG HTTP/1.1" 200 6229 "http://www.circletcabins.com/photos.html" "Mozilla/5.0 (Windows NT 5.1; rv:29.0) Gecko/20100101 Firefox/29.0"
75.111.7.204 - - [20/Jun/2014:00:49:02 -0400] "GET /images/185_RIM00304.JPG HTTP/1.1" 200 6417 "http://www.circletcabins.com/photos.html" "Mozilla/5.0 (Windows NT 5.1; rv:29.0) Gecko/20100101 Firefox/29.0"
75.111.7.204 - - [20/Jun/2014:00:49:03 -0400] "GET /images/185_RIM00318.JPG HTTP/1.1" 200 5239 "http://www.circletcabins.com/photos.html" "Mozilla/5.0 (Windows NT 5.1; rv:29.0) Gecko/20100101 Firefox/29.0"
75.111.7.204 - - [20/Jun/2014:00:49:03 -0400] "GET /images/185_RIM00346.JPG HTTP/1.1" 200 8077 "http://www.circletcabins.com/photos.html" "Mozilla/5.0 (Windows NT 5.1; rv:29.0) Gecko/20100101 Firefox/29.0"
75.111.7.204 - - [20/Jun/2014:00:49:03 -0400] "GET /images/185_RIM00353.JPG HTTP/1.1" 200 4565 "http://www.circletcabins.com/photos.html" "Mozilla/5.0 (Windows NT 5.1; rv:29.0) Gecko/20100101 Firefox/29.0"
75.111.7.204 - - [20/Jun/2014:00:49:03 -0400] "GET /images/185_RIM00355.JPG HTTP/1.1" 200 4822 "http://www.circletcabins.com/photos.html" "Mozilla/5.0 (Windows NT 5.1; rv:29.0) Gecko/20100101 Firefox/29.0"
75.111.7.204 - - [20/Jun/2014:00:49:03 -0400] "GET /images/185_RIM00358.JPG HTTP/1.1" 200 4833 "http://www.circletcabins.com/photos.html" "Mozilla/5.0 (Windows NT 5.1; rv:29.0) Gecko/20100101 Firefox/29.0"
75.111.7.204 - - [20/Jun/2014:00:49:04 -0400] "GET /images/185_RIM00272.JPG HTTP/1.1" 200 2286 "http://www.circletcabins.com/photos.html" "Mozilla/5.0 (Windows NT 5.1; rv:29.0) Gecko/20100101 Firefox/29.0"
75.111.7.204 - - [20/Jun/2014:00:49:04 -0400] "GET /images/185_RIM00360.JPG HTTP/1.1" 200 8801 "http://www.circletcabins.com/photos.html" "Mozilla/5.0 (Windows NT 5.1; rv:29.0) Gecko/20100101 Firefox/29.0"
75.111.7.204 - - [20/Jun/2014:00:49:04 -0400] "GET /images/185_RIM00330.JPG HTTP/1.1" 200 5033 "http://www.circletcabins.com/photos.html" "Mozilla/5.0 (Windows NT 5.1; rv:29.0) Gecko/20100101 Firefox/29.0"
162.243.240.234 - - [20/Jun/2014:08:02:05 -0400] "GET / HTTP/1.1" 200 10848 "-" "Comodo-Webinspector-Crawler 2.2.1, http://www.comodorobot.com"
162.243.240.234 - - [20/Jun/2014:08:02:05 -0400] "GET /contactus.html HTTP/1.1" 200 8400 "-" "Comodo-Webinspector-Crawler 2.2.1, http://www.comodorobot.com"
76.21.27.161 - - [20/Jun/2014:11:43:10 -0400] "GET /scripts/7custom.css HTTP/1.1" 200 805 "http://circletcabins.com/summercalendar.html" "Mozilla/5.0 (Windows NT 6.1; WOW64; Trident/7.0; rv:11.0) like Gecko"
66.249.65.70 - - [20/Jun/2014:19:25:58 -0400] "GET /images/185_RIM00360.JPG HTTP/1.1" 304 - "-" "Googlebot-Image/1.0"
76.21.27.161 - - [20/Jun/2014:11:47:19 -0400] "GET /homepage.html HTTP/1.1" 200 10848 "http://circletcabins.com/links.html" "Mozilla/5.0 (Windows NT 6.1; WOW64; Trident/7.0; rv:11.0) like Gecko"
76.21.27.161 - - [20/Jun/2014:11:47:19 -0400] "GET /images/clear_pixel.gif HTTP/1.1" 404 575 "http://circletcabins.com/homepage.html" "Mozilla/5.0 (Windows NT 6.1; WOW64; Trident/7.0; rv:11.0) like Gecko"
179.182.58.146 - - [20/Jun/2014:18:48:02 -0400] "GET /scripts/template.css HTTP/1.1" 200 9956 "http://circletcabins.com/" "Mozilla/5.0 (Windows NT 6.1; WOW64) AppleWebKit/537.36 (KHTML, like Gecko) Chrome/32.0.1700.107 Safari/537.36"
179.182.58.146 - - [20/Jun/2014:18:48:03 -0400] "GET /images/clear_pixel.gif HTTP/1.1" 404 575 "http://circletcabins.com/" "Mozilla/5.0 (Windows NT 6.1; WOW64) AppleWebKit/537.36 (KHTML, like Gecko) Chrome/32.0.1700.107 Safari/537.36"
179.182.58.146 - - [20/Jun/2014:18:48:03 -0400] "GET /images/136_P6220108.jpg HTTP/1.1" 200 3793 "http://circletcabins.com/" "Mozilla/5.0 (Windows NT 6.1; WOW64) AppleWebKit/537.36 (KHTML, like Gecko) Chrome/32.0.1700.107 Safari/537.36"
66.249.65.70 - - [20/Jun/2014:19:19:59 -0400] "GET /main.php?view=event&eventid=1394990790612-0005 HTTP/1.1" 404 575 "-" "Mozilla/5.0 (iPhone; CPU iPhone OS 6_0 like Mac OS X) AppleWebKit/536.26 (KHTML, like Gecko) Version/6.0 Mobile/10A5376e Safari/8536.25 (compatible; Googlebot/2.1; +http://www.google.com/bot.html)"
198.27.68.102 - - [20/Jun/2014:08:26:52 -0400] "GET /robots.txt HTTP/1.1" 200 25 "-" "Mozilla/5.0 (compatible; meanpathbot/1.0; +http://www.meanpath.com/meanpathbot.html)"
198.27.68.102 - - [20/Jun/2014:08:26:52 -0400] "GET / HTTP/1.1" 200 10848 "-" "Mozilla/5.0 (compatible; meanpathbot/1.0; +http://www.meanpath.com/meanpathbot.html)"
76.21.27.161 - - [20/Jun/2014:11:43:53 -0400] "GET /images/clear_pixel.gif HTTP/1.1" 404 575 "http://circletcabins.com/photos.html" "Mozilla/5.0 (Windows NT 6.1; WOW64; Trident/7.0; rv:11.0) like Gecko"
76.21.27.161 - - [20/Jun/2014:11:43:53 -0400] "GET /images/185_RIM00267.JPG HTTP/1.1" 200 7425 "http://circletcabins.com/photos.html" "Mozilla/5.0 (Windows NT 6.1; WOW64; Trident/7.0; rv:11.0) like Gecko"
76.21.27.161 - - [20/Jun/2014:11:43:53 -0400] "GET /images/185_RIM00277.JPG HTTP/1.1" 200 7408 "http://circletcabins.com/photos.html" "Mozilla/5.0 (Windows NT 6.1; WOW64; Trident/7.0; rv:11.0) like Gecko"
76.21.27.161 - - [20/Jun/2014:11:43:53 -0400] "GET /images/185_RIM00309.JPG HTTP/1.1" 200 5817 "http://circletcabins.com/photos.html" "Mozilla/5.0 (Windows NT 6.1; WOW64; Trident/7.0; rv:11.0) like Gecko"
76.21.27.161 - - [20/Jun/2014:11:43:53 -0400] "GET /images/185_RIM00349.JPG HTTP/1.1" 200 8784 "http://circletcabins.com/photos.html" "Mozilla/5.0 (Windows NT 6.1; WOW64; Trident/7.0; rv:11.0) like Gecko"
76.21.27.161 - - [20/Jun/2014:11:43:54 -0400] "GET /images/185_RIM00272.JPG HTTP/1.1" 200 2286 "http://circletcabins.com/photos.html" "Mozilla/5.0 (Windows NT 6.1; WOW64; Trident/7.0; rv:11.0) like Gecko"
75.111.7.204 - - [20/Jun/2014:00:51:01 -0400] "GET /areaservices.html HTTP/1.1" 200 4435 "http://www.circletcabins.com/onlinespecial.html" "Mozilla/5.0 (Windows NT 5.1; rv:29.0) Gecko/20100101 Firefox/29.0"
75.111.7.204 - - [20/Jun/2014:00:51:01 -0400] "GET /scripts/8custom.css HTTP/1.1" 200 804 "http://www.circletcabins.com/areaservices.html" "Mozilla/5.0 (Windows NT 5.1; rv:29.0) Gecko/20100101 Firefox/29.0"
134.249.76.109 - - [20/Jun/2014:17:54:00 -0400] "GET /maps.html HTTP/1.1" 200 6293 "http://invetdollare.net/" "Mozilla/4.0 (compatible; MSIE 6.0; Windows NT) ::ELNSB50::000061100320025802a00111000000000507000900000000"
100.43.91.15 - - [20/Jun/2014:18:06:32 -0400] "GET / HTTP/1.1" 200 10848 "-" "Mozilla/5.0 (compatible; YandexBot/3.0; +http://yandex.com/bots)"
192.99.147.201 - - [20/Jun/2014:21:02:33 -0400] "GET /photos.html\r HTTP/1.1" 200 16250 "-" "Mozilla/5.0 (compatible; MSIE 10.0; Windows NT 6.1; Trident/6.0)"
157.55.39.90 - - [20/Jun/2014:07:56:03 -0400] "GET /robots.txt HTTP/1.1" 200 25 "-" "Mozilla/5.0 (compatible; bingbot/2.0; +http://www.bing.com/bingbot.htm)"
76.21.27.161 - - [20/Jun/2014:11:42:10 -0400] "GET /images/P6220108.jpg HTTP/1.1" 200 16867 "http://circletcabins.com/" "Mozilla/5.0 (Windows NT 6.1; WOW64; Trident/7.0; rv:11.0) like Gecko"
157.55.39.96 - - [20/Jun/2014:14:53:15 -0400] "GET /robots.txt HTTP/1.1" 200 25 "-" "Mozilla/5.0 (compatible; bingbot/2.0; +http://www.bing.com/bingbot.htm)"
75.111.7.204 - - [20/Jun/2014:00:48:42 -0400] "GET /images/185_RIM00266.JPG HTTP/1.1" 200 8107 "http://www.circletcabins.com/photos.html" "Mozilla/5.0 (Windows NT 5.1; rv:29.0) Gecko/20100101 Firefox/29.0"
180.76.6.58 - - [20/Jun/2014:01:08:57 -0400] "GET /scripts/print.css HTTP/1.1" 200 - "-" "Mozilla/5.0 (compatible; Baiduspider/2.0; +http://www.baidu.com/search/spider.html)"
66.249.64.63 - - [20/Jun/2014:01:38:50 -0400] "GET /maps.html HTTP/1.1" 304 - "-" "Mozilla/5.0 (compatible; Googlebot/2.1; +http://www.google.com/bot.html)"
157.55.39.60 - - [20/Jun/2014:22:24:43 -0400] "GET /areaservices.html HTTP/1.1" 200 4435 "-" "Mozilla/5.0 (compatible; bingbot/2.0; +http://www.bing.com/bingbot.htm)"