0byt3m1n1
Path:
/
data
/
0
/
0
/
79
/
35
/
79687
/
meta
/
80998
/
logs
/
[
Home
]
File: x-access_log.2020-09-11
185.191.171.15 - - [11/Sep/2020:02:45:13 -0400] "GET /robots.txt HTTP/1.0" 200 25 "-" "Mozilla/5.0 (compatible; SemrushBot/6~bl; +http://www.semrush.com/bot.html)"
66.249.79.92 - - [11/Sep/2020:04:53:46 -0400] "GET /robots.txt HTTP/1.0" 200 25 "-" "Mozilla/5.0 (compatible; Googlebot/2.1; +http://www.google.com/bot.html)"
66.249.79.92 - - [11/Sep/2020:04:53:47 -0400] "GET / HTTP/1.0" 200 10848 "-" "Mozilla/5.0 (compatible; Googlebot/2.1; +http://www.google.com/bot.html)"
199.244.88.132 - - [11/Sep/2020:05:51:28 -0400] "GET / HTTP/1.0" 200 10848 "-" "Mozilla/5.0 (Macintosh; Intel Mac OS X 10_9_3) AppleWebKit/537.36 (KHTML, like Gecko) Chrome/35.0.1916.47 Safari/537.36"
77.88.5.58 - - [11/Sep/2020:08:58:05 -0400] "GET / HTTP/1.0" 200 10848 "-" "Mozilla/5.0 (compatible; YandexBot/3.0; +http://yandex.com/bots)"
104.144.93.47 - - [11/Sep/2020:11:38:15 -0400] "GET /contactus.html HTTP/1.0" 200 8900 "-" "Mozilla/5.0 (Macintosh; Intel Mac OS X 10_12_0) AppleWebKit/537.36 (KHTML, like Gecko) Chrome/54.0.2843.10 Safari/537.36"
157.55.39.1 - - [11/Sep/2020:12:31:29 -0400] "GET /robots.txt HTTP/1.0" 200 25 "-" "Mozilla/5.0 (compatible; bingbot/2.0; +http://www.bing.com/bingbot.htm)"
66.249.79.8 - - [11/Sep/2020:14:54:45 -0400] "GET /scripts/template.css HTTP/1.0" 200 9956 "http://circletcabins.net/" "Mozilla/5.0 AppleWebKit/537.36 (KHTML, like Gecko; compatible; Googlebot/2.1; +http://www.google.com/bot.html) Chrome/85.0.4183.105 Safari/537.36"
71.209.207.196 - - [11/Sep/2020:15:01:43 -0400] "GET /contactus.html HTTP/1.0" 200 8900 "https://www.google.com/" "Mozilla/5.0 (Macintosh; Intel Mac OS X 10_15_5) AppleWebKit/537.36 (KHTML, like Gecko) Chrome/85.0.4183.102 Safari/537.36"
71.209.207.196 - - [11/Sep/2020:15:01:44 -0400] "GET /scripts/4.css HTTP/1.0" 200 203 "http://www.circletcabins.com/contactus.html" "Mozilla/5.0 (Macintosh; Intel Mac OS X 10_15_5) AppleWebKit/537.36 (KHTML, like Gecko) Chrome/85.0.4183.102 Safari/537.36"
66.249.68.9 - - [11/Sep/2020:15:30:03 -0400] "GET / HTTP/1.0" 200 10848 "-" "Mozilla/5.0 (compatible; Googlebot/2.1; +http://www.google.com/bot.html)"
35.229.57.203 - - [11/Sep/2020:16:04:39 -0400] "GET / HTTP/1.0" 200 10848 "-" "ZoominfoBot (zoominfobot at zoominfo dot com)"
82.80.249.159 - - [11/Sep/2020:19:01:25 -0400] "GET /scripts/website.css HTTP/1.0" 200 1660 "http://www.circletcabins.net/" "Mozilla/5.0 (Macintosh; Intel Mac OS X 10_8_5) AppleWebKit/537.73.11 (KHTML, like Gecko) Version/6.1.1 Safari/537.73.11"
82.80.249.159 - - [11/Sep/2020:19:01:48 -0400] "GET /photos.html HTTP/1.0" 200 12735 "http://www.circletcabins.net/" "Mozilla/5.0 (Macintosh; Intel Mac OS X 10_9_1) AppleWebKit/537.73.11 (KHTML, like Gecko) Version/7.0.1 Safari/537.73.11"
82.80.249.204 - - [11/Sep/2020:19:02:44 -0400] "GET /images/136_P6220108.jpg HTTP/1.0" 200 3793 "-" "Mozilla/5.0 (Windows NT 6.1; rv:25.0) Gecko/20100101 Firefox/25.0"
82.80.249.164 - - [11/Sep/2020:19:02:44 -0400] "GET /images/photoalbum/button_photoSpeed3_ON.jpg HTTP/1.0" 200 587 "-" "Mozilla/5.0 (Macintosh; Intel Mac OS X 10_8_5) AppleWebKit/537.36 (KHTML, like Gecko) Chrome/31.0.1650.63 Safari/537.36"
76.20.56.80 - - [11/Sep/2020:21:25:07 -0400] "GET /scripts/1custom.css HTTP/1.0" 200 2152 "http://www.circletcabins.com/" "Mozilla/5.0 (Windows NT 10.0; Win64; x64) AppleWebKit/537.36 (KHTML, like Gecko) Chrome/85.0.4183.102 Safari/537.36 Edg/85.0.564.51"
76.20.56.80 - - [11/Sep/2020:21:25:07 -0400] "GET /images/136_P6220071.jpg HTTP/1.0" 200 3907 "http://www.circletcabins.com/" "Mozilla/5.0 (Windows NT 10.0; Win64; x64) AppleWebKit/537.36 (KHTML, like Gecko) Chrome/85.0.4183.102 Safari/537.36 Edg/85.0.564.51"
76.20.56.80 - - [11/Sep/2020:21:25:07 -0400] "GET /images/136_P6220092.jpg HTTP/1.0" 200 3901 "http://www.circletcabins.com/" "Mozilla/5.0 (Windows NT 10.0; Win64; x64) AppleWebKit/537.36 (KHTML, like Gecko) Chrome/85.0.4183.102 Safari/537.36 Edg/85.0.564.51"
76.20.56.80 - - [11/Sep/2020:21:25:07 -0400] "GET /images/ic_034_body_bg_wide.jpg HTTP/1.0" 200 90532 "http://www.circletcabins.com/scripts/template.css" "Mozilla/5.0 (Windows NT 10.0; Win64; x64) AppleWebKit/537.36 (KHTML, like Gecko) Chrome/85.0.4183.102 Safari/537.36 Edg/85.0.564.51"
76.20.56.80 - - [11/Sep/2020:21:25:45 -0400] "GET /images/photoalbum/button_photoFirst.jpg HTTP/1.0" 200 637 "http://www.circletcabins.com/photos.html" "Mozilla/5.0 (Windows NT 10.0; Win64; x64) AppleWebKit/537.36 (KHTML, like Gecko) Chrome/85.0.4183.102 Safari/537.36 Edg/85.0.564.51"
76.20.56.80 - - [11/Sep/2020:21:25:45 -0400] "GET /images/photoalbum/button_photoSpeed2_ON.jpg HTTP/1.0" 200 492 "http://www.circletcabins.com/photos.html" "Mozilla/5.0 (Windows NT 10.0; Win64; x64) AppleWebKit/537.36 (KHTML, like Gecko) Chrome/85.0.4183.102 Safari/537.36 Edg/85.0.564.51"
76.20.56.80 - - [11/Sep/2020:21:25:45 -0400] "GET /images/179_RIM00267.JPG HTTP/1.0" 200 6962 "http://www.circletcabins.com/photos.html" "Mozilla/5.0 (Windows NT 10.0; Win64; x64) AppleWebKit/537.36 (KHTML, like Gecko) Chrome/85.0.4183.102 Safari/537.36 Edg/85.0.564.51"
76.20.56.80 - - [11/Sep/2020:21:25:45 -0400] "GET /images/480_PB060059.JPG HTTP/1.0" 200 48213 "http://www.circletcabins.com/photos.html" "Mozilla/5.0 (Windows NT 10.0; Win64; x64) AppleWebKit/537.36 (KHTML, like Gecko) Chrome/85.0.4183.102 Safari/537.36 Edg/85.0.564.51"
76.20.56.80 - - [11/Sep/2020:21:25:45 -0400] "GET /images/480_RIM00278.JPG HTTP/1.0" 200 44706 "http://www.circletcabins.com/photos.html" "Mozilla/5.0 (Windows NT 10.0; Win64; x64) AppleWebKit/537.36 (KHTML, like Gecko) Chrome/85.0.4183.102 Safari/537.36 Edg/85.0.564.51"
76.20.56.80 - - [11/Sep/2020:21:25:45 -0400] "GET /images/480_Pb060067.jpg HTTP/1.0" 200 36299 "http://www.circletcabins.com/photos.html" "Mozilla/5.0 (Windows NT 10.0; Win64; x64) AppleWebKit/537.36 (KHTML, like Gecko) Chrome/85.0.4183.102 Safari/537.36 Edg/85.0.564.51"
76.20.56.80 - - [11/Sep/2020:21:25:45 -0400] "GET /images/480_RIM00275.JPG HTTP/1.0" 200 34683 "http://www.circletcabins.com/photos.html" "Mozilla/5.0 (Windows NT 10.0; Win64; x64) AppleWebKit/537.36 (KHTML, like Gecko) Chrome/85.0.4183.102 Safari/537.36 Edg/85.0.564.51"
76.20.56.80 - - [11/Sep/2020:21:25:45 -0400] "GET /images/480_RIM00353.JPG HTTP/1.0" 200 23009 "http://www.circletcabins.com/photos.html" "Mozilla/5.0 (Windows NT 10.0; Win64; x64) AppleWebKit/537.36 (KHTML, like Gecko) Chrome/85.0.4183.102 Safari/537.36 Edg/85.0.564.51"
76.20.56.80 - - [11/Sep/2020:21:25:46 -0400] "GET /images/179_RIM00349.JPG HTTP/1.0" 200 8205 "http://www.circletcabins.com/photos.html" "Mozilla/5.0 (Windows NT 10.0; Win64; x64) AppleWebKit/537.36 (KHTML, like Gecko) Chrome/85.0.4183.102 Safari/537.36 Edg/85.0.564.51"
76.20.56.80 - - [11/Sep/2020:21:25:46 -0400] "GET /images/179_RIM00360.JPG HTTP/1.0" 200 8281 "http://www.circletcabins.com/photos.html" "Mozilla/5.0 (Windows NT 10.0; Win64; x64) AppleWebKit/537.36 (KHTML, like Gecko) Chrome/85.0.4183.102 Safari/537.36 Edg/85.0.564.51"
157.55.39.186 - - [11/Sep/2020:22:45:09 -0400] "GET / HTTP/1.0" 200 10848 "-" "Mozilla/5.0 (compatible; bingbot/2.0; +http://www.bing.com/bingbot.htm)"
5.188.62.25 - - [11/Sep/2020:22:58:36 -0400] "GET /admin_login.php HTTP/1.0" 404 575 "-" "Mozilla/5.0 (Windows NT 6.0) AppleWebKit/537.36 (KHTML, like Gecko) Chrome/41.0.2227.1 Safari/537.36"
157.55.39.254 - - [11/Sep/2020:05:43:55 -0400] "GET / HTTP/1.0" 200 10848 "-" "Mozilla/5.0 (compatible; bingbot/2.0; +http://www.bing.com/bingbot.htm)"
77.88.5.107 - - [11/Sep/2020:08:58:06 -0400] "GET / HTTP/1.0" 200 10848 "-" "Mozilla/5.0 (compatible; YandexBot/3.0; +http://yandex.com/bots)"
114.119.143.130 - - [11/Sep/2020:10:02:35 -0400] "GET /onlinespecial.html HTTP/1.0" 200 6897 "-" "Mozilla/5.0 (Linux; Android 7.0;) AppleWebKit/537.36 (KHTML, like Gecko) Mobile Safari/537.36 (compatible; PetalBot;+http://aspiegel.com/petalbot)"
39.101.1.61 - - [11/Sep/2020:13:10:20 -0400] "GET /data/admin/allowurl.txt HTTP/1.0" 404 575 "-" "Mozilla/5.0 (Windows NT 10.0; WOW64; rv:48.0) Gecko/20100101 Firefox/48.0"
52.142.55.0 - - [11/Sep/2020:13:26:27 -0400] "GET /wp-content/plugins/ioptimization/IOptimize.php?rchk HTTP/1.0" 404 575 "www.google.com" "Mozlila/5.0 (Linux; Android 7.0; SM-G892A Bulid/NRD90M; wv) AppleWebKit/537.36 (KHTML, like Gecko) Version/4.0 Chrome/60.0.3112.107 Moblie Safari/537.36"
66.249.79.79 - - [11/Sep/2020:13:45:26 -0400] "GET /ads.txt HTTP/1.0" 404 575 "-" "Mozilla/5.0 (compatible; Googlebot/2.1; +http://www.google.com/bot.html)"
66.249.79.92 - - [11/Sep/2020:14:45:27 -0400] "GET /ads.txt HTTP/1.0" 404 575 "-" "Mozilla/5.0 (compatible; Googlebot/2.1; +http://www.google.com/bot.html)"
71.209.207.196 - - [11/Sep/2020:15:01:44 -0400] "GET /scripts/4custom.css HTTP/1.0" 200 1478 "http://www.circletcabins.com/contactus.html" "Mozilla/5.0 (Macintosh; Intel Mac OS X 10_15_5) AppleWebKit/537.36 (KHTML, like Gecko) Chrome/85.0.4183.102 Safari/537.36"
71.209.207.196 - - [11/Sep/2020:15:01:44 -0400] "GET /scripts/icwebsiteelement.css HTTP/1.0" 200 8132 "http://www.circletcabins.com/contactus.html" "Mozilla/5.0 (Macintosh; Intel Mac OS X 10_15_5) AppleWebKit/537.36 (KHTML, like Gecko) Chrome/85.0.4183.102 Safari/537.36"
71.209.207.196 - - [11/Sep/2020:15:01:44 -0400] "GET /scripts/photoalbum.js HTTP/1.0" 200 62481 "http://www.circletcabins.com/contactus.html" "Mozilla/5.0 (Macintosh; Intel Mac OS X 10_15_5) AppleWebKit/537.36 (KHTML, like Gecko) Chrome/85.0.4183.102 Safari/537.36"
54.37.160.145 - - [11/Sep/2020:16:13:22 -0400] "GET / HTTP/1.0" 200 10848 "-" "python-requests/2.24.0"
147.135.170.162 - - [11/Sep/2020:17:24:21 -0400] "GET /wp-login.php HTTP/1.0" 404 575 "-" "Mozilla/5.0 (Macintosh; Intel Mac OS X 10_12_5) AppleWeb Kit/537.36 (KHTML, like Gecko) Chrome/58.0.3029.110 Safari/537.36"
82.80.249.159 - - [11/Sep/2020:19:01:29 -0400] "GET /scripts/print.css HTTP/1.0" 200 - "http://www.circletcabins.net/" "Mozilla/5.0 (Macintosh; Intel Mac OS X 10.7; rv:26.0) Gecko/20100101 Firefox/26.0"
82.80.249.159 - - [11/Sep/2020:19:01:35 -0400] "GET /homepage.html HTTP/1.0" 200 10848 "http://www.circletcabins.net/" "Mozilla/5.0 (Windows NT 6.1) AppleWebKit/537.36 (KHTML, like Gecko) Chrome/32.0.1700.72 Safari/537.36"
82.80.249.159 - - [11/Sep/2020:19:01:57 -0400] "GET /scripts/4.css HTTP/1.0" 200 203 "http://www.circletcabins.net/contactus.html" "Mozilla/5.0 (compatible; MSIE 9.0; Windows NT 6.1; Trident/5.0)"
82.80.249.159 - - [11/Sep/2020:19:01:57 -0400] "GET /scripts/4custom.css HTTP/1.0" 200 1478 "http://www.circletcabins.net/contactus.html" "Mozilla/5.0 (Windows NT 6.2; WOW64; rv:26.0) Gecko/20100101 Firefox/26.0"
82.80.249.159 - - [11/Sep/2020:19:01:59 -0400] "GET /scripts/2custom.css HTTP/1.0" 200 1478 "http://www.circletcabins.net/maps.html" "Mozilla/5.0 (Windows NT 6.1; rv:24.0) Gecko/20100101 Firefox/24.0"
82.80.249.227 - - [11/Sep/2020:19:02:21 -0400] "GET /images/photoalbum/detail_close.jpg HTTP/1.0" 200 1095 "-" "Mozilla/5.0 (Windows NT 6.2; WOW64; rv:26.0) Gecko/20100101 Firefox/26.0"
82.80.249.157 - - [11/Sep/2020:19:02:42 -0400] "GET /images/photoalbum/button_photoPause.jpg HTTP/1.0" 200 605 "-" "Mozilla/5.0 (Windows NT 6.0; WOW64) AppleWebKit/534.30 (KHTML, like Gecko) Chrome/12.0.742.91 Safari/534.30"
76.20.56.80 - - [11/Sep/2020:21:25:07 -0400] "GET /scripts/ic_globals_published.js HTTP/1.0" 200 566 "http://www.circletcabins.com/" "Mozilla/5.0 (Windows NT 10.0; Win64; x64) AppleWebKit/537.36 (KHTML, like Gecko) Chrome/85.0.4183.102 Safari/537.36 Edg/85.0.564.51"
76.20.56.80 - - [11/Sep/2020:21:25:07 -0400] "GET /scripts/icwebsiteelement.css HTTP/1.0" 200 8132 "http://www.circletcabins.com/" "Mozilla/5.0 (Windows NT 10.0; Win64; x64) AppleWebKit/537.36 (KHTML, like Gecko) Chrome/85.0.4183.102 Safari/537.36 Edg/85.0.564.51"
76.20.56.80 - - [11/Sep/2020:21:25:07 -0400] "GET /images/10_Copy%20(2)%20of%20P6220099.jpg HTTP/1.0" 404 575 "http://www.circletcabins.com/" "Mozilla/5.0 (Windows NT 10.0; Win64; x64) AppleWebKit/537.36 (KHTML, like Gecko) Chrome/85.0.4183.102 Safari/537.36 Edg/85.0.564.51"
76.20.56.80 - - [11/Sep/2020:21:25:07 -0400] "GET /images/136_P6220085.jpg HTTP/1.0" 200 3808 "http://www.circletcabins.com/" "Mozilla/5.0 (Windows NT 10.0; Win64; x64) AppleWebKit/537.36 (KHTML, like Gecko) Chrome/85.0.4183.102 Safari/537.36 Edg/85.0.564.51"
76.20.56.80 - - [11/Sep/2020:21:25:07 -0400] "GET /scripts/print.css HTTP/1.0" 200 - "http://www.circletcabins.com/" "Mozilla/5.0 (Windows NT 10.0; Win64; x64) AppleWebKit/537.36 (KHTML, like Gecko) Chrome/85.0.4183.102 Safari/537.36 Edg/85.0.564.51"
76.20.56.80 - - [11/Sep/2020:21:25:07 -0400] "GET /images/222610.jpg HTTP/1.0" 200 16217 "http://www.circletcabins.com/scripts/website.css" "Mozilla/5.0 (Windows NT 10.0; Win64; x64) AppleWebKit/537.36 (KHTML, like Gecko) Chrome/85.0.4183.102 Safari/537.36 Edg/85.0.564.51"
76.20.56.80 - - [11/Sep/2020:21:25:08 -0400] "GET /favicon.ico HTTP/1.0" 404 575 "http://www.circletcabins.com/" "Mozilla/5.0 (Windows NT 10.0; Win64; x64) AppleWebKit/537.36 (KHTML, like Gecko) Chrome/85.0.4183.102 Safari/537.36 Edg/85.0.564.51"
76.20.56.80 - - [11/Sep/2020:21:25:45 -0400] "GET /images/480_RIM00223.JPG HTTP/1.0" 200 39083 "http://www.circletcabins.com/photos.html" "Mozilla/5.0 (Windows NT 10.0; Win64; x64) AppleWebKit/537.36 (KHTML, like Gecko) Chrome/85.0.4183.102 Safari/537.36 Edg/85.0.564.51"
76.20.56.80 - - [11/Sep/2020:21:25:45 -0400] "GET /images/179_RIM00275.JPG HTTP/1.0" 200 5833 "http://www.circletcabins.com/photos.html" "Mozilla/5.0 (Windows NT 10.0; Win64; x64) AppleWebKit/537.36 (KHTML, like Gecko) Chrome/85.0.4183.102 Safari/537.36 Edg/85.0.564.51"
76.20.56.80 - - [11/Sep/2020:21:25:45 -0400] "GET /images/179_RIM00355.JPG HTTP/1.0" 200 4516 "http://www.circletcabins.com/photos.html" "Mozilla/5.0 (Windows NT 10.0; Win64; x64) AppleWebKit/537.36 (KHTML, like Gecko) Chrome/85.0.4183.102 Safari/537.36 Edg/85.0.564.51"
5.188.62.25 - - [11/Sep/2020:22:52:02 -0400] "GET / HTTP/1.0" 200 10848 "-" "Mozilla/5.0 (Windows NT 6.0) AppleWebKit/537.36 (KHTML, like Gecko) Chrome/41.0.2226.0 Safari/537.36"
71.84.99.42 - - [11/Sep/2020:00:48:21 -0400] "GET /scripts/ic_globals_published.js HTTP/1.0" 200 566 "http://www.circletcabins.com/contactus.html" "Mozilla/5.0 (iPhone; CPU iPhone OS 13_7 like Mac OS X) AppleWebKit/605.1.15 (KHTML, like Gecko) Version/13.1.2 Mobile/15E148 Safari/604.1"
71.84.99.42 - - [11/Sep/2020:00:48:21 -0400] "GET /scripts/print.css HTTP/1.0" 200 - "http://www.circletcabins.com/contactus.html" "Mozilla/5.0 (iPhone; CPU iPhone OS 13_7 like Mac OS X) AppleWebKit/605.1.15 (KHTML, like Gecko) Version/13.1.2 Mobile/15E148 Safari/604.1"
77.88.5.62 - - [11/Sep/2020:08:58:01 -0400] "GET /robots.txt HTTP/1.0" 200 25 "-" "Mozilla/5.0 (compatible; YandexBot/3.0; +http://yandex.com/bots)"
54.36.148.35 - - [11/Sep/2020:14:25:05 -0400] "GET /robots.txt HTTP/1.0" 200 25 "-" "Mozilla/5.0 (compatible; AhrefsBot/6.1; +http://ahrefs.com/robot/)"
66.249.79.8 - - [11/Sep/2020:14:54:43 -0400] "GET /scripts/1custom.css HTTP/1.0" 200 2152 "http://circletcabins.net/" "Mozilla/5.0 AppleWebKit/537.36 (KHTML, like Gecko; compatible; Googlebot/2.1; +http://www.google.com/bot.html) Chrome/85.0.4183.105 Safari/537.36"
66.249.79.10 - - [11/Sep/2020:14:54:44 -0400] "GET /scripts/user.js HTTP/1.0" 200 23762 "http://circletcabins.net/" "Mozilla/5.0 AppleWebKit/537.36 (KHTML, like Gecko; compatible; Googlebot/2.1; +http://www.google.com/bot.html) Chrome/85.0.4183.105 Safari/537.36"
71.209.207.196 - - [11/Sep/2020:15:01:44 -0400] "GET /scripts/ic_globals_published.js HTTP/1.0" 200 566 "http://www.circletcabins.com/contactus.html" "Mozilla/5.0 (Macintosh; Intel Mac OS X 10_15_5) AppleWebKit/537.36 (KHTML, like Gecko) Chrome/85.0.4183.102 Safari/537.36"
66.249.79.92 - - [11/Sep/2020:15:24:48 -0400] "GET / HTTP/1.0" 200 10848 "-" "Mozilla/5.0 (compatible; Googlebot/2.1; +http://www.google.com/bot.html)"
77.88.5.230 - - [11/Sep/2020:15:29:31 -0400] "GET /robots.txt HTTP/1.0" 200 25 "-" "Mozilla/5.0 (compatible; YandexBot/3.0; +http://yandex.com/bots)"
35.229.57.203 - - [11/Sep/2020:15:59:48 -0400] "GET / HTTP/1.0" 200 10848 "-" "ZoominfoBot (zoominfobot at zoominfo dot com)"
89.36.76.117 - - [11/Sep/2020:16:02:29 -0400] "GET / HTTP/1.0" 200 10848 "http://circletcabins.net/" "Mozilla/5.0 (Windows NT 10.0; Win64; x64) AppleWebKit/537.36 (KHTML, like Gecko) Chrome/67.0.3396.87 Safari/537.36"
157.55.39.63 - - [11/Sep/2020:18:32:46 -0400] "GET /areaservices.html HTTP/1.0" 200 4408 "-" "Mozilla/5.0 (compatible; bingbot/2.0; +http://www.bing.com/bingbot.htm)"
82.80.249.159 - - [11/Sep/2020:19:01:37 -0400] "GET /areaservices.html HTTP/1.0" 200 4408 "http://www.circletcabins.net/" "Mozilla/5.0 (compatible; MSIE 10.0; Windows NT 6.2; WOW64; Trident/6.0)"
82.80.249.159 - - [11/Sep/2020:19:01:43 -0400] "GET /summercalendar.html HTTP/1.0" 200 4125 "http://www.circletcabins.net/" "Mozilla/5.0 (Windows NT 6.1; rv:24.0) Gecko/20100101 Firefox/24.0"
82.80.249.194 - - [11/Sep/2020:19:02:21 -0400] "GET /images/photoalbum/button_photoNext.jpg HTTP/1.0" 200 662 "-" "Mozilla/5.0 (compatible, MSIE 11, Windows NT 6.3; Trident/7.0; rv:11.0) like Gecko"
76.20.56.80 - - [11/Sep/2020:21:25:08 -0400] "GET /scripts/website.css HTTP/1.0" 200 1660 "http://www.circletcabins.com/" "Mozilla/5.0 (Windows NT 10.0; Win64; x64) AppleWebKit/537.36 (KHTML, like Gecko) Chrome/85.0.4183.102 Safari/537.36 Edg/85.0.564.51"
76.20.56.80 - - [11/Sep/2020:21:25:08 -0400] "GET /scripts/template.css HTTP/1.0" 200 9956 "http://www.circletcabins.com/" "Mozilla/5.0 (Windows NT 10.0; Win64; x64) AppleWebKit/537.36 (KHTML, like Gecko) Chrome/85.0.4183.102 Safari/537.36 Edg/85.0.564.51"
76.20.56.80 - - [11/Sep/2020:21:25:08 -0400] "GET /scripts/photoalbum.js HTTP/1.0" 200 62481 "http://www.circletcabins.com/" "Mozilla/5.0 (Windows NT 10.0; Win64; x64) AppleWebKit/537.36 (KHTML, like Gecko) Chrome/85.0.4183.102 Safari/537.36 Edg/85.0.564.51"
76.20.56.80 - - [11/Sep/2020:21:25:46 -0400] "GET /images/photoalbum/detail_close.jpg HTTP/1.0" 200 1095 "http://www.circletcabins.com/photos.html" "Mozilla/5.0 (Windows NT 10.0; Win64; x64) AppleWebKit/537.36 (KHTML, like Gecko) Chrome/85.0.4183.102 Safari/537.36 Edg/85.0.564.51"
76.20.56.80 - - [11/Sep/2020:21:25:46 -0400] "GET /images/480_RIM00355.JPG HTTP/1.0" 200 26783 "http://www.circletcabins.com/photos.html" "Mozilla/5.0 (Windows NT 10.0; Win64; x64) AppleWebKit/537.36 (KHTML, like Gecko) Chrome/85.0.4183.102 Safari/537.36 Edg/85.0.564.51"
76.20.56.80 - - [11/Sep/2020:21:25:46 -0400] "GET /images/480_RIM00272.JPG HTTP/1.0" 200 8343 "http://www.circletcabins.com/photos.html" "Mozilla/5.0 (Windows NT 10.0; Win64; x64) AppleWebKit/537.36 (KHTML, like Gecko) Chrome/85.0.4183.102 Safari/537.36 Edg/85.0.564.51"
76.20.56.80 - - [11/Sep/2020:21:25:46 -0400] "GET /images/480_PB290110.JPG HTTP/1.0" 200 45968 "http://www.circletcabins.com/photos.html" "Mozilla/5.0 (Windows NT 10.0; Win64; x64) AppleWebKit/537.36 (KHTML, like Gecko) Chrome/85.0.4183.102 Safari/537.36 Edg/85.0.564.51"
76.20.56.80 - - [11/Sep/2020:21:25:46 -0400] "GET /images/179_RIM00223.JPG HTTP/1.0" 200 6847 "http://www.circletcabins.com/photos.html" "Mozilla/5.0 (Windows NT 10.0; Win64; x64) AppleWebKit/537.36 (KHTML, like Gecko) Chrome/85.0.4183.102 Safari/537.36 Edg/85.0.564.51"
5.188.62.25 - - [11/Sep/2020:22:58:29 -0400] "GET /webadmin/ HTTP/1.0" 404 575 "-" "Mozilla/5.0 (Windows NT 6.0) AppleWebKit/537.36 (KHTML, like Gecko) Chrome/41.0.2227.1 Safari/537.36"
157.55.39.1 - - [11/Sep/2020:02:02:47 -0400] "GET /robots.txt HTTP/1.0" 200 25 "-" "Mozilla/5.0 (compatible; bingbot/2.0; +http://www.bing.com/bingbot.htm)"
185.191.171.4 - - [11/Sep/2020:08:25:34 -0400] "GET /photos.html HTTP/1.0" 200 12735 "-" "Mozilla/5.0 (compatible; SemrushBot/6~bl; +http://www.semrush.com/bot.html)"
199.244.88.132 - - [11/Sep/2020:08:34:25 -0400] "GET / HTTP/1.0" 200 10848 "-" "Mozilla/5.0 (Macintosh; Intel Mac OS X 10_9_3) AppleWebKit/537.36 (KHTML, like Gecko) Chrome/35.0.1916.47 Safari/537.36"
77.88.5.244 - - [11/Sep/2020:08:58:01 -0400] "GET /robots.txt HTTP/1.0" 200 25 "-" "Mozilla/5.0 (compatible; YandexBot/3.0; +http://yandex.com/bots)"
5.62.20.31 - - [11/Sep/2020:08:58:20 -0400] "GET /contactus.html HTTP/1.0" 200 8900 "-" "Mozilla/5.0 (Windows NT 10.0; WOW64) AppleWebKit/537.36 (KHTML, like Gecko) Chrome/67.0.3396.18 Safari/537.36"
66.249.79.12 - - [11/Sep/2020:09:10:15 -0400] "GET /robots.txt HTTP/1.0" 200 25 "-" "Mozilla/5.0 (compatible; Googlebot/2.1; +http://www.google.com/bot.html)"
104.6.29.168 - - [11/Sep/2020:12:22:11 -0400] "GET /homepage.html HTTP/1.0" 200 10848 "-" "Mozilla/5.0 (iPad; CPU OS 10_3_4 like Mac OS X) AppleWebKit/603.3.8 (KHTML, like Gecko) Version/10.0 Mobile/14G61 Safari/602.1"
77.88.5.230 - - [11/Sep/2020:15:29:34 -0400] "GET / HTTP/1.0" 200 10848 "-" "Mozilla/5.0 (compatible; YandexBot/3.0; +http://yandex.com/bots)"
82.80.249.159 - - [11/Sep/2020:19:01:22 -0400] "GET / HTTP/1.0" 200 10848 "-" "Mozilla/5.0 (Macintosh; Intel Mac OS X 10_7_5) AppleWebKit/537.36 (KHTML, like Gecko) Chrome/31.0.1650.63 Safari/537.36"
82.80.249.159 - - [11/Sep/2020:19:01:30 -0400] "GET /scripts/1custom.css HTTP/1.0" 200 2152 "http://www.circletcabins.net/" "Mozilla/5.0 (Windows NT 6.1; WOW64; rv:36.0) Gecko/20100101 Firefox/36.0"
82.80.249.159 - - [11/Sep/2020:19:01:47 -0400] "GET /onlinespecial.html HTTP/1.0" 200 6897 "http://www.circletcabins.net/" "Mozilla/5.0 (Windows NT 6.0; WOW64) AppleWebKit/534.30 (KHTML, like Gecko) Chrome/12.0.742.91 Safari/534.30"
82.80.249.159 - - [11/Sep/2020:19:01:56 -0400] "GET /scripts/6custom.css HTTP/1.0" 200 1141 "http://www.circletcabins.net/onlinespecial.html" "Mozilla/5.0 (Macintosh; Intel Mac OS X 10_8_4) AppleWebKit/537.36 (KHTML, like Gecko) Chrome/31.0.1650.63 Safari/537.36"
82.80.249.164 - - [11/Sep/2020:19:02:19 -0400] "GET /images/clear_pixel.gif HTTP/1.0" 404 575 "-" "Mozilla/5.0 (Macintosh; Intel Mac OS X 10_7_5) AppleWebKit/537.36 (KHTML, like Gecko) Chrome/31.0.1650.63 Safari/537.36"
76.20.56.80 - - [11/Sep/2020:21:25:08 -0400] "GET /scripts/user.js HTTP/1.0" 200 23762 "http://www.circletcabins.com/" "Mozilla/5.0 (Windows NT 10.0; Win64; x64) AppleWebKit/537.36 (KHTML, like Gecko) Chrome/85.0.4183.102 Safari/537.36 Edg/85.0.564.51"
76.20.56.80 - - [11/Sep/2020:21:25:46 -0400] "GET /images/179_RIM00269.JPG HTTP/1.0" 200 8139 "http://www.circletcabins.com/photos.html" "Mozilla/5.0 (Windows NT 10.0; Win64; x64) AppleWebKit/537.36 (KHTML, like Gecko) Chrome/85.0.4183.102 Safari/537.36 Edg/85.0.564.51"
76.20.56.80 - - [11/Sep/2020:21:25:46 -0400] "GET /images/480_RIM00331.JPG HTTP/1.0" 200 54271 "http://www.circletcabins.com/photos.html" "Mozilla/5.0 (Windows NT 10.0; Win64; x64) AppleWebKit/537.36 (KHTML, like Gecko) Chrome/85.0.4183.102 Safari/537.36 Edg/85.0.564.51"
76.20.56.80 - - [11/Sep/2020:21:25:47 -0400] "GET /images/480_RIM00358.JPG HTTP/1.0" 200 25741 "http://www.circletcabins.com/photos.html" "Mozilla/5.0 (Windows NT 10.0; Win64; x64) AppleWebKit/537.36 (KHTML, like Gecko) Chrome/85.0.4183.102 Safari/537.36 Edg/85.0.564.51"
76.20.56.80 - - [11/Sep/2020:21:25:47 -0400] "GET /images/480_RIM00360.JPG HTTP/1.0" 200 50267 "http://www.circletcabins.com/photos.html" "Mozilla/5.0 (Windows NT 10.0; Win64; x64) AppleWebKit/537.36 (KHTML, like Gecko) Chrome/85.0.4183.102 Safari/537.36 Edg/85.0.564.51"
76.20.56.80 - - [11/Sep/2020:21:25:47 -0400] "GET /images/179_RIM00304.JPG HTTP/1.0" 200 5974 "http://www.circletcabins.com/photos.html" "Mozilla/5.0 (Windows NT 10.0; Win64; x64) AppleWebKit/537.36 (KHTML, like Gecko) Chrome/85.0.4183.102 Safari/537.36 Edg/85.0.564.51"
76.20.56.80 - - [11/Sep/2020:21:25:47 -0400] "GET /images/179_RIM00330.JPG HTTP/1.0" 200 4813 "http://www.circletcabins.com/photos.html" "Mozilla/5.0 (Windows NT 10.0; Win64; x64) AppleWebKit/537.36 (KHTML, like Gecko) Chrome/85.0.4183.102 Safari/537.36 Edg/85.0.564.51"
5.188.62.25 - - [11/Sep/2020:22:58:43 -0400] "GET / HTTP/1.0" 200 10848 "-" "Mozilla/5.0 (Windows NT 6.0) AppleWebKit/537.36 (KHTML, like Gecko) Chrome/41.0.2227.1 Safari/537.36"
71.84.99.42 - - [11/Sep/2020:00:48:20 -0400] "GET /scripts/4custom.css HTTP/1.0" 200 1478 "http://www.circletcabins.com/contactus.html" "Mozilla/5.0 (iPhone; CPU iPhone OS 13_7 like Mac OS X) AppleWebKit/605.1.15 (KHTML, like Gecko) Version/13.1.2 Mobile/15E148 Safari/604.1"
71.84.99.42 - - [11/Sep/2020:00:48:20 -0400] "GET /images/ic_034_body_bg_wide.jpg HTTP/1.0" 200 90532 "http://www.circletcabins.com/contactus.html" "Mozilla/5.0 (iPhone; CPU iPhone OS 13_7 like Mac OS X) AppleWebKit/605.1.15 (KHTML, like Gecko) Version/13.1.2 Mobile/15E148 Safari/604.1"
71.84.99.42 - - [11/Sep/2020:00:48:21 -0400] "GET /favicon.ico HTTP/1.0" 404 575 "http://www.circletcabins.com/contactus.html" "Mozilla/5.0 (iPhone; CPU iPhone OS 13_7 like Mac OS X) AppleWebKit/605.1.15 (KHTML, like Gecko) Version/13.1.2 Mobile/15E148 Safari/604.1"
185.191.171.19 - - [11/Sep/2020:02:45:11 -0400] "GET / HTTP/1.0" 200 10848 "-" "Mozilla/5.0 (compatible; SemrushBot/6~bl; +http://www.semrush.com/bot.html)"
185.191.171.23 - - [11/Sep/2020:08:25:34 -0400] "GET /robots.txt HTTP/1.0" 200 25 "-" "Mozilla/5.0 (compatible; SemrushBot/6~bl; +http://www.semrush.com/bot.html)"
66.249.68.15 - - [11/Sep/2020:10:54:53 -0400] "GET /scripts/1custom.css HTTP/1.0" 200 2152 "http://www.circletcabins.net/" "Mozilla/5.0 (Linux; Android 6.0.1; Nexus 5X Build/MMB29P) AppleWebKit/537.36 (KHTML, like Gecko) Chrome/85.0.4183.105 Mobile Safari/537.36 (compatible; Googlebot/2.1; +http://www.google.com/bot.html)"
66.249.79.10 - - [11/Sep/2020:14:54:45 -0400] "GET /scripts/website.css HTTP/1.0" 200 1660 "http://circletcabins.net/" "Mozilla/5.0 AppleWebKit/537.36 (KHTML, like Gecko; compatible; Googlebot/2.1; +http://www.google.com/bot.html) Chrome/85.0.4183.105 Safari/537.36"
66.249.79.8 - - [11/Sep/2020:14:54:46 -0400] "GET /scripts/print.css HTTP/1.0" 200 - "http://circletcabins.net/" "Mozilla/5.0 AppleWebKit/537.36 (KHTML, like Gecko; compatible; Googlebot/2.1; +http://www.google.com/bot.html) Chrome/85.0.4183.105 Safari/537.36"
71.209.207.196 - - [11/Sep/2020:15:01:43 -0400] "GET /scripts/website.css HTTP/1.0" 200 1660 "http://www.circletcabins.com/contactus.html" "Mozilla/5.0 (Macintosh; Intel Mac OS X 10_15_5) AppleWebKit/537.36 (KHTML, like Gecko) Chrome/85.0.4183.102 Safari/537.36"
71.209.207.196 - - [11/Sep/2020:15:01:43 -0400] "GET /scripts/print.css HTTP/1.0" 200 - "http://www.circletcabins.com/contactus.html" "Mozilla/5.0 (Macintosh; Intel Mac OS X 10_15_5) AppleWebKit/537.36 (KHTML, like Gecko) Chrome/85.0.4183.102 Safari/537.36"
35.229.57.203 - - [11/Sep/2020:16:04:39 -0400] "GET /robots.txt HTTP/1.0" 200 25 "-" "ZoominfoBot (zoominfobot at zoominfo dot com)"
82.80.249.159 - - [11/Sep/2020:19:01:31 -0400] "GET /scripts/icwebsiteelement.css HTTP/1.0" 200 8132 "http://www.circletcabins.net/" "Mozilla/5.0 (Windows NT 5.1) AppleWebKit/537.36 (KHTML, like Gecko) Chrome/31.0.1650.63 Safari/537.36"
185.191.171.9 - - [11/Sep/2020:19:17:48 -0400] "GET /maps.html HTTP/1.0" 200 6293 "-" "Mozilla/5.0 (compatible; SemrushBot/6~bl; +http://www.semrush.com/bot.html)"
76.20.56.80 - - [11/Sep/2020:21:25:07 -0400] "GET /images/136_P6220079.jpg HTTP/1.0" 200 3760 "http://www.circletcabins.com/" "Mozilla/5.0 (Windows NT 10.0; Win64; x64) AppleWebKit/537.36 (KHTML, like Gecko) Chrome/85.0.4183.102 Safari/537.36 Edg/85.0.564.51"
76.20.56.80 - - [11/Sep/2020:21:25:44 -0400] "GET /photos.html HTTP/1.0" 200 12735 "http://www.circletcabins.com/" "Mozilla/5.0 (Windows NT 10.0; Win64; x64) AppleWebKit/537.36 (KHTML, like Gecko) Chrome/85.0.4183.102 Safari/537.36 Edg/85.0.564.51"
76.20.56.80 - - [11/Sep/2020:21:25:45 -0400] "GET /images/179_PB060059.JPG HTTP/1.0" 200 7534 "http://www.circletcabins.com/photos.html" "Mozilla/5.0 (Windows NT 10.0; Win64; x64) AppleWebKit/537.36 (KHTML, like Gecko) Chrome/85.0.4183.102 Safari/537.36 Edg/85.0.564.51"
76.20.56.80 - - [11/Sep/2020:21:25:45 -0400] "GET /images/179_RIM00277.JPG HTTP/1.0" 200 6878 "http://www.circletcabins.com/photos.html" "Mozilla/5.0 (Windows NT 10.0; Win64; x64) AppleWebKit/537.36 (KHTML, like Gecko) Chrome/85.0.4183.102 Safari/537.36 Edg/85.0.564.51"
76.20.56.80 - - [11/Sep/2020:21:25:45 -0400] "GET /images/480_RIM00318.JPG HTTP/1.0" 200 27003 "http://www.circletcabins.com/photos.html" "Mozilla/5.0 (Windows NT 10.0; Win64; x64) AppleWebKit/537.36 (KHTML, like Gecko) Chrome/85.0.4183.102 Safari/537.36 Edg/85.0.564.51"
76.20.56.80 - - [11/Sep/2020:21:25:45 -0400] "GET /images/480_RIM00349.JPG HTTP/1.0" 200 52407 "http://www.circletcabins.com/photos.html" "Mozilla/5.0 (Windows NT 10.0; Win64; x64) AppleWebKit/537.36 (KHTML, like Gecko) Chrome/85.0.4183.102 Safari/537.36 Edg/85.0.564.51"
76.20.56.80 - - [11/Sep/2020:21:25:45 -0400] "GET /images/480_RIM00330.JPG HTTP/1.0" 200 25006 "http://www.circletcabins.com/photos.html" "Mozilla/5.0 (Windows NT 10.0; Win64; x64) AppleWebKit/537.36 (KHTML, like Gecko) Chrome/85.0.4183.102 Safari/537.36 Edg/85.0.564.51"
76.20.56.80 - - [11/Sep/2020:21:25:45 -0400] "GET /images/179_RIM00318.JPG HTTP/1.0" 200 5134 "http://www.circletcabins.com/photos.html" "Mozilla/5.0 (Windows NT 10.0; Win64; x64) AppleWebKit/537.36 (KHTML, like Gecko) Chrome/85.0.4183.102 Safari/537.36 Edg/85.0.564.51"
178.213.187.156 - - [11/Sep/2020:23:38:12 -0400] "GET / HTTP/1.0" 200 10848 "-" "Mozilla/5.0 (Windows NT 10.0; WOW64; rv:45.0) Gecko/20100101 Firefox/45.0"
176.9.25.107 - - [11/Sep/2020:23:53:08 -0400] "GET /robots.txt HTTP/1.0" 200 25 "-" "Mozilla/5.0 (compatible; MJ12bot/v1.4.8; http://mj12bot.com/)"
71.84.99.42 - - [11/Sep/2020:00:48:20 -0400] "GET /scripts/photoalbum.js HTTP/1.0" 200 62481 "http://www.circletcabins.com/contactus.html" "Mozilla/5.0 (iPhone; CPU iPhone OS 13_7 like Mac OS X) AppleWebKit/605.1.15 (KHTML, like Gecko) Version/13.1.2 Mobile/15E148 Safari/604.1"
185.191.171.23 - - [11/Sep/2020:02:45:16 -0400] "GET /sitemap.xml HTTP/1.0" 404 575 "-" "Mozilla/5.0 (compatible; SemrushBot/6~bl; +http://www.semrush.com/bot.html)"
66.249.79.83 - - [11/Sep/2020:05:57:43 -0400] "GET / HTTP/1.0" 200 10848 "-" "Mozilla/5.0 (compatible; Googlebot/2.1; +http://www.google.com/bot.html)"
66.249.68.13 - - [11/Sep/2020:10:54:50 -0400] "GET /robots.txt HTTP/1.0" 200 25 "-" "Mozilla/5.0 (compatible; Googlebot/2.1; +http://www.google.com/bot.html)"
66.249.68.17 - - [11/Sep/2020:10:54:53 -0400] "GET /scripts/photoalbum.js HTTP/1.0" 200 62481 "http://www.circletcabins.net/" "Mozilla/5.0 (Linux; Android 6.0.1; Nexus 5X Build/MMB29P) AppleWebKit/537.36 (KHTML, like Gecko) Chrome/85.0.4183.105 Mobile Safari/537.36 (compatible; Googlebot/2.1; +http://www.google.com/bot.html)"
66.249.79.8 - - [11/Sep/2020:14:54:33 -0400] "GET / HTTP/1.0" 200 10848 "-" "Mozilla/5.0 (compatible; Googlebot/2.1; +http://www.google.com/bot.html)"
71.209.207.196 - - [11/Sep/2020:15:01:44 -0400] "GET /images/222610.jpg HTTP/1.0" 200 16217 "http://www.circletcabins.com/scripts/website.css" "Mozilla/5.0 (Macintosh; Intel Mac OS X 10_15_5) AppleWebKit/537.36 (KHTML, like Gecko) Chrome/85.0.4183.102 Safari/537.36"
71.209.207.196 - - [11/Sep/2020:15:01:44 -0400] "GET /favicon.ico HTTP/1.0" 404 575 "http://www.circletcabins.com/contactus.html" "Mozilla/5.0 (Macintosh; Intel Mac OS X 10_15_5) AppleWebKit/537.36 (KHTML, like Gecko) Chrome/85.0.4183.102 Safari/537.36"
82.80.249.159 - - [11/Sep/2020:19:01:25 -0400] "GET /scripts/template.css HTTP/1.0" 200 9956 "http://www.circletcabins.net/" "Mozilla/5.0 (compatible; MSIE 10.0; Windows NT 6.2; WOW64; Trident/6.0)"
82.80.249.159 - - [11/Sep/2020:19:01:56 -0400] "GET /scripts/5custom.css HTTP/1.0" 200 1144 "http://www.circletcabins.net/photos.html" "Mozilla/5.0 (Windows NT 6.1; WOW64; rv:28.0) Gecko/20100101 Firefox/28.0"
82.80.249.133 - - [11/Sep/2020:19:02:18 -0400] "GET /images/136_P6220085.jpg HTTP/1.0" 200 3808 "-" "Mozilla/5.0 (Windows NT 6.1; WOW64; rv:27.3) Gecko/20100101 Firefox/27.3"
82.80.249.155 - - [11/Sep/2020:19:02:18 -0400] "GET /images/photoalbum/photo_controlBG.jpg HTTP/1.0" 200 336 "-" "Mozilla/5.0 (Windows NT 6.1; WOW64; rv:31.0) Gecko/20100101 Firefox/31.0"
82.80.249.133 - - [11/Sep/2020:19:02:30 -0400] "GET /images/photoalbum/button_photoPrev.jpg HTTP/1.0" 200 656 "-" "Mozilla/5.0 (Windows NT 6.1; rv:24.0) Gecko/20100101 Firefox/24.0"
76.20.56.80 - - [11/Sep/2020:21:25:46 -0400] "GET /scripts/5custom.css HTTP/1.0" 200 1144 "http://www.circletcabins.com/photos.html" "Mozilla/5.0 (Windows NT 10.0; Win64; x64) AppleWebKit/537.36 (KHTML, like Gecko) Chrome/85.0.4183.102 Safari/537.36 Edg/85.0.564.51"
76.20.56.80 - - [11/Sep/2020:21:25:46 -0400] "GET /images/photoalbum/button_photoPause.jpg HTTP/1.0" 200 605 "http://www.circletcabins.com/photos.html" "Mozilla/5.0 (Windows NT 10.0; Win64; x64) AppleWebKit/537.36 (KHTML, like Gecko) Chrome/85.0.4183.102 Safari/537.36 Edg/85.0.564.51"
76.20.56.80 - - [11/Sep/2020:21:25:46 -0400] "GET /images/photoalbum/button_photoPrev.jpg HTTP/1.0" 200 656 "http://www.circletcabins.com/photos.html" "Mozilla/5.0 (Windows NT 10.0; Win64; x64) AppleWebKit/537.36 (KHTML, like Gecko) Chrome/85.0.4183.102 Safari/537.36 Edg/85.0.564.51"
76.20.56.80 - - [11/Sep/2020:21:25:46 -0400] "GET /images/photoalbum/button_photoPlay.jpg HTTP/1.0" 200 613 "http://www.circletcabins.com/photos.html" "Mozilla/5.0 (Windows NT 10.0; Win64; x64) AppleWebKit/537.36 (KHTML, like Gecko) Chrome/85.0.4183.102 Safari/537.36 Edg/85.0.564.51"
76.20.56.80 - - [11/Sep/2020:21:25:46 -0400] "GET /images/photoalbum/button_photoLast.jpg HTTP/1.0" 200 637 "http://www.circletcabins.com/photos.html" "Mozilla/5.0 (Windows NT 10.0; Win64; x64) AppleWebKit/537.36 (KHTML, like Gecko) Chrome/85.0.4183.102 Safari/537.36 Edg/85.0.564.51"
76.20.56.80 - - [11/Sep/2020:21:25:46 -0400] "GET /images/photoalbum/button_photoSpeed1_ON.jpg HTTP/1.0" 200 476 "http://www.circletcabins.com/photos.html" "Mozilla/5.0 (Windows NT 10.0; Win64; x64) AppleWebKit/537.36 (KHTML, like Gecko) Chrome/85.0.4183.102 Safari/537.36 Edg/85.0.564.51"
76.20.56.80 - - [11/Sep/2020:21:25:46 -0400] "GET /images/photoalbum/button_photoSpeed3_ON.jpg HTTP/1.0" 200 587 "http://www.circletcabins.com/photos.html" "Mozilla/5.0 (Windows NT 10.0; Win64; x64) AppleWebKit/537.36 (KHTML, like Gecko) Chrome/85.0.4183.102 Safari/537.36 Edg/85.0.564.51"
76.20.56.80 - - [11/Sep/2020:21:25:46 -0400] "GET /images/photoalbum/button_photoSpeed4.jpg HTTP/1.0" 200 506 "http://www.circletcabins.com/photos.html" "Mozilla/5.0 (Windows NT 10.0; Win64; x64) AppleWebKit/537.36 (KHTML, like Gecko) Chrome/85.0.4183.102 Safari/537.36 Edg/85.0.564.51"
76.20.56.80 - - [11/Sep/2020:21:25:46 -0400] "GET /images/179_RIM00278.JPG HTTP/1.0" 200 7533 "http://www.circletcabins.com/photos.html" "Mozilla/5.0 (Windows NT 10.0; Win64; x64) AppleWebKit/537.36 (KHTML, like Gecko) Chrome/85.0.4183.102 Safari/537.36 Edg/85.0.564.51"
76.20.56.80 - - [11/Sep/2020:21:25:46 -0400] "GET /images/photoalbum/button_photoSpeed5.jpg HTTP/1.0" 200 502 "http://www.circletcabins.com/photos.html" "Mozilla/5.0 (Windows NT 10.0; Win64; x64) AppleWebKit/537.36 (KHTML, like Gecko) Chrome/85.0.4183.102 Safari/537.36 Edg/85.0.564.51"
76.20.56.80 - - [11/Sep/2020:21:25:46 -0400] "GET /images/photoalbum/photo_controlBG.jpg HTTP/1.0" 200 336 "http://www.circletcabins.com/scripts/icwebsiteelement.css" "Mozilla/5.0 (Windows NT 10.0; Win64; x64) AppleWebKit/537.36 (KHTML, like Gecko) Chrome/85.0.4183.102 Safari/537.36 Edg/85.0.564.51"
76.20.56.80 - - [11/Sep/2020:21:25:46 -0400] "GET /images/480_RIM00267.JPG HTTP/1.0" 200 45557 "http://www.circletcabins.com/photos.html" "Mozilla/5.0 (Windows NT 10.0; Win64; x64) AppleWebKit/537.36 (KHTML, like Gecko) Chrome/85.0.4183.102 Safari/537.36 Edg/85.0.564.51"
76.20.56.80 - - [11/Sep/2020:21:25:46 -0400] "GET /images/480_RIM00277.JPG HTTP/1.0" 200 43732 "http://www.circletcabins.com/photos.html" "Mozilla/5.0 (Windows NT 10.0; Win64; x64) AppleWebKit/537.36 (KHTML, like Gecko) Chrome/85.0.4183.102 Safari/537.36 Edg/85.0.564.51"
76.20.56.80 - - [11/Sep/2020:21:25:46 -0400] "GET /images/480_RIM00304.JPG HTTP/1.0" 200 36496 "http://www.circletcabins.com/photos.html" "Mozilla/5.0 (Windows NT 10.0; Win64; x64) AppleWebKit/537.36 (KHTML, like Gecko) Chrome/85.0.4183.102 Safari/537.36 Edg/85.0.564.51"
76.20.56.80 - - [11/Sep/2020:21:25:47 -0400] "GET /images/179_RIM00346.JPG HTTP/1.0" 200 7650 "http://www.circletcabins.com/photos.html" "Mozilla/5.0 (Windows NT 10.0; Win64; x64) AppleWebKit/537.36 (KHTML, like Gecko) Chrome/85.0.4183.102 Safari/537.36 Edg/85.0.564.51"
76.20.56.80 - - [11/Sep/2020:21:25:47 -0400] "GET /images/179_RIM00353.JPG HTTP/1.0" 200 4258 "http://www.circletcabins.com/photos.html" "Mozilla/5.0 (Windows NT 10.0; Win64; x64) AppleWebKit/537.36 (KHTML, like Gecko) Chrome/85.0.4183.102 Safari/537.36 Edg/85.0.564.51"
76.20.56.80 - - [11/Sep/2020:21:25:47 -0400] "GET /images/179_PB290110.JPG HTTP/1.0" 200 7912 "http://www.circletcabins.com/photos.html" "Mozilla/5.0 (Windows NT 10.0; Win64; x64) AppleWebKit/537.36 (KHTML, like Gecko) Chrome/85.0.4183.102 Safari/537.36 Edg/85.0.564.51"
5.188.62.25 - - [11/Sep/2020:22:58:32 -0400] "GET /administrator.php HTTP/1.0" 404 575 "-" "Mozilla/5.0 (Windows NT 6.0) AppleWebKit/537.36 (KHTML, like Gecko) Chrome/41.0.2227.1 Safari/537.36"
176.9.25.107 - - [11/Sep/2020:23:53:12 -0400] "GET / HTTP/1.0" 200 10848 "-" "Mozilla/5.0 (compatible; MJ12bot/v1.4.8; http://mj12bot.com/)"
157.55.39.1 - - [11/Sep/2020:00:40:02 -0400] "GET /robots.txt HTTP/1.0" 200 25 "-" "Mozilla/5.0 (compatible; bingbot/2.0; +http://www.bing.com/bingbot.htm)"
71.84.99.42 - - [11/Sep/2020:00:48:20 -0400] "GET /scripts/4.css HTTP/1.0" 200 203 "http://www.circletcabins.com/contactus.html" "Mozilla/5.0 (iPhone; CPU iPhone OS 13_7 like Mac OS X) AppleWebKit/605.1.15 (KHTML, like Gecko) Version/13.1.2 Mobile/15E148 Safari/604.1"
71.84.99.42 - - [11/Sep/2020:00:48:20 -0400] "GET /scripts/icwebsiteelement.css HTTP/1.0" 200 8132 "http://www.circletcabins.com/contactus.html" "Mozilla/5.0 (iPhone; CPU iPhone OS 13_7 like Mac OS X) AppleWebKit/605.1.15 (KHTML, like Gecko) Version/13.1.2 Mobile/15E148 Safari/604.1"
34.244.139.68 - - [11/Sep/2020:00:52:18 -0400] "GET /contactus.html HTTP/1.0" 200 8900 "-" "Mozilla/5.0 (Windows NT 6.2; WOW64)"
71.84.99.42 - - [11/Sep/2020:00:48:21 -0400] "GET /scripts/website.css HTTP/1.0" 200 1660 "http://www.circletcabins.com/contactus.html" "Mozilla/5.0 (iPhone; CPU iPhone OS 13_7 like Mac OS X) AppleWebKit/605.1.15 (KHTML, like Gecko) Version/13.1.2 Mobile/15E148 Safari/604.1"
71.84.99.42 - - [11/Sep/2020:00:48:21 -0400] "GET /scripts/template.css HTTP/1.0" 200 9956 "http://www.circletcabins.com/contactus.html" "Mozilla/5.0 (iPhone; CPU iPhone OS 13_7 like Mac OS X) AppleWebKit/605.1.15 (KHTML, like Gecko) Version/13.1.2 Mobile/15E148 Safari/604.1"
93.158.161.40 - - [11/Sep/2020:02:52:56 -0400] "GET /robots.txt HTTP/1.0" 200 25 "-" "Mozilla/5.0 (compatible; YandexBot/3.0; +http://yandex.com/bots)"
93.158.161.40 - - [11/Sep/2020:02:53:00 -0400] "GET /contactus.html HTTP/1.0" 200 8900 "-" "Mozilla/5.0 (compatible; YandexBot/3.0; +http://yandex.com/bots)"
66.249.79.8 - - [11/Sep/2020:09:10:14 -0400] "GET / HTTP/1.0" 200 10848 "-" "Mozilla/5.0 (Linux; Android 6.0.1; Nexus 5X Build/MMB29P) AppleWebKit/537.36 (KHTML, like Gecko) Chrome/80.0.3987.92 Mobile Safari/537.36 (compatible; Googlebot/2.1; +http://www.google.com/bot.html)"
54.36.149.30 - - [11/Sep/2020:14:25:06 -0400] "GET / HTTP/1.0" 200 10848 "-" "Mozilla/5.0 (compatible; AhrefsBot/7.0; +http://ahrefs.com/robot/)"
52.142.55.0 - - [11/Sep/2020:14:29:43 -0400] "GET /wp-content/plugins/ioptimization/IOptimize.php?rchk HTTP/1.0" 404 575 "www.google.com" "Mozlila/5.0 (Linux; Android 7.0; SM-G892A Bulid/NRD90M; wv) AppleWebKit/537.36 (KHTML, like Gecko) Version/4.0 Chrome/60.0.3112.107 Moblie Safari/537.36"
66.249.79.10 - - [11/Sep/2020:14:54:43 -0400] "GET /scripts/ic_globals_published.js HTTP/1.0" 200 566 "http://circletcabins.net/" "Mozilla/5.0 AppleWebKit/537.36 (KHTML, like Gecko; compatible; Googlebot/2.1; +http://www.google.com/bot.html) Chrome/85.0.4183.105 Safari/537.36"
71.209.207.196 - - [11/Sep/2020:15:01:44 -0400] "GET /scripts/template.css HTTP/1.0" 200 9956 "http://www.circletcabins.com/contactus.html" "Mozilla/5.0 (Macintosh; Intel Mac OS X 10_15_5) AppleWebKit/537.36 (KHTML, like Gecko) Chrome/85.0.4183.102 Safari/537.36"
82.80.249.159 - - [11/Sep/2020:19:01:51 -0400] "GET /links.html HTTP/1.0" 200 5638 "http://www.circletcabins.net/" "Mozilla/5.0 (Macintosh; Intel Mac OS X 10_9) AppleWebKit/537.71 (KHTML, like Gecko) Version/7.0 Safari/537.71"
82.80.249.159 - - [11/Sep/2020:19:01:52 -0400] "GET /scripts/8custom.css HTTP/1.0" 200 804 "http://www.circletcabins.net/areaservices.html" "Mozilla/6.0 (compatible)"
82.80.249.159 - - [11/Sep/2020:19:02:00 -0400] "GET /scripts/3custom.css HTTP/1.0" 200 1478 "http://www.circletcabins.net/links.html" "Mozilla/5.0 (compatible, MSIE 11, Windows NT 6.3; Trident/7.0; rv:11.0) like Gecko"
82.80.249.143 - - [11/Sep/2020:19:02:39 -0400] "GET /images/222610.jpg HTTP/1.0" 200 16217 "-" "Mozilla/5.0 (Macintosh; Intel Mac OS X 10.7; rv:26.0) Gecko/20100101 Firefox/26.0"
82.80.249.143 - - [11/Sep/2020:19:02:41 -0400] "GET /images/photoalbum/button_photoSpeed2_ON.jpg HTTP/1.0" 200 492 "-" "Mozilla/5.0 (Windows NT 6.3; WOW64) AppleWebKit/537.36 (KHTML, like Gecko) Chrome/32.0.1700.72 Safari/537.36"
76.20.56.80 - - [11/Sep/2020:21:25:46 -0400] "GET /images/480_RIM00309.JPG HTTP/1.0" 200 30988 "http://www.circletcabins.com/photos.html" "Mozilla/5.0 (Windows NT 10.0; Win64; x64) AppleWebKit/537.36 (KHTML, like Gecko) Chrome/85.0.4183.102 Safari/537.36 Edg/85.0.564.51"
76.20.56.80 - - [11/Sep/2020:21:25:46 -0400] "GET /images/179_RIM00309.JPG HTTP/1.0" 200 5504 "http://www.circletcabins.com/photos.html" "Mozilla/5.0 (Windows NT 10.0; Win64; x64) AppleWebKit/537.36 (KHTML, like Gecko) Chrome/85.0.4183.102 Safari/537.36 Edg/85.0.564.51"
157.55.39.1 - - [11/Sep/2020:22:45:06 -0400] "GET /robots.txt HTTP/1.0" 200 25 "-" "Mozilla/5.0 (compatible; bingbot/2.0; +http://www.bing.com/bingbot.htm)"
40.77.167.174 - - [11/Sep/2020:00:13:10 -0400] "GET /contactus.html HTTP/1.0" 200 8900 "-" "Mozilla/5.0 (compatible; bingbot/2.0; +http://www.bing.com/bingbot.htm)"
71.84.99.42 - - [11/Sep/2020:00:48:20 -0400] "GET /contactus.html HTTP/1.0" 200 8900 "https://www.google.com/" "Mozilla/5.0 (iPhone; CPU iPhone OS 13_7 like Mac OS X) AppleWebKit/605.1.15 (KHTML, like Gecko) Version/13.1.2 Mobile/15E148 Safari/604.1"
71.84.99.42 - - [11/Sep/2020:00:48:21 -0400] "GET /scripts/user.js HTTP/1.0" 200 23762 "http://www.circletcabins.com/contactus.html" "Mozilla/5.0 (iPhone; CPU iPhone OS 13_7 like Mac OS X) AppleWebKit/605.1.15 (KHTML, like Gecko) Version/13.1.2 Mobile/15E148 Safari/604.1"
2.58.12.145 - - [11/Sep/2020:10:23:53 -0400] "GET / HTTP/1.0" 200 10848 "-" "Mozilla/5.0 (Macintosh; Intel Mac OS X 10_14_6) AppleWebKit/537.36 (KHTML, like Gecko) Chrome/76.0.3809.132 Safari/537.36"
178.238.227.87 - - [11/Sep/2020:12:34:14 -0400] "GET //wp-content/plugins/wp-file-manager/lib/files/hardfork.php HTTP/1.0" 404 575 "-" "python-requests/2.24.0"
185.191.171.6 - - [11/Sep/2020:13:41:36 -0400] "GET /robots.txt HTTP/1.0" 200 25 "-" "Mozilla/5.0 (compatible; SemrushBot/6~bl; +http://www.semrush.com/bot.html)"
185.191.171.19 - - [11/Sep/2020:13:41:37 -0400] "GET /links.html HTTP/1.0" 200 5638 "-" "Mozilla/5.0 (compatible; SemrushBot/6~bl; +http://www.semrush.com/bot.html)"
66.249.79.10 - - [11/Sep/2020:14:54:44 -0400] "GET /scripts/icwebsiteelement.css HTTP/1.0" 200 8132 "http://circletcabins.net/" "Mozilla/5.0 AppleWebKit/537.36 (KHTML, like Gecko; compatible; Googlebot/2.1; +http://www.google.com/bot.html) Chrome/85.0.4183.105 Safari/537.36"
71.209.207.196 - - [11/Sep/2020:15:01:44 -0400] "GET /scripts/user.js HTTP/1.0" 200 23762 "http://www.circletcabins.com/contactus.html" "Mozilla/5.0 (Macintosh; Intel Mac OS X 10_15_5) AppleWebKit/537.36 (KHTML, like Gecko) Chrome/85.0.4183.102 Safari/537.36"
71.209.207.196 - - [11/Sep/2020:15:01:44 -0400] "GET /images/ic_034_body_bg_wide.jpg HTTP/1.0" 200 90532 "http://www.circletcabins.com/scripts/template.css" "Mozilla/5.0 (Macintosh; Intel Mac OS X 10_15_5) AppleWebKit/537.36 (KHTML, like Gecko) Chrome/85.0.4183.102 Safari/537.36"
54.37.160.145 - - [11/Sep/2020:16:26:42 -0400] "GET / HTTP/1.0" 200 10848 "-" "python-requests/2.24.0"
194.127.179.48 - - [11/Sep/2020:17:16:34 -0400] "GET / HTTP/1.0" 200 10848 "-" "Mozilla/5.0 (Macintosh; Intel Mac OS X 10_6_0) AppleWebKit/537.4 (KHTML, like Gecko) Chrome/22.0.1229.79 Safari/537.4"
114.119.146.126 - - [11/Sep/2020:17:35:47 -0400] "GET /contactus.html HTTP/1.0" 200 8900 "-" "Mozilla/5.0 (Linux; Android 7.0;) AppleWebKit/537.36 (KHTML, like Gecko) Mobile Safari/537.36 (compatible; PetalBot;+http://aspiegel.com/petalbot)"
157.55.39.1 - - [11/Sep/2020:18:32:41 -0400] "GET /robots.txt HTTP/1.0" 200 25 "-" "Mozilla/5.0 (compatible; bingbot/2.0; +http://www.bing.com/bingbot.htm)"
114.119.148.242 - - [11/Sep/2020:18:49:13 -0400] "GET /robots.txt HTTP/1.0" 200 25 "-" "(compatible;PetalBot;+http://aspiegel.com/petalbot)"
82.80.249.194 - - [11/Sep/2020:19:02:19 -0400] "GET /images/photoalbum/button_photoSpeed1_ON.jpg HTTP/1.0" 200 476 "-" "Mozilla/5.0 (Macintosh; Intel Mac OS X 10.7; rv:26.0) Gecko/20100101 Firefox/26.0"
76.20.56.80 - - [11/Sep/2020:21:25:08 -0400] "GET /images/136_P6220108.jpg HTTP/1.0" 200 3793 "http://www.circletcabins.com/" "Mozilla/5.0 (Windows NT 10.0; Win64; x64) AppleWebKit/537.36 (KHTML, like Gecko) Chrome/85.0.4183.102 Safari/537.36 Edg/85.0.564.51"
76.20.56.80 - - [11/Sep/2020:21:25:45 -0400] "GET /images/480_RIM00269.JPG HTTP/1.0" 200 53787 "http://www.circletcabins.com/photos.html" "Mozilla/5.0 (Windows NT 10.0; Win64; x64) AppleWebKit/537.36 (KHTML, like Gecko) Chrome/85.0.4183.102 Safari/537.36 Edg/85.0.564.51"
76.20.56.80 - - [11/Sep/2020:21:25:46 -0400] "GET /images/179_RIM00331.JPG HTTP/1.0" 200 8763 "http://www.circletcabins.com/photos.html" "Mozilla/5.0 (Windows NT 10.0; Win64; x64) AppleWebKit/537.36 (KHTML, like Gecko) Chrome/85.0.4183.102 Safari/537.36 Edg/85.0.564.51"
5.188.62.25 - - [11/Sep/2020:22:58:32 -0400] "GET /login/ HTTP/1.0" 404 575 "-" "Mozilla/5.0 (Windows NT 6.0) AppleWebKit/537.36 (KHTML, like Gecko) Chrome/41.0.2227.1 Safari/537.36"
71.84.99.42 - - [11/Sep/2020:00:48:21 -0400] "GET /images/222610.jpg HTTP/1.0" 200 16217 "http://www.circletcabins.com/contactus.html" "Mozilla/5.0 (iPhone; CPU iPhone OS 13_7 like Mac OS X) AppleWebKit/605.1.15 (KHTML, like Gecko) Version/13.1.2 Mobile/15E148 Safari/604.1"
114.119.130.218 - - [11/Sep/2020:01:33:06 -0400] "GET /maps.html HTTP/1.0" 200 6293 "-" "Mozilla/5.0 (Linux; Android 7.0;) AppleWebKit/537.36 (KHTML, like Gecko) Mobile Safari/537.36 (compatible; PetalBot;+http://aspiegel.com/petalbot)"
185.191.171.4 - - [11/Sep/2020:02:45:19 -0400] "GET /sitemap.xml HTTP/1.0" 404 575 "-" "Mozilla/5.0 (compatible; SemrushBot/6~bl; +http://www.semrush.com/bot.html)"
40.77.167.3 - - [11/Sep/2020:06:04:27 -0400] "GET /photos.html HTTP/1.0" 200 12735 "-" "Mozilla/5.0 (compatible; bingbot/2.0; +http://www.bing.com/bingbot.htm)"
66.249.68.17 - - [11/Sep/2020:10:54:51 -0400] "GET / HTTP/1.0" 200 10848 "-" "Mozilla/5.0 (Linux; Android 6.0.1; Nexus 5X Build/MMB29P) AppleWebKit/537.36 (KHTML, like Gecko) Chrome/80.0.3987.92 Mobile Safari/537.36 (compatible; Googlebot/2.1; +http://www.google.com/bot.html)"
66.249.79.8 - - [11/Sep/2020:14:54:46 -0400] "GET /scripts/photoalbum.js HTTP/1.0" 200 62481 "http://circletcabins.net/" "Mozilla/5.0 AppleWebKit/537.36 (KHTML, like Gecko; compatible; Googlebot/2.1; +http://www.google.com/bot.html) Chrome/85.0.4183.105 Safari/537.36"
192.71.44.44 - - [11/Sep/2020:15:17:51 -0400] "GET / HTTP/1.0" 200 10848 "http://circletcabins.site/" "Go-http-client/1.1"
35.229.57.203 - - [11/Sep/2020:15:59:49 -0400] "GET /robots.txt HTTP/1.0" 200 25 "-" "ZoominfoBot (zoominfobot at zoominfo dot com)"
209.17.96.42 - - [11/Sep/2020:17:51:01 -0400] "GET / HTTP/1.0" 200 10848 "-" "Mozilla/5.0 (compatible; Nimbostratus-Bot/v1.3.2; http://cloudsystemnetworks.com)"
185.191.171.2 - - [11/Sep/2020:18:38:58 -0400] "GET /robots.txt HTTP/1.0" 200 25 "-" "Mozilla/5.0 (compatible; SemrushBot/6~bl; +http://www.semrush.com/bot.html)"
185.191.171.33 - - [11/Sep/2020:18:38:58 -0400] "GET /homepage.html HTTP/1.0" 200 10848 "-" "Mozilla/5.0 (compatible; SemrushBot/6~bl; +http://www.semrush.com/bot.html)"
82.80.249.159 - - [11/Sep/2020:19:01:48 -0400] "GET /maps.html HTTP/1.0" 200 6293 "http://www.circletcabins.net/" "Mozilla/5.0 (Windows NT 6.2; WOW64) AppleWebKit/537.36 (KHTML, like Gecko) Chrome/31.0.1650.63 Safari/537.36"
82.80.249.159 - - [11/Sep/2020:19:01:49 -0400] "GET /contactus.html HTTP/1.0" 200 8900 "http://www.circletcabins.net/" "Mozilla/5.0 (Windows NT 6.0) AppleWebKit/537.36 (KHTML, like Gecko) Chrome/31.0.1650.63 Safari/537.36"
82.80.249.159 - - [11/Sep/2020:19:01:52 -0400] "GET /scripts/7custom.css HTTP/1.0" 200 805 "http://www.circletcabins.net/summercalendar.html" "Mozilla/5.0 (Windows NT 6.3; WOW64; rv:26.0) Gecko/20100101 Firefox/26.0"
17.58.56.21 - - [11/Sep/2020:20:25:36 -0400] "GET / HTTP/1.0" 200 10848 "-" "Mozilla/5.0 (Macintosh; Intel Mac OS X 10.12; rv:52.0) Gecko/20100101 Firefox/52.0"
76.20.56.80 - - [11/Sep/2020:21:25:08 -0400] "GET / HTTP/1.0" 200 10848 "https://www.google.com/" "Mozilla/5.0 (Windows NT 10.0; Win64; x64) AppleWebKit/537.36 (KHTML, like Gecko) Chrome/85.0.4183.102 Safari/537.36 Edg/85.0.564.51"
76.20.56.80 - - [11/Sep/2020:21:25:09 -0400] "GET /images/clear_pixel.gif HTTP/1.0" 404 575 "http://www.circletcabins.com/" "Mozilla/5.0 (Windows NT 10.0; Win64; x64) AppleWebKit/537.36 (KHTML, like Gecko) Chrome/85.0.4183.102 Safari/537.36 Edg/85.0.564.51"
