0byt3m1n1
Path:
/
data
/
0
/
0
/
79
/
35
/
79687
/
meta
/
80998
/
logs
/
[
Home
]
File: x-access_log.2020-09-12
5.188.62.25 - - [12/Sep/2020:02:45:26 -0400] "GET / HTTP/1.0" 200 10848 "-" "Mozilla/5.0 (Windows NT 6.0; WOW64) AppleWebKit/537.36 (KHTML, like Gecko) Chrome/41.0.2224.3 Safari/537.36"
109.102.111.58 - - [12/Sep/2020:06:44:25 -0400] "GET /onlinespecial.html HTTP/1.0" 200 6897 "-" "Mozilla/5.0 (Macintosh; Intel Mac OS X 10_10_4) AppleWebKit/537.36 (KHTML, like Gecko) Chrome/45.0.2454.85 Safari/537.36"
109.102.111.58 - - [12/Sep/2020:06:44:32 -0400] "GET /contactus.html HTTP/1.0" 200 8900 "-" "Mozilla/5.0 (iPhone; CPU iPhone OS 8_2 like Mac OS X) AppleWebKit/600.1.4 (KHTML, like Gecko) Version/8.0 Mobile/12D508 Safari/600.1.4"
109.102.111.58 - - [12/Sep/2020:06:44:44 -0400] "GET /maps.html HTTP/1.0" 200 6293 "-" "Mozilla/5.0 (Linux; Android 5.1; XT1254 Build/SU3TL-39) AppleWebKit/537.36 (KHTML, like Gecko) Chrome/45.0.2454.84 Mobile Safari/537.36"
104.222.46.140 - - [12/Sep/2020:07:51:45 -0400] "GET /robots.txt HTTP/1.0" 200 25 "-" "Mozilla/5.0 (compatible; Konqueror/3; Linux)"
104.222.46.140 - - [12/Sep/2020:07:52:07 -0400] "GET /onlinespecial.html HTTP/1.0" 200 6897 "-" "Mozilla/5.0 (compatible; Konqueror/3; Linux)"
207.200.8.180 - - [12/Sep/2020:09:46:25 -0400] "GET /images/photoalbum/button_photoSpeed3_ON.jpg HTTP/1.0" 200 587 "-" "Mozilla/5.0 (Windows; U; MSIE 9.0; Windows NT 9.0; en-US"
207.200.8.180 - - [12/Sep/2020:09:46:27 -0400] "GET /images/photoalbum/button_photoFirst.jpg HTTP/1.0" 200 637 "-" "Mozilla/5.0 (Windows; U; MSIE 9.0; Windows NT 9.0; en-US"
207.200.8.180 - - [12/Sep/2020:09:46:29 -0400] "GET /images/photoalbum/button_photoPrev.jpg HTTP/1.0" 200 656 "-" "Mozilla/5.0 (Windows; U; MSIE 9.0; Windows NT 9.0; en-US"
66.249.79.90 - - [12/Sep/2020:10:11:52 -0400] "GET / HTTP/1.0" 200 10848 "-" "Mozilla/5.0 (compatible; Googlebot/2.1; +http://www.google.com/bot.html)"
75.104.127.19 - - [12/Sep/2020:11:15:13 -0400] "GET /scripts/5custom.css HTTP/1.0" 200 1144 "http://www.circletcabins.com/photos.html" "Mozilla/5.0 (iPad; CPU OS 12_4 like Mac OS X) AppleWebKit/605.1.15 (KHTML, like Gecko) CriOS/85.0.4183.92 Mobile/15E148 Safari/604.1"
75.104.127.19 - - [12/Sep/2020:11:15:13 -0400] "GET /images/photoalbum/button_photoPlay.jpg HTTP/1.0" 200 613 "http://www.circletcabins.com/photos.html" "Mozilla/5.0 (iPad; CPU OS 12_4 like Mac OS X) AppleWebKit/605.1.15 (KHTML, like Gecko) CriOS/85.0.4183.92 Mobile/15E148 Safari/604.1"
75.104.127.19 - - [12/Sep/2020:11:15:14 -0400] "GET /images/photoalbum/button_photoFirst.jpg HTTP/1.0" 200 637 "http://www.circletcabins.com/photos.html" "Mozilla/5.0 (iPad; CPU OS 12_4 like Mac OS X) AppleWebKit/605.1.15 (KHTML, like Gecko) CriOS/85.0.4183.92 Mobile/15E148 Safari/604.1"
75.104.127.19 - - [12/Sep/2020:11:15:15 -0400] "GET /images/photoalbum/button_photoSpeed2_ON.jpg HTTP/1.0" 200 492 "http://www.circletcabins.com/photos.html" "Mozilla/5.0 (iPad; CPU OS 12_4 like Mac OS X) AppleWebKit/605.1.15 (KHTML, like Gecko) CriOS/85.0.4183.92 Mobile/15E148 Safari/604.1"
75.104.127.19 - - [12/Sep/2020:11:15:21 -0400] "GET /images/179_RIM00275.JPG HTTP/1.0" 200 5833 "http://www.circletcabins.com/photos.html" "Mozilla/5.0 (iPad; CPU OS 12_4 like Mac OS X) AppleWebKit/605.1.15 (KHTML, like Gecko) CriOS/85.0.4183.92 Mobile/15E148 Safari/604.1"
75.104.127.19 - - [12/Sep/2020:11:15:22 -0400] "GET /images/696_RIM00309.JPG HTTP/1.0" 200 61232 "http://www.circletcabins.com/photos.html" "Mozilla/5.0 (iPad; CPU OS 12_4 like Mac OS X) AppleWebKit/605.1.15 (KHTML, like Gecko) CriOS/85.0.4183.92 Mobile/15E148 Safari/604.1"
75.104.127.19 - - [12/Sep/2020:11:15:25 -0400] "GET /images/179_RIM00346.JPG HTTP/1.0" 200 7650 "http://www.circletcabins.com/photos.html" "Mozilla/5.0 (iPad; CPU OS 12_4 like Mac OS X) AppleWebKit/605.1.15 (KHTML, like Gecko) CriOS/85.0.4183.92 Mobile/15E148 Safari/604.1"
75.104.127.19 - - [12/Sep/2020:11:15:25 -0400] "GET /images/179_RIM00349.JPG HTTP/1.0" 200 8205 "http://www.circletcabins.com/photos.html" "Mozilla/5.0 (iPad; CPU OS 12_4 like Mac OS X) AppleWebKit/605.1.15 (KHTML, like Gecko) CriOS/85.0.4183.92 Mobile/15E148 Safari/604.1"
75.104.127.19 - - [12/Sep/2020:11:15:26 -0400] "GET /images/179_RIM00353.JPG HTTP/1.0" 200 4258 "http://www.circletcabins.com/photos.html" "Mozilla/5.0 (iPad; CPU OS 12_4 like Mac OS X) AppleWebKit/605.1.15 (KHTML, like Gecko) CriOS/85.0.4183.92 Mobile/15E148 Safari/604.1"
75.104.127.19 - - [12/Sep/2020:11:15:26 -0400] "GET /images/696_RIM00355.JPG HTTP/1.0" 200 53321 "http://www.circletcabins.com/photos.html" "Mozilla/5.0 (iPad; CPU OS 12_4 like Mac OS X) AppleWebKit/605.1.15 (KHTML, like Gecko) CriOS/85.0.4183.92 Mobile/15E148 Safari/604.1"
75.104.127.19 - - [12/Sep/2020:11:15:28 -0400] "GET /images/480_RIM00358.JPG HTTP/1.0" 200 25741 "http://www.circletcabins.com/photos.html" "Mozilla/5.0 (iPad; CPU OS 12_4 like Mac OS X) AppleWebKit/605.1.15 (KHTML, like Gecko) CriOS/85.0.4183.92 Mobile/15E148 Safari/604.1"
75.104.127.19 - - [12/Sep/2020:11:15:30 -0400] "GET /images/480_RIM00360.JPG HTTP/1.0" 200 50267 "http://www.circletcabins.com/photos.html" "Mozilla/5.0 (iPad; CPU OS 12_4 like Mac OS X) AppleWebKit/605.1.15 (KHTML, like Gecko) CriOS/85.0.4183.92 Mobile/15E148 Safari/604.1"
75.104.127.19 - - [12/Sep/2020:11:15:31 -0400] "GET /images/696_RIM00330.JPG HTTP/1.0" 200 47143 "http://www.circletcabins.com/photos.html" "Mozilla/5.0 (iPad; CPU OS 12_4 like Mac OS X) AppleWebKit/605.1.15 (KHTML, like Gecko) CriOS/85.0.4183.92 Mobile/15E148 Safari/604.1"
75.104.127.19 - - [12/Sep/2020:11:15:59 -0400] "GET /scripts/6custom.css HTTP/1.0" 200 1141 "http://www.circletcabins.com/onlinespecial.html" "Mozilla/5.0 (iPad; CPU OS 12_4 like Mac OS X) AppleWebKit/605.1.15 (KHTML, like Gecko) CriOS/85.0.4183.92 Mobile/15E148 Safari/604.1"
75.104.127.19 - - [12/Sep/2020:11:17:21 -0400] "GET /scripts/7custom.css HTTP/1.0" 200 805 "http://www.circletcabins.com/summercalendar.html" "Mozilla/5.0 (iPad; CPU OS 12_4 like Mac OS X) AppleWebKit/605.1.15 (KHTML, like Gecko) CriOS/85.0.4183.92 Mobile/15E148 Safari/604.1"
66.249.68.9 - - [12/Sep/2020:13:31:45 -0400] "GET /ads.txt HTTP/1.0" 404 575 "-" "Mozilla/5.0 (compatible; Googlebot/2.1; +http://www.google.com/bot.html)"
66.249.79.90 - - [12/Sep/2020:14:30:38 -0400] "GET /ads.txt HTTP/1.0" 404 575 "-" "Mozilla/5.0 (compatible; Googlebot/2.1; +http://www.google.com/bot.html)"
34.75.112.66 - - [12/Sep/2020:17:15:02 -0400] "GET / HTTP/1.0" 200 10848 "-" "ZoominfoBot (zoominfobot at zoominfo dot com)"
34.75.112.66 - - [12/Sep/2020:17:19:12 -0400] "GET /robots.txt HTTP/1.0" 200 25 "-" "ZoominfoBot (zoominfobot at zoominfo dot com)"
73.189.64.153 - - [12/Sep/2020:21:17:30 -0400] "GET /contactus.html HTTP/1.0" 200 8900 "https://www.google.com/" "Mozilla/5.0 (Windows NT 10.0; Win64; x64) AppleWebKit/537.36 (KHTML, like Gecko) Chrome/85.0.4183.102 Safari/537.36"
73.189.64.153 - - [12/Sep/2020:21:17:30 -0400] "GET /scripts/website.css HTTP/1.0" 200 1660 "http://www.circletcabins.com/contactus.html" "Mozilla/5.0 (Windows NT 10.0; Win64; x64) AppleWebKit/537.36 (KHTML, like Gecko) Chrome/85.0.4183.102 Safari/537.36"
73.189.64.153 - - [12/Sep/2020:21:18:04 -0400] "GET /scripts/2custom.css HTTP/1.0" 200 1478 "http://www.circletcabins.com/maps.html" "Mozilla/5.0 (Windows NT 10.0; Win64; x64) AppleWebKit/537.36 (KHTML, like Gecko) Chrome/85.0.4183.102 Safari/537.36"
73.189.64.153 - - [12/Sep/2020:21:18:08 -0400] "GET /images/600_Jan27_01_2.dmsp1.jpg HTTP/1.0" 200 87882 "http://www.circletcabins.com/maps.html" "Mozilla/5.0 (Windows NT 10.0; Win64; x64) AppleWebKit/537.36 (KHTML, like Gecko) Chrome/85.0.4183.102 Safari/537.36"
73.189.64.153 - - [12/Sep/2020:21:18:26 -0400] "GET /images/photoalbum/button_photoSpeed2_ON.jpg HTTP/1.0" 200 492 "http://www.circletcabins.com/photos.html" "Mozilla/5.0 (Windows NT 10.0; Win64; x64) AppleWebKit/537.36 (KHTML, like Gecko) Chrome/85.0.4183.102 Safari/537.36"
73.189.64.153 - - [12/Sep/2020:21:18:26 -0400] "GET /scripts/5custom.css HTTP/1.0" 200 1144 "http://www.circletcabins.com/photos.html" "Mozilla/5.0 (Windows NT 10.0; Win64; x64) AppleWebKit/537.36 (KHTML, like Gecko) Chrome/85.0.4183.102 Safari/537.36"
73.189.64.153 - - [12/Sep/2020:21:18:26 -0400] "GET /images/photoalbum/button_photoSpeed3_ON.jpg HTTP/1.0" 200 587 "http://www.circletcabins.com/photos.html" "Mozilla/5.0 (Windows NT 10.0; Win64; x64) AppleWebKit/537.36 (KHTML, like Gecko) Chrome/85.0.4183.102 Safari/537.36"
73.189.64.153 - - [12/Sep/2020:21:18:26 -0400] "GET /images/photoalbum/button_photoSpeed4.jpg HTTP/1.0" 200 506 "http://www.circletcabins.com/photos.html" "Mozilla/5.0 (Windows NT 10.0; Win64; x64) AppleWebKit/537.36 (KHTML, like Gecko) Chrome/85.0.4183.102 Safari/537.36"
73.189.64.153 - - [12/Sep/2020:21:18:26 -0400] "GET /images/photoalbum/photo_controlBG.jpg HTTP/1.0" 200 336 "http://www.circletcabins.com/scripts/icwebsiteelement.css" "Mozilla/5.0 (Windows NT 10.0; Win64; x64) AppleWebKit/537.36 (KHTML, like Gecko) Chrome/85.0.4183.102 Safari/537.36"
73.189.64.153 - - [12/Sep/2020:21:18:26 -0400] "GET /images/480_RIM00269.JPG HTTP/1.0" 200 53787 "http://www.circletcabins.com/photos.html" "Mozilla/5.0 (Windows NT 10.0; Win64; x64) AppleWebKit/537.36 (KHTML, like Gecko) Chrome/85.0.4183.102 Safari/537.36"
73.189.64.153 - - [12/Sep/2020:21:18:26 -0400] "GET /images/179_RIM00277.JPG HTTP/1.0" 200 6878 "http://www.circletcabins.com/photos.html" "Mozilla/5.0 (Windows NT 10.0; Win64; x64) AppleWebKit/537.36 (KHTML, like Gecko) Chrome/85.0.4183.102 Safari/537.36"
73.189.64.153 - - [12/Sep/2020:21:18:26 -0400] "GET /images/480_Pb060067.jpg HTTP/1.0" 200 36299 "http://www.circletcabins.com/photos.html" "Mozilla/5.0 (Windows NT 10.0; Win64; x64) AppleWebKit/537.36 (KHTML, like Gecko) Chrome/85.0.4183.102 Safari/537.36"
73.189.64.153 - - [12/Sep/2020:21:18:26 -0400] "GET /images/480_RIM00318.JPG HTTP/1.0" 200 27003 "http://www.circletcabins.com/photos.html" "Mozilla/5.0 (Windows NT 10.0; Win64; x64) AppleWebKit/537.36 (KHTML, like Gecko) Chrome/85.0.4183.102 Safari/537.36"
73.189.64.153 - - [12/Sep/2020:21:18:26 -0400] "GET /images/480_RIM00360.JPG HTTP/1.0" 200 50267 "http://www.circletcabins.com/photos.html" "Mozilla/5.0 (Windows NT 10.0; Win64; x64) AppleWebKit/537.36 (KHTML, like Gecko) Chrome/85.0.4183.102 Safari/537.36"
73.189.64.153 - - [12/Sep/2020:21:18:26 -0400] "GET /images/179_RIM00346.JPG HTTP/1.0" 200 7650 "http://www.circletcabins.com/photos.html" "Mozilla/5.0 (Windows NT 10.0; Win64; x64) AppleWebKit/537.36 (KHTML, like Gecko) Chrome/85.0.4183.102 Safari/537.36"
73.189.64.153 - - [12/Sep/2020:21:18:26 -0400] "GET /images/179_RIM00349.JPG HTTP/1.0" 200 8205 "http://www.circletcabins.com/photos.html" "Mozilla/5.0 (Windows NT 10.0; Win64; x64) AppleWebKit/537.36 (KHTML, like Gecko) Chrome/85.0.4183.102 Safari/537.36"
73.189.64.153 - - [12/Sep/2020:21:18:34 -0400] "GET /images/696_RIM00269.JPG HTTP/1.0" 200 107901 "http://www.circletcabins.com/photos.html" "Mozilla/5.0 (Windows NT 10.0; Win64; x64) AppleWebKit/537.36 (KHTML, like Gecko) Chrome/85.0.4183.102 Safari/537.36"
73.189.64.153 - - [12/Sep/2020:21:19:04 -0400] "GET /images/696_RIM00331.JPG HTTP/1.0" 200 104069 "http://www.circletcabins.com/photos.html" "Mozilla/5.0 (Windows NT 10.0; Win64; x64) AppleWebKit/537.36 (KHTML, like Gecko) Chrome/85.0.4183.102 Safari/537.36"
73.189.64.153 - - [12/Sep/2020:21:19:51 -0400] "GET /images/136_P6220071.jpg HTTP/1.0" 200 3907 "http://www.circletcabins.com/homepage.html" "Mozilla/5.0 (Windows NT 10.0; Win64; x64) AppleWebKit/537.36 (KHTML, like Gecko) Chrome/85.0.4183.102 Safari/537.36"
73.189.64.153 - - [12/Sep/2020:21:19:51 -0400] "GET /images/136_P6220108.jpg HTTP/1.0" 200 3793 "http://www.circletcabins.com/homepage.html" "Mozilla/5.0 (Windows NT 10.0; Win64; x64) AppleWebKit/537.36 (KHTML, like Gecko) Chrome/85.0.4183.102 Safari/537.36"
35.240.30.141 - - [12/Sep/2020:23:38:50 -0400] "GET / HTTP/1.0" 200 10848 "-" "Apache-HttpClient/4.5.5 (Java/1.8.0_151)"
207.200.8.180 - - [12/Sep/2020:06:04:44 -0400] "GET /links.html HTTP/1.0" 200 5638 "http://circletcabins.net" "LightspeedSystemsCrawler Mozilla/5.0 (Windows; U; MSIE 9.0; Windows NT 9.0; en-US)"
207.200.8.180 - - [12/Sep/2020:06:04:51 -0400] "GET /areaservices.html HTTP/1.0" 200 4408 "http://circletcabins.net" "LightspeedSystemsCrawler Mozilla/5.0 (Windows; U; MSIE 9.0; Windows NT 9.0; en-US)"
54.162.102.36 - - [12/Sep/2020:06:07:00 -0400] "GET /robots.txt HTTP/1.0" 200 25 "-" "MixnodeCache/1.8(+https://cache.mixnode.com/)"
66.160.140.184 - - [12/Sep/2020:06:39:56 -0400] "GET /robots.txt HTTP/1.0" 200 25 "-" "The Knowledge AI"
109.102.111.58 - - [12/Sep/2020:06:44:24 -0400] "GET /links.html HTTP/1.0" 200 5638 "-" "Mozilla/5.0 (Linux; Android 5.1.1; SAMSUNG SM-G925T Build/LMY47X) AppleWebKit/537.36 (KHTML, like Gecko) SamsungBrowser/3.2 Chrome/38.0.2125.102 Mobile Safari/537.36"
109.102.111.58 - - [12/Sep/2020:06:44:32 -0400] "GET /summercalendar.html HTTP/1.0" 200 4125 "-" "Mozilla/5.0 (Windows NT 6.1; WOW64; Trident/7.0; BOIE9;ENUSMSE; rv:11.0) like Gecko"
5.62.20.37 - - [12/Sep/2020:06:54:07 -0400] "GET /contactus.html HTTP/1.0" 200 8900 "-" "Mozilla/5.0 (Windows NT 10.0; WOW64) AppleWebKit/537.36 (KHTML, like Gecko) Chrome/67.0.3396.18 Safari/537.36"
104.222.46.140 - - [12/Sep/2020:07:52:01 -0400] "GET /homepage.html HTTP/1.0" 200 10848 "-" "Mozilla/5.0 (compatible; Konqueror/3; Linux)"
207.200.8.180 - - [12/Sep/2020:09:46:30 -0400] "GET /images/photoalbum/button_photoSpeed1_ON.jpg HTTP/1.0" 200 476 "-" "Mozilla/5.0 (Windows; U; MSIE 9.0; Windows NT 9.0; en-US"
185.191.171.4 - - [12/Sep/2020:11:02:39 -0400] "GET /robots.txt HTTP/1.0" 200 25 "-" "Mozilla/5.0 (compatible; SemrushBot/6~bl; +http://www.semrush.com/bot.html)"
75.104.127.19 - - [12/Sep/2020:11:15:15 -0400] "GET /images/photoalbum/button_photoSpeed1_ON.jpg HTTP/1.0" 200 476 "http://www.circletcabins.com/photos.html" "Mozilla/5.0 (iPad; CPU OS 12_4 like Mac OS X) AppleWebKit/605.1.15 (KHTML, like Gecko) CriOS/85.0.4183.92 Mobile/15E148 Safari/604.1"
75.104.127.19 - - [12/Sep/2020:11:15:16 -0400] "GET /images/179_PB060059.JPG HTTP/1.0" 200 7534 "http://www.circletcabins.com/photos.html" "Mozilla/5.0 (iPad; CPU OS 12_4 like Mac OS X) AppleWebKit/605.1.15 (KHTML, like Gecko) CriOS/85.0.4183.92 Mobile/15E148 Safari/604.1"
75.104.127.19 - - [12/Sep/2020:11:15:18 -0400] "GET /images/480_RIM00267.JPG HTTP/1.0" 200 45557 "http://www.circletcabins.com/photos.html" "Mozilla/5.0 (iPad; CPU OS 12_4 like Mac OS X) AppleWebKit/605.1.15 (KHTML, like Gecko) CriOS/85.0.4183.92 Mobile/15E148 Safari/604.1"
75.104.127.19 - - [12/Sep/2020:11:15:20 -0400] "GET /images/179_RIM00277.JPG HTTP/1.0" 200 6878 "http://www.circletcabins.com/photos.html" "Mozilla/5.0 (iPad; CPU OS 12_4 like Mac OS X) AppleWebKit/605.1.15 (KHTML, like Gecko) CriOS/85.0.4183.92 Mobile/15E148 Safari/604.1"
75.104.127.19 - - [12/Sep/2020:11:15:21 -0400] "GET /images/480_Pb060067.jpg HTTP/1.0" 200 36299 "http://www.circletcabins.com/photos.html" "Mozilla/5.0 (iPad; CPU OS 12_4 like Mac OS X) AppleWebKit/605.1.15 (KHTML, like Gecko) CriOS/85.0.4183.92 Mobile/15E148 Safari/604.1"
75.104.127.19 - - [12/Sep/2020:11:15:21 -0400] "GET /images/480_RIM00275.JPG HTTP/1.0" 200 34683 "http://www.circletcabins.com/photos.html" "Mozilla/5.0 (iPad; CPU OS 12_4 like Mac OS X) AppleWebKit/605.1.15 (KHTML, like Gecko) CriOS/85.0.4183.92 Mobile/15E148 Safari/604.1"
75.104.127.19 - - [12/Sep/2020:11:15:26 -0400] "GET /images/696_RIM00353.JPG HTTP/1.0" 200 45402 "http://www.circletcabins.com/photos.html" "Mozilla/5.0 (iPad; CPU OS 12_4 like Mac OS X) AppleWebKit/605.1.15 (KHTML, like Gecko) CriOS/85.0.4183.92 Mobile/15E148 Safari/604.1"
75.104.127.19 - - [12/Sep/2020:11:15:27 -0400] "GET /images/480_RIM00355.JPG HTTP/1.0" 200 26783 "http://www.circletcabins.com/photos.html" "Mozilla/5.0 (iPad; CPU OS 12_4 like Mac OS X) AppleWebKit/605.1.15 (KHTML, like Gecko) CriOS/85.0.4183.92 Mobile/15E148 Safari/604.1"
75.104.127.19 - - [12/Sep/2020:11:15:31 -0400] "GET /images/480_RIM00330.JPG HTTP/1.0" 200 25006 "http://www.circletcabins.com/photos.html" "Mozilla/5.0 (iPad; CPU OS 12_4 like Mac OS X) AppleWebKit/605.1.15 (KHTML, like Gecko) CriOS/85.0.4183.92 Mobile/15E148 Safari/604.1"
75.104.127.19 - - [12/Sep/2020:11:17:20 -0400] "GET /summercalendar.html HTTP/1.0" 200 4125 "http://www.circletcabins.com/areaservices.html" "Mozilla/5.0 (iPad; CPU OS 12_4 like Mac OS X) AppleWebKit/605.1.15 (KHTML, like Gecko) CriOS/85.0.4183.92 Mobile/15E148 Safari/604.1"
34.75.112.66 - - [12/Sep/2020:17:15:04 -0400] "GET /robots.txt HTTP/1.0" 200 25 "-" "ZoominfoBot (zoominfobot at zoominfo dot com)"
76.105.165.161 - - [12/Sep/2020:17:28:27 -0400] "GET /scripts/website.css HTTP/1.0" 200 1660 "http://www.circletcabins.com/" "Mozilla/5.0 (Macintosh; Intel Mac OS X 10_15_6) AppleWebKit/537.36 (KHTML, like Gecko) Chrome/85.0.4183.102 Safari/537.36"
76.105.165.161 - - [12/Sep/2020:17:28:33 -0400] "GET /scripts/print.css HTTP/1.0" 200 - "http://www.circletcabins.com/" "Mozilla/5.0 (Macintosh; Intel Mac OS X 10_15_6) AppleWebKit/537.36 (KHTML, like Gecko) Chrome/85.0.4183.102 Safari/537.36"
76.105.165.161 - - [12/Sep/2020:17:28:33 -0400] "GET /images/ic_034_body_bg_wide.jpg HTTP/1.0" 200 90532 "http://www.circletcabins.com/scripts/template.css" "Mozilla/5.0 (Macintosh; Intel Mac OS X 10_15_6) AppleWebKit/537.36 (KHTML, like Gecko) Chrome/85.0.4183.102 Safari/537.36"
76.105.165.161 - - [12/Sep/2020:17:28:33 -0400] "GET /images/222610.jpg HTTP/1.0" 200 16217 "http://www.circletcabins.com/scripts/website.css" "Mozilla/5.0 (Macintosh; Intel Mac OS X 10_15_6) AppleWebKit/537.36 (KHTML, like Gecko) Chrome/85.0.4183.102 Safari/537.36"
76.105.165.161 - - [12/Sep/2020:17:28:33 -0400] "GET /images/clear_pixel.gif HTTP/1.0" 404 575 "http://www.circletcabins.com/" "Mozilla/5.0 (Macintosh; Intel Mac OS X 10_15_6) AppleWebKit/537.36 (KHTML, like Gecko) Chrome/85.0.4183.102 Safari/537.36"
13.74.38.152 - - [12/Sep/2020:19:12:37 -0400] "GET / HTTP/1.0" 200 10848 "-" "python-requests/2.24.0"
167.119.252.30 - - [12/Sep/2020:19:29:15 -0400] "GET /scripts/user.js HTTP/1.0" 200 23762 "http://www.circletcabins.com/contactus.html" "Mozilla/5.0 (Windows NT 10.0; Win64; x64) AppleWebKit/537.36 (KHTML, like Gecko) Chrome/85.0.4183.102 Safari/537.36"
167.119.252.30 - - [12/Sep/2020:19:29:45 -0400] "GET /homepage.html HTTP/1.0" 200 10848 "http://www.circletcabins.com/onlinespecial.html" "Mozilla/5.0 (Windows NT 10.0; Win64; x64) AppleWebKit/537.36 (KHTML, like Gecko) Chrome/85.0.4183.102 Safari/537.36"
167.119.252.30 - - [12/Sep/2020:19:29:45 -0400] "GET /images/136_P6220092.jpg HTTP/1.0" 200 3901 "http://www.circletcabins.com/homepage.html" "Mozilla/5.0 (Windows NT 10.0; Win64; x64) AppleWebKit/537.36 (KHTML, like Gecko) Chrome/85.0.4183.102 Safari/537.36"
167.119.252.30 - - [12/Sep/2020:19:29:45 -0400] "GET /images/136_P6220079.jpg HTTP/1.0" 200 3760 "http://www.circletcabins.com/homepage.html" "Mozilla/5.0 (Windows NT 10.0; Win64; x64) AppleWebKit/537.36 (KHTML, like Gecko) Chrome/85.0.4183.102 Safari/537.36"
73.189.64.153 - - [12/Sep/2020:21:18:05 -0400] "GET /images/205_Jan27_01_2.dmsp1.jpg HTTP/1.0" 200 14369 "http://www.circletcabins.com/maps.html" "Mozilla/5.0 (Windows NT 10.0; Win64; x64) AppleWebKit/537.36 (KHTML, like Gecko) Chrome/85.0.4183.102 Safari/537.36"
73.189.64.153 - - [12/Sep/2020:21:18:27 -0400] "GET /photos.html HTTP/1.0" 200 12735 "http://www.circletcabins.com/maps.html" "Mozilla/5.0 (Windows NT 10.0; Win64; x64) AppleWebKit/537.36 (KHTML, like Gecko) Chrome/85.0.4183.102 Safari/537.36"
73.189.64.153 - - [12/Sep/2020:21:18:27 -0400] "GET /images/photoalbum/detail_close.jpg HTTP/1.0" 200 1095 "http://www.circletcabins.com/photos.html" "Mozilla/5.0 (Windows NT 10.0; Win64; x64) AppleWebKit/537.36 (KHTML, like Gecko) Chrome/85.0.4183.102 Safari/537.36"
73.189.64.153 - - [12/Sep/2020:21:18:27 -0400] "GET /images/480_PB060059.JPG HTTP/1.0" 200 48213 "http://www.circletcabins.com/photos.html" "Mozilla/5.0 (Windows NT 10.0; Win64; x64) AppleWebKit/537.36 (KHTML, like Gecko) Chrome/85.0.4183.102 Safari/537.36"
73.189.64.153 - - [12/Sep/2020:21:18:27 -0400] "GET /images/179_RIM00269.JPG HTTP/1.0" 200 8139 "http://www.circletcabins.com/photos.html" "Mozilla/5.0 (Windows NT 10.0; Win64; x64) AppleWebKit/537.36 (KHTML, like Gecko) Chrome/85.0.4183.102 Safari/537.36"
73.189.64.153 - - [12/Sep/2020:21:18:28 -0400] "GET /images/480_RIM00223.JPG HTTP/1.0" 200 39083 "http://www.circletcabins.com/photos.html" "Mozilla/5.0 (Windows NT 10.0; Win64; x64) AppleWebKit/537.36 (KHTML, like Gecko) Chrome/85.0.4183.102 Safari/537.36"
73.189.64.153 - - [12/Sep/2020:21:18:28 -0400] "GET /images/179_PB290110.JPG HTTP/1.0" 200 7912 "http://www.circletcabins.com/photos.html" "Mozilla/5.0 (Windows NT 10.0; Win64; x64) AppleWebKit/537.36 (KHTML, like Gecko) Chrome/85.0.4183.102 Safari/537.36"
73.189.64.153 - - [12/Sep/2020:21:18:47 -0400] "GET /images/696_RIM00277.JPG HTTP/1.0" 200 86461 "http://www.circletcabins.com/photos.html" "Mozilla/5.0 (Windows NT 10.0; Win64; x64) AppleWebKit/537.36 (KHTML, like Gecko) Chrome/85.0.4183.102 Safari/537.36"
73.189.64.153 - - [12/Sep/2020:21:18:59 -0400] "GET /images/696_RIM00309.JPG HTTP/1.0" 200 61232 "http://www.circletcabins.com/photos.html" "Mozilla/5.0 (Windows NT 10.0; Win64; x64) AppleWebKit/537.36 (KHTML, like Gecko) Chrome/85.0.4183.102 Safari/537.36"
73.189.64.153 - - [12/Sep/2020:21:19:17 -0400] "GET /images/696_RIM00355.JPG HTTP/1.0" 200 53321 "http://www.circletcabins.com/photos.html" "Mozilla/5.0 (Windows NT 10.0; Win64; x64) AppleWebKit/537.36 (KHTML, like Gecko) Chrome/85.0.4183.102 Safari/537.36"
73.189.64.153 - - [12/Sep/2020:21:21:22 -0400] "GET /images/P6220079.jpg HTTP/1.0" 200 16334 "http://www.circletcabins.com/homepage.html" "Mozilla/5.0 (Windows NT 10.0; Win64; x64) AppleWebKit/537.36 (KHTML, like Gecko) Chrome/85.0.4183.102 Safari/537.36"
73.189.64.153 - - [12/Sep/2020:21:21:43 -0400] "GET /links.html HTTP/1.0" 200 5638 "http://www.circletcabins.com/homepage.html" "Mozilla/5.0 (Windows NT 10.0; Win64; x64) AppleWebKit/537.36 (KHTML, like Gecko) Chrome/85.0.4183.102 Safari/537.36"
73.189.64.153 - - [12/Sep/2020:21:21:43 -0400] "GET /scripts/3custom.css HTTP/1.0" 200 1478 "http://www.circletcabins.com/links.html" "Mozilla/5.0 (Windows NT 10.0; Win64; x64) AppleWebKit/537.36 (KHTML, like Gecko) Chrome/85.0.4183.102 Safari/537.36"
49.232.51.176 - - [12/Sep/2020:00:08:41 -0400] "GET /xmlrpc.php HTTP/1.0" 404 575 "-" "Mozilla/5.0 (Windows NT 6.1; WOW64; rv:45.0) Gecko/20100101 Firefox/45.0"
77.88.5.88 - - [12/Sep/2020:00:49:29 -0400] "GET / HTTP/1.0" 200 10848 "-" "Mozilla/5.0 (compatible; YandexBot/3.0; +http://yandex.com/bots)"
207.46.13.101 - - [12/Sep/2020:03:11:59 -0400] "GET /maps.html HTTP/1.0" 200 6293 "-" "Mozilla/5.0 (compatible; bingbot/2.0; +http://www.bing.com/bingbot.htm)"
207.200.8.180 - - [12/Sep/2020:06:04:52 -0400] "GET /onlinespecial.html HTTP/1.0" 200 6897 "http://circletcabins.net" "LightspeedSystemsCrawler Mozilla/5.0 (Windows; U; MSIE 9.0; Windows NT 9.0; en-US)"
109.102.111.58 - - [12/Sep/2020:06:44:31 -0400] "GET /photos.html HTTP/1.0" 200 12735 "-" "Mozilla/5.0 (Windows NT 6.3; WOW64; Trident/7.0; MATBJS; rv:11.0) like Gecko"
109.102.111.58 - - [12/Sep/2020:06:44:31 -0400] "GET /links.html HTTP/1.0" 200 5638 "-" "Mozilla/5.0 (Windows NT 6.3; WOW64) AppleWebKit/537.36 (KHTML, like Gecko) Chrome/36.0.1985.125 Safari/537.36"
104.222.46.140 - - [12/Sep/2020:07:51:48 -0400] "GET /photos.html HTTP/1.0" 200 12735 "-" "Mozilla/5.0 (compatible; Konqueror/3; Linux)"
207.200.8.180 - - [12/Sep/2020:09:46:28 -0400] "GET /images/photoalbum/detail_close.jpg HTTP/1.0" 200 1095 "-" "Mozilla/5.0 (Windows; U; MSIE 9.0; Windows NT 9.0; en-US"
75.104.127.19 - - [12/Sep/2020:11:14:48 -0400] "GET /contactus.html HTTP/1.0" 200 8900 "https://www.google.com/" "Mozilla/5.0 (iPad; CPU OS 12_4 like Mac OS X) AppleWebKit/605.1.15 (KHTML, like Gecko) CriOS/85.0.4183.92 Mobile/15E148 Safari/604.1"
75.104.127.19 - - [12/Sep/2020:11:14:50 -0400] "GET /scripts/4.css HTTP/1.0" 200 203 "http://www.circletcabins.com/contactus.html" "Mozilla/5.0 (iPad; CPU OS 12_4 like Mac OS X) AppleWebKit/605.1.15 (KHTML, like Gecko) CriOS/85.0.4183.92 Mobile/15E148 Safari/604.1"
75.104.127.19 - - [12/Sep/2020:11:14:51 -0400] "GET /favicon.ico HTTP/1.0" 404 575 "-" "Mozilla/5.0 (iPad; CPU OS 12_4 like Mac OS X) AppleWebKit/605.1.15 (KHTML, like Gecko) CriOS/85.0.4183.92 Mobile/15E148 Safari/604.1"
75.104.127.19 - - [12/Sep/2020:11:15:18 -0400] "GET /images/696_RIM00269.JPG HTTP/1.0" 200 107901 "http://www.circletcabins.com/photos.html" "Mozilla/5.0 (iPad; CPU OS 12_4 like Mac OS X) AppleWebKit/605.1.15 (KHTML, like Gecko) CriOS/85.0.4183.92 Mobile/15E148 Safari/604.1"
75.104.127.19 - - [12/Sep/2020:11:15:19 -0400] "GET /images/480_RIM00278.JPG HTTP/1.0" 200 44706 "http://www.circletcabins.com/photos.html" "Mozilla/5.0 (iPad; CPU OS 12_4 like Mac OS X) AppleWebKit/605.1.15 (KHTML, like Gecko) CriOS/85.0.4183.92 Mobile/15E148 Safari/604.1"
75.104.127.19 - - [12/Sep/2020:11:15:20 -0400] "GET /images/480_RIM00277.JPG HTTP/1.0" 200 43732 "http://www.circletcabins.com/photos.html" "Mozilla/5.0 (iPad; CPU OS 12_4 like Mac OS X) AppleWebKit/605.1.15 (KHTML, like Gecko) CriOS/85.0.4183.92 Mobile/15E148 Safari/604.1"
75.104.127.19 - - [12/Sep/2020:11:15:23 -0400] "GET /images/696_RIM00318.JPG HTTP/1.0" 200 51392 "http://www.circletcabins.com/photos.html" "Mozilla/5.0 (iPad; CPU OS 12_4 like Mac OS X) AppleWebKit/605.1.15 (KHTML, like Gecko) CriOS/85.0.4183.92 Mobile/15E148 Safari/604.1"
75.104.127.19 - - [12/Sep/2020:11:15:23 -0400] "GET /images/480_RIM00318.JPG HTTP/1.0" 200 27003 "http://www.circletcabins.com/photos.html" "Mozilla/5.0 (iPad; CPU OS 12_4 like Mac OS X) AppleWebKit/605.1.15 (KHTML, like Gecko) CriOS/85.0.4183.92 Mobile/15E148 Safari/604.1"
75.104.127.19 - - [12/Sep/2020:11:15:25 -0400] "GET /images/480_RIM00346.JPG HTTP/1.0" 200 45803 "http://www.circletcabins.com/photos.html" "Mozilla/5.0 (iPad; CPU OS 12_4 like Mac OS X) AppleWebKit/605.1.15 (KHTML, like Gecko) CriOS/85.0.4183.92 Mobile/15E148 Safari/604.1"
75.104.127.19 - - [12/Sep/2020:11:15:26 -0400] "GET /images/480_RIM00349.JPG HTTP/1.0" 200 52407 "http://www.circletcabins.com/photos.html" "Mozilla/5.0 (iPad; CPU OS 12_4 like Mac OS X) AppleWebKit/605.1.15 (KHTML, like Gecko) CriOS/85.0.4183.92 Mobile/15E148 Safari/604.1"
75.104.127.19 - - [12/Sep/2020:11:15:28 -0400] "GET /images/480_RIM00223.JPG HTTP/1.0" 200 39083 "http://www.circletcabins.com/photos.html" "Mozilla/5.0 (iPad; CPU OS 12_4 like Mac OS X) AppleWebKit/605.1.15 (KHTML, like Gecko) CriOS/85.0.4183.92 Mobile/15E148 Safari/604.1"
75.104.127.19 - - [12/Sep/2020:11:15:28 -0400] "GET /images/696_RIM00272.JPG HTTP/1.0" 200 16008 "http://www.circletcabins.com/photos.html" "Mozilla/5.0 (iPad; CPU OS 12_4 like Mac OS X) AppleWebKit/605.1.15 (KHTML, like Gecko) CriOS/85.0.4183.92 Mobile/15E148 Safari/604.1"
75.104.127.19 - - [12/Sep/2020:11:15:30 -0400] "GET /images/696_PB290110.JPG HTTP/1.0" 200 92639 "http://www.circletcabins.com/photos.html" "Mozilla/5.0 (iPad; CPU OS 12_4 like Mac OS X) AppleWebKit/605.1.15 (KHTML, like Gecko) CriOS/85.0.4183.92 Mobile/15E148 Safari/604.1"
75.104.127.19 - - [12/Sep/2020:11:15:31 -0400] "GET /images/179_RIM00330.JPG HTTP/1.0" 200 4813 "http://www.circletcabins.com/photos.html" "Mozilla/5.0 (iPad; CPU OS 12_4 like Mac OS X) AppleWebKit/605.1.15 (KHTML, like Gecko) CriOS/85.0.4183.92 Mobile/15E148 Safari/604.1"
114.119.156.30 - - [12/Sep/2020:13:24:44 -0400] "GET /photos.html HTTP/1.0" 200 12735 "-" "Mozilla/5.0 (Linux; Android 7.0;) AppleWebKit/537.36 (KHTML, like Gecko) Mobile Safari/537.36 (compatible; PetalBot;+http://aspiegel.com/petalbot)"
188.162.195.132 - - [12/Sep/2020:14:04:26 -0400] "POST /wp-content/plugins/apikey/apikey.php HTTP/1.0" 404 575 "-" "Opera/9.80 (Windows NT 6.0) Presto/2.12.388 Version/12.14"
45.79.249.135 - - [12/Sep/2020:15:08:40 -0400] "GET / HTTP/1.0" 200 10848 "-" "python-requests/2.24.0"
45.79.249.135 - - [12/Sep/2020:15:33:16 -0400] "GET / HTTP/1.0" 200 10848 "-" "python-requests/2.24.0"
185.191.171.22 - - [12/Sep/2020:15:38:29 -0400] "GET /robots.txt HTTP/1.0" 200 25 "-" "Mozilla/5.0 (compatible; SemrushBot/6~bl; +http://www.semrush.com/bot.html)"
54.36.148.210 - - [12/Sep/2020:16:11:30 -0400] "GET / HTTP/1.0" 200 10848 "-" "Mozilla/5.0 (compatible; AhrefsBot/7.0; +http://ahrefs.com/robot/)"
76.105.165.161 - - [12/Sep/2020:17:28:27 -0400] "GET /scripts/template.css HTTP/1.0" 200 9956 "http://www.circletcabins.com/" "Mozilla/5.0 (Macintosh; Intel Mac OS X 10_15_6) AppleWebKit/537.36 (KHTML, like Gecko) Chrome/85.0.4183.102 Safari/537.36"
76.105.165.161 - - [12/Sep/2020:17:28:27 -0400] "GET /images/10_Copy%20(2)%20of%20P6220099.jpg HTTP/1.0" 404 575 "http://www.circletcabins.com/" "Mozilla/5.0 (Macintosh; Intel Mac OS X 10_15_6) AppleWebKit/537.36 (KHTML, like Gecko) Chrome/85.0.4183.102 Safari/537.36"
76.105.165.161 - - [12/Sep/2020:17:28:27 -0400] "GET /images/136_P6220108.jpg HTTP/1.0" 200 3793 "http://www.circletcabins.com/" "Mozilla/5.0 (Macintosh; Intel Mac OS X 10_15_6) AppleWebKit/537.36 (KHTML, like Gecko) Chrome/85.0.4183.102 Safari/537.36"
76.105.165.161 - - [12/Sep/2020:17:29:18 -0400] "GET /images/P6220071.jpg HTTP/1.0" 200 17798 "http://www.circletcabins.com/" "Mozilla/5.0 (Macintosh; Intel Mac OS X 10_15_6) AppleWebKit/537.36 (KHTML, like Gecko) Chrome/85.0.4183.102 Safari/537.36"
66.249.68.13 - - [12/Sep/2020:18:19:58 -0400] "GET / HTTP/1.0" 200 10848 "-" "Mozilla/5.0 (compatible; Googlebot/2.1; +http://www.google.com/bot.html)"
167.119.252.30 - - [12/Sep/2020:19:29:15 -0400] "GET /scripts/icwebsiteelement.css HTTP/1.0" 200 8132 "http://www.circletcabins.com/contactus.html" "Mozilla/5.0 (Windows NT 10.0; Win64; x64) AppleWebKit/537.36 (KHTML, like Gecko) Chrome/85.0.4183.102 Safari/537.36"
167.119.252.30 - - [12/Sep/2020:19:29:51 -0400] "GET /images/P6220079.jpg HTTP/1.0" 200 16334 "http://www.circletcabins.com/homepage.html" "Mozilla/5.0 (Windows NT 10.0; Win64; x64) AppleWebKit/537.36 (KHTML, like Gecko) Chrome/85.0.4183.102 Safari/537.36"
167.119.252.30 - - [12/Sep/2020:19:30:33 -0400] "GET /scripts/7custom.css HTTP/1.0" 200 805 "http://www.circletcabins.com/summercalendar.html" "Mozilla/5.0 (Windows NT 10.0; Win64; x64) AppleWebKit/537.36 (KHTML, like Gecko) Chrome/85.0.4183.102 Safari/537.36"
73.189.64.153 - - [12/Sep/2020:21:17:31 -0400] "GET /scripts/template.css HTTP/1.0" 200 9956 "http://www.circletcabins.com/contactus.html" "Mozilla/5.0 (Windows NT 10.0; Win64; x64) AppleWebKit/537.36 (KHTML, like Gecko) Chrome/85.0.4183.102 Safari/537.36"
73.189.64.153 - - [12/Sep/2020:21:17:32 -0400] "GET /images/ic_034_body_bg_wide.jpg HTTP/1.0" 200 90532 "http://www.circletcabins.com/scripts/template.css" "Mozilla/5.0 (Windows NT 10.0; Win64; x64) AppleWebKit/537.36 (KHTML, like Gecko) Chrome/85.0.4183.102 Safari/537.36"
73.189.64.153 - - [12/Sep/2020:21:17:32 -0400] "GET /favicon.ico HTTP/1.0" 404 575 "http://www.circletcabins.com/contactus.html" "Mozilla/5.0 (Windows NT 10.0; Win64; x64) AppleWebKit/537.36 (KHTML, like Gecko) Chrome/85.0.4183.102 Safari/537.36"
73.189.64.153 - - [12/Sep/2020:21:18:27 -0400] "GET /images/photoalbum/button_photoLast.jpg HTTP/1.0" 200 637 "http://www.circletcabins.com/photos.html" "Mozilla/5.0 (Windows NT 10.0; Win64; x64) AppleWebKit/537.36 (KHTML, like Gecko) Chrome/85.0.4183.102 Safari/537.36"
73.189.64.153 - - [12/Sep/2020:21:18:27 -0400] "GET /images/480_RIM00267.JPG HTTP/1.0" 200 45557 "http://www.circletcabins.com/photos.html" "Mozilla/5.0 (Windows NT 10.0; Win64; x64) AppleWebKit/537.36 (KHTML, like Gecko) Chrome/85.0.4183.102 Safari/537.36"
73.189.64.153 - - [12/Sep/2020:21:18:27 -0400] "GET /images/179_PB060059.JPG HTTP/1.0" 200 7534 "http://www.circletcabins.com/photos.html" "Mozilla/5.0 (Windows NT 10.0; Win64; x64) AppleWebKit/537.36 (KHTML, like Gecko) Chrome/85.0.4183.102 Safari/537.36"
73.189.64.153 - - [12/Sep/2020:21:18:27 -0400] "GET /images/480_RIM00358.JPG HTTP/1.0" 200 25741 "http://www.circletcabins.com/photos.html" "Mozilla/5.0 (Windows NT 10.0; Win64; x64) AppleWebKit/537.36 (KHTML, like Gecko) Chrome/85.0.4183.102 Safari/537.36"
73.189.64.153 - - [12/Sep/2020:21:18:27 -0400] "GET /images/179_RIM00304.JPG HTTP/1.0" 200 5974 "http://www.circletcabins.com/photos.html" "Mozilla/5.0 (Windows NT 10.0; Win64; x64) AppleWebKit/537.36 (KHTML, like Gecko) Chrome/85.0.4183.102 Safari/537.36"
73.189.64.153 - - [12/Sep/2020:21:18:27 -0400] "GET /images/179_RIM00223.JPG HTTP/1.0" 200 6847 "http://www.circletcabins.com/photos.html" "Mozilla/5.0 (Windows NT 10.0; Win64; x64) AppleWebKit/537.36 (KHTML, like Gecko) Chrome/85.0.4183.102 Safari/537.36"
73.189.64.153 - - [12/Sep/2020:21:18:28 -0400] "GET /images/696_PB060059.JPG HTTP/1.0" 200 102077 "http://www.circletcabins.com/photos.html" "Mozilla/5.0 (Windows NT 10.0; Win64; x64) AppleWebKit/537.36 (KHTML, like Gecko) Chrome/85.0.4183.102 Safari/537.36"
73.189.64.153 - - [12/Sep/2020:21:19:02 -0400] "GET /images/696_RIM00318.JPG HTTP/1.0" 200 51392 "http://www.circletcabins.com/photos.html" "Mozilla/5.0 (Windows NT 10.0; Win64; x64) AppleWebKit/537.36 (KHTML, like Gecko) Chrome/85.0.4183.102 Safari/537.36"
73.189.64.153 - - [12/Sep/2020:21:19:14 -0400] "GET /images/696_RIM00353.JPG HTTP/1.0" 200 45402 "http://www.circletcabins.com/photos.html" "Mozilla/5.0 (Windows NT 10.0; Win64; x64) AppleWebKit/537.36 (KHTML, like Gecko) Chrome/85.0.4183.102 Safari/537.36"
73.189.64.153 - - [12/Sep/2020:21:19:23 -0400] "GET /images/696_RIM00223.JPG HTTP/1.0" 200 75788 "http://www.circletcabins.com/photos.html" "Mozilla/5.0 (Windows NT 10.0; Win64; x64) AppleWebKit/537.36 (KHTML, like Gecko) Chrome/85.0.4183.102 Safari/537.36"
73.189.64.153 - - [12/Sep/2020:21:19:32 -0400] "GET /images/696_PB290110.JPG HTTP/1.0" 200 92639 "http://www.circletcabins.com/photos.html" "Mozilla/5.0 (Windows NT 10.0; Win64; x64) AppleWebKit/537.36 (KHTML, like Gecko) Chrome/85.0.4183.102 Safari/537.36"
73.189.64.153 - - [12/Sep/2020:21:19:52 -0400] "GET /images/136_P6220092.jpg HTTP/1.0" 200 3901 "http://www.circletcabins.com/homepage.html" "Mozilla/5.0 (Windows NT 10.0; Win64; x64) AppleWebKit/537.36 (KHTML, like Gecko) Chrome/85.0.4183.102 Safari/537.36"
73.189.64.153 - - [12/Sep/2020:21:21:27 -0400] "GET /images/P6220085.jpg HTTP/1.0" 200 17445 "http://www.circletcabins.com/homepage.html" "Mozilla/5.0 (Windows NT 10.0; Win64; x64) AppleWebKit/537.36 (KHTML, like Gecko) Chrome/85.0.4183.102 Safari/537.36"
157.55.39.1 - - [12/Sep/2020:22:05:10 -0400] "GET /robots.txt HTTP/1.0" 200 25 "-" "Mozilla/5.0 (compatible; bingbot/2.0; +http://www.bing.com/bingbot.htm)"
209.184.210.51 - - [12/Sep/2020:23:56:45 -0400] "GET / HTTP/1.0" 200 10848 "-" "Mozilla/5.0 (Macintosh; Intel Mac OS X 10_11_5) AppleWebKit/537.36 (KHTML, like Gecko) Chrome/50.0.2661.102 Safari/537.36"
93.158.161.40 - - [12/Sep/2020:00:49:30 -0400] "GET / HTTP/1.0" 200 10848 "-" "Mozilla/5.0 (compatible; YandexBot/3.0; +http://yandex.com/bots)"
5.188.62.25 - - [12/Sep/2020:02:53:05 -0400] "GET /admin/ HTTP/1.0" 404 575 "-" "Mozilla/5.0 (Windows NT 6.0) AppleWebKit/537.36 (KHTML, like Gecko) Chrome/41.0.2228.0 Safari/537.36"
5.188.62.25 - - [12/Sep/2020:02:53:18 -0400] "GET /login/ HTTP/1.0" 404 575 "-" "Mozilla/5.0 (Windows NT 6.0) AppleWebKit/537.36 (KHTML, like Gecko) Chrome/41.0.2228.0 Safari/537.36"
207.200.8.180 - - [12/Sep/2020:06:04:55 -0400] "GET /summercalendar.html HTTP/1.0" 200 4125 "http://circletcabins.net" "LightspeedSystemsCrawler Mozilla/5.0 (Windows; U; MSIE 9.0; Windows NT 9.0; en-US)"
109.102.111.58 - - [12/Sep/2020:06:44:32 -0400] "GET /homepage.html HTTP/1.0" 200 10848 "-" "Mozilla/5.0 (Windows NT 6.1; WOW64) AppleWebKit/537.36 (KHTML, like Gecko) Maxthon/4.4.6.2000 Chrome/30.0.1599.101 Safari/537.36"
207.200.8.180 - - [12/Sep/2020:09:46:26 -0400] "GET /images/photoalbum/button_photoPlay.jpg HTTP/1.0" 200 613 "-" "Mozilla/5.0 (Windows; U; MSIE 9.0; Windows NT 9.0; en-US"
207.200.8.180 - - [12/Sep/2020:09:46:27 -0400] "GET /images/photoalbum/button_photoSpeed4.jpg HTTP/1.0" 200 506 "-" "Mozilla/5.0 (Windows; U; MSIE 9.0; Windows NT 9.0; en-US"
75.104.127.19 - - [12/Sep/2020:11:14:50 -0400] "GET /scripts/website.css HTTP/1.0" 200 1660 "http://www.circletcabins.com/contactus.html" "Mozilla/5.0 (iPad; CPU OS 12_4 like Mac OS X) AppleWebKit/605.1.15 (KHTML, like Gecko) CriOS/85.0.4183.92 Mobile/15E148 Safari/604.1"
75.104.127.19 - - [12/Sep/2020:11:15:15 -0400] "GET /images/photoalbum/button_photoLast.jpg HTTP/1.0" 200 637 "http://www.circletcabins.com/photos.html" "Mozilla/5.0 (iPad; CPU OS 12_4 like Mac OS X) AppleWebKit/605.1.15 (KHTML, like Gecko) CriOS/85.0.4183.92 Mobile/15E148 Safari/604.1"
75.104.127.19 - - [12/Sep/2020:11:16:57 -0400] "GET /areaservices.html HTTP/1.0" 200 4408 "http://www.circletcabins.com/onlinespecial.html" "Mozilla/5.0 (iPad; CPU OS 12_4 like Mac OS X) AppleWebKit/605.1.15 (KHTML, like Gecko) CriOS/85.0.4183.92 Mobile/15E148 Safari/604.1"
75.104.127.19 - - [12/Sep/2020:11:17:00 -0400] "GET /scripts/8custom.css HTTP/1.0" 200 804 "http://www.circletcabins.com/areaservices.html" "Mozilla/5.0 (iPad; CPU OS 12_4 like Mac OS X) AppleWebKit/605.1.15 (KHTML, like Gecko) CriOS/85.0.4183.92 Mobile/15E148 Safari/604.1"
104.131.8.207 - - [12/Sep/2020:13:39:42 -0400] "GET /adminer-3.6.4.php HTTP/1.0" 404 575 "-" "Mozilla/5.0 (Macintosh; Intel Mac OS X 10_14_4) AppleWebKit/605.1.15 (KHTML, like Gecko) Version/12.1 Safari/605.1.15"
35.247.36.50 - - [12/Sep/2020:14:47:05 -0400] "GET / HTTP/1.0" 200 10848 "-" "ReactorNetty/0.8.12.RELEASE"
114.119.132.235 - - [12/Sep/2020:15:52:34 -0400] "GET /robots.txt HTTP/1.0" 200 25 "-" "(compatible;PetalBot;+http://aspiegel.com/petalbot)"
76.105.165.161 - - [12/Sep/2020:17:28:27 -0400] "GET /scripts/user.js HTTP/1.0" 200 23762 "http://www.circletcabins.com/" "Mozilla/5.0 (Macintosh; Intel Mac OS X 10_15_6) AppleWebKit/537.36 (KHTML, like Gecko) Chrome/85.0.4183.102 Safari/537.36"
76.105.165.161 - - [12/Sep/2020:17:28:27 -0400] "GET /scripts/icwebsiteelement.css HTTP/1.0" 200 8132 "http://www.circletcabins.com/" "Mozilla/5.0 (Macintosh; Intel Mac OS X 10_15_6) AppleWebKit/537.36 (KHTML, like Gecko) Chrome/85.0.4183.102 Safari/537.36"
114.119.156.85 - - [12/Sep/2020:17:34:25 -0400] "GET /summercalendar.html HTTP/1.0" 200 4125 "-" "Mozilla/5.0 (Linux; Android 7.0;) AppleWebKit/537.36 (KHTML, like Gecko) Mobile Safari/537.36 (compatible; PetalBot;+http://aspiegel.com/petalbot)"
167.119.252.30 - - [12/Sep/2020:19:29:15 -0400] "GET /scripts/ic_globals_published.js HTTP/1.0" 200 566 "http://www.circletcabins.com/contactus.html" "Mozilla/5.0 (Windows NT 10.0; Win64; x64) AppleWebKit/537.36 (KHTML, like Gecko) Chrome/85.0.4183.102 Safari/537.36"
167.119.252.30 - - [12/Sep/2020:19:29:16 -0400] "GET /favicon.ico HTTP/1.0" 404 575 "http://www.circletcabins.com/contactus.html" "Mozilla/5.0 (Windows NT 10.0; Win64; x64) AppleWebKit/537.36 (KHTML, like Gecko) Chrome/85.0.4183.102 Safari/537.36"
167.119.252.30 - - [12/Sep/2020:19:29:48 -0400] "GET /images/P6220071.jpg HTTP/1.0" 200 17798 "http://www.circletcabins.com/homepage.html" "Mozilla/5.0 (Windows NT 10.0; Win64; x64) AppleWebKit/537.36 (KHTML, like Gecko) Chrome/85.0.4183.102 Safari/537.36"
167.119.252.30 - - [12/Sep/2020:19:29:52 -0400] "GET /images/P6220085.jpg HTTP/1.0" 200 17445 "http://www.circletcabins.com/homepage.html" "Mozilla/5.0 (Windows NT 10.0; Win64; x64) AppleWebKit/537.36 (KHTML, like Gecko) Chrome/85.0.4183.102 Safari/537.36"
40.88.9.118 - - [12/Sep/2020:20:35:08 -0400] "POST /wp-content/plugins/wp-file-manager/lib/php/connector.minimal.php HTTP/1.0" 404 575 "-" "Mozilla/5.0 (X11; Linux x86_64) AppleWebKit/537.36 (KHTML, like Gecko) Chrome/81.0.4044.129 Safari/537.36"
73.189.64.153 - - [12/Sep/2020:21:17:32 -0400] "GET /scripts/user.js HTTP/1.0" 200 23762 "http://www.circletcabins.com/contactus.html" "Mozilla/5.0 (Windows NT 10.0; Win64; x64) AppleWebKit/537.36 (KHTML, like Gecko) Chrome/85.0.4183.102 Safari/537.36"
73.189.64.153 - - [12/Sep/2020:21:18:05 -0400] "GET /maps.html HTTP/1.0" 200 6293 "http://www.circletcabins.com/contactus.html" "Mozilla/5.0 (Windows NT 10.0; Win64; x64) AppleWebKit/537.36 (KHTML, like Gecko) Chrome/85.0.4183.102 Safari/537.36"
73.189.64.153 - - [12/Sep/2020:21:18:27 -0400] "GET /images/photoalbum/button_photoPause.jpg HTTP/1.0" 200 605 "http://www.circletcabins.com/photos.html" "Mozilla/5.0 (Windows NT 10.0; Win64; x64) AppleWebKit/537.36 (KHTML, like Gecko) Chrome/85.0.4183.102 Safari/537.36"
73.189.64.153 - - [12/Sep/2020:21:18:27 -0400] "GET /images/photoalbum/button_photoSpeed1_ON.jpg HTTP/1.0" 200 476 "http://www.circletcabins.com/photos.html" "Mozilla/5.0 (Windows NT 10.0; Win64; x64) AppleWebKit/537.36 (KHTML, like Gecko) Chrome/85.0.4183.102 Safari/537.36"
73.189.64.153 - - [12/Sep/2020:21:18:27 -0400] "GET /images/179_RIM00267.JPG HTTP/1.0" 200 6962 "http://www.circletcabins.com/photos.html" "Mozilla/5.0 (Windows NT 10.0; Win64; x64) AppleWebKit/537.36 (KHTML, like Gecko) Chrome/85.0.4183.102 Safari/537.36"
73.189.64.153 - - [12/Sep/2020:21:18:28 -0400] "GET /images/480_PB290110.JPG HTTP/1.0" 200 45968 "http://www.circletcabins.com/photos.html" "Mozilla/5.0 (Windows NT 10.0; Win64; x64) AppleWebKit/537.36 (KHTML, like Gecko) Chrome/85.0.4183.102 Safari/537.36"
73.189.64.153 - - [12/Sep/2020:21:18:28 -0400] "GET /images/179_RIM00360.JPG HTTP/1.0" 200 8281 "http://www.circletcabins.com/photos.html" "Mozilla/5.0 (Windows NT 10.0; Win64; x64) AppleWebKit/537.36 (KHTML, like Gecko) Chrome/85.0.4183.102 Safari/537.36"
73.189.64.153 - - [12/Sep/2020:21:18:28 -0400] "GET /images/179_RIM00353.JPG HTTP/1.0" 200 4258 "http://www.circletcabins.com/photos.html" "Mozilla/5.0 (Windows NT 10.0; Win64; x64) AppleWebKit/537.36 (KHTML, like Gecko) Chrome/85.0.4183.102 Safari/537.36"
73.189.64.153 - - [12/Sep/2020:21:19:30 -0400] "GET /images/696_RIM00360.JPG HTTP/1.0" 200 96840 "http://www.circletcabins.com/photos.html" "Mozilla/5.0 (Windows NT 10.0; Win64; x64) AppleWebKit/537.36 (KHTML, like Gecko) Chrome/85.0.4183.102 Safari/537.36"
73.189.64.153 - - [12/Sep/2020:21:19:36 -0400] "GET /images/696_RIM00330.JPG HTTP/1.0" 200 47143 "http://www.circletcabins.com/photos.html" "Mozilla/5.0 (Windows NT 10.0; Win64; x64) AppleWebKit/537.36 (KHTML, like Gecko) Chrome/85.0.4183.102 Safari/537.36"
73.189.64.153 - - [12/Sep/2020:21:21:32 -0400] "GET /images/P6220108.jpg HTTP/1.0" 200 16867 "http://www.circletcabins.com/homepage.html" "Mozilla/5.0 (Windows NT 10.0; Win64; x64) AppleWebKit/537.36 (KHTML, like Gecko) Chrome/85.0.4183.102 Safari/537.36"
66.249.68.13 - - [12/Sep/2020:00:18:30 -0400] "GET /robots.txt HTTP/1.0" 200 25 "-" "Mozilla/5.0 (compatible; Googlebot/2.1; +http://www.google.com/bot.html)"
5.188.62.25 - - [12/Sep/2020:02:53:24 -0400] "GET / HTTP/1.0" 200 10848 "-" "Mozilla/5.0 (Windows NT 6.0) AppleWebKit/537.36 (KHTML, like Gecko) Chrome/41.0.2228.0 Safari/537.36"
157.55.39.1 - - [12/Sep/2020:03:24:12 -0400] "GET /robots.txt HTTP/1.0" 200 25 "-" "Mozilla/5.0 (compatible; bingbot/2.0; +http://www.bing.com/bingbot.htm)"
192.200.18.31 - - [12/Sep/2020:07:51:42 -0400] "GET / HTTP/1.0" 200 10848 "-" "Mozilla/5.0 (Windows NT 6.3; WOW64; rv:43.0) Gecko/20100101 Firefox/43.0"
104.222.46.140 - - [12/Sep/2020:07:51:44 -0400] "GET / HTTP/1.0" 200 10848 "-" "Mozilla/5.0 (compatible; Konqueror/3; Linux)"
104.222.46.140 - - [12/Sep/2020:07:51:51 -0400] "GET /links.html HTTP/1.0" 200 5638 "-" "Mozilla/5.0 (compatible; Konqueror/3; Linux)"
104.222.46.140 - - [12/Sep/2020:07:52:08 -0400] "GET /areaservices.html HTTP/1.0" 200 4408 "-" "Mozilla/5.0 (compatible; Konqueror/3; Linux)"
207.200.8.180 - - [12/Sep/2020:09:46:25 -0400] "GET /images/136_P6220079.jpg HTTP/1.0" 200 3760 "-" "Mozilla/5.0 (Windows; U; MSIE 9.0; Windows NT 9.0; en-US"
207.200.8.180 - - [12/Sep/2020:09:46:25 -0400] "GET /images/136_P6220092.jpg HTTP/1.0" 200 3901 "-" "Mozilla/5.0 (Windows; U; MSIE 9.0; Windows NT 9.0; en-US"
207.200.8.180 - - [12/Sep/2020:09:46:28 -0400] "GET /images/photoalbum/button_photoPause.jpg HTTP/1.0" 200 605 "-" "Mozilla/5.0 (Windows; U; MSIE 9.0; Windows NT 9.0; en-US"
192.29.97.49 - - [12/Sep/2020:09:49:31 -0400] "GET /robots.txt HTTP/1.0" 200 25 "-" "DF Bot 1.0"
66.249.79.94 - - [12/Sep/2020:10:11:50 -0400] "GET /robots.txt HTTP/1.0" 200 25 "-" "Mozilla/5.0 (compatible; Googlebot/2.1; +http://www.google.com/bot.html)"
75.104.127.19 - - [12/Sep/2020:11:14:48 -0400] "GET /scripts/template.css HTTP/1.0" 200 9956 "http://www.circletcabins.com/contactus.html" "Mozilla/5.0 (iPad; CPU OS 12_4 like Mac OS X) AppleWebKit/605.1.15 (KHTML, like Gecko) CriOS/85.0.4183.92 Mobile/15E148 Safari/604.1"
75.104.127.19 - - [12/Sep/2020:11:14:49 -0400] "GET /scripts/print.css HTTP/1.0" 200 - "http://www.circletcabins.com/contactus.html" "Mozilla/5.0 (iPad; CPU OS 12_4 like Mac OS X) AppleWebKit/605.1.15 (KHTML, like Gecko) CriOS/85.0.4183.92 Mobile/15E148 Safari/604.1"
75.104.127.19 - - [12/Sep/2020:11:14:49 -0400] "GET /images/ic_034_body_bg_wide.jpg HTTP/1.0" 200 90532 "http://www.circletcabins.com/contactus.html" "Mozilla/5.0 (iPad; CPU OS 12_4 like Mac OS X) AppleWebKit/605.1.15 (KHTML, like Gecko) CriOS/85.0.4183.92 Mobile/15E148 Safari/604.1"
75.104.127.19 - - [12/Sep/2020:11:15:14 -0400] "GET /images/photoalbum/button_photoSpeed4.jpg HTTP/1.0" 200 506 "http://www.circletcabins.com/photos.html" "Mozilla/5.0 (iPad; CPU OS 12_4 like Mac OS X) AppleWebKit/605.1.15 (KHTML, like Gecko) CriOS/85.0.4183.92 Mobile/15E148 Safari/604.1"
75.104.127.19 - - [12/Sep/2020:11:15:14 -0400] "GET /images/photoalbum/button_photoSpeed5.jpg HTTP/1.0" 200 502 "http://www.circletcabins.com/photos.html" "Mozilla/5.0 (iPad; CPU OS 12_4 like Mac OS X) AppleWebKit/605.1.15 (KHTML, like Gecko) CriOS/85.0.4183.92 Mobile/15E148 Safari/604.1"
75.104.127.19 - - [12/Sep/2020:11:15:15 -0400] "GET /images/480_PB060059.JPG HTTP/1.0" 200 48213 "http://www.circletcabins.com/photos.html" "Mozilla/5.0 (iPad; CPU OS 12_4 like Mac OS X) AppleWebKit/605.1.15 (KHTML, like Gecko) CriOS/85.0.4183.92 Mobile/15E148 Safari/604.1"
75.104.127.19 - - [12/Sep/2020:11:15:18 -0400] "GET /images/696_Pb060067.jpg HTTP/1.0" 200 74429 "http://www.circletcabins.com/photos.html" "Mozilla/5.0 (iPad; CPU OS 12_4 like Mac OS X) AppleWebKit/605.1.15 (KHTML, like Gecko) CriOS/85.0.4183.92 Mobile/15E148 Safari/604.1"
75.104.127.19 - - [12/Sep/2020:11:15:21 -0400] "GET /images/179_RIM00309.JPG HTTP/1.0" 200 5504 "http://www.circletcabins.com/photos.html" "Mozilla/5.0 (iPad; CPU OS 12_4 like Mac OS X) AppleWebKit/605.1.15 (KHTML, like Gecko) CriOS/85.0.4183.92 Mobile/15E148 Safari/604.1"
75.104.127.19 - - [12/Sep/2020:11:15:25 -0400] "GET /images/696_RIM00358.JPG HTTP/1.0" 200 50985 "http://www.circletcabins.com/photos.html" "Mozilla/5.0 (iPad; CPU OS 12_4 like Mac OS X) AppleWebKit/605.1.15 (KHTML, like Gecko) CriOS/85.0.4183.92 Mobile/15E148 Safari/604.1"
75.104.127.19 - - [12/Sep/2020:11:15:27 -0400] "GET /images/696_RIM00360.JPG HTTP/1.0" 200 96840 "http://www.circletcabins.com/photos.html" "Mozilla/5.0 (iPad; CPU OS 12_4 like Mac OS X) AppleWebKit/605.1.15 (KHTML, like Gecko) CriOS/85.0.4183.92 Mobile/15E148 Safari/604.1"
75.104.127.19 - - [12/Sep/2020:11:15:28 -0400] "GET /images/179_RIM00360.JPG HTTP/1.0" 200 8281 "http://www.circletcabins.com/photos.html" "Mozilla/5.0 (iPad; CPU OS 12_4 like Mac OS X) AppleWebKit/605.1.15 (KHTML, like Gecko) CriOS/85.0.4183.92 Mobile/15E148 Safari/604.1"
75.104.127.19 - - [12/Sep/2020:11:16:55 -0400] "GET /areaservices.html HTTP/1.0" 200 4408 "http://www.circletcabins.com/onlinespecial.html" "Mozilla/5.0 (iPad; CPU OS 12_4 like Mac OS X) AppleWebKit/605.1.15 (KHTML, like Gecko) CriOS/85.0.4183.92 Mobile/15E148 Safari/604.1"
185.81.157.128 - - [12/Sep/2020:11:48:36 -0400] "GET /wordpress/wp-admin/install.php HTTP/1.0" 404 575 "-" "Python-urllib/2.7"
188.162.195.132 - - [12/Sep/2020:14:04:25 -0400] "POST /wp-content/plugins/apikey/apikey.php HTTP/1.0" 404 575 "-" "Opera/9.80 (Windows NT 6.0) Presto/2.12.388 Version/12.14"
114.119.154.135 - - [12/Sep/2020:17:06:47 -0400] "GET /robots.txt HTTP/1.0" 200 25 "-" "(compatible;PetalBot;+http://aspiegel.com/petalbot)"
76.105.165.161 - - [12/Sep/2020:17:28:26 -0400] "GET /scripts/1custom.css HTTP/1.0" 200 2152 "http://www.circletcabins.com/" "Mozilla/5.0 (Macintosh; Intel Mac OS X 10_15_6) AppleWebKit/537.36 (KHTML, like Gecko) Chrome/85.0.4183.102 Safari/537.36"
76.105.165.161 - - [12/Sep/2020:17:28:33 -0400] "GET /favicon.ico HTTP/1.0" 404 575 "http://www.circletcabins.com/" "Mozilla/5.0 (Macintosh; Intel Mac OS X 10_15_6) AppleWebKit/537.36 (KHTML, like Gecko) Chrome/85.0.4183.102 Safari/537.36"
66.249.79.94 - - [12/Sep/2020:19:22:56 -0400] "GET / HTTP/1.0" 200 10848 "-" "Mozilla/5.0 (compatible; Googlebot/2.1; +http://www.google.com/bot.html)"
17.58.97.179 - - [12/Sep/2020:19:24:28 -0400] "GET /robots.txt HTTP/1.0" 200 25 "-" "Mozilla/5.0 (Macintosh; Intel Mac OS X 10_15_5) AppleWebKit/605.1.15 (KHTML, like Gecko) Version/13.1.1 Safari/605.1.15 (Applebot/0.1; +http://www.apple.com/go/applebot)"
167.119.252.30 - - [12/Sep/2020:19:29:14 -0400] "GET /scripts/photoalbum.js HTTP/1.0" 200 62481 "http://www.circletcabins.com/contactus.html" "Mozilla/5.0 (Windows NT 10.0; Win64; x64) AppleWebKit/537.36 (KHTML, like Gecko) Chrome/85.0.4183.102 Safari/537.36"
167.119.252.30 - - [12/Sep/2020:19:29:44 -0400] "GET /scripts/1custom.css HTTP/1.0" 200 2152 "http://www.circletcabins.com/homepage.html" "Mozilla/5.0 (Windows NT 10.0; Win64; x64) AppleWebKit/537.36 (KHTML, like Gecko) Chrome/85.0.4183.102 Safari/537.36"
167.119.252.30 - - [12/Sep/2020:19:29:44 -0400] "GET /images/clear_pixel.gif HTTP/1.0" 404 575 "http://www.circletcabins.com/homepage.html" "Mozilla/5.0 (Windows NT 10.0; Win64; x64) AppleWebKit/537.36 (KHTML, like Gecko) Chrome/85.0.4183.102 Safari/537.36"
