114.119.151.72 - - [12/Sep/2020:19:34:42 -0400] "GET /robots.txt HTTP/1.0" 200 25 "-" "(compatible;PetalBot;+http://aspiegel.com/petalbot)"
73.189.64.153 - - [12/Sep/2020:21:17:31 -0400] "GET /scripts/ic_globals_published.js HTTP/1.0" 200 566 "http://www.circletcabins.com/contactus.html" "Mozilla/5.0 (Windows NT 10.0; Win64; x64) AppleWebKit/537.36 (KHTML, like Gecko) Chrome/85.0.4183.102 Safari/537.36"
73.189.64.153 - - [12/Sep/2020:21:17:31 -0400] "GET /scripts/icwebsiteelement.css HTTP/1.0" 200 8132 "http://www.circletcabins.com/contactus.html" "Mozilla/5.0 (Windows NT 10.0; Win64; x64) AppleWebKit/537.36 (KHTML, like Gecko) Chrome/85.0.4183.102 Safari/537.36"
73.189.64.153 - - [12/Sep/2020:21:17:31 -0400] "GET /scripts/photoalbum.js HTTP/1.0" 200 62481 "http://www.circletcabins.com/contactus.html" "Mozilla/5.0 (Windows NT 10.0; Win64; x64) AppleWebKit/537.36 (KHTML, like Gecko) Chrome/85.0.4183.102 Safari/537.36"
73.189.64.153 - - [12/Sep/2020:21:17:31 -0400] "GET /scripts/print.css HTTP/1.0" 200 - "http://www.circletcabins.com/contactus.html" "Mozilla/5.0 (Windows NT 10.0; Win64; x64) AppleWebKit/537.36 (KHTML, like Gecko) Chrome/85.0.4183.102 Safari/537.36"
73.189.64.153 - - [12/Sep/2020:21:17:31 -0400] "GET /images/222610.jpg HTTP/1.0" 200 16217 "http://www.circletcabins.com/scripts/website.css" "Mozilla/5.0 (Windows NT 10.0; Win64; x64) AppleWebKit/537.36 (KHTML, like Gecko) Chrome/85.0.4183.102 Safari/537.36"
73.189.64.153 - - [12/Sep/2020:21:18:34 -0400] "GET /images/696_RIM00267.JPG HTTP/1.0" 200 91573 "http://www.circletcabins.com/photos.html" "Mozilla/5.0 (Windows NT 10.0; Win64; x64) AppleWebKit/537.36 (KHTML, like Gecko) Chrome/85.0.4183.102 Safari/537.36"
73.189.64.153 - - [12/Sep/2020:21:18:56 -0400] "GET /images/696_RIM00304.JPG HTTP/1.0" 200 70944 "http://www.circletcabins.com/photos.html" "Mozilla/5.0 (Windows NT 10.0; Win64; x64) AppleWebKit/537.36 (KHTML, like Gecko) Chrome/85.0.4183.102 Safari/537.36"
73.189.64.153 - - [12/Sep/2020:21:19:11 -0400] "GET /images/696_RIM00349.JPG HTTP/1.0" 200 101927 "http://www.circletcabins.com/photos.html" "Mozilla/5.0 (Windows NT 10.0; Win64; x64) AppleWebKit/537.36 (KHTML, like Gecko) Chrome/85.0.4183.102 Safari/537.36"
73.189.64.153 - - [12/Sep/2020:21:19:26 -0400] "GET /images/696_RIM00272.JPG HTTP/1.0" 200 16008 "http://www.circletcabins.com/photos.html" "Mozilla/5.0 (Windows NT 10.0; Win64; x64) AppleWebKit/537.36 (KHTML, like Gecko) Chrome/85.0.4183.102 Safari/537.36"
73.189.64.153 - - [12/Sep/2020:21:19:51 -0400] "GET /images/10_Copy%20(2)%20of%20P6220099.jpg HTTP/1.0" 404 575 "http://www.circletcabins.com/homepage.html" "Mozilla/5.0 (Windows NT 10.0; Win64; x64) AppleWebKit/537.36 (KHTML, like Gecko) Chrome/85.0.4183.102 Safari/537.36"
73.189.64.153 - - [12/Sep/2020:21:19:51 -0400] "GET /images/clear_pixel.gif HTTP/1.0" 404 575 "http://www.circletcabins.com/homepage.html" "Mozilla/5.0 (Windows NT 10.0; Win64; x64) AppleWebKit/537.36 (KHTML, like Gecko) Chrome/85.0.4183.102 Safari/537.36"
93.158.161.40 - - [12/Sep/2020:00:49:24 -0400] "GET /robots.txt HTTP/1.0" 200 25 "-" "Mozilla/5.0 (compatible; YandexBot/3.0; +http://yandex.com/bots)"
207.200.8.180 - - [12/Sep/2020:06:04:38 -0400] "GET / HTTP/1.0" 200 10848 "-" "LightspeedSystemsCrawler Mozilla/5.0 (Windows; U; MSIE 9.0; Windows NT 9.0; en-US)"
207.200.8.180 - - [12/Sep/2020:06:04:41 -0400] "GET / HTTP/1.0" 200 10848 "-" "LightspeedSystemsCrawler Mozilla/5.0 (Windows; U; MSIE 9.0; Windows NT 9.0; en-US)"
109.102.111.58 - - [12/Sep/2020:06:44:24 -0400] "GET / HTTP/1.0" 200 10848 "-" "Mozilla/5.0 (Windows NT 6.1; WOW64) AppleWebKit/537.36 (KHTML, like Gecko) Chrome/33.0.1750.154 Safari/537.36"
109.102.111.58 - - [12/Sep/2020:06:44:24 -0400] "GET /homepage.html HTTP/1.0" 200 10848 "-" "Mozilla/5.0 (Windows NT 10.0; WOW64) AppleWebKit/537.36 (KHTML, like Gecko) Chrome/44.0.2403.125 Safari/537.36"
109.102.111.58 - - [12/Sep/2020:06:44:24 -0400] "GET /areaservices.html HTTP/1.0" 200 4408 "-" "Mozilla/5.0 (Windows NT 6.3; WOW64; Trident/7.0; Touch; MASMJS; rv:11.0) like Gecko"
109.102.111.58 - - [12/Sep/2020:06:44:24 -0400] "GET /contactus.html HTTP/1.0" 200 8900 "-" "Mozilla/5.0 (Linux; U; Android 4.4.3; en-us; KFSAWI Build/KTU84M) AppleWebKit/537.36 (KHTML, like Gecko) Silk/3.68 like Chrome/39.0.2171.93 Safari/537.36"
109.102.111.58 - - [12/Sep/2020:06:44:25 -0400] "GET /maps.html HTTP/1.0" 200 6293 "-" "Mozilla/5.0 (Windows NT 6.1; WOW64; rv:36.0) Gecko/20100101 Firefox/36.0"
109.102.111.58 - - [12/Sep/2020:06:44:32 -0400] "GET /maps.html HTTP/1.0" 200 6293 "-" "Mozilla/5.0 (Windows NT 6.1; WOW64) AppleWebKit/537.36 (KHTML, like Gecko) Chrome/37.0.2062.124 Safari/537.36"
45.79.249.135 - - [12/Sep/2020:07:46:08 -0400] "GET / HTTP/1.0" 200 10848 "-" "python-requests/2.24.0"
104.222.46.140 - - [12/Sep/2020:07:51:50 -0400] "GET /javascript:// HTTP/1.0" 404 575 "-" "Mozilla/5.0 (compatible; Konqueror/3; Linux)"
104.222.46.140 - - [12/Sep/2020:07:51:50 -0400] "GET /contactus.html HTTP/1.0" 200 8900 "-" "Mozilla/5.0 (compatible; Konqueror/3; Linux)"
104.222.46.140 - - [12/Sep/2020:07:52:05 -0400] "GET /maps.html HTTP/1.0" 200 6293 "-" "Mozilla/5.0 (compatible; Konqueror/3; Linux)"
207.200.8.180 - - [12/Sep/2020:09:46:26 -0400] "GET /images/photoalbum/button_photoLast.jpg HTTP/1.0" 200 637 "-" "Mozilla/5.0 (Windows; U; MSIE 9.0; Windows NT 9.0; en-US"
192.29.97.49 - - [12/Sep/2020:09:49:33 -0400] "GET / HTTP/1.0" 200 10848 "-" "DF Bot 1.0"
75.104.127.19 - - [12/Sep/2020:11:15:14 -0400] "GET /images/photoalbum/button_photoPause.jpg HTTP/1.0" 200 605 "http://www.circletcabins.com/photos.html" "Mozilla/5.0 (iPad; CPU OS 12_4 like Mac OS X) AppleWebKit/605.1.15 (KHTML, like Gecko) CriOS/85.0.4183.92 Mobile/15E148 Safari/604.1"
75.104.127.19 - - [12/Sep/2020:11:15:14 -0400] "GET /images/photoalbum/button_photoNext.jpg HTTP/1.0" 200 662 "http://www.circletcabins.com/photos.html" "Mozilla/5.0 (iPad; CPU OS 12_4 like Mac OS X) AppleWebKit/605.1.15 (KHTML, like Gecko) CriOS/85.0.4183.92 Mobile/15E148 Safari/604.1"
75.104.127.19 - - [12/Sep/2020:11:15:14 -0400] "GET /images/photoalbum/detail_close.jpg HTTP/1.0" 200 1095 "http://www.circletcabins.com/photos.html" "Mozilla/5.0 (iPad; CPU OS 12_4 like Mac OS X) AppleWebKit/605.1.15 (KHTML, like Gecko) CriOS/85.0.4183.92 Mobile/15E148 Safari/604.1"
75.104.127.19 - - [12/Sep/2020:11:15:18 -0400] "GET /images/179_RIM00267.JPG HTTP/1.0" 200 6962 "http://www.circletcabins.com/photos.html" "Mozilla/5.0 (iPad; CPU OS 12_4 like Mac OS X) AppleWebKit/605.1.15 (KHTML, like Gecko) CriOS/85.0.4183.92 Mobile/15E148 Safari/604.1"
75.104.127.19 - - [12/Sep/2020:11:15:18 -0400] "GET /images/480_RIM00269.JPG HTTP/1.0" 200 53787 "http://www.circletcabins.com/photos.html" "Mozilla/5.0 (iPad; CPU OS 12_4 like Mac OS X) AppleWebKit/605.1.15 (KHTML, like Gecko) CriOS/85.0.4183.92 Mobile/15E148 Safari/604.1"
75.104.127.19 - - [12/Sep/2020:11:15:23 -0400] "GET /images/480_RIM00309.JPG HTTP/1.0" 200 30988 "http://www.circletcabins.com/photos.html" "Mozilla/5.0 (iPad; CPU OS 12_4 like Mac OS X) AppleWebKit/605.1.15 (KHTML, like Gecko) CriOS/85.0.4183.92 Mobile/15E148 Safari/604.1"
75.104.127.19 - - [12/Sep/2020:11:15:28 -0400] "GET /images/179_RIM00223.JPG HTTP/1.0" 200 6847 "http://www.circletcabins.com/photos.html" "Mozilla/5.0 (iPad; CPU OS 12_4 like Mac OS X) AppleWebKit/605.1.15 (KHTML, like Gecko) CriOS/85.0.4183.92 Mobile/15E148 Safari/604.1"
75.104.127.19 - - [12/Sep/2020:11:15:30 -0400] "GET /images/179_PB290110.JPG HTTP/1.0" 200 7912 "http://www.circletcabins.com/photos.html" "Mozilla/5.0 (iPad; CPU OS 12_4 like Mac OS X) AppleWebKit/605.1.15 (KHTML, like Gecko) CriOS/85.0.4183.92 Mobile/15E148 Safari/604.1"
13.74.38.152 - - [12/Sep/2020:17:14:53 -0400] "GET / HTTP/1.0" 200 10848 "-" "python-requests/2.24.0"
76.105.165.161 - - [12/Sep/2020:17:28:27 -0400] "GET / HTTP/1.0" 200 10848 "https://www.google.com/" "Mozilla/5.0 (Macintosh; Intel Mac OS X 10_15_6) AppleWebKit/537.36 (KHTML, like Gecko) Chrome/85.0.4183.102 Safari/537.36"
76.105.165.161 - - [12/Sep/2020:17:28:27 -0400] "GET /scripts/photoalbum.js HTTP/1.0" 200 62481 "http://www.circletcabins.com/" "Mozilla/5.0 (Macintosh; Intel Mac OS X 10_15_6) AppleWebKit/537.36 (KHTML, like Gecko) Chrome/85.0.4183.102 Safari/537.36"
76.105.165.161 - - [12/Sep/2020:17:28:28 -0400] "GET /images/136_P6220092.jpg HTTP/1.0" 200 3901 "http://www.circletcabins.com/" "Mozilla/5.0 (Macintosh; Intel Mac OS X 10_15_6) AppleWebKit/537.36 (KHTML, like Gecko) Chrome/85.0.4183.102 Safari/537.36"
76.105.165.161 - - [12/Sep/2020:17:28:28 -0400] "GET /images/136_P6220079.jpg HTTP/1.0" 200 3760 "http://www.circletcabins.com/" "Mozilla/5.0 (Macintosh; Intel Mac OS X 10_15_6) AppleWebKit/537.36 (KHTML, like Gecko) Chrome/85.0.4183.102 Safari/537.36"
167.119.252.30 - - [12/Sep/2020:19:29:15 -0400] "GET /scripts/4.css HTTP/1.0" 200 203 "http://www.circletcabins.com/contactus.html" "Mozilla/5.0 (Windows NT 10.0; Win64; x64) AppleWebKit/537.36 (KHTML, like Gecko) Chrome/85.0.4183.102 Safari/537.36"
167.119.252.30 - - [12/Sep/2020:19:29:15 -0400] "GET /scripts/template.css HTTP/1.0" 200 9956 "http://www.circletcabins.com/contactus.html" "Mozilla/5.0 (Windows NT 10.0; Win64; x64) AppleWebKit/537.36 (KHTML, like Gecko) Chrome/85.0.4183.102 Safari/537.36"
167.119.252.30 - - [12/Sep/2020:19:29:15 -0400] "GET /images/222610.jpg HTTP/1.0" 200 16217 "http://www.circletcabins.com/scripts/website.css" "Mozilla/5.0 (Windows NT 10.0; Win64; x64) AppleWebKit/537.36 (KHTML, like Gecko) Chrome/85.0.4183.102 Safari/537.36"
167.119.252.30 - - [12/Sep/2020:19:29:45 -0400] "GET /images/136_P6220071.jpg HTTP/1.0" 200 3907 "http://www.circletcabins.com/homepage.html" "Mozilla/5.0 (Windows NT 10.0; Win64; x64) AppleWebKit/537.36 (KHTML, like Gecko) Chrome/85.0.4183.102 Safari/537.36"
167.119.252.30 - - [12/Sep/2020:19:29:45 -0400] "GET /images/136_P6220108.jpg HTTP/1.0" 200 3793 "http://www.circletcabins.com/homepage.html" "Mozilla/5.0 (Windows NT 10.0; Win64; x64) AppleWebKit/537.36 (KHTML, like Gecko) Chrome/85.0.4183.102 Safari/537.36"
114.119.131.28 - - [12/Sep/2020:21:03:34 -0400] "GET / HTTP/1.0" 200 10848 "-" "Mozilla/5.0 (Linux; Android 7.0;) AppleWebKit/537.36 (KHTML, like Gecko) Mobile Safari/537.36 (compatible; PetalBot;+http://aspiegel.com/petalbot)"
73.189.64.153 - - [12/Sep/2020:21:18:27 -0400] "GET /images/photoalbum/button_photoFirst.jpg HTTP/1.0" 200 637 "http://www.circletcabins.com/photos.html" "Mozilla/5.0 (Windows NT 10.0; Win64; x64) AppleWebKit/537.36 (KHTML, like Gecko) Chrome/85.0.4183.102 Safari/537.36"
73.189.64.153 - - [12/Sep/2020:21:18:27 -0400] "GET /images/photoalbum/button_photoSpeed5.jpg HTTP/1.0" 200 502 "http://www.circletcabins.com/photos.html" "Mozilla/5.0 (Windows NT 10.0; Win64; x64) AppleWebKit/537.36 (KHTML, like Gecko) Chrome/85.0.4183.102 Safari/537.36"
73.189.64.153 - - [12/Sep/2020:21:18:28 -0400] "GET /images/179_RIM00278.JPG HTTP/1.0" 200 7533 "http://www.circletcabins.com/photos.html" "Mozilla/5.0 (Windows NT 10.0; Win64; x64) AppleWebKit/537.36 (KHTML, like Gecko) Chrome/85.0.4183.102 Safari/537.36"
73.189.64.153 - - [12/Sep/2020:21:18:28 -0400] "GET /images/480_RIM00277.JPG HTTP/1.0" 200 43732 "http://www.circletcabins.com/photos.html" "Mozilla/5.0 (Windows NT 10.0; Win64; x64) AppleWebKit/537.36 (KHTML, like Gecko) Chrome/85.0.4183.102 Safari/537.36"
73.189.64.153 - - [12/Sep/2020:21:18:28 -0400] "GET /images/480_RIM00275.JPG HTTP/1.0" 200 34683 "http://www.circletcabins.com/photos.html" "Mozilla/5.0 (Windows NT 10.0; Win64; x64) AppleWebKit/537.36 (KHTML, like Gecko) Chrome/85.0.4183.102 Safari/537.36"
73.189.64.153 - - [12/Sep/2020:21:18:28 -0400] "GET /images/480_RIM00304.JPG HTTP/1.0" 200 36496 "http://www.circletcabins.com/photos.html" "Mozilla/5.0 (Windows NT 10.0; Win64; x64) AppleWebKit/537.36 (KHTML, like Gecko) Chrome/85.0.4183.102 Safari/537.36"
73.189.64.153 - - [12/Sep/2020:21:18:28 -0400] "GET /images/480_RIM00331.JPG HTTP/1.0" 200 54271 "http://www.circletcabins.com/photos.html" "Mozilla/5.0 (Windows NT 10.0; Win64; x64) AppleWebKit/537.36 (KHTML, like Gecko) Chrome/85.0.4183.102 Safari/537.36"
73.189.64.153 - - [12/Sep/2020:21:18:28 -0400] "GET /images/480_RIM00346.JPG HTTP/1.0" 200 45803 "http://www.circletcabins.com/photos.html" "Mozilla/5.0 (Windows NT 10.0; Win64; x64) AppleWebKit/537.36 (KHTML, like Gecko) Chrome/85.0.4183.102 Safari/537.36"
73.189.64.153 - - [12/Sep/2020:21:18:28 -0400] "GET /images/480_RIM00349.JPG HTTP/1.0" 200 52407 "http://www.circletcabins.com/photos.html" "Mozilla/5.0 (Windows NT 10.0; Win64; x64) AppleWebKit/537.36 (KHTML, like Gecko) Chrome/85.0.4183.102 Safari/537.36"
73.189.64.153 - - [12/Sep/2020:21:18:28 -0400] "GET /images/480_RIM00353.JPG HTTP/1.0" 200 23009 "http://www.circletcabins.com/photos.html" "Mozilla/5.0 (Windows NT 10.0; Win64; x64) AppleWebKit/537.36 (KHTML, like Gecko) Chrome/85.0.4183.102 Safari/537.36"
73.189.64.153 - - [12/Sep/2020:21:18:28 -0400] "GET /images/480_RIM00355.JPG HTTP/1.0" 200 26783 "http://www.circletcabins.com/photos.html" "Mozilla/5.0 (Windows NT 10.0; Win64; x64) AppleWebKit/537.36 (KHTML, like Gecko) Chrome/85.0.4183.102 Safari/537.36"
73.189.64.153 - - [12/Sep/2020:21:18:28 -0400] "GET /images/179_Pb060067.jpg HTTP/1.0" 200 6209 "http://www.circletcabins.com/photos.html" "Mozilla/5.0 (Windows NT 10.0; Win64; x64) AppleWebKit/537.36 (KHTML, like Gecko) Chrome/85.0.4183.102 Safari/537.36"
73.189.64.153 - - [12/Sep/2020:21:18:28 -0400] "GET /images/179_RIM00309.JPG HTTP/1.0" 200 5504 "http://www.circletcabins.com/photos.html" "Mozilla/5.0 (Windows NT 10.0; Win64; x64) AppleWebKit/537.36 (KHTML, like Gecko) Chrome/85.0.4183.102 Safari/537.36"
73.189.64.153 - - [12/Sep/2020:21:18:28 -0400] "GET /images/179_RIM00331.JPG HTTP/1.0" 200 8763 "http://www.circletcabins.com/photos.html" "Mozilla/5.0 (Windows NT 10.0; Win64; x64) AppleWebKit/537.36 (KHTML, like Gecko) Chrome/85.0.4183.102 Safari/537.36"
73.189.64.153 - - [12/Sep/2020:21:18:28 -0400] "GET /images/179_RIM00355.JPG HTTP/1.0" 200 4516 "http://www.circletcabins.com/photos.html" "Mozilla/5.0 (Windows NT 10.0; Win64; x64) AppleWebKit/537.36 (KHTML, like Gecko) Chrome/85.0.4183.102 Safari/537.36"
73.189.64.153 - - [12/Sep/2020:21:18:28 -0400] "GET /images/179_RIM00330.JPG HTTP/1.0" 200 4813 "http://www.circletcabins.com/photos.html" "Mozilla/5.0 (Windows NT 10.0; Win64; x64) AppleWebKit/537.36 (KHTML, like Gecko) Chrome/85.0.4183.102 Safari/537.36"
73.189.64.153 - - [12/Sep/2020:21:18:32 -0400] "GET /images/photoalbum/button_photoPlay_ON.jpg HTTP/1.0" 200 612 "http://www.circletcabins.com/photos.html" "Mozilla/5.0 (Windows NT 10.0; Win64; x64) AppleWebKit/537.36 (KHTML, like Gecko) Chrome/85.0.4183.102 Safari/537.36"
73.189.64.153 - - [12/Sep/2020:21:18:45 -0400] "GET /images/696_RIM00278.JPG HTTP/1.0" 200 86266 "http://www.circletcabins.com/photos.html" "Mozilla/5.0 (Windows NT 10.0; Win64; x64) AppleWebKit/537.36 (KHTML, like Gecko) Chrome/85.0.4183.102 Safari/537.36"
73.189.64.153 - - [12/Sep/2020:21:18:51 -0400] "GET /images/696_Pb060067.jpg HTTP/1.0" 200 74429 "http://www.circletcabins.com/photos.html" "Mozilla/5.0 (Windows NT 10.0; Win64; x64) AppleWebKit/537.36 (KHTML, like Gecko) Chrome/85.0.4183.102 Safari/537.36"
73.189.64.153 - - [12/Sep/2020:21:18:54 -0400] "GET /images/696_RIM00275.JPG HTTP/1.0" 200 67390 "http://www.circletcabins.com/photos.html" "Mozilla/5.0 (Windows NT 10.0; Win64; x64) AppleWebKit/537.36 (KHTML, like Gecko) Chrome/85.0.4183.102 Safari/537.36"
73.189.64.153 - - [12/Sep/2020:21:19:21 -0400] "GET /images/696_RIM00358.JPG HTTP/1.0" 200 50985 "http://www.circletcabins.com/photos.html" "Mozilla/5.0 (Windows NT 10.0; Win64; x64) AppleWebKit/537.36 (KHTML, like Gecko) Chrome/85.0.4183.102 Safari/537.36"
73.189.64.153 - - [12/Sep/2020:21:19:52 -0400] "GET /scripts/1custom.css HTTP/1.0" 200 2152 "http://www.circletcabins.com/homepage.html" "Mozilla/5.0 (Windows NT 10.0; Win64; x64) AppleWebKit/537.36 (KHTML, like Gecko) Chrome/85.0.4183.102 Safari/537.36"
73.189.64.153 - - [12/Sep/2020:21:19:52 -0400] "GET /images/136_P6220085.jpg HTTP/1.0" 200 3808 "http://www.circletcabins.com/homepage.html" "Mozilla/5.0 (Windows NT 10.0; Win64; x64) AppleWebKit/537.36 (KHTML, like Gecko) Chrome/85.0.4183.102 Safari/537.36"
66.249.79.94 - - [12/Sep/2020:00:42:02 -0400] "GET / HTTP/1.0" 200 10848 "-" "Mozilla/5.0 (compatible; Googlebot/2.1; +http://www.google.com/bot.html)"
93.158.161.64 - - [12/Sep/2020:00:49:26 -0400] "GET /robots.txt HTTP/1.0" 200 25 "-" "Mozilla/5.0 (compatible; YandexBot/3.0; +http://yandex.com/bots)"
5.188.62.25 - - [12/Sep/2020:02:45:30 -0400] "GET /robots.txt HTTP/1.0" 200 25 "-" "Mozilla/5.0 (Windows NT 6.0; WOW64) AppleWebKit/537.36 (KHTML, like Gecko) Chrome/41.0.2224.3 Safari/537.36"
5.188.62.25 - - [12/Sep/2020:02:53:09 -0400] "GET /webadmin/ HTTP/1.0" 404 575 "-" "Mozilla/5.0 (Windows NT 6.0) AppleWebKit/537.36 (KHTML, like Gecko) Chrome/41.0.2228.0 Safari/537.36"
5.188.62.25 - - [12/Sep/2020:02:53:24 -0400] "GET /admin_login.php HTTP/1.0" 404 575 "-" "Mozilla/5.0 (Windows NT 6.0) AppleWebKit/537.36 (KHTML, like Gecko) Chrome/41.0.2228.0 Safari/537.36"
207.46.13.49 - - [12/Sep/2020:05:46:27 -0400] "GET /homepage.html HTTP/1.0" 200 10848 "-" "Mozilla/5.0 (compatible; bingbot/2.0; +http://www.bing.com/bingbot.htm)"
66.160.140.184 - - [12/Sep/2020:06:39:57 -0400] "GET / HTTP/1.0" 200 10848 "-" "The Knowledge AI"
109.102.111.58 - - [12/Sep/2020:06:44:24 -0400] "GET /summercalendar.html HTTP/1.0" 200 4125 "-" "Mozilla/5.0 (Linux; Android 4.4.2; RCT6203W46 Build/KOT49H) AppleWebKit/537.36 (KHTML, like Gecko) Chrome/45.0.2454.84 Safari/537.36"
109.102.111.58 - - [12/Sep/2020:06:44:32 -0400] "GET /photos.html HTTP/1.0" 200 12735 "-" "Mozilla/5.0 (Windows NT 6.3; Win64; x64; Trident/7.0; Touch; MDDCJS; rv:11.0) like Gecko"
45.79.249.135 - - [12/Sep/2020:08:31:36 -0400] "GET / HTTP/1.0" 200 10848 "-" "python-requests/2.24.0"
207.200.8.180 - - [12/Sep/2020:09:46:27 -0400] "GET /images/136_P6220108.jpg HTTP/1.0" 200 3793 "-" "Mozilla/5.0 (Windows; U; MSIE 9.0; Windows NT 9.0; en-US"
207.200.8.180 - - [12/Sep/2020:09:46:29 -0400] "GET /images/136_P6220071.jpg HTTP/1.0" 200 3907 "-" "Mozilla/5.0 (Windows; U; MSIE 9.0; Windows NT 9.0; en-US"
75.104.127.19 - - [12/Sep/2020:11:14:49 -0400] "GET /scripts/user.js HTTP/1.0" 200 23762 "http://www.circletcabins.com/contactus.html" "Mozilla/5.0 (iPad; CPU OS 12_4 like Mac OS X) AppleWebKit/605.1.15 (KHTML, like Gecko) CriOS/85.0.4183.92 Mobile/15E148 Safari/604.1"
75.104.127.19 - - [12/Sep/2020:11:14:51 -0400] "GET /images/222610.jpg HTTP/1.0" 200 16217 "http://www.circletcabins.com/contactus.html" "Mozilla/5.0 (iPad; CPU OS 12_4 like Mac OS X) AppleWebKit/605.1.15 (KHTML, like Gecko) CriOS/85.0.4183.92 Mobile/15E148 Safari/604.1"
75.104.127.19 - - [12/Sep/2020:11:15:11 -0400] "GET /photos.html HTTP/1.0" 200 12735 "http://www.circletcabins.com/contactus.html" "Mozilla/5.0 (iPad; CPU OS 12_4 like Mac OS X) AppleWebKit/605.1.15 (KHTML, like Gecko) CriOS/85.0.4183.92 Mobile/15E148 Safari/604.1"
75.104.127.19 - - [12/Sep/2020:11:15:13 -0400] "GET /images/photoalbum/button_photoPrev.jpg HTTP/1.0" 200 656 "http://www.circletcabins.com/photos.html" "Mozilla/5.0 (iPad; CPU OS 12_4 like Mac OS X) AppleWebKit/605.1.15 (KHTML, like Gecko) CriOS/85.0.4183.92 Mobile/15E148 Safari/604.1"
75.104.127.19 - - [12/Sep/2020:11:15:15 -0400] "GET /images/photoalbum/button_photoSpeed3_ON.jpg HTTP/1.0" 200 587 "http://www.circletcabins.com/photos.html" "Mozilla/5.0 (iPad; CPU OS 12_4 like Mac OS X) AppleWebKit/605.1.15 (KHTML, like Gecko) CriOS/85.0.4183.92 Mobile/15E148 Safari/604.1"
75.104.127.19 - - [12/Sep/2020:11:15:16 -0400] "GET /images/696_PB060059.JPG HTTP/1.0" 200 102077 "http://www.circletcabins.com/photos.html" "Mozilla/5.0 (iPad; CPU OS 12_4 like Mac OS X) AppleWebKit/605.1.15 (KHTML, like Gecko) CriOS/85.0.4183.92 Mobile/15E148 Safari/604.1"
75.104.127.19 - - [12/Sep/2020:11:15:21 -0400] "GET /images/179_RIM00304.JPG HTTP/1.0" 200 5974 "http://www.circletcabins.com/photos.html" "Mozilla/5.0 (iPad; CPU OS 12_4 like Mac OS X) AppleWebKit/605.1.15 (KHTML, like Gecko) CriOS/85.0.4183.92 Mobile/15E148 Safari/604.1"
75.104.127.19 - - [12/Sep/2020:11:15:22 -0400] "GET /images/480_RIM00304.JPG HTTP/1.0" 200 36496 "http://www.circletcabins.com/photos.html" "Mozilla/5.0 (iPad; CPU OS 12_4 like Mac OS X) AppleWebKit/605.1.15 (KHTML, like Gecko) CriOS/85.0.4183.92 Mobile/15E148 Safari/604.1"
75.104.127.19 - - [12/Sep/2020:11:15:24 -0400] "GET /images/179_RIM00331.JPG HTTP/1.0" 200 8763 "http://www.circletcabins.com/photos.html" "Mozilla/5.0 (iPad; CPU OS 12_4 like Mac OS X) AppleWebKit/605.1.15 (KHTML, like Gecko) CriOS/85.0.4183.92 Mobile/15E148 Safari/604.1"
75.104.127.19 - - [12/Sep/2020:11:15:24 -0400] "GET /images/480_RIM00331.JPG HTTP/1.0" 200 54271 "http://www.circletcabins.com/photos.html" "Mozilla/5.0 (iPad; CPU OS 12_4 like Mac OS X) AppleWebKit/605.1.15 (KHTML, like Gecko) CriOS/85.0.4183.92 Mobile/15E148 Safari/604.1"
75.104.127.19 - - [12/Sep/2020:11:15:27 -0400] "GET /images/179_RIM00355.JPG HTTP/1.0" 200 4516 "http://www.circletcabins.com/photos.html" "Mozilla/5.0 (iPad; CPU OS 12_4 like Mac OS X) AppleWebKit/605.1.15 (KHTML, like Gecko) CriOS/85.0.4183.92 Mobile/15E148 Safari/604.1"
75.104.127.19 - - [12/Sep/2020:11:15:31 -0400] "GET /images/photoalbum/photo_controlBG.jpg HTTP/1.0" 200 336 "http://www.circletcabins.com/photos.html" "Mozilla/5.0 (iPad; CPU OS 12_4 like Mac OS X) AppleWebKit/605.1.15 (KHTML, like Gecko) CriOS/85.0.4183.92 Mobile/15E148 Safari/604.1"
75.104.127.19 - - [12/Sep/2020:11:15:58 -0400] "GET /onlinespecial.html HTTP/1.0" 200 6897 "http://www.circletcabins.com/photos.html" "Mozilla/5.0 (iPad; CPU OS 12_4 like Mac OS X) AppleWebKit/605.1.15 (KHTML, like Gecko) CriOS/85.0.4183.92 Mobile/15E148 Safari/604.1"
76.105.165.161 - - [12/Sep/2020:17:28:25 -0400] "GET /images/136_P6220085.jpg HTTP/1.0" 200 3808 "http://www.circletcabins.com/" "Mozilla/5.0 (Macintosh; Intel Mac OS X 10_15_6) AppleWebKit/537.36 (KHTML, like Gecko) Chrome/85.0.4183.102 Safari/537.36"
114.119.144.116 - - [12/Sep/2020:18:20:54 -0400] "GET /robots.txt HTTP/1.0" 200 25 "-" "(compatible;PetalBot;+http://aspiegel.com/petalbot)"
167.119.252.30 - - [12/Sep/2020:19:29:15 -0400] "GET /scripts/website.css HTTP/1.0" 200 1660 "http://www.circletcabins.com/contactus.html" "Mozilla/5.0 (Windows NT 10.0; Win64; x64) AppleWebKit/537.36 (KHTML, like Gecko) Chrome/85.0.4183.102 Safari/537.36"
167.119.252.30 - - [12/Sep/2020:19:29:27 -0400] "GET /onlinespecial.html HTTP/1.0" 200 6897 "http://www.circletcabins.com/contactus.html" "Mozilla/5.0 (Windows NT 10.0; Win64; x64) AppleWebKit/537.36 (KHTML, like Gecko) Chrome/85.0.4183.102 Safari/537.36"
167.119.252.30 - - [12/Sep/2020:19:29:27 -0400] "GET /scripts/6custom.css HTTP/1.0" 200 1141 "http://www.circletcabins.com/onlinespecial.html" "Mozilla/5.0 (Windows NT 10.0; Win64; x64) AppleWebKit/537.36 (KHTML, like Gecko) Chrome/85.0.4183.102 Safari/537.36"
167.119.252.30 - - [12/Sep/2020:19:29:45 -0400] "GET /images/10_Copy%20(2)%20of%20P6220099.jpg HTTP/1.0" 404 575 "http://www.circletcabins.com/homepage.html" "Mozilla/5.0 (Windows NT 10.0; Win64; x64) AppleWebKit/537.36 (KHTML, like Gecko) Chrome/85.0.4183.102 Safari/537.36"
73.189.64.153 - - [12/Sep/2020:21:18:26 -0400] "GET /images/photoalbum/button_photoPrev.jpg HTTP/1.0" 200 656 "http://www.circletcabins.com/photos.html" "Mozilla/5.0 (Windows NT 10.0; Win64; x64) AppleWebKit/537.36 (KHTML, like Gecko) Chrome/85.0.4183.102 Safari/537.36"
73.189.64.153 - - [12/Sep/2020:21:18:37 -0400] "GET /images/photoalbum/button_photoPrev_ON.jpg HTTP/1.0" 200 654 "http://www.circletcabins.com/photos.html" "Mozilla/5.0 (Windows NT 10.0; Win64; x64) AppleWebKit/537.36 (KHTML, like Gecko) Chrome/85.0.4183.102 Safari/537.36"
73.189.64.153 - - [12/Sep/2020:21:19:08 -0400] "GET /images/696_RIM00346.JPG HTTP/1.0" 200 88594 "http://www.circletcabins.com/photos.html" "Mozilla/5.0 (Windows NT 10.0; Win64; x64) AppleWebKit/537.36 (KHTML, like Gecko) Chrome/85.0.4183.102 Safari/537.36"
73.189.64.153 - - [12/Sep/2020:21:22:19 -0400] "GET /images/10_Copy%20(2)%20of%20P6220099.jpg HTTP/1.0" 404 575 "http://www.circletcabins.com/homepage.html" "Mozilla/5.0 (Windows NT 10.0; Win64; x64) AppleWebKit/537.36 (KHTML, like Gecko) Chrome/85.0.4183.102 Safari/537.36"
5.188.62.25 - - [12/Sep/2020:02:53:14 -0400] "GET /administrator.php HTTP/1.0" 404 575 "-" "Mozilla/5.0 (Windows NT 6.0) AppleWebKit/537.36 (KHTML, like Gecko) Chrome/41.0.2228.0 Safari/537.36"
207.200.8.180 - - [12/Sep/2020:06:04:48 -0400] "GET /contactus.html HTTP/1.0" 200 8900 "http://circletcabins.net" "LightspeedSystemsCrawler Mozilla/5.0 (Windows; U; MSIE 9.0; Windows NT 9.0; en-US)"
54.162.102.36 - - [12/Sep/2020:06:06:59 -0400] "GET /ads.txt HTTP/1.0" 404 575 "-" "MixnodeCache/1.8(+https://cache.mixnode.com/)"
109.102.111.58 - - [12/Sep/2020:06:44:24 -0400] "GET /photos.html HTTP/1.0" 200 12735 "-" "Mozilla/5.0 (Macintosh; Intel Mac OS X 10.10; rv:38.0) Gecko/20100101 Firefox/38.0"
109.102.111.58 - - [12/Sep/2020:06:44:43 -0400] "GET /onlinespecial.html HTTP/1.0" 200 6897 "-" "Mozilla/5.0 (Linux; Android 5.0.2; LG-V410/V41020c Build/LRX22G) AppleWebKit/537.36 (KHTML, like Gecko) Version/4.0 Chrome/34.0.1847.118 Safari/537.36"
109.102.111.58 - - [12/Sep/2020:06:44:50 -0400] "GET /contactus.html HTTP/1.0" 200 8900 "-" "Mozilla/5.0 (Macintosh; Intel Mac OS X 10_6_8) AppleWebKit/537.36 (KHTML, like Gecko) Chrome/38.0.2125.122 Safari/537.36"
104.222.46.140 - - [12/Sep/2020:07:52:03 -0400] "GET /summercalendar.html HTTP/1.0" 200 4125 "-" "Mozilla/5.0 (compatible; Konqueror/3; Linux)"
207.200.8.180 - - [12/Sep/2020:09:46:27 -0400] "GET /images/photoalbum/button_photoSpeed2_ON.jpg HTTP/1.0" 200 492 "-" "Mozilla/5.0 (Windows; U; MSIE 9.0; Windows NT 9.0; en-US"
207.200.8.180 - - [12/Sep/2020:09:46:28 -0400] "GET /images/136_P6220085.jpg HTTP/1.0" 200 3808 "-" "Mozilla/5.0 (Windows; U; MSIE 9.0; Windows NT 9.0; en-US"
75.104.127.19 - - [12/Sep/2020:11:14:48 -0400] "GET /scripts/ic_globals_published.js HTTP/1.0" 200 566 "http://www.circletcabins.com/contactus.html" "Mozilla/5.0 (iPad; CPU OS 12_4 like Mac OS X) AppleWebKit/605.1.15 (KHTML, like Gecko) CriOS/85.0.4183.92 Mobile/15E148 Safari/604.1"
75.104.127.19 - - [12/Sep/2020:11:14:48 -0400] "GET /scripts/photoalbum.js HTTP/1.0" 200 62481 "http://www.circletcabins.com/contactus.html" "Mozilla/5.0 (iPad; CPU OS 12_4 like Mac OS X) AppleWebKit/605.1.15 (KHTML, like Gecko) CriOS/85.0.4183.92 Mobile/15E148 Safari/604.1"
75.104.127.19 - - [12/Sep/2020:11:14:49 -0400] "GET /scripts/4custom.css HTTP/1.0" 200 1478 "http://www.circletcabins.com/contactus.html" "Mozilla/5.0 (iPad; CPU OS 12_4 like Mac OS X) AppleWebKit/605.1.15 (KHTML, like Gecko) CriOS/85.0.4183.92 Mobile/15E148 Safari/604.1"
75.104.127.19 - - [12/Sep/2020:11:14:49 -0400] "GET /scripts/icwebsiteelement.css HTTP/1.0" 200 8132 "http://www.circletcabins.com/contactus.html" "Mozilla/5.0 (iPad; CPU OS 12_4 like Mac OS X) AppleWebKit/605.1.15 (KHTML, like Gecko) CriOS/85.0.4183.92 Mobile/15E148 Safari/604.1"
75.104.127.19 - - [12/Sep/2020:11:15:16 -0400] "GET /images/696_RIM00267.JPG HTTP/1.0" 200 91573 "http://www.circletcabins.com/photos.html" "Mozilla/5.0 (iPad; CPU OS 12_4 like Mac OS X) AppleWebKit/605.1.15 (KHTML, like Gecko) CriOS/85.0.4183.92 Mobile/15E148 Safari/604.1"
75.104.127.19 - - [12/Sep/2020:11:15:18 -0400] "GET /images/696_RIM00278.JPG HTTP/1.0" 200 86266 "http://www.circletcabins.com/photos.html" "Mozilla/5.0 (iPad; CPU OS 12_4 like Mac OS X) AppleWebKit/605.1.15 (KHTML, like Gecko) CriOS/85.0.4183.92 Mobile/15E148 Safari/604.1"
75.104.127.19 - - [12/Sep/2020:11:15:18 -0400] "GET /images/179_RIM00278.JPG HTTP/1.0" 200 7533 "http://www.circletcabins.com/photos.html" "Mozilla/5.0 (iPad; CPU OS 12_4 like Mac OS X) AppleWebKit/605.1.15 (KHTML, like Gecko) CriOS/85.0.4183.92 Mobile/15E148 Safari/604.1"
75.104.127.19 - - [12/Sep/2020:11:15:18 -0400] "GET /images/696_RIM00277.JPG HTTP/1.0" 200 86461 "http://www.circletcabins.com/photos.html" "Mozilla/5.0 (iPad; CPU OS 12_4 like Mac OS X) AppleWebKit/605.1.15 (KHTML, like Gecko) CriOS/85.0.4183.92 Mobile/15E148 Safari/604.1"
75.104.127.19 - - [12/Sep/2020:11:15:20 -0400] "GET /images/696_RIM00275.JPG HTTP/1.0" 200 67390 "http://www.circletcabins.com/photos.html" "Mozilla/5.0 (iPad; CPU OS 12_4 like Mac OS X) AppleWebKit/605.1.15 (KHTML, like Gecko) CriOS/85.0.4183.92 Mobile/15E148 Safari/604.1"
75.104.127.19 - - [12/Sep/2020:11:15:20 -0400] "GET /images/696_RIM00304.JPG HTTP/1.0" 200 70944 "http://www.circletcabins.com/photos.html" "Mozilla/5.0 (iPad; CPU OS 12_4 like Mac OS X) AppleWebKit/605.1.15 (KHTML, like Gecko) CriOS/85.0.4183.92 Mobile/15E148 Safari/604.1"
75.104.127.19 - - [12/Sep/2020:11:15:22 -0400] "GET /images/179_RIM00318.JPG HTTP/1.0" 200 5134 "http://www.circletcabins.com/photos.html" "Mozilla/5.0 (iPad; CPU OS 12_4 like Mac OS X) AppleWebKit/605.1.15 (KHTML, like Gecko) CriOS/85.0.4183.92 Mobile/15E148 Safari/604.1"
75.104.127.19 - - [12/Sep/2020:11:15:22 -0400] "GET /images/696_RIM00331.JPG HTTP/1.0" 200 104069 "http://www.circletcabins.com/photos.html" "Mozilla/5.0 (iPad; CPU OS 12_4 like Mac OS X) AppleWebKit/605.1.15 (KHTML, like Gecko) CriOS/85.0.4183.92 Mobile/15E148 Safari/604.1"
75.104.127.19 - - [12/Sep/2020:11:15:29 -0400] "GET /images/480_PB290110.JPG HTTP/1.0" 200 45968 "http://www.circletcabins.com/photos.html" "Mozilla/5.0 (iPad; CPU OS 12_4 like Mac OS X) AppleWebKit/605.1.15 (KHTML, like Gecko) CriOS/85.0.4183.92 Mobile/15E148 Safari/604.1"
76.105.165.161 - - [12/Sep/2020:17:28:27 -0400] "GET /scripts/ic_globals_published.js HTTP/1.0" 200 566 "http://www.circletcabins.com/" "Mozilla/5.0 (Macintosh; Intel Mac OS X 10_15_6) AppleWebKit/537.36 (KHTML, like Gecko) Chrome/85.0.4183.102 Safari/537.36"
209.17.96.210 - - [12/Sep/2020:18:55:14 -0400] "GET / HTTP/1.0" 200 10848 "-" "Mozilla/5.0 (compatible; Nimbostratus-Bot/v1.3.2; http://cloudsystemnetworks.com)"
167.119.252.30 - - [12/Sep/2020:19:29:14 -0400] "GET /contactus.html HTTP/1.0" 200 8900 "https://www.google.com/" "Mozilla/5.0 (Windows NT 10.0; Win64; x64) AppleWebKit/537.36 (KHTML, like Gecko) Chrome/85.0.4183.102 Safari/537.36"
167.119.252.30 - - [12/Sep/2020:19:29:15 -0400] "GET /scripts/4custom.css HTTP/1.0" 200 1478 "http://www.circletcabins.com/contactus.html" "Mozilla/5.0 (Windows NT 10.0; Win64; x64) AppleWebKit/537.36 (KHTML, like Gecko) Chrome/85.0.4183.102 Safari/537.36"
167.119.252.30 - - [12/Sep/2020:19:29:15 -0400] "GET /images/ic_034_body_bg_wide.jpg HTTP/1.0" 200 90532 "http://www.circletcabins.com/scripts/template.css" "Mozilla/5.0 (Windows NT 10.0; Win64; x64) AppleWebKit/537.36 (KHTML, like Gecko) Chrome/85.0.4183.102 Safari/537.36"
167.119.252.30 - - [12/Sep/2020:19:29:45 -0400] "GET /images/136_P6220085.jpg HTTP/1.0" 200 3808 "http://www.circletcabins.com/homepage.html" "Mozilla/5.0 (Windows NT 10.0; Win64; x64) AppleWebKit/537.36 (KHTML, like Gecko) Chrome/85.0.4183.102 Safari/537.36"
167.119.252.30 - - [12/Sep/2020:19:29:55 -0400] "GET /images/P6220108.jpg HTTP/1.0" 200 16867 "http://www.circletcabins.com/homepage.html" "Mozilla/5.0 (Windows NT 10.0; Win64; x64) AppleWebKit/537.36 (KHTML, like Gecko) Chrome/85.0.4183.102 Safari/537.36"
167.119.252.30 - - [12/Sep/2020:19:30:33 -0400] "GET /summercalendar.html HTTP/1.0" 200 4125 "http://www.circletcabins.com/onlinespecial.html" "Mozilla/5.0 (Windows NT 10.0; Win64; x64) AppleWebKit/537.36 (KHTML, like Gecko) Chrome/85.0.4183.102 Safari/537.36"
114.119.131.71 - - [12/Sep/2020:20:54:39 -0400] "GET /maps.html HTTP/1.0" 200 6293 "-" "Mozilla/5.0 (Linux; Android 7.0;) AppleWebKit/537.36 (KHTML, like Gecko) Mobile Safari/537.36 (compatible; PetalBot;+http://aspiegel.com/petalbot)"
73.189.64.153 - - [12/Sep/2020:21:17:31 -0400] "GET /scripts/4.css HTTP/1.0" 200 203 "http://www.circletcabins.com/contactus.html" "Mozilla/5.0 (Windows NT 10.0; Win64; x64) AppleWebKit/537.36 (KHTML, like Gecko) Chrome/85.0.4183.102 Safari/537.36"
73.189.64.153 - - [12/Sep/2020:21:18:27 -0400] "GET /images/photoalbum/button_photoPlay.jpg HTTP/1.0" 200 613 "http://www.circletcabins.com/photos.html" "Mozilla/5.0 (Windows NT 10.0; Win64; x64) AppleWebKit/537.36 (KHTML, like Gecko) Chrome/85.0.4183.102 Safari/537.36"
73.189.64.153 - - [12/Sep/2020:21:18:27 -0400] "GET /images/480_RIM00278.JPG HTTP/1.0" 200 44706 "http://www.circletcabins.com/photos.html" "Mozilla/5.0 (Windows NT 10.0; Win64; x64) AppleWebKit/537.36 (KHTML, like Gecko) Chrome/85.0.4183.102 Safari/537.36"
73.189.64.153 - - [12/Sep/2020:21:18:27 -0400] "GET /images/480_RIM00309.JPG HTTP/1.0" 200 30988 "http://www.circletcabins.com/photos.html" "Mozilla/5.0 (Windows NT 10.0; Win64; x64) AppleWebKit/537.36 (KHTML, like Gecko) Chrome/85.0.4183.102 Safari/537.36"
73.189.64.153 - - [12/Sep/2020:21:18:28 -0400] "GET /images/179_RIM00358.JPG HTTP/1.0" 200 4587 "http://www.circletcabins.com/photos.html" "Mozilla/5.0 (Windows NT 10.0; Win64; x64) AppleWebKit/537.36 (KHTML, like Gecko) Chrome/85.0.4183.102 Safari/537.36"
73.189.64.153 - - [12/Sep/2020:21:18:35 -0400] "GET /images/photoalbum/button_photoNext_ON.jpg HTTP/1.0" 200 664 "http://www.circletcabins.com/photos.html" "Mozilla/5.0 (Windows NT 10.0; Win64; x64) AppleWebKit/537.36 (KHTML, like Gecko) Chrome/85.0.4183.102 Safari/537.36"
73.189.64.153 - - [12/Sep/2020:21:19:51 -0400] "GET /homepage.html HTTP/1.0" 200 10848 "http://www.circletcabins.com/photos.html" "Mozilla/5.0 (Windows NT 10.0; Win64; x64) AppleWebKit/537.36 (KHTML, like Gecko) Chrome/85.0.4183.102 Safari/537.36"
73.189.64.153 - - [12/Sep/2020:21:19:52 -0400] "GET /images/136_P6220079.jpg HTTP/1.0" 200 3760 "http://www.circletcabins.com/homepage.html" "Mozilla/5.0 (Windows NT 10.0; Win64; x64) AppleWebKit/537.36 (KHTML, like Gecko) Chrome/85.0.4183.102 Safari/537.36"
73.189.64.153 - - [12/Sep/2020:21:21:16 -0400] "GET /images/P6220071.jpg HTTP/1.0" 200 17798 "http://www.circletcabins.com/homepage.html" "Mozilla/5.0 (Windows NT 10.0; Win64; x64) AppleWebKit/537.36 (KHTML, like Gecko) Chrome/85.0.4183.102 Safari/537.36"
73.189.64.153 - - [12/Sep/2020:21:21:30 -0400] "GET /images/P6220092.jpg HTTP/1.0" 200 18114 "http://www.circletcabins.com/homepage.html" "Mozilla/5.0 (Windows NT 10.0; Win64; x64) AppleWebKit/537.36 (KHTML, like Gecko) Chrome/85.0.4183.102 Safari/537.36"
73.189.64.153 - - [12/Sep/2020:21:22:19 -0400] "GET /images/clear_pixel.gif HTTP/1.0" 404 575 "http://www.circletcabins.com/homepage.html" "Mozilla/5.0 (Windows NT 10.0; Win64; x64) AppleWebKit/537.36 (KHTML, like Gecko) Chrome/85.0.4183.102 Safari/537.36"
207.46.13.74 - - [12/Sep/2020:22:05:21 -0400] "GET /images/205_Jan27_01_2.dmsp1.jpg HTTP/1.0" 200 14369 "-" "Mozilla/5.0 (compatible; bingbot/2.0; +http://www.bing.com/bingbot.htm)"
66.249.68.9 - - [12/Sep/2020:00:18:30 -0400] "GET / HTTP/1.0" 200 10848 "-" "Mozilla/5.0 (compatible; Googlebot/2.1; +http://www.google.com/bot.html)"
157.55.39.79 - - [12/Sep/2020:00:41:55 -0400] "GET /summercalendar.html HTTP/1.0" 200 4125 "-" "Mozilla/5.0 (compatible; bingbot/2.0; +http://www.bing.com/bingbot.htm)"
5.188.62.25 - - [12/Sep/2020:02:53:06 -0400] "GET /login.php HTTP/1.0" 404 575 "-" "Mozilla/5.0 (Windows NT 6.0) AppleWebKit/537.36 (KHTML, like Gecko) Chrome/41.0.2228.0 Safari/537.36"
207.200.8.180 - - [12/Sep/2020:06:04:42 -0400] "GET /maps.html HTTP/1.0" 200 6293 "http://circletcabins.net" "LightspeedSystemsCrawler Mozilla/5.0 (Windows; U; MSIE 9.0; Windows NT 9.0; en-US)"
207.200.8.180 - - [12/Sep/2020:06:04:45 -0400] "GET /photos.html HTTP/1.0" 200 12735 "http://circletcabins.net" "LightspeedSystemsCrawler Mozilla/5.0 (Windows; U; MSIE 9.0; Windows NT 9.0; en-US)"
207.200.8.180 - - [12/Sep/2020:06:04:49 -0400] "GET /homepage.html HTTP/1.0" 200 10848 "http://circletcabins.net" "LightspeedSystemsCrawler Mozilla/5.0 (Windows; U; MSIE 9.0; Windows NT 9.0; en-US)"
109.102.111.58 - - [12/Sep/2020:06:44:32 -0400] "GET /areaservices.html HTTP/1.0" 200 4408 "-" "Mozilla/5.0 (Windows NT 5.1; rv:40.0) Gecko/20100101 Firefox/40.0"
109.102.111.58 - - [12/Sep/2020:06:44:32 -0400] "GET /onlinespecial.html HTTP/1.0" 200 6897 "-" "Mozilla/5.0 (X11; Ubuntu; Linux i686; rv:40.0) Gecko/20100101 Firefox/40.0"
207.200.8.180 - - [12/Sep/2020:09:46:28 -0400] "GET /images/photoalbum/button_photoSpeed5.jpg HTTP/1.0" 200 502 "-" "Mozilla/5.0 (Windows; U; MSIE 9.0; Windows NT 9.0; en-US"
207.200.8.180 - - [12/Sep/2020:09:46:28 -0400] "GET /images/photoalbum/button_photoNext.jpg HTTP/1.0" 200 662 "-" "Mozilla/5.0 (Windows; U; MSIE 9.0; Windows NT 9.0; en-US"
207.200.8.180 - - [12/Sep/2020:09:46:31 -0400] "GET /images/10_Copy%20(2)%20of%20P6220099.jpg HTTP/1.0" 404 575 "-" "Mozilla/5.0 (Windows; U; MSIE 9.0; Windows NT 9.0; en-US"
192.29.97.49 - - [12/Sep/2020:09:49:33 -0400] "GET /robots.txt HTTP/1.0" 200 25 "-" "DF Bot 1.0"
185.191.171.34 - - [12/Sep/2020:11:02:40 -0400] "GET / HTTP/1.0" 200 10848 "-" "Mozilla/5.0 (compatible; SemrushBot/6~bl; +http://www.semrush.com/bot.html)"
75.104.127.19 - - [12/Sep/2020:11:15:18 -0400] "GET /images/179_RIM00269.JPG HTTP/1.0" 200 8139 "http://www.circletcabins.com/photos.html" "Mozilla/5.0 (iPad; CPU OS 12_4 like Mac OS X) AppleWebKit/605.1.15 (KHTML, like Gecko) CriOS/85.0.4183.92 Mobile/15E148 Safari/604.1"
75.104.127.19 - - [12/Sep/2020:11:15:20 -0400] "GET /images/179_Pb060067.jpg HTTP/1.0" 200 6209 "http://www.circletcabins.com/photos.html" "Mozilla/5.0 (iPad; CPU OS 12_4 like Mac OS X) AppleWebKit/605.1.15 (KHTML, like Gecko) CriOS/85.0.4183.92 Mobile/15E148 Safari/604.1"
75.104.127.19 - - [12/Sep/2020:11:15:25 -0400] "GET /images/696_RIM00346.JPG HTTP/1.0" 200 88594 "http://www.circletcabins.com/photos.html" "Mozilla/5.0 (iPad; CPU OS 12_4 like Mac OS X) AppleWebKit/605.1.15 (KHTML, like Gecko) CriOS/85.0.4183.92 Mobile/15E148 Safari/604.1"
75.104.127.19 - - [12/Sep/2020:11:15:25 -0400] "GET /images/696_RIM00349.JPG HTTP/1.0" 200 101927 "http://www.circletcabins.com/photos.html" "Mozilla/5.0 (iPad; CPU OS 12_4 like Mac OS X) AppleWebKit/605.1.15 (KHTML, like Gecko) CriOS/85.0.4183.92 Mobile/15E148 Safari/604.1"
75.104.127.19 - - [12/Sep/2020:11:15:26 -0400] "GET /images/480_RIM00353.JPG HTTP/1.0" 200 23009 "http://www.circletcabins.com/photos.html" "Mozilla/5.0 (iPad; CPU OS 12_4 like Mac OS X) AppleWebKit/605.1.15 (KHTML, like Gecko) CriOS/85.0.4183.92 Mobile/15E148 Safari/604.1"
75.104.127.19 - - [12/Sep/2020:11:15:27 -0400] "GET /images/179_RIM00358.JPG HTTP/1.0" 200 4587 "http://www.circletcabins.com/photos.html" "Mozilla/5.0 (iPad; CPU OS 12_4 like Mac OS X) AppleWebKit/605.1.15 (KHTML, like Gecko) CriOS/85.0.4183.92 Mobile/15E148 Safari/604.1"
75.104.127.19 - - [12/Sep/2020:11:15:28 -0400] "GET /images/696_RIM00223.JPG HTTP/1.0" 200 75788 "http://www.circletcabins.com/photos.html" "Mozilla/5.0 (iPad; CPU OS 12_4 like Mac OS X) AppleWebKit/605.1.15 (KHTML, like Gecko) CriOS/85.0.4183.92 Mobile/15E148 Safari/604.1"
75.104.127.19 - - [12/Sep/2020:11:15:29 -0400] "GET /images/179_RIM00272.JPG HTTP/1.0" 200 2178 "http://www.circletcabins.com/photos.html" "Mozilla/5.0 (iPad; CPU OS 12_4 like Mac OS X) AppleWebKit/605.1.15 (KHTML, like Gecko) CriOS/85.0.4183.92 Mobile/15E148 Safari/604.1"
75.104.127.19 - - [12/Sep/2020:11:15:29 -0400] "GET /images/480_RIM00272.JPG HTTP/1.0" 200 8343 "http://www.circletcabins.com/photos.html" "Mozilla/5.0 (iPad; CPU OS 12_4 like Mac OS X) AppleWebKit/605.1.15 (KHTML, like Gecko) CriOS/85.0.4183.92 Mobile/15E148 Safari/604.1"
216.41.155.20 - - [12/Sep/2020:12:16:16 -0400] "GET / HTTP/1.0" 200 10848 "-" "Mozilla/5.0 (Windows NT 10.0; Win64; x64) AppleWebKit/537.36 (KHTML, like Gecko) Chrome/80.0.3987.122 Safari/537.36"
185.191.171.7 - - [12/Sep/2020:15:38:29 -0400] "GET / HTTP/1.0" 200 10848 "-" "Mozilla/5.0 (compatible; SemrushBot/6~bl; +http://www.semrush.com/bot.html)"
54.36.148.254 - - [12/Sep/2020:16:11:31 -0400] "GET /robots.txt HTTP/1.0" 200 25 "-" "Mozilla/5.0 (compatible; AhrefsBot/6.1; +http://ahrefs.com/robot/)"
34.75.112.66 - - [12/Sep/2020:17:19:13 -0400] "GET / HTTP/1.0" 200 10848 "-" "ZoominfoBot (zoominfobot at zoominfo dot com)"
76.105.165.161 - - [12/Sep/2020:17:28:27 -0400] "GET /images/136_P6220071.jpg HTTP/1.0" 200 3907 "http://www.circletcabins.com/" "Mozilla/5.0 (Macintosh; Intel Mac OS X 10_15_6) AppleWebKit/537.36 (KHTML, like Gecko) Chrome/85.0.4183.102 Safari/537.36"
17.58.102.43 - - [12/Sep/2020:19:24:30 -0400] "GET / HTTP/1.0" 200 10848 "-" "Mozilla/5.0 (Macintosh; Intel Mac OS X 10_15_5) AppleWebKit/605.1.15 (KHTML, like Gecko) Version/13.1.1 Safari/605.1.15 (Applebot/0.1; +http://www.apple.com/go/applebot)"
167.119.252.30 - - [12/Sep/2020:19:29:15 -0400] "GET /scripts/print.css HTTP/1.0" 200 - "http://www.circletcabins.com/contactus.html" "Mozilla/5.0 (Windows NT 10.0; Win64; x64) AppleWebKit/537.36 (KHTML, like Gecko) Chrome/85.0.4183.102 Safari/537.36"
167.119.252.30 - - [12/Sep/2020:19:29:53 -0400] "GET /images/P6220092.jpg HTTP/1.0" 200 18114 "http://www.circletcabins.com/homepage.html" "Mozilla/5.0 (Windows NT 10.0; Win64; x64) AppleWebKit/537.36 (KHTML, like Gecko) Chrome/85.0.4183.102 Safari/537.36"
114.119.149.203 - - [12/Sep/2020:20:48:27 -0400] "GET /robots.txt HTTP/1.0" 200 25 "-" "(compatible;PetalBot;+http://aspiegel.com/petalbot)"
73.189.64.153 - - [12/Sep/2020:21:17:31 -0400] "GET /scripts/4custom.css HTTP/1.0" 200 1478 "http://www.circletcabins.com/contactus.html" "Mozilla/5.0 (Windows NT 10.0; Win64; x64) AppleWebKit/537.36 (KHTML, like Gecko) Chrome/85.0.4183.102 Safari/537.36"
73.189.64.153 - - [12/Sep/2020:21:18:26 -0400] "GET /images/photoalbum/button_photoNext.jpg HTTP/1.0" 200 662 "http://www.circletcabins.com/photos.html" "Mozilla/5.0 (Windows NT 10.0; Win64; x64) AppleWebKit/537.36 (KHTML, like Gecko) Chrome/85.0.4183.102 Safari/537.36"
73.189.64.153 - - [12/Sep/2020:21:18:26 -0400] "GET /images/480_RIM00272.JPG HTTP/1.0" 200 8343 "http://www.circletcabins.com/photos.html" "Mozilla/5.0 (Windows NT 10.0; Win64; x64) AppleWebKit/537.36 (KHTML, like Gecko) Chrome/85.0.4183.102 Safari/537.36"
73.189.64.153 - - [12/Sep/2020:21:18:27 -0400] "GET /images/480_RIM00330.JPG HTTP/1.0" 200 25006 "http://www.circletcabins.com/photos.html" "Mozilla/5.0 (Windows NT 10.0; Win64; x64) AppleWebKit/537.36 (KHTML, like Gecko) Chrome/85.0.4183.102 Safari/537.36"
73.189.64.153 - - [12/Sep/2020:21:18:27 -0400] "GET /images/179_RIM00275.JPG HTTP/1.0" 200 5833 "http://www.circletcabins.com/photos.html" "Mozilla/5.0 (Windows NT 10.0; Win64; x64) AppleWebKit/537.36 (KHTML, like Gecko) Chrome/85.0.4183.102 Safari/537.36"
73.189.64.153 - - [12/Sep/2020:21:18:27 -0400] "GET /images/179_RIM00318.JPG HTTP/1.0" 200 5134 "http://www.circletcabins.com/photos.html" "Mozilla/5.0 (Windows NT 10.0; Win64; x64) AppleWebKit/537.36 (KHTML, like Gecko) Chrome/85.0.4183.102 Safari/537.36"
73.189.64.153 - - [12/Sep/2020:21:18:27 -0400] "GET /images/179_RIM00272.JPG HTTP/1.0" 200 2178 "http://www.circletcabins.com/photos.html" "Mozilla/5.0 (Windows NT 10.0; Win64; x64) AppleWebKit/537.36 (KHTML, like Gecko) Chrome/85.0.4183.102 Safari/537.36"
209.184.210.51 - - [12/Sep/2020:23:56:43 -0400] "GET / HTTP/1.0" 200 10848 "-" "Mozilla/5.0 (Macintosh; Intel Mac OS X 10_11_5) AppleWebKit/537.36 (KHTML, like Gecko) Chrome/50.0.2661.102 Safari/537.36"