12.111.223.151 - - [13/Aug/2013:11:46:23 -0400] "GET /CSS/main.css HTTP/1.1" 200 7040 "http://www.islandgreenery.net/?adid-2E343B92-B097-442c-BFA5-BE371E0325A2=1607093&kw-2E343B92-B097-442c-BFA5-BE371E0325A2=bulk+topsoil" "Mozilla/4.0 (compatible; MSIE 8.0; Windows NT 5.1; Trident/4.0; GTB7.5; .NET CLR 1.1.4322; .NET CLR 2.0.50727; .NET CLR 3.0.4506.2152; .NET CLR 3.5.30729; InfoPath.2)"
12.111.223.151 - - [13/Aug/2013:11:59:46 -0400] "GET /Images/Navigation/ThinBlue.png HTTP/1.1" 200 7349 "http://www.islandgreenery.net/?adid-2E343B92-B097-442c-BFA5-BE371E0325A2=1607045&kw-2E343B92-B097-442c-BFA5-BE371E0325A2=flowering+trees" "Mozilla/5.0 (compatible; MSIE 9.0; Windows NT 6.1; WOW64; Trident/5.0)"
12.111.223.151 - - [13/Aug/2013:15:08:02 -0400] "GET /Images/Home/seasonSpecials.png HTTP/1.1" 200 35145 "http://www.islandgreenery.net/?adid-2E343B92-B097-442c-BFA5-BE371E0325A2=1607089&kw-2E343B92-B097-442c-BFA5-BE371E0325A2=garden+wall" "Mozilla/5.0 (iPad; CPU OS 6_1_3 like Mac OS X) AppleWebKit/536.26 (KHTML, like Gecko) Version/6.0 Mobile/10B329 Safari/8536.25"
12.111.223.151 - - [13/Aug/2013:17:16:56 -0400] "GET /CSS/text.css HTTP/1.1" 200 731 "http://www.islandgreenery.net/?adid-2E343B92-B097-442c-BFA5-BE371E0325A2=1607088&kw-2E343B92-B097-442c-BFA5-BE371E0325A2=outdoor+steps" "Mozilla/5.0 (Windows; U; Windows NT 6.1; en-US) AppleWebKit/533.17.8 (KHTML, like Gecko) Version/5.0.1 Safari/533.17.8"
173.2.60.219 - - [13/Aug/2013:18:14:33 -0400] "GET / HTTP/1.1" 200 4420 "http://www.city-data.com/forum/long-island/1252102-where-can-i-have-propane-tank.html" "Mozilla/5.0 (iPad; CPU OS 6_1_3 like Mac OS X) AppleWebKit/536.26 (KHTML, like Gecko) Version/6.0 Mobile/10B329 Safari/8536.25"
173.2.60.219 - - [13/Aug/2013:18:14:33 -0400] "GET /Images/islandGreeneryLogo.png HTTP/1.1" 200 52254 "http://islandgreenery.net/" "Mozilla/5.0 (iPad; CPU OS 6_1_3 like Mac OS X) AppleWebKit/536.26 (KHTML, like Gecko) Version/6.0 Mobile/10B329 Safari/8536.25"
173.2.60.219 - - [13/Aug/2013:18:14:33 -0400] "GET /Images/lineThick.png HTTP/1.1" 200 12232 "http://islandgreenery.net/" "Mozilla/5.0 (iPad; CPU OS 6_1_3 like Mac OS X) AppleWebKit/536.26 (KHTML, like Gecko) Version/6.0 Mobile/10B329 Safari/8536.25"
69.116.77.59 - - [13/Aug/2013:19:21:36 -0400] "GET /Images/Propane/propaneMain.jpg HTTP/1.1" 200 127651 "http://www.islandgreenery.net/propane.html" "Mozilla/5.0 (compatible; MSIE 10.0; Windows NT 6.1; WOW64; Trident/6.0)"
69.116.77.59 - - [13/Aug/2013:19:21:37 -0400] "GET /Images/Propane/coupon.png HTTP/1.1" 200 43927 "http://www.islandgreenery.net/propane.html" "Mozilla/5.0 (compatible; MSIE 10.0; Windows NT 6.1; WOW64; Trident/6.0)"
8.11.166.2 - - [13/Aug/2013:06:56:09 -0400] "GET /Images/Navigation/greenwide.jpg HTTP/1.1" 200 15999 "http://www.islandgreenery.net/" "Mozilla/5.0 (compatible; MSIE 10.0; Windows NT 6.1; WOW64; Trident/6.0)"
8.11.166.2 - - [13/Aug/2013:06:56:10 -0400] "GET /propane.html HTTP/1.1" 200 5763 "http://www.islandgreenery.net/" "Mozilla/5.0 (compatible; MSIE 10.0; Windows NT 6.1; WOW64; Trident/6.0)"
8.11.166.2 - - [13/Aug/2013:06:56:10 -0400] "GET /Images/Propane/paraco.png HTTP/1.1" 200 43403 "http://www.islandgreenery.net/propane.html" "Mozilla/5.0 (compatible; MSIE 10.0; Windows NT 6.1; WOW64; Trident/6.0)"
12.111.223.151 - - [13/Aug/2013:07:34:08 -0400] "GET /Images/Garden/mainCenter.jpg HTTP/1.1" 200 207926 "http://www.islandgreenery.net/garden.html" "Mozilla/5.0 (compatible; MSIE 10.0; AOL 9.7; AOLBuild 4343.1028; Windows NT 6.1; Trident/6.0)"
12.111.223.151 - - [13/Aug/2013:07:53:17 -0400] "GET /Images/islandGreeneryLogo.png HTTP/1.1" 200 52254 "http://www.islandgreenery.net/?adid-2E343B92-B097-442c-BFA5-BE371E0325A2=1607093&kw-2E343B92-B097-442c-BFA5-BE371E0325A2=buy+trees" "Mozilla/5.0 (compatible; MSIE 10.0; Windows NT 6.1; WOW64; Trident/6.0; BOIE9;ENUS)"
12.111.223.151 - - [13/Aug/2013:10:23:41 -0400] "GET / HTTP/1.1" 200 4420 "-" "Mozilla/4.0 (compatible; MSIE 7.0; Windows NT 5.1; .NET CLR 1.1.4322; .NET CLR 2.0.50727)"
12.111.223.151 - - [13/Aug/2013:10:24:45 -0400] "GET / HTTP/1.1" 200 4420 "-" "AdsBot-Google-Mobile (+http://www.google.com/mobile/adsbot.html) Mozilla (iPhone; U; CPU iPhone OS 3 0 like Mac OS X) AppleWebKit (KHTML, like Gecko) Mobile Safari"
12.111.223.151 - - [13/Aug/2013:11:36:19 -0400] "GET /Images/Navigation/bluewide.jpg HTTP/1.1" 200 16322 "http://www.islandgreenery.net/?adid-2E343B92-B097-442c-BFA5-BE371E0325A2=1607045&kw-2E343B92-B097-442c-BFA5-BE371E0325A2=fertilizer" "Mozilla/5.0 (compatible; MSIE 9.0; AOL 9.7; AOLBuild 4343.19; Windows NT 6.1; WOW64; Trident/6.0)"
12.111.223.151 - - [13/Aug/2013:11:36:19 -0400] "GET /Images/lineThick.png HTTP/1.1" 200 12232 "http://www.islandgreenery.net/?adid-2E343B92-B097-442c-BFA5-BE371E0325A2=1607045&kw-2E343B92-B097-442c-BFA5-BE371E0325A2=fertilizer" "Mozilla/5.0 (compatible; MSIE 9.0; AOL 9.7; AOLBuild 4343.19; Windows NT 6.1; WOW64; Trident/6.0)"
12.111.223.151 - - [13/Aug/2013:11:36:23 -0400] "GET /Images/islandGreeneryLogo.png HTTP/1.1" 206 53 "http://www.islandgreenery.net/landscape.html" "Mozilla/5.0 (compatible; MSIE 9.0; AOL 9.7; AOLBuild 4343.19; Windows NT 6.1; WOW64; Trident/6.0)"
12.111.223.151 - - [13/Aug/2013:11:46:23 -0400] "GET /Images/lineThick.png HTTP/1.1" 200 12232 "http://www.islandgreenery.net/?adid-2E343B92-B097-442c-BFA5-BE371E0325A2=1607093&kw-2E343B92-B097-442c-BFA5-BE371E0325A2=bulk+topsoil" "Mozilla/4.0 (compatible; MSIE 8.0; Windows NT 5.1; Trident/4.0; GTB7.5; .NET CLR 1.1.4322; .NET CLR 2.0.50727; .NET CLR 3.0.4506.2152; .NET CLR 3.5.30729; InfoPath.2)"
12.111.223.151 - - [13/Aug/2013:11:59:46 -0400] "GET /Images/lineThin.png HTTP/1.1" 200 2938 "http://www.islandgreenery.net/?adid-2E343B92-B097-442c-BFA5-BE371E0325A2=1607045&kw-2E343B92-B097-442c-BFA5-BE371E0325A2=flowering+trees" "Mozilla/5.0 (compatible; MSIE 9.0; Windows NT 6.1; WOW64; Trident/5.0)"
46.119.118.152 - - [13/Aug/2013:21:58:14 -0400] "GET / HTTP/1.1" 200 4420 "http://zena-na-chas-moscow.ru/" "Mozilla/4.0 (compatible; MSIE 5.0; Windows 3.1)"
12.111.223.151 - - [13/Aug/2013:22:55:11 -0400] "GET /CSS/text.css HTTP/1.1" 200 731 "http://www.islandgreenery.net/?adid-2E343B92-B097-442c-BFA5-BE371E0325A2=1607088&kw-2E343B92-B097-442c-BFA5-BE371E0325A2=garden+wall" "Mozilla/5.0 (Macintosh; Intel Mac OS X 10_8_4) AppleWebKit/536.30.1 (KHTML, like Gecko) Version/6.0.5 Safari/536.30.1"
12.111.223.151 - - [13/Aug/2013:22:55:11 -0400] "GET /Images/Home/mainPic.jpg HTTP/1.1" 200 209933 "http://www.islandgreenery.net/?adid-2E343B92-B097-442c-BFA5-BE371E0325A2=1607088&kw-2E343B92-B097-442c-BFA5-BE371E0325A2=garden+wall" "Mozilla/5.0 (Macintosh; Intel Mac OS X 10_8_4) AppleWebKit/536.30.1 (KHTML, like Gecko) Version/6.0.5 Safari/536.30.1"
100.43.83.137 - - [13/Aug/2013:04:49:11 -0400] "GET /galleries/masonry/data1/images/masonry10.jpg HTTP/1.1" 304 - "-" "Mozilla/5.0 (compatible; YandexImages/3.0; +http://yandex.com/bots)"
12.111.223.151 - - [13/Aug/2013:05:06:44 -0400] "GET / HTTP/1.1" 200 4420 "-" "AdsBot-Google (+http://www.google.com/adsbot.html)"
193.106.136.58 - - [13/Aug/2013:05:19:52 -0400] "GET / HTTP/1.1" 200 4420 "http://www.polimin.ru/" "Mozilla/4.0 (compatible; MSIE 6.0; Windows NT 5.1; SV1; .NET CLR 1.1.4322; .NET CLR 2.0.50727)"
92.85.34.31 - - [13/Aug/2013:17:51:07 -0400] "GET /=/contact.php HTTP/1.1" 404 575 "-" "Java/1.6.0_22"
92.85.34.31 - - [13/Aug/2013:17:51:08 -0400] "GET /Images/Contact/facebook.png HTTP/1.1" 200 6350 "-" "Java/1.6.0_22"
92.85.34.31 - - [13/Aug/2013:17:51:08 -0400] "GET /Images/Contact/operator.png HTTP/1.1" 200 35065 "-" "Java/1.6.0_22"
92.85.34.31 - - [13/Aug/2013:17:51:09 -0400] "GET /galleries/landscape/index.html HTTP/1.1" 200 2481 "-" "Java/1.6.0_22"
92.85.34.31 - - [13/Aug/2013:17:51:09 -0400] "GET /galleries/masonry/index.html HTTP/1.1" 200 2346 "-" "Java/1.6.0_22"
92.85.34.31 - - [13/Aug/2013:17:51:11 -0400] "GET /Images/Propane/coupon.png HTTP/1.1" 200 43927 "-" "Java/1.6.0_22"
12.111.223.151 - - [13/Aug/2013:01:02:04 -0400] "GET /galleries/landscape/data1/images/landscape14.jpg HTTP/1.1" 200 70741 "http://www.islandgreenery.net/galleries/landscape/index.html" "Mozilla/5.0 (compatible; MSIE 10.0; Windows NT 6.1; WOW64; Trident/6.0)"
12.111.223.151 - - [13/Aug/2013:01:02:04 -0400] "GET /galleries/landscape/engine1/arrows.png HTTP/1.1" 200 1914 "http://www.islandgreenery.net/galleries/landscape/index.html" "Mozilla/5.0 (compatible; MSIE 10.0; Windows NT 6.1; WOW64; Trident/6.0)"
12.111.223.151 - - [13/Aug/2013:01:04:15 -0400] "GET /galleries/masonry/data1/images/masonry4.jpg HTTP/1.1" 200 42929 "http://www.islandgreenery.net/galleries/masonry/index.html" "Mozilla/5.0 (compatible; MSIE 10.0; Windows NT 6.1; WOW64; Trident/6.0)"
12.111.223.151 - - [13/Aug/2013:01:05:06 -0400] "GET /Images/Home/mainPic.jpg HTTP/1.1" 200 209933 "http://www.islandgreenery.net/index.html" "Mozilla/5.0 (compatible; MSIE 10.0; Windows NT 6.1; WOW64; Trident/6.0)"
12.111.223.151 - - [13/Aug/2013:01:05:08 -0400] "GET /galleries/landscape/data1/images/landscape10.jpg HTTP/1.1" 200 63938 "http://www.islandgreenery.net/galleries/landscape/index.html" "Mozilla/5.0 (compatible; MSIE 10.0; Windows NT 6.1; WOW64; Trident/6.0)"
12.111.223.151 - - [13/Aug/2013:01:01:10 -0400] "GET /Images/lineThin.png HTTP/1.1" 200 2938 "http://www.islandgreenery.net/?adid-2E343B92-B097-442c-BFA5-BE371E0325A2=1607045&kw-2E343B92-B097-442c-BFA5-BE371E0325A2=landscape+design" "Mozilla/5.0 (compatible; MSIE 10.0; Windows NT 6.1; WOW64; Trident/6.0)"
12.111.223.151 - - [13/Aug/2013:01:04:15 -0400] "GET /galleries/masonry/data1/images/masonry9.jpg HTTP/1.1" 200 42619 "http://www.islandgreenery.net/galleries/masonry/index.html" "Mozilla/5.0 (compatible; MSIE 10.0; Windows NT 6.1; WOW64; Trident/6.0)"
12.111.223.151 - - [13/Aug/2013:01:04:43 -0400] "GET /garden.html HTTP/1.1" 200 4730 "http://www.islandgreenery.net/index.html" "Mozilla/5.0 (compatible; MSIE 10.0; Windows NT 6.1; WOW64; Trident/6.0)"
12.111.223.151 - - [13/Aug/2013:01:05:01 -0400] "GET /galleries/landscape/data1/images/landscape1.jpg HTTP/1.1" 200 59675 "http://www.islandgreenery.net/galleries/landscape/index.html" "Mozilla/5.0 (compatible; MSIE 10.0; Windows NT 6.1; WOW64; Trident/6.0)"
12.111.223.151 - - [13/Aug/2013:01:05:07 -0400] "GET /galleries/landscape/data1/images/landscape5.jpg HTTP/1.1" 200 72033 "http://www.islandgreenery.net/galleries/landscape/index.html" "Mozilla/5.0 (compatible; MSIE 10.0; Windows NT 6.1; WOW64; Trident/6.0)"
100.43.83.137 - - [13/Aug/2013:06:21:18 -0400] "GET /galleries/masonry/data1/images/masonry3.jpg HTTP/1.1" 304 - "-" "Mozilla/5.0 (compatible; YandexImages/3.0; +http://yandex.com/bots)"
46.165.197.142 - - [13/Aug/2013:07:17:13 -0400] "GET /company.html HTTP/1.0" 200 6372 "-" "Mozilla/5.0 (compatible; MJ12bot/v1.4.3; http://www.majestic12.co.uk/bot.php?+)"
12.111.223.151 - - [13/Aug/2013:22:55:32 -0400] "GET /galleries/landscape/engine1/wowslider.js HTTP/1.1" 200 8598 "http://www.islandgreenery.net/galleries/landscape/index.html" "Mozilla/5.0 (Macintosh; Intel Mac OS X 10_8_4) AppleWebKit/536.30.1 (KHTML, like Gecko) Version/6.0.5 Safari/536.30.1"
12.111.223.151 - - [13/Aug/2013:15:08:02 -0400] "GET /Images/Home/centerImages.png HTTP/1.1" 200 133174 "http://www.islandgreenery.net/?adid-2E343B92-B097-442c-BFA5-BE371E0325A2=1607089&kw-2E343B92-B097-442c-BFA5-BE371E0325A2=garden+wall" "Mozilla/5.0 (iPad; CPU OS 6_1_3 like Mac OS X) AppleWebKit/536.26 (KHTML, like Gecko) Version/6.0 Mobile/10B329 Safari/8536.25"
12.111.223.151 - - [13/Aug/2013:16:41:00 -0400] "GET /galleries/masonry/data1/images/masonry4.jpg HTTP/1.1" 200 42929 "http://www.islandgreenery.net/galleries/masonry/index.html" "Mozilla/5.0 (compatible; MSIE 10.0; Windows NT 6.1; WOW64; Trident/6.0; MDDCJS)"
12.111.223.151 - - [13/Aug/2013:17:16:57 -0400] "GET /Images/Home/centerImages.png HTTP/1.1" 200 133174 "http://www.islandgreenery.net/?adid-2E343B92-B097-442c-BFA5-BE371E0325A2=1607088&kw-2E343B92-B097-442c-BFA5-BE371E0325A2=outdoor+steps" "Mozilla/5.0 (Windows; U; Windows NT 6.1; en-US) AppleWebKit/533.17.8 (KHTML, like Gecko) Version/5.0.1 Safari/533.17.8"
47.16.98.139 - - [13/Aug/2013:10:01:06 -0400] "GET /CSS/form.css HTTP/1.1" 200 1110 "http://www.islandgreenery.net/contact.php" "Mozilla/5.0 (Windows NT 6.0; rv:22.0) Gecko/20100101 Firefox/22.0"
47.16.98.139 - - [13/Aug/2013:10:01:06 -0400] "GET /Images/Contact/facebook.png HTTP/1.1" 200 6350 "http://www.islandgreenery.net/contact.php" "Mozilla/5.0 (Windows NT 6.0; rv:22.0) Gecko/20100101 Firefox/22.0"
47.16.98.139 - - [13/Aug/2013:10:01:07 -0400] "GET /Images/islandGreeneryLogo.png HTTP/1.1" 200 52254 "http://www.islandgreenery.net/CSS/main.css" "Mozilla/5.0 (Windows NT 6.0; rv:22.0) Gecko/20100101 Firefox/22.0"
47.16.98.139 - - [13/Aug/2013:10:01:09 -0400] "GET /Images/lineThick.png HTTP/1.1" 200 12232 "http://www.islandgreenery.net/CSS/main.css" "Mozilla/5.0 (Windows NT 6.0; rv:22.0) Gecko/20100101 Firefox/22.0"
47.16.98.139 - - [13/Aug/2013:10:01:10 -0400] "GET /favicon.ico HTTP/1.1" 404 575 "-" "Mozilla/5.0 (Windows NT 6.0; rv:22.0) Gecko/20100101 Firefox/22.0"
12.111.223.151 - - [13/Aug/2013:10:23:46 -0400] "GET /Images/Home/centerImages.png HTTP/1.1" 200 133174 "http://www.islandgreenery.net/?adid-2E343B92-B097-442c-BFA5-BE371E0325A2=1607093&kw-2E343B92-B097-442c-BFA5-BE371E0325A2=ornamental+plants" "Mozilla/5.0 (compatible; MSIE 9.0; Windows NT 6.0; WOW64; Trident/5.0)"
12.111.223.151 - - [13/Aug/2013:11:38:07 -0400] "GET /galleries/landscape/data1/images/landscape8.jpg HTTP/1.1" 200 63230 "http://www.islandgreenery.net/galleries/landscape/index.html" "Mozilla/5.0 (compatible; MSIE 9.0; AOL 9.7; AOLBuild 4343.19; Windows NT 6.1; WOW64; Trident/6.0)"
12.111.223.151 - - [13/Aug/2013:11:47:59 -0400] "GET /Images/Navigation/greenwide.jpg HTTP/1.1" 200 15999 "http://www.islandgreenery.net/garden.html" "Mozilla/4.0 (compatible; MSIE 8.0; Windows NT 5.1; Trident/4.0; GTB7.5; .NET CLR 1.1.4322; .NET CLR 2.0.50727; .NET CLR 3.0.4506.2152; .NET CLR 3.5.30729; InfoPath.2)"
173.52.103.136 - - [13/Aug/2013:18:31:46 -0400] "GET /Images/Home/mainPic.jpg HTTP/1.1" 200 209933 "http://www.islandgreenery.net/CSS/main.css" "Mozilla/5.0 (Windows NT 6.1; WOW64; rv:22.0) Gecko/20100101 Firefox/22.0"
24.47.119.174 - - [13/Aug/2013:19:52:48 -0400] "GET /Images/lineThick.png HTTP/1.1" 200 12232 "http://www.islandgreenery.net/" "Mozilla/5.0 (compatible; MSIE 10.0; Windows NT 6.1; WOW64; Trident/6.0)"
24.47.119.174 - - [13/Aug/2013:19:52:49 -0400] "GET /Images/Navigation/greenwide.jpg HTTP/1.1" 200 15999 "http://www.islandgreenery.net/" "Mozilla/5.0 (compatible; MSIE 10.0; Windows NT 6.1; WOW64; Trident/6.0)"
12.111.223.151 - - [13/Aug/2013:14:42:22 -0400] "GET /favicon.ico HTTP/1.1" 404 575 "-" "Mozilla/5.0 (Windows NT 6.1; WOW64) AppleWebKit/537.36 (KHTML, like Gecko) Chrome/28.0.1500.95 Safari/537.36"
46.119.118.152 - - [13/Aug/2013:21:58:14 -0400] "GET / HTTP/1.1" 200 4420 "http://zena-na-chas-moscow.ru/" "Mozilla/4.0 (compatible; MSIE 5.0; Windows 3.1)"
46.119.118.152 - - [13/Aug/2013:21:58:15 -0400] "GET / HTTP/1.1" 200 4420 "http://zena-na-chas-moscow.ru/" "Mozilla/4.0 (compatible; MSIE 5.0; Windows 3.1)"
12.111.223.151 - - [13/Aug/2013:06:01:26 -0400] "GET / HTTP/1.1" 200 4420 "-" "Mozilla/4.0 (compatible; MSIE 7.0; Windows NT 5.1; .NET CLR 1.1.4322; .NET CLR 2.0.50727)"
8.11.166.2 - - [13/Aug/2013:06:56:06 -0400] "GET /Images/lineThick.png HTTP/1.1" 200 12232 "http://www.islandgreenery.net/" "Mozilla/5.0 (compatible; MSIE 10.0; Windows NT 6.1; WOW64; Trident/6.0)"
46.165.197.142 - - [13/Aug/2013:07:17:11 -0400] "GET /robots.txt HTTP/1.0" 404 575 "-" "Mozilla/5.0 (compatible; MJ12bot/v1.4.3; http://www.majestic12.co.uk/bot.php?+)"
12.111.223.151 - - [13/Aug/2013:07:54:33 -0400] "GET /Images/Garden/mainCenter.jpg HTTP/1.1" 200 207926 "http://www.islandgreenery.net/garden.html" "Mozilla/5.0 (compatible; MSIE 10.0; Windows NT 6.1; WOW64; Trident/6.0; BOIE9;ENUS)"
12.111.223.151 - - [13/Aug/2013:14:42:33 -0400] "GET /galleries/masonry/engine1/arrows.png HTTP/1.1" 200 1914 "http://www.islandgreenery.net/galleries/masonry/index.html" "Mozilla/5.0 (Windows NT 6.1; WOW64) AppleWebKit/537.36 (KHTML, like Gecko) Chrome/28.0.1500.95 Safari/537.36"
12.111.223.151 - - [13/Aug/2013:01:02:04 -0400] "GET /galleries/landscape/data1/images/landscape1.jpg HTTP/1.1" 200 59675 "http://www.islandgreenery.net/galleries/landscape/index.html" "Mozilla/5.0 (compatible; MSIE 10.0; Windows NT 6.1; WOW64; Trident/6.0)"
12.111.223.151 - - [13/Aug/2013:11:36:24 -0400] "GET /galleries/landscape/engine1/jquery.js HTTP/1.1" 200 78663 "http://www.islandgreenery.net/galleries/landscape/index.html" "Mozilla/5.0 (compatible; MSIE 9.0; AOL 9.7; AOLBuild 4343.19; Windows NT 6.1; WOW64; Trident/6.0)"
12.111.223.151 - - [13/Aug/2013:11:36:24 -0400] "GET /galleries/landscape/data1/images/landscape3.jpg HTTP/1.1" 200 59208 "http://www.islandgreenery.net/galleries/landscape/index.html" "Mozilla/5.0 (compatible; MSIE 9.0; AOL 9.7; AOLBuild 4343.19; Windows NT 6.1; WOW64; Trident/6.0)"
12.111.223.151 - - [13/Aug/2013:11:59:46 -0400] "GET /Images/Home/mainPic.jpg HTTP/1.1" 200 209933 "http://www.islandgreenery.net/?adid-2E343B92-B097-442c-BFA5-BE371E0325A2=1607045&kw-2E343B92-B097-442c-BFA5-BE371E0325A2=flowering+trees" "Mozilla/5.0 (compatible; MSIE 9.0; Windows NT 6.1; WOW64; Trident/5.0)"
12.111.223.151 - - [13/Aug/2013:16:17:32 -0400] "GET /Images/Home/mainPic.jpg HTTP/1.1" 200 209933 "http://www.islandgreenery.net/?adid-2E343B92-B097-442c-BFA5-BE371E0325A2=1607045&kw-2E343B92-B097-442c-BFA5-BE371E0325A2=landscape+design" "IE 7 - Mozilla/4.0 (compatible; MSIE 7.0; Windows NT 5.1; .NET CLR 1.1.4322; .NET CLR 2.0.50727; .NET CLR 3.0.04506.30)"
12.111.223.151 - - [13/Aug/2013:16:40:59 -0400] "GET /Images/lineThick.png HTTP/1.1" 200 12232 "http://www.islandgreenery.net/masonry.html" "Mozilla/5.0 (compatible; MSIE 10.0; Windows NT 6.1; WOW64; Trident/6.0; MDDCJS)"
12.111.223.151 - - [13/Aug/2013:16:41:10 -0400] "GET /Images/Home/mainPic.jpg HTTP/1.1" 200 209933 "http://www.islandgreenery.net/?adid-2E343B92-B097-442c-BFA5-BE371E0325A2=1628869&kw-2E343B92-B097-442c-BFA5-BE371E0325A2=interlocking+pavers" "Mozilla/5.0 (compatible; MSIE 10.0; Windows NT 6.1; WOW64; Trident/6.0; MDDCJS)"
12.111.223.151 - - [13/Aug/2013:19:08:10 -0400] "GET /Images/Home/seasonSpecials.png HTTP/1.1" 200 35145 "http://www.islandgreenery.net/?adid-2E343B92-B097-442c-BFA5-BE371E0325A2=1607045&kw-2E343B92-B097-442c-BFA5-BE371E0325A2=arborvitae" "Mozilla/5.0 (Macintosh; Intel Mac OS X 10_6_8) AppleWebKit/534.59.8 (KHTML, like Gecko) Version/5.1.9 Safari/534.59.8"
12.111.223.151 - - [13/Aug/2013:19:08:11 -0400] "GET / HTTP/1.1" 200 4420 "-" "Mozilla/4.0 (compatible; MSIE 7.0; Windows NT 5.1; .NET CLR 1.1.4322; .NET CLR 2.0.50727)"
69.116.77.59 - - [13/Aug/2013:19:21:40 -0400] "GET /favicon.ico HTTP/1.1" 404 575 "-" "Mozilla/5.0 (compatible; MSIE 10.0; Windows NT 6.1; Win64; x64; Trident/6.0)"
173.2.60.219 - - [13/Aug/2013:18:14:37 -0400] "GET /Images/Navigation/greenwide.jpg HTTP/1.1" 200 15999 "http://islandgreenery.net/" "Mozilla/5.0 (iPad; CPU OS 6_1_3 like Mac OS X) AppleWebKit/536.26 (KHTML, like Gecko) Version/6.0 Mobile/10B329 Safari/8536.25"
184.22.197.152 - - [13/Aug/2013:22:35:06 -0400] "GET /administrator/index.php HTTP/1.0" 404 575 "-" "Opera/9.80 (Windows NT 6.1; U; ru) Presto/2.8.131 Version/11.10"
12.111.223.151 - - [13/Aug/2013:22:55:32 -0400] "GET /landscape.html HTTP/1.1" 200 4783 "http://www.islandgreenery.net/?adid-2E343B92-B097-442c-BFA5-BE371E0325A2=1607088&kw-2E343B92-B097-442c-BFA5-BE371E0325A2=garden+wall" "Mozilla/5.0 (Macintosh; Intel Mac OS X 10_8_4) AppleWebKit/536.30.1 (KHTML, like Gecko) Version/6.0.5 Safari/536.30.1"
12.111.223.151 - - [13/Aug/2013:01:02:03 -0400] "GET /galleries/landscape/engine1/style.css HTTP/1.1" 200 4152 "http://www.islandgreenery.net/galleries/landscape/index.html" "Mozilla/5.0 (compatible; MSIE 10.0; Windows NT 6.1; WOW64; Trident/6.0)"
12.111.223.151 - - [13/Aug/2013:01:02:03 -0400] "GET /galleries/landscape/data1/images/landscape2.jpg HTTP/1.1" 200 55028 "http://www.islandgreenery.net/galleries/landscape/index.html" "Mozilla/5.0 (compatible; MSIE 10.0; Windows NT 6.1; WOW64; Trident/6.0)"
12.111.223.151 - - [13/Aug/2013:01:04:15 -0400] "GET /galleries/masonry/data1/images/masonry2.jpg HTTP/1.1" 200 52450 "http://www.islandgreenery.net/galleries/masonry/index.html" "Mozilla/5.0 (compatible; MSIE 10.0; Windows NT 6.1; WOW64; Trident/6.0)"
12.111.223.151 - - [13/Aug/2013:01:05:01 -0400] "GET /Images/islandGreeneryLogo.png HTTP/1.1" 200 52254 "http://www.islandgreenery.net/landscape.html" "Mozilla/5.0 (compatible; MSIE 10.0; Windows NT 6.1; WOW64; Trident/6.0)"
12.111.223.151 - - [13/Aug/2013:01:05:07 -0400] "GET /galleries/landscape/data1/images/landscape3.jpg HTTP/1.1" 200 59208 "http://www.islandgreenery.net/galleries/landscape/index.html" "Mozilla/5.0 (compatible; MSIE 10.0; Windows NT 6.1; WOW64; Trident/6.0)"
12.111.223.151 - - [13/Aug/2013:07:33:52 -0400] "GET /Images/Home/mainPic.jpg HTTP/1.1" 200 209933 "http://www.islandgreenery.net/?adid-2E343B92-B097-442c-BFA5-BE371E0325A2=1607045&kw-2E343B92-B097-442c-BFA5-BE371E0325A2=perennials" "Mozilla/5.0 (compatible; MSIE 10.0; AOL 9.7; AOLBuild 4343.1028; Windows NT 6.1; Trident/6.0)"
12.111.223.151 - - [13/Aug/2013:07:34:08 -0400] "GET /Images/Navigation/bluewide.jpg HTTP/1.1" 206 14 "http://www.islandgreenery.net/garden.html" "Mozilla/5.0 (compatible; MSIE 10.0; AOL 9.7; AOLBuild 4343.1028; Windows NT 6.1; Trident/6.0)"
47.16.98.139 - - [13/Aug/2013:08:54:26 -0400] "GET /CSS/text.css HTTP/1.1" 200 731 "http://www.islandgreenery.net/propane.html" "Mozilla/5.0 (iPad; U; CPU OS 4_3_3 like Mac OS X; en-us) AppleWebKit/533.17.9 (KHTML, like Gecko) Version/5.0.2 Mobile/8J2 Safari/6533.18.5"
47.16.98.139 - - [13/Aug/2013:08:54:26 -0400] "GET /Images/Navigation/ThinBlue.png HTTP/1.1" 200 7349 "http://www.islandgreenery.net/propane.html" "Mozilla/5.0 (iPad; U; CPU OS 4_3_3 like Mac OS X; en-us) AppleWebKit/533.17.9 (KHTML, like Gecko) Version/5.0.2 Mobile/8J2 Safari/6533.18.5"
47.16.98.139 - - [13/Aug/2013:08:54:26 -0400] "GET /Images/Navigation/bluewide.jpg HTTP/1.1" 200 16322 "http://www.islandgreenery.net/propane.html" "Mozilla/5.0 (iPad; U; CPU OS 4_3_3 like Mac OS X; en-us) AppleWebKit/533.17.9 (KHTML, like Gecko) Version/5.0.2 Mobile/8J2 Safari/6533.18.5"
47.16.98.139 - - [13/Aug/2013:08:54:26 -0400] "GET /Images/Propane/couponHov.png HTTP/1.1" 200 43910 "http://www.islandgreenery.net/propane.html" "Mozilla/5.0 (iPad; U; CPU OS 4_3_3 like Mac OS X; en-us) AppleWebKit/533.17.9 (KHTML, like Gecko) Version/5.0.2 Mobile/8J2 Safari/6533.18.5"
100.43.83.137 - - [13/Aug/2013:10:26:40 -0400] "GET /galleries/masonry/data1/images/masonry2.jpg HTTP/1.1" 304 - "-" "Mozilla/5.0 (compatible; YandexImages/3.0; +http://yandex.com/bots)"
12.111.223.151 - - [13/Aug/2013:11:43:14 -0400] "GET / HTTP/1.1" 200 4420 "-" "Mozilla/4.0 (compatible; MSIE 7.0; Windows NT 5.1; .NET CLR 1.1.4322; .NET CLR 2.0.50727)"
12.111.223.151 - - [13/Aug/2013:11:46:23 -0400] "GET /Images/lineThin.png HTTP/1.1" 200 2938 "http://www.islandgreenery.net/?adid-2E343B92-B097-442c-BFA5-BE371E0325A2=1607093&kw-2E343B92-B097-442c-BFA5-BE371E0325A2=bulk+topsoil" "Mozilla/4.0 (compatible; MSIE 8.0; Windows NT 5.1; Trident/4.0; GTB7.5; .NET CLR 1.1.4322; .NET CLR 2.0.50727; .NET CLR 3.0.4506.2152; .NET CLR 3.5.30729; InfoPath.2)"
12.111.223.151 - - [13/Aug/2013:11:47:55 -0400] "GET /Images/Navigation/greenwide.jpg HTTP/1.1" 200 15999 "http://www.islandgreenery.net/garden.html" "Mozilla/4.0 (compatible; MSIE 8.0; Windows NT 5.1; Trident/4.0; GTB7.5; .NET CLR 1.1.4322; .NET CLR 2.0.50727; .NET CLR 3.0.4506.2152; .NET CLR 3.5.30729; InfoPath.2)"
12.111.223.151 - - [13/Aug/2013:16:17:31 -0400] "GET /Images/Navigation/bluewide.jpg HTTP/1.1" 200 16322 "http://www.islandgreenery.net/?adid-2E343B92-B097-442c-BFA5-BE371E0325A2=1607045&kw-2E343B92-B097-442c-BFA5-BE371E0325A2=landscape+design" "IE 7 - Mozilla/4.0 (compatible; MSIE 7.0; Windows NT 5.1; .NET CLR 1.1.4322; .NET CLR 2.0.50727; .NET CLR 3.0.04506.30)"
12.111.223.151 - - [13/Aug/2013:16:40:59 -0400] "GET /galleries/masonry/data1/images/masonry5.jpg HTTP/1.1" 200 36284 "http://www.islandgreenery.net/galleries/masonry/index.html" "Mozilla/5.0 (compatible; MSIE 10.0; Windows NT 6.1; WOW64; Trident/6.0; MDDCJS)"
92.85.34.31 - - [13/Aug/2013:17:51:24 -0400] "GET /galleries/landscape/engine1/+G.toLowerCase()});N.html(G);N.bind( HTTP/1.1" 404 575 "-" "Java/1.6.0_22"
92.85.34.31 - - [13/Aug/2013:17:51:27 -0400] "GET /galleries/landscape/engine1/,l);d.stop(1,1).stop(1,1).fadeOut(w.captionDuration/3,function(){if(P||t){d.html((P? HTTP/1.1" 404 575 "-" "Java/1.6.0_22"
12.111.223.151 - - [13/Aug/2013:14:28:53 -0400] "GET /Images/Home/propane.jpg HTTP/1.1" 200 29411 "http://www.islandgreenery.net/?adid-2E343B92-B097-442c-BFA5-BE371E0325A2=1607093&kw-2E343B92-B097-442c-BFA5-BE371E0325A2=tree+nursery" "Mozilla/5.0 (compatible; MSIE 10.0; Windows NT 6.2; WOW64; Trident/6.0; MATBJS)"
173.52.103.136 - - [13/Aug/2013:18:17:09 -0400] "GET /Images/lineThick.png HTTP/1.1" 200 12232 "http://www.islandgreenery.net/" "Mozilla/5.0 (Linux; U; Android 4.2.2; en-us; HTC_One Build/JDQ39) AppleWebKit/534.30 (KHTML, like Gecko) Version/4.0 Mobile Safari/534.30"
12.111.223.151 - - [13/Aug/2013:10:23:46 -0400] "GET /Images/Navigation/ThinBlue.png HTTP/1.1" 200 7349 "http://www.islandgreenery.net/?adid-2E343B92-B097-442c-BFA5-BE371E0325A2=1607093&kw-2E343B92-B097-442c-BFA5-BE371E0325A2=ornamental+plants" "Mozilla/5.0 (compatible; MSIE 9.0; Windows NT 6.0; WOW64; Trident/5.0)"
12.111.223.151 - - [13/Aug/2013:11:59:46 -0400] "GET /CSS/main.css HTTP/1.1" 200 7040 "http://www.islandgreenery.net/?adid-2E343B92-B097-442c-BFA5-BE371E0325A2=1607045&kw-2E343B92-B097-442c-BFA5-BE371E0325A2=flowering+trees" "Mozilla/5.0 (compatible; MSIE 9.0; Windows NT 6.1; WOW64; Trident/5.0)"
12.111.223.151 - - [13/Aug/2013:01:02:04 -0400] "GET /galleries/landscape/data1/images/landscape7.jpg HTTP/1.1" 200 62854 "http://www.islandgreenery.net/galleries/landscape/index.html" "Mozilla/5.0 (compatible; MSIE 10.0; Windows NT 6.1; WOW64; Trident/6.0)"
12.111.223.151 - - [13/Aug/2013:01:02:04 -0400] "GET /galleries/landscape/engine1/bg.png HTTP/1.1" 200 1416 "http://www.islandgreenery.net/galleries/landscape/index.html" "Mozilla/5.0 (compatible; MSIE 10.0; Windows NT 6.1; WOW64; Trident/6.0)"
12.111.223.151 - - [13/Aug/2013:01:04:35 -0400] "GET /Images/Home/seasonSpecials.png HTTP/1.1" 200 35145 "http://www.islandgreenery.net/index.html" "Mozilla/5.0 (compatible; MSIE 10.0; Windows NT 6.1; WOW64; Trident/6.0)"
12.111.223.151 - - [13/Aug/2013:01:05:06 -0400] "GET /Images/Home/propane.jpg HTTP/1.1" 200 29411 "http://www.islandgreenery.net/index.html" "Mozilla/5.0 (compatible; MSIE 10.0; Windows NT 6.1; WOW64; Trident/6.0)"
12.111.223.151 - - [13/Aug/2013:01:05:07 -0400] "GET /galleries/masonry/data1/images/masonry7.jpg HTTP/1.1" 200 42624 "http://www.islandgreenery.net/galleries/masonry/index.html" "Mozilla/5.0 (compatible; MSIE 10.0; Windows NT 6.1; WOW64; Trident/6.0)"
12.111.223.151 - - [13/Aug/2013:01:05:08 -0400] "GET /galleries/landscape/data1/images/landscape11.jpg HTTP/1.1" 200 58935 "http://www.islandgreenery.net/galleries/landscape/index.html" "Mozilla/5.0 (compatible; MSIE 10.0; Windows NT 6.1; WOW64; Trident/6.0)"
12.111.223.151 - - [13/Aug/2013:01:05:08 -0400] "GET /Images/Navigation/bluewide.jpg HTTP/1.1" 200 16322 "http://www.islandgreenery.net/landscape.html" "Mozilla/5.0 (compatible; MSIE 10.0; Windows NT 6.1; WOW64; Trident/6.0)"
193.106.136.58 - - [13/Aug/2013:05:19:51 -0400] "GET / HTTP/1.1" 200 4420 "http://www.polimin.ru/" "Mozilla/4.0 (compatible; MSIE 6.0; Windows NT 5.1; SV1; .NET CLR 1.1.4322; .NET CLR 2.0.50727)"
12.111.223.151 - - [13/Aug/2013:16:40:49 -0400] "GET /Images/Navigation/bluewide.jpg HTTP/1.1" 200 16322 "http://www.islandgreenery.net/?adid-2E343B92-B097-442c-BFA5-BE371E0325A2=1628869&kw-2E343B92-B097-442c-BFA5-BE371E0325A2=interlocking+pavers" "Mozilla/5.0 (compatible; MSIE 10.0; Windows NT 6.1; WOW64; Trident/6.0; MDDCJS)"
92.85.34.31 - - [13/Aug/2013:17:51:26 -0400] "GET /galleries/masonry/engine1/+G.toLowerCase()});N.html(G);N.bind( HTTP/1.1" 404 575 "-" "Java/1.6.0_22"
12.111.223.151 - - [13/Aug/2013:07:53:17 -0400] "GET /CSS/text.css HTTP/1.1" 200 731 "http://www.islandgreenery.net/?adid-2E343B92-B097-442c-BFA5-BE371E0325A2=1607093&kw-2E343B92-B097-442c-BFA5-BE371E0325A2=buy+trees" "Mozilla/5.0 (compatible; MSIE 10.0; Windows NT 6.1; WOW64; Trident/6.0; BOIE9;ENUS)"
12.111.223.151 - - [13/Aug/2013:01:02:04 -0400] "GET /galleries/landscape/engine1/wowslider.js HTTP/1.1" 200 8598 "http://www.islandgreenery.net/galleries/landscape/index.html" "Mozilla/5.0 (compatible; MSIE 10.0; Windows NT 6.1; WOW64; Trident/6.0)"
12.111.223.151 - - [13/Aug/2013:01:04:35 -0400] "GET /Images/Home/propane.jpg HTTP/1.1" 200 29411 "http://www.islandgreenery.net/index.html" "Mozilla/5.0 (compatible; MSIE 10.0; Windows NT 6.1; WOW64; Trident/6.0)"
12.111.223.151 - - [13/Aug/2013:01:05:07 -0400] "GET /galleries/masonry/data1/images/masonry3.jpg HTTP/1.1" 200 47795 "http://www.islandgreenery.net/galleries/masonry/index.html" "Mozilla/5.0 (compatible; MSIE 10.0; Windows NT 6.1; WOW64; Trident/6.0)"
46.118.126.194 - - [13/Aug/2013:12:45:22 -0400] "GET / HTTP/1.1" 200 4420 "http://ufirms.ru/" "Mozilla/4.76 [en] (Windows NT 5.0; U)"
12.111.223.151 - - [13/Aug/2013:14:37:08 -0400] "GET /CSS/main.css HTTP/1.1" 200 7040 "http://www.islandgreenery.net/?adid-2E343B92-B097-442c-BFA5-BE371E0325A2=1607045&kw-2E343B92-B097-442c-BFA5-BE371E0325A2=topsoil" "Mozilla/5.0 (Windows NT 6.1; WOW64) AppleWebKit/537.36 (KHTML, like Gecko) Chrome/28.0.1500.95 Safari/537.36"
12.111.223.151 - - [13/Aug/2013:14:37:10 -0400] "GET /Images/Navigation/greenwide.jpg HTTP/1.1" 200 15999 "http://www.islandgreenery.net/?adid-2E343B92-B097-442c-BFA5-BE371E0325A2=1607045&kw-2E343B92-B097-442c-BFA5-BE371E0325A2=topsoil" "Mozilla/5.0 (Windows NT 6.1; WOW64) AppleWebKit/537.36 (KHTML, like Gecko) Chrome/28.0.1500.95 Safari/537.36"
12.111.223.151 - - [13/Aug/2013:14:42:25 -0400] "GET /masonry.html HTTP/1.1" 200 3930 "http://www.islandgreenery.net/?adid-2E343B92-B097-442c-BFA5-BE371E0325A2=1607045&kw-2E343B92-B097-442c-BFA5-BE371E0325A2=landscaping+design" "Mozilla/5.0 (Windows NT 6.1; WOW64) AppleWebKit/537.36 (KHTML, like Gecko) Chrome/28.0.1500.95 Safari/537.36"
100.43.83.137 - - [13/Aug/2013:03:54:20 -0400] "GET /galleries/masonry/data1/images/masonry7.jpg HTTP/1.1" 304 - "-" "Mozilla/5.0 (compatible; YandexImages/3.0; +http://yandex.com/bots)"
12.111.223.151 - - [13/Aug/2013:19:08:10 -0400] "GET /CSS/text.css HTTP/1.1" 200 731 "http://www.islandgreenery.net/?adid-2E343B92-B097-442c-BFA5-BE371E0325A2=1607045&kw-2E343B92-B097-442c-BFA5-BE371E0325A2=arborvitae" "Mozilla/5.0 (Macintosh; Intel Mac OS X 10_6_8) AppleWebKit/534.59.8 (KHTML, like Gecko) Version/5.1.9 Safari/534.59.8"
12.111.223.151 - - [13/Aug/2013:22:55:33 -0400] "GET /galleries/landscape/data1/images/landscape14.jpg HTTP/1.1" 200 70741 "http://www.islandgreenery.net/galleries/landscape/index.html" "Mozilla/5.0 (Macintosh; Intel Mac OS X 10_8_4) AppleWebKit/536.30.1 (KHTML, like Gecko) Version/6.0.5 Safari/536.30.1"
47.16.98.139 - - [13/Aug/2013:10:03:40 -0400] "GET /Images/Navigation/ThinGreen.png HTTP/1.1" 200 7642 "http://www.islandgreenery.net/CSS/main.css" "Mozilla/5.0 (Windows NT 6.0; rv:22.0) Gecko/20100101 Firefox/22.0"
69.144.56.223 - - [13/Aug/2013:11:56:37 -0400] "GET /images/logo.jpg HTTP/1.1" 404 575 "http://www.masternursery.com//masternursery.cfm?Page=zipcodes/zipcodelocator.cfm" "Mozilla/5.0 (compatible; MSIE 10.0; Windows NT 6.1; WOW64; Trident/6.0; BOIE9;ENUSMSE)"
12.111.223.151 - - [13/Aug/2013:11:59:46 -0400] "GET /Images/Home/seasonSpecials.png HTTP/1.1" 200 35145 "http://www.islandgreenery.net/?adid-2E343B92-B097-442c-BFA5-BE371E0325A2=1607045&kw-2E343B92-B097-442c-BFA5-BE371E0325A2=flowering+trees" "Mozilla/5.0 (compatible; MSIE 9.0; Windows NT 6.1; WOW64; Trident/5.0)"
12.111.223.151 - - [13/Aug/2013:16:40:49 -0400] "GET /Images/lineThick.png HTTP/1.1" 200 12232 "http://www.islandgreenery.net/?adid-2E343B92-B097-442c-BFA5-BE371E0325A2=1628869&kw-2E343B92-B097-442c-BFA5-BE371E0325A2=interlocking+pavers" "Mozilla/5.0 (compatible; MSIE 10.0; Windows NT 6.1; WOW64; Trident/6.0; MDDCJS)"
12.111.223.151 - - [13/Aug/2013:16:40:59 -0400] "GET /galleries/masonry/engine1/style.css HTTP/1.1" 200 4152 "http://www.islandgreenery.net/galleries/masonry/index.html" "Mozilla/5.0 (compatible; MSIE 10.0; Windows NT 6.1; WOW64; Trident/6.0; MDDCJS)"
100.43.83.137 - - [13/Aug/2013:07:21:21 -0400] "GET /galleries/masonry/data1/images/masonry11.jpg HTTP/1.1" 304 - "-" "Mozilla/5.0 (compatible; YandexImages/3.0; +http://yandex.com/bots)"
12.111.223.151 - - [13/Aug/2013:07:53:17 -0400] "GET /Images/lineThin.png HTTP/1.1" 200 2938 "http://www.islandgreenery.net/?adid-2E343B92-B097-442c-BFA5-BE371E0325A2=1607093&kw-2E343B92-B097-442c-BFA5-BE371E0325A2=buy+trees" "Mozilla/5.0 (compatible; MSIE 10.0; Windows NT 6.1; WOW64; Trident/6.0; BOIE9;ENUS)"
12.111.223.151 - - [13/Aug/2013:07:33:52 -0400] "GET /Images/Home/propane.jpg HTTP/1.1" 200 29411 "http://www.islandgreenery.net/?adid-2E343B92-B097-442c-BFA5-BE371E0325A2=1607045&kw-2E343B92-B097-442c-BFA5-BE371E0325A2=perennials" "Mozilla/5.0 (compatible; MSIE 10.0; AOL 9.7; AOLBuild 4343.1028; Windows NT 6.1; Trident/6.0)"
12.111.223.151 - - [13/Aug/2013:08:49:31 -0400] "GET /Images/Navigation/bluewide.jpg HTTP/1.1" 200 16322 "http://www.islandgreenery.net/CSS/main.css" "Mozilla/5.0 (Windows NT 6.2; WOW64; rv:23.0) Gecko/20100101 Firefox/23.0"
12.111.223.151 - - [13/Aug/2013:14:28:53 -0400] "GET /Images/Home/mainPic.jpg HTTP/1.1" 200 209933 "http://www.islandgreenery.net/?adid-2E343B92-B097-442c-BFA5-BE371E0325A2=1607093&kw-2E343B92-B097-442c-BFA5-BE371E0325A2=tree+nursery" "Mozilla/5.0 (compatible; MSIE 10.0; Windows NT 6.2; WOW64; Trident/6.0; MATBJS)"
100.43.83.137 - - [13/Aug/2013:14:36:27 -0400] "GET / HTTP/1.1" 200 4420 "-" "Mozilla/5.0 (compatible; YandexBot/3.0; +http://yandex.com/bots)"
12.111.223.151 - - [13/Aug/2013:01:01:06 -0400] "GET / HTTP/1.1" 200 4420 "http://www.google.com/uds/afs?q=environmental%20landscape%20design%20long%20island&client=synacor-verizonconsumer&channel=search&hl=en&adsafe=medium&r=m&adpage=1&adrep=2&koda=true&po=true&oe=UTF-8&ie=UTF-8&fexp=21404&format=p5%7Cn3%7Cn5&ad=n8a5&nocache=3311376369993431&num=0&output=uds_ads_only&v=3&adlh=on&adext=as1%2Csr1&u_his=3&u_tz=-420&dt=1376369993431&u_w=1093&u_h=614&biw=1079&bih=521&psw=1079&psh=672&frm=0&ui=uv3iPsRsLpOvAat-lHst17-lhst17-lhwi245st17&rurl=http%3A%2F%2Fsearchresults.verizon.com%2Fsearch%2F%3Fcontext%3Dsearch%26tab%3DWeb%26q%3Denvironmental%2Blandscape%2Bdesign%2Blong%2Bisland&referer=http%3A%2F%2Fsearchresults.verizon.com%2Fsearch%2F%3Fcontext%3Dhomepage%26tab%3DWeb%26q%3Denvironmental%2Blandscape%2Bdesign" "Mozilla/5.0 (compatible; MSIE 10.0; Windows NT 6.1; WOW64; Trident/6.0)"
12.111.223.151 - - [13/Aug/2013:01:05:01 -0400] "GET /Images/Navigation/greenwide.jpg HTTP/1.1" 200 15999 "http://www.islandgreenery.net/landscape.html" "Mozilla/5.0 (compatible; MSIE 10.0; Windows NT 6.1; WOW64; Trident/6.0)"
12.111.223.151 - - [13/Aug/2013:01:05:01 -0400] "GET /galleries/landscape/data1/images/landscape4.jpg HTTP/1.1" 200 53003 "http://www.islandgreenery.net/galleries/landscape/index.html" "Mozilla/5.0 (compatible; MSIE 10.0; Windows NT 6.1; WOW64; Trident/6.0)"
12.111.223.151 - - [13/Aug/2013:01:05:02 -0400] "GET /galleries/landscape/data1/images/landscape8.jpg HTTP/1.1" 200 63230 "http://www.islandgreenery.net/galleries/landscape/index.html" "Mozilla/5.0 (compatible; MSIE 10.0; Windows NT 6.1; WOW64; Trident/6.0)"
12.111.223.151 - - [13/Aug/2013:02:21:23 -0400] "GET / HTTP/1.1" 200 4420 "-" "AdsBot-Google-Mobile (+http://www.google.com/mobile/adsbot.html) Mozilla (iPhone; U; CPU iPhone OS 3 0 like Mac OS X) AppleWebKit (KHTML, like Gecko) Mobile Safari"
47.16.98.139 - - [13/Aug/2013:10:01:07 -0400] "GET /Images/lineThin.png HTTP/1.1" 200 2938 "http://www.islandgreenery.net/CSS/main.css" "Mozilla/5.0 (Windows NT 6.0; rv:22.0) Gecko/20100101 Firefox/22.0"
47.16.98.139 - - [13/Aug/2013:10:01:09 -0400] "GET /Images/Contact/submit.jpg HTTP/1.1" 200 13525 "http://www.islandgreenery.net/CSS/form.css" "Mozilla/5.0 (Windows NT 6.0; rv:22.0) Gecko/20100101 Firefox/22.0"
47.16.98.139 - - [13/Aug/2013:10:01:10 -0400] "GET /favicon.ico HTTP/1.1" 404 575 "-" "Mozilla/5.0 (Windows NT 6.0; rv:22.0) Gecko/20100101 Firefox/22.0"
12.111.223.151 - - [13/Aug/2013:11:36:24 -0400] "GET /galleries/landscape/engine1/style.css HTTP/1.1" 200 4152 "http://www.islandgreenery.net/galleries/landscape/index.html" "Mozilla/5.0 (compatible; MSIE 9.0; AOL 9.7; AOLBuild 4343.19; Windows NT 6.1; WOW64; Trident/6.0)"
12.111.223.151 - - [13/Aug/2013:11:37:30 -0400] "GET /Images/Home/centerImages.png HTTP/1.1" 200 133174 "http://www.islandgreenery.net/?adid-2E343B92-B097-442c-BFA5-BE371E0325A2=1607045&kw-2E343B92-B097-442c-BFA5-BE371E0325A2=fertilizer" "Mozilla/5.0 (compatible; MSIE 9.0; AOL 9.7; AOLBuild 4343.19; Windows NT 6.1; WOW64; Trident/6.0)"
12.111.223.151 - - [13/Aug/2013:11:37:30 -0400] "GET /Images/Home/propane.jpg HTTP/1.1" 200 29411 "http://www.islandgreenery.net/?adid-2E343B92-B097-442c-BFA5-BE371E0325A2=1607045&kw-2E343B92-B097-442c-BFA5-BE371E0325A2=fertilizer" "Mozilla/5.0 (compatible; MSIE 9.0; AOL 9.7; AOLBuild 4343.19; Windows NT 6.1; WOW64; Trident/6.0)"
12.111.223.151 - - [13/Aug/2013:16:40:49 -0400] "GET /Images/lineThin.png HTTP/1.1" 200 2938 "http://www.islandgreenery.net/?adid-2E343B92-B097-442c-BFA5-BE371E0325A2=1628869&kw-2E343B92-B097-442c-BFA5-BE371E0325A2=interlocking+pavers" "Mozilla/5.0 (compatible; MSIE 10.0; Windows NT 6.1; WOW64; Trident/6.0; MDDCJS)"
12.111.223.151 - - [13/Aug/2013:16:41:00 -0400] "GET /galleries/masonry/engine1/bg.png HTTP/1.1" 200 1416 "http://www.islandgreenery.net/galleries/masonry/index.html" "Mozilla/5.0 (compatible; MSIE 10.0; Windows NT 6.1; WOW64; Trident/6.0; MDDCJS)"
92.85.34.31 - - [13/Aug/2013:17:51:07 -0400] "GET /=/index.html HTTP/1.1" 404 575 "-" "Java/1.6.0_22"
173.52.103.136 - - [13/Aug/2013:18:31:46 -0400] "GET /CSS/main.css HTTP/1.1" 200 7040 "http://www.islandgreenery.net/" "Mozilla/5.0 (Windows NT 6.1; WOW64; rv:22.0) Gecko/20100101 Firefox/22.0"
173.52.103.136 - - [13/Aug/2013:18:31:46 -0400] "GET /Images/islandGreeneryLogo.png HTTP/1.1" 200 52254 "http://www.islandgreenery.net/CSS/main.css" "Mozilla/5.0 (Windows NT 6.1; WOW64; rv:22.0) Gecko/20100101 Firefox/22.0"
173.52.103.136 - - [13/Aug/2013:18:31:46 -0400] "GET /Images/Home/propane.jpg HTTP/1.1" 200 29411 "http://www.islandgreenery.net/CSS/main.css" "Mozilla/5.0 (Windows NT 6.1; WOW64; rv:22.0) Gecko/20100101 Firefox/22.0"
173.52.103.136 - - [13/Aug/2013:18:31:48 -0400] "GET /Images/Navigation/greenwide.jpg HTTP/1.1" 200 15999 "http://www.islandgreenery.net/CSS/main.css" "Mozilla/5.0 (Windows NT 6.1; WOW64; rv:22.0) Gecko/20100101 Firefox/22.0"
173.52.103.136 - - [13/Aug/2013:18:31:49 -0400] "GET /favicon.ico HTTP/1.1" 404 575 "-" "Mozilla/5.0 (Windows NT 6.1; WOW64; rv:22.0) Gecko/20100101 Firefox/22.0"
173.52.103.136 - - [13/Aug/2013:18:31:49 -0400] "GET /favicon.ico HTTP/1.1" 404 575 "-" "Mozilla/5.0 (Windows NT 6.1; WOW64; rv:22.0) Gecko/20100101 Firefox/22.0"
173.52.103.136 - - [13/Aug/2013:18:31:49 -0400] "GET /Images/Propane/coupon.png HTTP/1.1" 200 43927 "http://www.islandgreenery.net/propane.html" "Mozilla/5.0 (Windows NT 6.1; WOW64; rv:22.0) Gecko/20100101 Firefox/22.0"
173.52.103.136 - - [13/Aug/2013:18:31:50 -0400] "GET /Images/Propane/paracoHov.png HTTP/1.1" 200 43109 "http://www.islandgreenery.net/propane.html" "Mozilla/5.0 (Windows NT 6.1; WOW64; rv:22.0) Gecko/20100101 Firefox/22.0"
24.47.119.174 - - [13/Aug/2013:19:53:21 -0400] "GET /Images/Navigation/ThinGreen.png HTTP/1.1" 200 7642 "http://www.islandgreenery.net/" "Mozilla/5.0 (compatible; MSIE 10.0; Windows NT 6.1; WOW64; Trident/6.0)"
24.47.119.174 - - [13/Aug/2013:19:53:22 -0400] "GET /company.html HTTP/1.1" 200 6372 "http://www.islandgreenery.net/" "Mozilla/5.0 (compatible; MSIE 10.0; Windows NT 6.1; WOW64; Trident/6.0)"
24.47.119.174 - - [13/Aug/2013:19:53:23 -0400] "GET /Images/Company/mainPic.jpg HTTP/1.1" 200 158233 "http://www.islandgreenery.net/company.html" "Mozilla/5.0 (compatible; MSIE 10.0; Windows NT 6.1; WOW64; Trident/6.0)"
12.111.223.151 - - [13/Aug/2013:07:33:52 -0400] "GET /CSS/text.css HTTP/1.1" 200 731 "http://www.islandgreenery.net/?adid-2E343B92-B097-442c-BFA5-BE371E0325A2=1607045&kw-2E343B92-B097-442c-BFA5-BE371E0325A2=perennials" "Mozilla/5.0 (compatible; MSIE 10.0; AOL 9.7; AOLBuild 4343.1028; Windows NT 6.1; Trident/6.0)"
199.30.16.37 - - [13/Aug/2013:08:42:34 -0400] "GET /robots.txt HTTP/1.1" 404 575 "-" "msnbot-media/1.1 (+http://search.msn.com/msnbot.htm)"
12.111.223.151 - - [13/Aug/2013:11:46:23 -0400] "GET /Images/Home/centerImages.png HTTP/1.1" 200 133174 "http://www.islandgreenery.net/?adid-2E343B92-B097-442c-BFA5-BE371E0325A2=1607093&kw-2E343B92-B097-442c-BFA5-BE371E0325A2=bulk+topsoil" "Mozilla/4.0 (compatible; MSIE 8.0; Windows NT 5.1; Trident/4.0; GTB7.5; .NET CLR 1.1.4322; .NET CLR 2.0.50727; .NET CLR 3.0.4506.2152; .NET CLR 3.5.30729; InfoPath.2)"
12.111.223.151 - - [13/Aug/2013:11:47:57 -0400] "GET /Images/Navigation/ThinGreen.png HTTP/1.1" 200 7642 "http://www.islandgreenery.net/garden.html" "Mozilla/4.0 (compatible; MSIE 8.0; Windows NT 5.1; Trident/4.0; GTB7.5; .NET CLR 1.1.4322; .NET CLR 2.0.50727; .NET CLR 3.0.4506.2152; .NET CLR 3.5.30729; InfoPath.2)"
12.111.223.151 - - [13/Aug/2013:11:59:46 -0400] "GET /Images/Home/propane.jpg HTTP/1.1" 200 29411 "http://www.islandgreenery.net/?adid-2E343B92-B097-442c-BFA5-BE371E0325A2=1607045&kw-2E343B92-B097-442c-BFA5-BE371E0325A2=flowering+trees" "Mozilla/5.0 (compatible; MSIE 9.0; Windows NT 6.1; WOW64; Trident/5.0)"
12.111.223.151 - - [13/Aug/2013:15:08:02 -0400] "GET /Images/Home/mainPic.jpg HTTP/1.1" 200 209933 "http://www.islandgreenery.net/?adid-2E343B92-B097-442c-BFA5-BE371E0325A2=1607089&kw-2E343B92-B097-442c-BFA5-BE371E0325A2=garden+wall" "Mozilla/5.0 (iPad; CPU OS 6_1_3 like Mac OS X) AppleWebKit/536.26 (KHTML, like Gecko) Version/6.0 Mobile/10B329 Safari/8536.25"
12.111.223.151 - - [13/Aug/2013:16:17:33 -0400] "GET /Images/lineThick.png HTTP/1.1" 200 12232 "http://www.islandgreenery.net/?adid-2E343B92-B097-442c-BFA5-BE371E0325A2=1607045&kw-2E343B92-B097-442c-BFA5-BE371E0325A2=landscape+design" "IE 7 - Mozilla/4.0 (compatible; MSIE 7.0; Windows NT 5.1; .NET CLR 1.1.4322; .NET CLR 2.0.50727; .NET CLR 3.0.04506.30)"
12.111.223.151 - - [13/Aug/2013:16:40:59 -0400] "GET /masonry.html HTTP/1.1" 200 3930 "http://www.islandgreenery.net/?adid-2E343B92-B097-442c-BFA5-BE371E0325A2=1628869&kw-2E343B92-B097-442c-BFA5-BE371E0325A2=interlocking+pavers" "Mozilla/5.0 (compatible; MSIE 10.0; Windows NT 6.1; WOW64; Trident/6.0; MDDCJS)"
12.111.223.151 - - [13/Aug/2013:16:41:10 -0400] "GET /Images/islandGreeneryLogo.png HTTP/1.1" 200 52254 "http://www.islandgreenery.net/?adid-2E343B92-B097-442c-BFA5-BE371E0325A2=1628869&kw-2E343B92-B097-442c-BFA5-BE371E0325A2=interlocking+pavers" "Mozilla/5.0 (compatible; MSIE 10.0; Windows NT 6.1; WOW64; Trident/6.0; MDDCJS)"
12.111.223.151 - - [13/Aug/2013:12:12:03 -0400] "GET / HTTP/1.1" 200 4420 "-" "Mozilla/4.0 (compatible; MSIE 7.0; Windows NT 5.1; .NET CLR 1.1.4322; .NET CLR 2.0.50727)"
12.111.223.151 - - [13/Aug/2013:14:42:31 -0400] "GET /galleries/masonry/data1/images/masonry4.jpg HTTP/1.1" 200 42929 "http://www.islandgreenery.net/galleries/masonry/index.html" "Mozilla/5.0 (Windows NT 6.1; WOW64) AppleWebKit/537.36 (KHTML, like Gecko) Chrome/28.0.1500.95 Safari/537.36"
12.111.223.151 - - [13/Aug/2013:01:02:03 -0400] "GET /galleries/landscape/data1/images/landscape5.jpg HTTP/1.1" 200 72033 "http://www.islandgreenery.net/galleries/landscape/index.html" "Mozilla/5.0 (compatible; MSIE 10.0; Windows NT 6.1; WOW64; Trident/6.0)"
12.111.223.151 - - [13/Aug/2013:01:04:15 -0400] "GET /galleries/masonry/data1/images/masonry12.jpg HTTP/1.1" 200 43392 "http://www.islandgreenery.net/galleries/masonry/index.html" "Mozilla/5.0 (compatible; MSIE 10.0; Windows NT 6.1; WOW64; Trident/6.0)"
12.111.223.151 - - [13/Aug/2013:01:04:39 -0400] "GET /Images/Navigation/greenwide.jpg HTTP/1.1" 200 15999 "http://www.islandgreenery.net/index.html" "Mozilla/5.0 (compatible; MSIE 10.0; Windows NT 6.1; WOW64; Trident/6.0)"
178.137.128.238 - - [13/Aug/2013:01:49:34 -0400] "GET / HTTP/1.1" 200 4420 "http://bidla.net/" "Mozilla/4.0 (compatible; MSIE 6.0; AOL 9.0; Windows NT 5.1)"
12.111.223.151 - - [13/Aug/2013:19:08:10 -0400] "GET /Images/Navigation/bluewide.jpg HTTP/1.1" 200 16322 "http://www.islandgreenery.net/?adid-2E343B92-B097-442c-BFA5-BE371E0325A2=1607045&kw-2E343B92-B097-442c-BFA5-BE371E0325A2=arborvitae" "Mozilla/5.0 (Macintosh; Intel Mac OS X 10_6_8) AppleWebKit/534.59.8 (KHTML, like Gecko) Version/5.1.9 Safari/534.59.8"
66.249.72.119 - - [13/Aug/2013:22:29:50 -0400] "GET / HTTP/1.1" 200 4420 "-" "Mozilla/5.0 (iPhone; U; CPU iPhone OS 4_1 like Mac OS X; en-us) AppleWebKit/532.9 (KHTML, like Gecko) Version/4.0.5 Mobile/8B117 Safari/6531.22.7 (compatible; Googlebot-Mobile/2.1; +http://www.google.com/bot.html)"
12.111.223.151 - - [13/Aug/2013:22:55:11 -0400] "GET /Images/Navigation/bluewide.jpg HTTP/1.1" 200 16322 "http://www.islandgreenery.net/?adid-2E343B92-B097-442c-BFA5-BE371E0325A2=1607088&kw-2E343B92-B097-442c-BFA5-BE371E0325A2=garden+wall" "Mozilla/5.0 (Macintosh; Intel Mac OS X 10_8_4) AppleWebKit/536.30.1 (KHTML, like Gecko) Version/6.0.5 Safari/536.30.1"
12.111.223.151 - - [13/Aug/2013:22:55:33 -0400] "GET /galleries/landscape/data1/images/landscape5.jpg HTTP/1.1" 200 72033 "http://www.islandgreenery.net/galleries/landscape/index.html" "Mozilla/5.0 (Macintosh; Intel Mac OS X 10_8_4) AppleWebKit/536.30.1 (KHTML, like Gecko) Version/6.0.5 Safari/536.30.1"
12.111.223.151 - - [13/Aug/2013:07:54:24 -0400] "GET /Images/Home/mainPic.jpg HTTP/1.1" 200 209933 "http://www.islandgreenery.net/index.html" "Mozilla/5.0 (compatible; MSIE 10.0; Windows NT 6.1; WOW64; Trident/6.0; BOIE9;ENUS)"
12.111.223.151 - - [13/Aug/2013:16:41:10 -0400] "GET /Images/Home/propane.jpg HTTP/1.1" 200 29411 "http://www.islandgreenery.net/?adid-2E343B92-B097-442c-BFA5-BE371E0325A2=1628869&kw-2E343B92-B097-442c-BFA5-BE371E0325A2=interlocking+pavers" "Mozilla/5.0 (compatible; MSIE 10.0; Windows NT 6.1; WOW64; Trident/6.0; MDDCJS)"
12.111.223.151 - - [13/Aug/2013:12:10:58 -0400] "GET /favicon.ico HTTP/1.1" 404 575 "-" "Mozilla/5.0 (Windows NT 6.1; WOW64) AppleWebKit/537.36 (KHTML, like Gecko) Chrome/28.0.1500.95 Safari/537.36"
208.54.37.171 - - [13/Aug/2013:13:40:22 -0400] "GET /favicon.ico HTTP/1.1" 404 575 "http://www.islandgreenery.net/company.html" "Mozilla/5.0 (Linux; U; Android 4.0.4; es-es; SGH-T769 Build/IMM76D) AppleWebKit/534.30 (KHTML, like Gecko) Version/4.0 Mobile Safari/534.30"
12.111.223.151 - - [13/Aug/2013:14:42:31 -0400] "GET /galleries/masonry/engine1/script.js HTTP/1.1" 200 1611 "http://www.islandgreenery.net/galleries/masonry/index.html" "Mozilla/5.0 (Windows NT 6.1; WOW64) AppleWebKit/537.36 (KHTML, like Gecko) Chrome/28.0.1500.95 Safari/537.36"
12.111.223.151 - - [13/Aug/2013:14:42:31 -0400] "GET /galleries/masonry/engine1/wowslider.js HTTP/1.1" 200 8598 "http://www.islandgreenery.net/galleries/masonry/index.html" "Mozilla/5.0 (Windows NT 6.1; WOW64) AppleWebKit/537.36 (KHTML, like Gecko) Chrome/28.0.1500.95 Safari/537.36"
12.111.223.151 - - [13/Aug/2013:14:42:33 -0400] "GET /favicon.ico HTTP/1.1" 404 575 "-" "Mozilla/5.0 (Windows NT 6.1; WOW64) AppleWebKit/537.36 (KHTML, like Gecko) Chrome/28.0.1500.95 Safari/537.36"
12.111.223.151 - - [13/Aug/2013:01:01:10 -0400] "GET /Images/Home/propane.jpg HTTP/1.1" 200 29411 "http://www.islandgreenery.net/?adid-2E343B92-B097-442c-BFA5-BE371E0325A2=1607045&kw-2E343B92-B097-442c-BFA5-BE371E0325A2=landscape+design" "Mozilla/5.0 (compatible; MSIE 10.0; Windows NT 6.1; WOW64; Trident/6.0)"
12.111.223.151 - - [13/Aug/2013:01:04:15 -0400] "GET /galleries/masonry/engine1/wowslider.js HTTP/1.1" 200 8598 "http://www.islandgreenery.net/galleries/masonry/index.html" "Mozilla/5.0 (compatible; MSIE 10.0; Windows NT 6.1; WOW64; Trident/6.0)"
12.111.223.151 - - [13/Aug/2013:01:04:35 -0400] "GET /Images/Navigation/bluewide.jpg HTTP/1.1" 200 16322 "http://www.islandgreenery.net/index.html" "Mozilla/5.0 (compatible; MSIE 10.0; Windows NT 6.1; WOW64; Trident/6.0)"
12.111.223.151 - - [13/Aug/2013:01:05:07 -0400] "GET /galleries/masonry/data1/images/masonry2.jpg HTTP/1.1" 200 52450 "http://www.islandgreenery.net/galleries/masonry/index.html" "Mozilla/5.0 (compatible; MSIE 10.0; Windows NT 6.1; WOW64; Trident/6.0)"
12.111.223.151 - - [13/Aug/2013:10:23:43 -0400] "GET /Images/lineThin.png HTTP/1.1" 200 2938 "http://www.islandgreenery.net/?adid-2E343B92-B097-442c-BFA5-BE371E0325A2=1607093&kw-2E343B92-B097-442c-BFA5-BE371E0325A2=ornamental+plants" "Mozilla/5.0 (compatible; MSIE 9.0; Windows NT 6.0; WOW64; Trident/5.0)"
12.111.223.151 - - [13/Aug/2013:11:59:46 -0400] "GET /CSS/main.css HTTP/1.1" 200 7040 "http://www.islandgreenery.net/?adid-2E343B92-B097-442c-BFA5-BE371E0325A2=1607045&kw-2E343B92-B097-442c-BFA5-BE371E0325A2=flowering+trees" "Mozilla/5.0 (compatible; MSIE 9.0; Windows NT 6.1; WOW64; Trident/5.0)"
66.249.72.130 - - [13/Aug/2013:22:29:05 -0400] "GET /robots.txt HTTP/1.1" 404 575 "-" "Mozilla/5.0 (compatible; Googlebot/2.1; +http://www.google.com/bot.html)"
12.111.223.151 - - [13/Aug/2013:22:55:11 -0400] "GET /Images/Home/centerImages.png HTTP/1.1" 200 133174 "http://www.islandgreenery.net/?adid-2E343B92-B097-442c-BFA5-BE371E0325A2=1607088&kw-2E343B92-B097-442c-BFA5-BE371E0325A2=garden+wall" "Mozilla/5.0 (Macintosh; Intel Mac OS X 10_8_4) AppleWebKit/536.30.1 (KHTML, like Gecko) Version/6.0.5 Safari/536.30.1"
