12.111.223.151 - - [13/Aug/2013:11:46:23 -0400] "GET /Images/islandGreeneryLogo.png HTTP/1.1" 200 52254 "http://www.islandgreenery.net/?adid-2E343B92-B097-442c-BFA5-BE371E0325A2=1607093&kw-2E343B92-B097-442c-BFA5-BE371E0325A2=bulk+topsoil" "Mozilla/4.0 (compatible; MSIE 8.0; Windows NT 5.1; Trident/4.0; GTB7.5; .NET CLR 1.1.4322; .NET CLR 2.0.50727; .NET CLR 3.0.4506.2152; .NET CLR 3.5.30729; InfoPath.2)"
12.111.223.151 - - [13/Aug/2013:11:46:23 -0400] "GET /Images/Home/seasonSpecials.png HTTP/1.1" 200 35145 "http://www.islandgreenery.net/?adid-2E343B92-B097-442c-BFA5-BE371E0325A2=1607093&kw-2E343B92-B097-442c-BFA5-BE371E0325A2=bulk+topsoil" "Mozilla/4.0 (compatible; MSIE 8.0; Windows NT 5.1; Trident/4.0; GTB7.5; .NET CLR 1.1.4322; .NET CLR 2.0.50727; .NET CLR 3.0.4506.2152; .NET CLR 3.5.30729; InfoPath.2)"
12.111.223.151 - - [13/Aug/2013:11:47:55 -0400] "GET /Images/Navigation/greenwide.jpg HTTP/1.1" 200 15999 "http://www.islandgreenery.net/garden.html" "Mozilla/4.0 (compatible; MSIE 8.0; Windows NT 5.1; Trident/4.0; GTB7.5; .NET CLR 1.1.4322; .NET CLR 2.0.50727; .NET CLR 3.0.4506.2152; .NET CLR 3.5.30729; InfoPath.2)"
173.52.103.136 - - [13/Aug/2013:18:17:09 -0400] "GET /Images/lineThin.png HTTP/1.1" 200 2938 "http://www.islandgreenery.net/" "Mozilla/5.0 (Linux; U; Android 4.2.2; en-us; HTC_One Build/JDQ39) AppleWebKit/534.30 (KHTML, like Gecko) Version/4.0 Mobile Safari/534.30"
24.47.119.174 - - [13/Aug/2013:19:52:48 -0400] "GET /Images/Navigation/bluewide.jpg HTTP/1.1" 200 16322 "http://www.islandgreenery.net/" "Mozilla/5.0 (compatible; MSIE 10.0; Windows NT 6.1; WOW64; Trident/6.0)"
12.111.223.151 - - [13/Aug/2013:01:05:06 -0400] "GET /Images/Navigation/bluewide.jpg HTTP/1.1" 200 16322 "http://www.islandgreenery.net/index.html" "Mozilla/5.0 (compatible; MSIE 10.0; Windows NT 6.1; WOW64; Trident/6.0)"
12.111.223.151 - - [13/Aug/2013:14:37:08 -0400] "GET /Images/Navigation/ThinBlue.png HTTP/1.1" 200 7349 "http://www.islandgreenery.net/?adid-2E343B92-B097-442c-BFA5-BE371E0325A2=1607045&kw-2E343B92-B097-442c-BFA5-BE371E0325A2=topsoil" "Mozilla/5.0 (Windows NT 6.1; WOW64) AppleWebKit/537.36 (KHTML, like Gecko) Chrome/28.0.1500.95 Safari/537.36"
12.111.223.151 - - [13/Aug/2013:15:08:02 -0400] "GET /Images/Navigation/ThinBlue.png HTTP/1.1" 200 7349 "http://www.islandgreenery.net/?adid-2E343B92-B097-442c-BFA5-BE371E0325A2=1607089&kw-2E343B92-B097-442c-BFA5-BE371E0325A2=garden+wall" "Mozilla/5.0 (iPad; CPU OS 6_1_3 like Mac OS X) AppleWebKit/536.26 (KHTML, like Gecko) Version/6.0 Mobile/10B329 Safari/8536.25"
12.111.223.151 - - [13/Aug/2013:16:17:31 -0400] "GET /Images/lineThin.png HTTP/1.1" 200 2938 "http://www.islandgreenery.net/?adid-2E343B92-B097-442c-BFA5-BE371E0325A2=1607045&kw-2E343B92-B097-442c-BFA5-BE371E0325A2=landscape+design" "IE 7 - Mozilla/4.0 (compatible; MSIE 7.0; Windows NT 5.1; .NET CLR 1.1.4322; .NET CLR 2.0.50727; .NET CLR 3.0.04506.30)"
12.111.223.151 - - [13/Aug/2013:16:40:54 -0400] "GET /Images/Navigation/ThinGreen.png HTTP/1.1" 200 7642 "http://www.islandgreenery.net/?adid-2E343B92-B097-442c-BFA5-BE371E0325A2=1628869&kw-2E343B92-B097-442c-BFA5-BE371E0325A2=interlocking+pavers" "Mozilla/5.0 (compatible; MSIE 10.0; Windows NT 6.1; WOW64; Trident/6.0; MDDCJS)"
12.111.223.151 - - [13/Aug/2013:16:40:59 -0400] "GET /galleries/masonry/data1/images/masonry3.jpg HTTP/1.1" 200 47795 "http://www.islandgreenery.net/galleries/masonry/index.html" "Mozilla/5.0 (compatible; MSIE 10.0; Windows NT 6.1; WOW64; Trident/6.0; MDDCJS)"
12.111.223.151 - - [13/Aug/2013:16:40:59 -0400] "GET /galleries/masonry/data1/images/masonry8.jpg HTTP/1.1" 200 46897 "http://www.islandgreenery.net/galleries/masonry/index.html" "Mozilla/5.0 (compatible; MSIE 10.0; Windows NT 6.1; WOW64; Trident/6.0; MDDCJS)"
12.111.223.151 - - [13/Aug/2013:16:41:10 -0400] "GET /Images/Navigation/bluewide.jpg HTTP/1.1" 200 16322 "http://www.islandgreenery.net/?adid-2E343B92-B097-442c-BFA5-BE371E0325A2=1628869&kw-2E343B92-B097-442c-BFA5-BE371E0325A2=interlocking+pavers" "Mozilla/5.0 (compatible; MSIE 10.0; Windows NT 6.1; WOW64; Trident/6.0; MDDCJS)"
173.52.103.136 - - [13/Aug/2013:18:17:18 -0400] "GET /Images/Navigation/greenwide.jpg HTTP/1.1" 200 15999 "http://www.islandgreenery.net/" "Mozilla/5.0 (Linux; U; Android 4.2.2; en-us; HTC_One Build/JDQ39) AppleWebKit/534.30 (KHTML, like Gecko) Version/4.0 Mobile Safari/534.30"
173.52.103.136 - - [13/Aug/2013:18:17:19 -0400] "GET /propane.html HTTP/1.1" 200 5763 "http://www.islandgreenery.net/" "Mozilla/5.0 (Linux; U; Android 4.2.2; en-us; HTC_One Build/JDQ39) AppleWebKit/534.30 (KHTML, like Gecko) Version/4.0 Mobile Safari/534.30"
173.52.103.136 - - [13/Aug/2013:18:17:19 -0400] "GET /Images/Propane/paraco.png HTTP/1.1" 200 43403 "http://www.islandgreenery.net/propane.html" "Mozilla/5.0 (Linux; U; Android 4.2.2; en-us; HTC_One Build/JDQ39) AppleWebKit/534.30 (KHTML, like Gecko) Version/4.0 Mobile Safari/534.30"
24.47.119.174 - - [13/Aug/2013:19:52:48 -0400] "GET /Images/Home/mainPic.jpg HTTP/1.1" 200 209933 "http://www.islandgreenery.net/" "Mozilla/5.0 (compatible; MSIE 10.0; Windows NT 6.1; WOW64; Trident/6.0)"
12.111.223.151 - - [13/Aug/2013:14:04:49 -0400] "GET /CSS/main.css HTTP/1.1" 200 7040 "http://www.islandgreenery.net/?adid-2E343B92-B097-442c-BFA5-BE371E0325A2=1607045&kw-2E343B92-B097-442c-BFA5-BE371E0325A2=perennials" "Mozilla/5.0 (iPad; CPU OS 5_1_1 like Mac OS X) AppleWebKit/534.46 (KHTML, like Gecko) Version/5.1 Mobile/9B206 Safari/7534.48.3"
12.111.223.151 - - [13/Aug/2013:14:04:52 -0400] "GET /Images/Home/mainPic.jpg HTTP/1.1" 200 209933 "http://www.islandgreenery.net/?adid-2E343B92-B097-442c-BFA5-BE371E0325A2=1607045&kw-2E343B92-B097-442c-BFA5-BE371E0325A2=perennials" "Mozilla/5.0 (iPad; CPU OS 5_1_1 like Mac OS X) AppleWebKit/534.46 (KHTML, like Gecko) Version/5.1 Mobile/9B206 Safari/7534.48.3"
12.111.223.151 - - [13/Aug/2013:14:28:53 -0400] "GET /Images/Home/seasonSpecials.png HTTP/1.1" 200 35145 "http://www.islandgreenery.net/?adid-2E343B92-B097-442c-BFA5-BE371E0325A2=1607093&kw-2E343B92-B097-442c-BFA5-BE371E0325A2=tree+nursery" "Mozilla/5.0 (compatible; MSIE 10.0; Windows NT 6.2; WOW64; Trident/6.0; MATBJS)"
8.11.166.2 - - [13/Aug/2013:06:56:05 -0400] "GET /CSS/main.css HTTP/1.1" 200 7040 "http://www.islandgreenery.net/" "Mozilla/5.0 (compatible; MSIE 10.0; Windows NT 6.1; WOW64; Trident/6.0)"
8.11.166.2 - - [13/Aug/2013:06:56:05 -0400] "GET /Images/islandGreeneryLogo.png HTTP/1.1" 200 52254 "http://www.islandgreenery.net/" "Mozilla/5.0 (compatible; MSIE 10.0; Windows NT 6.1; WOW64; Trident/6.0)"
8.11.166.2 - - [13/Aug/2013:06:56:05 -0400] "GET /favicon.ico HTTP/1.1" 404 575 "-" "Mozilla/5.0 (compatible; MSIE 10.0; Windows NT 6.1; WOW64; Trident/6.0)"
8.11.166.2 - - [13/Aug/2013:06:56:06 -0400] "GET /Images/Home/centerImages.png HTTP/1.1" 200 133174 "http://www.islandgreenery.net/" "Mozilla/5.0 (compatible; MSIE 10.0; Windows NT 6.1; WOW64; Trident/6.0)"
12.111.223.151 - - [13/Aug/2013:07:53:18 -0400] "GET /Images/Home/centerImages.png HTTP/1.1" 200 133174 "http://www.islandgreenery.net/?adid-2E343B92-B097-442c-BFA5-BE371E0325A2=1607093&kw-2E343B92-B097-442c-BFA5-BE371E0325A2=buy+trees" "Mozilla/5.0 (compatible; MSIE 10.0; Windows NT 6.1; WOW64; Trident/6.0; BOIE9;ENUS)"
12.111.223.151 - - [13/Aug/2013:07:53:18 -0400] "GET /Images/Home/propane.jpg HTTP/1.1" 200 29411 "http://www.islandgreenery.net/?adid-2E343B92-B097-442c-BFA5-BE371E0325A2=1607093&kw-2E343B92-B097-442c-BFA5-BE371E0325A2=buy+trees" "Mozilla/5.0 (compatible; MSIE 10.0; Windows NT 6.1; WOW64; Trident/6.0; BOIE9;ENUS)"
108.57.196.243 - - [13/Aug/2013:08:03:14 -0400] "GET /images/logo.jpg HTTP/1.1" 404 575 "http://www.masternursery.com//masternursery.cfm?Page=zipcodes/zipcodelocator.cfm" "Mozilla/5.0 (compatible; MSIE 10.0; Windows NT 6.1; WOW64; Trident/6.0)"
12.111.223.151 - - [13/Aug/2013:08:49:31 -0400] "GET / HTTP/1.1" 200 4420 "-" "Mozilla/4.0 (compatible; MSIE 7.0; Windows NT 5.1; .NET CLR 1.1.4322; .NET CLR 2.0.50727)"
193.106.136.58 - - [13/Aug/2013:05:19:51 -0400] "GET / HTTP/1.1" 200 4420 "http://www.polimin.ru/" "Mozilla/4.0 (compatible; MSIE 6.0; Windows NT 5.1; SV1; .NET CLR 1.1.4322; .NET CLR 2.0.50727)"
12.111.223.151 - - [13/Aug/2013:01:04:15 -0400] "GET /galleries/masonry/data1/images/masonry6.jpg HTTP/1.1" 200 40027 "http://www.islandgreenery.net/galleries/masonry/index.html" "Mozilla/5.0 (compatible; MSIE 10.0; Windows NT 6.1; WOW64; Trident/6.0)"
12.111.223.151 - - [13/Aug/2013:01:04:34 -0400] "GET /Images/Navigation/ThinGreen.png HTTP/1.1" 200 7642 "http://www.islandgreenery.net/masonry.html" "Mozilla/5.0 (compatible; MSIE 10.0; Windows NT 6.1; WOW64; Trident/6.0)"
12.111.223.151 - - [13/Aug/2013:01:05:01 -0400] "GET /galleries/landscape/data1/images/landscape2.jpg HTTP/1.1" 200 55028 "http://www.islandgreenery.net/galleries/landscape/index.html" "Mozilla/5.0 (compatible; MSIE 10.0; Windows NT 6.1; WOW64; Trident/6.0)"
12.111.223.151 - - [13/Aug/2013:10:23:44 -0400] "GET /Images/Home/seasonSpecials.png HTTP/1.1" 200 35145 "http://www.islandgreenery.net/?adid-2E343B92-B097-442c-BFA5-BE371E0325A2=1607093&kw-2E343B92-B097-442c-BFA5-BE371E0325A2=ornamental+plants" "Mozilla/5.0 (compatible; MSIE 9.0; Windows NT 6.0; WOW64; Trident/5.0)"
12.111.223.151 - - [13/Aug/2013:11:36:19 -0400] "GET /Images/Navigation/ThinBlue.png HTTP/1.1" 200 7349 "http://www.islandgreenery.net/?adid-2E343B92-B097-442c-BFA5-BE371E0325A2=1607045&kw-2E343B92-B097-442c-BFA5-BE371E0325A2=fertilizer" "Mozilla/5.0 (compatible; MSIE 9.0; AOL 9.7; AOLBuild 4343.19; Windows NT 6.1; WOW64; Trident/6.0)"
12.111.223.151 - - [13/Aug/2013:22:55:11 -0400] "GET /Images/lineThin.png HTTP/1.1" 200 2938 "http://www.islandgreenery.net/?adid-2E343B92-B097-442c-BFA5-BE371E0325A2=1607088&kw-2E343B92-B097-442c-BFA5-BE371E0325A2=garden+wall" "Mozilla/5.0 (Macintosh; Intel Mac OS X 10_8_4) AppleWebKit/536.30.1 (KHTML, like Gecko) Version/6.0.5 Safari/536.30.1"
12.111.223.151 - - [13/Aug/2013:22:55:32 -0400] "GET /galleries/landscape/engine1/script.js HTTP/1.1" 200 1611 "http://www.islandgreenery.net/galleries/landscape/index.html" "Mozilla/5.0 (Macintosh; Intel Mac OS X 10_8_4) AppleWebKit/536.30.1 (KHTML, like Gecko) Version/6.0.5 Safari/536.30.1"
12.111.223.151 - - [13/Aug/2013:09:30:29 -0400] "GET / HTTP/1.1" 200 4420 "-" "Mozilla/4.0 (compatible; MSIE 7.0; Windows NT 5.1; .NET CLR 1.1.4322; .NET CLR 2.0.50727)"
47.16.98.139 - - [13/Aug/2013:10:01:15 -0400] "GET /Images/Propane/coupon.png HTTP/1.1" 200 43927 "http://www.islandgreenery.net/propane.html" "Mozilla/5.0 (Windows NT 6.0; rv:22.0) Gecko/20100101 Firefox/22.0"
47.16.98.139 - - [13/Aug/2013:10:01:16 -0400] "GET /Images/Propane/couponHov.png HTTP/1.1" 200 43910 "http://www.islandgreenery.net/propane.html" "Mozilla/5.0 (Windows NT 6.0; rv:22.0) Gecko/20100101 Firefox/22.0"
180.76.5.91 - - [13/Aug/2013:10:46:40 -0400] "GET /galleries/landscape/engine1/wowslider.js HTTP/1.1" 304 - "-" "Mozilla/5.0 (compatible; Baiduspider/2.0; +http://www.baidu.com/search/spider.html)"
12.111.223.151 - - [13/Aug/2013:12:06:11 -0400] "GET / HTTP/1.1" 200 4420 "-" "Mozilla/4.0 (compatible; MSIE 7.0; Windows NT 5.1; .NET CLR 1.1.4322; .NET CLR 2.0.50727)"
12.111.223.151 - - [13/Aug/2013:07:54:32 -0400] "GET /Images/Navigation/greenwide.jpg HTTP/1.1" 200 15999 "http://www.islandgreenery.net/index.html" "Mozilla/5.0 (compatible; MSIE 10.0; Windows NT 6.1; WOW64; Trident/6.0; BOIE9;ENUS)"
220.181.89.178 - - [13/Aug/2013:07:57:09 -0400] "GET / HTTP/1.1" 304 - "-" "Sogou web spider/4.0(+http://www.sogou.com/docs/help/webmasters.htm#07)"
12.111.223.151 - - [13/Aug/2013:08:49:31 -0400] "GET /Images/Home/centerImages.png HTTP/1.1" 200 133174 "http://www.islandgreenery.net/CSS/main.css" "Mozilla/5.0 (Windows NT 6.2; WOW64; rv:23.0) Gecko/20100101 Firefox/23.0"
157.56.92.144 - - [13/Aug/2013:15:15:29 -0400] "GET / HTTP/1.1" 304 - "-" "Mozilla/5.0 (compatible; bingbot/2.0; +http://www.bing.com/bingbot.htm)"
66.249.72.130 - - [13/Aug/2013:22:29:06 -0400] "GET / HTTP/1.1" 200 4420 "-" "Mozilla/5.0 (iPhone; U; CPU iPhone OS 4_1 like Mac OS X; en-us) AppleWebKit/532.9 (KHTML, like Gecko) Version/4.0.5 Mobile/8B117 Safari/6531.22.7 (compatible; Googlebot-Mobile/2.1; +http://www.google.com/bot.html)"
173.52.103.136 - - [13/Aug/2013:18:17:19 -0400] "GET /Images/Propane/coupon.png HTTP/1.1" 200 43927 "http://www.islandgreenery.net/propane.html" "Mozilla/5.0 (Linux; U; Android 4.2.2; en-us; HTC_One Build/JDQ39) AppleWebKit/534.30 (KHTML, like Gecko) Version/4.0 Mobile Safari/534.30"
12.111.223.151 - - [13/Aug/2013:19:08:10 -0400] "GET /Images/Navigation/ThinBlue.png HTTP/1.1" 200 7349 "http://www.islandgreenery.net/?adid-2E343B92-B097-442c-BFA5-BE371E0325A2=1607045&kw-2E343B92-B097-442c-BFA5-BE371E0325A2=arborvitae" "Mozilla/5.0 (Macintosh; Intel Mac OS X 10_6_8) AppleWebKit/534.59.8 (KHTML, like Gecko) Version/5.1.9 Safari/534.59.8"
12.111.223.151 - - [13/Aug/2013:01:04:14 -0400] "GET /masonry.html HTTP/1.1" 200 3930 "http://www.islandgreenery.net/landscape.html" "Mozilla/5.0 (compatible; MSIE 10.0; Windows NT 6.1; WOW64; Trident/6.0)"
12.111.223.151 - - [13/Aug/2013:01:04:15 -0400] "GET /galleries/masonry/data1/images/masonry3.jpg HTTP/1.1" 200 47795 "http://www.islandgreenery.net/galleries/masonry/index.html" "Mozilla/5.0 (compatible; MSIE 10.0; Windows NT 6.1; WOW64; Trident/6.0)"
12.111.223.151 - - [13/Aug/2013:01:05:05 -0400] "GET /Images/Navigation/bluewide.jpg HTTP/1.1" 200 16322 "http://www.islandgreenery.net/garden.html" "Mozilla/5.0 (compatible; MSIE 10.0; Windows NT 6.1; WOW64; Trident/6.0)"
12.111.223.151 - - [13/Aug/2013:01:05:06 -0400] "GET /Images/Home/seasonSpecials.png HTTP/1.1" 200 35145 "http://www.islandgreenery.net/index.html" "Mozilla/5.0 (compatible; MSIE 10.0; Windows NT 6.1; WOW64; Trident/6.0)"
12.111.223.151 - - [13/Aug/2013:11:36:23 -0400] "GET /Images/lineThick.png HTTP/1.1" 206 13 "http://www.islandgreenery.net/landscape.html" "Mozilla/5.0 (compatible; MSIE 9.0; AOL 9.7; AOLBuild 4343.19; Windows NT 6.1; WOW64; Trident/6.0)"
12.111.223.151 - - [13/Aug/2013:07:54:35 -0400] "GET /Images/Home/seasonSpecials.png HTTP/1.1" 200 35145 "http://www.islandgreenery.net/?adid-2E343B92-B097-442c-BFA5-BE371E0325A2=1607093&kw-2E343B92-B097-442c-BFA5-BE371E0325A2=buy+trees" "Mozilla/5.0 (compatible; MSIE 10.0; Windows NT 6.1; WOW64; Trident/6.0; BOIE9;ENUS)"
91.207.9.226 - - [13/Aug/2013:14:31:53 -0400] "GET / HTTP/1.1" 200 4420 "http://myvigre.ru/" "Mozilla/4.0 (compatible; MSIE 6.0; Windows NT 5.1; SV1; FunWebProducts)"
12.111.223.151 - - [13/Aug/2013:14:42:31 -0400] "GET /galleries/masonry/data1/images/masonry1.jpg HTTP/1.1" 200 31823 "http://www.islandgreenery.net/galleries/masonry/index.html" "Mozilla/5.0 (Windows NT 6.1; WOW64) AppleWebKit/537.36 (KHTML, like Gecko) Chrome/28.0.1500.95 Safari/537.36"
12.111.223.151 - - [13/Aug/2013:16:40:50 -0400] "GET /Images/Home/propane.jpg HTTP/1.1" 200 29411 "http://www.islandgreenery.net/?adid-2E343B92-B097-442c-BFA5-BE371E0325A2=1628869&kw-2E343B92-B097-442c-BFA5-BE371E0325A2=interlocking+pavers" "Mozilla/5.0 (compatible; MSIE 10.0; Windows NT 6.1; WOW64; Trident/6.0; MDDCJS)"
12.111.223.151 - - [13/Aug/2013:11:37:51 -0400] "GET /galleries/landscape/data1/images/landscape1.jpg HTTP/1.1" 206 61 "http://www.islandgreenery.net/galleries/landscape/index.html" "Mozilla/5.0 (compatible; MSIE 9.0; AOL 9.7; AOLBuild 4343.19; Windows NT 6.1; WOW64; Trident/6.0)"
12.111.223.151 - - [13/Aug/2013:11:59:46 -0400] "GET /Images/lineThick.png HTTP/1.1" 200 12232 "http://www.islandgreenery.net/?adid-2E343B92-B097-442c-BFA5-BE371E0325A2=1607045&kw-2E343B92-B097-442c-BFA5-BE371E0325A2=flowering+trees" "Mozilla/5.0 (compatible; MSIE 9.0; Windows NT 6.1; WOW64; Trident/5.0)"
12.111.223.151 - - [13/Aug/2013:15:08:02 -0400] "GET /Images/Home/propane.jpg HTTP/1.1" 200 29411 "http://www.islandgreenery.net/?adid-2E343B92-B097-442c-BFA5-BE371E0325A2=1607089&kw-2E343B92-B097-442c-BFA5-BE371E0325A2=garden+wall" "Mozilla/5.0 (iPad; CPU OS 6_1_3 like Mac OS X) AppleWebKit/536.26 (KHTML, like Gecko) Version/6.0 Mobile/10B329 Safari/8536.25"
157.56.92.144 - - [13/Aug/2013:15:56:14 -0400] "GET /complete_nursery.html HTTP/1.1" 404 575 "-" "Mozilla/5.0 (compatible; bingbot/2.0; +http://www.bing.com/bingbot.htm)"
12.111.223.151 - - [13/Aug/2013:16:17:29 -0400] "GET / HTTP/1.1" 200 4420 "http://www.google.com/url?sa=t&rct=j&q=clicktracking.yellowbook.com%2Btracking&source=web&cd=1&ved=0CEMQFjAB&url=http%3A%2F%2Fclicktracking.yellowbook.com%2Ftrackingenginewebapp%2Ftracking.html%3FMB_ID%3D58694%26SE_ID%3D2%26AG_ID%3D635007%26AD_ID%3D1607045%26kw%3Dlandscape%2520design%26kw_type%3D%26C_ID%3D148747%26SE_AD_ID%3D29030452447&ei=KZQKUqOiIbuhnwXgLQ&usg=AFQjCNEhK-ZQkiwKZhx9EC3z8YKiTuOodg" "IE 7 - Mozilla/4.0 (compatible; MSIE 7.0; Windows NT 5.1; .NET CLR 1.1.4322; .NET CLR 2.0.50727; .NET CLR 3.0.04506.30)"
12.111.223.151 - - [13/Aug/2013:16:34:23 -0400] "GET / HTTP/1.1" 200 4420 "-" "Mozilla/4.0 (compatible; MSIE 7.0; Windows NT 5.1; .NET CLR 1.1.4322; .NET CLR 2.0.50727)"
8.11.166.2 - - [13/Aug/2013:07:11:44 -0400] "GET /IslandGreeneryPropaneCoupon.jpg HTTP/1.1" 200 94661 "http://www.islandgreenery.net/propane.html" "Mozilla/5.0 (compatible; MSIE 10.0; Windows NT 6.1; WOW64; Trident/6.0)"
12.111.223.151 - - [13/Aug/2013:08:49:33 -0400] "GET /Images/Navigation/greenwide.jpg HTTP/1.1" 200 15999 "http://www.islandgreenery.net/CSS/main.css" "Mozilla/5.0 (Windows NT 6.2; WOW64; rv:23.0) Gecko/20100101 Firefox/23.0"
46.242.25.172 - - [13/Aug/2013:00:08:51 -0400] "HEAD / HTTP/1.0" 200 - "-" "Mozilla/4.73 [en] (X11; U; Linux 2.2.15 i686)"
12.111.223.151 - - [13/Aug/2013:01:02:03 -0400] "GET /galleries/landscape/data1/images/landscape4.jpg HTTP/1.1" 200 53003 "http://www.islandgreenery.net/galleries/landscape/index.html" "Mozilla/5.0 (compatible; MSIE 10.0; Windows NT 6.1; WOW64; Trident/6.0)"
12.111.223.151 - - [13/Aug/2013:01:04:14 -0400] "GET /Images/islandGreeneryLogo.png HTTP/1.1" 200 52254 "http://www.islandgreenery.net/masonry.html" "Mozilla/5.0 (compatible; MSIE 10.0; Windows NT 6.1; WOW64; Trident/6.0)"
12.111.223.151 - - [13/Aug/2013:01:04:15 -0400] "GET /galleries/masonry/data1/images/masonry5.jpg HTTP/1.1" 200 36284 "http://www.islandgreenery.net/galleries/masonry/index.html" "Mozilla/5.0 (compatible; MSIE 10.0; Windows NT 6.1; WOW64; Trident/6.0)"
12.111.223.151 - - [13/Aug/2013:01:05:07 -0400] "GET /Images/islandGreeneryLogo.png HTTP/1.1" 200 52254 "http://www.islandgreenery.net/landscape.html" "Mozilla/5.0 (compatible; MSIE 10.0; Windows NT 6.1; WOW64; Trident/6.0)"
12.111.223.151 - - [13/Aug/2013:01:05:07 -0400] "GET /galleries/landscape/data1/images/landscape2.jpg HTTP/1.1" 200 55028 "http://www.islandgreenery.net/galleries/landscape/index.html" "Mozilla/5.0 (compatible; MSIE 10.0; Windows NT 6.1; WOW64; Trident/6.0)"
12.111.223.151 - - [13/Aug/2013:14:37:08 -0400] "GET /Images/Home/centerImages.png HTTP/1.1" 200 133174 "http://www.islandgreenery.net/?adid-2E343B92-B097-442c-BFA5-BE371E0325A2=1607045&kw-2E343B92-B097-442c-BFA5-BE371E0325A2=topsoil" "Mozilla/5.0 (Windows NT 6.1; WOW64) AppleWebKit/537.36 (KHTML, like Gecko) Chrome/28.0.1500.95 Safari/537.36"
12.111.223.151 - - [13/Aug/2013:01:01:08 -0400] "GET / HTTP/1.1" 200 4420 "-" "Mozilla/4.0 (compatible; MSIE 7.0; Windows NT 5.1; .NET CLR 1.1.4322; .NET CLR 2.0.50727)"
12.111.223.151 - - [13/Aug/2013:01:01:10 -0400] "GET /Images/lineThick.png HTTP/1.1" 200 12232 "http://www.islandgreenery.net/?adid-2E343B92-B097-442c-BFA5-BE371E0325A2=1607045&kw-2E343B92-B097-442c-BFA5-BE371E0325A2=landscape+design" "Mozilla/5.0 (compatible; MSIE 10.0; Windows NT 6.1; WOW64; Trident/6.0)"
12.111.223.151 - - [13/Aug/2013:01:04:35 -0400] "GET /Images/lineThick.png HTTP/1.1" 200 12232 "http://www.islandgreenery.net/index.html" "Mozilla/5.0 (compatible; MSIE 10.0; Windows NT 6.1; WOW64; Trident/6.0)"
12.111.223.151 - - [13/Aug/2013:01:05:01 -0400] "GET /galleries/landscape/data1/images/landscape6.jpg HTTP/1.1" 200 65336 "http://www.islandgreenery.net/galleries/landscape/index.html" "Mozilla/5.0 (compatible; MSIE 10.0; Windows NT 6.1; WOW64; Trident/6.0)"
12.111.223.151 - - [13/Aug/2013:01:05:02 -0400] "GET /galleries/landscape/data1/images/landscape13.jpg HTTP/1.1" 200 65490 "http://www.islandgreenery.net/galleries/landscape/index.html" "Mozilla/5.0 (compatible; MSIE 10.0; Windows NT 6.1; WOW64; Trident/6.0)"
173.2.60.219 - - [13/Aug/2013:18:14:37 -0400] "GET /Images/Propane/propaneMain.jpg HTTP/1.1" 200 127651 "http://islandgreenery.net/propane.html" "Mozilla/5.0 (iPad; CPU OS 6_1_3 like Mac OS X) AppleWebKit/536.26 (KHTML, like Gecko) Version/6.0 Mobile/10B329 Safari/8536.25"
173.2.60.219 - - [13/Aug/2013:18:14:38 -0400] "GET /Images/Propane/couponHov.png HTTP/1.1" 200 43910 "http://islandgreenery.net/propane.html" "Mozilla/5.0 (iPad; CPU OS 6_1_3 like Mac OS X) AppleWebKit/536.26 (KHTML, like Gecko) Version/6.0 Mobile/10B329 Safari/8536.25"
173.52.103.136 - - [13/Aug/2013:18:17:09 -0400] "GET /Images/Home/propane.jpg HTTP/1.1" 200 29411 "http://www.islandgreenery.net/" "Mozilla/5.0 (Linux; U; Android 4.2.2; en-us; HTC_One Build/JDQ39) AppleWebKit/534.30 (KHTML, like Gecko) Version/4.0 Mobile Safari/534.30"
12.111.223.151 - - [13/Aug/2013:19:08:10 -0400] "GET /Images/Home/mainPic.jpg HTTP/1.1" 200 209933 "http://www.islandgreenery.net/?adid-2E343B92-B097-442c-BFA5-BE371E0325A2=1607045&kw-2E343B92-B097-442c-BFA5-BE371E0325A2=arborvitae" "Mozilla/5.0 (Macintosh; Intel Mac OS X 10_6_8) AppleWebKit/534.59.8 (KHTML, like Gecko) Version/5.1.9 Safari/534.59.8"
12.111.223.151 - - [13/Aug/2013:07:33:52 -0400] "GET /Images/Navigation/bluewide.jpg HTTP/1.1" 200 16322 "http://www.islandgreenery.net/?adid-2E343B92-B097-442c-BFA5-BE371E0325A2=1607045&kw-2E343B92-B097-442c-BFA5-BE371E0325A2=perennials" "Mozilla/5.0 (compatible; MSIE 10.0; AOL 9.7; AOLBuild 4343.1028; Windows NT 6.1; Trident/6.0)"
12.111.223.151 - - [13/Aug/2013:07:53:46 -0400] "GET /Images/Navigation/greenwide.jpg HTTP/1.1" 200 15999 "http://www.islandgreenery.net/?adid-2E343B92-B097-442c-BFA5-BE371E0325A2=1607093&kw-2E343B92-B097-442c-BFA5-BE371E0325A2=buy+trees" "Mozilla/5.0 (compatible; MSIE 10.0; Windows NT 6.1; WOW64; Trident/6.0; BOIE9;ENUS)"
12.111.223.151 - - [13/Aug/2013:07:53:47 -0400] "GET /Images/Garden/rightPic.jpg HTTP/1.1" 200 79075 "http://www.islandgreenery.net/garden.html" "Mozilla/5.0 (compatible; MSIE 10.0; Windows NT 6.1; WOW64; Trident/6.0; BOIE9;ENUS)"
47.16.98.139 - - [13/Aug/2013:10:01:15 -0400] "GET /Images/Propane/propaneMain.jpg HTTP/1.1" 200 127651 "http://www.islandgreenery.net/propane.html" "Mozilla/5.0 (Windows NT 6.0; rv:22.0) Gecko/20100101 Firefox/22.0"
12.111.223.151 - - [13/Aug/2013:11:59:48 -0400] "GET /Images/Navigation/greenwide.jpg HTTP/1.1" 200 15999 "http://www.islandgreenery.net/?adid-2E343B92-B097-442c-BFA5-BE371E0325A2=1607045&kw-2E343B92-B097-442c-BFA5-BE371E0325A2=flowering+trees" "Mozilla/5.0 (compatible; MSIE 9.0; Windows NT 6.1; WOW64; Trident/5.0)"
12.111.223.151 - - [13/Aug/2013:22:55:33 -0400] "GET /galleries/landscape/data1/images/landscape9.jpg HTTP/1.1" 200 63212 "http://www.islandgreenery.net/galleries/landscape/index.html" "Mozilla/5.0 (Macintosh; Intel Mac OS X 10_8_4) AppleWebKit/536.30.1 (KHTML, like Gecko) Version/6.0.5 Safari/536.30.1"
12.111.223.151 - - [13/Aug/2013:14:42:22 -0400] "GET / HTTP/1.1" 200 4420 "http://www.search.ask.com/web?q=hicks+landscaping+westbury&o=100000031cr&l=dis&tpr=2&gct=kwd" "Mozilla/5.0 (Windows NT 6.1; WOW64) AppleWebKit/537.36 (KHTML, like Gecko) Chrome/28.0.1500.95 Safari/537.36"
12.111.223.151 - - [13/Aug/2013:14:42:31 -0400] "GET /galleries/masonry/data1/images/masonry5.jpg HTTP/1.1" 200 36284 "http://www.islandgreenery.net/galleries/masonry/index.html" "Mozilla/5.0 (Windows NT 6.1; WOW64) AppleWebKit/537.36 (KHTML, like Gecko) Chrome/28.0.1500.95 Safari/537.36"
12.111.223.151 - - [13/Aug/2013:17:16:56 -0400] "GET / HTTP/1.1" 200 4420 "http://www.ask.com/web?qsrc=1&o=3496&l=dir&q=exterior+handrails+for+steps" "Mozilla/5.0 (Windows; U; Windows NT 6.1; en-US) AppleWebKit/533.17.8 (KHTML, like Gecko) Version/5.0.1 Safari/533.17.8"
92.85.34.31 - - [13/Aug/2013:17:51:26 -0400] "GET /galleries/masonry/engine1/]};P.optgroup=P.option;P.tbody=P.tfoot=P.colgroup=P.caption=P.thead;P.th=P.td;if(!c.support.htmlSerialize)P._default=[1, HTTP/1.1" 404 575 "-" "Java/1.6.0_22"
12.111.223.151 - - [13/Aug/2013:22:55:10 -0400] "GET / HTTP/1.1" 200 4420 "http://www.google.com/aclk?sa=L&ai=CIFLANfEKUoCEIO6H6AHInIHYDvexk64D99qHuGyUmaIgEAUguVQoBVDozaMyYMm2t4vApNgPkAEFyAEBqgQkT9CkJRoPQnzlAJlitY3t-HACYpDqwIfMvmcycBnVZqrGAB0ogAWQToAH56eMKg&num=8&sig=AOD64_0klRo3V6W6hwbFJGSPYZLNzHdYyA&rct=j&q=wall+water+fall+with+out++pond&ved=0CMEBENEMOCg&adurl=http://clicktracking.yellowbook.com/trackingenginewebapp/tracking.html%3FMB_ID%3D58694%26SE_ID%3D2%26AG_ID%3D635008%26AD_ID%3D1607088%26kw%3Dgarden%2520wall%26kw_type%3Db%26C_ID%3D148747%26SE_AD_ID%3D29030452687" "Mozilla/5.0 (Macintosh; Intel Mac OS X 10_8_4) AppleWebKit/536.30.1 (KHTML, like Gecko) Version/6.0.5 Safari/536.30.1"
12.111.223.151 - - [13/Aug/2013:22:55:12 -0400] "GET /Images/Navigation/greenwide.jpg HTTP/1.1" 200 15999 "http://www.islandgreenery.net/?adid-2E343B92-B097-442c-BFA5-BE371E0325A2=1607088&kw-2E343B92-B097-442c-BFA5-BE371E0325A2=garden+wall" "Mozilla/5.0 (Macintosh; Intel Mac OS X 10_8_4) AppleWebKit/536.30.1 (KHTML, like Gecko) Version/6.0.5 Safari/536.30.1"
12.111.223.151 - - [13/Aug/2013:07:34:08 -0400] "GET /garden.html HTTP/1.1" 200 4730 "http://www.islandgreenery.net/?adid-2E343B92-B097-442c-BFA5-BE371E0325A2=1607045&kw-2E343B92-B097-442c-BFA5-BE371E0325A2=perennials" "Mozilla/5.0 (compatible; MSIE 10.0; AOL 9.7; AOLBuild 4343.1028; Windows NT 6.1; Trident/6.0)"
12.111.223.151 - - [13/Aug/2013:07:53:18 -0400] "GET / HTTP/1.1" 200 4420 "-" "Mozilla/4.0 (compatible; MSIE 7.0; Windows NT 5.1; .NET CLR 1.1.4322; .NET CLR 2.0.50727)"
12.111.223.151 - - [13/Aug/2013:08:49:31 -0400] "GET /Images/lineThick.png HTTP/1.1" 200 12232 "http://www.islandgreenery.net/CSS/main.css" "Mozilla/5.0 (Windows NT 6.2; WOW64; rv:23.0) Gecko/20100101 Firefox/23.0"
47.16.98.139 - - [13/Aug/2013:08:54:25 -0400] "GET /propane.html HTTP/1.1" 200 5763 "http://www.google.com/url?sa=t&rct=j&q=island%20greenery&source=web&cd=4&ved=0CDoQjBAwAw&url=http%3A%2F%2Fwww.islandgreenery.net%2Fpropane.html&ei=diwKUrjoC6SGyQHoloCgDg&usg=AFQjCNHPKIdTMN0TDts9-CrCT4sCVLUjlg&bvm=bv.50500085,d.aWc" "Mozilla/5.0 (iPad; U; CPU OS 4_3_3 like Mac OS X; en-us) AppleWebKit/533.17.9 (KHTML, like Gecko) Version/5.0.2 Mobile/8J2 Safari/6533.18.5"
47.16.98.139 - - [13/Aug/2013:08:54:25 -0400] "GET /CSS/main.css HTTP/1.1" 200 7040 "http://www.islandgreenery.net/propane.html" "Mozilla/5.0 (iPad; U; CPU OS 4_3_3 like Mac OS X; en-us) AppleWebKit/533.17.9 (KHTML, like Gecko) Version/5.0.2 Mobile/8J2 Safari/6533.18.5"
47.16.98.139 - - [13/Aug/2013:08:54:26 -0400] "GET /Images/islandGreeneryLogo.png HTTP/1.1" 200 52254 "http://www.islandgreenery.net/propane.html" "Mozilla/5.0 (iPad; U; CPU OS 4_3_3 like Mac OS X; en-us) AppleWebKit/533.17.9 (KHTML, like Gecko) Version/5.0.2 Mobile/8J2 Safari/6533.18.5"
47.16.98.139 - - [13/Aug/2013:08:54:26 -0400] "GET /Images/lineThin.png HTTP/1.1" 200 2938 "http://www.islandgreenery.net/propane.html" "Mozilla/5.0 (iPad; U; CPU OS 4_3_3 like Mac OS X; en-us) AppleWebKit/533.17.9 (KHTML, like Gecko) Version/5.0.2 Mobile/8J2 Safari/6533.18.5"
47.16.98.139 - - [13/Aug/2013:08:54:26 -0400] "GET /Images/Propane/paracoHov.png HTTP/1.1" 200 43109 "http://www.islandgreenery.net/propane.html" "Mozilla/5.0 (iPad; U; CPU OS 4_3_3 like Mac OS X; en-us) AppleWebKit/533.17.9 (KHTML, like Gecko) Version/5.0.2 Mobile/8J2 Safari/6533.18.5"
12.111.223.151 - - [13/Aug/2013:01:02:03 -0400] "GET /Images/islandGreeneryLogo.png HTTP/1.1" 200 52254 "http://www.islandgreenery.net/landscape.html" "Mozilla/5.0 (compatible; MSIE 10.0; Windows NT 6.1; WOW64; Trident/6.0)"
12.111.223.151 - - [13/Aug/2013:01:02:04 -0400] "GET /galleries/landscape/data1/images/landscape10.jpg HTTP/1.1" 200 63938 "http://www.islandgreenery.net/galleries/landscape/index.html" "Mozilla/5.0 (compatible; MSIE 10.0; Windows NT 6.1; WOW64; Trident/6.0)"
12.111.223.151 - - [13/Aug/2013:01:05:02 -0400] "GET /galleries/landscape/data1/images/landscape10.jpg HTTP/1.1" 200 63938 "http://www.islandgreenery.net/galleries/landscape/index.html" "Mozilla/5.0 (compatible; MSIE 10.0; Windows NT 6.1; WOW64; Trident/6.0)"
12.111.223.151 - - [13/Aug/2013:01:05:05 -0400] "GET /Images/lineThick.png HTTP/1.1" 200 12232 "http://www.islandgreenery.net/garden.html" "Mozilla/5.0 (compatible; MSIE 10.0; Windows NT 6.1; WOW64; Trident/6.0)"
12.111.223.151 - - [13/Aug/2013:01:05:05 -0400] "GET /Images/Garden/mainCenter.jpg HTTP/1.1" 200 207926 "http://www.islandgreenery.net/garden.html" "Mozilla/5.0 (compatible; MSIE 10.0; Windows NT 6.1; WOW64; Trident/6.0)"
173.52.103.136 - - [13/Aug/2013:18:31:46 -0400] "GET /Images/Navigation/bluewide.jpg HTTP/1.1" 200 16322 "http://www.islandgreenery.net/CSS/main.css" "Mozilla/5.0 (Windows NT 6.1; WOW64; rv:22.0) Gecko/20100101 Firefox/22.0"
173.52.103.136 - - [13/Aug/2013:18:31:49 -0400] "GET /Images/Propane/propaneMain.jpg HTTP/1.1" 200 127651 "http://www.islandgreenery.net/propane.html" "Mozilla/5.0 (Windows NT 6.1; WOW64; rv:22.0) Gecko/20100101 Firefox/22.0"
173.52.103.136 - - [13/Aug/2013:18:31:50 -0400] "GET /IslandGreeneryPropaneCoupon.jpg HTTP/1.1" 200 94661 "http://www.islandgreenery.net/propane.html" "Mozilla/5.0 (Windows NT 6.1; WOW64; rv:22.0) Gecko/20100101 Firefox/22.0"
12.111.223.151 - - [13/Aug/2013:19:08:10 -0400] "GET /Images/Home/propane.jpg HTTP/1.1" 200 29411 "http://www.islandgreenery.net/?adid-2E343B92-B097-442c-BFA5-BE371E0325A2=1607045&kw-2E343B92-B097-442c-BFA5-BE371E0325A2=arborvitae" "Mozilla/5.0 (Macintosh; Intel Mac OS X 10_6_8) AppleWebKit/534.59.8 (KHTML, like Gecko) Version/5.1.9 Safari/534.59.8"
12.111.223.151 - - [13/Aug/2013:11:36:19 -0400] "GET /Images/Home/mainPic.jpg HTTP/1.1" 200 209933 "http://www.islandgreenery.net/?adid-2E343B92-B097-442c-BFA5-BE371E0325A2=1607045&kw-2E343B92-B097-442c-BFA5-BE371E0325A2=fertilizer" "Mozilla/5.0 (compatible; MSIE 9.0; AOL 9.7; AOLBuild 4343.19; Windows NT 6.1; WOW64; Trident/6.0)"
12.111.223.151 - - [13/Aug/2013:11:36:24 -0400] "GET /galleries/landscape/data1/images/landscape3.jpg HTTP/1.1" 200 59208 "http://www.islandgreenery.net/galleries/landscape/index.html" "Mozilla/5.0 (compatible; MSIE 9.0; AOL 9.7; AOLBuild 4343.19; Windows NT 6.1; WOW64; Trident/6.0)"
12.111.223.151 - - [13/Aug/2013:11:46:28 -0400] "GET /Images/Navigation/greenwide.jpg HTTP/1.1" 200 15999 "http://www.islandgreenery.net/?adid-2E343B92-B097-442c-BFA5-BE371E0325A2=1607093&kw-2E343B92-B097-442c-BFA5-BE371E0325A2=bulk+topsoil" "Mozilla/4.0 (compatible; MSIE 8.0; Windows NT 5.1; Trident/4.0; GTB7.5; .NET CLR 1.1.4322; .NET CLR 2.0.50727; .NET CLR 3.0.4506.2152; .NET CLR 3.5.30729; InfoPath.2)"
12.111.223.151 - - [13/Aug/2013:11:48:00 -0400] "GET /Images/Navigation/greenwide.jpg HTTP/1.1" 200 15999 "http://www.islandgreenery.net/garden.html" "Mozilla/4.0 (compatible; MSIE 8.0; Windows NT 5.1; Trident/4.0; GTB7.5; .NET CLR 1.1.4322; .NET CLR 2.0.50727; .NET CLR 3.0.4506.2152; .NET CLR 3.5.30729; InfoPath.2)"
12.111.223.151 - - [13/Aug/2013:14:42:31 -0400] "GET /galleries/masonry/engine1/jquery.js HTTP/1.1" 200 78663 "http://www.islandgreenery.net/galleries/masonry/index.html" "Mozilla/5.0 (Windows NT 6.1; WOW64) AppleWebKit/537.36 (KHTML, like Gecko) Chrome/28.0.1500.95 Safari/537.36"
12.111.223.151 - - [13/Aug/2013:15:08:02 -0400] "GET /CSS/main.css HTTP/1.1" 200 7040 "http://www.islandgreenery.net/?adid-2E343B92-B097-442c-BFA5-BE371E0325A2=1607089&kw-2E343B92-B097-442c-BFA5-BE371E0325A2=garden+wall" "Mozilla/5.0 (iPad; CPU OS 6_1_3 like Mac OS X) AppleWebKit/536.26 (KHTML, like Gecko) Version/6.0 Mobile/10B329 Safari/8536.25"
12.111.223.151 - - [13/Aug/2013:17:17:02 -0400] "GET /favicon.ico HTTP/1.1" 404 575 "http://www.islandgreenery.net/?adid-2E343B92-B097-442c-BFA5-BE371E0325A2=1607088&kw-2E343B92-B097-442c-BFA5-BE371E0325A2=outdoor+steps" "Mozilla/5.0 (Windows; U; Windows NT 6.1; en-US) AppleWebKit/533.17.8 (KHTML, like Gecko) Version/5.0.1 Safari/533.17.8"
92.85.34.31 - - [13/Aug/2013:17:51:19 -0400] "GET /0; URL=http://www.islandgreenery.net/thanks.php HTTP/1.1" 404 575 "-" "Java/1.6.0_22"
12.111.223.151 - - [13/Aug/2013:01:04:35 -0400] "GET /Images/islandGreeneryLogo.png HTTP/1.1" 200 52254 "http://www.islandgreenery.net/index.html" "Mozilla/5.0 (compatible; MSIE 10.0; Windows NT 6.1; WOW64; Trident/6.0)"
12.111.223.151 - - [13/Aug/2013:01:04:35 -0400] "GET /Images/Home/mainPic.jpg HTTP/1.1" 206 160781 "http://www.islandgreenery.net/index.html" "Mozilla/5.0 (compatible; MSIE 10.0; Windows NT 6.1; WOW64; Trident/6.0)"
173.2.60.219 - - [13/Aug/2013:18:14:33 -0400] "GET /CSS/main.css HTTP/1.1" 200 7040 "http://islandgreenery.net/" "Mozilla/5.0 (iPad; CPU OS 6_1_3 like Mac OS X) AppleWebKit/536.26 (KHTML, like Gecko) Version/6.0 Mobile/10B329 Safari/8536.25"
173.2.60.219 - - [13/Aug/2013:18:14:33 -0400] "GET /Images/Navigation/ThinBlue.png HTTP/1.1" 200 7349 "http://islandgreenery.net/" "Mozilla/5.0 (iPad; CPU OS 6_1_3 like Mac OS X) AppleWebKit/536.26 (KHTML, like Gecko) Version/6.0 Mobile/10B329 Safari/8536.25"
173.2.60.219 - - [13/Aug/2013:18:14:33 -0400] "GET /Images/Home/seasonSpecials.png HTTP/1.1" 200 35145 "http://islandgreenery.net/" "Mozilla/5.0 (iPad; CPU OS 6_1_3 like Mac OS X) AppleWebKit/536.26 (KHTML, like Gecko) Version/6.0 Mobile/10B329 Safari/8536.25"
12.111.223.151 - - [13/Aug/2013:19:08:19 -0400] "GET /Images/Navigation/ThinGreen.png HTTP/1.1" 200 7642 "http://www.islandgreenery.net/?adid-2E343B92-B097-442c-BFA5-BE371E0325A2=1607045&kw-2E343B92-B097-442c-BFA5-BE371E0325A2=arborvitae" "Mozilla/5.0 (Macintosh; Intel Mac OS X 10_6_8) AppleWebKit/534.59.8 (KHTML, like Gecko) Version/5.1.9 Safari/534.59.8"
69.116.77.59 - - [13/Aug/2013:19:21:36 -0400] "GET /CSS/main.css HTTP/1.1" 200 7040 "http://www.islandgreenery.net/propane.html" "Mozilla/5.0 (compatible; MSIE 10.0; Windows NT 6.1; WOW64; Trident/6.0)"
69.116.77.59 - - [13/Aug/2013:19:21:36 -0400] "GET /CSS/text.css HTTP/1.1" 200 731 "http://www.islandgreenery.net/propane.html" "Mozilla/5.0 (compatible; MSIE 10.0; Windows NT 6.1; WOW64; Trident/6.0)"
69.116.77.59 - - [13/Aug/2013:19:21:36 -0400] "GET /Images/lineThin.png HTTP/1.1" 200 2938 "http://www.islandgreenery.net/propane.html" "Mozilla/5.0 (compatible; MSIE 10.0; Windows NT 6.1; WOW64; Trident/6.0)"
69.116.77.59 - - [13/Aug/2013:19:21:36 -0400] "GET /Images/islandGreeneryLogo.png HTTP/1.1" 200 52254 "http://www.islandgreenery.net/propane.html" "Mozilla/5.0 (compatible; MSIE 10.0; Windows NT 6.1; WOW64; Trident/6.0)"
69.116.77.59 - - [13/Aug/2013:19:21:36 -0400] "GET /Images/Navigation/bluewide.jpg HTTP/1.1" 200 16322 "http://www.islandgreenery.net/propane.html" "Mozilla/5.0 (compatible; MSIE 10.0; Windows NT 6.1; WOW64; Trident/6.0)"
69.116.77.59 - - [13/Aug/2013:19:21:55 -0400] "GET /Images/Navigation/ThinGreen.png HTTP/1.1" 200 7642 "http://www.islandgreenery.net/propane.html" "Mozilla/5.0 (compatible; MSIE 10.0; Windows NT 6.1; WOW64; Trident/6.0)"
8.11.166.2 - - [13/Aug/2013:06:56:10 -0400] "GET /Images/Propane/propaneMain.jpg HTTP/1.1" 200 127651 "http://www.islandgreenery.net/propane.html" "Mozilla/5.0 (compatible; MSIE 10.0; Windows NT 6.1; WOW64; Trident/6.0)"
8.11.166.2 - - [13/Aug/2013:06:56:10 -0400] "GET /favicon.ico HTTP/1.1" 404 575 "-" "Mozilla/5.0 (compatible; MSIE 10.0; Windows NT 6.1; WOW64; Trident/6.0)"
12.111.223.151 - - [13/Aug/2013:07:53:17 -0400] "GET /Images/Home/seasonSpecials.png HTTP/1.1" 200 35145 "http://www.islandgreenery.net/?adid-2E343B92-B097-442c-BFA5-BE371E0325A2=1607093&kw-2E343B92-B097-442c-BFA5-BE371E0325A2=buy+trees" "Mozilla/5.0 (compatible; MSIE 10.0; Windows NT 6.1; WOW64; Trident/6.0; BOIE9;ENUS)"
12.111.223.151 - - [13/Aug/2013:11:46:23 -0400] "GET /Images/Home/mainPic.jpg HTTP/1.1" 200 209933 "http://www.islandgreenery.net/?adid-2E343B92-B097-442c-BFA5-BE371E0325A2=1607093&kw-2E343B92-B097-442c-BFA5-BE371E0325A2=bulk+topsoil" "Mozilla/4.0 (compatible; MSIE 8.0; Windows NT 5.1; Trident/4.0; GTB7.5; .NET CLR 1.1.4322; .NET CLR 2.0.50727; .NET CLR 3.0.4506.2152; .NET CLR 3.5.30729; InfoPath.2)"
115.236.96.42 - - [13/Aug/2013:11:46:40 -0400] "GET /robots.txt HTTP/1.1" 404 575 "http://www.islandgreenery.net/" "Mozilla/5.0 (compatible; MSIE 8.0; Windows NT 6.1)"
12.111.223.151 - - [13/Aug/2013:15:08:02 -0400] "GET /Images/Navigation/ThinBlue.png HTTP/1.1" 200 7349 "http://www.islandgreenery.net/?adid-2E343B92-B097-442c-BFA5-BE371E0325A2=1607089&kw-2E343B92-B097-442c-BFA5-BE371E0325A2=garden+wall" "Mozilla/5.0 (iPad; CPU OS 6_1_3 like Mac OS X) AppleWebKit/536.26 (KHTML, like Gecko) Version/6.0 Mobile/10B329 Safari/8536.25"
12.111.223.151 - - [13/Aug/2013:16:17:36 -0400] "GET /Images/Home/propane.jpg HTTP/1.1" 200 29411 "http://www.islandgreenery.net/?adid-2E343B92-B097-442c-BFA5-BE371E0325A2=1607045&kw-2E343B92-B097-442c-BFA5-BE371E0325A2=landscape+design" "IE 7 - Mozilla/4.0 (compatible; MSIE 7.0; Windows NT 5.1; .NET CLR 1.1.4322; .NET CLR 2.0.50727; .NET CLR 3.0.04506.30)"
12.111.223.151 - - [13/Aug/2013:16:40:59 -0400] "GET /galleries/masonry/data1/images/masonry6.jpg HTTP/1.1" 200 40027 "http://www.islandgreenery.net/galleries/masonry/index.html" "Mozilla/5.0 (compatible; MSIE 10.0; Windows NT 6.1; WOW64; Trident/6.0; MDDCJS)"
12.111.223.151 - - [13/Aug/2013:16:40:59 -0400] "GET /galleries/masonry/data1/images/masonry9.jpg HTTP/1.1" 200 42619 "http://www.islandgreenery.net/galleries/masonry/index.html" "Mozilla/5.0 (compatible; MSIE 10.0; Windows NT 6.1; WOW64; Trident/6.0; MDDCJS)"
12.111.223.151 - - [13/Aug/2013:16:41:10 -0400] "GET /Images/Home/centerImages.png HTTP/1.1" 200 133174 "http://www.islandgreenery.net/?adid-2E343B92-B097-442c-BFA5-BE371E0325A2=1628869&kw-2E343B92-B097-442c-BFA5-BE371E0325A2=interlocking+pavers" "Mozilla/5.0 (compatible; MSIE 10.0; Windows NT 6.1; WOW64; Trident/6.0; MDDCJS)"
92.85.34.31 - - [13/Aug/2013:17:51:24 -0400] "GET /galleries/masonry/engine1/)h.html(f?c( HTTP/1.1" 404 575 "-" "Java/1.6.0_22"