69.120.139.95 - - [19/Aug/2013:18:15:45 -0400] "GET /Images/lineThin.png HTTP/1.1" 200 2938 "http://www.islandgreenery.net/" "Mozilla/5.0 (Macintosh; Intel Mac OS X 10_7_5) AppleWebKit/536.30.1 (KHTML, like Gecko) Version/6.0.5 Safari/536.30.1"
69.120.139.95 - - [19/Aug/2013:18:15:45 -0400] "GET /Images/Home/centerImages.png HTTP/1.1" 200 133174 "http://www.islandgreenery.net/" "Mozilla/5.0 (Macintosh; Intel Mac OS X 10_7_5) AppleWebKit/536.30.1 (KHTML, like Gecko) Version/6.0.5 Safari/536.30.1"
12.111.223.151 - - [19/Aug/2013:18:43:21 -0400] "GET / HTTP/1.1" 200 4420 "http://www.bing.com/search?q=garden+ornaments&qs=n&form=QBRE&pq=garden+ornaments&sc=8-16&sp=-1&sk=&cvid=763d448b238842098090fd0badc6154c" "Mozilla/4.0 (compatible; MSIE 7.0; Windows NT 6.2; WOW64; Trident/6.0; .NET4.0E; .NET4.0C; .NET CLR 3.5.30729; .NET CLR 2.0.50727; .NET CLR 3.0.30729; HPNTDFJS; McAfee)"
92.249.127.111 - - [19/Aug/2013:03:26:03 -0400] "GET / HTTP/1.1" 200 4420 "http://www.bravica.pro/ru/" "Mozilla/5.0 (compatible; news bot /2.1)"
12.111.223.151 - - [19/Aug/2013:10:55:56 -0400] "GET /Images/islandGreeneryLogo.png HTTP/1.1" 200 52254 "http://www.islandgreenery.net/?adid-2E343B92-B097-442c-BFA5-BE371E0325A2=1628871&kw-2E343B92-B097-442c-BFA5-BE371E0325A2=bulk+mulch" "Mozilla/5.0 (Windows NT 6.1; WOW64) AppleWebKit/534+ (KHTML, like Gecko) BingPreview/1.0b"
46.165.197.151 - - [19/Aug/2013:06:06:38 -0400] "GET /company.html HTTP/1.0" 200 6372 "-" "Mozilla/5.0 (compatible; MJ12bot/v1.4.3; http://www.majestic12.co.uk/bot.php?+)"
68.164.206.192 - - [19/Aug/2013:12:33:38 -0400] "GET /Images/Propane/coupon.png HTTP/1.1" 200 43927 "http://www.islandgreenery.net/propane.html" "Mozilla/5.0 (Windows NT 6.1; WOW64) AppleWebKit/537.36 (KHTML, like Gecko) Chrome/28.0.1500.95 Safari/537.36"
12.111.223.151 - - [19/Aug/2013:09:03:28 -0400] "GET / HTTP/1.1" 200 4420 "-" "Mozilla/4.0 (compatible; MSIE 7.0; Windows NT 5.1; .NET CLR 1.1.4322; .NET CLR 2.0.50727)"
12.111.223.151 - - [19/Aug/2013:12:37:04 -0400] "GET / HTTP/1.1" 200 4420 "-" "AdsBot-Google (+http://www.google.com/adsbot.html)"
74.90.27.87 - - [19/Aug/2013:15:19:21 -0400] "GET /galleries/masonry/data1/images/masonry2.jpg HTTP/1.1" 200 52450 "http://www.islandgreenery.net/galleries/masonry/index.html" "Mozilla/5.0 (Windows NT 6.1; WOW64) AppleWebKit/537.36 (KHTML, like Gecko) Chrome/28.0.1500.95 Safari/537.36"
12.111.223.151 - - [19/Aug/2013:15:22:14 -0400] "GET / HTTP/1.1" 200 4420 "-" "Mozilla/4.0 (compatible; MSIE 7.0; Windows NT 5.1; .NET CLR 1.1.4322; .NET CLR 2.0.50727)"
12.111.223.151 - - [19/Aug/2013:17:04:02 -0400] "GET /garden.html HTTP/1.1" 200 4730 "http://www.islandgreenery.net/?adid-2E343B92-B097-442c-BFA5-BE371E0325A2=1607093&kw-2E343B92-B097-442c-BFA5-BE371E0325A2=buy+shrubs" "Mozilla/5.0 (Windows NT 5.1; rv:23.0) Gecko/20100101 Firefox/23.0"
170.74.56.78 - - [19/Aug/2013:17:14:13 -0400] "GET /galleries/landscape/engine1/bg.png HTTP/1.1" 200 1416 "http://www.islandgreenery.net/galleries/landscape/index.html" "Mozilla/5.0 (Windows NT 6.1; WOW64) AppleWebKit/537.36 (KHTML, like Gecko) Chrome/28.0.1500.71 Safari/537.36"
67.85.252.17 - - [19/Aug/2013:17:59:28 -0400] "GET / HTTP/1.1" 200 4420 "-" "Mozilla/5.0 (iPad; CPU OS 6_1_3 like Mac OS X) AppleWebKit/536.26 (KHTML, like Gecko) Version/6.0 Mobile/10B329 Safari/8536.25"
67.85.252.17 - - [19/Aug/2013:17:59:28 -0400] "GET /Images/islandGreeneryLogo.png HTTP/1.1" 200 52254 "http://www.islandgreenery.net/" "Mozilla/5.0 (iPad; CPU OS 6_1_3 like Mac OS X) AppleWebKit/536.26 (KHTML, like Gecko) Version/6.0 Mobile/10B329 Safari/8536.25"
67.85.252.17 - - [19/Aug/2013:17:59:29 -0400] "GET /Images/lineThick.png HTTP/1.1" 200 12232 "http://www.islandgreenery.net/" "Mozilla/5.0 (iPad; CPU OS 6_1_3 like Mac OS X) AppleWebKit/536.26 (KHTML, like Gecko) Version/6.0 Mobile/10B329 Safari/8536.25"
69.120.139.95 - - [19/Aug/2013:18:15:56 -0400] "GET /Images/Propane/propaneMain.jpg HTTP/1.1" 200 127651 "http://www.islandgreenery.net/propane.html" "Mozilla/5.0 (Macintosh; Intel Mac OS X 10_7_5) AppleWebKit/536.30.1 (KHTML, like Gecko) Version/6.0.5 Safari/536.30.1"
69.120.139.95 - - [19/Aug/2013:18:15:59 -0400] "GET /Images/Propane/couponHov.png HTTP/1.1" 200 43910 "http://www.islandgreenery.net/propane.html" "Mozilla/5.0 (Macintosh; Intel Mac OS X 10_7_5) AppleWebKit/536.30.1 (KHTML, like Gecko) Version/6.0.5 Safari/536.30.1"
12.111.223.151 - - [19/Aug/2013:18:24:38 -0400] "GET /Images/lineThick.png HTTP/1.1" 200 12232 "http://www.islandgreenery.net/?adid-2E343B92-B097-442c-BFA5-BE371E0325A2=1607045&kw-2E343B92-B097-442c-BFA5-BE371E0325A2=landscape+design" "Mozilla/5.0 (compatible; MSIE 10.0; Windows NT 6.1; WOW64; Trident/6.0)"
12.111.223.151 - - [19/Aug/2013:18:24:39 -0400] "GET /Images/Navigation/ThinBlue.png HTTP/1.1" 200 7349 "http://www.islandgreenery.net/?adid-2E343B92-B097-442c-BFA5-BE371E0325A2=1607045&kw-2E343B92-B097-442c-BFA5-BE371E0325A2=landscape+design" "Mozilla/5.0 (compatible; MSIE 10.0; Windows NT 6.1; WOW64; Trident/6.0)"
12.111.223.151 - - [19/Aug/2013:18:43:24 -0400] "GET /favicon.ico HTTP/1.1" 404 575 "-" "Mozilla/5.0 (compatible; MSIE 10.0; Windows NT 6.2; Win64; x64; Trident/6.0)"
66.249.75.130 - - [19/Aug/2013:18:54:43 -0400] "GET /robots.txt HTTP/1.1" 404 575 "-" "Mozilla/5.0 (compatible; Googlebot/2.1; +http://www.google.com/bot.html)"
12.111.223.151 - - [19/Aug/2013:22:02:32 -0400] "GET / HTTP/1.1" 200 4420 "-" "Mozilla/4.0 (compatible; MSIE 7.0; Windows NT 5.1; .NET CLR 1.1.4322; .NET CLR 2.0.50727)"
74.90.27.87 - - [19/Aug/2013:15:19:20 -0400] "GET /masonry.html HTTP/1.1" 200 3930 "http://www.islandgreenery.net/landscape.html" "Mozilla/5.0 (Windows NT 6.1; WOW64) AppleWebKit/537.36 (KHTML, like Gecko) Chrome/28.0.1500.95 Safari/537.36"
74.90.27.87 - - [19/Aug/2013:15:19:21 -0400] "GET /galleries/masonry/index.html HTTP/1.1" 200 2346 "http://www.islandgreenery.net/masonry.html" "Mozilla/5.0 (Windows NT 6.1; WOW64) AppleWebKit/537.36 (KHTML, like Gecko) Chrome/28.0.1500.95 Safari/537.36"
74.90.27.87 - - [19/Aug/2013:15:19:21 -0400] "GET /galleries/masonry/engine1/style.css HTTP/1.1" 200 4152 "http://www.islandgreenery.net/galleries/masonry/index.html" "Mozilla/5.0 (Windows NT 6.1; WOW64) AppleWebKit/537.36 (KHTML, like Gecko) Chrome/28.0.1500.95 Safari/537.36"
74.90.27.87 - - [19/Aug/2013:15:19:21 -0400] "GET /galleries/masonry/engine1/script.js HTTP/1.1" 200 1611 "http://www.islandgreenery.net/galleries/masonry/index.html" "Mozilla/5.0 (Windows NT 6.1; WOW64) AppleWebKit/537.36 (KHTML, like Gecko) Chrome/28.0.1500.95 Safari/537.36"
74.90.27.87 - - [19/Aug/2013:15:19:21 -0400] "GET /galleries/masonry/data1/images/masonry4.jpg HTTP/1.1" 200 42929 "http://www.islandgreenery.net/galleries/masonry/index.html" "Mozilla/5.0 (Windows NT 6.1; WOW64) AppleWebKit/537.36 (KHTML, like Gecko) Chrome/28.0.1500.95 Safari/537.36"
74.90.27.87 - - [19/Aug/2013:15:19:21 -0400] "GET /galleries/masonry/data1/images/masonry6.jpg HTTP/1.1" 200 40027 "http://www.islandgreenery.net/galleries/masonry/index.html" "Mozilla/5.0 (Windows NT 6.1; WOW64) AppleWebKit/537.36 (KHTML, like Gecko) Chrome/28.0.1500.95 Safari/537.36"
74.90.27.87 - - [19/Aug/2013:15:19:23 -0400] "GET /favicon.ico HTTP/1.1" 404 575 "-" "Mozilla/5.0 (Windows NT 6.1; WOW64) AppleWebKit/537.36 (KHTML, like Gecko) Chrome/28.0.1500.95 Safari/537.36"
12.111.223.151 - - [19/Aug/2013:15:35:41 -0400] "GET / HTTP/1.1" 200 4420 "http://search.aol.com/aol/search?enabled_terms=&s_it=comsearch51&q=my+evergreen+tree+is+turning+green+" "Mozilla/5.0 (compatible; MSIE 10.0; Windows NT 6.1; WOW64; Trident/6.0)"
12.111.223.151 - - [19/Aug/2013:16:25:45 -0400] "GET /Images/Home/centerImages.png HTTP/1.1" 200 133174 "http://www.islandgreenery.net/?adid-2E343B92-B097-442c-BFA5-BE371E0325A2=1607088&kw-2E343B92-B097-442c-BFA5-BE371E0325A2=backyard+waterfall" "Mozilla/5.0 (Windows NT 6.1; WOW64) AppleWebKit/537.36 (KHTML, like Gecko) Chrome/28.0.1500.95 Safari/537.36"
12.111.223.151 - - [19/Aug/2013:16:41:19 -0400] "GET /galleries/landscape/data1/images/landscape8.jpg HTTP/1.1" 200 63230 "http://www.islandgreenery.net/galleries/landscape/index.html" "Mozilla/5.0 (Macintosh; U; Intel Mac OS X 10_5_5; en-us) AppleWebKit/525.18 (KHTML, like Gecko) Version/3.1.2 Safari/525.20.1"
12.111.223.151 - - [19/Aug/2013:16:41:19 -0400] "GET /galleries/landscape/data1/images/landscape11.jpg HTTP/1.1" 200 58935 "http://www.islandgreenery.net/galleries/landscape/index.html" "Mozilla/5.0 (Macintosh; U; Intel Mac OS X 10_5_5; en-us) AppleWebKit/525.18 (KHTML, like Gecko) Version/3.1.2 Safari/525.20.1"
12.111.223.151 - - [19/Aug/2013:17:09:21 -0400] "GET /favicon.ico HTTP/1.1" 404 575 "-" "Mozilla/5.0 (Linux; Android 4.2.2; SPH-L720 Build/JDQ39) AppleWebKit/537.36 (KHTML, like Gecko) Chrome/28.0.1500.94 Mobile Safari/537.36"
12.111.223.151 - - [19/Aug/2013:17:36:05 -0400] "GET /Images/Navigation/ThinBlue.png HTTP/1.1" 200 7349 "http://www.islandgreenery.net/CSS/main.css" "Mozilla/5.0 (Windows NT 6.1; rv:21.0) Gecko/20100101 Firefox/21.0"
12.111.223.151 - - [19/Aug/2013:17:42:18 -0400] "GET /galleries/landscape/data1/images/landscape4.jpg HTTP/1.1" 200 53003 "http://www.islandgreenery.net/galleries/landscape/index.html" "Mozilla/5.0 (Windows NT 6.1; WOW64) AppleWebKit/537.36 (KHTML, like Gecko) Chrome/28.0.1500.95 Safari/537.36"
12.111.223.151 - - [19/Aug/2013:18:31:13 -0400] "GET / HTTP/1.1" 200 4420 "-" "Mozilla/4.0 (compatible; MSIE 7.0; Windows NT 5.1; .NET CLR 1.1.4322; .NET CLR 2.0.50727)"
66.249.75.130 - - [19/Aug/2013:18:54:43 -0400] "GET /landscape.html HTTP/1.1" 200 4783 "-" "DoCoMo/2.0 N905i(c100;TB;W24H16) (compatible; Googlebot-Mobile/2.1; +http://www.google.com/bot.html)"
12.111.223.151 - - [19/Aug/2013:19:24:11 -0400] "GET /Images/lineThick.png HTTP/1.1" 200 12232 "http://www.islandgreenery.net/CSS/main.css" "Mozilla/5.0 (Windows NT 6.0; WOW64; rv:23.0) Gecko/20100101 Firefox/23.0"
12.111.223.151 - - [19/Aug/2013:19:46:45 -0400] "GET /Images/Navigation/greenwide.jpg HTTP/1.1" 200 15999 "http://www.islandgreenery.net/?adid-2E343B92-B097-442c-BFA5-BE371E0325A2=1607045&kw-2E343B92-B097-442c-BFA5-BE371E0325A2=landscape+design" "Mozilla/5.0 (compatible; MSIE 9.0; Windows NT 6.1; WOW64; Trident/5.0; NP06)"
12.111.223.151 - - [19/Aug/2013:19:48:51 -0400] "GET /Images/Home/mainPic.jpg HTTP/1.1" 200 209933 "http://www.islandgreenery.net/?adid-2E343B92-B097-442c-BFA5-BE371E0325A2=1607045&kw-2E343B92-B097-442c-BFA5-BE371E0325A2=landscape+design" "Mozilla/5.0 (compatible; MSIE 9.0; Windows NT 6.1; WOW64; Trident/5.0; NP06)"
12.111.223.151 - - [19/Aug/2013:20:50:42 -0400] "GET / HTTP/1.1" 200 4420 "-" "Mozilla/4.0 (compatible; MSIE 7.0; Windows NT 5.1; .NET CLR 1.1.4322; .NET CLR 2.0.50727)"
92.249.127.111 - - [19/Aug/2013:03:26:01 -0400] "GET / HTTP/1.1" 200 4420 "http://www.bravica.pro/ru/" "Mozilla/5.0 (compatible; news bot /2.1)"
12.111.223.151 - - [19/Aug/2013:14:34:03 -0400] "GET /Images/Home/centerImages.png HTTP/1.1" 200 133174 "http://www.islandgreenery.net/?adid-2E343B92-B097-442c-BFA5-BE371E0325A2=1607093&kw-2E343B92-B097-442c-BFA5-BE371E0325A2=nursery" "Mozilla/5.0 (iPhone; CPU iPhone OS 6_1_3 like Mac OS X) AppleWebKit/536.26 (KHTML, like Gecko) Mobile/10B329"
12.111.223.151 - - [19/Aug/2013:22:02:31 -0400] "GET / HTTP/1.1" 200 4420 "-" "Mozilla/5.0 (compatible; MSIE 9.0; Windows NT 6.0; Trident/5.0)"
12.111.223.151 - - [19/Aug/2013:16:40:54 -0400] "GET /favicon.ico HTTP/1.1" 404 575 "http://www.islandgreenery.net/?adid-2E343B92-B097-442c-BFA5-BE371E0325A2=1607093&kw-2E343B92-B097-442c-BFA5-BE371E0325A2=buy+shrubs" "Mozilla/5.0 (Macintosh; U; Intel Mac OS X 10_5_5; en-us) AppleWebKit/525.18 (KHTML, like Gecko) Version/3.1.2 Safari/525.20.1"
12.111.223.151 - - [19/Aug/2013:16:41:20 -0400] "GET /galleries/landscape/data1/images/landscape13.jpg HTTP/1.1" 200 65490 "http://www.islandgreenery.net/galleries/landscape/index.html" "Mozilla/5.0 (Macintosh; U; Intel Mac OS X 10_5_5; en-us) AppleWebKit/525.18 (KHTML, like Gecko) Version/3.1.2 Safari/525.20.1"
170.74.56.78 - - [19/Aug/2013:17:08:40 -0400] "GET /CSS/main.css HTTP/1.1" 200 7040 "http://www.islandgreenery.net/" "Mozilla/5.0 (Windows NT 6.1; WOW64) AppleWebKit/537.36 (KHTML, like Gecko) Chrome/28.0.1500.71 Safari/537.36"
170.74.56.78 - - [19/Aug/2013:17:08:46 -0400] "GET /favicon.ico HTTP/1.1" 404 575 "-" "Mozilla/5.0 (Windows NT 6.1; WOW64) AppleWebKit/537.36 (KHTML, like Gecko) Chrome/28.0.1500.71 Safari/537.36"
170.74.56.78 - - [19/Aug/2013:17:14:09 -0400] "GET /galleries/landscape/engine1/wowslider.js HTTP/1.1" 200 8598 "-" "Mozilla/4.0 (compatible;)"
12.111.223.151 - - [19/Aug/2013:17:41:18 -0400] "GET /Images/Home/centerImages.png HTTP/1.1" 200 133174 "http://www.islandgreenery.net/?adid-2E343B92-B097-442c-BFA5-BE371E0325A2=1607045&kw-2E343B92-B097-442c-BFA5-BE371E0325A2=landscaping+design" "Mozilla/5.0 (Windows NT 6.1; WOW64) AppleWebKit/537.36 (KHTML, like Gecko) Chrome/28.0.1500.95 Safari/537.36"
12.111.223.151 - - [19/Aug/2013:09:25:44 -0400] "GET /Images/lineThin.png HTTP/1.1" 200 2938 "http://www.islandgreenery.net/?adid-2E343B92-B097-442c-BFA5-BE371E0325A2=1607093&kw-2E343B92-B097-442c-BFA5-BE371E0325A2=ornamental+grasses" "Mozilla/5.0 (compatible; MSIE 10.0; Windows NT 6.1; WOW64; Trident/6.0)"
12.111.223.151 - - [19/Aug/2013:11:19:41 -0400] "GET / HTTP/1.1" 200 4420 "-" "Mozilla/4.0 (compatible; MSIE 7.0; Windows NT 5.1; .NET CLR 1.1.4322; .NET CLR 2.0.50727)"
12.111.223.151 - - [19/Aug/2013:18:24:38 -0400] "GET / HTTP/1.1" 200 4420 "http://www.google.com/aclk?sa=L&ai=Ci4ZmXJMSUsuwGpSa6wHbv4G4Be-V27ADh9mHuGyc0LUFEAQoCFC1q52e-f____8BYMmeq4vApNgPyAEBqgQfT9AbFKaBWk4PfcBdURGd2VLMffIW2dsvNVWZNRF_oLoFEwiBlLKIv4q5AhXRFngKHaAEAKjKBQCAB-enjCo&num=7&rct=j&q=landscape%20design&ei=XJMSUoH2F9Gt4AOgiYDACg&sig=AOD64_3MRARWY8oLCD6nnGNWkIfvg79MKA&sqi=2&ved=0CP4BENEM&adurl=http://clicktracking.yellowbook.com/trackingenginewebapp/tracking.html%3FMB_ID%3D58694%26SE_ID%3D2%26AG_ID%3D635007%26AD_ID%3D1607045%26kw%3Dlandscape%2520design%26kw_type%3Db%26C_ID%3D148747%26SE_AD_ID%3D29030452447" "Mozilla/5.0 (compatible; MSIE 10.0; Windows NT 6.1; WOW64; Trident/6.0)"
12.111.223.151 - - [19/Aug/2013:19:46:34 -0400] "GET /CSS/text.css HTTP/1.1" 200 731 "http://www.islandgreenery.net/?adid-2E343B92-B097-442c-BFA5-BE371E0325A2=1607045&kw-2E343B92-B097-442c-BFA5-BE371E0325A2=landscape+design" "Mozilla/5.0 (compatible; MSIE 9.0; Windows NT 6.1; WOW64; Trident/5.0; NP06)"
12.111.223.151 - - [19/Aug/2013:19:48:22 -0400] "GET /CSS/form.css HTTP/1.1" 200 1110 "http://www.islandgreenery.net/contact.php" "Mozilla/5.0 (compatible; MSIE 9.0; Windows NT 6.1; WOW64; Trident/5.0; NP06)"
12.111.223.151 - - [19/Aug/2013:19:48:37 -0400] "GET /Images/lineThick.png HTTP/1.1" 200 12232 "http://www.islandgreenery.net/company.html" "Mozilla/5.0 (compatible; MSIE 9.0; Windows NT 6.1; WOW64; Trident/5.0; NP06)"
12.111.223.151 - - [19/Aug/2013:22:10:43 -0400] "GET / HTTP/1.1" 200 4420 "-" "adidxbot/2.0 (+http://search.msn.com/msnbot.htm)"
12.111.223.151 - - [19/Aug/2013:09:25:44 -0400] "GET /Images/Home/centerImages.png HTTP/1.1" 200 133174 "http://www.islandgreenery.net/?adid-2E343B92-B097-442c-BFA5-BE371E0325A2=1607093&kw-2E343B92-B097-442c-BFA5-BE371E0325A2=ornamental+grasses" "Mozilla/5.0 (compatible; MSIE 10.0; Windows NT 6.1; WOW64; Trident/6.0)"
12.111.223.151 - - [19/Aug/2013:10:34:40 -0400] "GET / HTTP/1.1" 200 4420 "-" "Mozilla/4.0 (compatible; MSIE 7.0; Windows NT 5.1; .NET CLR 1.1.4322; .NET CLR 2.0.50727)"
12.111.223.151 - - [19/Aug/2013:11:53:40 -0400] "GET /Images/Navigation/ThinBlue.png HTTP/1.1" 200 7349 "http://www.islandgreenery.net/?adid-2E343B92-B097-442c-BFA5-BE371E0325A2=1628866&kw-2E343B92-B097-442c-BFA5-BE371E0325A2=grass+seed" "Mozilla/5.0 (Windows NT 6.1; WOW64) AppleWebKit/537.36 (KHTML, like Gecko) Chrome/28.0.1500.95 Safari/537.36"
12.111.223.151 - - [19/Aug/2013:11:53:45 -0400] "GET /favicon.ico HTTP/1.1" 404 575 "-" "Mozilla/5.0 (Windows NT 6.1; WOW64) AppleWebKit/537.36 (KHTML, like Gecko) Chrome/28.0.1500.95 Safari/537.36"
74.90.27.87 - - [19/Aug/2013:15:20:20 -0400] "GET /Images/Propane/coupon.png HTTP/1.1" 200 43927 "http://www.islandgreenery.net/propane.html" "Mozilla/5.0 (Windows NT 6.1; WOW64) AppleWebKit/537.36 (KHTML, like Gecko) Chrome/28.0.1500.95 Safari/537.36"
12.111.223.151 - - [19/Aug/2013:15:35:41 -0400] "GET /CSS/main.css HTTP/1.1" 200 7040 "http://www.islandgreenery.net/?adid-2E343B92-B097-442c-BFA5-BE371E0325A2=1607045&kw-2E343B92-B097-442c-BFA5-BE371E0325A2=evergreen+trees" "Mozilla/5.0 (compatible; MSIE 10.0; Windows NT 6.1; WOW64; Trident/6.0)"
12.111.223.151 - - [19/Aug/2013:15:35:47 -0400] "GET /Images/Home/seasonSpecials.png HTTP/1.1" 200 35145 "http://www.islandgreenery.net/?adid-2E343B92-B097-442c-BFA5-BE371E0325A2=1607045&kw-2E343B92-B097-442c-BFA5-BE371E0325A2=evergreen+trees" "Mozilla/5.0 (compatible; MSIE 10.0; Windows NT 6.1; WOW64; Trident/6.0)"
12.111.223.151 - - [19/Aug/2013:16:41:17 -0400] "GET /landscape.html HTTP/1.1" 200 4783 "http://www.islandgreenery.net/?adid-2E343B92-B097-442c-BFA5-BE371E0325A2=1607093&kw-2E343B92-B097-442c-BFA5-BE371E0325A2=buy+shrubs" "Mozilla/5.0 (Macintosh; U; Intel Mac OS X 10_5_5; en-us) AppleWebKit/525.18 (KHTML, like Gecko) Version/3.1.2 Safari/525.20.1"
12.111.223.151 - - [19/Aug/2013:16:41:21 -0400] "GET /galleries/landscape/data1/images/landscape2.jpg HTTP/1.1" 200 55028 "http://www.islandgreenery.net/galleries/landscape/index.html" "Mozilla/5.0 (Macintosh; U; Intel Mac OS X 10_5_5; en-us) AppleWebKit/525.18 (KHTML, like Gecko) Version/3.1.2 Safari/525.20.1"
12.111.223.151 - - [19/Aug/2013:17:09:21 -0400] "GET /apple-touch-icon.png HTTP/1.1" 404 575 "-" "Mozilla/5.0 (Linux; Android 4.2.2; SPH-L720 Build/JDQ39) AppleWebKit/537.36 (KHTML, like Gecko) Chrome/28.0.1500.94 Mobile Safari/537.36"
170.74.56.78 - - [19/Aug/2013:17:14:16 -0400] "GET /favicon.ico HTTP/1.1" 404 575 "-" "Mozilla/5.0 (Windows NT 6.1; WOW64) AppleWebKit/537.36 (KHTML, like Gecko) Chrome/28.0.1500.71 Safari/537.36"
12.111.223.151 - - [19/Aug/2013:17:41:17 -0400] "GET /CSS/main.css HTTP/1.1" 200 7040 "http://www.islandgreenery.net/?adid-2E343B92-B097-442c-BFA5-BE371E0325A2=1607045&kw-2E343B92-B097-442c-BFA5-BE371E0325A2=landscaping+design" "Mozilla/5.0 (Windows NT 6.1; WOW64) AppleWebKit/537.36 (KHTML, like Gecko) Chrome/28.0.1500.95 Safari/537.36"
12.111.223.151 - - [19/Aug/2013:17:42:18 -0400] "GET /galleries/landscape/data1/images/landscape7.jpg HTTP/1.1" 200 62854 "-" "Mozilla/4.0 (compatible;)"
157.55.33.15 - - [19/Aug/2013:18:40:09 -0400] "GET /portfolio.html HTTP/1.1" 404 575 "-" "Mozilla/5.0 (compatible; bingbot/2.0; +http://www.bing.com/bingbot.htm)"
12.111.223.151 - - [19/Aug/2013:22:02:42 -0400] "GET / HTTP/1.1" 200 4420 "-" "Mozilla/4.0 (compatible; MSIE 7.0; Windows NT 5.1; .NET CLR 1.1.4322; .NET CLR 2.0.50727)"
220.181.89.178 - - [19/Aug/2013:23:31:39 -0400] "GET / HTTP/1.1" 304 - "-" "Sogou web spider/4.0(+http://www.sogou.com/docs/help/webmasters.htm#07)"
46.118.126.194 - - [19/Aug/2013:06:52:54 -0400] "GET / HTTP/1.1" 200 4420 "http://sk-fashion.ru/" "Mozilla/0.91 Beta (Windows)"
46.118.126.194 - - [19/Aug/2013:06:52:55 -0400] "GET / HTTP/1.1" 200 4420 "http://sk-fashion.ru/" "Mozilla/0.91 Beta (Windows)"
66.249.75.130 - - [19/Aug/2013:07:30:49 -0400] "GET / HTTP/1.1" 200 4420 "-" "Mozilla/5.0 (compatible; Googlebot/2.1; +http://www.google.com/bot.html)"
67.84.215.218 - - [19/Aug/2013:08:08:32 -0400] "GET /galleries/landscape/engine1/script.js HTTP/1.1" 200 1611 "http://www.islandgreenery.net/galleries/landscape/index.html" "Mozilla/5.0 (iPad; CPU OS 6_1_3 like Mac OS X) AppleWebKit/536.26 (KHTML, like Gecko) Version/6.0 Mobile/10B329 Safari/8536.25"
67.84.215.218 - - [19/Aug/2013:08:08:32 -0400] "GET /galleries/landscape/data1/images/landscape3.jpg HTTP/1.1" 200 59208 "http://www.islandgreenery.net/galleries/landscape/index.html" "Mozilla/5.0 (iPad; CPU OS 6_1_3 like Mac OS X) AppleWebKit/536.26 (KHTML, like Gecko) Version/6.0 Mobile/10B329 Safari/8536.25"
67.84.215.218 - - [19/Aug/2013:08:08:32 -0400] "GET /galleries/landscape/data1/images/landscape7.jpg HTTP/1.1" 200 62854 "http://www.islandgreenery.net/galleries/landscape/index.html" "Mozilla/5.0 (iPad; CPU OS 6_1_3 like Mac OS X) AppleWebKit/536.26 (KHTML, like Gecko) Version/6.0 Mobile/10B329 Safari/8536.25"
67.84.215.218 - - [19/Aug/2013:08:08:32 -0400] "GET /galleries/landscape/data1/images/landscape12.jpg HTTP/1.1" 200 57429 "http://www.islandgreenery.net/galleries/landscape/index.html" "Mozilla/5.0 (iPad; CPU OS 6_1_3 like Mac OS X) AppleWebKit/536.26 (KHTML, like Gecko) Version/6.0 Mobile/10B329 Safari/8536.25"
67.84.215.218 - - [19/Aug/2013:08:08:35 -0400] "GET /galleries/masonry/engine1/wowslider.js HTTP/1.1" 200 8598 "http://www.islandgreenery.net/galleries/masonry/index.html" "Mozilla/5.0 (iPad; CPU OS 6_1_3 like Mac OS X) AppleWebKit/536.26 (KHTML, like Gecko) Version/6.0 Mobile/10B329 Safari/8536.25"
67.84.215.218 - - [19/Aug/2013:08:08:35 -0400] "GET /galleries/masonry/data1/images/masonry2.jpg HTTP/1.1" 200 52450 "http://www.islandgreenery.net/galleries/masonry/index.html" "Mozilla/5.0 (iPad; CPU OS 6_1_3 like Mac OS X) AppleWebKit/536.26 (KHTML, like Gecko) Version/6.0 Mobile/10B329 Safari/8536.25"
67.84.215.218 - - [19/Aug/2013:08:08:35 -0400] "GET /galleries/masonry/data1/images/masonry6.jpg HTTP/1.1" 200 40027 "http://www.islandgreenery.net/galleries/masonry/index.html" "Mozilla/5.0 (iPad; CPU OS 6_1_3 like Mac OS X) AppleWebKit/536.26 (KHTML, like Gecko) Version/6.0 Mobile/10B329 Safari/8536.25"
67.84.215.218 - - [19/Aug/2013:08:08:35 -0400] "GET /galleries/masonry/data1/images/masonry11.jpg HTTP/1.1" 200 54111 "http://www.islandgreenery.net/galleries/masonry/index.html" "Mozilla/5.0 (iPad; CPU OS 6_1_3 like Mac OS X) AppleWebKit/536.26 (KHTML, like Gecko) Version/6.0 Mobile/10B329 Safari/8536.25"
67.84.215.218 - - [19/Aug/2013:08:08:35 -0400] "GET /galleries/masonry/engine1/arrows.png HTTP/1.1" 200 1914 "http://www.islandgreenery.net/galleries/masonry/index.html" "Mozilla/5.0 (iPad; CPU OS 6_1_3 like Mac OS X) AppleWebKit/536.26 (KHTML, like Gecko) Version/6.0 Mobile/10B329 Safari/8536.25"
67.84.215.218 - - [19/Aug/2013:08:08:37 -0400] "GET /Images/Navigation/greenwide.jpg HTTP/1.1" 200 15999 "http://www.islandgreenery.net/masonry.html" "Mozilla/5.0 (iPad; CPU OS 6_1_3 like Mac OS X) AppleWebKit/536.26 (KHTML, like Gecko) Version/6.0 Mobile/10B329 Safari/8536.25"
24.47.118.242 - - [19/Aug/2013:03:12:43 -0400] "GET / HTTP/1.1" 200 4420 "http://www.google.com/url?sa=t&rct=j&q=nursery&source=web&cd=9&cad=rja&ved=0CHYQFjAI&url=http%3A%2F%2Fwww.islandgreenery.net%2F&ei=X8URUrHMCqXayAGM0YCADA&usg=AFQjCNEISiWO86uAjfJ8kOne3AognXhRBA&bvm=bv.50768961,d.aWc" "Mozilla/5.0 (Windows NT 6.1; WOW64; rv:23.0) Gecko/20100101 Firefox/23.0"
24.47.118.242 - - [19/Aug/2013:03:12:44 -0400] "GET /CSS/main.css HTTP/1.1" 200 7040 "http://www.islandgreenery.net/" "Mozilla/5.0 (Windows NT 6.1; WOW64; rv:23.0) Gecko/20100101 Firefox/23.0"
24.47.118.242 - - [19/Aug/2013:03:12:44 -0400] "GET /CSS/text.css HTTP/1.1" 200 731 "http://www.islandgreenery.net/" "Mozilla/5.0 (Windows NT 6.1; WOW64; rv:23.0) Gecko/20100101 Firefox/23.0"
24.47.118.242 - - [19/Aug/2013:03:12:44 -0400] "GET /Images/islandGreeneryLogo.png HTTP/1.1" 200 52254 "http://www.islandgreenery.net/CSS/main.css" "Mozilla/5.0 (Windows NT 6.1; WOW64; rv:23.0) Gecko/20100101 Firefox/23.0"
24.47.118.242 - - [19/Aug/2013:03:12:44 -0400] "GET /Images/Home/propane.jpg HTTP/1.1" 200 29411 "http://www.islandgreenery.net/CSS/main.css" "Mozilla/5.0 (Windows NT 6.1; WOW64; rv:23.0) Gecko/20100101 Firefox/23.0"
12.111.223.151 - - [19/Aug/2013:18:43:22 -0400] "GET /Images/Navigation/ThinBlue.png HTTP/1.1" 200 7349 "http://www.islandgreenery.net/?adid-2E343B92-B097-442c-BFA5-BE371E0325A2=1628866&kw-2E343B92-B097-442c-BFA5-BE371E0325A2=pergolas" "Mozilla/5.0 (compatible; MSIE 10.0; Windows NT 6.2; WOW64; Trident/6.0)"
74.90.27.87 - - [19/Aug/2013:15:17:13 -0400] "GET /Images/lineThin.png HTTP/1.1" 200 2938 "http://www.islandgreenery.net/" "Mozilla/5.0 (Windows NT 6.1; WOW64) AppleWebKit/537.36 (KHTML, like Gecko) Chrome/28.0.1500.95 Safari/537.36"
74.90.27.87 - - [19/Aug/2013:15:17:13 -0400] "GET /Images/Home/centerImages.png HTTP/1.1" 200 133174 "http://www.islandgreenery.net/" "Mozilla/5.0 (Windows NT 6.1; WOW64) AppleWebKit/537.36 (KHTML, like Gecko) Chrome/28.0.1500.95 Safari/537.36"
74.90.27.87 - - [19/Aug/2013:15:17:31 -0400] "GET /Images/Navigation/ThinGreen.png HTTP/1.1" 200 7642 "http://www.islandgreenery.net/" "Mozilla/5.0 (Windows NT 6.1; WOW64) AppleWebKit/537.36 (KHTML, like Gecko) Chrome/28.0.1500.95 Safari/537.36"
74.90.27.87 - - [19/Aug/2013:15:17:32 -0400] "GET /index.html HTTP/1.1" 200 4420 "http://www.islandgreenery.net/" "Mozilla/5.0 (Windows NT 6.1; WOW64) AppleWebKit/537.36 (KHTML, like Gecko) Chrome/28.0.1500.95 Safari/537.36"
74.90.27.87 - - [19/Aug/2013:15:17:32 -0400] "GET /favicon.ico HTTP/1.1" 404 575 "-" "Mozilla/5.0 (Windows NT 6.1; WOW64) AppleWebKit/537.36 (KHTML, like Gecko) Chrome/28.0.1500.95 Safari/537.36"
74.90.27.87 - - [19/Aug/2013:15:17:36 -0400] "GET /Images/Garden/rightPic.jpg HTTP/1.1" 200 79075 "http://www.islandgreenery.net/garden.html" "Mozilla/5.0 (Windows NT 6.1; WOW64) AppleWebKit/537.36 (KHTML, like Gecko) Chrome/28.0.1500.95 Safari/537.36"
74.90.27.87 - - [19/Aug/2013:15:17:36 -0400] "GET /favicon.ico HTTP/1.1" 404 575 "-" "Mozilla/5.0 (Windows NT 6.1; WOW64) AppleWebKit/537.36 (KHTML, like Gecko) Chrome/28.0.1500.95 Safari/537.36"
12.111.223.151 - - [19/Aug/2013:15:35:47 -0400] "GET /Images/lineThick.png HTTP/1.1" 200 12232 "http://www.islandgreenery.net/?adid-2E343B92-B097-442c-BFA5-BE371E0325A2=1607045&kw-2E343B92-B097-442c-BFA5-BE371E0325A2=evergreen+trees" "Mozilla/5.0 (compatible; MSIE 10.0; Windows NT 6.1; WOW64; Trident/6.0)"
12.111.223.151 - - [19/Aug/2013:16:40:54 -0400] "GET /Images/lineThin.png HTTP/1.1" 200 2938 "http://www.islandgreenery.net/?adid-2E343B92-B097-442c-BFA5-BE371E0325A2=1607093&kw-2E343B92-B097-442c-BFA5-BE371E0325A2=buy+shrubs" "Mozilla/5.0 (Macintosh; U; Intel Mac OS X 10_5_5; en-us) AppleWebKit/525.18 (KHTML, like Gecko) Version/3.1.2 Safari/525.20.1"
12.111.223.151 - - [19/Aug/2013:16:41:20 -0400] "GET /galleries/landscape/data1/images/landscape4.jpg HTTP/1.1" 200 53003 "http://www.islandgreenery.net/galleries/landscape/index.html" "Mozilla/5.0 (Macintosh; U; Intel Mac OS X 10_5_5; en-us) AppleWebKit/525.18 (KHTML, like Gecko) Version/3.1.2 Safari/525.20.1"
12.111.223.151 - - [19/Aug/2013:16:41:21 -0400] "GET /galleries/landscape/data1/images/landscape10.jpg HTTP/1.1" 200 63938 "http://www.islandgreenery.net/galleries/landscape/index.html" "Mozilla/5.0 (Macintosh; U; Intel Mac OS X 10_5_5; en-us) AppleWebKit/525.18 (KHTML, like Gecko) Version/3.1.2 Safari/525.20.1"
12.111.223.151 - - [19/Aug/2013:17:02:50 -0400] "GET / HTTP/1.1" 200 4420 "-" "Mozilla/4.0 (compatible; MSIE 7.0; Windows NT 5.1; .NET CLR 1.1.4322; .NET CLR 2.0.50727)"
170.74.56.78 - - [19/Aug/2013:17:14:09 -0400] "GET /galleries/landscape/engine1/script.js HTTP/1.1" 200 1611 "-" "Mozilla/4.0 (compatible;)"
12.111.223.151 - - [19/Aug/2013:17:41:17 -0400] "GET /CSS/text.css HTTP/1.1" 200 731 "http://www.islandgreenery.net/?adid-2E343B92-B097-442c-BFA5-BE371E0325A2=1607045&kw-2E343B92-B097-442c-BFA5-BE371E0325A2=landscaping+design" "Mozilla/5.0 (Windows NT 6.1; WOW64) AppleWebKit/537.36 (KHTML, like Gecko) Chrome/28.0.1500.95 Safari/537.36"
67.84.215.218 - - [19/Aug/2013:08:08:07 -0400] "GET / HTTP/1.1" 200 4420 "-" "Mozilla/5.0 (iPad; CPU OS 6_1_3 like Mac OS X) AppleWebKit/536.26 (KHTML, like Gecko) Version/6.0 Mobile/10B329 Safari/8536.25"
67.84.215.218 - - [19/Aug/2013:08:08:07 -0400] "GET /CSS/main.css HTTP/1.1" 200 7040 "http://www.islandgreenery.net/" "Mozilla/5.0 (iPad; CPU OS 6_1_3 like Mac OS X) AppleWebKit/536.26 (KHTML, like Gecko) Version/6.0 Mobile/10B329 Safari/8536.25"
67.84.215.218 - - [19/Aug/2013:08:08:08 -0400] "GET /Images/islandGreeneryLogo.png HTTP/1.1" 200 52254 "http://www.islandgreenery.net/" "Mozilla/5.0 (iPad; CPU OS 6_1_3 like Mac OS X) AppleWebKit/536.26 (KHTML, like Gecko) Version/6.0 Mobile/10B329 Safari/8536.25"
67.84.215.218 - - [19/Aug/2013:08:08:08 -0400] "GET /Images/lineThick.png HTTP/1.1" 200 12232 "http://www.islandgreenery.net/" "Mozilla/5.0 (iPad; CPU OS 6_1_3 like Mac OS X) AppleWebKit/536.26 (KHTML, like Gecko) Version/6.0 Mobile/10B329 Safari/8536.25"
12.111.223.151 - - [19/Aug/2013:14:34:02 -0400] "GET /CSS/main.css HTTP/1.1" 200 7040 "http://www.islandgreenery.net/?adid-2E343B92-B097-442c-BFA5-BE371E0325A2=1607093&kw-2E343B92-B097-442c-BFA5-BE371E0325A2=nursery" "Mozilla/5.0 (iPhone; CPU iPhone OS 6_1_3 like Mac OS X) AppleWebKit/536.26 (KHTML, like Gecko) Mobile/10B329"
12.111.223.151 - - [19/Aug/2013:14:34:03 -0400] "GET /Images/Navigation/bluewide.jpg HTTP/1.1" 200 16322 "http://www.islandgreenery.net/?adid-2E343B92-B097-442c-BFA5-BE371E0325A2=1607093&kw-2E343B92-B097-442c-BFA5-BE371E0325A2=nursery" "Mozilla/5.0 (iPhone; CPU iPhone OS 6_1_3 like Mac OS X) AppleWebKit/536.26 (KHTML, like Gecko) Mobile/10B329"
12.111.223.151 - - [19/Aug/2013:09:25:43 -0400] "GET /CSS/text.css HTTP/1.1" 200 731 "http://www.islandgreenery.net/?adid-2E343B92-B097-442c-BFA5-BE371E0325A2=1607093&kw-2E343B92-B097-442c-BFA5-BE371E0325A2=ornamental+grasses" "Mozilla/5.0 (compatible; MSIE 10.0; Windows NT 6.1; WOW64; Trident/6.0)"
12.111.223.151 - - [19/Aug/2013:09:25:44 -0400] "GET /Images/Navigation/bluewide.jpg HTTP/1.1" 200 16322 "http://www.islandgreenery.net/?adid-2E343B92-B097-442c-BFA5-BE371E0325A2=1607093&kw-2E343B92-B097-442c-BFA5-BE371E0325A2=ornamental+grasses" "Mozilla/5.0 (compatible; MSIE 10.0; Windows NT 6.1; WOW64; Trident/6.0)"
207.45.43.67 - - [19/Aug/2013:10:18:52 -0400] "GET /Images/lineThin.png HTTP/1.1" 200 2938 "http://www.islandgreenery.net/contact.php" "Mozilla/4.0 (compatible; MSIE 8.0; Windows NT 5.1; Trident/4.0; .NET CLR 2.0.50727; .NET CLR 3.0.4506.2152; .NET CLR 3.5.30729; .NET CLR 1.1.4322; MS-RTC LM 8; InfoPath.3; DTCuser; DTCuser)"
91.207.9.226 - - [19/Aug/2013:23:56:49 -0400] "GET / HTTP/1.1" 200 4420 "http://clubsovetov.ru/" "Mozilla/4.0 (compatible; MSIE 6.0; Windows NT 5.1; SV1; FunWebProducts)"
74.90.27.87 - - [19/Aug/2013:15:20:11 -0400] "GET /lawn.html HTTP/1.1" 200 4728 "http://www.islandgreenery.net/masonry.html" "Mozilla/5.0 (Windows NT 6.1; WOW64) AppleWebKit/537.36 (KHTML, like Gecko) Chrome/28.0.1500.95 Safari/537.36"
12.111.223.151 - - [19/Aug/2013:15:35:47 -0400] "GET /CSS/text.css HTTP/1.1" 200 731 "http://www.islandgreenery.net/?adid-2E343B92-B097-442c-BFA5-BE371E0325A2=1607045&kw-2E343B92-B097-442c-BFA5-BE371E0325A2=evergreen+trees" "Mozilla/5.0 (compatible; MSIE 10.0; Windows NT 6.1; WOW64; Trident/6.0)"
12.111.223.151 - - [19/Aug/2013:15:57:45 -0400] "GET / HTTP/1.1" 200 4420 "-" "adidxbot/2.0 (+http://search.msn.com/msnbot.htm)"
12.111.223.151 - - [19/Aug/2013:16:25:48 -0400] "GET /Images/islandGreeneryLogo.png HTTP/1.1" 200 52254 "http://www.islandgreenery.net/?adid-2E343B92-B097-442c-BFA5-BE371E0325A2=1607088&kw-2E343B92-B097-442c-BFA5-BE371E0325A2=backyard+waterfall" "Mozilla/5.0 (Windows NT 6.1; WOW64) AppleWebKit/537.36 (KHTML, like Gecko) Chrome/28.0.1500.95 Safari/537.36"
12.111.223.151 - - [19/Aug/2013:16:41:47 -0400] "GET /Images/Garden/rightPic.jpg HTTP/1.1" 200 79075 "http://www.islandgreenery.net/garden.html" "Mozilla/5.0 (Macintosh; U; Intel Mac OS X 10_5_5; en-us) AppleWebKit/525.18 (KHTML, like Gecko) Version/3.1.2 Safari/525.20.1"
12.111.223.151 - - [19/Aug/2013:17:09:17 -0400] "GET /Images/lineThin.png HTTP/1.1" 200 2938 "http://www.islandgreenery.net/?adid-2E343B92-B097-442c-BFA5-BE371E0325A2=1607088&kw-2E343B92-B097-442c-BFA5-BE371E0325A2=garden+wall" "Mozilla/5.0 (Linux; Android 4.2.2; SPH-L720 Build/JDQ39) AppleWebKit/537.36 (KHTML, like Gecko) Chrome/28.0.1500.94 Mobile Safari/537.36"
12.111.223.151 - - [19/Aug/2013:17:09:17 -0400] "GET /Images/lineThick.png HTTP/1.1" 200 12232 "http://www.islandgreenery.net/?adid-2E343B92-B097-442c-BFA5-BE371E0325A2=1607088&kw-2E343B92-B097-442c-BFA5-BE371E0325A2=garden+wall" "Mozilla/5.0 (Linux; Android 4.2.2; SPH-L720 Build/JDQ39) AppleWebKit/537.36 (KHTML, like Gecko) Chrome/28.0.1500.94 Mobile Safari/537.36"
12.111.223.151 - - [19/Aug/2013:17:42:17 -0400] "GET /galleries/landscape/data1/images/landscape12.jpg HTTP/1.1" 200 57429 "-" "Mozilla/4.0 (compatible;)"
207.45.43.67 - - [19/Aug/2013:10:18:52 -0400] "GET /Images/Navigation/bluewide.jpg HTTP/1.1" 200 16322 "http://www.islandgreenery.net/contact.php" "Mozilla/4.0 (compatible; MSIE 8.0; Windows NT 5.1; Trident/4.0; .NET CLR 2.0.50727; .NET CLR 3.0.4506.2152; .NET CLR 3.5.30729; .NET CLR 1.1.4322; MS-RTC LM 8; InfoPath.3; DTCuser; DTCuser)"
12.111.223.151 - - [19/Aug/2013:11:53:33 -0400] "GET /CSS/main.css HTTP/1.1" 200 7040 "http://www.islandgreenery.net/?adid-2E343B92-B097-442c-BFA5-BE371E0325A2=1628866&kw-2E343B92-B097-442c-BFA5-BE371E0325A2=grass+seed" "Mozilla/5.0 (Windows NT 6.1; WOW64) AppleWebKit/537.36 (KHTML, like Gecko) Chrome/28.0.1500.95 Safari/537.36"
198.228.201.151 - - [19/Aug/2013:23:35:33 -0400] "GET /Images/islandGreeneryLogo.png HTTP/1.1" 200 52254 "http://www.islandgreenery.net/" "Mozilla/5.0 (iPhone; CPU iPhone OS 6_1_4 like Mac OS X) AppleWebKit/536.26 (KHTML, like Gecko) Mobile/10B350"
198.228.201.151 - - [19/Aug/2013:23:36:03 -0400] "GET /lawn.html HTTP/1.1" 200 4728 "http://www.islandgreenery.net/" "Mozilla/5.0 (iPhone; CPU iPhone OS 6_1_4 like Mac OS X) AppleWebKit/536.26 (KHTML, like Gecko) Mobile/10B350"
198.228.201.151 - - [19/Aug/2013:23:36:04 -0400] "GET /Images/maintenance/maintenance.jpg HTTP/1.1" 200 139786 "http://www.islandgreenery.net/lawn.html" "Mozilla/5.0 (iPhone; CPU iPhone OS 6_1_4 like Mac OS X) AppleWebKit/536.26 (KHTML, like Gecko) Mobile/10B350"
72.30.198.10 - - [19/Aug/2013:00:08:23 -0400] "GET /contact_us.html HTTP/1.1" 404 575 "-" "Mozilla/5.0 (compatible; Yahoo! Slurp/3.0; http://help.yahoo.com/help/us/ysearch/slurp) NOT Firefox/3.5"
207.45.43.67 - - [19/Aug/2013:10:18:52 -0400] "GET /Images/Contact/submit.jpg HTTP/1.1" 200 13525 "http://www.islandgreenery.net/contact.php" "Mozilla/4.0 (compatible; MSIE 8.0; Windows NT 5.1; Trident/4.0; .NET CLR 2.0.50727; .NET CLR 3.0.4506.2152; .NET CLR 3.5.30729; .NET CLR 1.1.4322; MS-RTC LM 8; InfoPath.3; DTCuser; DTCuser)"
12.111.223.151 - - [19/Aug/2013:11:53:40 -0400] "GET /CSS/text.css HTTP/1.1" 200 731 "http://www.islandgreenery.net/?adid-2E343B92-B097-442c-BFA5-BE371E0325A2=1628866&kw-2E343B92-B097-442c-BFA5-BE371E0325A2=grass+seed" "Mozilla/5.0 (Windows NT 6.1; WOW64) AppleWebKit/537.36 (KHTML, like Gecko) Chrome/28.0.1500.95 Safari/537.36"
195.242.218.133 - - [19/Aug/2013:15:13:56 -0400] "GET / HTTP/1.1" 200 4420 "http://valdaidom.ru/" "Mozilla/4.0 (compatible; MSIE 5.5; Windows NT 4.0)"
74.90.27.87 - - [19/Aug/2013:15:17:13 -0400] "GET /CSS/text.css HTTP/1.1" 200 731 "http://www.islandgreenery.net/" "Mozilla/5.0 (Windows NT 6.1; WOW64) AppleWebKit/537.36 (KHTML, like Gecko) Chrome/28.0.1500.95 Safari/537.36"
74.90.27.87 - - [19/Aug/2013:15:17:13 -0400] "GET /Images/islandGreeneryLogo.png HTTP/1.1" 200 52254 "http://www.islandgreenery.net/" "Mozilla/5.0 (Windows NT 6.1; WOW64) AppleWebKit/537.36 (KHTML, like Gecko) Chrome/28.0.1500.95 Safari/537.36"
12.111.223.151 - - [19/Aug/2013:16:40:54 -0400] "GET /Images/Home/seasonSpecials.png HTTP/1.1" 200 35145 "http://www.islandgreenery.net/?adid-2E343B92-B097-442c-BFA5-BE371E0325A2=1607093&kw-2E343B92-B097-442c-BFA5-BE371E0325A2=buy+shrubs" "Mozilla/5.0 (Macintosh; U; Intel Mac OS X 10_5_5; en-us) AppleWebKit/525.18 (KHTML, like Gecko) Version/3.1.2 Safari/525.20.1"
12.111.223.151 - - [19/Aug/2013:17:03:40 -0400] "GET /CSS/main.css HTTP/1.1" 200 7040 "http://www.islandgreenery.net/?adid-2E343B92-B097-442c-BFA5-BE371E0325A2=1607093&kw-2E343B92-B097-442c-BFA5-BE371E0325A2=buy+shrubs" "Mozilla/5.0 (Windows NT 5.1; rv:23.0) Gecko/20100101 Firefox/23.0"
170.74.56.78 - - [19/Aug/2013:17:14:09 -0400] "GET /galleries/landscape/data1/images/landscape14.jpg HTTP/1.1" 200 70741 "-" "Mozilla/4.0 (compatible;)"
12.111.223.151 - - [19/Aug/2013:17:42:18 -0400] "GET /galleries/landscape/data1/images/landscape5.jpg HTTP/1.1" 200 72033 "http://www.islandgreenery.net/galleries/landscape/index.html" "Mozilla/5.0 (Windows NT 6.1; WOW64) AppleWebKit/537.36 (KHTML, like Gecko) Chrome/28.0.1500.95 Safari/537.36"
12.111.223.151 - - [19/Aug/2013:17:42:41 -0400] "GET /favicon.ico HTTP/1.1" 404 575 "-" "Mozilla/5.0 (Windows NT 6.1; WOW64) AppleWebKit/537.36 (KHTML, like Gecko) Chrome/28.0.1500.95 Safari/537.36"
67.85.252.17 - - [19/Aug/2013:17:59:28 -0400] "GET /Images/Navigation/bluewide.jpg HTTP/1.1" 200 16322 "http://www.islandgreenery.net/" "Mozilla/5.0 (iPad; CPU OS 6_1_3 like Mac OS X) AppleWebKit/536.26 (KHTML, like Gecko) Version/6.0 Mobile/10B329 Safari/8536.25"
67.85.252.17 - - [19/Aug/2013:17:59:29 -0400] "GET /Images/Home/propane.jpg HTTP/1.1" 200 29411 "http://www.islandgreenery.net/" "Mozilla/5.0 (iPad; CPU OS 6_1_3 like Mac OS X) AppleWebKit/536.26 (KHTML, like Gecko) Version/6.0 Mobile/10B329 Safari/8536.25"
12.111.223.151 - - [19/Aug/2013:12:01:19 -0400] "GET / HTTP/1.1" 200 4420 "-" "Mozilla/4.0 (compatible; MSIE 7.0; Windows NT 5.1; .NET CLR 1.1.4322; .NET CLR 2.0.50727)"
108.29.47.10 - - [19/Aug/2013:14:20:08 -0400] "GET /Images/Navigation/ThinBlue.png HTTP/1.1" 200 7349 "http://www.islandgreenery.net/masonry.html" "Mozilla/5.0 (iPhone; CPU iPhone OS 6_1_4 like Mac OS X) AppleWebKit/536.26 (KHTML, like Gecko) Version/6.0 Mobile/10B350 Safari/8536.25"
12.111.223.151 - - [19/Aug/2013:14:34:02 -0400] "GET / HTTP/1.1" 200 4420 "www.google.com" "Mozilla/5.0 (iPhone; CPU iPhone OS 6_1_3 like Mac OS X) AppleWebKit/536.26 (KHTML, like Gecko) Mobile/10B329"
12.111.223.151 - - [19/Aug/2013:14:34:03 -0400] "GET /Images/lineThin.png HTTP/1.1" 200 2938 "http://www.islandgreenery.net/?adid-2E343B92-B097-442c-BFA5-BE371E0325A2=1607093&kw-2E343B92-B097-442c-BFA5-BE371E0325A2=nursery" "Mozilla/5.0 (iPhone; CPU iPhone OS 6_1_3 like Mac OS X) AppleWebKit/536.26 (KHTML, like Gecko) Mobile/10B329"
12.111.223.151 - - [19/Aug/2013:18:24:38 -0400] "GET /Images/islandGreeneryLogo.png HTTP/1.1" 200 52254 "http://www.islandgreenery.net/?adid-2E343B92-B097-442c-BFA5-BE371E0325A2=1607045&kw-2E343B92-B097-442c-BFA5-BE371E0325A2=landscape+design" "Mozilla/5.0 (compatible; MSIE 10.0; Windows NT 6.1; WOW64; Trident/6.0)"
12.111.223.151 - - [19/Aug/2013:18:43:22 -0400] "GET /CSS/text.css HTTP/1.1" 200 731 "http://www.islandgreenery.net/?adid-2E343B92-B097-442c-BFA5-BE371E0325A2=1628866&kw-2E343B92-B097-442c-BFA5-BE371E0325A2=pergolas" "Mozilla/5.0 (compatible; MSIE 10.0; Windows NT 6.2; WOW64; Trident/6.0)"
12.111.223.151 - - [19/Aug/2013:19:46:34 -0400] "GET /Images/Navigation/bluewide.jpg HTTP/1.1" 200 16322 "http://www.islandgreenery.net/?adid-2E343B92-B097-442c-BFA5-BE371E0325A2=1607045&kw-2E343B92-B097-442c-BFA5-BE371E0325A2=landscape+design" "Mozilla/5.0 (compatible; MSIE 9.0; Windows NT 6.1; WOW64; Trident/5.0; NP06)"
67.84.215.218 - - [19/Aug/2013:08:08:12 -0400] "GET /garden.html HTTP/1.1" 200 4730 "http://www.islandgreenery.net/" "Mozilla/5.0 (iPad; CPU OS 6_1_3 like Mac OS X) AppleWebKit/536.26 (KHTML, like Gecko) Version/6.0 Mobile/10B329 Safari/8536.25"
67.84.215.218 - - [19/Aug/2013:08:08:12 -0400] "GET /Images/Garden/mainCenter.jpg HTTP/1.1" 200 207926 "http://www.islandgreenery.net/garden.html" "Mozilla/5.0 (iPad; CPU OS 6_1_3 like Mac OS X) AppleWebKit/536.26 (KHTML, like Gecko) Version/6.0 Mobile/10B329 Safari/8536.25"
68.164.206.192 - - [19/Aug/2013:12:33:12 -0400] "GET /Images/lineThin.png HTTP/1.1" 200 2938 "http://www.islandgreenery.net/" "Mozilla/5.0 (Windows NT 6.1; WOW64) AppleWebKit/537.36 (KHTML, like Gecko) Chrome/28.0.1500.95 Safari/537.36"
68.164.206.192 - - [19/Aug/2013:12:33:12 -0400] "GET /Images/Home/propane.jpg HTTP/1.1" 200 29411 "http://www.islandgreenery.net/" "Mozilla/5.0 (Windows NT 6.1; WOW64) AppleWebKit/537.36 (KHTML, like Gecko) Chrome/28.0.1500.95 Safari/537.36"
12.111.223.151 - - [19/Aug/2013:13:53:13 -0400] "GET / HTTP/1.1" 200 4420 "-" "Mozilla/4.0 (compatible; MSIE 7.0; Windows NT 5.1; .NET CLR 1.1.4322; .NET CLR 2.0.50727)"
63.217.158.61 - - [19/Aug/2013:14:21:58 -0400] "GET / HTTP/1.1" 304 - "-" "Mozilla/5.0 (compatible; Baiduspider/2.0; +http://www.baidu.com/search/spider.html)"
173.2.3.142 - - [19/Aug/2013:14:50:45 -0400] "GET /CSS/text.css HTTP/1.1" 200 731 "http://www.islandgreenery.net/" "Mozilla/5.0 (iPad; CPU OS 6_1_3 like Mac OS X) AppleWebKit/536.26 (KHTML, like Gecko) Mobile/10B329"
173.2.3.142 - - [19/Aug/2013:14:50:45 -0400] "GET /Images/islandGreeneryLogo.png HTTP/1.1" 200 52254 "http://www.islandgreenery.net/" "Mozilla/5.0 (iPad; CPU OS 6_1_3 like Mac OS X) AppleWebKit/536.26 (KHTML, like Gecko) Mobile/10B329"
74.90.27.87 - - [19/Aug/2013:15:18:10 -0400] "GET /galleries/landscape/data1/images/landscape1.jpg HTTP/1.1" 200 59675 "http://www.islandgreenery.net/galleries/landscape/index.html" "Mozilla/5.0 (Windows NT 6.1; WOW64) AppleWebKit/537.36 (KHTML, like Gecko) Chrome/28.0.1500.95 Safari/537.36"
74.90.27.87 - - [19/Aug/2013:15:18:10 -0400] "GET /galleries/landscape/data1/images/landscape14.jpg HTTP/1.1" 200 70741 "http://www.islandgreenery.net/galleries/landscape/index.html" "Mozilla/5.0 (Windows NT 6.1; WOW64) AppleWebKit/537.36 (KHTML, like Gecko) Chrome/28.0.1500.95 Safari/537.36"
74.90.27.87 - - [19/Aug/2013:15:18:10 -0400] "GET /galleries/landscape/data1/images/landscape12.jpg HTTP/1.1" 200 57429 "http://www.islandgreenery.net/galleries/landscape/index.html" "Mozilla/5.0 (Windows NT 6.1; WOW64) AppleWebKit/537.36 (KHTML, like Gecko) Chrome/28.0.1500.95 Safari/537.36"
12.111.223.151 - - [19/Aug/2013:17:03:40 -0400] "GET /Images/islandGreeneryLogo.png HTTP/1.1" 200 52254 "http://www.islandgreenery.net/CSS/main.css" "Mozilla/5.0 (Windows NT 5.1; rv:23.0) Gecko/20100101 Firefox/23.0"
12.111.223.151 - - [19/Aug/2013:17:42:17 -0400] "GET /galleries/landscape/data1/images/landscape1.jpg HTTP/1.1" 200 59675 "-" "Mozilla/4.0 (compatible;)"
12.111.223.151 - - [19/Aug/2013:17:42:17 -0400] "GET /galleries/landscape/data1/images/landscape8.jpg HTTP/1.1" 200 63230 "-" "Mozilla/4.0 (compatible;)"
12.111.223.151 - - [19/Aug/2013:17:42:17 -0400] "GET /galleries/landscape/data1/images/landscape11.jpg HTTP/1.1" 200 58935 "-" "Mozilla/4.0 (compatible;)"
12.111.223.151 - - [19/Aug/2013:09:25:43 -0400] "GET / HTTP/1.1" 200 4420 "http://search.pch.com/search?q=pompas+grass&nfsp=emtd" "Mozilla/5.0 (compatible; MSIE 10.0; Windows NT 6.1; WOW64; Trident/6.0)"
69.120.139.95 - - [19/Aug/2013:18:15:49 -0400] "GET /Images/Navigation/bluewide.jpg HTTP/1.1" 200 16322 "http://www.islandgreenery.net/" "Mozilla/5.0 (Macintosh; Intel Mac OS X 10_7_5) AppleWebKit/536.30.1 (KHTML, like Gecko) Version/6.0.5 Safari/536.30.1"
12.111.223.151 - - [19/Aug/2013:19:48:27 -0400] "GET /Images/Contact/facebookHov.png HTTP/1.1" 200 6360 "http://www.islandgreenery.net/contact.php" "Mozilla/5.0 (compatible; MSIE 9.0; Windows NT 6.1; WOW64; Trident/5.0; NP06)"
74.90.27.87 - - [19/Aug/2013:15:18:10 -0400] "GET /galleries/landscape/engine1/jquery.js HTTP/1.1" 200 78663 "http://www.islandgreenery.net/galleries/landscape/index.html" "Mozilla/5.0 (Windows NT 6.1; WOW64) AppleWebKit/537.36 (KHTML, like Gecko) Chrome/28.0.1500.95 Safari/537.36"
74.90.27.87 - - [19/Aug/2013:15:18:10 -0400] "GET /galleries/landscape/data1/images/landscape9.jpg HTTP/1.1" 200 63212 "http://www.islandgreenery.net/galleries/landscape/index.html" "Mozilla/5.0 (Windows NT 6.1; WOW64) AppleWebKit/537.36 (KHTML, like Gecko) Chrome/28.0.1500.95 Safari/537.36"
12.111.223.151 - - [19/Aug/2013:16:41:20 -0400] "GET /galleries/landscape/engine1/wowslider.js HTTP/1.1" 200 8598 "http://www.islandgreenery.net/galleries/landscape/index.html" "Mozilla/5.0 (Macintosh; U; Intel Mac OS X 10_5_5; en-us) AppleWebKit/525.18 (KHTML, like Gecko) Version/3.1.2 Safari/525.20.1"
170.74.56.78 - - [19/Aug/2013:17:14:08 -0400] "GET /Images/Navigation/greenwide.jpg HTTP/1.1" 200 15999 "http://www.islandgreenery.net/" "Mozilla/5.0 (Windows NT 6.1; WOW64) AppleWebKit/537.36 (KHTML, like Gecko) Chrome/28.0.1500.71 Safari/537.36"
170.74.56.78 - - [19/Aug/2013:17:14:09 -0400] "GET /landscape.html HTTP/1.1" 200 4783 "http://www.islandgreenery.net/" "Mozilla/5.0 (Windows NT 6.1; WOW64) AppleWebKit/537.36 (KHTML, like Gecko) Chrome/28.0.1500.71 Safari/537.36"
170.74.56.78 - - [19/Aug/2013:17:14:09 -0400] "GET /galleries/landscape/data1/images/landscape7.jpg HTTP/1.1" 200 62854 "-" "Mozilla/4.0 (compatible;)"
67.85.252.17 - - [19/Aug/2013:18:01:08 -0400] "GET /lawn.html HTTP/1.1" 200 4728 "http://www.islandgreenery.net/garden.html" "Mozilla/5.0 (iPad; CPU OS 6_1_3 like Mac OS X) AppleWebKit/536.26 (KHTML, like Gecko) Version/6.0 Mobile/10B329 Safari/8536.25"
69.120.139.95 - - [19/Aug/2013:18:15:44 -0400] "GET / HTTP/1.1" 200 4420 "http://www.google.com/url?sa=t&rct=j&q=propane%2011568&source=web&cd=6&cad=rja&ved=0CF4QFjAF&url=http%3A%2F%2Fwww.islandgreenery.net%2F&ei=6JcSUryVN9LH4AOYo4CwAQ&usg=AFQjCNEISiWO86uAjfJ8kOne3AognXhRBA&bvm=bv.50768961,d.dmg" "Mozilla/5.0 (Macintosh; Intel Mac OS X 10_7_5) AppleWebKit/536.30.1 (KHTML, like Gecko) Version/6.0.5 Safari/536.30.1"
69.120.139.95 - - [19/Aug/2013:18:15:44 -0400] "GET /CSS/main.css HTTP/1.1" 200 7040 "http://www.islandgreenery.net/" "Mozilla/5.0 (Macintosh; Intel Mac OS X 10_7_5) AppleWebKit/536.30.1 (KHTML, like Gecko) Version/6.0.5 Safari/536.30.1"
69.120.139.95 - - [19/Aug/2013:18:15:45 -0400] "GET /Images/islandGreeneryLogo.png HTTP/1.1" 200 52254 "http://www.islandgreenery.net/" "Mozilla/5.0 (Macintosh; Intel Mac OS X 10_7_5) AppleWebKit/536.30.1 (KHTML, like Gecko) Version/6.0.5 Safari/536.30.1"
12.111.223.151 - - [19/Aug/2013:18:43:22 -0400] "GET /Images/islandGreeneryLogo.png HTTP/1.1" 200 52254 "http://www.islandgreenery.net/?adid-2E343B92-B097-442c-BFA5-BE371E0325A2=1628866&kw-2E343B92-B097-442c-BFA5-BE371E0325A2=pergolas" "Mozilla/5.0 (compatible; MSIE 10.0; Windows NT 6.2; WOW64; Trident/6.0)"
12.111.223.151 - - [19/Aug/2013:18:46:16 -0400] "GET / HTTP/1.1" 200 4420 "-" "Mozilla/4.0 (compatible; MSIE 7.0; Windows NT 5.1; .NET CLR 1.1.4322; .NET CLR 2.0.50727)"
12.111.223.151 - - [19/Aug/2013:19:24:11 -0400] "GET /Images/lineThin.png HTTP/1.1" 200 2938 "http://www.islandgreenery.net/CSS/main.css" "Mozilla/5.0 (Windows NT 6.0; WOW64; rv:23.0) Gecko/20100101 Firefox/23.0"
12.111.223.151 - - [19/Aug/2013:09:17:35 -0400] "GET / HTTP/1.1" 200 4420 "-" "adidxbot/2.0 (+http://search.msn.com/msnbot.htm)"
12.111.223.151 - - [19/Aug/2013:10:55:56 -0400] "GET /Images/lineThin.png HTTP/1.1" 200 2938 "http://www.islandgreenery.net/?adid-2E343B92-B097-442c-BFA5-BE371E0325A2=1628871&kw-2E343B92-B097-442c-BFA5-BE371E0325A2=bulk+mulch" "Mozilla/5.0 (Windows NT 6.1; WOW64) AppleWebKit/534+ (KHTML, like Gecko) BingPreview/1.0b"
198.228.201.151 - - [19/Aug/2013:23:35:21 -0400] "GET /Images/lineThick.png HTTP/1.1" 200 12232 "http://www.islandgreenery.net/" "Mozilla/5.0 (iPhone; CPU iPhone OS 6_1_4 like Mac OS X) AppleWebKit/536.26 (KHTML, like Gecko) Mobile/10B350"
91.207.9.226 - - [19/Aug/2013:23:56:50 -0400] "GET / HTTP/1.1" 200 4420 "http://clubsovetov.ru/" "Mozilla/4.0 (compatible; MSIE 6.0; Windows NT 5.1; SV1; FunWebProducts)"
12.111.223.151 - - [19/Aug/2013:14:24:49 -0400] "GET / HTTP/1.1" 200 4420 "-" "Mozilla/4.0 (compatible; MSIE 7.0; Windows NT 5.1; .NET CLR 1.1.4322; .NET CLR 2.0.50727)"
12.111.223.151 - - [19/Aug/2013:06:14:46 -0400] "GET / HTTP/1.1" 200 4420 "-" "Mozilla/4.0 (compatible; MSIE 7.0; Windows NT 5.1; .NET CLR 1.1.4322; .NET CLR 2.0.50727)"
193.106.136.50 - - [19/Aug/2013:06:25:35 -0400] "GET / HTTP/1.1" 200 4420 "http://timetorelax.biz/" "Mozilla/4.0 (compatible; MSIE 6.0; Windows NT 5.1; SV1)"
74.90.27.87 - - [19/Aug/2013:15:18:10 -0400] "GET /galleries/landscape/engine1/wowslider.js HTTP/1.1" 200 8598 "http://www.islandgreenery.net/galleries/landscape/index.html" "Mozilla/5.0 (Windows NT 6.1; WOW64) AppleWebKit/537.36 (KHTML, like Gecko) Chrome/28.0.1500.95 Safari/537.36"
74.90.27.87 - - [19/Aug/2013:15:18:10 -0400] "GET /galleries/landscape/data1/images/landscape6.jpg HTTP/1.1" 200 65336 "http://www.islandgreenery.net/galleries/landscape/index.html" "Mozilla/5.0 (Windows NT 6.1; WOW64) AppleWebKit/537.36 (KHTML, like Gecko) Chrome/28.0.1500.95 Safari/537.36"
74.90.27.87 - - [19/Aug/2013:15:18:10 -0400] "GET /galleries/landscape/data1/images/landscape10.jpg HTTP/1.1" 200 63938 "http://www.islandgreenery.net/galleries/landscape/index.html" "Mozilla/5.0 (Windows NT 6.1; WOW64) AppleWebKit/537.36 (KHTML, like Gecko) Chrome/28.0.1500.95 Safari/537.36"
74.90.27.87 - - [19/Aug/2013:15:18:12 -0400] "GET /favicon.ico HTTP/1.1" 404 575 "-" "Mozilla/5.0 (Windows NT 6.1; WOW64) AppleWebKit/537.36 (KHTML, like Gecko) Chrome/28.0.1500.95 Safari/537.36"
12.111.223.151 - - [19/Aug/2013:15:35:47 -0400] "GET /Images/Home/mainPic.jpg HTTP/1.1" 200 209933 "http://www.islandgreenery.net/?adid-2E343B92-B097-442c-BFA5-BE371E0325A2=1607045&kw-2E343B92-B097-442c-BFA5-BE371E0325A2=evergreen+trees" "Mozilla/5.0 (compatible; MSIE 10.0; Windows NT 6.1; WOW64; Trident/6.0)"
12.111.223.151 - - [19/Aug/2013:16:40:54 -0400] "GET /CSS/main.css HTTP/1.1" 200 7040 "http://www.islandgreenery.net/?adid-2E343B92-B097-442c-BFA5-BE371E0325A2=1607093&kw-2E343B92-B097-442c-BFA5-BE371E0325A2=buy+shrubs" "Mozilla/5.0 (Macintosh; U; Intel Mac OS X 10_5_5; en-us) AppleWebKit/525.18 (KHTML, like Gecko) Version/3.1.2 Safari/525.20.1"
12.111.223.151 - - [19/Aug/2013:17:03:40 -0400] "GET /Images/Home/seasonSpecials.png HTTP/1.1" 200 35145 "http://www.islandgreenery.net/CSS/main.css" "Mozilla/5.0 (Windows NT 5.1; rv:23.0) Gecko/20100101 Firefox/23.0"
