12.111.223.151 - - [20/Jun/2014:11:38:34 -0400] "GET / HTTP/1.1" 200 4374 "http://www.google.com/uds/afs?q=hicks%20nursery%20westbury&client=aj-mega&channel=ux-other%2Cx-tsrc-ask%2Cx-dune-df%2Cx-dc-dupont%2Czz-other-aw%2Cx-test1%2Cx-ch-ggweb%2Cx-age-1wk%2Cx-site-mws-new%2Cx-tsts-pp%2Cx-tpr-tabsbsug%2Cx-st-other%2Cx-us-mws%2Cx-ld-yya%2Cx-br-chrome%2Cx-mktg-uxxdm327%2Cx-mktg-ux-xdm327%2Cx-prod-ux%2Cx-geo-us%2CCh-019&hl=en&adtest=off&adsafe=medium&lo=true&adpage=1&adrep=3&po=true&r=m&fexp=21404%2C7000107&oe=UTF-8&ie=UTF-8&jsei=3&format=p7%7Cn3&ad=n3p7&nocache=1431403278691897&num=0&output=uds_ads_only&v=3&adlh=on&adext=as1%2Cl1%2Csr1&u_his=2&u_tz=-240&dt=1403278691898&u_w=1280&u_h=1024&biw=1183&bih=869&psw=1183&psh=0&frm=0&uio=uv3va1sl1sr1lHlo1po1ri1-st17sd13sv13-st17sd13sv13&rurl=http%3A%2F%2Fsearch.tb.ask.com%2Fsearch%2FGGmain.jhtml%3Fsearchfor%3Dhicks%2520nursery%2520westbury%26st%3Dtab%26ptb%3D2E06A620-2F50-4D4A-97C0-B1741E6018E7%26n%3D780c248a%26ind%3D2014061706%26ct%3DSS%26pg%3DGGmain%26tpr%3Dtabsbsug%26p2%3D%5EUX%5Exdm327%5EYYA%5Eus%26si%3DCD13474" "Mozilla/5.0 (Windows NT 6.1; WOW64) AppleWebKit/537.36 (KHTML, like Gecko) Chrome/35.0.1916.153 Safari/537.36"
12.111.223.151 - - [20/Jun/2014:11:38:34 -0400] "GET /Images/Home/propane.jpg HTTP/1.1" 200 29411 "http://www.islandgreenery.net/?adid-2E343B92-B097-442c-BFA5-BE371E0325A2=1607093&kw-2E343B92-B097-442c-BFA5-BE371E0325A2=nursery" "Mozilla/5.0 (Windows NT 6.1; WOW64) AppleWebKit/537.36 (KHTML, like Gecko) Chrome/35.0.1916.153 Safari/537.36"
12.111.223.151 - - [20/Jun/2014:11:54:42 -0400] "GET /Images/Home/centerImages.png HTTP/1.1" 200 133174 "http://www.islandgreenery.net/?adid-2E343B92-B097-442c-BFA5-BE371E0325A2=1607045&kw-2E343B92-B097-442c-BFA5-BE371E0325A2=leyland+cypress" "Mozilla/5.0 (Linux; U; Android 4.3; en-us; SCH-I535 Build/JSS15J) AppleWebKit/534.30 (KHTML, like Gecko) Version/4.0 Mobile Safari/534.30"
12.111.223.151 - - [20/Jun/2014:00:17:50 -0400] "GET /Images/lineThick.png HTTP/1.1" 200 12232 "http://www.islandgreenery.net/CSS/main.css" "Mozilla/5.0 (Windows NT 6.1; WOW64; rv:30.0) Gecko/20100101 Firefox/30.0"
12.111.223.151 - - [20/Jun/2014:01:40:04 -0400] "GET /Images/Home/seasonSpecials.png HTTP/1.1" 200 35145 "http://www.islandgreenery.net/?adid-2E343B92-B097-442c-BFA5-BE371E0325A2=1607093&kw-2E343B92-B097-442c-BFA5-BE371E0325A2=shrub+nursery" "Mozilla/4.0 (compatible; MSIE 8.0; Windows NT 6.1; Trident/4.0)"
217.69.133.194 - - [20/Jun/2014:03:03:51 -0400] "GET /robots.txt HTTP/1.1" 404 575 "-" "Mozilla/5.0 (compatible; Linux x86_64; Mail.RU_Bot/2.0; +http://go.mail.ru/help/robots)"
47.23.4.91 - - [20/Jun/2014:06:38:23 -0400] "GET /galleries/landscape/engine1/wowslider.js HTTP/1.1" 200 8598 "http://www.islandgreenery.net/galleries/landscape/index.html" "Mozilla/5.0 (Windows NT 6.1; WOW64) AppleWebKit/537.36 (KHTML, like Gecko) Chrome/35.0.1916.153 Safari/537.36"
47.23.4.91 - - [20/Jun/2014:06:38:23 -0400] "GET /galleries/landscape/data1/images/landscape6.jpg HTTP/1.1" 200 65336 "http://www.islandgreenery.net/galleries/landscape/index.html" "Mozilla/5.0 (Windows NT 6.1; WOW64) AppleWebKit/537.36 (KHTML, like Gecko) Chrome/35.0.1916.153 Safari/537.36"
47.23.4.91 - - [20/Jun/2014:06:38:23 -0400] "GET /galleries/landscape/data1/images/landscape9.jpg HTTP/1.1" 200 63212 "http://www.islandgreenery.net/galleries/landscape/index.html" "Mozilla/5.0 (Windows NT 6.1; WOW64) AppleWebKit/537.36 (KHTML, like Gecko) Chrome/35.0.1916.153 Safari/537.36"
12.111.223.151 - - [20/Jun/2014:13:00:47 -0400] "GET /Images/Navigation/ThinBlue.png HTTP/1.1" 200 7349 "http://www.islandgreenery.net/?adid-2E343B92-B097-442c-BFA5-BE371E0325A2=1607093&kw-2E343B92-B097-442c-BFA5-BE371E0325A2=ornamental+grasses" "Mozilla/4.0 (compatible; MSIE 8.0; Windows NT 6.1; Trident/4.0; SLCC2; .NET CLR 2.0.50727; .NET CLR 3.5.30729; .NET CLR 3.0.30729; Media Center PC 6.0)"
12.111.223.151 - - [20/Jun/2014:13:00:47 -0400] "GET /Images/Navigation/bluewide.jpg HTTP/1.1" 200 16322 "http://www.islandgreenery.net/?adid-2E343B92-B097-442c-BFA5-BE371E0325A2=1607093&kw-2E343B92-B097-442c-BFA5-BE371E0325A2=ornamental+grasses" "Mozilla/4.0 (compatible; MSIE 8.0; Windows NT 6.1; Trident/4.0; SLCC2; .NET CLR 2.0.50727; .NET CLR 3.5.30729; .NET CLR 3.0.30729; Media Center PC 6.0)"
12.111.223.151 - - [20/Jun/2014:13:00:49 -0400] "GET /favicon.ico HTTP/1.1" 404 575 "-" "Mozilla/4.0 (compatible; MSIE 8.0; Windows NT 6.1; Trident/4.0; SLCC2; .NET CLR 2.0.50727; .NET CLR 3.5.30729; .NET CLR 3.0.30729; Media Center PC 6.0)"
12.111.223.151 - - [20/Jun/2014:14:22:11 -0400] "GET / HTTP/1.1" 200 4374 "-" "Mozilla/5.0 (iPhone; CPU iPhone OS 6_0_1 like Mac OS X) AppleWebKit/536.26 (KHTML; like Gecko) Version/6.0 Mobile/10A523 Safari/8536.25 BingPreview/1.0b"
12.111.223.151 - - [20/Jun/2014:15:04:10 -0400] "GET /galleries/landscape/data1/images/landscape2.jpg HTTP/1.1" 200 55028 "http://www.islandgreenery.net/galleries/landscape/index.html" "Mozilla/5.0 (Macintosh; Intel Mac OS X 10_9_3) AppleWebKit/537.76.4 (KHTML, like Gecko) Version/7.0.4 Safari/537.76.4"
12.111.223.151 - - [20/Jun/2014:15:05:17 -0400] "GET /Images/Home/centerImages.png HTTP/1.1" 200 133174 "http://www.islandgreenery.net/index.html" "Mozilla/5.0 (Macintosh; Intel Mac OS X 10_9_3) AppleWebKit/537.76.4 (KHTML, like Gecko) Version/7.0.4 Safari/537.76.4"
12.111.223.151 - - [20/Jun/2014:15:49:13 -0400] "GET /galleries/masonry/index.html HTTP/1.1" 200 2346 "http://www.islandgreenery.net/masonry.html" "Mozilla/5.0 (Windows NT 6.1; WOW64; Trident/7.0; rv:11.0) like Gecko"
12.111.223.151 - - [20/Jun/2014:15:49:50 -0400] "GET /index.html HTTP/1.1" 200 4374 "http://www.islandgreenery.net/?adid-2E343B92-B097-442c-BFA5-BE371E0325A2=1607089&kw-2E343B92-B097-442c-BFA5-BE371E0325A2=outdoor+steps" "Mozilla/5.0 (Windows NT 6.1; WOW64; Trident/7.0; rv:11.0) like Gecko"
12.111.223.151 - - [20/Jun/2014:16:48:22 -0400] "GET /Images/Home/propane.jpg HTTP/1.1" 200 29411 "http://www.islandgreenery.net/?adid-2E343B92-B097-442c-BFA5-BE371E0325A2=1607045&kw-2E343B92-B097-442c-BFA5-BE371E0325A2=leyland+cypress" "Mozilla/4.0 (compatible; MSIE 8.0; Windows NT 5.1; Trident/4.0; .NET CLR 1.1.4322; .NET CLR 2.0.50727; .NET CLR 3.0.4506.2152; .NET CLR 3.5.30729; .NET4.0C)"
12.111.223.151 - - [20/Jun/2014:17:40:20 -0400] "GET /Images/Navigation/ThinBlue.png HTTP/1.1" 200 7349 "http://www.islandgreenery.net/?adid-2E343B92-B097-442c-BFA5-BE371E0325A2=1607091&kw-2E343B92-B097-442c-BFA5-BE371E0325A2=landscaping+designs" "Mozilla/5.0 (Macintosh; Intel Mac OS X 10_5_8) AppleWebKit/534.50.2 (KHTML, like Gecko) Version/5.0.6 Safari/533.22.3"
12.111.223.151 - - [20/Jun/2014:20:40:57 -0400] "GET / HTTP/1.1" 200 4374 "-" "Mozilla/4.0 (compatible; MSIE 7.0; Windows NT 5.1; .NET CLR 1.1.4322; .NET CLR 2.0.50727)"
174.254.192.7 - - [20/Jun/2014:20:43:21 -0400] "GET /Images/Navigation/bluewide.jpg HTTP/1.1" 200 16322 "http://www.islandgreenery.net/" "Mozilla/5.0 (iPhone; CPU iPhone OS 7_0_4 like Mac OS X) AppleWebKit/536.26 (KHTML, like Gecko) GSA/3.1.0.23513 Mobile/11B554a Safari/8536.25"
173.52.108.201 - - [20/Jun/2014:21:30:57 -0400] "GET /favicon.ico HTTP/1.1" 404 575 "-" "Mozilla/5.0 (iPad; CPU OS 7_1_1 like Mac OS X) AppleWebKit/537.51.1 (KHTML, like Gecko) CriOS/35.0.1916.41 Mobile/11D201 Safari/9537.53"
12.111.223.151 - - [20/Jun/2014:22:49:17 -0400] "GET /Images/Home/seasonSpecials.png HTTP/1.1" 200 35145 "http://www.islandgreenery.net/?adid-2E343B92-B097-442c-BFA5-BE371E0325A2=1607093&kw-2E343B92-B097-442c-BFA5-BE371E0325A2=tree+nursery" "Mozilla/5.0 (iPad; CPU OS 7_1_1 like Mac OS X) AppleWebKit/537.51.2 (KHTML, like Gecko) Version/7.0 Mobile/11D201 Safari/9537.53"
12.111.223.151 - - [20/Jun/2014:23:15:56 -0400] "GET /CSS/main.css HTTP/1.1" 200 7040 "http://www.islandgreenery.net/?adid-2E343B92-B097-442c-BFA5-BE371E0325A2=1607093&kw-2E343B92-B097-442c-BFA5-BE371E0325A2=tree+nursery" "Mozilla/4.0 (compatible; MSIE 8.0; Windows NT 6.1)"
182.64.169.191 - - [20/Jun/2014:08:18:31 -0400] "GET /contact.php HTTP/1.1" 200 6387 "-" "Mozilla/5.0 (Windows; U; Windows NT 5.1; en-US; rv:1.9.2.19) Gecko/20110707 Firefox/3.6.19 GTB7.1 (.NET CLR 3.5.30729)"
182.64.169.191 - - [20/Jun/2014:08:27:58 -0400] "GET /favicon.ico HTTP/1.1" 404 575 "-" "Mozilla/5.0 (Windows; U; Windows NT 5.1; en-US; rv:1.9.2.19) Gecko/20110707 Firefox/3.6.19 GTB7.1 (.NET CLR 3.5.30729)"
182.64.169.191 - - [20/Jun/2014:08:28:01 -0400] "POST /send_php_mail_script.php HTTP/1.1" 200 83 "http://www.islandgreenery.net/contact.php" "Mozilla/5.0 (Windows; U; Windows NT 5.1; en-US; rv:1.9.2.19) Gecko/20110707 Firefox/3.6.19 GTB7.1 (.NET CLR 3.5.30729)"
182.64.169.191 - - [20/Jun/2014:08:28:03 -0400] "GET /favicon.ico HTTP/1.1" 404 575 "-" "Mozilla/5.0 (Windows; U; Windows NT 5.1; en-US; rv:1.9.2.19) Gecko/20110707 Firefox/3.6.19 GTB7.1 (.NET CLR 3.5.30729)"
12.111.223.151 - - [20/Jun/2014:09:58:55 -0400] "GET /Images/Navigation/greenwide.jpg HTTP/1.1" 200 15999 "http://www.islandgreenery.net/?adid-2E343B92-B097-442c-BFA5-BE371E0325A2=1628866&kw-2E343B92-B097-442c-BFA5-BE371E0325A2=fertilizer" "Mozilla/5.0 (Windows NT 6.1; Trident/7.0; rv:11.0) like Gecko"
66.55.152.251 - - [20/Jun/2014:10:25:50 -0400] "HEAD /CSS/main.css HTTP/1.1" 200 - "-" "Mozilla/5.0 (Windows NT 6.1; WOW64) AppleWebKit/537.36 (KHTML, like Gecko) Chrome/31.0.1650.63 Safari/537.36"
65.254.5.67 - - [20/Jun/2014:10:51:58 -0400] "GET /Images/Navigation/bluewide.jpg HTTP/1.1" 200 16322 "http://www.islandgreenery.net/" "Mozilla/5.0 (Windows NT 6.1; Trident/7.0; rv:11.0) like Gecko"
12.111.223.151 - - [20/Jun/2014:11:25:11 -0400] "GET /Images/Navigation/greenwide.jpg HTTP/1.1" 200 15999 "http://www.islandgreenery.net/?adid-2E343B92-B097-442c-BFA5-BE371E0325A2=1607093&kw-2E343B92-B097-442c-BFA5-BE371E0325A2=nursery" "Mozilla/5.0 (Windows NT 6.1; WOW64; Trident/7.0; rv:11.0) like Gecko"
12.111.223.151 - - [20/Jun/2014:11:38:18 -0400] "GET /Images/Navigation/ThinBlue.png HTTP/1.1" 200 7349 "http://www.islandgreenery.net/?adid-2E343B92-B097-442c-BFA5-BE371E0325A2=1607093&kw-2E343B92-B097-442c-BFA5-BE371E0325A2=nursery" "Mozilla/5.0 (Windows NT 6.1; WOW64) AppleWebKit/537.36 (KHTML, like Gecko) Chrome/35.0.1916.153 Safari/537.36"
12.111.223.151 - - [20/Jun/2014:00:37:40 -0400] "GET /CSS/text.css HTTP/1.1" 200 731 "http://www.islandgreenery.net/?adid-2E343B92-B097-442c-BFA5-BE371E0325A2=1607091&kw-2E343B92-B097-442c-BFA5-BE371E0325A2=evergreen+trees" "Mozilla/4.0 (compatible; MSIE 8.0; Windows NT 6.1; Trident/4.0)"
66.249.67.28 - - [20/Jun/2014:01:25:35 -0400] "GET /galleries/landscape/engine1/style.css HTTP/1.1" 200 4067 "-" "Mozilla/5.0 (compatible; Googlebot/2.1; +http://www.google.com/bot.html)"
12.111.223.151 - - [20/Jun/2014:03:30:06 -0400] "GET /Images/Home/propane.jpg HTTP/1.1" 200 29411 "http://www.islandgreenery.net/?adid-2E343B92-B097-442c-BFA5-BE371E0325A2=1607091&kw-2E343B92-B097-442c-BFA5-BE371E0325A2=mulch+installation" "Mozilla/4.0 (compatible; MSIE 8.0; Windows NT 6.1; Trident/4.0)"
12.111.223.151 - - [20/Jun/2014:03:58:32 -0400] "GET /CSS/text.css HTTP/1.1" 200 731 "http://www.islandgreenery.net/?adid-2E343B92-B097-442c-BFA5-BE371E0325A2=1607093&kw-2E343B92-B097-442c-BFA5-BE371E0325A2=vegetable+plants" "Mozilla/5.0 (Linux; U; Android 4.3; en-us; SPH-L710 Build/JSS15J) AppleWebKit/534.30 (KHTML, like Gecko) Version/4.0 Mobile Safari/534.30"
12.111.223.151 - - [20/Jun/2014:03:59:34 -0400] "GET /Images/Home/centerImages.png HTTP/1.1" 200 133174 "http://www.islandgreenery.net/?adid-2E343B92-B097-442c-BFA5-BE371E0325A2=1607091&kw-2E343B92-B097-442c-BFA5-BE371E0325A2=sod+installation" "Mozilla/5.0 (Macintosh; Intel Mac OS X 10_6_8) AppleWebKit/534.59.8 (KHTML, like Gecko) Version/5.1.9 Safari/534.59.8"
12.111.223.151 - - [20/Jun/2014:06:00:31 -0400] "GET /CSS/main.css HTTP/1.1" 200 7040 "http://www.islandgreenery.net/?adid-2E343B92-B097-442c-BFA5-BE371E0325A2=1607092&kw-2E343B92-B097-442c-BFA5-BE371E0325A2=bulk+mulch+delivery" "Mozilla/5.0 (Windows NT 6.1; WOW64) AppleWebKit/537.36 (KHTML, like Gecko) Chrome/35.0.1916.153 Safari/537.36"
12.111.223.151 - - [20/Jun/2014:06:00:31 -0400] "GET /Images/lineThick.png HTTP/1.1" 200 12232 "http://www.islandgreenery.net/?adid-2E343B92-B097-442c-BFA5-BE371E0325A2=1607092&kw-2E343B92-B097-442c-BFA5-BE371E0325A2=bulk+mulch+delivery" "Mozilla/5.0 (Windows NT 6.1; WOW64) AppleWebKit/537.36 (KHTML, like Gecko) Chrome/35.0.1916.153 Safari/537.36"
12.111.223.151 - - [20/Jun/2014:13:00:44 -0400] "GET / HTTP/1.1" 200 4374 "http://www.google.co.in/url?sa=t&rct=j&q=&esrc=s&source=web&cd=1&ved=0CCwQFjAG&url=http%3A%2F%2Fclicktracking.yellowbook.com%2Ftrackingenginewebapp%2Ftracking.html%3FMB_ID%3D58694%26SE_ID%3D2%26AG_ID%3D635009%26AD_ID%3D1607093%26kw%3Dornamental%2520grasses%26kw_type%3D%26C_ID%3D148747%26SE_AD_ID%3D29030453047&ei=mWikU_TWCI3ovAb_igE&usg=AFQjCNG4wbK3MLyGZSNVd2lvRuRB5EmPHQ" "Mozilla/4.0 (compatible; MSIE 8.0; Windows NT 6.1; Trident/4.0; SLCC2; .NET CLR 2.0.50727; .NET CLR 3.5.30729; .NET CLR 3.0.30729; Media Center PC 6.0)"
12.111.223.151 - - [20/Jun/2014:15:04:10 -0400] "GET /galleries/landscape/data1/images/landscape9.jpg HTTP/1.1" 200 63212 "http://www.islandgreenery.net/galleries/landscape/index.html" "Mozilla/5.0 (Macintosh; Intel Mac OS X 10_9_3) AppleWebKit/537.76.4 (KHTML, like Gecko) Version/7.0.4 Safari/537.76.4"
12.111.223.151 - - [20/Jun/2014:17:24:57 -0400] "GET /favicon.ico HTTP/1.1" 404 575 "http://www.islandgreenery.net/?adid-2E343B92-B097-442c-BFA5-BE371E0325A2=1607045&kw-2E343B92-B097-442c-BFA5-BE371E0325A2=potting+soil" "Mozilla/5.0 (Macintosh; Intel Mac OS X 10_8_5) AppleWebKit/537.76.4 (KHTML, like Gecko) Version/6.1.4 Safari/537.76.4"
12.111.223.151 - - [20/Jun/2014:17:29:34 -0400] "GET /galleries/landscape/index.html HTTP/1.1" 200 2481 "http://www.islandgreenery.net/landscape.html" "Mozilla/5.0 (Macintosh; Intel Mac OS X 10_9_2) AppleWebKit/537.74.9 (KHTML, like Gecko) Version/7.0.2 Safari/537.74.9"
12.111.223.151 - - [20/Jun/2014:17:51:55 -0400] "GET /garden.html HTTP/1.1" 200 4730 "http://www.islandgreenery.net/?adid-2E343B92-B097-442c-BFA5-BE371E0325A2=1607088&kw-2E343B92-B097-442c-BFA5-BE371E0325A2=garden+wall" "Mozilla/5.0 (Macintosh; Intel Mac OS X 10_5_8) AppleWebKit/534.50.2 (KHTML, like Gecko) Version/5.0.6 Safari/533.22.3"
66.249.65.41 - - [20/Jun/2014:20:27:24 -0400] "GET /propane.html HTTP/1.1" 304 - "-" "Mozilla/5.0 (compatible; Googlebot/2.1; +http://www.google.com/bot.html)"
47.16.103.14 - - [20/Jun/2014:20:28:23 -0400] "GET /Images/lineThick.png HTTP/1.1" 200 12232 "http://www.islandgreenery.net/CSS/main.css" "Mozilla/5.0 (Windows NT 6.1; rv:29.0) Gecko/20100101 Firefox/29.0"
12.111.223.151 - - [20/Jun/2014:23:15:58 -0400] "GET /Images/lineThick.png HTTP/1.1" 200 12232 "http://www.islandgreenery.net/?adid-2E343B92-B097-442c-BFA5-BE371E0325A2=1607093&kw-2E343B92-B097-442c-BFA5-BE371E0325A2=tree+nursery" "Mozilla/4.0 (compatible; MSIE 8.0; Windows NT 6.1)"
12.111.223.151 - - [20/Jun/2014:09:49:44 -0400] "GET /CSS/main.css HTTP/1.1" 200 7040 "http://www.islandgreenery.net/?adid-2E343B92-B097-442c-BFA5-BE371E0325A2=1607093&kw-2E343B92-B097-442c-BFA5-BE371E0325A2=tree+nursery" "Mozilla/5.0 (Macintosh; Intel Mac OS X 10_9_3) AppleWebKit/537.36 (KHTML, like Gecko) Chrome/35.0.1916.153 Safari/537.36"
12.111.223.151 - - [20/Jun/2014:10:41:28 -0400] "GET /Images/lineThick.png HTTP/1.1" 200 12232 "http://www.islandgreenery.net/?adid-2E343B92-B097-442c-BFA5-BE371E0325A2=1607091&kw-2E343B92-B097-442c-BFA5-BE371E0325A2=flowering+trees" "Mozilla/5.0 (compatible; MSIE 8.0; Windows NT 5.1; Trident/4.0; .NET CLR 1.1.4322; .NET CLR 2.0.50727)"
12.111.223.151 - - [20/Jun/2014:11:30:02 -0400] "GET / HTTP/1.1" 200 4374 "http://www.google.co.in/url?sa=t&rct=j&q=&esrc=s&source=web&cd=1&ved=0CDQQFjAD&url=http%3A%2F%2Fclicktracking.yellowbook.com%2Ftrackingenginewebapp%2Ftracking.html%3FMB_ID%3D58694%26SE_ID%3D2%26AG_ID%3D635007%26AD_ID%3D1607091%26kw%3Devergreen%2520shrubs%26kw_type%3D%26C_ID%3D148747%26SE_AD_ID%3D29030452567&ei=WlOkU6m8MoXfpQGjag&usg=AFQjCNE-TruCzLOZESF3l41LZ80e5gq5DA" "Mozilla/4.0 (compatible; MSIE 8.0; Windows NT 5.1; Trident/4.0; .NET CLR 1.1.4322; .NET CLR 2.0.50727; .NET CLR 3.0.4506.2152; .NET CLR 3.5.30729; .NET4.0C)"
12.111.223.151 - - [20/Jun/2014:11:38:34 -0400] "GET /Images/Navigation/ThinBlue.png HTTP/1.1" 200 7349 "http://www.islandgreenery.net/?adid-2E343B92-B097-442c-BFA5-BE371E0325A2=1607093&kw-2E343B92-B097-442c-BFA5-BE371E0325A2=nursery" "Mozilla/5.0 (Windows NT 6.1; WOW64) AppleWebKit/537.36 (KHTML, like Gecko) Chrome/35.0.1916.153 Safari/537.36"
12.111.223.151 - - [20/Jun/2014:11:38:34 -0400] "GET /Images/Home/seasonSpecials.png HTTP/1.1" 200 35145 "http://www.islandgreenery.net/?adid-2E343B92-B097-442c-BFA5-BE371E0325A2=1607093&kw-2E343B92-B097-442c-BFA5-BE371E0325A2=nursery" "Mozilla/5.0 (Windows NT 6.1; WOW64) AppleWebKit/537.36 (KHTML, like Gecko) Chrome/35.0.1916.153 Safari/537.36"
208.255.153.10 - - [20/Jun/2014:11:42:03 -0400] "GET /galleries/landscape/engine1/script.js HTTP/1.1" 200 1611 "http://www.islandgreenery.net/galleries/landscape/index.html" "Mozilla/5.0 (Windows NT 6.1; WOW64) AppleWebKit/537.36 (KHTML, like Gecko) Chrome/35.0.1916.153 Safari/537.36"
208.255.153.10 - - [20/Jun/2014:11:42:03 -0400] "GET /galleries/landscape/data1/images/landscape4.jpg HTTP/1.1" 200 53003 "http://www.islandgreenery.net/galleries/landscape/index.html" "Mozilla/5.0 (Windows NT 6.1; WOW64) AppleWebKit/537.36 (KHTML, like Gecko) Chrome/35.0.1916.153 Safari/537.36"
208.255.153.10 - - [20/Jun/2014:11:42:03 -0400] "GET /galleries/landscape/data1/images/landscape11.jpg HTTP/1.1" 200 58935 "http://www.islandgreenery.net/galleries/landscape/index.html" "Mozilla/5.0 (Windows NT 6.1; WOW64) AppleWebKit/537.36 (KHTML, like Gecko) Chrome/35.0.1916.153 Safari/537.36"
75.127.138.21 - - [20/Jun/2014:11:56:30 -0400] "GET /Images/Navigation/greenwide.jpg HTTP/1.1" 200 15999 "http://www.islandgreenery.net/" "Mozilla/5.0 (Windows NT 6.1; WOW64) AppleWebKit/537.36 (KHTML, like Gecko) Chrome/35.0.1916.153 Safari/537.36"
75.127.138.21 - - [20/Jun/2014:11:56:30 -0400] "GET /landscape.html HTTP/1.1" 200 4783 "http://www.islandgreenery.net/" "Mozilla/5.0 (Windows NT 6.1; WOW64) AppleWebKit/537.36 (KHTML, like Gecko) Chrome/35.0.1916.153 Safari/537.36"
75.127.138.21 - - [20/Jun/2014:11:56:30 -0400] "GET /galleries/landscape/index.html HTTP/1.1" 200 2481 "http://www.islandgreenery.net/landscape.html" "Mozilla/5.0 (Windows NT 6.1; WOW64) AppleWebKit/537.36 (KHTML, like Gecko) Chrome/35.0.1916.153 Safari/537.36"
75.127.138.21 - - [20/Jun/2014:11:56:30 -0400] "GET /galleries/landscape/engine1/style.css HTTP/1.1" 200 4067 "http://www.islandgreenery.net/galleries/landscape/index.html" "Mozilla/5.0 (Windows NT 6.1; WOW64) AppleWebKit/537.36 (KHTML, like Gecko) Chrome/35.0.1916.153 Safari/537.36"
75.127.138.21 - - [20/Jun/2014:11:56:30 -0400] "GET /galleries/landscape/data1/images/landscape2.jpg HTTP/1.1" 200 55028 "http://www.islandgreenery.net/galleries/landscape/index.html" "Mozilla/5.0 (Windows NT 6.1; WOW64) AppleWebKit/537.36 (KHTML, like Gecko) Chrome/35.0.1916.153 Safari/537.36"
75.127.138.21 - - [20/Jun/2014:11:56:30 -0400] "GET /galleries/landscape/data1/images/landscape6.jpg HTTP/1.1" 200 65336 "http://www.islandgreenery.net/galleries/landscape/index.html" "Mozilla/5.0 (Windows NT 6.1; WOW64) AppleWebKit/537.36 (KHTML, like Gecko) Chrome/35.0.1916.153 Safari/537.36"
75.127.138.21 - - [20/Jun/2014:11:56:30 -0400] "GET /galleries/landscape/data1/images/landscape7.jpg HTTP/1.1" 200 62854 "http://www.islandgreenery.net/galleries/landscape/index.html" "Mozilla/5.0 (Windows NT 6.1; WOW64) AppleWebKit/537.36 (KHTML, like Gecko) Chrome/35.0.1916.153 Safari/537.36"
75.127.138.21 - - [20/Jun/2014:11:56:31 -0400] "GET /galleries/landscape/engine1/bg.png HTTP/1.1" 200 1416 "http://www.islandgreenery.net/galleries/landscape/index.html" "Mozilla/5.0 (Windows NT 6.1; WOW64) AppleWebKit/537.36 (KHTML, like Gecko) Chrome/35.0.1916.153 Safari/537.36"
12.111.223.151 - - [20/Jun/2014:02:39:59 -0400] "GET /Images/lineThick.png HTTP/1.1" 200 12232 "http://www.islandgreenery.net/?adid-2E343B92-B097-442c-BFA5-BE371E0325A2=1607045&kw-2E343B92-B097-442c-BFA5-BE371E0325A2=topsoil" "Mozilla/4.0 (compatible; MSIE 8.0; Windows NT 5.1; Trident/4.0; GTB7.5)"
12.111.223.151 - - [20/Jun/2014:06:00:31 -0400] "GET /Images/lineThin.png HTTP/1.1" 200 2938 "http://www.islandgreenery.net/?adid-2E343B92-B097-442c-BFA5-BE371E0325A2=1607092&kw-2E343B92-B097-442c-BFA5-BE371E0325A2=bulk+mulch+delivery" "Mozilla/5.0 (Windows NT 6.1; WOW64) AppleWebKit/537.36 (KHTML, like Gecko) Chrome/35.0.1916.153 Safari/537.36"
12.111.223.151 - - [20/Jun/2014:15:00:20 -0400] "GET /garden.html HTTP/1.1" 200 4730 "http://www.google.com/uds/afs?q=Hedge%20Plants&client=aj-about-sem&channel=4930&hl=en&lo=true&po=true&r=m&fexp=21404%2C7000107&oe=UTF-8&ie=UTF-8&jsei=3&format=p9&ad=p9a9&nocache=7741403290778224&num=0&output=uds_ads_only&v=3&adlh=on&adext=as1%2Cl1%2Csr1&u_his=2&u_tz=-240&dt=1403290778224&u_w=1920&u_h=1080&biw=1847&bih=823&psw=1847&psh=1267&frm=0&uio=uv3sl1lo1sr1lHpo1ff1st16sa12lt24ld18lv18va1da1-&rurl=http%3A%2F%2Flandscaping.about.com%2Fz%2Fjs%2Fo.htm%3Fk%3Dhedge%2520plants%26d%3DHedge%2520Plants%26r%3Dhttp%3A%2F%2Flandscaping.about.com%2Fod%2Fhedgesfences%2Fa%2Fhedge_plants.htm&referer=http%3A%2F%2Flandscaping.about.com%2Fod%2Fhedgesfences%2Fa%2Fhedge_plants.htm" "Mozilla/5.0 (Macintosh; Intel Mac OS X 10_9_3) AppleWebKit/537.76.4 (KHTML, like Gecko) Version/7.0.4 Safari/537.76.4"
12.111.223.151 - - [20/Jun/2014:15:04:10 -0400] "GET /galleries/landscape/data1/images/landscape12.jpg HTTP/1.1" 200 57429 "http://www.islandgreenery.net/galleries/landscape/index.html" "Mozilla/5.0 (Macintosh; Intel Mac OS X 10_9_3) AppleWebKit/537.76.4 (KHTML, like Gecko) Version/7.0.4 Safari/537.76.4"
12.111.223.151 - - [20/Jun/2014:17:24:56 -0400] "GET /Images/Home/centerImages.png HTTP/1.1" 200 133174 "http://www.islandgreenery.net/?adid-2E343B92-B097-442c-BFA5-BE371E0325A2=1607045&kw-2E343B92-B097-442c-BFA5-BE371E0325A2=potting+soil" "Mozilla/5.0 (Macintosh; Intel Mac OS X 10_8_5) AppleWebKit/537.76.4 (KHTML, like Gecko) Version/6.1.4 Safari/537.76.4"
12.111.223.151 - - [20/Jun/2014:17:40:20 -0400] "GET /Images/islandGreeneryLogo.png HTTP/1.1" 200 52254 "http://www.islandgreenery.net/?adid-2E343B92-B097-442c-BFA5-BE371E0325A2=1607091&kw-2E343B92-B097-442c-BFA5-BE371E0325A2=landscaping+designs" "Mozilla/5.0 (Macintosh; Intel Mac OS X 10_5_8) AppleWebKit/534.50.2 (KHTML, like Gecko) Version/5.0.6 Safari/533.22.3"
12.111.223.151 - - [20/Jun/2014:18:58:18 -0400] "GET / HTTP/1.1" 200 4374 "-" "Mozilla/4.0 (compatible; MSIE 7.0; Windows NT 5.1; .NET CLR 1.1.4322; .NET CLR 2.0.50727)"
68.193.125.51 - - [20/Jun/2014:19:18:20 -0400] "GET /Images/Propane/coupon.png HTTP/1.1" 200 43927 "http://www.islandgreenery.net/propane.html" "Mozilla/5.0 (Windows NT 6.1; WOW64) AppleWebKit/537.36 (KHTML, like Gecko) Chrome/35.0.1916.153 Safari/537.36"
68.193.125.51 - - [20/Jun/2014:19:18:20 -0400] "GET /Images/Propane/couponHov.png HTTP/1.1" 200 43910 "http://www.islandgreenery.net/propane.html" "Mozilla/5.0 (Windows NT 6.1; WOW64) AppleWebKit/537.36 (KHTML, like Gecko) Chrome/35.0.1916.153 Safari/537.36"
47.16.103.14 - - [20/Jun/2014:20:28:22 -0400] "GET /CSS/main.css HTTP/1.1" 200 7040 "http://www.islandgreenery.net/" "Mozilla/5.0 (Windows NT 6.1; rv:29.0) Gecko/20100101 Firefox/29.0"
47.16.103.14 - - [20/Jun/2014:20:28:23 -0400] "GET /Images/islandGreeneryLogo.png HTTP/1.1" 200 52254 "http://www.islandgreenery.net/CSS/main.css" "Mozilla/5.0 (Windows NT 6.1; rv:29.0) Gecko/20100101 Firefox/29.0"
47.16.103.14 - - [20/Jun/2014:20:28:23 -0400] "GET /Images/Home/propane.jpg HTTP/1.1" 200 29411 "http://www.islandgreenery.net/CSS/main.css" "Mozilla/5.0 (Windows NT 6.1; rv:29.0) Gecko/20100101 Firefox/29.0"
69.122.142.174 - - [20/Jun/2014:21:15:03 -0400] "GET /Images/lineThin.png HTTP/1.1" 200 2938 "http://islandgreenery.net/" "Mozilla/5.0 (iPad; CPU OS 7_1 like Mac OS X) AppleWebKit/537.51.2 (KHTML, like Gecko) Version/7.0 Mobile/11D167 Safari/9537.53"
69.122.142.174 - - [20/Jun/2014:21:15:03 -0400] "GET /Images/Home/centerImages.png HTTP/1.1" 200 133174 "http://islandgreenery.net/" "Mozilla/5.0 (iPad; CPU OS 7_1 like Mac OS X) AppleWebKit/537.51.2 (KHTML, like Gecko) Version/7.0 Mobile/11D167 Safari/9537.53"
182.64.169.191 - - [20/Jun/2014:08:19:03 -0400] "GET /favicon.ico HTTP/1.1" 404 575 "-" "Mozilla/5.0 (Windows; U; Windows NT 5.1; en-US; rv:1.9.2.19) Gecko/20110707 Firefox/3.6.19 GTB7.1 (.NET CLR 3.5.30729)"
208.255.153.10 - - [20/Jun/2014:11:22:14 -0400] "GET /Images/Contact/operator.png HTTP/1.1" 200 35065 "http://www.islandgreenery.net/contact.php" "Mozilla/5.0 (Windows NT 6.1; WOW64) AppleWebKit/537.36 (KHTML, like Gecko) Chrome/35.0.1916.153 Safari/537.36"
208.255.153.10 - - [20/Jun/2014:11:22:14 -0400] "GET /Images/Contact/facebookHov.png HTTP/1.1" 200 6360 "http://www.islandgreenery.net/contact.php" "Mozilla/5.0 (Windows NT 6.1; WOW64) AppleWebKit/537.36 (KHTML, like Gecko) Chrome/35.0.1916.153 Safari/537.36"
12.111.223.151 - - [20/Jun/2014:11:38:26 -0400] "GET /Images/islandGreeneryLogo.png HTTP/1.1" 200 52254 "http://www.islandgreenery.net/?adid-2E343B92-B097-442c-BFA5-BE371E0325A2=1607093&kw-2E343B92-B097-442c-BFA5-BE371E0325A2=nursery" "Mozilla/5.0 (Windows NT 6.1; WOW64) AppleWebKit/537.36 (KHTML, like Gecko) Chrome/35.0.1916.153 Safari/537.36"
96.239.108.47 - - [20/Jun/2014:13:36:28 -0400] "GET /galleries/masonry/data1/images/masonry13.jpg HTTP/1.1" 200 53568 "http://www.islandgreenery.net/galleries/masonry/index.html" "Mozilla/5.0 (Windows NT 6.1; WOW64; Trident/7.0; rv:11.0) like Gecko"
12.111.223.151 - - [20/Jun/2014:00:17:51 -0400] "GET /favicon.ico HTTP/1.1" 404 575 "-" "Mozilla/5.0 (Windows NT 6.1; WOW64; rv:30.0) Gecko/20100101 Firefox/30.0"
12.111.223.151 - - [20/Jun/2014:00:44:54 -0400] "GET /Images/Navigation/bluewide.jpg HTTP/1.1" 200 16322 "http://www.islandgreenery.net/?adid-2E343B92-B097-442c-BFA5-BE371E0325A2=1607091&kw-2E343B92-B097-442c-BFA5-BE371E0325A2=perennials" "Mozilla/4.0 (compatible; MSIE 8.0; Windows NT 5.1; Trident/4.0)"
46.119.115.144 - - [20/Jun/2014:02:40:44 -0400] "GET / HTTP/1.1" 200 4374 "http://mastermolotok.ru/" "Mozilla/4.0 (compatible; MSIE 6.0; Windows NT 5.0; APC; .NET CLR 1.0.3705; .NET CLR 1.1.4322; .NET CLR 2.0.50215; InfoPath.1)"
12.111.223.151 - - [20/Jun/2014:06:00:31 -0400] "GET /Images/Home/seasonSpecials.png HTTP/1.1" 200 35145 "http://www.islandgreenery.net/?adid-2E343B92-B097-442c-BFA5-BE371E0325A2=1607092&kw-2E343B92-B097-442c-BFA5-BE371E0325A2=bulk+mulch+delivery" "Mozilla/5.0 (Windows NT 6.1; WOW64) AppleWebKit/537.36 (KHTML, like Gecko) Chrome/35.0.1916.153 Safari/537.36"
12.111.223.151 - - [20/Jun/2014:06:00:31 -0400] "GET /Images/Home/centerImages.png HTTP/1.1" 200 133174 "http://www.islandgreenery.net/?adid-2E343B92-B097-442c-BFA5-BE371E0325A2=1607092&kw-2E343B92-B097-442c-BFA5-BE371E0325A2=bulk+mulch+delivery" "Mozilla/5.0 (Windows NT 6.1; WOW64) AppleWebKit/537.36 (KHTML, like Gecko) Chrome/35.0.1916.153 Safari/537.36"
69.115.127.195 - - [20/Jun/2014:14:37:23 -0400] "GET /CSS/text.css HTTP/1.1" 200 731 "http://www.islandgreenery.net/" "Mozilla/5.0 (iPad; CPU OS 6_1_3 like Mac OS X) AppleWebKit/536.26 (KHTML, like Gecko) Version/6.0 Mobile/10B329 Safari/8536.25"
69.115.127.195 - - [20/Jun/2014:14:37:24 -0400] "GET /Images/Navigation/ThinBlue.png HTTP/1.1" 200 7349 "http://www.islandgreenery.net/" "Mozilla/5.0 (iPad; CPU OS 6_1_3 like Mac OS X) AppleWebKit/536.26 (KHTML, like Gecko) Version/6.0 Mobile/10B329 Safari/8536.25"
69.115.127.195 - - [20/Jun/2014:14:37:24 -0400] "GET /Images/Home/centerImages.png HTTP/1.1" 200 133174 "http://www.islandgreenery.net/" "Mozilla/5.0 (iPad; CPU OS 6_1_3 like Mac OS X) AppleWebKit/536.26 (KHTML, like Gecko) Version/6.0 Mobile/10B329 Safari/8536.25"
12.111.223.151 - - [20/Jun/2014:15:00:20 -0400] "GET /Images/Navigation/ThinBlue.png HTTP/1.1" 200 7349 "http://www.islandgreenery.net/garden.html?adid-2E343B92-B097-442c-BFA5-BE371E0325A2=&kw-2E343B92-B097-442c-BFA5-BE371E0325A2=hedge+nursery" "Mozilla/5.0 (Macintosh; Intel Mac OS X 10_9_3) AppleWebKit/537.76.4 (KHTML, like Gecko) Version/7.0.4 Safari/537.76.4"
12.111.223.151 - - [20/Jun/2014:15:14:04 -0400] "GET /Images/lineThick.png HTTP/1.1" 200 12232 "http://www.islandgreenery.net/?adid-2E343B92-B097-442c-BFA5-BE371E0325A2=1607093&kw-2E343B92-B097-442c-BFA5-BE371E0325A2=tree+nursery" "Mozilla/5.0 (Linux; U; Android 4.1.2; en-us; SCH-I535 Build/JZO54K) AppleWebKit/534.30 (KHTML, like Gecko) Version/4.0 Mobile Safari/534.30"
12.111.223.151 - - [20/Jun/2014:15:25:17 -0400] "GET /Images/lineThin.png HTTP/1.1" 200 2938 "http://www.islandgreenery.net/?adid-2E343B92-B097-442c-BFA5-BE371E0325A2=1607045&kw-2E343B92-B097-442c-BFA5-BE371E0325A2=evergreen+shrubs" "Mozilla/5.0 (Windows NT 6.3; WOW64; Trident/7.0; rv:11.0) like Gecko"
12.111.223.151 - - [20/Jun/2014:15:25:18 -0400] "GET /Images/Navigation/bluewide.jpg HTTP/1.1" 200 16322 "http://www.islandgreenery.net/?adid-2E343B92-B097-442c-BFA5-BE371E0325A2=1607045&kw-2E343B92-B097-442c-BFA5-BE371E0325A2=evergreen+shrubs" "Mozilla/5.0 (Windows NT 6.3; WOW64; Trident/7.0; rv:11.0) like Gecko"
12.111.223.151 - - [20/Jun/2014:16:33:32 -0400] "GET /Images/Navigation/bluewide.jpg HTTP/1.1" 200 16322 "http://www.islandgreenery.net/?adid-2E343B92-B097-442c-BFA5-BE371E0325A2=1607093&kw-2E343B92-B097-442c-BFA5-BE371E0325A2=nursery" "Mozilla/4.0 (compatible; MSIE 7.0; AOL 9.7; AOLBuild 4343.1028; Windows NT 6.1; WOW64; Trident/5.0; SLCC2; .NET CLR 2.0.50727; .NET CLR 3.5.30729; .NET CLR 3.0.30729; Media Center PC 6.0; .NET4.0C; .NET4.0E; BRI/2)"
72.89.96.250 - - [20/Jun/2014:16:55:47 -0400] "GET /Images/Navigation/ThinBlue.png HTTP/1.1" 200 7349 "http://www.islandgreenery.net/" "Mozilla/5.0 (iPhone; CPU iPhone OS 7_0_4 like Mac OS X) AppleWebKit/537.51.1 (KHTML, like Gecko) Version/7.0 Mobile/11B554a Safari/9537.53"
72.89.96.250 - - [20/Jun/2014:16:55:47 -0400] "GET /Images/Home/seasonSpecials.png HTTP/1.1" 200 35145 "http://www.islandgreenery.net/" "Mozilla/5.0 (iPhone; CPU iPhone OS 7_0_4 like Mac OS X) AppleWebKit/537.51.1 (KHTML, like Gecko) Version/7.0 Mobile/11B554a Safari/9537.53"
12.111.223.151 - - [20/Jun/2014:17:29:28 -0400] "GET /Images/Home/mainPic.jpg HTTP/1.1" 200 209933 "http://www.islandgreenery.net/?adid-2E343B92-B097-442c-BFA5-BE371E0325A2=1607045&kw-2E343B92-B097-442c-BFA5-BE371E0325A2=perennials" "Mozilla/5.0 (Macintosh; Intel Mac OS X 10_9_2) AppleWebKit/537.74.9 (KHTML, like Gecko) Version/7.0.2 Safari/537.74.9"
12.111.223.151 - - [20/Jun/2014:17:29:35 -0400] "GET /galleries/landscape/data1/images/landscape6.jpg HTTP/1.1" 200 65336 "http://www.islandgreenery.net/galleries/landscape/index.html" "Mozilla/5.0 (Macintosh; Intel Mac OS X 10_9_2) AppleWebKit/537.74.9 (KHTML, like Gecko) Version/7.0.2 Safari/537.74.9"
12.111.223.151 - - [20/Jun/2014:17:40:20 -0400] "GET /Images/lineThick.png HTTP/1.1" 200 12232 "http://www.islandgreenery.net/?adid-2E343B92-B097-442c-BFA5-BE371E0325A2=1607091&kw-2E343B92-B097-442c-BFA5-BE371E0325A2=landscaping+designs" "Mozilla/5.0 (Macintosh; Intel Mac OS X 10_5_8) AppleWebKit/534.50.2 (KHTML, like Gecko) Version/5.0.6 Safari/533.22.3"
12.111.223.151 - - [20/Jun/2014:17:40:29 -0400] "GET /galleries/landscape/data1/images/landscape2.jpg HTTP/1.1" 200 55028 "http://www.islandgreenery.net/galleries/landscape/index.html" "Mozilla/5.0 (Macintosh; Intel Mac OS X 10_5_8) AppleWebKit/534.50.2 (KHTML, like Gecko) Version/5.0.6 Safari/533.22.3"
100.43.81.135 - - [20/Jun/2014:18:17:28 -0400] "GET / HTTP/1.1" 200 4374 "-" "Mozilla/5.0 (compatible; YandexBot/3.0; +http://yandex.com/bots)"
72.89.99.203 - - [20/Jun/2014:18:49:34 -0400] "GET /Images/Navigation/ThinGreen.png HTTP/1.1" 200 7642 "http://www.islandgreenery.net/" "Mozilla/5.0 (iPhone; CPU iPhone OS 7_1 like Mac OS X) AppleWebKit/537.51.1 (KHTML, like Gecko) GSA/4.1.0.31802 Mobile/11D167 Safari/9537.53"
12.111.223.151 - - [20/Jun/2014:22:49:17 -0400] "GET /Images/lineThick.png HTTP/1.1" 200 12232 "http://www.islandgreenery.net/?adid-2E343B92-B097-442c-BFA5-BE371E0325A2=1607093&kw-2E343B92-B097-442c-BFA5-BE371E0325A2=tree+nursery" "Mozilla/5.0 (iPad; CPU OS 7_1_1 like Mac OS X) AppleWebKit/537.51.2 (KHTML, like Gecko) Version/7.0 Mobile/11D201 Safari/9537.53"
108.41.232.72 - - [20/Jun/2014:07:05:07 -0400] "GET /favicon.ico HTTP/1.1" 404 575 "-" "Mozilla/5.0 (Windows NT 6.1; Win64; x64; Trident/7.0; rv:11.0) like Gecko"
12.111.223.151 - - [20/Jun/2014:10:56:53 -0400] "GET /Images/Navigation/bluewide.jpg HTTP/1.1" 200 16322 "http://www.islandgreenery.net/?adid-2E343B92-B097-442c-BFA5-BE371E0325A2=1607093&kw-2E343B92-B097-442c-BFA5-BE371E0325A2=vegetable+plants" "Mozilla/4.0 (compatible; MSIE 8.0; Windows NT 6.1; Trident/4.0; SLCC2; .NET CLR 2.0.50727; .NET CLR 3.5.30729; .NET CLR 3.0.30729; Media Center PC 6.0; .NET4.0C)"
12.111.223.151 - - [20/Jun/2014:10:56:53 -0400] "GET /Images/Home/mainPic.jpg HTTP/1.1" 200 209933 "http://www.islandgreenery.net/?adid-2E343B92-B097-442c-BFA5-BE371E0325A2=1607093&kw-2E343B92-B097-442c-BFA5-BE371E0325A2=vegetable+plants" "Mozilla/4.0 (compatible; MSIE 8.0; Windows NT 6.1; Trident/4.0; SLCC2; .NET CLR 2.0.50727; .NET CLR 3.5.30729; .NET CLR 3.0.30729; Media Center PC 6.0; .NET4.0C)"
12.111.223.151 - - [20/Jun/2014:11:24:58 -0400] "GET / HTTP/1.1" 200 4374 "http://www.google.com/uds/afs?q=hicks%20nursery%20westbury&client=aj-dictionary-109&channel=12350&adtest=off&adsafe=medium&oe=utf-8&ie=utf-8&lo=false&adpage=1&adrep=4&po=false&r=s&fexp=21404%2C21404&format=p4&ad=n0&nocache=581403277889213&num=0&output=uds_ads_only&v=3&adext=as1%2Csr1&rurl=http%3A%2F%2Fwww.shop411.com%2Fshopping%3Fam%3Dexact%26q%3Dhicks%2Bnursery%2Bwestbury%26an%3Dmsn_s%26askid%3D450fe5f3-ca47-439b-84d0-9712a309999e-0-sf_mse%26kv%3Dsdb%26gc%3D0%26dqi%3D%26qsrc%3D999%26ad%3DsemD%26o%3D12350%26l%3Ddir&referer=http%3A%2F%2Fr.search.yahoo.com%2F_ylt%3DA0LEVz9BUqRTF2oA4YxXNyoA%3B_ylu%3DX3oDMTE3NzJudGlnBHNlYwNvdi10b3AEY29sbwNiZjEEdnRpZANNQVAwMDZfMQRwb3MDMQ--%2FRV%3D2%2FRE%3D1403306689%2FRO%3D10%2FRU%3Dhttp%253a%252f%252f2368813.r.msn.com%252f%253fld%253dDvMVDrGOpTe2UFVsAaG7g-1zVUCUyQvAkLDXCTdZVZGpYnhzkINUuY0hBz9wmHBDvolsD43vfqvgNhSyCw-YxbsFNN87jzLwal_vZ81LeTWJDUvLtkg8tkIdajMsDLzeO7UHjIGloye8Yta6WJWfTBLifPSJE%2526u%253dhttp%25253a%25252f%25252fwww.shop411.com%25252fslp%25253f%252526q%25253dhicks%25252bnursery%25252bwestbury%252526sid%25253d450fe5f3-ca47-439b-84d0-9712a309999e-0-sf_mse%252526kwid%25253dhicks%25252520nursery%25252520westbury%252526cid%25253d3679106102%2FRK%3D0%2FRS%3D2aKdY0ClL_EC7mm.GZBCN6OwYYg-%3Fp%3Dhicks%2Bnursery%2Bwestbury" "Mozilla/5.0 (Windows NT 6.1; WOW64; Trident/7.0; rv:11.0) like Gecko"
12.111.223.151 - - [20/Jun/2014:11:38:31 -0400] "GET /Images/Navigation/ThinBlue.png HTTP/1.1" 200 7349 "http://www.islandgreenery.net/?adid-2E343B92-B097-442c-BFA5-BE371E0325A2=1607093&kw-2E343B92-B097-442c-BFA5-BE371E0325A2=nursery" "Mozilla/5.0 (Windows NT 6.1; WOW64) AppleWebKit/537.36 (KHTML, like Gecko) Chrome/35.0.1916.153 Safari/537.36"
12.111.223.151 - - [20/Jun/2014:11:54:38 -0400] "GET /CSS/text.css HTTP/1.1" 200 731 "http://www.islandgreenery.net/?adid-2E343B92-B097-442c-BFA5-BE371E0325A2=1607045&kw-2E343B92-B097-442c-BFA5-BE371E0325A2=leyland+cypress" "Mozilla/5.0 (Linux; U; Android 4.3; en-us; SCH-I535 Build/JSS15J) AppleWebKit/534.30 (KHTML, like Gecko) Version/4.0 Mobile Safari/534.30"
75.127.138.21 - - [20/Jun/2014:11:56:26 -0400] "GET /galleries/landscape/engine1/wowslider.js HTTP/1.1" 200 8598 "http://www.islandgreenery.net/galleries/landscape/index.html" "Mozilla/5.0 (Windows NT 6.1; WOW64) AppleWebKit/537.36 (KHTML, like Gecko) Chrome/35.0.1916.153 Safari/537.36"
75.127.138.21 - - [20/Jun/2014:11:56:26 -0400] "GET /galleries/landscape/data1/images/landscape5.jpg HTTP/1.1" 200 72033 "http://www.islandgreenery.net/galleries/landscape/index.html" "Mozilla/5.0 (Windows NT 6.1; WOW64) AppleWebKit/537.36 (KHTML, like Gecko) Chrome/35.0.1916.153 Safari/537.36"
75.127.138.21 - - [20/Jun/2014:11:56:27 -0400] "GET /galleries/landscape/data1/images/landscape10.jpg HTTP/1.1" 200 63938 "http://www.islandgreenery.net/galleries/landscape/index.html" "Mozilla/5.0 (Windows NT 6.1; WOW64) AppleWebKit/537.36 (KHTML, like Gecko) Chrome/35.0.1916.153 Safari/537.36"
12.111.223.151 - - [20/Jun/2014:00:17:46 -0400] "GET /Images/islandGreeneryLogo.png HTTP/1.1" 200 52254 "http://www.islandgreenery.net/CSS/main.css" "Mozilla/5.0 (Windows NT 6.1; WOW64; rv:30.0) Gecko/20100101 Firefox/30.0"
12.111.223.151 - - [20/Jun/2014:00:37:37 -0400] "GET /Images/lineThick.png HTTP/1.1" 200 12232 "http://www.islandgreenery.net/?adid-2E343B92-B097-442c-BFA5-BE371E0325A2=1607091&kw-2E343B92-B097-442c-BFA5-BE371E0325A2=evergreen+trees" "Mozilla/4.0 (compatible; MSIE 8.0; Windows NT 6.1; Trident/4.0)"
12.111.223.151 - - [20/Jun/2014:00:39:22 -0400] "GET / HTTP/1.1" 200 4374 "-" "Mozilla/4.0 (compatible; MSIE 7.0; Windows NT 5.1; .NET CLR 1.1.4322; .NET CLR 2.0.50727)"
12.111.223.151 - - [20/Jun/2014:03:58:28 -0400] "GET /Images/lineThin.png HTTP/1.1" 200 2938 "http://www.islandgreenery.net/?adid-2E343B92-B097-442c-BFA5-BE371E0325A2=1607093&kw-2E343B92-B097-442c-BFA5-BE371E0325A2=vegetable+plants" "Mozilla/5.0 (Linux; U; Android 4.3; en-us; SPH-L710 Build/JSS15J) AppleWebKit/534.30 (KHTML, like Gecko) Version/4.0 Mobile Safari/534.30"
12.111.223.151 - - [20/Jun/2014:04:45:06 -0400] "GET / HTTP/1.1" 200 4374 "-" "AdsBot-Google (+http://www.google.com/adsbot.html)"
12.111.223.151 - - [20/Jun/2014:05:01:58 -0400] "GET / HTTP/1.1" 200 4374 "-" "Mozilla/4.0 (compatible; MSIE 7.0; Windows NT 5.1; .NET CLR 1.1.4322; .NET CLR 2.0.50727)"
12.111.223.151 - - [20/Jun/2014:15:00:17 -0400] "GET /Images/islandGreeneryLogo.png HTTP/1.1" 200 52254 "http://www.islandgreenery.net/garden.html?adid-2E343B92-B097-442c-BFA5-BE371E0325A2=&kw-2E343B92-B097-442c-BFA5-BE371E0325A2=hedge+nursery" "Mozilla/5.0 (Macintosh; Intel Mac OS X 10_9_3) AppleWebKit/537.76.4 (KHTML, like Gecko) Version/7.0.4 Safari/537.76.4"
12.111.223.151 - - [20/Jun/2014:15:25:22 -0400] "GET /favicon.ico HTTP/1.1" 404 575 "-" "Mozilla/5.0 (Windows NT 6.3; Win64; x64; Trident/7.0; rv:11.0) like Gecko"
72.89.96.250 - - [20/Jun/2014:16:55:43 -0400] "GET /CSS/text.css HTTP/1.1" 200 731 "http://www.islandgreenery.net/" "Mozilla/5.0 (iPhone; CPU iPhone OS 7_0_4 like Mac OS X) AppleWebKit/537.51.1 (KHTML, like Gecko) Version/7.0 Mobile/11B554a Safari/9537.53"
72.89.96.250 - - [20/Jun/2014:16:55:43 -0400] "GET /Images/islandGreeneryLogo.png HTTP/1.1" 200 52254 "http://www.islandgreenery.net/" "Mozilla/5.0 (iPhone; CPU iPhone OS 7_0_4 like Mac OS X) AppleWebKit/537.51.1 (KHTML, like Gecko) Version/7.0 Mobile/11B554a Safari/9537.53"
72.89.96.250 - - [20/Jun/2014:16:55:43 -0400] "GET /Images/Home/centerImages.png HTTP/1.1" 200 133174 "http://www.islandgreenery.net/" "Mozilla/5.0 (iPhone; CPU iPhone OS 7_0_4 like Mac OS X) AppleWebKit/537.51.1 (KHTML, like Gecko) Version/7.0 Mobile/11B554a Safari/9537.53"
12.111.223.151 - - [20/Jun/2014:17:40:24 -0400] "GET /galleries/landscape/engine1/wowslider.js HTTP/1.1" 200 8598 "http://www.islandgreenery.net/galleries/landscape/index.html" "Mozilla/5.0 (Macintosh; Intel Mac OS X 10_5_8) AppleWebKit/534.50.2 (KHTML, like Gecko) Version/5.0.6 Safari/533.22.3"
174.254.192.7 - - [20/Jun/2014:20:43:16 -0400] "GET /Images/lineThin.png HTTP/1.1" 200 2938 "http://www.islandgreenery.net/" "Mozilla/5.0 (iPhone; CPU iPhone OS 7_0_4 like Mac OS X) AppleWebKit/536.26 (KHTML, like Gecko) GSA/3.1.0.23513 Mobile/11B554a Safari/8536.25"
174.254.192.7 - - [20/Jun/2014:20:43:16 -0400] "GET /Images/Home/mainPic.jpg HTTP/1.1" 200 209933 "http://www.islandgreenery.net/" "Mozilla/5.0 (iPhone; CPU iPhone OS 7_0_4 like Mac OS X) AppleWebKit/536.26 (KHTML, like Gecko) GSA/3.1.0.23513 Mobile/11B554a Safari/8536.25"
174.254.192.7 - - [20/Jun/2014:20:43:17 -0400] "GET /Images/Home/centerImages.png HTTP/1.1" 200 133174 "http://www.islandgreenery.net/" "Mozilla/5.0 (iPhone; CPU iPhone OS 7_0_4 like Mac OS X) AppleWebKit/536.26 (KHTML, like Gecko) GSA/3.1.0.23513 Mobile/11B554a Safari/8536.25"
24.188.198.219 - - [20/Jun/2014:09:59:49 -0400] "GET /Images/Propane/coupon.png HTTP/1.1" 200 43927 "http://www.islandgreenery.net/propane.html" "Mozilla/5.0 (Windows NT 6.2; WOW64) AppleWebKit/537.36 (KHTML, like Gecko) Chrome/35.0.1916.153 Safari/537.36"
24.188.198.219 - - [20/Jun/2014:09:59:49 -0400] "GET /Images/lineThick.png HTTP/1.1" 200 12232 "http://www.islandgreenery.net/propane.html" "Mozilla/5.0 (Windows NT 6.2; WOW64) AppleWebKit/537.36 (KHTML, like Gecko) Chrome/35.0.1916.153 Safari/537.36"
24.188.198.219 - - [20/Jun/2014:09:59:49 -0400] "GET /Images/Propane/couponHov.png HTTP/1.1" 200 43910 "http://www.islandgreenery.net/propane.html" "Mozilla/5.0 (Windows NT 6.2; WOW64) AppleWebKit/537.36 (KHTML, like Gecko) Chrome/35.0.1916.153 Safari/537.36"
65.254.5.67 - - [20/Jun/2014:10:51:57 -0400] "GET /CSS/text.css HTTP/1.1" 200 731 "http://www.islandgreenery.net/" "Mozilla/5.0 (Windows NT 6.1; Trident/7.0; rv:11.0) like Gecko"
65.254.5.67 - - [20/Jun/2014:10:51:57 -0400] "GET /Images/lineThin.png HTTP/1.1" 200 2938 "http://www.islandgreenery.net/" "Mozilla/5.0 (Windows NT 6.1; Trident/7.0; rv:11.0) like Gecko"
65.254.5.67 - - [20/Jun/2014:10:51:57 -0400] "GET /Images/Home/propane.jpg HTTP/1.1" 200 29411 "http://www.islandgreenery.net/" "Mozilla/5.0 (Windows NT 6.1; Trident/7.0; rv:11.0) like Gecko"
65.254.5.67 - - [20/Jun/2014:10:51:57 -0400] "GET /Images/islandGreeneryLogo.png HTTP/1.1" 200 52254 "http://www.islandgreenery.net/" "Mozilla/5.0 (Windows NT 6.1; Trident/7.0; rv:11.0) like Gecko"
208.255.153.10 - - [20/Jun/2014:11:21:54 -0400] "GET /Images/Home/centerImages.png HTTP/1.1" 200 133174 "http://www.islandgreenery.net/" "Mozilla/5.0 (Windows NT 6.1; WOW64) AppleWebKit/537.36 (KHTML, like Gecko) Chrome/35.0.1916.153 Safari/537.36"
12.111.223.151 - - [20/Jun/2014:11:38:26 -0400] "GET /Images/Navigation/ThinBlue.png HTTP/1.1" 200 7349 "http://www.islandgreenery.net/?adid-2E343B92-B097-442c-BFA5-BE371E0325A2=1607093&kw-2E343B92-B097-442c-BFA5-BE371E0325A2=nursery" "Mozilla/5.0 (Windows NT 6.1; WOW64) AppleWebKit/537.36 (KHTML, like Gecko) Chrome/35.0.1916.153 Safari/537.36"
12.111.223.151 - - [20/Jun/2014:02:39:59 -0400] "GET /favicon.ico HTTP/1.1" 404 575 "-" "Mozilla/4.0 (compatible; MSIE 8.0; Windows NT 5.1; Trident/4.0; GTB7.5)"
12.111.223.151 - - [20/Jun/2014:03:30:05 -0400] "GET /Images/Home/centerImages.png HTTP/1.1" 200 133174 "http://www.islandgreenery.net/?adid-2E343B92-B097-442c-BFA5-BE371E0325A2=1607091&kw-2E343B92-B097-442c-BFA5-BE371E0325A2=mulch+installation" "Mozilla/4.0 (compatible; MSIE 8.0; Windows NT 6.1; Trident/4.0)"
166.137.88.173 - - [20/Jun/2014:13:01:12 -0400] "GET /islandgreenerypropanecoupon.net HTTP/1.1" 404 575 "-" "Mozilla/5.0 (iPhone; CPU iPhone OS 7_1_1 like Mac OS X) AppleWebKit/537.51.2 (KHTML, like Gecko) Version/7.0 Mobile/11D201 Safari/9537.53"
12.111.223.151 - - [20/Jun/2014:15:00:20 -0400] "GET /CSS/text.css HTTP/1.1" 200 731 "http://www.islandgreenery.net/garden.html?adid-2E343B92-B097-442c-BFA5-BE371E0325A2=&kw-2E343B92-B097-442c-BFA5-BE371E0325A2=hedge+nursery" "Mozilla/5.0 (Macintosh; Intel Mac OS X 10_9_3) AppleWebKit/537.76.4 (KHTML, like Gecko) Version/7.0.4 Safari/537.76.4"
12.111.223.151 - - [20/Jun/2014:15:00:20 -0400] "GET /Images/Navigation/bluewide.jpg HTTP/1.1" 200 16322 "http://www.islandgreenery.net/garden.html?adid-2E343B92-B097-442c-BFA5-BE371E0325A2=&kw-2E343B92-B097-442c-BFA5-BE371E0325A2=hedge+nursery" "Mozilla/5.0 (Macintosh; Intel Mac OS X 10_9_3) AppleWebKit/537.76.4 (KHTML, like Gecko) Version/7.0.4 Safari/537.76.4"
12.111.223.151 - - [20/Jun/2014:15:04:09 -0400] "GET /galleries/landscape/data1/images/landscape6.jpg HTTP/1.1" 200 65336 "http://www.islandgreenery.net/galleries/landscape/index.html" "Mozilla/5.0 (Macintosh; Intel Mac OS X 10_9_3) AppleWebKit/537.76.4 (KHTML, like Gecko) Version/7.0.4 Safari/537.76.4"
12.111.223.151 - - [20/Jun/2014:16:54:39 -0400] "GET / HTTP/1.1" 200 4374 "-" "Mozilla/4.0 (compatible; MSIE 7.0; Windows NT 5.1; .NET CLR 1.1.4322; .NET CLR 2.0.50727)"
12.111.223.151 - - [20/Jun/2014:17:24:55 -0400] "GET /Images/lineThick.png HTTP/1.1" 200 12232 "http://www.islandgreenery.net/?adid-2E343B92-B097-442c-BFA5-BE371E0325A2=1607045&kw-2E343B92-B097-442c-BFA5-BE371E0325A2=potting+soil" "Mozilla/5.0 (Macintosh; Intel Mac OS X 10_8_5) AppleWebKit/537.76.4 (KHTML, like Gecko) Version/6.1.4 Safari/537.76.4"
12.111.223.151 - - [20/Jun/2014:17:24:55 -0400] "GET /Images/Home/seasonSpecials.png HTTP/1.1" 200 35145 "http://www.islandgreenery.net/?adid-2E343B92-B097-442c-BFA5-BE371E0325A2=1607045&kw-2E343B92-B097-442c-BFA5-BE371E0325A2=potting+soil" "Mozilla/5.0 (Macintosh; Intel Mac OS X 10_8_5) AppleWebKit/537.76.4 (KHTML, like Gecko) Version/6.1.4 Safari/537.76.4"
12.111.223.151 - - [20/Jun/2014:17:40:28 -0400] "GET /galleries/landscape/engine1/script.js HTTP/1.1" 200 1611 "http://www.islandgreenery.net/galleries/landscape/index.html" "Mozilla/5.0 (Macintosh; Intel Mac OS X 10_5_8) AppleWebKit/534.50.2 (KHTML, like Gecko) Version/5.0.6 Safari/533.22.3"
12.111.223.151 - - [20/Jun/2014:17:51:08 -0400] "GET /CSS/main.css HTTP/1.1" 200 7040 "http://www.islandgreenery.net/?adid-2E343B92-B097-442c-BFA5-BE371E0325A2=1607089&kw-2E343B92-B097-442c-BFA5-BE371E0325A2=backyard+waterfall" "Mozilla/5.0 (Windows NT 6.1; WOW64; rv:30.0) Gecko/20100101 Firefox/30.0"
12.111.223.151 - - [20/Jun/2014:17:51:08 -0400] "GET /Images/Navigation/ThinBlue.png HTTP/1.1" 200 7349 "http://www.islandgreenery.net/CSS/main.css" "Mozilla/5.0 (Windows NT 6.1; WOW64; rv:30.0) Gecko/20100101 Firefox/30.0"
12.111.223.151 - - [20/Jun/2014:18:21:00 -0400] "GET / HTTP/1.1" 200 4374 "-" "Mozilla/4.0 (compatible; MSIE 7.0; Windows NT 5.1; .NET CLR 1.1.4322; .NET CLR 2.0.50727)"
72.89.99.203 - - [20/Jun/2014:18:53:17 -0400] "GET /Images/maintenance/maintenance.jpg HTTP/1.1" 200 139786 "http://www.islandgreenery.net/lawn.html" "Mozilla/5.0 (iPhone; CPU iPhone OS 7_1 like Mac OS X) AppleWebKit/537.51.1 (KHTML, like Gecko) GSA/4.1.0.31802 Mobile/11D167 Safari/9537.53"
72.89.99.203 - - [20/Jun/2014:18:53:55 -0400] "GET /galleries/masonry/data1/images/masonry3.jpg HTTP/1.1" 200 47795 "http://www.islandgreenery.net/galleries/masonry/index.html" "Mozilla/5.0 (iPhone; CPU iPhone OS 7_1 like Mac OS X) AppleWebKit/537.51.1 (KHTML, like Gecko) GSA/4.1.0.31802 Mobile/11D167 Safari/9537.53"
72.89.99.203 - - [20/Jun/2014:18:53:55 -0400] "GET /galleries/masonry/data1/images/masonry9.jpg HTTP/1.1" 200 42619 "http://www.islandgreenery.net/galleries/masonry/index.html" "Mozilla/5.0 (iPhone; CPU iPhone OS 7_1 like Mac OS X) AppleWebKit/537.51.1 (KHTML, like Gecko) GSA/4.1.0.31802 Mobile/11D167 Safari/9537.53"
72.89.99.203 - - [20/Jun/2014:18:53:56 -0400] "GET /galleries/masonry/engine1/script.js HTTP/1.1" 200 1611 "http://www.islandgreenery.net/galleries/masonry/index.html" "Mozilla/5.0 (iPhone; CPU iPhone OS 7_1 like Mac OS X) AppleWebKit/537.51.1 (KHTML, like Gecko) GSA/4.1.0.31802 Mobile/11D167 Safari/9537.53"
69.122.142.174 - - [20/Jun/2014:21:15:30 -0400] "GET /Images/Propane/coupon.png HTTP/1.1" 200 43927 "http://islandgreenery.net/propane.html" "Mozilla/5.0 (iPad; CPU OS 7_1 like Mac OS X) AppleWebKit/537.51.2 (KHTML, like Gecko) Version/7.0 Mobile/11D167 Safari/9537.53"
12.111.223.151 - - [20/Jun/2014:22:49:16 -0400] "GET / HTTP/1.1" 200 4374 "http://www.google.com/uds/afs?q=weeping%20birch%20trees&client=aj-dictionary-109&channel=12350&adtest=off&adsafe=medium&oe=utf-8&ie=utf-8&lo=false&adpage=1&adstyle=hm&adrep=4&po=false&r=s&fexp=21404%2C7000107%2C21404%2C7000107&jsei=3&format=p4&ad=n0&nocache=2761403318923865&num=0&output=uds_ads_only&v=3&adext=as1%2Csr1&rurl=http%3A%2F%2Fwww.shop411.com%2Fshopping%3Fam%3Dbroad%26q%3Dweeping%2Bbirch%2Btrees%26an%3Dmsn_s%26askid%3D84d128af-5e81-4b46-89e3-b46bee0a2b9a-0-sf_msb%26kv%3Dsdb%26gc%3D0%26dqi%3D%26qsrc%3D999%26ad%3DsemD%26o%3D12350%26l%3Ddir&referer=http%3A%2F%2Fr.search.yahoo.com%2F_ylt%3DA0LEVw4m8qRT_hQAiPh7n4lQ%3B_ylu%3DX3oDMTE2ZmNsYnBvBHNlYwNzcHIEY29sbwNiZjEEdnRpZANUQVVTMDY0XzEEcG9zAzEw%2FRV%3D2%2FRE%3D1403347623%2FRO%3D10%2FRU%3Dhttp%253a%252f%252f2368808.r.msn.com%252f%253fld%253dDvL2O13FmP3U9aqJYjxL4wtjVUCUwVFGO7HKoaVUKdqJ2lS5BAgDLEGQqUfh333JlDxAothrcyWeoZrzedIIx3QYIULvSMrlz0VwAvW0fuksrLjbprxwW6iERJz-mLsrtfJpsvKZF8szdRhMTpC-z9Ms7t8BU%2526u%253dhttp%25253a%25252f%25252fwww.shop411.com%25252fslp%25253f%252526q%25253dweeping%25252bbirch%25252btrees%252526sid%25253d84d128af-5e81-4b46-89e3-b46bee0a2b9a-0-sf_msb%252526kwid%25253dweeping%25252520european%25252520birch%252526cid%25253d3674137057%2FRK%3D0%2FRS%3DWIYt8XuPPVtz8NQjIJToZqFsGew-%3Fp%3Dweeping%2Beuropean%2Bbirch" "Mozilla/5.0 (iPad; CPU OS 7_1_1 like Mac OS X) AppleWebKit/537.51.2 (KHTML, like Gecko) Version/7.0 Mobile/11D201 Safari/9537.53"
12.111.223.151 - - [20/Jun/2014:09:47:39 -0400] "GET /Images/Navigation/bluewide.jpg HTTP/1.1" 200 16322 "http://www.islandgreenery.net/?adid-2E343B92-B097-442c-BFA5-BE371E0325A2=1628866&kw-2E343B92-B097-442c-BFA5-BE371E0325A2=gift+shop" "Mozilla/5.0 (Macintosh; Intel Mac OS X 10_6_8) AppleWebKit/534.59.10 (KHTML, like Gecko) Version/5.1.9 Safari/534.59.10"
12.111.223.151 - - [20/Jun/2014:09:47:39 -0400] "GET /Images/Home/mainPic.jpg HTTP/1.1" 200 209933 "http://www.islandgreenery.net/?adid-2E343B92-B097-442c-BFA5-BE371E0325A2=1628866&kw-2E343B92-B097-442c-BFA5-BE371E0325A2=gift+shop" "Mozilla/5.0 (Macintosh; Intel Mac OS X 10_6_8) AppleWebKit/534.59.10 (KHTML, like Gecko) Version/5.1.9 Safari/534.59.10"
12.111.223.151 - - [20/Jun/2014:09:49:45 -0400] "GET /Images/Home/seasonSpecials.png HTTP/1.1" 200 35145 "http://www.islandgreenery.net/?adid-2E343B92-B097-442c-BFA5-BE371E0325A2=1607093&kw-2E343B92-B097-442c-BFA5-BE371E0325A2=tree+nursery" "Mozilla/5.0 (Macintosh; Intel Mac OS X 10_9_3) AppleWebKit/537.36 (KHTML, like Gecko) Chrome/35.0.1916.153 Safari/537.36"
