69.115.127.195 - - [20/Jun/2014:14:37:25 -0400] "GET /Images/lineThick.png HTTP/1.1" 200 12232 "http://www.islandgreenery.net/" "Mozilla/5.0 (iPad; CPU OS 6_1_3 like Mac OS X) AppleWebKit/536.26 (KHTML, like Gecko) Version/6.0 Mobile/10B329 Safari/8536.25"
69.115.127.195 - - [20/Jun/2014:14:37:25 -0400] "GET /Images/Home/propane.jpg HTTP/1.1" 200 29411 "http://www.islandgreenery.net/" "Mozilla/5.0 (iPad; CPU OS 6_1_3 like Mac OS X) AppleWebKit/536.26 (KHTML, like Gecko) Version/6.0 Mobile/10B329 Safari/8536.25"
12.111.223.151 - - [20/Jun/2014:15:04:11 -0400] "GET /galleries/landscape/data1/images/landscape13.jpg HTTP/1.1" 200 65490 "http://www.islandgreenery.net/galleries/landscape/index.html" "Mozilla/5.0 (Macintosh; Intel Mac OS X 10_9_3) AppleWebKit/537.76.4 (KHTML, like Gecko) Version/7.0.4 Safari/537.76.4"
12.111.223.151 - - [20/Jun/2014:15:25:23 -0400] "GET /Images/Navigation/ThinGreen.png HTTP/1.1" 200 7642 "http://www.islandgreenery.net/?adid-2E343B92-B097-442c-BFA5-BE371E0325A2=1607045&kw-2E343B92-B097-442c-BFA5-BE371E0325A2=evergreen+shrubs" "Mozilla/5.0 (Windows NT 6.3; WOW64; Trident/7.0; rv:11.0) like Gecko"
12.111.223.151 - - [20/Jun/2014:16:48:21 -0400] "GET /Images/lineThin.png HTTP/1.1" 200 2938 "http://www.islandgreenery.net/?adid-2E343B92-B097-442c-BFA5-BE371E0325A2=1607045&kw-2E343B92-B097-442c-BFA5-BE371E0325A2=leyland+cypress" "Mozilla/4.0 (compatible; MSIE 8.0; Windows NT 5.1; Trident/4.0; .NET CLR 1.1.4322; .NET CLR 2.0.50727; .NET CLR 3.0.4506.2152; .NET CLR 3.5.30729; .NET4.0C)"
12.111.223.151 - - [20/Jun/2014:16:48:22 -0400] "GET /Images/Home/mainPic.jpg HTTP/1.1" 200 209933 "http://www.islandgreenery.net/?adid-2E343B92-B097-442c-BFA5-BE371E0325A2=1607045&kw-2E343B92-B097-442c-BFA5-BE371E0325A2=leyland+cypress" "Mozilla/4.0 (compatible; MSIE 8.0; Windows NT 5.1; Trident/4.0; .NET CLR 1.1.4322; .NET CLR 2.0.50727; .NET CLR 3.0.4506.2152; .NET CLR 3.5.30729; .NET4.0C)"
12.111.223.151 - - [20/Jun/2014:17:24:56 -0400] "GET /Images/Home/mainPic.jpg HTTP/1.1" 200 209933 "http://www.islandgreenery.net/?adid-2E343B92-B097-442c-BFA5-BE371E0325A2=1607045&kw-2E343B92-B097-442c-BFA5-BE371E0325A2=potting+soil" "Mozilla/5.0 (Macintosh; Intel Mac OS X 10_8_5) AppleWebKit/537.76.4 (KHTML, like Gecko) Version/6.1.4 Safari/537.76.4"
12.111.223.151 - - [20/Jun/2014:17:29:28 -0400] "GET /Images/islandGreeneryLogo.png HTTP/1.1" 200 52254 "http://www.islandgreenery.net/?adid-2E343B92-B097-442c-BFA5-BE371E0325A2=1607045&kw-2E343B92-B097-442c-BFA5-BE371E0325A2=perennials" "Mozilla/5.0 (Macintosh; Intel Mac OS X 10_9_2) AppleWebKit/537.74.9 (KHTML, like Gecko) Version/7.0.2 Safari/537.74.9"
198.228.200.153 - - [20/Jun/2014:17:49:18 -0400] "GET /galleries/landscape/data1/images/landscape1.jpg HTTP/1.1" 200 59675 "http://www.islandgreenery.net/galleries/landscape/index.html" "Mozilla/5.0 (iPhone; CPU iPhone OS 7_0_4 like Mac OS X) AppleWebKit/537.51.1 (KHTML, like Gecko) Version/7.0 Mobile/11B554a Safari/9537.53"
12.111.223.151 - - [20/Jun/2014:17:51:09 -0400] "GET /Images/islandGreeneryLogo.png HTTP/1.1" 200 52254 "http://www.islandgreenery.net/CSS/main.css" "Mozilla/5.0 (Windows NT 6.1; WOW64; rv:30.0) Gecko/20100101 Firefox/30.0"
174.236.65.221 - - [20/Jun/2014:20:50:31 -0400] "GET / HTTP/1.1" 200 4374 "-" "Mozilla/5.0 (iPhone; CPU iPhone OS 7_1_1 like Mac OS X) AppleWebKit/537.51.1 (KHTML, like Gecko) GSA/4.1.0.31802 Mobile/11D201 Safari/9537.53"
69.122.142.174 - - [20/Jun/2014:21:15:12 -0400] "GET /Images/Contact/facebook.png HTTP/1.1" 200 6350 "http://islandgreenery.net/contact.php" "Mozilla/5.0 (iPad; CPU OS 7_1 like Mac OS X) AppleWebKit/537.51.2 (KHTML, like Gecko) Version/7.0 Mobile/11D167 Safari/9537.53"
12.111.223.151 - - [20/Jun/2014:09:58:54 -0400] "GET /Images/Home/seasonSpecials.png HTTP/1.1" 200 35145 "http://www.islandgreenery.net/?adid-2E343B92-B097-442c-BFA5-BE371E0325A2=1628866&kw-2E343B92-B097-442c-BFA5-BE371E0325A2=fertilizer" "Mozilla/5.0 (Windows NT 6.1; Trident/7.0; rv:11.0) like Gecko"
193.150.120.14 - - [20/Jun/2014:10:29:44 -0400] "GET / HTTP/1.1" 200 4374 "http://boonex.ru/" "Mozilla/4.0 (compatible; MSIE 6.0; Windows NT 5.1; SV1)"
12.111.223.151 - - [20/Jun/2014:10:41:28 -0400] "GET /Images/lineThin.png HTTP/1.1" 200 2938 "http://www.islandgreenery.net/?adid-2E343B92-B097-442c-BFA5-BE371E0325A2=1607091&kw-2E343B92-B097-442c-BFA5-BE371E0325A2=flowering+trees" "Mozilla/5.0 (compatible; MSIE 8.0; Windows NT 5.1; Trident/4.0; .NET CLR 1.1.4322; .NET CLR 2.0.50727)"
193.150.120.14 - - [20/Jun/2014:10:50:48 -0400] "GET / HTTP/1.1" 200 4374 "http://best-poppers.com.ua/" "Mozilla/4.0 (compatible; MSIE 6.0; Windows NT 5.1; SV1; Crazy Browser 2.0.0 Beta 1; .NET CLR 1.0.3705; .NET CLR 1.1.4322)"
12.111.223.151 - - [20/Jun/2014:11:54:42 -0400] "GET /Images/Navigation/ThinBlue.png HTTP/1.1" 200 7349 "http://www.islandgreenery.net/?adid-2E343B92-B097-442c-BFA5-BE371E0325A2=1607045&kw-2E343B92-B097-442c-BFA5-BE371E0325A2=leyland+cypress" "Mozilla/5.0 (Linux; U; Android 4.3; en-us; SCH-I535 Build/JSS15J) AppleWebKit/534.30 (KHTML, like Gecko) Version/4.0 Mobile Safari/534.30"
12.111.223.151 - - [20/Jun/2014:00:44:57 -0400] "GET /favicon.ico HTTP/1.1" 404 575 "-" "Mozilla/4.0 (compatible; MSIE 8.0; Windows NT 5.1; Trident/4.0)"
12.111.223.151 - - [20/Jun/2014:01:40:03 -0400] "GET /Images/lineThick.png HTTP/1.1" 200 12232 "http://www.islandgreenery.net/?adid-2E343B92-B097-442c-BFA5-BE371E0325A2=1607093&kw-2E343B92-B097-442c-BFA5-BE371E0325A2=shrub+nursery" "Mozilla/4.0 (compatible; MSIE 8.0; Windows NT 6.1; Trident/4.0)"
217.69.133.3 - - [20/Jun/2014:03:03:53 -0400] "GET /=/company.html HTTP/1.1" 404 575 "-" "Mozilla/5.0 (compatible; Linux x86_64; Mail.RU_Bot/2.0; +http://go.mail.ru/help/robots)"
12.111.223.151 - - [20/Jun/2014:03:30:04 -0400] "GET /CSS/text.css HTTP/1.1" 200 731 "http://www.islandgreenery.net/?adid-2E343B92-B097-442c-BFA5-BE371E0325A2=1607091&kw-2E343B92-B097-442c-BFA5-BE371E0325A2=mulch+installation" "Mozilla/4.0 (compatible; MSIE 8.0; Windows NT 6.1; Trident/4.0)"
12.111.223.151 - - [20/Jun/2014:03:30:05 -0400] "GET /Images/islandGreeneryLogo.png HTTP/1.1" 200 52254 "http://www.islandgreenery.net/?adid-2E343B92-B097-442c-BFA5-BE371E0325A2=1607091&kw-2E343B92-B097-442c-BFA5-BE371E0325A2=mulch+installation" "Mozilla/4.0 (compatible; MSIE 8.0; Windows NT 6.1; Trident/4.0)"
12.111.223.151 - - [20/Jun/2014:03:58:32 -0400] "GET /CSS/main.css HTTP/1.1" 200 7040 "http://www.islandgreenery.net/?adid-2E343B92-B097-442c-BFA5-BE371E0325A2=1607093&kw-2E343B92-B097-442c-BFA5-BE371E0325A2=vegetable+plants" "Mozilla/5.0 (Linux; U; Android 4.3; en-us; SPH-L710 Build/JSS15J) AppleWebKit/534.30 (KHTML, like Gecko) Version/4.0 Mobile Safari/534.30"
12.111.223.151 - - [20/Jun/2014:03:58:33 -0400] "GET /Images/islandGreeneryLogo.png HTTP/1.1" 200 52254 "http://www.islandgreenery.net/?adid-2E343B92-B097-442c-BFA5-BE371E0325A2=1607093&kw-2E343B92-B097-442c-BFA5-BE371E0325A2=vegetable+plants" "Mozilla/5.0 (Linux; U; Android 4.3; en-us; SPH-L710 Build/JSS15J) AppleWebKit/534.30 (KHTML, like Gecko) Version/4.0 Mobile Safari/534.30"
12.111.223.151 - - [20/Jun/2014:03:59:34 -0400] "GET /CSS/text.css HTTP/1.1" 200 731 "http://www.islandgreenery.net/?adid-2E343B92-B097-442c-BFA5-BE371E0325A2=1607091&kw-2E343B92-B097-442c-BFA5-BE371E0325A2=sod+installation" "Mozilla/5.0 (Macintosh; Intel Mac OS X 10_6_8) AppleWebKit/534.59.8 (KHTML, like Gecko) Version/5.1.9 Safari/534.59.8"
108.49.79.209 - - [20/Jun/2014:06:45:51 -0400] "GET /CSS/text.css HTTP/1.1" 200 731 "http://islandgreenery.net/" "Mozilla/5.0 (iPad; CPU OS 7_1_1 like Mac OS X) AppleWebKit/537.51.2 (KHTML, like Gecko) Version/7.0 Mobile/11D201 Safari/9537.53"
207.86.142.22 - - [20/Jun/2014:12:58:17 -0400] "GET /Images/Navigation/greenwide.jpg HTTP/1.1" 200 15999 "http://www.islandgreenery.net/CSS/main.css" "Mozilla/5.0 (Windows NT 6.1; WOW64; rv:30.0) Gecko/20100101 Firefox/30.0"
207.86.142.22 - - [20/Jun/2014:12:58:18 -0400] "GET /propane.html HTTP/1.1" 200 5760 "http://www.islandgreenery.net/" "Mozilla/5.0 (Windows NT 6.1; WOW64; rv:30.0) Gecko/20100101 Firefox/30.0"
207.86.142.22 - - [20/Jun/2014:12:58:18 -0400] "GET /Images/Propane/paraco.png HTTP/1.1" 200 43403 "http://www.islandgreenery.net/propane.html" "Mozilla/5.0 (Windows NT 6.1; WOW64; rv:30.0) Gecko/20100101 Firefox/30.0"
12.111.223.151 - - [20/Jun/2014:15:03:08 -0400] "GET /garden.html HTTP/1.1" 200 4730 "http://www.islandgreenery.net/garden.html?adid-2E343B92-B097-442c-BFA5-BE371E0325A2=&kw-2E343B92-B097-442c-BFA5-BE371E0325A2=hedge+nursery" "Mozilla/5.0 (Macintosh; Intel Mac OS X 10_9_3) AppleWebKit/537.76.4 (KHTML, like Gecko) Version/7.0.4 Safari/537.76.4"
12.111.223.151 - - [20/Jun/2014:15:04:10 -0400] "GET /galleries/landscape/data1/images/landscape4.jpg HTTP/1.1" 200 53003 "http://www.islandgreenery.net/galleries/landscape/index.html" "Mozilla/5.0 (Macintosh; Intel Mac OS X 10_9_3) AppleWebKit/537.76.4 (KHTML, like Gecko) Version/7.0.4 Safari/537.76.4"
12.111.223.151 - - [20/Jun/2014:15:49:00 -0400] "GET /Images/Home/mainPic.jpg HTTP/1.1" 200 209933 "http://www.islandgreenery.net/?adid-2E343B92-B097-442c-BFA5-BE371E0325A2=1607089&kw-2E343B92-B097-442c-BFA5-BE371E0325A2=outdoor+steps" "Mozilla/5.0 (Windows NT 6.1; WOW64; Trident/7.0; rv:11.0) like Gecko"
12.111.223.151 - - [20/Jun/2014:15:49:13 -0400] "GET /masonry.html HTTP/1.1" 200 3930 "http://www.islandgreenery.net/?adid-2E343B92-B097-442c-BFA5-BE371E0325A2=1607089&kw-2E343B92-B097-442c-BFA5-BE371E0325A2=outdoor+steps" "Mozilla/5.0 (Windows NT 6.1; WOW64; Trident/7.0; rv:11.0) like Gecko"
12.111.223.151 - - [20/Jun/2014:16:48:21 -0400] "GET /Images/Navigation/ThinBlue.png HTTP/1.1" 200 7349 "http://www.islandgreenery.net/?adid-2E343B92-B097-442c-BFA5-BE371E0325A2=1607045&kw-2E343B92-B097-442c-BFA5-BE371E0325A2=leyland+cypress" "Mozilla/4.0 (compatible; MSIE 8.0; Windows NT 5.1; Trident/4.0; .NET CLR 1.1.4322; .NET CLR 2.0.50727; .NET CLR 3.0.4506.2152; .NET CLR 3.5.30729; .NET4.0C)"
12.111.223.151 - - [20/Jun/2014:17:40:29 -0400] "GET /galleries/landscape/data1/images/landscape5.jpg HTTP/1.1" 200 72033 "http://www.islandgreenery.net/galleries/landscape/index.html" "Mozilla/5.0 (Macintosh; Intel Mac OS X 10_5_8) AppleWebKit/534.50.2 (KHTML, like Gecko) Version/5.0.6 Safari/533.22.3"
12.111.223.151 - - [20/Jun/2014:17:50:07 -0400] "GET /CSS/main.css HTTP/1.1" 200 7040 "http://www.islandgreenery.net/?adid-2E343B92-B097-442c-BFA5-BE371E0325A2=1607088&kw-2E343B92-B097-442c-BFA5-BE371E0325A2=garden+wall" "Mozilla/5.0 (Macintosh; Intel Mac OS X 10_5_8) AppleWebKit/534.50.2 (KHTML, like Gecko) Version/5.0.6 Safari/533.22.3"
12.111.223.151 - - [20/Jun/2014:17:50:07 -0400] "GET /Images/islandGreeneryLogo.png HTTP/1.1" 200 52254 "http://www.islandgreenery.net/?adid-2E343B92-B097-442c-BFA5-BE371E0325A2=1607088&kw-2E343B92-B097-442c-BFA5-BE371E0325A2=garden+wall" "Mozilla/5.0 (Macintosh; Intel Mac OS X 10_5_8) AppleWebKit/534.50.2 (KHTML, like Gecko) Version/5.0.6 Safari/533.22.3"
72.89.99.203 - - [20/Jun/2014:18:50:44 -0400] "GET /contact.php HTTP/1.1" 200 6387 "http://www.islandgreenery.net/propane.html" "Mozilla/5.0 (iPhone; CPU iPhone OS 7_1 like Mac OS X) AppleWebKit/537.51.1 (KHTML, like Gecko) GSA/4.1.0.31802 Mobile/11D167 Safari/9537.53"
72.89.99.203 - - [20/Jun/2014:18:50:45 -0400] "GET /CSS/form.css HTTP/1.1" 200 1110 "http://www.islandgreenery.net/contact.php" "Mozilla/5.0 (iPhone; CPU iPhone OS 7_1 like Mac OS X) AppleWebKit/537.51.1 (KHTML, like Gecko) GSA/4.1.0.31802 Mobile/11D167 Safari/9537.53"
72.89.99.203 - - [20/Jun/2014:18:50:45 -0400] "GET /Images/Contact/submit.jpg HTTP/1.1" 200 13525 "http://www.islandgreenery.net/contact.php" "Mozilla/5.0 (iPhone; CPU iPhone OS 7_1 like Mac OS X) AppleWebKit/537.51.1 (KHTML, like Gecko) GSA/4.1.0.31802 Mobile/11D167 Safari/9537.53"
68.193.125.51 - - [20/Jun/2014:19:18:20 -0400] "GET /Images/Propane/refill.jpg HTTP/1.1" 200 69633 "http://www.islandgreenery.net/propane.html" "Mozilla/5.0 (Windows NT 6.1; WOW64) AppleWebKit/537.36 (KHTML, like Gecko) Chrome/35.0.1916.153 Safari/537.36"
68.193.125.51 - - [20/Jun/2014:19:18:20 -0400] "GET /Images/Propane/paracoHov.png HTTP/1.1" 200 43109 "http://www.islandgreenery.net/propane.html" "Mozilla/5.0 (Windows NT 6.1; WOW64) AppleWebKit/537.36 (KHTML, like Gecko) Chrome/35.0.1916.153 Safari/537.36"
174.236.65.221 - - [20/Jun/2014:20:50:26 -0400] "GET /Images/lineThick.png HTTP/1.1" 200 12232 "http://www.islandgreenery.net/" "Mozilla/5.0 (iPhone; CPU iPhone OS 7_1_1 like Mac OS X) AppleWebKit/537.51.1 (KHTML, like Gecko) GSA/4.1.0.31802 Mobile/11D201 Safari/9537.53"
12.111.223.151 - - [20/Jun/2014:07:12:07 -0400] "GET /Images/Navigation/bluewide.jpg HTTP/1.1" 200 16322 "http://www.islandgreenery.net/?adid-2E343B92-B097-442c-BFA5-BE371E0325A2=1607091&kw-2E343B92-B097-442c-BFA5-BE371E0325A2=evergreen+shrubs" "Mozilla/5.0 (Linux; U; Android 4.0.4; en-us; SPH-D710 Build/IMM76I) AppleWebKit/534.30 (KHTML, like Gecko) Version/4.0 Mobile Safari/534.30"
12.111.223.151 - - [20/Jun/2014:07:12:07 -0400] "GET /Images/Home/mainPic.jpg HTTP/1.1" 200 209933 "http://www.islandgreenery.net/?adid-2E343B92-B097-442c-BFA5-BE371E0325A2=1607091&kw-2E343B92-B097-442c-BFA5-BE371E0325A2=evergreen+shrubs" "Mozilla/5.0 (Linux; U; Android 4.0.4; en-us; SPH-D710 Build/IMM76I) AppleWebKit/534.30 (KHTML, like Gecko) Version/4.0 Mobile Safari/534.30"
193.150.120.14 - - [20/Jun/2014:10:50:45 -0400] "GET / HTTP/1.1" 200 4374 "http://best-poppers.com.ua/" "Mozilla/4.0 (compatible; MSIE 6.0; Windows NT 5.1; SV1; Crazy Browser 2.0.0 Beta 1; .NET CLR 1.0.3705; .NET CLR 1.1.4322)"
12.111.223.151 - - [20/Jun/2014:10:56:56 -0400] "GET /CSS/main.css HTTP/1.1" 200 7040 "http://www.islandgreenery.net/?adid-2E343B92-B097-442c-BFA5-BE371E0325A2=1607093&kw-2E343B92-B097-442c-BFA5-BE371E0325A2=vegetable+plants" "Mozilla/4.0 (compatible; MSIE 8.0; Windows NT 6.1; Trident/4.0; SLCC2; .NET CLR 2.0.50727; .NET CLR 3.5.30729; .NET CLR 3.0.30729; Media Center PC 6.0; .NET4.0C)"
12.111.223.151 - - [20/Jun/2014:10:56:57 -0400] "GET /Images/islandGreeneryLogo.png HTTP/1.1" 200 52254 "http://www.islandgreenery.net/?adid-2E343B92-B097-442c-BFA5-BE371E0325A2=1607093&kw-2E343B92-B097-442c-BFA5-BE371E0325A2=vegetable+plants" "Mozilla/4.0 (compatible; MSIE 8.0; Windows NT 6.1; Trident/4.0; SLCC2; .NET CLR 2.0.50727; .NET CLR 3.5.30729; .NET CLR 3.0.30729; Media Center PC 6.0; .NET4.0C)"
12.111.223.151 - - [20/Jun/2014:11:05:35 -0400] "GET /Images/Home/centerImages.png HTTP/1.1" 200 133174 "http://www.islandgreenery.net/?adid-2E343B92-B097-442c-BFA5-BE371E0325A2=1607093&kw-2E343B92-B097-442c-BFA5-BE371E0325A2=tree+nursery" "Mozilla/5.0 (Macintosh; Intel Mac OS X 10_6_8) AppleWebKit/534.59.10 (KHTML, like Gecko) Version/5.1.9 Safari/534.59.10"
208.255.153.10 - - [20/Jun/2014:11:21:54 -0400] "GET / HTTP/1.1" 200 4374 "http://www.google.com/url?sa=t&rct=j&q=nurseries%20in%20bellmore%20ny&source=web&cd=1&ved=0CB8QFjAA&url=http%3A%2F%2Fwww.islandgreenery.net%2F&ei=e1GkU6ibEZTJsAS8-oCwBQ&usg=AFQjCNEISiWO86uAjfJ8kOne3AognXhRBA&bvm=bv.69411363,d.cWc" "Mozilla/5.0 (Windows NT 6.1; WOW64) AppleWebKit/537.36 (KHTML, like Gecko) Chrome/35.0.1916.153 Safari/537.36"
208.255.153.10 - - [20/Jun/2014:11:21:54 -0400] "GET /CSS/main.css HTTP/1.1" 200 7040 "http://www.islandgreenery.net/" "Mozilla/5.0 (Windows NT 6.1; WOW64) AppleWebKit/537.36 (KHTML, like Gecko) Chrome/35.0.1916.153 Safari/537.36"
208.255.153.10 - - [20/Jun/2014:11:21:54 -0400] "GET /Images/Home/propane.jpg HTTP/1.1" 200 29411 "http://www.islandgreenery.net/" "Mozilla/5.0 (Windows NT 6.1; WOW64) AppleWebKit/537.36 (KHTML, like Gecko) Chrome/35.0.1916.153 Safari/537.36"
208.255.153.10 - - [20/Jun/2014:11:21:55 -0400] "GET /Images/islandGreeneryLogo.png HTTP/1.1" 200 52254 "http://www.islandgreenery.net/" "Mozilla/5.0 (Windows NT 6.1; WOW64) AppleWebKit/537.36 (KHTML, like Gecko) Chrome/35.0.1916.153 Safari/537.36"
208.255.153.10 - - [20/Jun/2014:11:22:04 -0400] "GET /Images/Garden/rightPic.jpg HTTP/1.1" 200 79075 "http://www.islandgreenery.net/garden.html" "Mozilla/5.0 (Windows NT 6.1; WOW64) AppleWebKit/537.36 (KHTML, like Gecko) Chrome/35.0.1916.153 Safari/537.36"
12.111.223.151 - - [20/Jun/2014:11:38:18 -0400] "GET /Images/islandGreeneryLogo.png HTTP/1.1" 200 52254 "http://www.islandgreenery.net/?adid-2E343B92-B097-442c-BFA5-BE371E0325A2=1607093&kw-2E343B92-B097-442c-BFA5-BE371E0325A2=nursery" "Mozilla/5.0 (Windows NT 6.1; WOW64) AppleWebKit/537.36 (KHTML, like Gecko) Chrome/35.0.1916.153 Safari/537.36"
12.111.223.151 - - [20/Jun/2014:11:38:27 -0400] "GET /Images/Navigation/bluewide.jpg HTTP/1.1" 200 16322 "http://www.islandgreenery.net/?adid-2E343B92-B097-442c-BFA5-BE371E0325A2=1607093&kw-2E343B92-B097-442c-BFA5-BE371E0325A2=nursery" "Mozilla/5.0 (Windows NT 6.1; WOW64) AppleWebKit/537.36 (KHTML, like Gecko) Chrome/35.0.1916.153 Safari/537.36"
12.111.223.151 - - [20/Jun/2014:11:38:33 -0400] "GET /Images/Home/centerImages.png HTTP/1.1" 200 133174 "http://www.islandgreenery.net/?adid-2E343B92-B097-442c-BFA5-BE371E0325A2=1607093&kw-2E343B92-B097-442c-BFA5-BE371E0325A2=nursery" "Mozilla/5.0 (Windows NT 6.1; WOW64) AppleWebKit/537.36 (KHTML, like Gecko) Chrome/35.0.1916.153 Safari/537.36"
12.111.223.151 - - [20/Jun/2014:11:38:34 -0400] "GET /Images/Home/mainPic.jpg HTTP/1.1" 206 119821 "http://www.islandgreenery.net/?adid-2E343B92-B097-442c-BFA5-BE371E0325A2=1607093&kw-2E343B92-B097-442c-BFA5-BE371E0325A2=nursery" "Mozilla/5.0 (Windows NT 6.1; WOW64) AppleWebKit/537.36 (KHTML, like Gecko) Chrome/35.0.1916.153 Safari/537.36"
12.111.223.151 - - [20/Jun/2014:00:17:50 -0400] "GET /Images/Home/seasonSpecials.png HTTP/1.1" 200 35145 "http://www.islandgreenery.net/CSS/main.css" "Mozilla/5.0 (Windows NT 6.1; WOW64; rv:30.0) Gecko/20100101 Firefox/30.0"
12.111.223.151 - - [20/Jun/2014:00:37:41 -0400] "GET /Images/Home/propane.jpg HTTP/1.1" 200 29411 "http://www.islandgreenery.net/?adid-2E343B92-B097-442c-BFA5-BE371E0325A2=1607091&kw-2E343B92-B097-442c-BFA5-BE371E0325A2=evergreen+trees" "Mozilla/4.0 (compatible; MSIE 8.0; Windows NT 6.1; Trident/4.0)"
12.111.223.151 - - [20/Jun/2014:00:44:55 -0400] "GET /Images/Home/propane.jpg HTTP/1.1" 200 29411 "http://www.islandgreenery.net/?adid-2E343B92-B097-442c-BFA5-BE371E0325A2=1607091&kw-2E343B92-B097-442c-BFA5-BE371E0325A2=perennials" "Mozilla/4.0 (compatible; MSIE 8.0; Windows NT 5.1; Trident/4.0)"
47.23.4.91 - - [20/Jun/2014:06:38:20 -0400] "GET /Images/Home/mainPic.jpg HTTP/1.1" 200 209933 "http://www.islandgreenery.net/" "Mozilla/5.0 (Windows NT 6.1; WOW64) AppleWebKit/537.36 (KHTML, like Gecko) Chrome/35.0.1916.153 Safari/537.36"
47.23.4.91 - - [20/Jun/2014:06:38:20 -0400] "GET /favicon.ico HTTP/1.1" 404 575 "-" "Mozilla/5.0 (Windows NT 6.1; WOW64) AppleWebKit/537.36 (KHTML, like Gecko) Chrome/35.0.1916.153 Safari/537.36"
47.23.4.91 - - [20/Jun/2014:06:38:20 -0400] "GET /Images/Navigation/greenwide.jpg HTTP/1.1" 200 15999 "http://www.islandgreenery.net/" "Mozilla/5.0 (Windows NT 6.1; WOW64) AppleWebKit/537.36 (KHTML, like Gecko) Chrome/35.0.1916.153 Safari/537.36"
47.23.4.91 - - [20/Jun/2014:06:38:23 -0400] "GET /landscape.html HTTP/1.1" 200 4783 "http://www.islandgreenery.net/" "Mozilla/5.0 (Windows NT 6.1; WOW64) AppleWebKit/537.36 (KHTML, like Gecko) Chrome/35.0.1916.153 Safari/537.36"
47.23.4.91 - - [20/Jun/2014:06:38:23 -0400] "GET /galleries/landscape/index.html HTTP/1.1" 200 2481 "http://www.islandgreenery.net/landscape.html" "Mozilla/5.0 (Windows NT 6.1; WOW64) AppleWebKit/537.36 (KHTML, like Gecko) Chrome/35.0.1916.153 Safari/537.36"
47.23.4.91 - - [20/Jun/2014:06:38:23 -0400] "GET /galleries/landscape/engine1/style.css HTTP/1.1" 200 4067 "http://www.islandgreenery.net/galleries/landscape/index.html" "Mozilla/5.0 (Windows NT 6.1; WOW64) AppleWebKit/537.36 (KHTML, like Gecko) Chrome/35.0.1916.153 Safari/537.36"
47.23.4.91 - - [20/Jun/2014:06:38:23 -0400] "GET /galleries/landscape/data1/images/landscape3.jpg HTTP/1.1" 200 59208 "http://www.islandgreenery.net/galleries/landscape/index.html" "Mozilla/5.0 (Windows NT 6.1; WOW64) AppleWebKit/537.36 (KHTML, like Gecko) Chrome/35.0.1916.153 Safari/537.36"
47.23.4.91 - - [20/Jun/2014:06:38:23 -0400] "GET /galleries/landscape/data1/images/landscape5.jpg HTTP/1.1" 200 72033 "http://www.islandgreenery.net/galleries/landscape/index.html" "Mozilla/5.0 (Windows NT 6.1; WOW64) AppleWebKit/537.36 (KHTML, like Gecko) Chrome/35.0.1916.153 Safari/537.36"
47.23.4.91 - - [20/Jun/2014:06:38:23 -0400] "GET /galleries/landscape/data1/images/landscape8.jpg HTTP/1.1" 200 63230 "http://www.islandgreenery.net/galleries/landscape/index.html" "Mozilla/5.0 (Windows NT 6.1; WOW64) AppleWebKit/537.36 (KHTML, like Gecko) Chrome/35.0.1916.153 Safari/537.36"
47.23.4.91 - - [20/Jun/2014:06:38:23 -0400] "GET /galleries/landscape/engine1/arrows.png HTTP/1.1" 200 1914 "http://www.islandgreenery.net/galleries/landscape/index.html" "Mozilla/5.0 (Windows NT 6.1; WOW64) AppleWebKit/537.36 (KHTML, like Gecko) Chrome/35.0.1916.153 Safari/537.36"
47.23.4.91 - - [20/Jun/2014:06:38:23 -0400] "GET /galleries/landscape/data1/images/landscape14.jpg HTTP/1.1" 200 70741 "http://www.islandgreenery.net/galleries/landscape/index.html" "Mozilla/5.0 (Windows NT 6.1; WOW64) AppleWebKit/537.36 (KHTML, like Gecko) Chrome/35.0.1916.153 Safari/537.36"
207.86.142.22 - - [20/Jun/2014:12:58:39 -0400] "GET /IslandGreeneryPropaneCoupon.jpg HTTP/1.1" 200 60374 "http://www.islandgreenery.net/propane.html" "Mozilla/5.0 (Windows NT 6.1; WOW64; rv:30.0) Gecko/20100101 Firefox/30.0"
12.111.223.151 - - [20/Jun/2014:13:00:45 -0400] "GET /CSS/text.css HTTP/1.1" 200 731 "http://www.islandgreenery.net/?adid-2E343B92-B097-442c-BFA5-BE371E0325A2=1607093&kw-2E343B92-B097-442c-BFA5-BE371E0325A2=ornamental+grasses" "Mozilla/4.0 (compatible; MSIE 8.0; Windows NT 6.1; Trident/4.0; SLCC2; .NET CLR 2.0.50727; .NET CLR 3.5.30729; .NET CLR 3.0.30729; Media Center PC 6.0)"
12.111.223.151 - - [20/Jun/2014:15:04:53 -0400] "GET /garden.html HTTP/1.1" 200 4730 "http://www.google.com/uds/afs?q=Hedge%20Plants&client=aj-about-sem&channel=4930&hl=en&lo=true&po=true&r=m&fexp=21404%2C7000107&oe=UTF-8&ie=UTF-8&jsei=3&format=p9&ad=p9a9&nocache=7741403290778224&num=0&output=uds_ads_only&v=3&adlh=on&adext=as1%2Cl1%2Csr1&u_his=2&u_tz=-240&dt=1403290778224&u_w=1920&u_h=1080&biw=1847&bih=823&psw=1847&psh=1267&frm=0&uio=uv3sl1lo1sr1lHpo1ff1st16sa12lt24ld18lv18va1da1-&rurl=http%3A%2F%2Flandscaping.about.com%2Fz%2Fjs%2Fo.htm%3Fk%3Dhedge%2520plants%26d%3DHedge%2520Plants%26r%3Dhttp%3A%2F%2Flandscaping.about.com%2Fod%2Fhedgesfences%2Fa%2Fhedge_plants.htm&referer=http%3A%2F%2Flandscaping.about.com%2Fod%2Fhedgesfences%2Fa%2Fhedge_plants.htm" "Mozilla/5.0 (Macintosh; Intel Mac OS X 10_9_3) AppleWebKit/537.76.4 (KHTML, like Gecko) Version/7.0.4 Safari/537.76.4"
12.111.223.151 - - [20/Jun/2014:15:14:04 -0400] "GET /Images/lineThin.png HTTP/1.1" 200 2938 "http://www.islandgreenery.net/?adid-2E343B92-B097-442c-BFA5-BE371E0325A2=1607093&kw-2E343B92-B097-442c-BFA5-BE371E0325A2=tree+nursery" "Mozilla/5.0 (Linux; U; Android 4.1.2; en-us; SCH-I535 Build/JZO54K) AppleWebKit/534.30 (KHTML, like Gecko) Version/4.0 Mobile Safari/534.30"
12.111.223.151 - - [20/Jun/2014:15:14:05 -0400] "GET /Images/Navigation/bluewide.jpg HTTP/1.1" 200 16322 "http://www.islandgreenery.net/?adid-2E343B92-B097-442c-BFA5-BE371E0325A2=1607093&kw-2E343B92-B097-442c-BFA5-BE371E0325A2=tree+nursery" "Mozilla/5.0 (Linux; U; Android 4.1.2; en-us; SCH-I535 Build/JZO54K) AppleWebKit/534.30 (KHTML, like Gecko) Version/4.0 Mobile Safari/534.30"
12.111.223.151 - - [20/Jun/2014:15:49:00 -0400] "GET /Images/islandGreeneryLogo.png HTTP/1.1" 200 52254 "http://www.islandgreenery.net/?adid-2E343B92-B097-442c-BFA5-BE371E0325A2=1607089&kw-2E343B92-B097-442c-BFA5-BE371E0325A2=outdoor+steps" "Mozilla/5.0 (Windows NT 6.1; WOW64; Trident/7.0; rv:11.0) like Gecko"
193.150.120.14 - - [20/Jun/2014:15:53:20 -0400] "GET / HTTP/1.1" 200 4374 "http://gmt-max.org/" "Mozilla/4.0 (compatible; MSIE 6.0; Windows NT 5.1; SV1; YPC 3.0.2; .NET CLR 1.1.4322; yplus 4.4.02b)"
12.111.223.151 - - [20/Jun/2014:17:24:56 -0400] "GET /Images/Navigation/ThinBlue.png HTTP/1.1" 200 7349 "http://www.islandgreenery.net/?adid-2E343B92-B097-442c-BFA5-BE371E0325A2=1607045&kw-2E343B92-B097-442c-BFA5-BE371E0325A2=potting+soil" "Mozilla/5.0 (Macintosh; Intel Mac OS X 10_8_5) AppleWebKit/537.76.4 (KHTML, like Gecko) Version/6.1.4 Safari/537.76.4"
12.111.223.151 - - [20/Jun/2014:17:29:28 -0400] "GET /Images/lineThin.png HTTP/1.1" 200 2938 "http://www.islandgreenery.net/?adid-2E343B92-B097-442c-BFA5-BE371E0325A2=1607045&kw-2E343B92-B097-442c-BFA5-BE371E0325A2=perennials" "Mozilla/5.0 (Macintosh; Intel Mac OS X 10_9_2) AppleWebKit/537.74.9 (KHTML, like Gecko) Version/7.0.2 Safari/537.74.9"
12.111.223.151 - - [20/Jun/2014:17:29:33 -0400] "GET /landscape.html HTTP/1.1" 200 4783 "http://www.islandgreenery.net/?adid-2E343B92-B097-442c-BFA5-BE371E0325A2=1607045&kw-2E343B92-B097-442c-BFA5-BE371E0325A2=perennials" "Mozilla/5.0 (Macintosh; Intel Mac OS X 10_9_2) AppleWebKit/537.74.9 (KHTML, like Gecko) Version/7.0.2 Safari/537.74.9"
12.111.223.151 - - [20/Jun/2014:17:29:34 -0400] "GET /galleries/landscape/engine1/wowslider.js HTTP/1.1" 200 8598 "http://www.islandgreenery.net/galleries/landscape/index.html" "Mozilla/5.0 (Macintosh; Intel Mac OS X 10_9_2) AppleWebKit/537.74.9 (KHTML, like Gecko) Version/7.0.2 Safari/537.74.9"
12.111.223.151 - - [20/Jun/2014:17:40:29 -0400] "GET /galleries/landscape/engine1/jquery.js HTTP/1.1" 200 78663 "http://www.islandgreenery.net/galleries/landscape/index.html" "Mozilla/5.0 (Macintosh; Intel Mac OS X 10_5_8) AppleWebKit/534.50.2 (KHTML, like Gecko) Version/5.0.6 Safari/533.22.3"
12.111.223.151 - - [20/Jun/2014:17:40:30 -0400] "GET /galleries/landscape/data1/images/landscape8.jpg HTTP/1.1" 200 63230 "http://www.islandgreenery.net/galleries/landscape/index.html" "Mozilla/5.0 (Macintosh; Intel Mac OS X 10_5_8) AppleWebKit/534.50.2 (KHTML, like Gecko) Version/5.0.6 Safari/533.22.3"
174.254.192.7 - - [20/Jun/2014:20:43:19 -0400] "GET / HTTP/1.1" 200 4374 "http://www.google.com/" "Mozilla/5.0 (iPhone; CPU iPhone OS 7_0_4 like Mac OS X) AppleWebKit/536.26 (KHTML, like Gecko) GSA/3.1.0.23513 Mobile/11B554a Safari/8536.25"
174.254.192.7 - - [20/Jun/2014:20:43:20 -0400] "GET /CSS/main.css HTTP/1.1" 200 7040 "http://www.islandgreenery.net/" "Mozilla/5.0 (iPhone; CPU iPhone OS 7_0_4 like Mac OS X) AppleWebKit/536.26 (KHTML, like Gecko) GSA/3.1.0.23513 Mobile/11B554a Safari/8536.25"
174.254.192.7 - - [20/Jun/2014:20:43:21 -0400] "GET /Images/Navigation/ThinBlue.png HTTP/1.1" 200 7349 "http://www.islandgreenery.net/" "Mozilla/5.0 (iPhone; CPU iPhone OS 7_0_4 like Mac OS X) AppleWebKit/536.26 (KHTML, like Gecko) GSA/3.1.0.23513 Mobile/11B554a Safari/8536.25"
174.254.192.7 - - [20/Jun/2014:20:43:21 -0400] "GET /Images/Home/seasonSpecials.png HTTP/1.1" 200 35145 "http://www.islandgreenery.net/" "Mozilla/5.0 (iPhone; CPU iPhone OS 7_0_4 like Mac OS X) AppleWebKit/536.26 (KHTML, like Gecko) GSA/3.1.0.23513 Mobile/11B554a Safari/8536.25"
69.122.142.174 - - [20/Jun/2014:21:15:04 -0400] "GET /Images/Home/mainPic.jpg HTTP/1.1" 200 209933 "http://islandgreenery.net/" "Mozilla/5.0 (iPad; CPU OS 7_1 like Mac OS X) AppleWebKit/537.51.2 (KHTML, like Gecko) Version/7.0 Mobile/11D167 Safari/9537.53"
12.111.223.151 - - [20/Jun/2014:09:31:29 -0400] "GET / HTTP/1.1" 200 4374 "-" "Mozilla/4.0 (compatible; MSIE 7.0; Windows NT 5.1; .NET CLR 1.1.4322; .NET CLR 2.0.50727)"
12.111.223.151 - - [20/Jun/2014:10:41:28 -0400] "GET /Images/islandGreeneryLogo.png HTTP/1.1" 200 52254 "http://www.islandgreenery.net/?adid-2E343B92-B097-442c-BFA5-BE371E0325A2=1607091&kw-2E343B92-B097-442c-BFA5-BE371E0325A2=flowering+trees" "Mozilla/5.0 (compatible; MSIE 8.0; Windows NT 5.1; Trident/4.0; .NET CLR 1.1.4322; .NET CLR 2.0.50727)"
12.111.223.151 - - [20/Jun/2014:11:25:03 -0400] "GET /Images/Home/seasonSpecials.png HTTP/1.1" 200 35145 "http://www.islandgreenery.net/?adid-2E343B92-B097-442c-BFA5-BE371E0325A2=1607093&kw-2E343B92-B097-442c-BFA5-BE371E0325A2=nursery" "Mozilla/5.0 (Windows NT 6.1; WOW64; Trident/7.0; rv:11.0) like Gecko"
12.111.223.151 - - [20/Jun/2014:11:38:27 -0400] "GET / HTTP/1.1" 200 4374 "http://www.google.com/uds/afs?q=hicks%20nursery%20westbury&client=aj-mega&channel=ux-other%2Cx-tsrc-ask%2Cx-dune-df%2Cx-dc-dupont%2Czz-other-aw%2Cx-test1%2Cx-ch-ggweb%2Cx-age-1wk%2Cx-site-mws-new%2Cx-tsts-pp%2Cx-tpr-tabsbsug%2Cx-st-other%2Cx-us-mws%2Cx-ld-yya%2Cx-br-chrome%2Cx-mktg-uxxdm327%2Cx-mktg-ux-xdm327%2Cx-prod-ux%2Cx-geo-us%2CCh-019&hl=en&adtest=off&adsafe=medium&lo=true&adpage=1&adrep=3&po=true&r=m&fexp=21404%2C7000107&oe=UTF-8&ie=UTF-8&jsei=3&format=p7%7Cn3&ad=n3p7&nocache=1431403278691897&num=0&output=uds_ads_only&v=3&adlh=on&adext=as1%2Cl1%2Csr1&u_his=2&u_tz=-240&dt=1403278691898&u_w=1280&u_h=1024&biw=1183&bih=869&psw=1183&psh=0&frm=0&uio=uv3va1sl1sr1lHlo1po1ri1-st17sd13sv13-st17sd13sv13&rurl=http%3A%2F%2Fsearch.tb.ask.com%2Fsearch%2FGGmain.jhtml%3Fsearchfor%3Dhicks%2520nursery%2520westbury%26st%3Dtab%26ptb%3D2E06A620-2F50-4D4A-97C0-B1741E6018E7%26n%3D780c248a%26ind%3D2014061706%26ct%3DSS%26pg%3DGGmain%26tpr%3Dtabsbsug%26p2%3D%5EUX%5Exdm327%5EYYA%5Eus%26si%3DCD13474" "Mozilla/5.0 (Windows NT 6.1; WOW64) AppleWebKit/537.36 (KHTML, like Gecko) Chrome/35.0.1916.153 Safari/537.36"
12.111.223.151 - - [20/Jun/2014:11:38:34 -0400] "GET /Images/Home/centerImages.png HTTP/1.1" 206 118088 "http://www.islandgreenery.net/?adid-2E343B92-B097-442c-BFA5-BE371E0325A2=1607093&kw-2E343B92-B097-442c-BFA5-BE371E0325A2=nursery" "Mozilla/5.0 (Windows NT 6.1; WOW64) AppleWebKit/537.36 (KHTML, like Gecko) Chrome/35.0.1916.153 Safari/537.36"
12.111.223.151 - - [20/Jun/2014:11:54:42 -0400] "GET /Images/Home/mainPic.jpg HTTP/1.1" 200 209933 "http://www.islandgreenery.net/?adid-2E343B92-B097-442c-BFA5-BE371E0325A2=1607045&kw-2E343B92-B097-442c-BFA5-BE371E0325A2=leyland+cypress" "Mozilla/5.0 (Linux; U; Android 4.3; en-us; SCH-I535 Build/JSS15J) AppleWebKit/534.30 (KHTML, like Gecko) Version/4.0 Mobile Safari/534.30"
12.111.223.151 - - [20/Jun/2014:00:44:55 -0400] "GET /Images/Home/centerImages.png HTTP/1.1" 200 133174 "http://www.islandgreenery.net/?adid-2E343B92-B097-442c-BFA5-BE371E0325A2=1607091&kw-2E343B92-B097-442c-BFA5-BE371E0325A2=perennials" "Mozilla/4.0 (compatible; MSIE 8.0; Windows NT 5.1; Trident/4.0)"
47.23.4.91 - - [20/Jun/2014:06:38:19 -0400] "GET / HTTP/1.1" 200 4374 "https://www.google.com/" "Mozilla/5.0 (Windows NT 6.1; WOW64) AppleWebKit/537.36 (KHTML, like Gecko) Chrome/35.0.1916.153 Safari/537.36"
47.23.4.91 - - [20/Jun/2014:06:38:20 -0400] "GET /CSS/text.css HTTP/1.1" 200 731 "http://www.islandgreenery.net/" "Mozilla/5.0 (Windows NT 6.1; WOW64) AppleWebKit/537.36 (KHTML, like Gecko) Chrome/35.0.1916.153 Safari/537.36"
47.23.4.91 - - [20/Jun/2014:06:38:20 -0400] "GET /Images/Home/propane.jpg HTTP/1.1" 200 29411 "http://www.islandgreenery.net/" "Mozilla/5.0 (Windows NT 6.1; WOW64) AppleWebKit/537.36 (KHTML, like Gecko) Chrome/35.0.1916.153 Safari/537.36"
47.23.4.91 - - [20/Jun/2014:06:38:20 -0400] "GET /Images/Navigation/bluewide.jpg HTTP/1.1" 200 16322 "http://www.islandgreenery.net/" "Mozilla/5.0 (Windows NT 6.1; WOW64) AppleWebKit/537.36 (KHTML, like Gecko) Chrome/35.0.1916.153 Safari/537.36"
96.239.108.47 - - [20/Jun/2014:13:36:27 -0400] "GET /galleries/masonry/data1/images/masonry6.jpg HTTP/1.1" 200 40027 "http://www.islandgreenery.net/galleries/masonry/index.html" "Mozilla/5.0 (Windows NT 6.1; WOW64; Trident/7.0; rv:11.0) like Gecko"
12.111.223.151 - - [20/Jun/2014:15:04:10 -0400] "GET /galleries/landscape/data1/images/landscape3.jpg HTTP/1.1" 200 59208 "http://www.islandgreenery.net/galleries/landscape/index.html" "Mozilla/5.0 (Macintosh; Intel Mac OS X 10_9_3) AppleWebKit/537.76.4 (KHTML, like Gecko) Version/7.0.4 Safari/537.76.4"
12.111.223.151 - - [20/Jun/2014:15:25:18 -0400] "GET /Images/Navigation/ThinBlue.png HTTP/1.1" 200 7349 "http://www.islandgreenery.net/?adid-2E343B92-B097-442c-BFA5-BE371E0325A2=1607045&kw-2E343B92-B097-442c-BFA5-BE371E0325A2=evergreen+shrubs" "Mozilla/5.0 (Windows NT 6.3; WOW64; Trident/7.0; rv:11.0) like Gecko"
12.111.223.151 - - [20/Jun/2014:15:49:00 -0400] "GET /Images/Navigation/bluewide.jpg HTTP/1.1" 200 16322 "http://www.islandgreenery.net/?adid-2E343B92-B097-442c-BFA5-BE371E0325A2=1607089&kw-2E343B92-B097-442c-BFA5-BE371E0325A2=outdoor+steps" "Mozilla/5.0 (Windows NT 6.1; WOW64; Trident/7.0; rv:11.0) like Gecko"
12.111.223.151 - - [20/Jun/2014:15:49:01 -0400] "GET /Images/Home/seasonSpecials.png HTTP/1.1" 200 35145 "http://www.islandgreenery.net/?adid-2E343B92-B097-442c-BFA5-BE371E0325A2=1607089&kw-2E343B92-B097-442c-BFA5-BE371E0325A2=outdoor+steps" "Mozilla/5.0 (Windows NT 6.1; WOW64; Trident/7.0; rv:11.0) like Gecko"
12.111.223.151 - - [20/Jun/2014:15:49:01 -0400] "GET /Images/Home/propane.jpg HTTP/1.1" 200 29411 "http://www.islandgreenery.net/?adid-2E343B92-B097-442c-BFA5-BE371E0325A2=1607089&kw-2E343B92-B097-442c-BFA5-BE371E0325A2=outdoor+steps" "Mozilla/5.0 (Windows NT 6.1; WOW64; Trident/7.0; rv:11.0) like Gecko"
12.111.223.151 - - [20/Jun/2014:15:49:13 -0400] "GET /galleries/masonry/engine1/wowslider.js HTTP/1.1" 200 8598 "http://www.islandgreenery.net/galleries/masonry/index.html" "Mozilla/5.0 (Windows NT 6.1; WOW64; Trident/7.0; rv:11.0) like Gecko"
200.193.247.115 - - [20/Jun/2014:15:56:45 -0400] "GET /CSS/text.css HTTP/1.1" 200 731 "http://islandgreenery.net/" "Mozilla/5.0 (Windows NT 6.1; WOW64) AppleWebKit/537.36 (KHTML, like Gecko) Chrome/32.0.1700.107 Safari/537.36"
12.111.223.151 - - [20/Jun/2014:17:29:36 -0400] "GET /galleries/landscape/engine1/bg.png HTTP/1.1" 200 1416 "http://www.islandgreenery.net/galleries/landscape/index.html" "Mozilla/5.0 (Macintosh; Intel Mac OS X 10_9_2) AppleWebKit/537.74.9 (KHTML, like Gecko) Version/7.0.2 Safari/537.74.9"
12.111.223.151 - - [20/Jun/2014:17:40:30 -0400] "GET /galleries/landscape/data1/images/landscape11.jpg HTTP/1.1" 200 58935 "http://www.islandgreenery.net/galleries/landscape/index.html" "Mozilla/5.0 (Macintosh; Intel Mac OS X 10_5_8) AppleWebKit/534.50.2 (KHTML, like Gecko) Version/5.0.6 Safari/533.22.3"
68.193.125.51 - - [20/Jun/2014:19:17:51 -0400] "GET /Images/Contact/facebook.png HTTP/1.1" 200 6350 "http://www.islandgreenery.net/contact.php" "Mozilla/5.0 (Windows NT 6.1; WOW64) AppleWebKit/537.36 (KHTML, like Gecko) Chrome/35.0.1916.153 Safari/537.36"
100.43.81.135 - - [20/Jun/2014:19:57:38 -0400] "GET /index.html HTTP/1.1" 200 4374 "-" "Mozilla/5.0 (compatible; YandexBot/3.0; +http://yandex.com/bots)"
100.43.81.135 - - [20/Jun/2014:19:57:40 -0400] "GET / HTTP/1.1" 200 4374 "-" "Mozilla/5.0 (compatible; YandexBot/3.0; +http://yandex.com/bots)"
69.122.142.174 - - [20/Jun/2014:21:15:31 -0400] "GET /Images/Propane/refill.jpg HTTP/1.1" 200 69633 "http://islandgreenery.net/propane.html" "Mozilla/5.0 (iPad; CPU OS 7_1 like Mac OS X) AppleWebKit/537.51.2 (KHTML, like Gecko) Version/7.0 Mobile/11D167 Safari/9537.53"
12.111.223.151 - - [20/Jun/2014:07:12:07 -0400] "GET /Images/lineThick.png HTTP/1.1" 200 12232 "http://www.islandgreenery.net/?adid-2E343B92-B097-442c-BFA5-BE371E0325A2=1607091&kw-2E343B92-B097-442c-BFA5-BE371E0325A2=evergreen+shrubs" "Mozilla/5.0 (Linux; U; Android 4.0.4; en-us; SPH-D710 Build/IMM76I) AppleWebKit/534.30 (KHTML, like Gecko) Version/4.0 Mobile Safari/534.30"
12.111.223.151 - - [20/Jun/2014:07:42:44 -0400] "GET / HTTP/1.1" 200 4374 "-" "Mozilla/4.0 (compatible; MSIE 7.0; Windows NT 5.1; .NET CLR 1.1.4322; .NET CLR 2.0.50727)"
12.111.223.151 - - [20/Jun/2014:09:47:38 -0400] "GET / HTTP/1.1" 200 4374 "http://ldnweb.local.com/iframeV5.aspx?m=3&dc=1&referrer=explorescape.com&ip=173.52.119.58&rurl=http%3a%2f%2fexplorescape.com%2fs.php%3fi%3d9c6di47%2fywb7JaSqUB7ekilpXn4HHzL%2fOrKBDYjfeSnmOCX668HEGkrd1DThsvvoiDhPjTvMcxmny5ZqojjLf6wSewUb8rApAU26IAl6dyRLxQurBkIdEXS1%2bPFVZHxNvECG%2fORsye%2fl%2bim%2bZ7X%2fjjO%2fbHp19pG0mvU&if=localiframe-0" "Mozilla/5.0 (Macintosh; Intel Mac OS X 10_6_8) AppleWebKit/534.59.10 (KHTML, like Gecko) Version/5.1.9 Safari/534.59.10"
24.188.198.219 - - [20/Jun/2014:09:59:49 -0400] "GET /Images/Propane/refill.jpg HTTP/1.1" 200 69633 "http://www.islandgreenery.net/propane.html" "Mozilla/5.0 (Windows NT 6.2; WOW64) AppleWebKit/537.36 (KHTML, like Gecko) Chrome/35.0.1916.153 Safari/537.36"
12.111.223.151 - - [20/Jun/2014:10:56:58 -0400] "GET /Images/Home/propane.jpg HTTP/1.1" 200 29411 "http://www.islandgreenery.net/?adid-2E343B92-B097-442c-BFA5-BE371E0325A2=1607093&kw-2E343B92-B097-442c-BFA5-BE371E0325A2=vegetable+plants" "Mozilla/4.0 (compatible; MSIE 8.0; Windows NT 6.1; Trident/4.0; SLCC2; .NET CLR 2.0.50727; .NET CLR 3.5.30729; .NET CLR 3.0.30729; Media Center PC 6.0; .NET4.0C)"
12.111.223.151 - - [20/Jun/2014:11:05:34 -0400] "GET / HTTP/1.1" 200 4374 "http://www.google.com/uds/afs?q=weeping%20birch%20trees%20for%20sale&client=aj-shop-savvy&channel=7734&adsafe=medium&oe=utf-8&ie=utf-8&lo=false&adpage=1&adrep=4&po=false&r=s&fexp=2631601%2C21404%2C7000107%2C21404%2C7000107&jsei=3&format=p4&ad=n0&nocache=1781403276624391&num=0&output=uds_ads_only&v=3&adext=as1%2Csr1&rurl=http%3A%2F%2Fwww.shop411.com%2Fshopping%3Fam%3Dexact%26q%3Dweeping%2Bbirch%2Btrees%2Bfor%2Bsale%26an%3Dgoogle_s%26askid%3D8401dded-7483-45f0-bc69-709cf3a29064-0-sf_gse%26kv%3Dsdb%26gc%3D0%26dqi%3Dweeping%252520birch%252520trees%252520for%252520sale%26qsrc%3D999%26ad%3DsemD%26o%3D7734%26l%3Ddir&referer=http%3A%2F%2Fwww.google.com%2Faclk%3Fsa%3DL%26ai%3DC_QDTSk2kU7eZFfLSsQftz4G4B_LUztoD0p6C62uxpfHHqwEQBiC5VCgIUK2V6I74_____wFgya6Li8Ck2A_IAQGqBB9P0AjESq6IghlWUT83bu6-Behk6SYVaA_T-1IVDqZPgAWQToAH8qeKKJAHAQ%26num%3D9%26sig%3DAOD64_0IgJ0f8KnmB-pxOAQhIKcWu6B2NQ%26ved%3D0CMwBENEM%26adurl%3Dhttp%3A%2F%2Fwww.shop411.com%2Fslp%253F%2526q%253Dweeping%252Bbirch%252Btrees%252Bfor%252Bsale%2526sid%253D8401dded-7483-45f0-bc69-709cf3a29064-0-sf_gse%2526kwid%253Dweeping%252520birch%252520trees%252520for%252520sale%2526cid%253D28869265386%2526site%253D%26rct%3Dj%26q%3Dweeping%2520birch%2520trees%2520for%2520sale" "Mozilla/5.0 (Macintosh; Intel Mac OS X 10_6_8) AppleWebKit/534.59.10 (KHTML, like Gecko) Version/5.1.9 Safari/534.59.10"
12.111.223.151 - - [20/Jun/2014:11:25:03 -0400] "GET /Images/lineThin.png HTTP/1.1" 200 2938 "http://www.islandgreenery.net/?adid-2E343B92-B097-442c-BFA5-BE371E0325A2=1607093&kw-2E343B92-B097-442c-BFA5-BE371E0325A2=nursery" "Mozilla/5.0 (Windows NT 6.1; WOW64; Trident/7.0; rv:11.0) like Gecko"
12.111.223.151 - - [20/Jun/2014:11:38:35 -0400] "GET /CSS/text.css HTTP/1.1" 200 731 "http://www.islandgreenery.net/?adid-2E343B92-B097-442c-BFA5-BE371E0325A2=1607093&kw-2E343B92-B097-442c-BFA5-BE371E0325A2=nursery" "Mozilla/5.0 (Windows NT 6.1; WOW64) AppleWebKit/537.36 (KHTML, like Gecko) Chrome/35.0.1916.153 Safari/537.36"
12.111.223.151 - - [20/Jun/2014:11:38:36 -0400] "GET /Images/Home/propane.jpg HTTP/1.1" 200 29411 "http://www.islandgreenery.net/?adid-2E343B92-B097-442c-BFA5-BE371E0325A2=1607093&kw-2E343B92-B097-442c-BFA5-BE371E0325A2=nursery" "Mozilla/5.0 (Windows NT 6.1; WOW64) AppleWebKit/537.36 (KHTML, like Gecko) Chrome/35.0.1916.153 Safari/537.36"
12.111.223.151 - - [20/Jun/2014:01:40:04 -0400] "GET /Images/Navigation/bluewide.jpg HTTP/1.1" 200 16322 "http://www.islandgreenery.net/?adid-2E343B92-B097-442c-BFA5-BE371E0325A2=1607093&kw-2E343B92-B097-442c-BFA5-BE371E0325A2=shrub+nursery" "Mozilla/4.0 (compatible; MSIE 8.0; Windows NT 6.1; Trident/4.0)"
208.93.104.9 - - [20/Jun/2014:02:29:30 -0400] "HEAD / HTTP/1.1" 200 - "-" "http://www.yellowpages.com/about/legal/crawl"
12.111.223.151 - - [20/Jun/2014:03:58:33 -0400] "GET /Images/Home/centerImages.png HTTP/1.1" 200 133174 "http://www.islandgreenery.net/?adid-2E343B92-B097-442c-BFA5-BE371E0325A2=1607093&kw-2E343B92-B097-442c-BFA5-BE371E0325A2=vegetable+plants" "Mozilla/5.0 (Linux; U; Android 4.3; en-us; SPH-L710 Build/JSS15J) AppleWebKit/534.30 (KHTML, like Gecko) Version/4.0 Mobile Safari/534.30"
12.111.223.151 - - [20/Jun/2014:03:59:34 -0400] "GET /Images/Navigation/ThinBlue.png HTTP/1.1" 200 7349 "http://www.islandgreenery.net/?adid-2E343B92-B097-442c-BFA5-BE371E0325A2=1607091&kw-2E343B92-B097-442c-BFA5-BE371E0325A2=sod+installation" "Mozilla/5.0 (Macintosh; Intel Mac OS X 10_6_8) AppleWebKit/534.59.8 (KHTML, like Gecko) Version/5.1.9 Safari/534.59.8"
12.111.223.151 - - [20/Jun/2014:03:59:34 -0400] "GET /Images/Home/mainPic.jpg HTTP/1.1" 200 209933 "http://www.islandgreenery.net/?adid-2E343B92-B097-442c-BFA5-BE371E0325A2=1607091&kw-2E343B92-B097-442c-BFA5-BE371E0325A2=sod+installation" "Mozilla/5.0 (Macintosh; Intel Mac OS X 10_6_8) AppleWebKit/534.59.8 (KHTML, like Gecko) Version/5.1.9 Safari/534.59.8"
12.111.223.151 - - [20/Jun/2014:05:54:32 -0400] "GET / HTTP/1.1" 200 4374 "-" "Mozilla/4.0 (compatible; MSIE 7.0; Windows NT 5.1; .NET CLR 1.1.4322; .NET CLR 2.0.50727)"
12.111.223.151 - - [20/Jun/2014:06:00:31 -0400] "GET /CSS/text.css HTTP/1.1" 200 731 "http://www.islandgreenery.net/?adid-2E343B92-B097-442c-BFA5-BE371E0325A2=1607092&kw-2E343B92-B097-442c-BFA5-BE371E0325A2=bulk+mulch+delivery" "Mozilla/5.0 (Windows NT 6.1; WOW64) AppleWebKit/537.36 (KHTML, like Gecko) Chrome/35.0.1916.153 Safari/537.36"
96.239.108.47 - - [20/Jun/2014:13:35:26 -0400] "GET /CSS/main.css HTTP/1.1" 200 7040 "http://www.islandgreenery.net/" "Mozilla/5.0 (Windows NT 6.1; WOW64; Trident/7.0; rv:11.0) like Gecko"
96.239.108.47 - - [20/Jun/2014:13:35:26 -0400] "GET /Images/islandGreeneryLogo.png HTTP/1.1" 200 52254 "http://www.islandgreenery.net/" "Mozilla/5.0 (Windows NT 6.1; WOW64; Trident/7.0; rv:11.0) like Gecko"
96.239.108.47 - - [20/Jun/2014:13:35:26 -0400] "GET /Images/Home/propane.jpg HTTP/1.1" 200 29411 "http://www.islandgreenery.net/" "Mozilla/5.0 (Windows NT 6.1; WOW64; Trident/7.0; rv:11.0) like Gecko"
12.111.223.151 - - [20/Jun/2014:15:25:18 -0400] "GET /CSS/main.css HTTP/1.1" 200 7040 "http://www.islandgreenery.net/?adid-2E343B92-B097-442c-BFA5-BE371E0325A2=1607045&kw-2E343B92-B097-442c-BFA5-BE371E0325A2=evergreen+shrubs" "Mozilla/5.0 (Windows NT 6.3; WOW64; Trident/7.0; rv:11.0) like Gecko"
12.111.223.151 - - [20/Jun/2014:17:25:34 -0400] "GET /Images/Navigation/greenwide.jpg HTTP/1.1" 200 15999 "http://www.islandgreenery.net/?adid-2E343B92-B097-442c-BFA5-BE371E0325A2=1607045&kw-2E343B92-B097-442c-BFA5-BE371E0325A2=potting+soil" "Mozilla/5.0 (Macintosh; Intel Mac OS X 10_8_5) AppleWebKit/537.76.4 (KHTML, like Gecko) Version/6.1.4 Safari/537.76.4"
12.111.223.151 - - [20/Jun/2014:17:40:20 -0400] "GET /CSS/main.css HTTP/1.1" 200 7040 "http://www.islandgreenery.net/?adid-2E343B92-B097-442c-BFA5-BE371E0325A2=1607091&kw-2E343B92-B097-442c-BFA5-BE371E0325A2=landscaping+designs" "Mozilla/5.0 (Macintosh; Intel Mac OS X 10_5_8) AppleWebKit/534.50.2 (KHTML, like Gecko) Version/5.0.6 Safari/533.22.3"
12.111.223.151 - - [20/Jun/2014:17:40:20 -0400] "GET /Images/Home/seasonSpecials.png HTTP/1.1" 200 35145 "http://www.islandgreenery.net/?adid-2E343B92-B097-442c-BFA5-BE371E0325A2=1607091&kw-2E343B92-B097-442c-BFA5-BE371E0325A2=landscaping+designs" "Mozilla/5.0 (Macintosh; Intel Mac OS X 10_5_8) AppleWebKit/534.50.2 (KHTML, like Gecko) Version/5.0.6 Safari/533.22.3"
12.111.223.151 - - [20/Jun/2014:17:40:32 -0400] "GET /galleries/landscape/engine1/arrows.png HTTP/1.1" 200 1914 "http://www.islandgreenery.net/galleries/landscape/index.html" "Mozilla/5.0 (Macintosh; Intel Mac OS X 10_5_8) AppleWebKit/534.50.2 (KHTML, like Gecko) Version/5.0.6 Safari/533.22.3"
12.111.223.151 - - [20/Jun/2014:17:50:07 -0400] "GET /CSS/text.css HTTP/1.1" 200 731 "http://www.islandgreenery.net/?adid-2E343B92-B097-442c-BFA5-BE371E0325A2=1607088&kw-2E343B92-B097-442c-BFA5-BE371E0325A2=garden+wall" "Mozilla/5.0 (Macintosh; Intel Mac OS X 10_5_8) AppleWebKit/534.50.2 (KHTML, like Gecko) Version/5.0.6 Safari/533.22.3"
12.111.223.151 - - [20/Jun/2014:17:50:07 -0400] "GET /Images/lineThick.png HTTP/1.1" 200 12232 "http://www.islandgreenery.net/?adid-2E343B92-B097-442c-BFA5-BE371E0325A2=1607088&kw-2E343B92-B097-442c-BFA5-BE371E0325A2=garden+wall" "Mozilla/5.0 (Macintosh; Intel Mac OS X 10_5_8) AppleWebKit/534.50.2 (KHTML, like Gecko) Version/5.0.6 Safari/533.22.3"
12.111.223.151 - - [20/Jun/2014:17:50:07 -0400] "GET /Images/Home/mainPic.jpg HTTP/1.1" 200 209933 "http://www.islandgreenery.net/?adid-2E343B92-B097-442c-BFA5-BE371E0325A2=1607088&kw-2E343B92-B097-442c-BFA5-BE371E0325A2=garden+wall" "Mozilla/5.0 (Macintosh; Intel Mac OS X 10_5_8) AppleWebKit/534.50.2 (KHTML, like Gecko) Version/5.0.6 Safari/533.22.3"
72.89.99.203 - - [20/Jun/2014:18:50:00 -0400] "GET /Images/Propane/propaneMain.jpg HTTP/1.1" 200 127651 "http://www.islandgreenery.net/propane.html" "Mozilla/5.0 (iPhone; CPU iPhone OS 7_1 like Mac OS X) AppleWebKit/537.51.1 (KHTML, like Gecko) GSA/4.1.0.31802 Mobile/11D167 Safari/9537.53"
72.89.99.203 - - [20/Jun/2014:18:50:03 -0400] "GET /Images/Propane/refill.jpg HTTP/1.1" 200 69633 "http://www.islandgreenery.net/propane.html" "Mozilla/5.0 (iPhone; CPU iPhone OS 7_1 like Mac OS X) AppleWebKit/537.51.1 (KHTML, like Gecko) GSA/4.1.0.31802 Mobile/11D167 Safari/9537.53"
72.89.99.203 - - [20/Jun/2014:18:50:05 -0400] "GET /Images/Propane/paracoHov.png HTTP/1.1" 200 43109 "http://www.islandgreenery.net/propane.html" "Mozilla/5.0 (iPhone; CPU iPhone OS 7_1 like Mac OS X) AppleWebKit/537.51.1 (KHTML, like Gecko) GSA/4.1.0.31802 Mobile/11D167 Safari/9537.53"
47.16.103.14 - - [20/Jun/2014:20:28:23 -0400] "GET /Images/Navigation/bluewide.jpg HTTP/1.1" 200 16322 "http://www.islandgreenery.net/CSS/main.css" "Mozilla/5.0 (Windows NT 6.1; rv:29.0) Gecko/20100101 Firefox/29.0"
174.236.65.221 - - [20/Jun/2014:20:50:26 -0400] "GET /Images/Home/seasonSpecials.png HTTP/1.1" 200 35145 "http://www.islandgreenery.net/" "Mozilla/5.0 (iPhone; CPU iPhone OS 7_1_1 like Mac OS X) AppleWebKit/537.51.1 (KHTML, like Gecko) GSA/4.1.0.31802 Mobile/11D201 Safari/9537.53"
69.122.142.174 - - [20/Jun/2014:21:15:11 -0400] "GET /contact.php HTTP/1.1" 200 6387 "http://islandgreenery.net/" "Mozilla/5.0 (iPad; CPU OS 7_1 like Mac OS X) AppleWebKit/537.51.2 (KHTML, like Gecko) Version/7.0 Mobile/11D167 Safari/9537.53"
69.122.142.174 - - [20/Jun/2014:21:15:12 -0400] "GET /CSS/form.css HTTP/1.1" 200 1110 "http://islandgreenery.net/contact.php" "Mozilla/5.0 (iPad; CPU OS 7_1 like Mac OS X) AppleWebKit/537.51.2 (KHTML, like Gecko) Version/7.0 Mobile/11D167 Safari/9537.53"
69.122.142.174 - - [20/Jun/2014:21:15:12 -0400] "GET /Images/Contact/operator.png HTTP/1.1" 200 35065 "http://islandgreenery.net/contact.php" "Mozilla/5.0 (iPad; CPU OS 7_1 like Mac OS X) AppleWebKit/537.51.2 (KHTML, like Gecko) Version/7.0 Mobile/11D167 Safari/9537.53"
69.122.142.174 - - [20/Jun/2014:21:15:12 -0400] "GET /Images/Contact/facebookHov.png HTTP/1.1" 200 6360 "http://islandgreenery.net/contact.php" "Mozilla/5.0 (iPad; CPU OS 7_1 like Mac OS X) AppleWebKit/537.51.2 (KHTML, like Gecko) Version/7.0 Mobile/11D167 Safari/9537.53"
12.111.223.151 - - [20/Jun/2014:21:43:57 -0400] "GET / HTTP/1.1" 200 4374 "-" "Mozilla/5.0 (Macintosh; Intel Mac OS X 10_9_2) AppleWebKit/537.74.9 (KHTML, like Gecko) Version/7.0.2 Safari/537.74.9"
12.111.223.151 - - [20/Jun/2014:08:20:30 -0400] "GET /favicon.ico HTTP/1.1" 404 575 "-" "Mozilla/5.0 (Linux; Android 4.4.2; en-us; SAMSUNG SPH-L720 Build/KOT49H) AppleWebKit/537.36 (KHTML, like Gecko) Version/1.5 Chrome/28.0.1500.94 Mobile Safari/537.36"
12.111.223.151 - - [20/Jun/2014:09:47:39 -0400] "GET /Images/lineThick.png HTTP/1.1" 200 12232 "http://www.islandgreenery.net/?adid-2E343B92-B097-442c-BFA5-BE371E0325A2=1628866&kw-2E343B92-B097-442c-BFA5-BE371E0325A2=gift+shop" "Mozilla/5.0 (Macintosh; Intel Mac OS X 10_6_8) AppleWebKit/534.59.10 (KHTML, like Gecko) Version/5.1.9 Safari/534.59.10"
12.111.223.151 - - [20/Jun/2014:09:58:54 -0400] "GET /Images/Navigation/ThinBlue.png HTTP/1.1" 200 7349 "http://www.islandgreenery.net/?adid-2E343B92-B097-442c-BFA5-BE371E0325A2=1628866&kw-2E343B92-B097-442c-BFA5-BE371E0325A2=fertilizer" "Mozilla/5.0 (Windows NT 6.1; Trident/7.0; rv:11.0) like Gecko"
12.111.223.151 - - [20/Jun/2014:09:58:54 -0400] "GET /Images/lineThin.png HTTP/1.1" 200 2938 "http://www.islandgreenery.net/?adid-2E343B92-B097-442c-BFA5-BE371E0325A2=1628866&kw-2E343B92-B097-442c-BFA5-BE371E0325A2=fertilizer" "Mozilla/5.0 (Windows NT 6.1; Trident/7.0; rv:11.0) like Gecko"
12.111.223.151 - - [20/Jun/2014:11:05:34 -0400] "GET /CSS/main.css HTTP/1.1" 200 7040 "http://www.islandgreenery.net/?adid-2E343B92-B097-442c-BFA5-BE371E0325A2=1607093&kw-2E343B92-B097-442c-BFA5-BE371E0325A2=tree+nursery" "Mozilla/5.0 (Macintosh; Intel Mac OS X 10_6_8) AppleWebKit/534.59.10 (KHTML, like Gecko) Version/5.1.9 Safari/534.59.10"
66.249.65.54 - - [20/Jun/2014:11:12:58 -0400] "GET /contact.php HTTP/1.1" 200 6387 "-" "Mozilla/5.0 (iPhone; CPU iPhone OS 6_0 like Mac OS X) AppleWebKit/536.26 (KHTML, like Gecko) Version/6.0 Mobile/10A5376e Safari/8536.25 (compatible; Googlebot/2.1; +http://www.google.com/bot.html)"
12.111.223.151 - - [20/Jun/2014:11:38:34 -0400] "GET /Images/islandGreeneryLogo.png HTTP/1.1" 200 52254 "http://www.islandgreenery.net/?adid-2E343B92-B097-442c-BFA5-BE371E0325A2=1607093&kw-2E343B92-B097-442c-BFA5-BE371E0325A2=nursery" "Mozilla/5.0 (Windows NT 6.1; WOW64) AppleWebKit/537.36 (KHTML, like Gecko) Chrome/35.0.1916.153 Safari/537.36"
75.127.138.21 - - [20/Jun/2014:11:57:08 -0400] "GET /galleries/masonry/engine1/jquery.js HTTP/1.1" 200 78663 "http://www.islandgreenery.net/galleries/masonry/index.html" "Mozilla/5.0 (Windows NT 6.1; WOW64) AppleWebKit/537.36 (KHTML, like Gecko) Chrome/35.0.1916.153 Safari/537.36"
75.127.138.21 - - [20/Jun/2014:11:57:08 -0400] "GET /galleries/masonry/data1/images/masonry10.jpg HTTP/1.1" 200 36593 "http://www.islandgreenery.net/galleries/masonry/index.html" "Mozilla/5.0 (Windows NT 6.1; WOW64) AppleWebKit/537.36 (KHTML, like Gecko) Chrome/35.0.1916.153 Safari/537.36"
