75.127.138.21 - - [20/Jun/2014:11:57:08 -0400] "GET /galleries/masonry/data1/images/masonry13.jpg HTTP/1.1" 200 53568 "http://www.islandgreenery.net/galleries/masonry/index.html" "Mozilla/5.0 (Windows NT 6.1; WOW64) AppleWebKit/537.36 (KHTML, like Gecko) Chrome/35.0.1916.153 Safari/537.36"
12.111.223.151 - - [20/Jun/2014:00:37:40 -0400] "GET /CSS/main.css HTTP/1.1" 200 7040 "http://www.islandgreenery.net/?adid-2E343B92-B097-442c-BFA5-BE371E0325A2=1607091&kw-2E343B92-B097-442c-BFA5-BE371E0325A2=evergreen+trees" "Mozilla/4.0 (compatible; MSIE 8.0; Windows NT 6.1; Trident/4.0)"
74.89.19.40 - - [20/Jun/2014:02:40:32 -0400] "GET /CSS/text.css HTTP/1.1" 200 731 "http://www.islandgreenery.net/" "Mozilla/5.0 (Macintosh; Intel Mac OS X 10_7_5) AppleWebKit/537.36 (KHTML, like Gecko) Chrome/35.0.1916.114 Safari/537.36"
74.89.19.40 - - [20/Jun/2014:02:40:34 -0400] "GET /Images/Home/propane.jpg HTTP/1.1" 200 29411 "http://www.islandgreenery.net/" "Mozilla/5.0 (Macintosh; Intel Mac OS X 10_7_5) AppleWebKit/537.36 (KHTML, like Gecko) Chrome/35.0.1916.114 Safari/537.36"
74.89.19.40 - - [20/Jun/2014:02:40:34 -0400] "GET /Images/Navigation/ThinBlue.png HTTP/1.1" 200 7349 "http://www.islandgreenery.net/" "Mozilla/5.0 (Macintosh; Intel Mac OS X 10_7_5) AppleWebKit/537.36 (KHTML, like Gecko) Chrome/35.0.1916.114 Safari/537.36"
151.138.13.244 - - [20/Jun/2014:04:38:04 -0400] "GET / HTTP/1.1" 206 4374 "-" "SuperPagesUrlVerifyBot/1.0"
72.68.230.8 - - [20/Jun/2014:04:55:12 -0400] "GET /Images/lineThin.png HTTP/1.1" 200 2938 "http://www.islandgreenery.net/" "Mozilla/5.0 (iPad; CPU OS 7_1_1 like Mac OS X) AppleWebKit/537.51.2 (KHTML, like Gecko) Version/7.0 Mobile/11D201 Safari/9537.53"
72.68.230.8 - - [20/Jun/2014:04:55:12 -0400] "GET /Images/Home/centerImages.png HTTP/1.1" 200 133174 "http://www.islandgreenery.net/" "Mozilla/5.0 (iPad; CPU OS 7_1_1 like Mac OS X) AppleWebKit/537.51.2 (KHTML, like Gecko) Version/7.0 Mobile/11D201 Safari/9537.53"
96.239.108.47 - - [20/Jun/2014:13:36:25 -0400] "GET /galleries/masonry/data1/images/masonry1.jpg HTTP/1.1" 200 31823 "http://www.islandgreenery.net/galleries/masonry/index.html" "Mozilla/5.0 (Windows NT 6.1; WOW64; Trident/7.0; rv:11.0) like Gecko"
96.239.108.47 - - [20/Jun/2014:13:36:27 -0400] "GET /galleries/masonry/data1/images/masonry8.jpg HTTP/1.1" 200 46897 "http://www.islandgreenery.net/galleries/masonry/index.html" "Mozilla/5.0 (Windows NT 6.1; WOW64; Trident/7.0; rv:11.0) like Gecko"
12.111.223.151 - - [20/Jun/2014:14:07:42 -0400] "GET / HTTP/1.1" 200 4374 "-" "Mozilla/4.0 (compatible; MSIE 7.0; Windows NT 5.1; .NET CLR 1.1.4322; .NET CLR 2.0.50727)"
12.111.223.151 - - [20/Jun/2014:15:00:21 -0400] "GET /Images/Garden/mainCenter.jpg HTTP/1.1" 200 207926 "http://www.islandgreenery.net/garden.html?adid-2E343B92-B097-442c-BFA5-BE371E0325A2=&kw-2E343B92-B097-442c-BFA5-BE371E0325A2=hedge+nursery" "Mozilla/5.0 (Macintosh; Intel Mac OS X 10_9_3) AppleWebKit/537.76.4 (KHTML, like Gecko) Version/7.0.4 Safari/537.76.4"
12.111.223.151 - - [20/Jun/2014:15:04:10 -0400] "GET /galleries/landscape/data1/images/landscape11.jpg HTTP/1.1" 200 58935 "http://www.islandgreenery.net/galleries/landscape/index.html" "Mozilla/5.0 (Macintosh; Intel Mac OS X 10_9_3) AppleWebKit/537.76.4 (KHTML, like Gecko) Version/7.0.4 Safari/537.76.4"
193.150.120.14 - - [20/Jun/2014:15:53:21 -0400] "GET / HTTP/1.1" 200 4374 "http://gmt-max.org/" "Mozilla/4.0 (compatible; MSIE 6.0; Windows NT 5.1; SV1; YPC 3.0.2; .NET CLR 1.1.4322; yplus 4.4.02b)"
12.111.223.151 - - [20/Jun/2014:16:48:22 -0400] "GET /Images/lineThick.png HTTP/1.1" 200 12232 "http://www.islandgreenery.net/?adid-2E343B92-B097-442c-BFA5-BE371E0325A2=1607045&kw-2E343B92-B097-442c-BFA5-BE371E0325A2=leyland+cypress" "Mozilla/4.0 (compatible; MSIE 8.0; Windows NT 5.1; Trident/4.0; .NET CLR 1.1.4322; .NET CLR 2.0.50727; .NET CLR 3.0.4506.2152; .NET CLR 3.5.30729; .NET4.0C)"
12.111.223.151 - - [20/Jun/2014:16:48:22 -0400] "GET /Images/Home/centerImages.png HTTP/1.1" 200 133174 "http://www.islandgreenery.net/?adid-2E343B92-B097-442c-BFA5-BE371E0325A2=1607045&kw-2E343B92-B097-442c-BFA5-BE371E0325A2=leyland+cypress" "Mozilla/4.0 (compatible; MSIE 8.0; Windows NT 5.1; Trident/4.0; .NET CLR 1.1.4322; .NET CLR 2.0.50727; .NET CLR 3.0.4506.2152; .NET CLR 3.5.30729; .NET4.0C)"
12.111.223.151 - - [20/Jun/2014:17:24:56 -0400] "GET /Images/Home/propane.jpg HTTP/1.1" 200 29411 "http://www.islandgreenery.net/?adid-2E343B92-B097-442c-BFA5-BE371E0325A2=1607045&kw-2E343B92-B097-442c-BFA5-BE371E0325A2=potting+soil" "Mozilla/5.0 (Macintosh; Intel Mac OS X 10_8_5) AppleWebKit/537.76.4 (KHTML, like Gecko) Version/6.1.4 Safari/537.76.4"
12.111.223.151 - - [20/Jun/2014:17:29:07 -0400] "GET /CSS/main.css HTTP/1.1" 200 7040 "http://www.islandgreenery.net/?adid-2E343B92-B097-442c-BFA5-BE371E0325A2=1607045&kw-2E343B92-B097-442c-BFA5-BE371E0325A2=perennials" "Mozilla/5.0 (Macintosh; Intel Mac OS X 10_9_2) AppleWebKit/537.74.9 (KHTML, like Gecko) Version/7.0.2 Safari/537.74.9"
12.111.223.151 - - [20/Jun/2014:17:50:07 -0400] "GET /Images/Home/centerImages.png HTTP/1.1" 200 133174 "http://www.islandgreenery.net/?adid-2E343B92-B097-442c-BFA5-BE371E0325A2=1607088&kw-2E343B92-B097-442c-BFA5-BE371E0325A2=garden+wall" "Mozilla/5.0 (Macintosh; Intel Mac OS X 10_5_8) AppleWebKit/534.50.2 (KHTML, like Gecko) Version/5.0.6 Safari/533.22.3"
12.111.223.151 - - [20/Jun/2014:17:51:09 -0400] "GET /CSS/text.css HTTP/1.1" 200 731 "http://www.islandgreenery.net/?adid-2E343B92-B097-442c-BFA5-BE371E0325A2=1607089&kw-2E343B92-B097-442c-BFA5-BE371E0325A2=backyard+waterfall" "Mozilla/5.0 (Windows NT 6.1; WOW64; rv:30.0) Gecko/20100101 Firefox/30.0"
198.228.201.163 - - [20/Jun/2014:18:04:44 -0400] "GET /garden.html HTTP/1.1" 200 4730 "http://www.islandgreenery.net/" "Mozilla/5.0 (iPhone; CPU iPhone OS 6_1_3 like Mac OS X) AppleWebKit/536.26 (KHTML, like Gecko) GSA/3.2.0.25255 Mobile/10B329 Safari/8536.25"
198.228.201.163 - - [20/Jun/2014:18:04:44 -0400] "GET /Images/Navigation/greenwide.jpg HTTP/1.1" 200 15999 "http://www.islandgreenery.net/" "Mozilla/5.0 (iPhone; CPU iPhone OS 6_1_3 like Mac OS X) AppleWebKit/536.26 (KHTML, like Gecko) GSA/3.2.0.25255 Mobile/10B329 Safari/8536.25"
198.228.201.163 - - [20/Jun/2014:18:04:45 -0400] "GET /Images/Garden/mainCenter.jpg HTTP/1.1" 200 207926 "http://www.islandgreenery.net/garden.html" "Mozilla/5.0 (iPhone; CPU iPhone OS 6_1_3 like Mac OS X) AppleWebKit/536.26 (KHTML, like Gecko) GSA/3.2.0.25255 Mobile/10B329 Safari/8536.25"
174.236.65.221 - - [20/Jun/2014:20:50:26 -0400] "GET /CSS/text.css HTTP/1.1" 200 731 "http://www.islandgreenery.net/" "Mozilla/5.0 (iPhone; CPU iPhone OS 7_1_1 like Mac OS X) AppleWebKit/537.51.1 (KHTML, like Gecko) GSA/4.1.0.31802 Mobile/11D201 Safari/9537.53"
174.236.65.221 - - [20/Jun/2014:20:50:26 -0400] "GET /Images/islandGreeneryLogo.png HTTP/1.1" 200 52254 "http://www.islandgreenery.net/" "Mozilla/5.0 (iPhone; CPU iPhone OS 7_1_1 like Mac OS X) AppleWebKit/537.51.1 (KHTML, like Gecko) GSA/4.1.0.31802 Mobile/11D201 Safari/9537.53"
174.236.65.221 - - [20/Jun/2014:20:50:26 -0400] "GET /Images/Navigation/bluewide.jpg HTTP/1.1" 200 16322 "http://www.islandgreenery.net/" "Mozilla/5.0 (iPhone; CPU iPhone OS 7_1_1 like Mac OS X) AppleWebKit/537.51.1 (KHTML, like Gecko) GSA/4.1.0.31802 Mobile/11D201 Safari/9537.53"
174.236.65.221 - - [20/Jun/2014:20:50:26 -0400] "GET /Images/Home/centerImages.png HTTP/1.1" 200 133174 "http://www.islandgreenery.net/" "Mozilla/5.0 (iPhone; CPU iPhone OS 7_1_1 like Mac OS X) AppleWebKit/537.51.1 (KHTML, like Gecko) GSA/4.1.0.31802 Mobile/11D201 Safari/9537.53"
69.122.142.174 - - [20/Jun/2014:21:16:13 -0400] "GET /contact.php HTTP/1.1" 200 6387 "http://islandgreenery.net/company.html" "Mozilla/5.0 (iPad; CPU OS 7_1 like Mac OS X) AppleWebKit/537.51.2 (KHTML, like Gecko) Version/7.0 Mobile/11D167 Safari/9537.53"
92.249.127.111 - - [20/Jun/2014:22:17:33 -0400] "GET / HTTP/1.1" 200 4374 "http://chimiver.info/" "Mozilla/4.0 (compatible; MSIE 6.0; Windows NT 5.1; SV1; .NET CLR 1.1.4322; .NET CLR 2.0.50727)"
66.249.65.54 - - [20/Jun/2014:22:42:16 -0400] "GET / HTTP/1.1" 304 - "-" "Mozilla/5.0 (compatible; Googlebot/2.1; +http://www.google.com/bot.html)"
108.41.232.72 - - [20/Jun/2014:07:05:11 -0400] "GET /Images/lineThin.png HTTP/1.1" 200 2938 "http://www.islandgreenery.net/" "Mozilla/5.0 (Windows NT 6.1; WOW64; Trident/7.0; rv:11.0) like Gecko"
108.41.232.72 - - [20/Jun/2014:07:05:12 -0400] "GET /Images/Home/centerImages.png HTTP/1.1" 200 133174 "http://www.islandgreenery.net/" "Mozilla/5.0 (Windows NT 6.1; WOW64; Trident/7.0; rv:11.0) like Gecko"
12.111.223.151 - - [20/Jun/2014:07:12:07 -0400] "GET /CSS/main.css HTTP/1.1" 200 7040 "http://www.islandgreenery.net/?adid-2E343B92-B097-442c-BFA5-BE371E0325A2=1607091&kw-2E343B92-B097-442c-BFA5-BE371E0325A2=evergreen+shrubs" "Mozilla/5.0 (Linux; U; Android 4.0.4; en-us; SPH-D710 Build/IMM76I) AppleWebKit/534.30 (KHTML, like Gecko) Version/4.0 Mobile Safari/534.30"
193.150.120.14 - - [20/Jun/2014:10:29:46 -0400] "GET / HTTP/1.1" 200 4374 "http://www.testagent.ru/" "Mozilla/4.0 (compatible; MSIE 6.0; Windows NT 5.1; SV1)"
12.111.223.151 - - [20/Jun/2014:10:56:57 -0400] "GET /Images/lineThin.png HTTP/1.1" 200 2938 "http://www.islandgreenery.net/?adid-2E343B92-B097-442c-BFA5-BE371E0325A2=1607093&kw-2E343B92-B097-442c-BFA5-BE371E0325A2=vegetable+plants" "Mozilla/4.0 (compatible; MSIE 8.0; Windows NT 6.1; Trident/4.0; SLCC2; .NET CLR 2.0.50727; .NET CLR 3.5.30729; .NET CLR 3.0.30729; Media Center PC 6.0; .NET4.0C)"
208.255.153.10 - - [20/Jun/2014:11:21:54 -0400] "GET /CSS/text.css HTTP/1.1" 200 731 "http://www.islandgreenery.net/" "Mozilla/5.0 (Windows NT 6.1; WOW64) AppleWebKit/537.36 (KHTML, like Gecko) Chrome/35.0.1916.153 Safari/537.36"
208.255.153.10 - - [20/Jun/2014:11:21:54 -0400] "GET /Images/lineThick.png HTTP/1.1" 200 12232 "http://www.islandgreenery.net/" "Mozilla/5.0 (Windows NT 6.1; WOW64) AppleWebKit/537.36 (KHTML, like Gecko) Chrome/35.0.1916.153 Safari/537.36"
208.255.153.10 - - [20/Jun/2014:11:21:55 -0400] "GET /Images/Navigation/bluewide.jpg HTTP/1.1" 200 16322 "http://www.islandgreenery.net/" "Mozilla/5.0 (Windows NT 6.1; WOW64) AppleWebKit/537.36 (KHTML, like Gecko) Chrome/35.0.1916.153 Safari/537.36"
12.111.223.151 - - [20/Jun/2014:11:30:03 -0400] "GET /CSS/main.css HTTP/1.1" 200 7040 "http://www.islandgreenery.net/?adid-2E343B92-B097-442c-BFA5-BE371E0325A2=1607091&kw-2E343B92-B097-442c-BFA5-BE371E0325A2=evergreen+shrubs" "Mozilla/4.0 (compatible; MSIE 8.0; Windows NT 5.1; Trident/4.0; .NET CLR 1.1.4322; .NET CLR 2.0.50727; .NET CLR 3.0.4506.2152; .NET CLR 3.5.30729; .NET4.0C)"
12.111.223.151 - - [20/Jun/2014:11:30:04 -0400] "GET /Images/Navigation/bluewide.jpg HTTP/1.1" 200 16322 "http://www.islandgreenery.net/?adid-2E343B92-B097-442c-BFA5-BE371E0325A2=1607091&kw-2E343B92-B097-442c-BFA5-BE371E0325A2=evergreen+shrubs" "Mozilla/4.0 (compatible; MSIE 8.0; Windows NT 5.1; Trident/4.0; .NET CLR 1.1.4322; .NET CLR 2.0.50727; .NET CLR 3.0.4506.2152; .NET CLR 3.5.30729; .NET4.0C)"
12.111.223.151 - - [20/Jun/2014:11:38:18 -0400] "GET /favicon.ico HTTP/1.1" 404 575 "-" "Mozilla/5.0 (Windows NT 6.1; WOW64) AppleWebKit/537.36 (KHTML, like Gecko) Chrome/35.0.1916.153 Safari/537.36"
12.111.223.151 - - [20/Jun/2014:11:38:27 -0400] "GET /Images/Home/seasonSpecials.png HTTP/1.1" 200 35145 "http://www.islandgreenery.net/?adid-2E343B92-B097-442c-BFA5-BE371E0325A2=1607093&kw-2E343B92-B097-442c-BFA5-BE371E0325A2=nursery" "Mozilla/5.0 (Windows NT 6.1; WOW64) AppleWebKit/537.36 (KHTML, like Gecko) Chrome/35.0.1916.153 Safari/537.36"
12.111.223.151 - - [20/Jun/2014:11:38:33 -0400] "GET / HTTP/1.1" 200 4374 "http://www.google.com/uds/afs?q=hicks%20nursery%20westbury&client=aj-mega&channel=ux-other%2Cx-tsrc-ask%2Cx-dune-df%2Cx-dc-dupont%2Czz-other-aw%2Cx-test1%2Cx-ch-ggweb%2Cx-age-1wk%2Cx-site-mws-new%2Cx-tsts-pp%2Cx-tpr-tabsbsug%2Cx-st-other%2Cx-us-mws%2Cx-ld-yya%2Cx-br-chrome%2Cx-mktg-uxxdm327%2Cx-mktg-ux-xdm327%2Cx-prod-ux%2Cx-geo-us%2CCh-019&hl=en&adtest=off&adsafe=medium&lo=true&adpage=1&adrep=3&po=true&r=m&fexp=21404%2C7000107&oe=UTF-8&ie=UTF-8&jsei=3&format=p7%7Cn3&ad=n3p7&nocache=1431403278691897&num=0&output=uds_ads_only&v=3&adlh=on&adext=as1%2Cl1%2Csr1&u_his=2&u_tz=-240&dt=1403278691898&u_w=1280&u_h=1024&biw=1183&bih=869&psw=1183&psh=0&frm=0&uio=uv3va1sl1sr1lHlo1po1ri1-st17sd13sv13-st17sd13sv13&rurl=http%3A%2F%2Fsearch.tb.ask.com%2Fsearch%2FGGmain.jhtml%3Fsearchfor%3Dhicks%2520nursery%2520westbury%26st%3Dtab%26ptb%3D2E06A620-2F50-4D4A-97C0-B1741E6018E7%26n%3D780c248a%26ind%3D2014061706%26ct%3DSS%26pg%3DGGmain%26tpr%3Dtabsbsug%26p2%3D%5EUX%5Exdm327%5EYYA%5Eus%26si%3DCD13474" "Mozilla/5.0 (Windows NT 6.1; WOW64) AppleWebKit/537.36 (KHTML, like Gecko) Chrome/35.0.1916.153 Safari/537.36"
12.111.223.151 - - [20/Jun/2014:11:38:33 -0400] "GET /Images/Navigation/ThinBlue.png HTTP/1.1" 200 7349 "http://www.islandgreenery.net/?adid-2E343B92-B097-442c-BFA5-BE371E0325A2=1607093&kw-2E343B92-B097-442c-BFA5-BE371E0325A2=nursery" "Mozilla/5.0 (Windows NT 6.1; WOW64) AppleWebKit/537.36 (KHTML, like Gecko) Chrome/35.0.1916.153 Safari/537.36"
75.127.138.21 - - [20/Jun/2014:11:57:08 -0400] "GET /galleries/masonry/data1/images/masonry2.jpg HTTP/1.1" 200 52450 "http://www.islandgreenery.net/galleries/masonry/index.html" "Mozilla/5.0 (Windows NT 6.1; WOW64) AppleWebKit/537.36 (KHTML, like Gecko) Chrome/35.0.1916.153 Safari/537.36"
75.127.138.21 - - [20/Jun/2014:11:58:32 -0400] "GET /Images/Navigation/ThinGreen.png HTTP/1.1" 200 7642 "http://www.islandgreenery.net/masonry.html" "Mozilla/5.0 (Windows NT 6.1; WOW64) AppleWebKit/537.36 (KHTML, like Gecko) Chrome/35.0.1916.153 Safari/537.36"
12.111.223.151 - - [20/Jun/2014:00:17:50 -0400] "GET /Images/Navigation/bluewide.jpg HTTP/1.1" 200 16322 "http://www.islandgreenery.net/CSS/main.css" "Mozilla/5.0 (Windows NT 6.1; WOW64; rv:30.0) Gecko/20100101 Firefox/30.0"
12.111.223.151 - - [20/Jun/2014:01:40:04 -0400] "GET /Images/Home/mainPic.jpg HTTP/1.1" 200 209933 "http://www.islandgreenery.net/?adid-2E343B92-B097-442c-BFA5-BE371E0325A2=1607093&kw-2E343B92-B097-442c-BFA5-BE371E0325A2=shrub+nursery" "Mozilla/4.0 (compatible; MSIE 8.0; Windows NT 6.1; Trident/4.0)"
74.89.19.40 - - [20/Jun/2014:02:40:34 -0400] "GET /Images/Home/seasonSpecials.png HTTP/1.1" 200 35145 "http://www.islandgreenery.net/" "Mozilla/5.0 (Macintosh; Intel Mac OS X 10_7_5) AppleWebKit/537.36 (KHTML, like Gecko) Chrome/35.0.1916.114 Safari/537.36"
12.111.223.151 - - [20/Jun/2014:03:59:34 -0400] "GET /Images/lineThin.png HTTP/1.1" 200 2938 "http://www.islandgreenery.net/?adid-2E343B92-B097-442c-BFA5-BE371E0325A2=1607091&kw-2E343B92-B097-442c-BFA5-BE371E0325A2=sod+installation" "Mozilla/5.0 (Macintosh; Intel Mac OS X 10_6_8) AppleWebKit/534.59.8 (KHTML, like Gecko) Version/5.1.9 Safari/534.59.8"
12.111.223.151 - - [20/Jun/2014:03:59:35 -0400] "GET /favicon.ico HTTP/1.1" 404 575 "http://www.islandgreenery.net/?adid-2E343B92-B097-442c-BFA5-BE371E0325A2=1607091&kw-2E343B92-B097-442c-BFA5-BE371E0325A2=sod+installation" "Mozilla/5.0 (Macintosh; Intel Mac OS X 10_6_8) AppleWebKit/534.59.8 (KHTML, like Gecko) Version/5.1.9 Safari/534.59.8"
12.111.223.151 - - [20/Jun/2014:13:00:47 -0400] "GET /Images/Home/mainPic.jpg HTTP/1.1" 200 209933 "http://www.islandgreenery.net/?adid-2E343B92-B097-442c-BFA5-BE371E0325A2=1607093&kw-2E343B92-B097-442c-BFA5-BE371E0325A2=ornamental+grasses" "Mozilla/4.0 (compatible; MSIE 8.0; Windows NT 6.1; Trident/4.0; SLCC2; .NET CLR 2.0.50727; .NET CLR 3.5.30729; .NET CLR 3.0.30729; Media Center PC 6.0)"
96.239.108.47 - - [20/Jun/2014:13:36:25 -0400] "GET /masonry.html HTTP/1.1" 200 3930 "http://www.islandgreenery.net/landscape.html" "Mozilla/5.0 (Windows NT 6.1; WOW64; Trident/7.0; rv:11.0) like Gecko"
96.239.108.47 - - [20/Jun/2014:13:36:25 -0400] "GET /galleries/masonry/engine1/style.css HTTP/1.1" 200 4067 "http://www.islandgreenery.net/galleries/masonry/index.html" "Mozilla/5.0 (Windows NT 6.1; WOW64; Trident/7.0; rv:11.0) like Gecko"
96.239.108.47 - - [20/Jun/2014:13:36:25 -0400] "GET /galleries/masonry/engine1/script.js HTTP/1.1" 200 1611 "http://www.islandgreenery.net/galleries/masonry/index.html" "Mozilla/5.0 (Windows NT 6.1; WOW64; Trident/7.0; rv:11.0) like Gecko"
96.239.108.47 - - [20/Jun/2014:13:36:26 -0400] "GET /galleries/masonry/data1/images/masonry5.jpg HTTP/1.1" 200 36284 "http://www.islandgreenery.net/galleries/masonry/index.html" "Mozilla/5.0 (Windows NT 6.1; WOW64; Trident/7.0; rv:11.0) like Gecko"
96.239.108.47 - - [20/Jun/2014:13:36:27 -0400] "GET /galleries/masonry/engine1/arrows.png HTTP/1.1" 200 1914 "http://www.islandgreenery.net/galleries/masonry/index.html" "Mozilla/5.0 (Windows NT 6.1; WOW64; Trident/7.0; rv:11.0) like Gecko"
66.249.65.54 - - [20/Jun/2014:15:33:10 -0400] "GET /propane.html HTTP/1.1" 304 - "-" "Mozilla/5.0 (compatible; Googlebot/2.1; +http://www.google.com/bot.html)"
12.111.223.151 - - [20/Jun/2014:15:49:13 -0400] "GET /galleries/masonry/data1/images/masonry4.jpg HTTP/1.1" 200 42929 "http://www.islandgreenery.net/galleries/masonry/index.html" "Mozilla/5.0 (Windows NT 6.1; WOW64; Trident/7.0; rv:11.0) like Gecko"
12.111.223.151 - - [20/Jun/2014:15:49:13 -0400] "GET /galleries/masonry/data1/images/masonry2.jpg HTTP/1.1" 200 52450 "http://www.islandgreenery.net/galleries/masonry/index.html" "Mozilla/5.0 (Windows NT 6.1; WOW64; Trident/7.0; rv:11.0) like Gecko"
12.111.223.151 - - [20/Jun/2014:15:49:14 -0400] "GET /galleries/masonry/data1/images/masonry12.jpg HTTP/1.1" 200 43392 "http://www.islandgreenery.net/galleries/masonry/index.html" "Mozilla/5.0 (Windows NT 6.1; WOW64; Trident/7.0; rv:11.0) like Gecko"
12.111.223.151 - - [20/Jun/2014:17:29:34 -0400] "GET /galleries/landscape/engine1/style.css HTTP/1.1" 200 4067 "http://www.islandgreenery.net/galleries/landscape/index.html" "Mozilla/5.0 (Macintosh; Intel Mac OS X 10_9_2) AppleWebKit/537.74.9 (KHTML, like Gecko) Version/7.0.2 Safari/537.74.9"
12.111.223.151 - - [20/Jun/2014:17:29:35 -0400] "GET /galleries/landscape/data1/images/landscape1.jpg HTTP/1.1" 200 59675 "http://www.islandgreenery.net/galleries/landscape/index.html" "Mozilla/5.0 (Macintosh; Intel Mac OS X 10_9_2) AppleWebKit/537.74.9 (KHTML, like Gecko) Version/7.0.2 Safari/537.74.9"
12.111.223.151 - - [20/Jun/2014:17:40:30 -0400] "GET /galleries/landscape/data1/images/landscape14.jpg HTTP/1.1" 200 70741 "http://www.islandgreenery.net/galleries/landscape/index.html" "Mozilla/5.0 (Macintosh; Intel Mac OS X 10_5_8) AppleWebKit/534.50.2 (KHTML, like Gecko) Version/5.0.6 Safari/533.22.3"
68.193.125.51 - - [20/Jun/2014:19:22:17 -0400] "GET /contact.php HTTP/1.1" 200 6387 "https://www.google.com/" "Mozilla/5.0 (Windows NT 6.1; WOW64) AppleWebKit/537.36 (KHTML, like Gecko) Chrome/35.0.1916.153 Safari/537.36"
68.193.125.51 - - [20/Jun/2014:19:22:18 -0400] "GET /favicon.ico HTTP/1.1" 404 575 "-" "Mozilla/5.0 (Windows NT 6.1; WOW64) AppleWebKit/537.36 (KHTML, like Gecko) Chrome/35.0.1916.153 Safari/537.36"
12.111.223.151 - - [20/Jun/2014:19:53:59 -0400] "GET /Images/maintenance/maintenance.jpg HTTP/1.1" 200 139786 "http://www.islandgreenery.net/lawn.html" "Mozilla/5.0 (Macintosh; Intel Mac OS X 10_5_8) AppleWebKit/534.50.2 (KHTML, like Gecko) Version/5.0.6 Safari/533.22.3"
174.236.65.221 - - [20/Jun/2014:20:50:25 -0400] "GET / HTTP/1.1" 200 4374 "-" "Mozilla/5.0 (iPhone; CPU iPhone OS 7_1_1 like Mac OS X) AppleWebKit/537.51.1 (KHTML, like Gecko) GSA/4.1.0.31802 Mobile/11D201 Safari/9537.53"
174.236.65.221 - - [20/Jun/2014:20:50:25 -0400] "GET /CSS/main.css HTTP/1.1" 200 7040 "http://www.islandgreenery.net/" "Mozilla/5.0 (iPhone; CPU iPhone OS 7_1_1 like Mac OS X) AppleWebKit/537.51.1 (KHTML, like Gecko) GSA/4.1.0.31802 Mobile/11D201 Safari/9537.53"
174.236.65.221 - - [20/Jun/2014:20:50:26 -0400] "GET /Images/Navigation/ThinBlue.png HTTP/1.1" 200 7349 "http://www.islandgreenery.net/" "Mozilla/5.0 (iPhone; CPU iPhone OS 7_1_1 like Mac OS X) AppleWebKit/537.51.1 (KHTML, like Gecko) GSA/4.1.0.31802 Mobile/11D201 Safari/9537.53"
174.236.65.221 - - [20/Jun/2014:20:50:26 -0400] "GET /Images/Home/mainPic.jpg HTTP/1.1" 200 209933 "http://www.islandgreenery.net/" "Mozilla/5.0 (iPhone; CPU iPhone OS 7_1_1 like Mac OS X) AppleWebKit/537.51.1 (KHTML, like Gecko) GSA/4.1.0.31802 Mobile/11D201 Safari/9537.53"
12.111.223.151 - - [20/Jun/2014:22:49:17 -0400] "GET /Images/lineThick.png HTTP/1.1" 200 12232 "http://www.islandgreenery.net/?adid-2E343B92-B097-442c-BFA5-BE371E0325A2=1607093&kw-2E343B92-B097-442c-BFA5-BE371E0325A2=tree+nursery" "Mozilla/5.0 (iPad; CPU OS 7_1_1 like Mac OS X) AppleWebKit/537.51.2 (KHTML, like Gecko) Version/7.0 Mobile/11D201 Safari/9537.53"
12.111.223.151 - - [20/Jun/2014:23:15:56 -0400] "GET /CSS/text.css HTTP/1.1" 200 731 "http://www.islandgreenery.net/?adid-2E343B92-B097-442c-BFA5-BE371E0325A2=1607093&kw-2E343B92-B097-442c-BFA5-BE371E0325A2=tree+nursery" "Mozilla/4.0 (compatible; MSIE 8.0; Windows NT 6.1)"
12.111.223.151 - - [20/Jun/2014:23:15:58 -0400] "GET /Images/Navigation/bluewide.jpg HTTP/1.1" 200 16322 "http://www.islandgreenery.net/?adid-2E343B92-B097-442c-BFA5-BE371E0325A2=1607093&kw-2E343B92-B097-442c-BFA5-BE371E0325A2=tree+nursery" "Mozilla/4.0 (compatible; MSIE 8.0; Windows NT 6.1)"
12.111.223.151 - - [20/Jun/2014:09:47:39 -0400] "GET /CSS/text.css HTTP/1.1" 200 731 "http://www.islandgreenery.net/?adid-2E343B92-B097-442c-BFA5-BE371E0325A2=1628866&kw-2E343B92-B097-442c-BFA5-BE371E0325A2=gift+shop" "Mozilla/5.0 (Macintosh; Intel Mac OS X 10_6_8) AppleWebKit/534.59.10 (KHTML, like Gecko) Version/5.1.9 Safari/534.59.10"
12.111.223.151 - - [20/Jun/2014:11:38:33 -0400] "GET /Images/Home/mainPic.jpg HTTP/1.1" 200 209933 "http://www.islandgreenery.net/?adid-2E343B92-B097-442c-BFA5-BE371E0325A2=1607093&kw-2E343B92-B097-442c-BFA5-BE371E0325A2=nursery" "Mozilla/5.0 (Windows NT 6.1; WOW64) AppleWebKit/537.36 (KHTML, like Gecko) Chrome/35.0.1916.153 Safari/537.36"
12.111.223.151 - - [20/Jun/2014:11:38:35 -0400] "GET /CSS/main.css HTTP/1.1" 200 7040 "http://www.islandgreenery.net/?adid-2E343B92-B097-442c-BFA5-BE371E0325A2=1607093&kw-2E343B92-B097-442c-BFA5-BE371E0325A2=nursery" "Mozilla/5.0 (Windows NT 6.1; WOW64) AppleWebKit/537.36 (KHTML, like Gecko) Chrome/35.0.1916.153 Safari/537.36"
75.127.138.21 - - [20/Jun/2014:11:55:47 -0400] "GET / HTTP/1.1" 200 4374 "https://www.google.com/" "Mozilla/5.0 (Windows NT 6.1; WOW64) AppleWebKit/537.36 (KHTML, like Gecko) Chrome/35.0.1916.153 Safari/537.36"
75.127.138.21 - - [20/Jun/2014:11:55:47 -0400] "GET /CSS/text.css HTTP/1.1" 200 731 "http://www.islandgreenery.net/" "Mozilla/5.0 (Windows NT 6.1; WOW64) AppleWebKit/537.36 (KHTML, like Gecko) Chrome/35.0.1916.153 Safari/537.36"
75.127.138.21 - - [20/Jun/2014:11:55:47 -0400] "GET /Images/Home/propane.jpg HTTP/1.1" 200 29411 "http://www.islandgreenery.net/" "Mozilla/5.0 (Windows NT 6.1; WOW64) AppleWebKit/537.36 (KHTML, like Gecko) Chrome/35.0.1916.153 Safari/537.36"
96.239.108.47 - - [20/Jun/2014:13:35:38 -0400] "GET /galleries/landscape/index.html HTTP/1.1" 200 2481 "http://www.islandgreenery.net/landscape.html" "Mozilla/5.0 (Windows NT 6.1; WOW64; Trident/7.0; rv:11.0) like Gecko"
96.239.108.47 - - [20/Jun/2014:13:35:39 -0400] "GET /galleries/landscape/engine1/jquery.js HTTP/1.1" 200 78663 "http://www.islandgreenery.net/galleries/landscape/index.html" "Mozilla/5.0 (Windows NT 6.1; WOW64; Trident/7.0; rv:11.0) like Gecko"
96.239.108.47 - - [20/Jun/2014:13:35:41 -0400] "GET /galleries/landscape/data1/images/landscape11.jpg HTTP/1.1" 200 58935 "http://www.islandgreenery.net/galleries/landscape/index.html" "Mozilla/5.0 (Windows NT 6.1; WOW64; Trident/7.0; rv:11.0) like Gecko"
12.111.223.151 - - [20/Jun/2014:15:49:00 -0400] "GET /favicon.ico HTTP/1.1" 404 575 "-" "Mozilla/5.0 (Windows NT 6.1; Win64; x64; Trident/7.0; rv:11.0) like Gecko"
12.111.223.151 - - [20/Jun/2014:15:49:00 -0400] "GET /Images/lineThin.png HTTP/1.1" 200 2938 "http://www.islandgreenery.net/?adid-2E343B92-B097-442c-BFA5-BE371E0325A2=1607089&kw-2E343B92-B097-442c-BFA5-BE371E0325A2=outdoor+steps" "Mozilla/5.0 (Windows NT 6.1; WOW64; Trident/7.0; rv:11.0) like Gecko"
12.111.223.151 - - [20/Jun/2014:16:33:32 -0400] "GET / HTTP/1.1" 200 4374 "http://search.aol.com/aol/search?enabled_terms=&s_it=wscreen50-bb&q=atlantic+nursery+freeport+ny&s_qt=ac" "Mozilla/4.0 (compatible; MSIE 7.0; AOL 9.7; AOLBuild 4343.1028; Windows NT 6.1; WOW64; Trident/5.0; SLCC2; .NET CLR 2.0.50727; .NET CLR 3.5.30729; .NET CLR 3.0.30729; Media Center PC 6.0; .NET4.0C; .NET4.0E; BRI/2)"
12.111.223.151 - - [20/Jun/2014:17:24:56 -0400] "GET /Images/Navigation/bluewide.jpg HTTP/1.1" 200 16322 "http://www.islandgreenery.net/?adid-2E343B92-B097-442c-BFA5-BE371E0325A2=1607045&kw-2E343B92-B097-442c-BFA5-BE371E0325A2=potting+soil" "Mozilla/5.0 (Macintosh; Intel Mac OS X 10_8_5) AppleWebKit/537.76.4 (KHTML, like Gecko) Version/6.1.4 Safari/537.76.4"
72.89.99.203 - - [20/Jun/2014:18:49:14 -0400] "GET /CSS/text.css HTTP/1.1" 200 731 "http://www.islandgreenery.net/" "Mozilla/5.0 (iPhone; CPU iPhone OS 7_1 like Mac OS X) AppleWebKit/537.51.1 (KHTML, like Gecko) GSA/4.1.0.31802 Mobile/11D167 Safari/9537.53"
72.89.99.203 - - [20/Jun/2014:18:49:14 -0400] "GET /Images/islandGreeneryLogo.png HTTP/1.1" 200 52254 "http://www.islandgreenery.net/" "Mozilla/5.0 (iPhone; CPU iPhone OS 7_1 like Mac OS X) AppleWebKit/537.51.1 (KHTML, like Gecko) GSA/4.1.0.31802 Mobile/11D167 Safari/9537.53"
72.89.99.203 - - [20/Jun/2014:18:49:57 -0400] "GET /propane.html HTTP/1.1" 200 5760 "http://www.islandgreenery.net/company.html" "Mozilla/5.0 (iPhone; CPU iPhone OS 7_1 like Mac OS X) AppleWebKit/537.51.1 (KHTML, like Gecko) GSA/4.1.0.31802 Mobile/11D167 Safari/9537.53"
72.89.99.203 - - [20/Jun/2014:18:53:18 -0400] "GET /lawn.html HTTP/1.1" 200 4728 "http://www.islandgreenery.net/garden.html" "Mozilla/5.0 (iPhone; CPU iPhone OS 7_1 like Mac OS X) AppleWebKit/537.51.1 (KHTML, like Gecko) GSA/4.1.0.31802 Mobile/11D167 Safari/9537.53"
12.111.223.151 - - [20/Jun/2014:07:12:07 -0400] "GET /Images/Navigation/ThinBlue.png HTTP/1.1" 200 7349 "http://www.islandgreenery.net/?adid-2E343B92-B097-442c-BFA5-BE371E0325A2=1607091&kw-2E343B92-B097-442c-BFA5-BE371E0325A2=evergreen+shrubs" "Mozilla/5.0 (Linux; U; Android 4.0.4; en-us; SPH-D710 Build/IMM76I) AppleWebKit/534.30 (KHTML, like Gecko) Version/4.0 Mobile Safari/534.30"
182.64.169.191 - - [20/Jun/2014:08:18:45 -0400] "GET /Images/lineThick.png HTTP/1.1" 200 12232 "http://www.islandgreenery.net/CSS/main.css" "Mozilla/5.0 (Windows; U; Windows NT 5.1; en-US; rv:1.9.2.19) Gecko/20110707 Firefox/3.6.19 GTB7.1 (.NET CLR 3.5.30729)"
12.111.223.151 - - [20/Jun/2014:09:49:44 -0400] "GET / HTTP/1.1" 200 4374 "http://www.google.com/aclk?sa=L&ai=CZj-O6jukU6inGZPqpAPnmYKIA5eJpdoE392HuGyr9-MFEAEoCFD-urDC_f____8BYMmWpIvApNgPyAEBqgQkT9C1xKxSQuRJ6rIF6c_1Sm7NGf9u8oL9BGYNDBtsa20hYVB8gAfnp4wqkAcD&num=3&sig=AOD64_1HAHIWh97zwe7H3NiGx8aVplZKhQ&rct=j&q=&ved=0CH4Q0Qw&adurl=http://clicktracking.yellowbook.com/trackingenginewebapp/tracking.html%3FMB_ID%3D58694%26SE_ID%3D2%26AG_ID%3D635009%26AD_ID%3D1607093%26kw%3Dtree%2520nursery%26kw_type%3Db%26C_ID%3D148747%26SE_AD_ID%3D29030453047" "Mozilla/5.0 (Macintosh; Intel Mac OS X 10_9_3) AppleWebKit/537.36 (KHTML, like Gecko) Chrome/35.0.1916.153 Safari/537.36"
193.150.120.14 - - [20/Jun/2014:10:29:44 -0400] "GET / HTTP/1.1" 200 4374 "http://www.testagent.ru/" "Mozilla/4.0 (compatible; MSIE 6.0; Windows NT 5.1; SV1)"
12.111.223.151 - - [20/Jun/2014:10:41:27 -0400] "GET /CSS/main.css HTTP/1.1" 200 7040 "http://www.islandgreenery.net/?adid-2E343B92-B097-442c-BFA5-BE371E0325A2=1607091&kw-2E343B92-B097-442c-BFA5-BE371E0325A2=flowering+trees" "Mozilla/5.0 (compatible; MSIE 8.0; Windows NT 5.1; Trident/4.0; .NET CLR 1.1.4322; .NET CLR 2.0.50727)"
12.111.223.151 - - [20/Jun/2014:11:25:03 -0400] "GET /Images/Navigation/bluewide.jpg HTTP/1.1" 200 16322 "http://www.islandgreenery.net/?adid-2E343B92-B097-442c-BFA5-BE371E0325A2=1607093&kw-2E343B92-B097-442c-BFA5-BE371E0325A2=nursery" "Mozilla/5.0 (Windows NT 6.1; WOW64; Trident/7.0; rv:11.0) like Gecko"
12.111.223.151 - - [20/Jun/2014:11:38:36 -0400] "GET /Images/islandGreeneryLogo.png HTTP/1.1" 200 52254 "http://www.islandgreenery.net/?adid-2E343B92-B097-442c-BFA5-BE371E0325A2=1607093&kw-2E343B92-B097-442c-BFA5-BE371E0325A2=nursery" "Mozilla/5.0 (Windows NT 6.1; WOW64) AppleWebKit/537.36 (KHTML, like Gecko) Chrome/35.0.1916.153 Safari/537.36"
157.55.39.213 - - [20/Jun/2014:11:53:17 -0400] "GET /landscape.html HTTP/1.1" 200 4783 "-" "Mozilla/5.0 (compatible; bingbot/2.0; +http://www.bing.com/bingbot.htm)"
75.127.138.21 - - [20/Jun/2014:11:55:47 -0400] "GET /Images/lineThin.png HTTP/1.1" 200 2938 "http://www.islandgreenery.net/" "Mozilla/5.0 (Windows NT 6.1; WOW64) AppleWebKit/537.36 (KHTML, like Gecko) Chrome/35.0.1916.153 Safari/537.36"
75.127.138.21 - - [20/Jun/2014:11:55:47 -0400] "GET /Images/islandGreeneryLogo.png HTTP/1.1" 200 52254 "http://www.islandgreenery.net/" "Mozilla/5.0 (Windows NT 6.1; WOW64) AppleWebKit/537.36 (KHTML, like Gecko) Chrome/35.0.1916.153 Safari/537.36"
75.127.138.21 - - [20/Jun/2014:11:55:48 -0400] "GET /favicon.ico HTTP/1.1" 404 575 "-" "Mozilla/5.0 (Windows NT 6.1; WOW64) AppleWebKit/537.36 (KHTML, like Gecko) Chrome/35.0.1916.153 Safari/537.36"
12.111.223.151 - - [20/Jun/2014:00:17:51 -0400] "GET /Images/Navigation/greenwide.jpg HTTP/1.1" 200 15999 "http://www.islandgreenery.net/CSS/main.css" "Mozilla/5.0 (Windows NT 6.1; WOW64; rv:30.0) Gecko/20100101 Firefox/30.0"
46.119.115.144 - - [20/Jun/2014:02:40:46 -0400] "GET / HTTP/1.1" 200 4374 "http://mastermolotok.ru/" "Mozilla/4.0 (compatible; MSIE 6.0; Windows NT 5.0; APC; .NET CLR 1.0.3705; .NET CLR 1.1.4322; .NET CLR 2.0.50215; InfoPath.1)"
47.23.4.91 - - [20/Jun/2014:06:38:20 -0400] "GET /CSS/main.css HTTP/1.1" 200 7040 "http://www.islandgreenery.net/" "Mozilla/5.0 (Windows NT 6.1; WOW64) AppleWebKit/537.36 (KHTML, like Gecko) Chrome/35.0.1916.153 Safari/537.36"
47.23.4.91 - - [20/Jun/2014:06:38:20 -0400] "GET /Images/lineThick.png HTTP/1.1" 200 12232 "http://www.islandgreenery.net/" "Mozilla/5.0 (Windows NT 6.1; WOW64) AppleWebKit/537.36 (KHTML, like Gecko) Chrome/35.0.1916.153 Safari/537.36"
47.23.4.91 - - [20/Jun/2014:06:38:20 -0400] "GET /Images/islandGreeneryLogo.png HTTP/1.1" 200 52254 "http://www.islandgreenery.net/" "Mozilla/5.0 (Windows NT 6.1; WOW64) AppleWebKit/537.36 (KHTML, like Gecko) Chrome/35.0.1916.153 Safari/537.36"
96.239.108.47 - - [20/Jun/2014:13:36:25 -0400] "GET /galleries/masonry/engine1/wowslider.js HTTP/1.1" 200 8598 "http://www.islandgreenery.net/galleries/masonry/index.html" "Mozilla/5.0 (Windows NT 6.1; WOW64; Trident/7.0; rv:11.0) like Gecko"
96.239.108.47 - - [20/Jun/2014:13:36:26 -0400] "GET /galleries/masonry/data1/images/masonry4.jpg HTTP/1.1" 200 42929 "http://www.islandgreenery.net/galleries/masonry/index.html" "Mozilla/5.0 (Windows NT 6.1; WOW64; Trident/7.0; rv:11.0) like Gecko"
96.239.108.47 - - [20/Jun/2014:13:36:27 -0400] "GET /galleries/masonry/data1/images/masonry10.jpg HTTP/1.1" 200 36593 "http://www.islandgreenery.net/galleries/masonry/index.html" "Mozilla/5.0 (Windows NT 6.1; WOW64; Trident/7.0; rv:11.0) like Gecko"
12.111.223.151 - - [20/Jun/2014:15:04:10 -0400] "GET /galleries/landscape/data1/images/landscape7.jpg HTTP/1.1" 200 62854 "http://www.islandgreenery.net/galleries/landscape/index.html" "Mozilla/5.0 (Macintosh; Intel Mac OS X 10_9_3) AppleWebKit/537.76.4 (KHTML, like Gecko) Version/7.0.4 Safari/537.76.4"
12.111.223.151 - - [20/Jun/2014:15:25:18 -0400] "GET /Images/Home/propane.jpg HTTP/1.1" 200 29411 "http://www.islandgreenery.net/?adid-2E343B92-B097-442c-BFA5-BE371E0325A2=1607045&kw-2E343B92-B097-442c-BFA5-BE371E0325A2=evergreen+shrubs" "Mozilla/5.0 (Windows NT 6.3; WOW64; Trident/7.0; rv:11.0) like Gecko"
12.111.223.151 - - [20/Jun/2014:15:25:18 -0400] "GET /Images/Home/mainPic.jpg HTTP/1.1" 200 209933 "http://www.islandgreenery.net/?adid-2E343B92-B097-442c-BFA5-BE371E0325A2=1607045&kw-2E343B92-B097-442c-BFA5-BE371E0325A2=evergreen+shrubs" "Mozilla/5.0 (Windows NT 6.3; WOW64; Trident/7.0; rv:11.0) like Gecko"
12.111.223.151 - - [20/Jun/2014:15:25:26 -0400] "GET /garden.html HTTP/1.1" 200 4730 "http://www.islandgreenery.net/?adid-2E343B92-B097-442c-BFA5-BE371E0325A2=1607045&kw-2E343B92-B097-442c-BFA5-BE371E0325A2=evergreen+shrubs" "Mozilla/5.0 (Windows NT 6.3; WOW64; Trident/7.0; rv:11.0) like Gecko"
12.111.223.151 - - [20/Jun/2014:15:49:00 -0400] "GET /CSS/main.css HTTP/1.1" 200 7040 "http://www.islandgreenery.net/?adid-2E343B92-B097-442c-BFA5-BE371E0325A2=1607089&kw-2E343B92-B097-442c-BFA5-BE371E0325A2=outdoor+steps" "Mozilla/5.0 (Windows NT 6.1; WOW64; Trident/7.0; rv:11.0) like Gecko"
12.111.223.151 - - [20/Jun/2014:15:49:13 -0400] "GET /galleries/masonry/data1/images/masonry8.jpg HTTP/1.1" 200 46897 "http://www.islandgreenery.net/galleries/masonry/index.html" "Mozilla/5.0 (Windows NT 6.1; WOW64; Trident/7.0; rv:11.0) like Gecko"
193.150.120.14 - - [20/Jun/2014:15:53:20 -0400] "GET / HTTP/1.1" 200 4374 "http://gmt-max.org/" "Mozilla/4.0 (compatible; MSIE 6.0; Windows NT 5.1; SV1; YPC 3.0.2; .NET CLR 1.1.4322; yplus 4.4.02b)"
200.193.247.115 - - [20/Jun/2014:15:56:52 -0400] "GET /Images/islandGreeneryLogo.png HTTP/1.1" 200 52254 "http://islandgreenery.net/" "Mozilla/5.0 (Windows NT 6.1; WOW64) AppleWebKit/537.36 (KHTML, like Gecko) Chrome/32.0.1700.107 Safari/537.36"
12.111.223.151 - - [20/Jun/2014:17:40:20 -0400] "GET /Images/Home/mainPic.jpg HTTP/1.1" 200 209933 "http://www.islandgreenery.net/?adid-2E343B92-B097-442c-BFA5-BE371E0325A2=1607091&kw-2E343B92-B097-442c-BFA5-BE371E0325A2=landscaping+designs" "Mozilla/5.0 (Macintosh; Intel Mac OS X 10_5_8) AppleWebKit/534.50.2 (KHTML, like Gecko) Version/5.0.6 Safari/533.22.3"
96.246.208.99 - - [20/Jun/2014:20:31:39 -0400] "GET /favicon.ico HTTP/1.1" 404 575 "-" "Mozilla/5.0 (Linux; Android 4.4.2; en-us; SAMSUNG SCH-I545 Build/KOT49H) AppleWebKit/537.36 (KHTML, like Gecko) Version/1.5 Chrome/28.0.1500.94 Mobile Safari/537.36"
174.254.192.7 - - [20/Jun/2014:20:44:23 -0400] "GET /Images/Propane/refill.jpg HTTP/1.1" 200 69633 "http://www.islandgreenery.net/propane.html" "Mozilla/5.0 (iPhone; CPU iPhone OS 7_0_4 like Mac OS X) AppleWebKit/536.26 (KHTML, like Gecko) GSA/3.1.0.23513 Mobile/11B554a Safari/8536.25"
174.254.192.7 - - [20/Jun/2014:20:44:25 -0400] "GET /Images/Propane/couponHov.png HTTP/1.1" 200 43910 "http://www.islandgreenery.net/propane.html" "Mozilla/5.0 (iPhone; CPU iPhone OS 7_0_4 like Mac OS X) AppleWebKit/536.26 (KHTML, like Gecko) GSA/3.1.0.23513 Mobile/11B554a Safari/8536.25"
69.122.142.174 - - [20/Jun/2014:21:15:31 -0400] "GET /Images/Propane/propaneMain.jpg HTTP/1.1" 200 127651 "http://islandgreenery.net/propane.html" "Mozilla/5.0 (iPad; CPU OS 7_1 like Mac OS X) AppleWebKit/537.51.2 (KHTML, like Gecko) Version/7.0 Mobile/11D167 Safari/9537.53"
69.122.142.174 - - [20/Jun/2014:21:15:32 -0400] "GET /Images/Propane/couponHov.png HTTP/1.1" 200 43910 "http://islandgreenery.net/propane.html" "Mozilla/5.0 (iPad; CPU OS 7_1 like Mac OS X) AppleWebKit/537.51.2 (KHTML, like Gecko) Version/7.0 Mobile/11D167 Safari/9537.53"
12.111.223.151 - - [20/Jun/2014:23:03:16 -0400] "GET / HTTP/1.1" 200 4374 "-" "Mozilla/4.0 (compatible; MSIE 7.0; Windows NT 5.1; .NET CLR 1.1.4322; .NET CLR 2.0.50727)"
12.111.223.151 - - [20/Jun/2014:23:15:55 -0400] "GET / HTTP/1.1" 200 4374 "http://www.google.co.in/url?sa=t&rct=j&q=&esrc=s&source=web&cd=2&ved=0CCwQFjAG&url=http%3A%2F%2Fclicktracking.yellowbook.com%2Ftrackingenginewebapp%2Ftracking.html%3FMB_ID%3D58694%26SE_ID%3D2%26AG_ID%3D635009%26AD_ID%3D1607093%26kw%3Dtree%2520nursery%26kw_type%3D%26C_ID%3D148747%26SE_AD_ID%3D29030453047&ei=lfikU_A43_biArxN&usg=AFQjCNFFzAX4QQqMScGexd93sY6jybbHcw" "Mozilla/4.0 (compatible; MSIE 8.0; Windows NT 6.1)"
182.64.169.191 - - [20/Jun/2014:08:18:41 -0400] "GET /Images/islandGreeneryLogo.png HTTP/1.1" 200 52254 "http://www.islandgreenery.net/CSS/main.css" "Mozilla/5.0 (Windows; U; Windows NT 5.1; en-US; rv:1.9.2.19) Gecko/20110707 Firefox/3.6.19 GTB7.1 (.NET CLR 3.5.30729)"
182.64.169.191 - - [20/Jun/2014:08:28:05 -0400] "GET /Images/lineThin.png HTTP/1.1" 200 2938 "http://www.islandgreenery.net/CSS/main.css" "Mozilla/5.0 (Windows; U; Windows NT 5.1; en-US; rv:1.9.2.19) Gecko/20110707 Firefox/3.6.19 GTB7.1 (.NET CLR 3.5.30729)"
205.237.88.145 - - [20/Jun/2014:09:00:09 -0400] "GET / HTTP/1.0" 200 4374 "-" "=Mozilla/5.0 (Windows; U; Windows NT 6.1; en-US) AppleWebKit/534.16 (KHTML, like Gecko) Chrome/10.0.648.204 Safari/534.16"
12.111.223.151 - - [20/Jun/2014:09:47:39 -0400] "GET /Images/Home/centerImages.png HTTP/1.1" 200 133174 "http://www.islandgreenery.net/?adid-2E343B92-B097-442c-BFA5-BE371E0325A2=1628866&kw-2E343B92-B097-442c-BFA5-BE371E0325A2=gift+shop" "Mozilla/5.0 (Macintosh; Intel Mac OS X 10_6_8) AppleWebKit/534.59.10 (KHTML, like Gecko) Version/5.1.9 Safari/534.59.10"
12.111.223.151 - - [20/Jun/2014:09:58:53 -0400] "GET / HTTP/1.1" 200 4374 "-" "Mozilla/5.0 (Windows NT 6.1; Trident/7.0; rv:11.0) like Gecko/20100101 Firefox/12.0"
24.188.198.219 - - [20/Jun/2014:09:59:49 -0400] "GET /Images/Propane/paraco.png HTTP/1.1" 200 43403 "http://www.islandgreenery.net/propane.html" "Mozilla/5.0 (Windows NT 6.2; WOW64) AppleWebKit/537.36 (KHTML, like Gecko) Chrome/35.0.1916.153 Safari/537.36"
12.111.223.151 - - [20/Jun/2014:10:56:58 -0400] "GET /Images/Home/centerImages.png HTTP/1.1" 200 133174 "http://www.islandgreenery.net/?adid-2E343B92-B097-442c-BFA5-BE371E0325A2=1607093&kw-2E343B92-B097-442c-BFA5-BE371E0325A2=vegetable+plants" "Mozilla/4.0 (compatible; MSIE 8.0; Windows NT 6.1; Trident/4.0; SLCC2; .NET CLR 2.0.50727; .NET CLR 3.5.30729; .NET CLR 3.0.30729; Media Center PC 6.0; .NET4.0C)"
12.111.223.151 - - [20/Jun/2014:11:25:03 -0400] "GET /Images/islandGreeneryLogo.png HTTP/1.1" 200 52254 "http://www.islandgreenery.net/?adid-2E343B92-B097-442c-BFA5-BE371E0325A2=1607093&kw-2E343B92-B097-442c-BFA5-BE371E0325A2=nursery" "Mozilla/5.0 (Windows NT 6.1; WOW64; Trident/7.0; rv:11.0) like Gecko"
12.111.223.151 - - [20/Jun/2014:11:54:42 -0400] "GET /Images/lineThin.png HTTP/1.1" 200 2938 "http://www.islandgreenery.net/?adid-2E343B92-B097-442c-BFA5-BE371E0325A2=1607045&kw-2E343B92-B097-442c-BFA5-BE371E0325A2=leyland+cypress" "Mozilla/5.0 (Linux; U; Android 4.3; en-us; SCH-I535 Build/JSS15J) AppleWebKit/534.30 (KHTML, like Gecko) Version/4.0 Mobile Safari/534.30"
12.111.223.151 - - [20/Jun/2014:02:39:59 -0400] "GET /Images/Navigation/bluewide.jpg HTTP/1.1" 200 16322 "http://www.islandgreenery.net/?adid-2E343B92-B097-442c-BFA5-BE371E0325A2=1607045&kw-2E343B92-B097-442c-BFA5-BE371E0325A2=topsoil" "Mozilla/4.0 (compatible; MSIE 8.0; Windows NT 5.1; Trident/4.0; GTB7.5)"
46.119.115.144 - - [20/Jun/2014:02:40:46 -0400] "GET / HTTP/1.1" 200 4374 "http://ruex.org.ua/" "Mozilla/4.0 (compatible; MSIE 6.0; Windows NT 5.1; en) Opera 8.00"
12.111.223.151 - - [20/Jun/2014:06:02:23 -0400] "GET /favicon.ico HTTP/1.1" 404 575 "-" "Mozilla/5.0 (Windows NT 6.1; WOW64) AppleWebKit/537.36 (KHTML, like Gecko) Chrome/35.0.1916.153 Safari/537.36"
12.111.223.151 - - [20/Jun/2014:13:00:47 -0400] "GET /Images/Home/propane.jpg HTTP/1.1" 200 29411 "http://www.islandgreenery.net/?adid-2E343B92-B097-442c-BFA5-BE371E0325A2=1607093&kw-2E343B92-B097-442c-BFA5-BE371E0325A2=ornamental+grasses" "Mozilla/4.0 (compatible; MSIE 8.0; Windows NT 6.1; Trident/4.0; SLCC2; .NET CLR 2.0.50727; .NET CLR 3.5.30729; .NET CLR 3.0.30729; Media Center PC 6.0)"
12.111.223.151 - - [20/Jun/2014:15:04:11 -0400] "GET /galleries/landscape/engine1/bg.png HTTP/1.1" 200 1416 "http://www.islandgreenery.net/galleries/landscape/index.html" "Mozilla/5.0 (Macintosh; Intel Mac OS X 10_9_3) AppleWebKit/537.76.4 (KHTML, like Gecko) Version/7.0.4 Safari/537.76.4"
200.193.247.115 - - [20/Jun/2014:15:56:45 -0400] "GET /CSS/main.css HTTP/1.1" 200 7040 "http://islandgreenery.net/" "Mozilla/5.0 (Windows NT 6.1; WOW64) AppleWebKit/537.36 (KHTML, like Gecko) Chrome/32.0.1700.107 Safari/537.36"
12.111.223.151 - - [20/Jun/2014:16:48:20 -0400] "GET / HTTP/1.1" 200 4374 "http://www.google.co.in/url?sa=t&rct=j&q=&esrc=s&source=web&cd=1&ved=0CEEQFjAG&url=http%3A%2F%2Fclicktracking.yellowbook.com%2Ftrackingenginewebapp%2Ftracking.html%3FMB_ID%3D58694%26SE_ID%3D2%26AG_ID%3D635007%26AD_ID%3D1607045%26kw%3Dleyland%2520cypress%26kw_type%3D%26C_ID%3D148747%26SE_AD_ID%3D29030452447&ei=9J2kU_-kEqis3AKiWQ&usg=AFQjCNGOxlS4FHkFA4NKN8C1QUPNq4q2Fw" "Mozilla/4.0 (compatible; MSIE 8.0; Windows NT 5.1; Trident/4.0; .NET CLR 1.1.4322; .NET CLR 2.0.50727; .NET CLR 3.0.4506.2152; .NET CLR 3.5.30729; .NET4.0C)"
12.111.223.151 - - [20/Jun/2014:16:48:20 -0400] "GET /CSS/text.css HTTP/1.1" 200 731 "http://www.islandgreenery.net/?adid-2E343B92-B097-442c-BFA5-BE371E0325A2=1607045&kw-2E343B92-B097-442c-BFA5-BE371E0325A2=leyland+cypress" "Mozilla/4.0 (compatible; MSIE 8.0; Windows NT 5.1; Trident/4.0; .NET CLR 1.1.4322; .NET CLR 2.0.50727; .NET CLR 3.0.4506.2152; .NET CLR 3.5.30729; .NET4.0C)"
12.111.223.151 - - [20/Jun/2014:16:48:22 -0400] "GET /Images/Home/seasonSpecials.png HTTP/1.1" 200 35145 "http://www.islandgreenery.net/?adid-2E343B92-B097-442c-BFA5-BE371E0325A2=1607045&kw-2E343B92-B097-442c-BFA5-BE371E0325A2=leyland+cypress" "Mozilla/4.0 (compatible; MSIE 8.0; Windows NT 5.1; Trident/4.0; .NET CLR 1.1.4322; .NET CLR 2.0.50727; .NET CLR 3.0.4506.2152; .NET CLR 3.5.30729; .NET4.0C)"
12.111.223.151 - - [20/Jun/2014:17:40:21 -0400] "GET /favicon.ico HTTP/1.1" 404 575 "http://www.islandgreenery.net/?adid-2E343B92-B097-442c-BFA5-BE371E0325A2=1607091&kw-2E343B92-B097-442c-BFA5-BE371E0325A2=landscaping+designs" "Mozilla/5.0 (Macintosh; Intel Mac OS X 10_5_8) AppleWebKit/534.50.2 (KHTML, like Gecko) Version/5.0.6 Safari/533.22.3"
12.111.223.151 - - [20/Jun/2014:17:40:28 -0400] "GET /landscape.html HTTP/1.1" 200 4783 "http://www.islandgreenery.net/?adid-2E343B92-B097-442c-BFA5-BE371E0325A2=1607091&kw-2E343B92-B097-442c-BFA5-BE371E0325A2=landscaping+designs" "Mozilla/5.0 (Macintosh; Intel Mac OS X 10_5_8) AppleWebKit/534.50.2 (KHTML, like Gecko) Version/5.0.6 Safari/533.22.3"
12.111.223.151 - - [20/Jun/2014:17:50:06 -0400] "GET / HTTP/1.1" 200 4374 "http://www.google.com/uds/afs?q=outdoor%20wall%20hooks&client=aj-shop-savvy&channel=11460%2Btest11%2Bcsa6_pef&adtest=off&adsafe=medium&lo=true&adpage=1&adrep=4&po=true&r=s&oe=UTF-8&ie=UTF-8&fexp=21404%2C7000107&jsei=3&format=n5&ad=n0&nocache=4271403300962303&num=0&output=uds_ads_only&v=3&adext=as1%2Cl1%2Csr1&rurl=http%3A%2F%2Fwww.pronto.com%2Fuser%2Fsearch.do%3FSEM%3Dtrue%26query%3Doutdoor%2Bwall%2Bhooks%26adid%3D55beabc5-bd4f-4b1d-804c-481bc15a5ba1-0-pt_gsb%26kwid%3Doutdoor%2520wall%2520hooks%26cid%3D41371915872%26site%3D%26_%3D1&referer=http%3A%2F%2Fwww.google.com%2Faclk%3Fsa%3DL%26ai%3DCZw3MT6ykU9nOC4KepgPazoL4BYiW2eYDgKWyqZoB7qeU9AoQASC5VCgIULaPnb4BYMmWkIvApNgPyAEBqgQkT9ABtqarKVlkdnJoE-Eu3APT3tH25QwN2GlwKaoZLeBaA4IxgAWQToAHvPGFCogHAZAHAg%26num%3D4%26sig%3DAOD64_3dU7Nzn9SNqTGexdRLx8nRjLrJ2A%26ved%3D0COYBENEM%26adurl%3Dhttp%3A%2F%2Fpronto.com%2Fuser%2Fsearch.do%253FSEM%253Dtrue%2526query%253Doutdoor%252Bwall%252Bhooks%2526adid%253D55beabc5-bd4f-4b1d-804c-481bc15a5ba1-0-pt_gsb%2526kwid%253Doutdoor%252520wall%252520hooks%2526cid%253D41371915872%2526site%253D%26rct%3Dj%26q%3Dstainless%2520steel%2520outdoor%2520hooks" "Mozilla/5.0 (Macintosh; Intel Mac OS X 10_5_8) AppleWebKit/534.50.2 (KHTML, like Gecko) Version/5.0.6 Safari/533.22.3"
12.111.223.151 - - [20/Jun/2014:17:50:07 -0400] "GET /Images/Navigation/bluewide.jpg HTTP/1.1" 200 16322 "http://www.islandgreenery.net/?adid-2E343B92-B097-442c-BFA5-BE371E0325A2=1607088&kw-2E343B92-B097-442c-BFA5-BE371E0325A2=garden+wall" "Mozilla/5.0 (Macintosh; Intel Mac OS X 10_5_8) AppleWebKit/534.50.2 (KHTML, like Gecko) Version/5.0.6 Safari/533.22.3"
12.111.223.151 - - [20/Jun/2014:17:50:08 -0400] "GET /favicon.ico HTTP/1.1" 404 575 "http://www.islandgreenery.net/?adid-2E343B92-B097-442c-BFA5-BE371E0325A2=1607088&kw-2E343B92-B097-442c-BFA5-BE371E0325A2=garden+wall" "Mozilla/5.0 (Macintosh; Intel Mac OS X 10_5_8) AppleWebKit/534.50.2 (KHTML, like Gecko) Version/5.0.6 Safari/533.22.3"
12.111.223.151 - - [20/Jun/2014:17:51:09 -0400] "GET / HTTP/1.1" 200 4374 "http://www.google.com/uds/afs?q=garden%20waterfalls&client=bestprice-lp&channel=t28&hl=en&adtest=off&adsafe=off&qry_lnk=garden%20waterfalls&lo=false&adpage=1&adrep=4&r=s&oe=UTF-8&ie=UTF-8&fexp=21404%2C7000108%2C7000316&jsei=4&format=n7&ad=n0&nocache=4181403300501359&num=0&output=uds_ads_only&v=3&rurl=http%3A%2F%2Fwww.best-price.com%2Fsearch%2Flanding%2Fquery%2Fgarden%2Bwaterfalls%2Fs%2Fyahoo%2F&referer=http%3A%2F%2Fr.search.yahoo.com%2F_ylt%3DA0LEVzZ4qqRTbB0AWZ5XNyoA%3B_ylu%3DX3oDMTE4cmw2cWNjBHNlYwNvdi1lYXN0BGNvbG8DYmYxBHZ0aWQDVklQMjI3XzEEcG9zAzI-%2FRV%3D2%2FRE%3D1403329273%2FRO%3D10%2FRU%3Dhttp%253a%252f%252f1804709.r.msn.com%252f%253fld%253dDv8ph8sdCAbJAyg9mcw8XhYDVUCUyGKB-M9bQ8NFmUIVLEag9SooS3FK7eZhOMw047Xk1x_Oh05ZlJYVutL7JEq3QG8BcKA81Ei-4e0bUrV_44AJL2RWc-ijhyyvP4f094f7KbhQQ0BtXeYj0N1Dt-yFMoHko%2526u%253dhttp%25253a%25252f%25252fpixel.everesttech.net%25252f2815%25252fc%25253fev_sid%25253d10%252526ev_cmpid%25253d60940920%252526ev_lx%25253d12971008806%252526ev_crx%25253d1578544687%252526ev_mt%25253db%252526url%25253dhttp%2525253A%25252f%25252fwww.best-price.com%25252fsearch%25252flanding%25252fquery%25252fgarden%2525252Bwaterfalls%25252fs%25252fyahoo%25252f%2FRK%3D0%2FRS%3DI9d4WO2HAgOukYQvQbXhWw6mVjc-%3Fp%3Dsmall%2Bpond%2Bwaterfalls%2Bpictures" "Mozilla/5.0 (Windows NT 6.1; WOW64; rv:30.0) Gecko/20100101 Firefox/30.0"
198.228.201.163 - - [20/Jun/2014:18:01:48 -0400] "GET /Images/Navigation/ThinGreen.png HTTP/1.1" 200 7642 "http://www.islandgreenery.net/" "Mozilla/5.0 (iPhone; CPU iPhone OS 6_1_3 like Mac OS X) AppleWebKit/536.26 (KHTML, like Gecko) GSA/3.2.0.25255 Mobile/10B329 Safari/8536.25"
198.228.201.163 - - [20/Jun/2014:18:02:07 -0400] "GET /contact.php HTTP/1.1" 200 6387 "http://www.islandgreenery.net/index.html" "Mozilla/5.0 (iPhone; CPU iPhone OS 6_1_3 like Mac OS X) AppleWebKit/536.26 (KHTML, like Gecko) GSA/3.2.0.25255 Mobile/10B329 Safari/8536.25"
198.228.201.163 - - [20/Jun/2014:18:02:08 -0400] "GET /Images/Contact/facebook.png HTTP/1.1" 200 6350 "http://www.islandgreenery.net/contact.php" "Mozilla/5.0 (iPhone; CPU iPhone OS 6_1_3 like Mac OS X) AppleWebKit/536.26 (KHTML, like Gecko) GSA/3.2.0.25255 Mobile/10B329 Safari/8536.25"
72.89.99.203 - - [20/Jun/2014:18:49:14 -0400] "GET /Images/Navigation/bluewide.jpg HTTP/1.1" 200 16322 "http://www.islandgreenery.net/" "Mozilla/5.0 (iPhone; CPU iPhone OS 7_1 like Mac OS X) AppleWebKit/537.51.1 (KHTML, like Gecko) GSA/4.1.0.31802 Mobile/11D167 Safari/9537.53"
72.89.99.203 - - [20/Jun/2014:18:50:45 -0400] "GET /Images/Contact/operator.png HTTP/1.1" 200 35065 "http://www.islandgreenery.net/contact.php" "Mozilla/5.0 (iPhone; CPU iPhone OS 7_1 like Mac OS X) AppleWebKit/537.51.1 (KHTML, like Gecko) GSA/4.1.0.31802 Mobile/11D167 Safari/9537.53"
72.89.99.203 - - [20/Jun/2014:18:50:48 -0400] "GET /Images/Contact/facebookHov.png HTTP/1.1" 200 6360 "http://www.islandgreenery.net/contact.php" "Mozilla/5.0 (iPhone; CPU iPhone OS 7_1 like Mac OS X) AppleWebKit/537.51.1 (KHTML, like Gecko) GSA/4.1.0.31802 Mobile/11D167 Safari/9537.53"
72.89.99.203 - - [20/Jun/2014:18:52:59 -0400] "GET /Images/Navigation/ThinGreen.png HTTP/1.1" 206 1 "http://www.islandgreenery.net/propane.html" "Mozilla/5.0 (iPhone; CPU iPhone OS 7_1 like Mac OS X) AppleWebKit/537.51.1 (KHTML, like Gecko) GSA/4.1.0.31802 Mobile/11D167 Safari/9537.53"
12.111.223.151 - - [20/Jun/2014:18:59:39 -0400] "GET / HTTP/1.1" 200 4374 "-" "Mozilla/4.0 (compatible; MSIE 7.0; Windows NT 5.1; .NET CLR 1.1.4322; .NET CLR 2.0.50727)"
68.193.125.51 - - [20/Jun/2014:19:18:05 -0400] "GET /company.html HTTP/1.1" 200 6326 "http://www.islandgreenery.net/index.html" "Mozilla/5.0 (Windows NT 6.1; WOW64) AppleWebKit/537.36 (KHTML, like Gecko) Chrome/35.0.1916.153 Safari/537.36"
68.193.125.51 - - [20/Jun/2014:19:18:05 -0400] "GET /Images/Company/mainPic.jpg HTTP/1.1" 200 158233 "http://www.islandgreenery.net/company.html" "Mozilla/5.0 (Windows NT 6.1; WOW64) AppleWebKit/537.36 (KHTML, like Gecko) Chrome/35.0.1916.153 Safari/537.36"
47.16.103.14 - - [20/Jun/2014:20:28:23 -0400] "GET /Images/lineThin.png HTTP/1.1" 200 2938 "http://www.islandgreenery.net/CSS/main.css" "Mozilla/5.0 (Windows NT 6.1; rv:29.0) Gecko/20100101 Firefox/29.0"
47.16.103.14 - - [20/Jun/2014:20:28:23 -0400] "GET /Images/Home/centerImages.png HTTP/1.1" 200 133174 "http://www.islandgreenery.net/CSS/main.css" "Mozilla/5.0 (Windows NT 6.1; rv:29.0) Gecko/20100101 Firefox/29.0"
46.118.155.40 - - [20/Jun/2014:21:25:07 -0400] "GET / HTTP/1.1" 200 4374 "http://torrents-tracker.com/" "Mozilla/4.0 (compatible; MSIE 6.0; AOL 9.0; Windows NT 5.1)"
12.111.223.151 - - [20/Jun/2014:23:49:01 -0400] "GET / HTTP/1.1" 200 4374 "-" "Mozilla/5.0 (iPad; CPU OS 7_1_1 like Mac OS X) AppleWebKit/537.51.2 (KHTML, like Gecko) Version/7.0 Mobile/11D201 Safari/9537.53"
12.111.223.151 - - [20/Jun/2014:09:58:54 -0400] "GET /CSS/text.css HTTP/1.1" 200 731 "http://www.islandgreenery.net/?adid-2E343B92-B097-442c-BFA5-BE371E0325A2=1628866&kw-2E343B92-B097-442c-BFA5-BE371E0325A2=fertilizer" "Mozilla/5.0 (Windows NT 6.1; Trident/7.0; rv:11.0) like Gecko"
12.111.223.151 - - [20/Jun/2014:09:58:54 -0400] "GET /Images/Home/mainPic.jpg HTTP/1.1" 200 209933 "http://www.islandgreenery.net/?adid-2E343B92-B097-442c-BFA5-BE371E0325A2=1628866&kw-2E343B92-B097-442c-BFA5-BE371E0325A2=fertilizer" "Mozilla/5.0 (Windows NT 6.1; Trident/7.0; rv:11.0) like Gecko"
66.55.152.251 - - [20/Jun/2014:10:25:50 -0400] "GET / HTTP/1.1" 200 4374 "-" "Mozilla/5.0 (iPhone; CPU iPhone OS 7_0_4 like Mac OS X) AppleWebKit/537.51.1 (KHTML, like Gecko) Version/7.0 Mobile/11B554a Safari/9537.53"
66.55.152.251 - - [20/Jun/2014:10:25:50 -0400] "GET / HTTP/1.1" 200 4374 "-" "Mozilla/5.0 (Windows NT 6.1; WOW64) AppleWebKit/537.36 (KHTML, like Gecko) Chrome/31.0.1650.63 Safari/537.36"
