12.111.223.151 - - [20/Jun/2014:07:12:07 -0400] "GET /Images/Home/centerImages.png HTTP/1.1" 200 133174 "http://www.islandgreenery.net/?adid-2E343B92-B097-442c-BFA5-BE371E0325A2=1607091&kw-2E343B92-B097-442c-BFA5-BE371E0325A2=evergreen+shrubs" "Mozilla/5.0 (Linux; U; Android 4.0.4; en-us; SPH-D710 Build/IMM76I) AppleWebKit/534.30 (KHTML, like Gecko) Version/4.0 Mobile Safari/534.30"
12.111.223.151 - - [20/Jun/2014:11:25:03 -0400] "GET /Images/Home/centerImages.png HTTP/1.1" 200 133174 "http://www.islandgreenery.net/?adid-2E343B92-B097-442c-BFA5-BE371E0325A2=1607093&kw-2E343B92-B097-442c-BFA5-BE371E0325A2=nursery" "Mozilla/5.0 (Windows NT 6.1; WOW64; Trident/7.0; rv:11.0) like Gecko"
12.111.223.151 - - [20/Jun/2014:11:38:18 -0400] "GET /Images/lineThick.png HTTP/1.1" 200 12232 "http://www.islandgreenery.net/?adid-2E343B92-B097-442c-BFA5-BE371E0325A2=1607093&kw-2E343B92-B097-442c-BFA5-BE371E0325A2=nursery" "Mozilla/5.0 (Windows NT 6.1; WOW64) AppleWebKit/537.36 (KHTML, like Gecko) Chrome/35.0.1916.153 Safari/537.36"
12.111.223.151 - - [20/Jun/2014:11:38:18 -0400] "GET /Images/Home/seasonSpecials.png HTTP/1.1" 200 35145 "http://www.islandgreenery.net/?adid-2E343B92-B097-442c-BFA5-BE371E0325A2=1607093&kw-2E343B92-B097-442c-BFA5-BE371E0325A2=nursery" "Mozilla/5.0 (Windows NT 6.1; WOW64) AppleWebKit/537.36 (KHTML, like Gecko) Chrome/35.0.1916.153 Safari/537.36"
75.127.138.21 - - [20/Jun/2014:11:56:31 -0400] "GET /galleries/landscape/data1/images/landscape3.jpg HTTP/1.1" 200 59208 "http://www.islandgreenery.net/galleries/landscape/index.html" "Mozilla/5.0 (Windows NT 6.1; WOW64) AppleWebKit/537.36 (KHTML, like Gecko) Chrome/35.0.1916.153 Safari/537.36"
75.127.138.21 - - [20/Jun/2014:11:56:31 -0400] "GET /galleries/landscape/data1/images/landscape11.jpg HTTP/1.1" 200 58935 "http://www.islandgreenery.net/galleries/landscape/index.html" "Mozilla/5.0 (Windows NT 6.1; WOW64) AppleWebKit/537.36 (KHTML, like Gecko) Chrome/35.0.1916.153 Safari/537.36"
96.239.108.47 - - [20/Jun/2014:13:35:39 -0400] "GET /galleries/landscape/data1/images/landscape4.jpg HTTP/1.1" 200 53003 "http://www.islandgreenery.net/galleries/landscape/index.html" "Mozilla/5.0 (Windows NT 6.1; WOW64; Trident/7.0; rv:11.0) like Gecko"
96.239.108.47 - - [20/Jun/2014:13:35:40 -0400] "GET /galleries/landscape/data1/images/landscape10.jpg HTTP/1.1" 200 63938 "http://www.islandgreenery.net/galleries/landscape/index.html" "Mozilla/5.0 (Windows NT 6.1; WOW64; Trident/7.0; rv:11.0) like Gecko"
12.111.223.151 - - [20/Jun/2014:00:17:51 -0400] "GET /favicon.ico HTTP/1.1" 404 575 "-" "Mozilla/5.0 (Windows NT 6.1; WOW64; rv:30.0) Gecko/20100101 Firefox/30.0"
12.111.223.151 - - [20/Jun/2014:02:18:18 -0400] "GET / HTTP/1.1" 200 4374 "-" "Mozilla/4.0 (compatible; MSIE 7.0; Windows NT 5.1; .NET CLR 1.1.4322; .NET CLR 2.0.50727)"
12.111.223.151 - - [20/Jun/2014:03:58:33 -0400] "GET /Images/Navigation/bluewide.jpg HTTP/1.1" 200 16322 "http://www.islandgreenery.net/?adid-2E343B92-B097-442c-BFA5-BE371E0325A2=1607093&kw-2E343B92-B097-442c-BFA5-BE371E0325A2=vegetable+plants" "Mozilla/5.0 (Linux; U; Android 4.3; en-us; SPH-L710 Build/JSS15J) AppleWebKit/534.30 (KHTML, like Gecko) Version/4.0 Mobile Safari/534.30"
12.111.223.151 - - [20/Jun/2014:03:59:34 -0400] "GET /Images/Navigation/bluewide.jpg HTTP/1.1" 200 16322 "http://www.islandgreenery.net/?adid-2E343B92-B097-442c-BFA5-BE371E0325A2=1607091&kw-2E343B92-B097-442c-BFA5-BE371E0325A2=sod+installation" "Mozilla/5.0 (Macintosh; Intel Mac OS X 10_6_8) AppleWebKit/534.59.8 (KHTML, like Gecko) Version/5.1.9 Safari/534.59.8"
12.111.223.151 - - [20/Jun/2014:03:59:37 -0400] "GET /Images/Navigation/greenwide.jpg HTTP/1.1" 200 15999 "http://www.islandgreenery.net/?adid-2E343B92-B097-442c-BFA5-BE371E0325A2=1607091&kw-2E343B92-B097-442c-BFA5-BE371E0325A2=sod+installation" "Mozilla/5.0 (Macintosh; Intel Mac OS X 10_6_8) AppleWebKit/534.59.8 (KHTML, like Gecko) Version/5.1.9 Safari/534.59.8"
12.111.223.151 - - [20/Jun/2014:06:00:32 -0400] "GET /Images/Navigation/ThinBlue.png HTTP/1.1" 200 7349 "http://www.islandgreenery.net/?adid-2E343B92-B097-442c-BFA5-BE371E0325A2=1607092&kw-2E343B92-B097-442c-BFA5-BE371E0325A2=bulk+mulch+delivery" "Mozilla/5.0 (Windows NT 6.1; WOW64) AppleWebKit/537.36 (KHTML, like Gecko) Chrome/35.0.1916.153 Safari/537.36"
12.111.223.151 - - [20/Jun/2014:06:00:31 -0400] "GET /Images/Home/mainPic.jpg HTTP/1.1" 200 209933 "http://www.islandgreenery.net/?adid-2E343B92-B097-442c-BFA5-BE371E0325A2=1607092&kw-2E343B92-B097-442c-BFA5-BE371E0325A2=bulk+mulch+delivery" "Mozilla/5.0 (Windows NT 6.1; WOW64) AppleWebKit/537.36 (KHTML, like Gecko) Chrome/35.0.1916.153 Safari/537.36"
12.111.223.151 - - [20/Jun/2014:15:14:04 -0400] "GET /CSS/text.css HTTP/1.1" 200 731 "http://www.islandgreenery.net/?adid-2E343B92-B097-442c-BFA5-BE371E0325A2=1607093&kw-2E343B92-B097-442c-BFA5-BE371E0325A2=tree+nursery" "Mozilla/5.0 (Linux; U; Android 4.1.2; en-us; SCH-I535 Build/JZO54K) AppleWebKit/534.30 (KHTML, like Gecko) Version/4.0 Mobile Safari/534.30"
12.111.223.151 - - [20/Jun/2014:15:49:14 -0400] "GET /galleries/masonry/data1/images/masonry10.jpg HTTP/1.1" 200 36593 "http://www.islandgreenery.net/galleries/masonry/index.html" "Mozilla/5.0 (Windows NT 6.1; WOW64; Trident/7.0; rv:11.0) like Gecko"
66.11.134.5 - - [20/Jun/2014:16:10:38 -0400] "GET /CSS/text.css HTTP/1.1" 200 731 "http://www.islandgreenery.net/" "Mozilla/5.0 (compatible; MSIE 10.0; Windows NT 6.1; WOW64; Trident/6.0)"
66.11.134.5 - - [20/Jun/2014:16:10:38 -0400] "GET /Images/islandGreeneryLogo.png HTTP/1.1" 200 52254 "http://www.islandgreenery.net/" "Mozilla/5.0 (compatible; MSIE 10.0; Windows NT 6.1; WOW64; Trident/6.0)"
66.11.134.5 - - [20/Jun/2014:16:10:48 -0400] "GET /Images/Propane/propaneMain.jpg HTTP/1.1" 200 127651 "http://www.islandgreenery.net/propane.html" "Mozilla/5.0 (compatible; MSIE 10.0; Windows NT 6.1; WOW64; Trident/6.0)"
66.11.134.5 - - [20/Jun/2014:16:10:49 -0400] "GET /Images/Propane/paracoHov.png HTTP/1.1" 200 43109 "http://www.islandgreenery.net/propane.html" "Mozilla/5.0 (compatible; MSIE 10.0; Windows NT 6.1; WOW64; Trident/6.0)"
66.11.134.5 - - [20/Jun/2014:16:10:57 -0400] "GET /IslandGreeneryPropaneCoupon.jpg HTTP/1.1" 200 60374 "http://www.islandgreenery.net/propane.html" "Mozilla/5.0 (compatible; MSIE 10.0; Windows NT 6.1; WOW64; Trident/6.0)"
12.111.223.151 - - [20/Jun/2014:17:24:56 -0400] "GET /CSS/main.css HTTP/1.1" 200 7040 "http://www.islandgreenery.net/?adid-2E343B92-B097-442c-BFA5-BE371E0325A2=1607045&kw-2E343B92-B097-442c-BFA5-BE371E0325A2=potting+soil" "Mozilla/5.0 (Macintosh; Intel Mac OS X 10_8_5) AppleWebKit/537.76.4 (KHTML, like Gecko) Version/6.1.4 Safari/537.76.4"
12.111.223.151 - - [20/Jun/2014:17:44:55 -0400] "GET / HTTP/1.1" 200 4374 "http://www.google.com/uds/afs?q=Front%20Yard%20Landscaping%20designs&client=synacor-verizonconsumer&channel=search&hl=en&adsafe=high&lo=true&adpage=1&adrep=3&po=true&r=s&oe=UTF-8&ie=UTF-8&fexp=21404%2C7000107%2C7000317&jsei=3&format=n5&ad=n0&nocache=3241403300500960&num=0&output=uds_ads_only&v=3&adext=as1%2Cl1%2Csr1&rurl=http%3A%2F%2Fsearchresults.verizon.com%2Fsearch%2F%3Fcontext%3Dsearch%26tab%3DWeb%26q%3DFront%2BYard%2BLandscaping%2Bdesigns&referer=http%3A%2F%2Fsearchresults.verizon.com%2Fsearch%2Findex.php%3Fcontext%3Drelatedsearches%26q%3DFront%2520Yard%2520Landscaping%2520Ideas" "Mozilla/5.0 (Macintosh; Intel Mac OS X 10_5_8) AppleWebKit/534.50.2 (KHTML, like Gecko) Version/5.0.6 Safari/533.22.3"
12.111.223.151 - - [20/Jun/2014:17:50:07 -0400] "GET /Images/lineThin.png HTTP/1.1" 200 2938 "http://www.islandgreenery.net/?adid-2E343B92-B097-442c-BFA5-BE371E0325A2=1607088&kw-2E343B92-B097-442c-BFA5-BE371E0325A2=garden+wall" "Mozilla/5.0 (Macintosh; Intel Mac OS X 10_5_8) AppleWebKit/534.50.2 (KHTML, like Gecko) Version/5.0.6 Safari/533.22.3"
198.228.201.163 - - [20/Jun/2014:18:01:48 -0400] "GET /index.html HTTP/1.1" 200 4374 "http://www.islandgreenery.net/" "Mozilla/5.0 (iPhone; CPU iPhone OS 6_1_3 like Mac OS X) AppleWebKit/536.26 (KHTML, like Gecko) GSA/3.2.0.25255 Mobile/10B329 Safari/8536.25"
68.193.125.51 - - [20/Jun/2014:19:17:38 -0400] "GET /Images/Home/seasonSpecials.png HTTP/1.1" 200 35145 "http://www.islandgreenery.net/" "Mozilla/5.0 (Windows NT 6.1; WOW64) AppleWebKit/537.36 (KHTML, like Gecko) Chrome/35.0.1916.153 Safari/537.36"
68.193.125.51 - - [20/Jun/2014:19:17:38 -0400] "GET /Images/Navigation/ThinGreen.png HTTP/1.1" 200 7642 "http://www.islandgreenery.net/" "Mozilla/5.0 (Windows NT 6.1; WOW64) AppleWebKit/537.36 (KHTML, like Gecko) Chrome/35.0.1916.153 Safari/537.36"
12.111.223.151 - - [20/Jun/2014:19:53:42 -0400] "GET / HTTP/1.1" 200 4374 "http://www.google.com/uds/afs?q=Front%20Yard%20Landscape%20Pictures&client=aj-dictionary-103&channel=11721%2Corig_relatedSearch_Narrow%2Cud_desktop&adtest=off&adsafe=medium&oe=utf-8&ie=utf-8&lo=false&adpage=1&adrep=5&po=true&r=m&fexp=21404%2C7000317&format=p5%7Cn5&ad=n5p5&nocache=331403308404192&num=0&output=uds_ads_only&v=3&adlh=on&adext=as1%2Csr1&u_his=4&u_tz=-240&dt=1403308404193&u_w=1680&u_h=1050&biw=-1&bih=-1&psw=-1&psh=-1&frm=0&uio=uv3sr1lo0po1va1hcsl1cc0-lHst15sd13sv13sa13lt18ld16lv16da1-lhst15sd13sv13sa13lt18ld16lv16da1&rurl=http%3A%2F%2Fwww.ask.com%2Fweb%3Fq%3DFront%2BYard%2BLandscape%2BPictures%26qsrc%3D466%26o%3D11721%26l%3Ddir%26qo%3DrelatedSearchNarrow&referer=http%3A%2F%2Fwww.ask.com%2Fweb%3Fq%3DPictures%2Bof%2BBeautiful%2BLandscaped%2BFront%2BYards%26qsrc%3D466%26o%3D11721%26l%3Ddir%26qo%3DrelatedSearchExpand" "Mozilla/5.0 (Macintosh; Intel Mac OS X 10_5_8) AppleWebKit/534.50.2 (KHTML, like Gecko) Version/5.0.6 Safari/533.22.3"
174.254.192.7 - - [20/Jun/2014:20:44:14 -0400] "GET /Images/Navigation/greenwide.jpg HTTP/1.1" 200 15999 "http://www.islandgreenery.net/company.html" "Mozilla/5.0 (iPhone; CPU iPhone OS 7_0_4 like Mac OS X) AppleWebKit/536.26 (KHTML, like Gecko) GSA/3.1.0.23513 Mobile/11B554a Safari/8536.25"
12.111.223.151 - - [20/Jun/2014:07:00:41 -0400] "GET / HTTP/1.1" 200 4374 "-" "Mozilla/4.0 (compatible; MSIE 7.0; Windows NT 5.1; .NET CLR 1.1.4322; .NET CLR 2.0.50727)"
12.111.223.151 - - [20/Jun/2014:09:49:44 -0400] "GET /Images/lineThin.png HTTP/1.1" 200 2938 "http://www.islandgreenery.net/?adid-2E343B92-B097-442c-BFA5-BE371E0325A2=1607093&kw-2E343B92-B097-442c-BFA5-BE371E0325A2=tree+nursery" "Mozilla/5.0 (Macintosh; Intel Mac OS X 10_9_3) AppleWebKit/537.36 (KHTML, like Gecko) Chrome/35.0.1916.153 Safari/537.36"
12.111.223.151 - - [20/Jun/2014:09:49:45 -0400] "GET /Images/Home/propane.jpg HTTP/1.1" 200 29411 "http://www.islandgreenery.net/?adid-2E343B92-B097-442c-BFA5-BE371E0325A2=1607093&kw-2E343B92-B097-442c-BFA5-BE371E0325A2=tree+nursery" "Mozilla/5.0 (Macintosh; Intel Mac OS X 10_9_3) AppleWebKit/537.36 (KHTML, like Gecko) Chrome/35.0.1916.153 Safari/537.36"
24.188.198.219 - - [20/Jun/2014:10:00:24 -0400] "GET /Images/Navigation/greenwide.jpg HTTP/1.1" 200 15999 "http://www.islandgreenery.net/propane.html" "Mozilla/5.0 (Windows NT 6.2; WOW64) AppleWebKit/537.36 (KHTML, like Gecko) Chrome/35.0.1916.153 Safari/537.36"
193.150.120.14 - - [20/Jun/2014:10:29:45 -0400] "GET / HTTP/1.1" 200 4374 "http://boonex.ru/" "Mozilla/4.0 (compatible; MSIE 6.0; Windows NT 5.1; SV1)"
65.254.5.67 - - [20/Jun/2014:10:52:02 -0400] "GET /Images/Navigation/greenwide.jpg HTTP/1.1" 200 15999 "http://www.islandgreenery.net/" "Mozilla/5.0 (Windows NT 6.1; Trident/7.0; rv:11.0) like Gecko"
65.254.5.67 - - [20/Jun/2014:10:52:02 -0400] "GET /garden.html HTTP/1.1" 200 4730 "http://www.islandgreenery.net/" "Mozilla/5.0 (Windows NT 6.1; Trident/7.0; rv:11.0) like Gecko"
65.254.5.67 - - [20/Jun/2014:10:52:02 -0400] "GET /Images/Garden/mainCenter.jpg HTTP/1.1" 200 207926 "http://www.islandgreenery.net/garden.html" "Mozilla/5.0 (Windows NT 6.1; Trident/7.0; rv:11.0) like Gecko"
96.239.108.47 - - [20/Jun/2014:13:35:26 -0400] "GET /Images/Home/mainPic.jpg HTTP/1.1" 200 209933 "http://www.islandgreenery.net/" "Mozilla/5.0 (Windows NT 6.1; WOW64; Trident/7.0; rv:11.0) like Gecko"
12.111.223.151 - - [20/Jun/2014:01:40:08 -0400] "GET /favicon.ico HTTP/1.1" 404 575 "-" "Mozilla/4.0 (compatible; MSIE 8.0; Windows NT 6.1; Trident/4.0)"
12.111.223.151 - - [20/Jun/2014:02:39:58 -0400] "GET /CSS/text.css HTTP/1.1" 200 731 "http://www.islandgreenery.net/?adid-2E343B92-B097-442c-BFA5-BE371E0325A2=1607045&kw-2E343B92-B097-442c-BFA5-BE371E0325A2=topsoil" "Mozilla/4.0 (compatible; MSIE 8.0; Windows NT 5.1; Trident/4.0; GTB7.5)"
12.111.223.151 - - [20/Jun/2014:03:58:33 -0400] "GET /Images/lineThick.png HTTP/1.1" 200 12232 "http://www.islandgreenery.net/?adid-2E343B92-B097-442c-BFA5-BE371E0325A2=1607093&kw-2E343B92-B097-442c-BFA5-BE371E0325A2=vegetable+plants" "Mozilla/5.0 (Linux; U; Android 4.3; en-us; SPH-L710 Build/JSS15J) AppleWebKit/534.30 (KHTML, like Gecko) Version/4.0 Mobile Safari/534.30"
12.111.223.151 - - [20/Jun/2014:06:00:32 -0400] "GET /Images/Navigation/bluewide.jpg HTTP/1.1" 200 16322 "http://www.islandgreenery.net/?adid-2E343B92-B097-442c-BFA5-BE371E0325A2=1607092&kw-2E343B92-B097-442c-BFA5-BE371E0325A2=bulk+mulch+delivery" "Mozilla/5.0 (Windows NT 6.1; WOW64) AppleWebKit/537.36 (KHTML, like Gecko) Chrome/35.0.1916.153 Safari/537.36"
12.111.223.151 - - [20/Jun/2014:06:00:47 -0400] "GET /favicon.ico HTTP/1.1" 404 575 "-" "Mozilla/5.0 (Windows NT 6.1; WOW64) AppleWebKit/537.36 (KHTML, like Gecko) Chrome/35.0.1916.153 Safari/537.36"
12.111.223.151 - - [20/Jun/2014:06:06:42 -0400] "GET /favicon.ico HTTP/1.1" 404 575 "-" "Mozilla/5.0 (Windows NT 6.1; WOW64) AppleWebKit/537.36 (KHTML, like Gecko) Chrome/35.0.1916.153 Safari/537.36"
12.111.223.151 - - [20/Jun/2014:15:05:17 -0400] "GET /Images/Home/propane.jpg HTTP/1.1" 200 29411 "http://www.islandgreenery.net/index.html" "Mozilla/5.0 (Macintosh; Intel Mac OS X 10_9_3) AppleWebKit/537.76.4 (KHTML, like Gecko) Version/7.0.4 Safari/537.76.4"
12.111.223.151 - - [20/Jun/2014:15:25:18 -0400] "GET /Images/Home/seasonSpecials.png HTTP/1.1" 200 35145 "http://www.islandgreenery.net/?adid-2E343B92-B097-442c-BFA5-BE371E0325A2=1607045&kw-2E343B92-B097-442c-BFA5-BE371E0325A2=evergreen+shrubs" "Mozilla/5.0 (Windows NT 6.3; WOW64; Trident/7.0; rv:11.0) like Gecko"
12.111.223.151 - - [20/Jun/2014:15:25:18 -0400] "GET /Images/Home/centerImages.png HTTP/1.1" 200 133174 "http://www.islandgreenery.net/?adid-2E343B92-B097-442c-BFA5-BE371E0325A2=1607045&kw-2E343B92-B097-442c-BFA5-BE371E0325A2=evergreen+shrubs" "Mozilla/5.0 (Windows NT 6.3; WOW64; Trident/7.0; rv:11.0) like Gecko"
12.111.223.151 - - [20/Jun/2014:17:29:28 -0400] "GET /Images/lineThick.png HTTP/1.1" 200 12232 "http://www.islandgreenery.net/?adid-2E343B92-B097-442c-BFA5-BE371E0325A2=1607045&kw-2E343B92-B097-442c-BFA5-BE371E0325A2=perennials" "Mozilla/5.0 (Macintosh; Intel Mac OS X 10_9_2) AppleWebKit/537.74.9 (KHTML, like Gecko) Version/7.0.2 Safari/537.74.9"
12.111.223.151 - - [20/Jun/2014:17:40:29 -0400] "GET /galleries/landscape/data1/images/landscape3.jpg HTTP/1.1" 200 59208 "http://www.islandgreenery.net/galleries/landscape/index.html" "Mozilla/5.0 (Macintosh; Intel Mac OS X 10_5_8) AppleWebKit/534.50.2 (KHTML, like Gecko) Version/5.0.6 Safari/533.22.3"
12.111.223.151 - - [20/Jun/2014:18:51:02 -0400] "GET / HTTP/1.1" 200 4374 "-" "Mozilla/4.0 (compatible; MSIE 7.0; Windows NT 5.1; .NET CLR 1.1.4322; .NET CLR 2.0.50727)"
72.89.99.203 - - [20/Jun/2014:18:53:55 -0400] "GET /galleries/masonry/data1/images/masonry4.jpg HTTP/1.1" 200 42929 "http://www.islandgreenery.net/galleries/masonry/index.html" "Mozilla/5.0 (iPhone; CPU iPhone OS 7_1 like Mac OS X) AppleWebKit/537.51.1 (KHTML, like Gecko) GSA/4.1.0.31802 Mobile/11D167 Safari/9537.53"
72.89.99.203 - - [20/Jun/2014:18:53:56 -0400] "GET /galleries/masonry/data1/images/masonry12.jpg HTTP/1.1" 200 43392 "http://www.islandgreenery.net/galleries/masonry/index.html" "Mozilla/5.0 (iPhone; CPU iPhone OS 7_1 like Mac OS X) AppleWebKit/537.51.1 (KHTML, like Gecko) GSA/4.1.0.31802 Mobile/11D167 Safari/9537.53"
69.122.142.174 - - [20/Jun/2014:21:15:03 -0400] "GET / HTTP/1.1" 200 4374 "http://search.yahoo.com/search?p=propane+bellmore&fr=ipad" "Mozilla/5.0 (iPad; CPU OS 7_1 like Mac OS X) AppleWebKit/537.51.2 (KHTML, like Gecko) Version/7.0 Mobile/11D167 Safari/9537.53"
69.122.142.174 - - [20/Jun/2014:21:15:03 -0400] "GET /CSS/main.css HTTP/1.1" 200 7040 "http://islandgreenery.net/" "Mozilla/5.0 (iPad; CPU OS 7_1 like Mac OS X) AppleWebKit/537.51.2 (KHTML, like Gecko) Version/7.0 Mobile/11D167 Safari/9537.53"
69.122.142.174 - - [20/Jun/2014:21:15:03 -0400] "GET /Images/islandGreeneryLogo.png HTTP/1.1" 200 52254 "http://islandgreenery.net/" "Mozilla/5.0 (iPad; CPU OS 7_1 like Mac OS X) AppleWebKit/537.51.2 (KHTML, like Gecko) Version/7.0 Mobile/11D167 Safari/9537.53"
69.122.142.174 - - [20/Jun/2014:21:15:04 -0400] "GET /Images/lineThick.png HTTP/1.1" 200 12232 "http://islandgreenery.net/" "Mozilla/5.0 (iPad; CPU OS 7_1 like Mac OS X) AppleWebKit/537.51.2 (KHTML, like Gecko) Version/7.0 Mobile/11D167 Safari/9537.53"
12.111.223.151 - - [20/Jun/2014:07:12:02 -0400] "GET / HTTP/1.1" 200 4374 "http://www.google.co.in/url?sa=t&rct=j&q=&esrc=s&source=web&cd=2&ved=0CEwQFjAA&url=http%3A%2F%2Fclicktracking.yellowbook.com%2Ftrackingenginewebapp%2Ftracking.html%3FMB_ID%3D58694%26SE_ID%3D2%26AG_ID%3D635007%26AD_ID%3D1607091%26kw%3Devergreen%2520shrubs%26kw_type%3D%26C_ID%3D148747%26SE_AD_ID%3D29030452567&ei=BhekU5rAK9Gf2ASGLQ&usg=AFQjCNE-TruCzLOZESF3l41LZ80e5gq5DA" "Mozilla/5.0 (Linux; U; Android 4.0.4; en-us; SPH-D710 Build/IMM76I) AppleWebKit/534.30 (KHTML, like Gecko) Version/4.0 Mobile Safari/534.30"
182.64.169.191 - - [20/Jun/2014:08:18:38 -0400] "GET /Images/Contact/facebook.png HTTP/1.1" 200 6350 "http://www.islandgreenery.net/contact.php" "Mozilla/5.0 (Windows; U; Windows NT 5.1; en-US; rv:1.9.2.19) Gecko/20110707 Firefox/3.6.19 GTB7.1 (.NET CLR 3.5.30729)"
182.64.169.191 - - [20/Jun/2014:08:18:38 -0400] "GET /Images/Contact/submit.jpg HTTP/1.1" 200 13525 "http://www.islandgreenery.net/CSS/form.css" "Mozilla/5.0 (Windows; U; Windows NT 5.1; en-US; rv:1.9.2.19) Gecko/20110707 Firefox/3.6.19 GTB7.1 (.NET CLR 3.5.30729)"
12.111.223.151 - - [20/Jun/2014:08:30:22 -0400] "GET / HTTP/1.1" 200 4374 "-" "Mozilla/4.0 (compatible; MSIE 7.0; Windows NT 5.1; .NET CLR 1.1.4322; .NET CLR 2.0.50727)"
12.111.223.151 - - [20/Jun/2014:09:58:49 -0400] "GET /Images/lineThick.png HTTP/1.1" 200 12232 "http://www.islandgreenery.net/?adid-2E343B92-B097-442c-BFA5-BE371E0325A2=1628866&kw-2E343B92-B097-442c-BFA5-BE371E0325A2=fertilizer" "Mozilla/5.0 (Windows NT 6.1; Trident/7.0; rv:11.0) like Gecko"
12.111.223.151 - - [20/Jun/2014:09:58:50 -0400] "GET /Images/Home/centerImages.png HTTP/1.1" 200 133174 "http://www.islandgreenery.net/?adid-2E343B92-B097-442c-BFA5-BE371E0325A2=1628866&kw-2E343B92-B097-442c-BFA5-BE371E0325A2=fertilizer" "Mozilla/5.0 (Windows NT 6.1; Trident/7.0; rv:11.0) like Gecko"
12.111.223.151 - - [20/Jun/2014:11:38:12 -0400] "GET / HTTP/1.1" 200 4374 "http://www.google.com/uds/afs?q=hicks%20nursery%20westbury&client=aj-mega&channel=ux-other%2Cx-tsrc-ask%2Cx-dune-df%2Cx-dc-dupont%2Czz-other-aw%2Cx-test1%2Cx-ch-ggweb%2Cx-age-1wk%2Cx-site-mws-new%2Cx-tsts-pp%2Cx-tpr-tabsbsug%2Cx-st-other%2Cx-us-mws%2Cx-ld-yya%2Cx-br-chrome%2Cx-mktg-uxxdm327%2Cx-mktg-ux-xdm327%2Cx-prod-ux%2Cx-geo-us%2CCh-019&hl=en&adtest=off&adsafe=medium&lo=true&adpage=1&adrep=3&po=true&r=m&fexp=21404%2C7000107&oe=UTF-8&ie=UTF-8&jsei=3&format=p7%7Cn3&ad=n3p7&nocache=1431403278691897&num=0&output=uds_ads_only&v=3&adlh=on&adext=as1%2Cl1%2Csr1&u_his=2&u_tz=-240&dt=1403278691898&u_w=1280&u_h=1024&biw=1183&bih=869&psw=1183&psh=0&frm=0&uio=uv3va1sl1sr1lHlo1po1ri1-st17sd13sv13-st17sd13sv13&rurl=http%3A%2F%2Fsearch.tb.ask.com%2Fsearch%2FGGmain.jhtml%3Fsearchfor%3Dhicks%2520nursery%2520westbury%26st%3Dtab%26ptb%3D2E06A620-2F50-4D4A-97C0-B1741E6018E7%26n%3D780c248a%26ind%3D2014061706%26ct%3DSS%26pg%3DGGmain%26tpr%3Dtabsbsug%26p2%3D%5EUX%5Exdm327%5EYYA%5Eus%26si%3DCD13474" "Mozilla/5.0 (Windows NT 6.1; WOW64) AppleWebKit/537.36 (KHTML, like Gecko) Chrome/35.0.1916.153 Safari/537.36"
96.239.108.47 - - [20/Jun/2014:13:35:36 -0400] "GET /galleries/landscape/data1/images/landscape7.jpg HTTP/1.1" 200 62854 "http://www.islandgreenery.net/galleries/landscape/index.html" "Mozilla/5.0 (Windows NT 6.1; WOW64; Trident/7.0; rv:11.0) like Gecko"
12.111.223.151 - - [20/Jun/2014:00:17:46 -0400] "GET /Images/Home/centerImages.png HTTP/1.1" 200 133174 "http://www.islandgreenery.net/CSS/main.css" "Mozilla/5.0 (Windows NT 6.1; WOW64; rv:30.0) Gecko/20100101 Firefox/30.0"
12.111.223.151 - - [20/Jun/2014:00:37:37 -0400] "GET /Images/Home/mainPic.jpg HTTP/1.1" 200 209933 "http://www.islandgreenery.net/?adid-2E343B92-B097-442c-BFA5-BE371E0325A2=1607091&kw-2E343B92-B097-442c-BFA5-BE371E0325A2=evergreen+trees" "Mozilla/4.0 (compatible; MSIE 8.0; Windows NT 6.1; Trident/4.0)"
12.111.223.151 - - [20/Jun/2014:03:58:28 -0400] "GET /Images/Navigation/ThinBlue.png HTTP/1.1" 200 7349 "http://www.islandgreenery.net/?adid-2E343B92-B097-442c-BFA5-BE371E0325A2=1607093&kw-2E343B92-B097-442c-BFA5-BE371E0325A2=vegetable+plants" "Mozilla/5.0 (Linux; U; Android 4.3; en-us; SPH-L710 Build/JSS15J) AppleWebKit/534.30 (KHTML, like Gecko) Version/4.0 Mobile Safari/534.30"
12.111.223.151 - - [20/Jun/2014:03:59:30 -0400] "GET /Images/lineThick.png HTTP/1.1" 200 12232 "http://www.islandgreenery.net/?adid-2E343B92-B097-442c-BFA5-BE371E0325A2=1607091&kw-2E343B92-B097-442c-BFA5-BE371E0325A2=sod+installation" "Mozilla/5.0 (Macintosh; Intel Mac OS X 10_6_8) AppleWebKit/534.59.8 (KHTML, like Gecko) Version/5.1.9 Safari/534.59.8"
12.111.223.151 - - [20/Jun/2014:15:25:14 -0400] "GET /Images/lineThick.png HTTP/1.1" 200 12232 "http://www.islandgreenery.net/?adid-2E343B92-B097-442c-BFA5-BE371E0325A2=1607045&kw-2E343B92-B097-442c-BFA5-BE371E0325A2=evergreen+shrubs" "Mozilla/5.0 (Windows NT 6.3; WOW64; Trident/7.0; rv:11.0) like Gecko"
72.89.96.250 - - [20/Jun/2014:16:55:43 -0400] "GET /Images/Home/mainPic.jpg HTTP/1.1" 200 209933 "http://www.islandgreenery.net/" "Mozilla/5.0 (iPhone; CPU iPhone OS 7_0_4 like Mac OS X) AppleWebKit/537.51.1 (KHTML, like Gecko) Version/7.0 Mobile/11B554a Safari/9537.53"
12.111.223.151 - - [20/Jun/2014:17:29:31 -0400] "GET /galleries/landscape/data1/images/landscape7.jpg HTTP/1.1" 200 62854 "http://www.islandgreenery.net/galleries/landscape/index.html" "Mozilla/5.0 (Macintosh; Intel Mac OS X 10_9_2) AppleWebKit/537.74.9 (KHTML, like Gecko) Version/7.0.2 Safari/537.74.9"
12.111.223.151 - - [20/Jun/2014:17:29:31 -0400] "GET /galleries/landscape/engine1/arrows.png HTTP/1.1" 200 1914 "http://www.islandgreenery.net/galleries/landscape/index.html" "Mozilla/5.0 (Macintosh; Intel Mac OS X 10_9_2) AppleWebKit/537.74.9 (KHTML, like Gecko) Version/7.0.2 Safari/537.74.9"
12.111.223.151 - - [20/Jun/2014:17:40:25 -0400] "GET /galleries/landscape/data1/images/landscape6.jpg HTTP/1.1" 200 65336 "http://www.islandgreenery.net/galleries/landscape/index.html" "Mozilla/5.0 (Macintosh; Intel Mac OS X 10_5_8) AppleWebKit/534.50.2 (KHTML, like Gecko) Version/5.0.6 Safari/533.22.3"
12.111.223.151 - - [20/Jun/2014:17:40:26 -0400] "GET /galleries/landscape/data1/images/landscape13.jpg HTTP/1.1" 200 65490 "http://www.islandgreenery.net/galleries/landscape/index.html" "Mozilla/5.0 (Macintosh; Intel Mac OS X 10_5_8) AppleWebKit/534.50.2 (KHTML, like Gecko) Version/5.0.6 Safari/533.22.3"
12.111.223.151 - - [20/Jun/2014:17:50:02 -0400] "GET /Images/Navigation/ThinBlue.png HTTP/1.1" 200 7349 "http://www.islandgreenery.net/?adid-2E343B92-B097-442c-BFA5-BE371E0325A2=1607088&kw-2E343B92-B097-442c-BFA5-BE371E0325A2=garden+wall" "Mozilla/5.0 (Macintosh; Intel Mac OS X 10_5_8) AppleWebKit/534.50.2 (KHTML, like Gecko) Version/5.0.6 Safari/533.22.3"
12.111.223.151 - - [20/Jun/2014:17:51:14 -0400] "GET /Images/Navigation/ThinGreen.png HTTP/1.1" 200 7642 "http://www.islandgreenery.net/CSS/main.css" "Mozilla/5.0 (Windows NT 6.1; WOW64; rv:30.0) Gecko/20100101 Firefox/30.0"
72.89.99.203 - - [20/Jun/2014:18:53:51 -0400] "GET /galleries/masonry/engine1/jquery.js HTTP/1.1" 200 78663 "http://www.islandgreenery.net/galleries/masonry/index.html" "Mozilla/5.0 (iPhone; CPU iPhone OS 7_1 like Mac OS X) AppleWebKit/537.51.1 (KHTML, like Gecko) GSA/4.1.0.31802 Mobile/11D167 Safari/9537.53"
72.89.99.203 - - [20/Jun/2014:18:53:52 -0400] "GET /galleries/masonry/data1/images/masonry11.jpg HTTP/1.1" 200 54111 "http://www.islandgreenery.net/galleries/masonry/index.html" "Mozilla/5.0 (iPhone; CPU iPhone OS 7_1 like Mac OS X) AppleWebKit/537.51.1 (KHTML, like Gecko) GSA/4.1.0.31802 Mobile/11D167 Safari/9537.53"
72.89.99.203 - - [20/Jun/2014:18:53:52 -0400] "GET /galleries/masonry/engine1/bg.png HTTP/1.1" 200 1416 "http://www.islandgreenery.net/galleries/masonry/index.html" "Mozilla/5.0 (iPhone; CPU iPhone OS 7_1 like Mac OS X) AppleWebKit/537.51.1 (KHTML, like Gecko) GSA/4.1.0.31802 Mobile/11D167 Safari/9537.53"
174.236.65.221 - - [20/Jun/2014:20:50:36 -0400] "GET /Images/Navigation/ThinGreen.png HTTP/1.1" 200 7642 "http://www.islandgreenery.net/" "Mozilla/5.0 (iPhone; CPU iPhone OS 7_1_1 like Mac OS X) AppleWebKit/537.51.1 (KHTML, like Gecko) GSA/4.1.0.31802 Mobile/11D201 Safari/9537.53"
174.236.65.221 - - [20/Jun/2014:20:50:37 -0400] "GET /Images/Contact/operator.png HTTP/1.1" 200 35065 "http://www.islandgreenery.net/contact.php" "Mozilla/5.0 (iPhone; CPU iPhone OS 7_1_1 like Mac OS X) AppleWebKit/537.51.1 (KHTML, like Gecko) GSA/4.1.0.31802 Mobile/11D201 Safari/9537.53"
92.249.127.111 - - [20/Jun/2014:22:17:29 -0400] "GET / HTTP/1.1" 200 4374 "http://chimiver.info/" "Mozilla/4.0 (compatible; MSIE 6.0; Windows NT 5.1; SV1; .NET CLR 1.1.4322; .NET CLR 2.0.50727)"
12.111.223.151 - - [20/Jun/2014:22:49:13 -0400] "GET /Images/Navigation/bluewide.jpg HTTP/1.1" 200 16322 "http://www.islandgreenery.net/?adid-2E343B92-B097-442c-BFA5-BE371E0325A2=1607093&kw-2E343B92-B097-442c-BFA5-BE371E0325A2=tree+nursery" "Mozilla/5.0 (iPad; CPU OS 7_1_1 like Mac OS X) AppleWebKit/537.51.2 (KHTML, like Gecko) Version/7.0 Mobile/11D201 Safari/9537.53"
12.111.223.151 - - [20/Jun/2014:23:15:53 -0400] "GET /Images/lineThin.png HTTP/1.1" 200 2938 "http://www.islandgreenery.net/?adid-2E343B92-B097-442c-BFA5-BE371E0325A2=1607093&kw-2E343B92-B097-442c-BFA5-BE371E0325A2=tree+nursery" "Mozilla/4.0 (compatible; MSIE 8.0; Windows NT 6.1)"
12.111.223.151 - - [20/Jun/2014:10:56:21 -0400] "GET /CSS/text.css HTTP/1.1" 200 731 "http://www.islandgreenery.net/?adid-2E343B92-B097-442c-BFA5-BE371E0325A2=1607093&kw-2E343B92-B097-442c-BFA5-BE371E0325A2=vegetable+plants" "Mozilla/4.0 (compatible; MSIE 8.0; Windows NT 6.1; Trident/4.0; SLCC2; .NET CLR 2.0.50727; .NET CLR 3.5.30729; .NET CLR 3.0.30729; Media Center PC 6.0; .NET4.0C)"
12.111.223.151 - - [20/Jun/2014:11:05:00 -0400] "GET /Images/Home/seasonSpecials.png HTTP/1.1" 200 35145 "http://www.islandgreenery.net/?adid-2E343B92-B097-442c-BFA5-BE371E0325A2=1607093&kw-2E343B92-B097-442c-BFA5-BE371E0325A2=tree+nursery" "Mozilla/5.0 (Macintosh; Intel Mac OS X 10_6_8) AppleWebKit/534.59.10 (KHTML, like Gecko) Version/5.1.9 Safari/534.59.10"
12.111.223.151 - - [20/Jun/2014:11:24:28 -0400] "GET /CSS/main.css HTTP/1.1" 200 7040 "http://www.islandgreenery.net/?adid-2E343B92-B097-442c-BFA5-BE371E0325A2=1607093&kw-2E343B92-B097-442c-BFA5-BE371E0325A2=nursery" "Mozilla/5.0 (Windows NT 6.1; WOW64; Trident/7.0; rv:11.0) like Gecko"
12.111.223.151 - - [20/Jun/2014:11:37:49 -0400] "GET /Images/Navigation/ThinGreen.png HTTP/1.1" 200 7642 "http://www.islandgreenery.net/?adid-2E343B92-B097-442c-BFA5-BE371E0325A2=1607093&kw-2E343B92-B097-442c-BFA5-BE371E0325A2=nursery" "Mozilla/5.0 (Windows NT 6.1; WOW64) AppleWebKit/537.36 (KHTML, like Gecko) Chrome/35.0.1916.153 Safari/537.36"
12.111.223.151 - - [20/Jun/2014:11:54:08 -0400] "GET /Images/Home/seasonSpecials.png HTTP/1.1" 200 35145 "http://www.islandgreenery.net/?adid-2E343B92-B097-442c-BFA5-BE371E0325A2=1607045&kw-2E343B92-B097-442c-BFA5-BE371E0325A2=leyland+cypress" "Mozilla/5.0 (Linux; U; Android 4.3; en-us; SCH-I535 Build/JSS15J) AppleWebKit/534.30 (KHTML, like Gecko) Version/4.0 Mobile Safari/534.30"
75.127.138.21 - - [20/Jun/2014:11:56:34 -0400] "GET /galleries/masonry/data1/images/masonry1.jpg HTTP/1.1" 200 31823 "http://www.islandgreenery.net/galleries/masonry/index.html" "Mozilla/5.0 (Windows NT 6.1; WOW64) AppleWebKit/537.36 (KHTML, like Gecko) Chrome/35.0.1916.153 Safari/537.36"
75.127.138.21 - - [20/Jun/2014:11:56:34 -0400] "GET /galleries/masonry/data1/images/masonry7.jpg HTTP/1.1" 200 42624 "http://www.islandgreenery.net/galleries/masonry/index.html" "Mozilla/5.0 (Windows NT 6.1; WOW64) AppleWebKit/537.36 (KHTML, like Gecko) Chrome/35.0.1916.153 Safari/537.36"
75.127.138.21 - - [20/Jun/2014:11:56:34 -0400] "GET /galleries/masonry/data1/images/masonry12.jpg HTTP/1.1" 200 43392 "http://www.islandgreenery.net/galleries/masonry/index.html" "Mozilla/5.0 (Windows NT 6.1; WOW64) AppleWebKit/537.36 (KHTML, like Gecko) Chrome/35.0.1916.153 Safari/537.36"
12.111.223.151 - - [20/Jun/2014:12:35:54 -0400] "GET / HTTP/1.1" 200 4374 "-" "Mozilla/4.0 (compatible; MSIE 7.0; Windows NT 5.1; .NET CLR 1.1.4322; .NET CLR 2.0.50727)"
12.111.223.151 - - [20/Jun/2014:00:37:07 -0400] "GET /Images/Navigation/bluewide.jpg HTTP/1.1" 200 16322 "http://www.islandgreenery.net/?adid-2E343B92-B097-442c-BFA5-BE371E0325A2=1607091&kw-2E343B92-B097-442c-BFA5-BE371E0325A2=evergreen+trees" "Mozilla/4.0 (compatible; MSIE 8.0; Windows NT 6.1; Trident/4.0)"
12.111.223.151 - - [20/Jun/2014:02:39:25 -0400] "GET /Images/islandGreeneryLogo.png HTTP/1.1" 200 52254 "http://www.islandgreenery.net/?adid-2E343B92-B097-442c-BFA5-BE371E0325A2=1607045&kw-2E343B92-B097-442c-BFA5-BE371E0325A2=topsoil" "Mozilla/4.0 (compatible; MSIE 8.0; Windows NT 5.1; Trident/4.0; GTB7.5)"
74.89.19.40 - - [20/Jun/2014:02:40:00 -0400] "GET /Images/lineThin.png HTTP/1.1" 200 2938 "http://www.islandgreenery.net/" "Mozilla/5.0 (Macintosh; Intel Mac OS X 10_7_5) AppleWebKit/537.36 (KHTML, like Gecko) Chrome/35.0.1916.114 Safari/537.36"
74.89.19.40 - - [20/Jun/2014:02:40:00 -0400] "GET /Images/Navigation/bluewide.jpg HTTP/1.1" 200 16322 "http://www.islandgreenery.net/" "Mozilla/5.0 (Macintosh; Intel Mac OS X 10_7_5) AppleWebKit/537.36 (KHTML, like Gecko) Chrome/35.0.1916.114 Safari/537.36"
12.111.223.151 - - [20/Jun/2014:03:57:58 -0400] "GET / HTTP/1.1" 200 4374 "http://www.google.co.in/url?sa=t&rct=j&q=&esrc=s&source=web&cd=1&ved=0CFEQFjAB&url=http%3A%2F%2Fclicktracking.yellowbook.com%2Ftrackingenginewebapp%2Ftracking.html%3FMB_ID%3D58694%26SE_ID%3D2%26AG_ID%3D635009%26AD_ID%3D1607093%26kw%3Dvegetable%2520plants%26kw_type%3D%26C_ID%3D148747%26SE_AD_ID%3D29030453047&ei=qOmjU97xCL63-wHsZA&usg=AFQjCNGmbHGAMm4iChR0stRcpI5X4ifcTQ" "Mozilla/5.0 (Linux; U; Android 4.3; en-us; SPH-L710 Build/JSS15J) AppleWebKit/534.30 (KHTML, like Gecko) Version/4.0 Mobile Safari/534.30"
12.111.223.151 - - [20/Jun/2014:15:13:30 -0400] "GET / HTTP/1.1" 200 4374 "http://www.google.co.in/url?sa=t&rct=j&q=&esrc=s&source=web&cd=1&ved=0CFMQFjAB&url=http%3A%2F%2Fclicktracking.yellowbook.com%2Ftrackingenginewebapp%2Ftracking.html%3FMB_ID%3D58694%26SE_ID%3D2%26AG_ID%3D635009%26AD_ID%3D1607093%26kw%3Dtree%2520nursery%26kw_type%3D%26C_ID%3D148747%26SE_AD_ID%3D29030453047&ei=_IekU_vzFauBfpx8&usg=AFQjCNFFzAX4QQqMScGexd93sY6jybbHcw" "Mozilla/5.0 (Linux; U; Android 4.1.2; en-us; SCH-I535 Build/JZO54K) AppleWebKit/534.30 (KHTML, like Gecko) Version/4.0 Mobile Safari/534.30"
12.111.223.151 - - [20/Jun/2014:15:13:30 -0400] "GET /Images/Home/centerImages.png HTTP/1.1" 200 133174 "http://www.islandgreenery.net/?adid-2E343B92-B097-442c-BFA5-BE371E0325A2=1607093&kw-2E343B92-B097-442c-BFA5-BE371E0325A2=tree+nursery" "Mozilla/5.0 (Linux; U; Android 4.1.2; en-us; SCH-I535 Build/JZO54K) AppleWebKit/534.30 (KHTML, like Gecko) Version/4.0 Mobile Safari/534.30"
12.111.223.151 - - [20/Jun/2014:15:48:26 -0400] "GET / HTTP/1.1" 200 4374 "http://us.wow.com/search?q=exterior+stairs&s_chn=80&s_pt=aolsem&v_t=aolsem&s_cs=154495568635401583&s_it=mid_relsearch" "Mozilla/5.0 (Windows NT 6.1; WOW64; Trident/7.0; rv:11.0; GTB7.5) like Gecko"
12.111.223.151 - - [20/Jun/2014:15:48:39 -0400] "GET /galleries/masonry/engine1/jquery.js HTTP/1.1" 200 78663 "http://www.islandgreenery.net/galleries/masonry/index.html" "Mozilla/5.0 (Windows NT 6.1; WOW64; Trident/7.0; rv:11.0) like Gecko"
66.11.134.5 - - [20/Jun/2014:16:10:04 -0400] "GET /Images/Home/centerImages.png HTTP/1.1" 200 133174 "http://www.islandgreenery.net/" "Mozilla/5.0 (compatible; MSIE 10.0; Windows NT 6.1; WOW64; Trident/6.0)"
12.111.223.151 - - [20/Jun/2014:17:28:54 -0400] "GET /Images/Navigation/bluewide.jpg HTTP/1.1" 200 16322 "http://www.islandgreenery.net/?adid-2E343B92-B097-442c-BFA5-BE371E0325A2=1607045&kw-2E343B92-B097-442c-BFA5-BE371E0325A2=perennials" "Mozilla/5.0 (Macintosh; Intel Mac OS X 10_9_2) AppleWebKit/537.74.9 (KHTML, like Gecko) Version/7.0.2 Safari/537.74.9"
12.111.223.151 - - [20/Jun/2014:17:28:54 -0400] "GET /Images/Home/propane.jpg HTTP/1.1" 200 29411 "http://www.islandgreenery.net/?adid-2E343B92-B097-442c-BFA5-BE371E0325A2=1607045&kw-2E343B92-B097-442c-BFA5-BE371E0325A2=perennials" "Mozilla/5.0 (Macintosh; Intel Mac OS X 10_9_2) AppleWebKit/537.74.9 (KHTML, like Gecko) Version/7.0.2 Safari/537.74.9"
12.111.223.151 - - [20/Jun/2014:17:39:45 -0400] "GET / HTTP/1.1" 200 4374 "http://www.google.com/uds/afs?q=pictures%20of%20landscaped%20yards&client=aj-dictionary-103&channel=11721%2Corig_semQuery%2Cud_desktop%2CTest_18&adtest=off&adsafe=medium&oe=utf-8&ie=utf-8&lo=false&adpage=1&adrep=4&po=false&r=m&fexp=21404%2C7000108%2C7000317&jsei=4&format=p4%7Cn5&ad=n5p4&nocache=6921403300411771&num=0&output=uds_ads_only&v=3&adlh=on&adext=as1%2Csr1&u_his=1&u_tz=-240&dt=1403300411772&u_w=1680&u_h=1050&biw=-1&bih=-1&psw=-1&psh=-1&frm=0&uio=uv3sr1lo0po0va1hCsl1cc0-lHst15sd13sv13sa13lt18ld16lv16da1-lhst15sd13sv13sa13lt18ld16lv16da1&rurl=http%3A%2F%2Fwww.ask.com%2Fweb%3Fam%3Dbroad%26q%3Dpictures%2Bof%2Blandscaped%2Byards%26an%3Dgoogle_s%26askid%3De8745a32-92ba-41ad-9539-0e9cff71ebe7-0-us_gsb%26kv%3Dsdb%26gc%3D0%26dqi%3DFront%2BYard%2BLandscaping%2BIdeas%26qsrc%3D999%26ad%3DsemD%26o%3D11721%26l%3Ddir%26af%3D&referer=http%3A%2F%2Fwww.google.com%2Fuds%2Fafs%3Fq%3DFront%2520Yard%2520Landscaping%2520Ideas%26client%3Dsynacor-verizonconsumer%26channel%3Drelatedsearches%26hl%3Den%26adsafe%3Dhigh%26lo%3Dtrue%26adpage%3D1%26adrep%3D3%26po%3Dtrue%26r%3Ds%26oe%3DUTF-8%26ie%3DUTF-8%26fexp%3D21404%252C7000107%252C7000317%26jsei%3D3%26format%3Dn5%26ad%3Dn0%26nocache%3D2811403300373314%26num%3D0%26output%3Duds_ads_only%26v%3D3%26adext%3Das1%252Cl1%252Csr1%26rurl%3Dhttp%253A%252F%252Fsearchresults.verizon.com%252Fsearch%252Findex.php%253Fcontext%253Drelatedsearches%2526q%253DFront%252520Yard%252520Landscaping%252520Ideas%26referer%3Dhttp%253A%252F%252Fsearchresults.verizon.com%252Fsearch%252Findex.php%253Fcontext%253Drelatedsearches%2526q%253DFree%252520Landscape%252520Design%252520Downloads%252520Online" "Mozilla/5.0 (Macintosh; Intel Mac OS X 10_5_8) AppleWebKit/534.50.2 (KHTML, like Gecko) Version/5.0.6 Safari/533.22.3"
198.228.200.153 - - [20/Jun/2014:17:48:44 -0400] "GET /galleries/landscape/data1/images/landscape3.jpg HTTP/1.1" 200 59208 "http://www.islandgreenery.net/galleries/landscape/index.html" "Mozilla/5.0 (iPhone; CPU iPhone OS 7_0_4 like Mac OS X) AppleWebKit/537.51.1 (KHTML, like Gecko) Version/7.0 Mobile/11B554a Safari/9537.53"
72.89.99.203 - - [20/Jun/2014:18:49:00 -0400] "GET /company.html HTTP/1.1" 200 6326 "http://www.islandgreenery.net/" "Mozilla/5.0 (iPhone; CPU iPhone OS 7_1 like Mac OS X) AppleWebKit/537.51.1 (KHTML, like Gecko) GSA/4.1.0.31802 Mobile/11D167 Safari/9537.53"
72.89.99.203 - - [20/Jun/2014:18:49:00 -0400] "GET /Images/Company/mainPic.jpg HTTP/1.1" 200 158233 "http://www.islandgreenery.net/company.html" "Mozilla/5.0 (iPhone; CPU iPhone OS 7_1 like Mac OS X) AppleWebKit/537.51.1 (KHTML, like Gecko) GSA/4.1.0.31802 Mobile/11D167 Safari/9537.53"
174.254.192.7 - - [20/Jun/2014:20:43:40 -0400] "GET /garden.html HTTP/1.1" 200 4730 "http://www.islandgreenery.net/company.html" "Mozilla/5.0 (iPhone; CPU iPhone OS 7_0_4 like Mac OS X) AppleWebKit/536.26 (KHTML, like Gecko) GSA/3.1.0.23513 Mobile/11B554a Safari/8536.25"
174.254.192.7 - - [20/Jun/2014:20:43:40 -0400] "GET /Images/Garden/rightPic.jpg HTTP/1.1" 200 79075 "http://www.islandgreenery.net/garden.html" "Mozilla/5.0 (iPhone; CPU iPhone OS 7_0_4 like Mac OS X) AppleWebKit/536.26 (KHTML, like Gecko) GSA/3.1.0.23513 Mobile/11B554a Safari/8536.25"
12.111.223.151 - - [20/Jun/2014:23:15:24 -0400] "GET /Images/Home/centerImages.png HTTP/1.1" 200 133174 "http://www.islandgreenery.net/?adid-2E343B92-B097-442c-BFA5-BE371E0325A2=1607093&kw-2E343B92-B097-442c-BFA5-BE371E0325A2=tree+nursery" "Mozilla/4.0 (compatible; MSIE 8.0; Windows NT 6.1)"
108.41.232.72 - - [20/Jun/2014:07:05:09 -0400] "GET / HTTP/1.1" 200 4374 "http://www.google.com/url?sa=t&rct=j&q=&esrc=s&source=web&cd=1&ved=0CB8QFjAA&url=http%3A%2F%2Fwww.islandgreenery.net%2F&ei=VhWkU8m2MYfy8QGstoHAAg&usg=AFQjCNEISiWO86uAjfJ8kOne3AognXhRBA&sig2=NBZXtfr_sSXnBMiaZYwY3g&bvm=bv.69411363,d.b2U" "Mozilla/5.0 (Windows NT 6.1; WOW64; Trident/7.0; rv:11.0) like Gecko"
108.41.232.72 - - [20/Jun/2014:07:05:09 -0400] "GET /CSS/main.css HTTP/1.1" 200 7040 "http://www.islandgreenery.net/" "Mozilla/5.0 (Windows NT 6.1; WOW64; Trident/7.0; rv:11.0) like Gecko"
108.41.232.72 - - [20/Jun/2014:07:05:09 -0400] "GET /Images/Home/mainPic.jpg HTTP/1.1" 200 209933 "http://www.islandgreenery.net/" "Mozilla/5.0 (Windows NT 6.1; WOW64; Trident/7.0; rv:11.0) like Gecko"
12.111.223.151 - - [20/Jun/2014:09:58:52 -0400] "GET /CSS/main.css HTTP/1.1" 200 7040 "http://www.islandgreenery.net/?adid-2E343B92-B097-442c-BFA5-BE371E0325A2=1628866&kw-2E343B92-B097-442c-BFA5-BE371E0325A2=fertilizer" "Mozilla/5.0 (Windows NT 6.1; Trident/7.0; rv:11.0) like Gecko"
12.111.223.151 - - [20/Jun/2014:10:41:27 -0400] "GET /Images/Home/propane.jpg HTTP/1.1" 200 29411 "http://www.islandgreenery.net/?adid-2E343B92-B097-442c-BFA5-BE371E0325A2=1607091&kw-2E343B92-B097-442c-BFA5-BE371E0325A2=flowering+trees" "Mozilla/5.0 (compatible; MSIE 8.0; Windows NT 5.1; Trident/4.0; .NET CLR 1.1.4322; .NET CLR 2.0.50727)"
208.255.153.10 - - [20/Jun/2014:11:21:52 -0400] "GET /Images/Home/mainPic.jpg HTTP/1.1" 200 209933 "http://www.islandgreenery.net/" "Mozilla/5.0 (Windows NT 6.1; WOW64) AppleWebKit/537.36 (KHTML, like Gecko) Chrome/35.0.1916.153 Safari/537.36"
208.255.153.10 - - [20/Jun/2014:11:21:53 -0400] "GET /favicon.ico HTTP/1.1" 404 575 "-" "Mozilla/5.0 (Windows NT 6.1; WOW64) AppleWebKit/537.36 (KHTML, like Gecko) Chrome/35.0.1916.153 Safari/537.36"
208.255.153.10 - - [20/Jun/2014:11:21:53 -0400] "GET /Images/Navigation/greenwide.jpg HTTP/1.1" 200 15999 "http://www.islandgreenery.net/" "Mozilla/5.0 (Windows NT 6.1; WOW64) AppleWebKit/537.36 (KHTML, like Gecko) Chrome/35.0.1916.153 Safari/537.36"
12.111.223.151 - - [20/Jun/2014:11:38:31 -0400] "GET /Images/Home/propane.jpg HTTP/1.1" 200 29411 "http://www.islandgreenery.net/?adid-2E343B92-B097-442c-BFA5-BE371E0325A2=1607093&kw-2E343B92-B097-442c-BFA5-BE371E0325A2=nursery" "Mozilla/5.0 (Windows NT 6.1; WOW64) AppleWebKit/537.36 (KHTML, like Gecko) Chrome/35.0.1916.153 Safari/537.36"
207.86.142.22 - - [20/Jun/2014:12:58:16 -0400] "GET /Images/Propane/propaneMain.jpg HTTP/1.1" 200 127651 "http://www.islandgreenery.net/propane.html" "Mozilla/5.0 (Windows NT 6.1; WOW64; rv:30.0) Gecko/20100101 Firefox/30.0"
207.86.142.22 - - [20/Jun/2014:12:58:17 -0400] "GET /Images/Propane/paracoHov.png HTTP/1.1" 200 43109 "http://www.islandgreenery.net/propane.html" "Mozilla/5.0 (Windows NT 6.1; WOW64; rv:30.0) Gecko/20100101 Firefox/30.0"
12.111.223.151 - - [20/Jun/2014:13:00:45 -0400] "GET /Images/Home/centerImages.png HTTP/1.1" 200 133174 "http://www.islandgreenery.net/?adid-2E343B92-B097-442c-BFA5-BE371E0325A2=1607093&kw-2E343B92-B097-442c-BFA5-BE371E0325A2=ornamental+grasses" "Mozilla/4.0 (compatible; MSIE 8.0; Windows NT 6.1; Trident/4.0; SLCC2; .NET CLR 2.0.50727; .NET CLR 3.5.30729; .NET CLR 3.0.30729; Media Center PC 6.0)"
12.111.223.151 - - [20/Jun/2014:00:37:37 -0400] "GET / HTTP/1.1" 200 4374 "http://www.google.co.in/url?sa=t&rct=j&q=&esrc=s&source=web&cd=1&ved=0CCwQFjAB&url=http%3A%2F%2Fclicktracking.yellowbook.com%2Ftrackingenginewebapp%2Ftracking.html%3FMB_ID%3D58694%26SE_ID%3D2%26AG_ID%3D635007%26AD_ID%3D1607091%26kw%3Devergreen%2520trees%26kw_type%3D%26C_ID%3D148747%26SE_AD_ID%3D29030452567&ei=c7qjU93hHZ3nxQKGHw&usg=AFQjCNGogTMBoYwoIuz-uFU1MYKiFcYS7Q" "Mozilla/4.0 (compatible; MSIE 8.0; Windows NT 6.1; Trident/4.0)"
12.111.223.151 - - [20/Jun/2014:00:44:52 -0400] "GET /Images/islandGreeneryLogo.png HTTP/1.1" 200 52254 "http://www.islandgreenery.net/?adid-2E343B92-B097-442c-BFA5-BE371E0325A2=1607091&kw-2E343B92-B097-442c-BFA5-BE371E0325A2=perennials" "Mozilla/4.0 (compatible; MSIE 8.0; Windows NT 5.1; Trident/4.0)"
12.111.223.151 - - [20/Jun/2014:01:40:01 -0400] "GET /Images/Navigation/ThinBlue.png HTTP/1.1" 200 7349 "http://www.islandgreenery.net/?adid-2E343B92-B097-442c-BFA5-BE371E0325A2=1607093&kw-2E343B92-B097-442c-BFA5-BE371E0325A2=shrub+nursery" "Mozilla/4.0 (compatible; MSIE 8.0; Windows NT 6.1; Trident/4.0)"
12.111.223.151 - - [20/Jun/2014:03:30:04 -0400] "GET /Images/Navigation/bluewide.jpg HTTP/1.1" 200 16322 "http://www.islandgreenery.net/?adid-2E343B92-B097-442c-BFA5-BE371E0325A2=1607091&kw-2E343B92-B097-442c-BFA5-BE371E0325A2=mulch+installation" "Mozilla/4.0 (compatible; MSIE 8.0; Windows NT 6.1; Trident/4.0)"
12.111.223.151 - - [20/Jun/2014:06:00:29 -0400] "GET / HTTP/1.1" 200 4374 "http://www.google.com/aclk?sa=L&ai=Cfw_oLgakU9SKEYzMpgPz5oKwCb_cz9kE59yHuGyTkMyCDAgAEAMoA1DipNSZ_P____8BYMm-pYvApNgPyAEBqgQlT9B4Z02YELJ6xfldRQ7SRfUTbnovq5DHFYmg3YRtytwfov40aYAH56eMKpAHAQ&sig=AOD64_0c6NV0-BcrpILqpZzIy0dI4ZbZrQ&rct=j&q=&ved=0CDkQ0Qw&adurl=http://clicktracking.yellowbook.com/trackingenginewebapp/tracking.html%3FMB_ID%3D58694%26SE_ID%3D2%26AG_ID%3D635009%26AD_ID%3D1607092%26kw%3Dbulk%2520mulch%2520delivery%26kw_type%3Db%26C_ID%3D148747%26SE_AD_ID%3D29030452927" "Mozilla/5.0 (Windows NT 6.1; WOW64) AppleWebKit/537.36 (KHTML, like Gecko) Chrome/35.0.1916.153 Safari/537.36"
12.111.223.151 - - [20/Jun/2014:15:00:19 -0400] "GET /Images/Garden/rightPic.jpg HTTP/1.1" 200 79075 "http://www.islandgreenery.net/garden.html?adid-2E343B92-B097-442c-BFA5-BE371E0325A2=&kw-2E343B92-B097-442c-BFA5-BE371E0325A2=hedge+nursery" "Mozilla/5.0 (Macintosh; Intel Mac OS X 10_9_3) AppleWebKit/537.76.4 (KHTML, like Gecko) Version/7.0.4 Safari/537.76.4"
12.111.223.151 - - [20/Jun/2014:15:04:07 -0400] "GET /galleries/landscape/engine1/wowslider.js HTTP/1.1" 200 8598 "http://www.islandgreenery.net/galleries/landscape/index.html" "Mozilla/5.0 (Macintosh; Intel Mac OS X 10_9_3) AppleWebKit/537.76.4 (KHTML, like Gecko) Version/7.0.4 Safari/537.76.4"
157.55.39.227 - - [20/Jun/2014:15:39:07 -0400] "GET /portfolio.html HTTP/1.1" 404 575 "-" "Mozilla/5.0 (compatible; bingbot/2.0; +http://www.bing.com/bingbot.htm)"
12.111.223.151 - - [20/Jun/2014:15:49:11 -0400] "GET /galleries/masonry/engine1/style.css HTTP/1.1" 200 4067 "http://www.islandgreenery.net/galleries/masonry/index.html" "Mozilla/5.0 (Windows NT 6.1; WOW64; Trident/7.0; rv:11.0) like Gecko"
12.111.223.151 - - [20/Jun/2014:15:49:11 -0400] "GET /galleries/masonry/data1/images/masonry3.jpg HTTP/1.1" 200 47795 "http://www.islandgreenery.net/galleries/masonry/index.html" "Mozilla/5.0 (Windows NT 6.1; WOW64; Trident/7.0; rv:11.0) like Gecko"
12.111.223.151 - - [20/Jun/2014:15:49:11 -0400] "GET /galleries/masonry/engine1/script.js HTTP/1.1" 200 1611 "http://www.islandgreenery.net/galleries/masonry/index.html" "Mozilla/5.0 (Windows NT 6.1; WOW64; Trident/7.0; rv:11.0) like Gecko"
12.111.223.151 - - [20/Jun/2014:15:49:12 -0400] "GET /galleries/masonry/engine1/bg.png HTTP/1.1" 200 1416 "http://www.islandgreenery.net/galleries/masonry/index.html" "Mozilla/5.0 (Windows NT 6.1; WOW64; Trident/7.0; rv:11.0) like Gecko"
12.111.223.151 - - [20/Jun/2014:16:33:30 -0400] "GET /Images/islandGreeneryLogo.png HTTP/1.1" 200 52254 "http://www.islandgreenery.net/?adid-2E343B92-B097-442c-BFA5-BE371E0325A2=1607093&kw-2E343B92-B097-442c-BFA5-BE371E0325A2=nursery" "Mozilla/4.0 (compatible; MSIE 7.0; AOL 9.7; AOLBuild 4343.1028; Windows NT 6.1; WOW64; Trident/5.0; SLCC2; .NET CLR 2.0.50727; .NET CLR 3.5.30729; .NET CLR 3.0.30729; Media Center PC 6.0; .NET4.0C; .NET4.0E; BRI/2)"
12.111.223.151 - - [20/Jun/2014:17:29:05 -0400] "GET / HTTP/1.1" 200 4374 "http://search.aol.com/aol/search?s_it=webmail-searchbox&q=perrienals%20shrubs%20that%20grow%20up%20to%204%20ft" "Mozilla/5.0 (Macintosh; Intel Mac OS X 10_9_2) AppleWebKit/537.74.9 (KHTML, like Gecko) Version/7.0.2 Safari/537.74.9"
12.111.223.151 - - [20/Jun/2014:17:29:26 -0400] "GET /CSS/text.css HTTP/1.1" 200 731 "http://www.islandgreenery.net/?adid-2E343B92-B097-442c-BFA5-BE371E0325A2=1607045&kw-2E343B92-B097-442c-BFA5-BE371E0325A2=perennials" "Mozilla/5.0 (Macintosh; Intel Mac OS X 10_9_2) AppleWebKit/537.74.9 (KHTML, like Gecko) Version/7.0.2 Safari/537.74.9"
12.111.223.151 - - [20/Jun/2014:17:29:26 -0400] "GET /Images/Navigation/ThinBlue.png HTTP/1.1" 200 7349 "http://www.islandgreenery.net/?adid-2E343B92-B097-442c-BFA5-BE371E0325A2=1607045&kw-2E343B92-B097-442c-BFA5-BE371E0325A2=perennials" "Mozilla/5.0 (Macintosh; Intel Mac OS X 10_9_2) AppleWebKit/537.74.9 (KHTML, like Gecko) Version/7.0.2 Safari/537.74.9"
12.111.223.151 - - [20/Jun/2014:17:30:08 -0400] "GET /Images/Garden/rightPic.jpg HTTP/1.1" 200 79075 "http://www.islandgreenery.net/garden.html" "Mozilla/5.0 (Macintosh; Intel Mac OS X 10_9_2) AppleWebKit/537.74.9 (KHTML, like Gecko) Version/7.0.2 Safari/537.74.9"
66.249.65.54 - - [20/Jun/2014:17:41:17 -0400] "GET / HTTP/1.1" 304 - "-" "Mozilla/5.0 (compatible; Googlebot/2.1; +http://www.google.com/bot.html)"
198.228.201.163 - - [20/Jun/2014:18:04:43 -0400] "GET /Images/Garden/rightPic.jpg HTTP/1.1" 200 79075 "http://www.islandgreenery.net/garden.html" "Mozilla/5.0 (iPhone; CPU iPhone OS 6_1_3 like Mac OS X) AppleWebKit/536.26 (KHTML, like Gecko) GSA/3.2.0.25255 Mobile/10B329 Safari/8536.25"
72.89.99.203 - - [20/Jun/2014:18:50:42 -0400] "GET /Images/Navigation/ThinGreen.png HTTP/1.1" 206 1 "http://www.islandgreenery.net/propane.html" "Mozilla/5.0 (iPhone; CPU iPhone OS 7_1 like Mac OS X) AppleWebKit/537.51.1 (KHTML, like Gecko) GSA/4.1.0.31802 Mobile/11D167 Safari/9537.53"
72.89.99.203 - - [20/Jun/2014:18:50:42 -0400] "GET /Images/Navigation/ThinGreen.png HTTP/1.1" 206 3576 "http://www.islandgreenery.net/propane.html" "Mozilla/5.0 (iPhone; CPU iPhone OS 7_1 like Mac OS X) AppleWebKit/537.51.1 (KHTML, like Gecko) GSA/4.1.0.31802 Mobile/11D167 Safari/9537.53"
68.193.125.51 - - [20/Jun/2014:19:17:35 -0400] "GET / HTTP/1.1" 200 4374 "https://www.google.com/" "Mozilla/5.0 (Windows NT 6.1; WOW64) AppleWebKit/537.36 (KHTML, like Gecko) Chrome/35.0.1916.153 Safari/537.36"
68.193.125.51 - - [20/Jun/2014:19:17:35 -0400] "GET /CSS/text.css HTTP/1.1" 200 731 "http://www.islandgreenery.net/" "Mozilla/5.0 (Windows NT 6.1; WOW64) AppleWebKit/537.36 (KHTML, like Gecko) Chrome/35.0.1916.153 Safari/537.36"
68.193.125.51 - - [20/Jun/2014:19:17:35 -0400] "GET /Images/Home/propane.jpg HTTP/1.1" 200 29411 "http://www.islandgreenery.net/" "Mozilla/5.0 (Windows NT 6.1; WOW64) AppleWebKit/537.36 (KHTML, like Gecko) Chrome/35.0.1916.153 Safari/537.36"
68.193.125.51 - - [20/Jun/2014:19:17:36 -0400] "GET /Images/islandGreeneryLogo.png HTTP/1.1" 200 52254 "http://www.islandgreenery.net/" "Mozilla/5.0 (Windows NT 6.1; WOW64) AppleWebKit/537.36 (KHTML, like Gecko) Chrome/35.0.1916.153 Safari/537.36"
12.111.223.151 - - [20/Jun/2014:22:49:15 -0400] "GET /CSS/main.css HTTP/1.1" 200 7040 "http://www.islandgreenery.net/?adid-2E343B92-B097-442c-BFA5-BE371E0325A2=1607093&kw-2E343B92-B097-442c-BFA5-BE371E0325A2=tree+nursery" "Mozilla/5.0 (iPad; CPU OS 7_1_1 like Mac OS X) AppleWebKit/537.51.2 (KHTML, like Gecko) Version/7.0 Mobile/11D201 Safari/9537.53"
12.111.223.151 - - [20/Jun/2014:23:15:56 -0400] "GET /Images/Home/mainPic.jpg HTTP/1.1" 200 209933 "http://www.islandgreenery.net/?adid-2E343B92-B097-442c-BFA5-BE371E0325A2=1607093&kw-2E343B92-B097-442c-BFA5-BE371E0325A2=tree+nursery" "Mozilla/4.0 (compatible; MSIE 8.0; Windows NT 6.1)"
182.64.169.191 - - [20/Jun/2014:08:18:17 -0400] "GET /CSS/text.css HTTP/1.1" 200 731 "http://www.islandgreenery.net/contact.php" "Mozilla/5.0 (Windows; U; Windows NT 5.1; en-US; rv:1.9.2.19) Gecko/20110707 Firefox/3.6.19 GTB7.1 (.NET CLR 3.5.30729)"
182.64.169.191 - - [20/Jun/2014:08:18:17 -0400] "GET /Images/Contact/operator.png HTTP/1.1" 200 35065 "http://www.islandgreenery.net/contact.php" "Mozilla/5.0 (Windows; U; Windows NT 5.1; en-US; rv:1.9.2.19) Gecko/20110707 Firefox/3.6.19 GTB7.1 (.NET CLR 3.5.30729)"
12.111.223.151 - - [20/Jun/2014:09:47:16 -0400] "GET /Images/islandGreeneryLogo.png HTTP/1.1" 200 52254 "http://www.islandgreenery.net/?adid-2E343B92-B097-442c-BFA5-BE371E0325A2=1628866&kw-2E343B92-B097-442c-BFA5-BE371E0325A2=gift+shop" "Mozilla/5.0 (Macintosh; Intel Mac OS X 10_6_8) AppleWebKit/534.59.10 (KHTML, like Gecko) Version/5.1.9 Safari/534.59.10"
12.111.223.151 - - [20/Jun/2014:09:49:22 -0400] "GET /Images/Home/centerImages.png HTTP/1.1" 200 133174 "http://www.islandgreenery.net/?adid-2E343B92-B097-442c-BFA5-BE371E0325A2=1607093&kw-2E343B92-B097-442c-BFA5-BE371E0325A2=tree+nursery" "Mozilla/5.0 (Macintosh; Intel Mac OS X 10_9_3) AppleWebKit/537.36 (KHTML, like Gecko) Chrome/35.0.1916.153 Safari/537.36"
12.111.223.151 - - [20/Jun/2014:09:49:23 -0400] "GET /favicon.ico HTTP/1.1" 404 575 "-" "Mozilla/5.0 (Macintosh; Intel Mac OS X 10_9_3) AppleWebKit/537.36 (KHTML, like Gecko) Chrome/35.0.1916.153 Safari/537.36"
208.255.153.10 - - [20/Jun/2014:11:21:32 -0400] "GET /Images/lineThin.png HTTP/1.1" 200 2938 "http://www.islandgreenery.net/" "Mozilla/5.0 (Windows NT 6.1; WOW64) AppleWebKit/537.36 (KHTML, like Gecko) Chrome/35.0.1916.153 Safari/537.36"
