0byt3m1n1
Path:
/
data
/
0
/
0
/
79
/
78
/
79567
/
meta
/
80877
/
logs
/
[
Home
]
File: x-access_log.2014-06-20
12.111.223.151 - - [20/Jun/2014:07:12:07 -0400] "GET /Images/Home/propane.jpg HTTP/1.1" 200 29411 "http://www.islandgreenery.net/?adid-2E343B92-B097-442c-BFA5-BE371E0325A2=1607091&kw-2E343B92-B097-442c-BFA5-BE371E0325A2=evergreen+shrubs" "Mozilla/5.0 (Linux; U; Android 4.0.4; en-us; SPH-D710 Build/IMM76I) AppleWebKit/534.30 (KHTML, like Gecko) Version/4.0 Mobile Safari/534.30"
12.111.223.151 - - [20/Jun/2014:09:47:39 -0400] "GET /Images/Navigation/ThinBlue.png HTTP/1.1" 200 7349 "http://www.islandgreenery.net/?adid-2E343B92-B097-442c-BFA5-BE371E0325A2=1628866&kw-2E343B92-B097-442c-BFA5-BE371E0325A2=gift+shop" "Mozilla/5.0 (Macintosh; Intel Mac OS X 10_6_8) AppleWebKit/534.59.10 (KHTML, like Gecko) Version/5.1.9 Safari/534.59.10"
12.111.223.151 - - [20/Jun/2014:09:49:44 -0400] "GET /CSS/text.css HTTP/1.1" 200 731 "http://www.islandgreenery.net/?adid-2E343B92-B097-442c-BFA5-BE371E0325A2=1607093&kw-2E343B92-B097-442c-BFA5-BE371E0325A2=tree+nursery" "Mozilla/5.0 (Macintosh; Intel Mac OS X 10_9_3) AppleWebKit/537.36 (KHTML, like Gecko) Chrome/35.0.1916.153 Safari/537.36"
12.111.223.151 - - [20/Jun/2014:09:58:54 -0400] "GET /Images/islandGreeneryLogo.png HTTP/1.1" 200 52254 "http://www.islandgreenery.net/?adid-2E343B92-B097-442c-BFA5-BE371E0325A2=1628866&kw-2E343B92-B097-442c-BFA5-BE371E0325A2=fertilizer" "Mozilla/5.0 (Windows NT 6.1; Trident/7.0; rv:11.0) like Gecko"
24.188.198.219 - - [20/Jun/2014:09:59:49 -0400] "GET /Images/Propane/propaneMain.jpg HTTP/1.1" 200 127651 "http://www.islandgreenery.net/propane.html" "Mozilla/5.0 (Windows NT 6.2; WOW64) AppleWebKit/537.36 (KHTML, like Gecko) Chrome/35.0.1916.153 Safari/537.36"
66.249.65.41 - - [20/Jun/2014:11:12:58 -0400] "GET /robots.txt HTTP/1.1" 404 575 "-" "Mozilla/5.0 (compatible; Googlebot/2.1; +http://www.google.com/bot.html)"
12.111.223.151 - - [20/Jun/2014:11:38:34 -0400] "GET /Images/Home/centerImages.png HTTP/1.1" 206 1 "http://www.islandgreenery.net/?adid-2E343B92-B097-442c-BFA5-BE371E0325A2=1607093&kw-2E343B92-B097-442c-BFA5-BE371E0325A2=nursery" "Mozilla/5.0 (Windows NT 6.1; WOW64) AppleWebKit/537.36 (KHTML, like Gecko) Chrome/35.0.1916.153 Safari/537.36"
12.111.223.151 - - [20/Jun/2014:11:54:42 -0400] "GET /Images/islandGreeneryLogo.png HTTP/1.1" 200 52254 "http://www.islandgreenery.net/?adid-2E343B92-B097-442c-BFA5-BE371E0325A2=1607045&kw-2E343B92-B097-442c-BFA5-BE371E0325A2=leyland+cypress" "Mozilla/5.0 (Linux; U; Android 4.3; en-us; SCH-I535 Build/JSS15J) AppleWebKit/534.30 (KHTML, like Gecko) Version/4.0 Mobile Safari/534.30"
75.127.138.21 - - [20/Jun/2014:11:55:47 -0400] "GET /CSS/main.css HTTP/1.1" 200 7040 "http://www.islandgreenery.net/" "Mozilla/5.0 (Windows NT 6.1; WOW64) AppleWebKit/537.36 (KHTML, like Gecko) Chrome/35.0.1916.153 Safari/537.36"
75.127.138.21 - - [20/Jun/2014:11:55:47 -0400] "GET /Images/lineThick.png HTTP/1.1" 200 12232 "http://www.islandgreenery.net/" "Mozilla/5.0 (Windows NT 6.1; WOW64) AppleWebKit/537.36 (KHTML, like Gecko) Chrome/35.0.1916.153 Safari/537.36"
75.127.138.21 - - [20/Jun/2014:11:55:47 -0400] "GET /Images/Navigation/bluewide.jpg HTTP/1.1" 200 16322 "http://www.islandgreenery.net/" "Mozilla/5.0 (Windows NT 6.1; WOW64) AppleWebKit/537.36 (KHTML, like Gecko) Chrome/35.0.1916.153 Safari/537.36"
75.127.138.21 - - [20/Jun/2014:11:55:47 -0400] "GET /Images/Navigation/ThinBlue.png HTTP/1.1" 200 7349 "http://www.islandgreenery.net/" "Mozilla/5.0 (Windows NT 6.1; WOW64) AppleWebKit/537.36 (KHTML, like Gecko) Chrome/35.0.1916.153 Safari/537.36"
12.111.223.151 - - [20/Jun/2014:00:17:50 -0400] "GET / HTTP/1.1" 200 4374 "http://us.wow.com/search?s_pt=aolsem&s_it=aolsem&s_chn=9&q=list%20perennials%20plants" "Mozilla/5.0 (Windows NT 6.1; WOW64; rv:30.0) Gecko/20100101 Firefox/30.0"
12.111.223.151 - - [20/Jun/2014:00:37:41 -0400] "GET /Images/Home/centerImages.png HTTP/1.1" 200 133174 "http://www.islandgreenery.net/?adid-2E343B92-B097-442c-BFA5-BE371E0325A2=1607091&kw-2E343B92-B097-442c-BFA5-BE371E0325A2=evergreen+trees" "Mozilla/4.0 (compatible; MSIE 8.0; Windows NT 6.1; Trident/4.0)"
12.111.223.151 - - [20/Jun/2014:03:30:04 -0400] "GET /CSS/main.css HTTP/1.1" 200 7040 "http://www.islandgreenery.net/?adid-2E343B92-B097-442c-BFA5-BE371E0325A2=1607091&kw-2E343B92-B097-442c-BFA5-BE371E0325A2=mulch+installation" "Mozilla/4.0 (compatible; MSIE 8.0; Windows NT 6.1; Trident/4.0)"
12.111.223.151 - - [20/Jun/2014:04:30:31 -0400] "GET / HTTP/1.1" 200 4374 "-" "AdsBot-Google-Mobile (+http://www.google.com/mobile/adsbot.html) Mozilla (iPhone; U; CPU iPhone OS 3 0 like Mac OS X) AppleWebKit (KHTML, like Gecko) Mobile Safari"
180.76.6.154 - - [20/Jun/2014:04:42:59 -0400] "GET / HTTP/1.1" 200 4374 "-" "Mozilla/5.0 (compatible; Baiduspider/2.0; +http://www.baidu.com/search/spider.html)"
12.111.223.151 - - [20/Jun/2014:06:00:32 -0400] "GET /favicon.ico HTTP/1.1" 404 575 "-" "Mozilla/5.0 (Windows NT 6.1; WOW64) AppleWebKit/537.36 (KHTML, like Gecko) Chrome/35.0.1916.153 Safari/537.36"
12.111.223.151 - - [20/Jun/2014:06:30:50 -0400] "GET / HTTP/1.1" 200 4374 "-" "Mozilla/4.0 (compatible; MSIE 7.0; Windows NT 5.1; .NET CLR 1.1.4322; .NET CLR 2.0.50727)"
47.23.4.91 - - [20/Jun/2014:06:38:20 -0400] "GET /Images/Home/seasonSpecials.png HTTP/1.1" 200 35145 "http://www.islandgreenery.net/" "Mozilla/5.0 (Windows NT 6.1; WOW64) AppleWebKit/537.36 (KHTML, like Gecko) Chrome/35.0.1916.153 Safari/537.36"
96.239.108.47 - - [20/Jun/2014:13:35:39 -0400] "GET /galleries/landscape/data1/images/landscape3.jpg HTTP/1.1" 200 59208 "http://www.islandgreenery.net/galleries/landscape/index.html" "Mozilla/5.0 (Windows NT 6.1; WOW64; Trident/7.0; rv:11.0) like Gecko"
96.239.108.47 - - [20/Jun/2014:13:35:40 -0400] "GET /galleries/landscape/data1/images/landscape8.jpg HTTP/1.1" 200 63230 "http://www.islandgreenery.net/galleries/landscape/index.html" "Mozilla/5.0 (Windows NT 6.1; WOW64; Trident/7.0; rv:11.0) like Gecko"
96.239.108.47 - - [20/Jun/2014:13:35:41 -0400] "GET /galleries/landscape/engine1/arrows.png HTTP/1.1" 200 1914 "http://www.islandgreenery.net/galleries/landscape/index.html" "Mozilla/5.0 (Windows NT 6.1; WOW64; Trident/7.0; rv:11.0) like Gecko"
96.239.108.47 - - [20/Jun/2014:13:36:28 -0400] "GET /galleries/masonry/data1/images/masonry12.jpg HTTP/1.1" 200 43392 "http://www.islandgreenery.net/galleries/masonry/index.html" "Mozilla/5.0 (Windows NT 6.1; WOW64; Trident/7.0; rv:11.0) like Gecko"
72.89.96.250 - - [20/Jun/2014:16:55:47 -0400] "GET /Images/Navigation/bluewide.jpg HTTP/1.1" 200 16322 "http://www.islandgreenery.net/" "Mozilla/5.0 (iPhone; CPU iPhone OS 7_0_4 like Mac OS X) AppleWebKit/537.51.1 (KHTML, like Gecko) Version/7.0 Mobile/11B554a Safari/9537.53"
72.89.96.250 - - [20/Jun/2014:16:55:48 -0400] "GET /Images/Home/propane.jpg HTTP/1.1" 200 29411 "http://www.islandgreenery.net/" "Mozilla/5.0 (iPhone; CPU iPhone OS 7_0_4 like Mac OS X) AppleWebKit/537.51.1 (KHTML, like Gecko) Version/7.0 Mobile/11B554a Safari/9537.53"
12.111.223.151 - - [20/Jun/2014:17:40:28 -0400] "GET /galleries/landscape/index.html HTTP/1.1" 200 2481 "http://www.islandgreenery.net/landscape.html" "Mozilla/5.0 (Macintosh; Intel Mac OS X 10_5_8) AppleWebKit/534.50.2 (KHTML, like Gecko) Version/5.0.6 Safari/533.22.3"
12.111.223.151 - - [20/Jun/2014:17:40:30 -0400] "GET /galleries/landscape/engine1/bg.png HTTP/1.1" 200 1416 "http://www.islandgreenery.net/galleries/landscape/index.html" "Mozilla/5.0 (Macintosh; Intel Mac OS X 10_5_8) AppleWebKit/534.50.2 (KHTML, like Gecko) Version/5.0.6 Safari/533.22.3"
72.89.99.203 - - [20/Jun/2014:18:53:02 -0400] "GET /garden.html HTTP/1.1" 200 4730 "http://www.islandgreenery.net/index.html" "Mozilla/5.0 (iPhone; CPU iPhone OS 7_1 like Mac OS X) AppleWebKit/537.51.1 (KHTML, like Gecko) GSA/4.1.0.31802 Mobile/11D167 Safari/9537.53"
72.89.99.203 - - [20/Jun/2014:18:53:02 -0400] "GET /Images/Garden/rightPic.jpg HTTP/1.1" 200 79075 "http://www.islandgreenery.net/garden.html" "Mozilla/5.0 (iPhone; CPU iPhone OS 7_1 like Mac OS X) AppleWebKit/537.51.1 (KHTML, like Gecko) GSA/4.1.0.31802 Mobile/11D167 Safari/9537.53"
174.254.192.7 - - [20/Jun/2014:20:45:02 -0400] "GET /IslandGreeneryPropaneCoupon.jpg HTTP/1.1" 200 60374 "http://www.islandgreenery.net/propane.html" "Mozilla/5.0 (iPhone; CPU iPhone OS 7_0_4 like Mac OS X) AppleWebKit/536.26 (KHTML, like Gecko) GSA/3.1.0.23513 Mobile/11B554a Safari/8536.25"
174.236.65.221 - - [20/Jun/2014:20:50:26 -0400] "GET /Images/lineThin.png HTTP/1.1" 200 2938 "http://www.islandgreenery.net/" "Mozilla/5.0 (iPhone; CPU iPhone OS 7_1_1 like Mac OS X) AppleWebKit/537.51.1 (KHTML, like Gecko) GSA/4.1.0.31802 Mobile/11D201 Safari/9537.53"
174.236.65.221 - - [20/Jun/2014:20:50:26 -0400] "GET /Images/Home/propane.jpg HTTP/1.1" 200 29411 "http://www.islandgreenery.net/" "Mozilla/5.0 (iPhone; CPU iPhone OS 7_1_1 like Mac OS X) AppleWebKit/537.51.1 (KHTML, like Gecko) GSA/4.1.0.31802 Mobile/11D201 Safari/9537.53"
174.236.65.221 - - [20/Jun/2014:20:50:42 -0400] "GET /Images/Contact/facebook.png HTTP/1.1" 200 6350 "http://www.islandgreenery.net/contact.php" "Mozilla/5.0 (iPhone; CPU iPhone OS 7_1_1 like Mac OS X) AppleWebKit/537.51.1 (KHTML, like Gecko) GSA/4.1.0.31802 Mobile/11D201 Safari/9537.53"
174.236.65.221 - - [20/Jun/2014:20:50:42 -0400] "GET /Images/Contact/submit.jpg HTTP/1.1" 200 13525 "http://www.islandgreenery.net/contact.php" "Mozilla/5.0 (iPhone; CPU iPhone OS 7_1_1 like Mac OS X) AppleWebKit/537.51.1 (KHTML, like Gecko) GSA/4.1.0.31802 Mobile/11D201 Safari/9537.53"
174.236.65.221 - - [20/Jun/2014:20:50:42 -0400] "GET /Images/Contact/facebookHov.png HTTP/1.1" 200 6360 "http://www.islandgreenery.net/contact.php" "Mozilla/5.0 (iPhone; CPU iPhone OS 7_1_1 like Mac OS X) AppleWebKit/537.51.1 (KHTML, like Gecko) GSA/4.1.0.31802 Mobile/11D201 Safari/9537.53"
12.111.223.151 - - [20/Jun/2014:21:35:47 -0400] "GET / HTTP/1.1" 200 4374 "-" "Mozilla/4.0 (compatible; MSIE 7.0; Windows NT 5.1; .NET CLR 1.1.4322; .NET CLR 2.0.50727)"
108.41.232.72 - - [20/Jun/2014:07:05:11 -0400] "GET /Images/Home/propane.jpg HTTP/1.1" 200 29411 "http://www.islandgreenery.net/" "Mozilla/5.0 (Windows NT 6.1; WOW64; Trident/7.0; rv:11.0) like Gecko"
12.111.223.151 - - [20/Jun/2014:09:47:39 -0400] "GET /Images/lineThin.png HTTP/1.1" 200 2938 "http://www.islandgreenery.net/?adid-2E343B92-B097-442c-BFA5-BE371E0325A2=1628866&kw-2E343B92-B097-442c-BFA5-BE371E0325A2=gift+shop" "Mozilla/5.0 (Macintosh; Intel Mac OS X 10_6_8) AppleWebKit/534.59.10 (KHTML, like Gecko) Version/5.1.9 Safari/534.59.10"
12.111.223.151 - - [20/Jun/2014:09:49:44 -0400] "GET /Images/Navigation/ThinBlue.png HTTP/1.1" 200 7349 "http://www.islandgreenery.net/?adid-2E343B92-B097-442c-BFA5-BE371E0325A2=1607093&kw-2E343B92-B097-442c-BFA5-BE371E0325A2=tree+nursery" "Mozilla/5.0 (Macintosh; Intel Mac OS X 10_9_3) AppleWebKit/537.36 (KHTML, like Gecko) Chrome/35.0.1916.153 Safari/537.36"
12.111.223.151 - - [20/Jun/2014:10:41:28 -0400] "GET /Images/Home/mainPic.jpg HTTP/1.1" 200 209933 "http://www.islandgreenery.net/?adid-2E343B92-B097-442c-BFA5-BE371E0325A2=1607091&kw-2E343B92-B097-442c-BFA5-BE371E0325A2=flowering+trees" "Mozilla/5.0 (compatible; MSIE 8.0; Windows NT 5.1; Trident/4.0; .NET CLR 1.1.4322; .NET CLR 2.0.50727)"
65.254.5.67 - - [20/Jun/2014:10:52:02 -0400] "GET /Images/Garden/rightPic.jpg HTTP/1.1" 200 79075 "http://www.islandgreenery.net/garden.html" "Mozilla/5.0 (Windows NT 6.1; Trident/7.0; rv:11.0) like Gecko"
66.249.65.41 - - [20/Jun/2014:11:16:02 -0400] "GET /CSS/form.css HTTP/1.1" 200 1110 "-" "Mozilla/5.0 (compatible; Googlebot/2.1; +http://www.google.com/bot.html)"
12.111.223.151 - - [20/Jun/2014:11:30:06 -0400] "GET /favicon.ico HTTP/1.1" 404 575 "-" "Mozilla/4.0 (compatible; MSIE 8.0; Windows NT 5.1; Trident/4.0; .NET CLR 1.1.4322; .NET CLR 2.0.50727; .NET CLR 3.0.4506.2152; .NET CLR 3.5.30729; .NET4.0C)"
75.127.138.21 - - [20/Jun/2014:11:55:47 -0400] "GET /Images/Home/seasonSpecials.png HTTP/1.1" 200 35145 "http://www.islandgreenery.net/" "Mozilla/5.0 (Windows NT 6.1; WOW64) AppleWebKit/537.36 (KHTML, like Gecko) Chrome/35.0.1916.153 Safari/537.36"
12.111.223.151 - - [20/Jun/2014:00:17:50 -0400] "GET /CSS/main.css HTTP/1.1" 200 7040 "http://www.islandgreenery.net/?adid-2E343B92-B097-442c-BFA5-BE371E0325A2=1607093&kw-2E343B92-B097-442c-BFA5-BE371E0325A2=plant+nursery" "Mozilla/5.0 (Windows NT 6.1; WOW64; rv:30.0) Gecko/20100101 Firefox/30.0"
12.111.223.151 - - [20/Jun/2014:00:17:50 -0400] "GET /Images/Home/mainPic.jpg HTTP/1.1" 200 209933 "http://www.islandgreenery.net/CSS/main.css" "Mozilla/5.0 (Windows NT 6.1; WOW64; rv:30.0) Gecko/20100101 Firefox/30.0"
12.111.223.151 - - [20/Jun/2014:01:40:03 -0400] "GET /Images/islandGreeneryLogo.png HTTP/1.1" 200 52254 "http://www.islandgreenery.net/?adid-2E343B92-B097-442c-BFA5-BE371E0325A2=1607093&kw-2E343B92-B097-442c-BFA5-BE371E0325A2=shrub+nursery" "Mozilla/4.0 (compatible; MSIE 8.0; Windows NT 6.1; Trident/4.0)"
12.111.223.151 - - [20/Jun/2014:03:58:33 -0400] "GET /Images/Home/mainPic.jpg HTTP/1.1" 200 209933 "http://www.islandgreenery.net/?adid-2E343B92-B097-442c-BFA5-BE371E0325A2=1607093&kw-2E343B92-B097-442c-BFA5-BE371E0325A2=vegetable+plants" "Mozilla/5.0 (Linux; U; Android 4.3; en-us; SPH-L710 Build/JSS15J) AppleWebKit/534.30 (KHTML, like Gecko) Version/4.0 Mobile Safari/534.30"
12.111.223.151 - - [20/Jun/2014:03:59:34 -0400] "GET /Images/islandGreeneryLogo.png HTTP/1.1" 200 52254 "http://www.islandgreenery.net/?adid-2E343B92-B097-442c-BFA5-BE371E0325A2=1607091&kw-2E343B92-B097-442c-BFA5-BE371E0325A2=sod+installation" "Mozilla/5.0 (Macintosh; Intel Mac OS X 10_6_8) AppleWebKit/534.59.8 (KHTML, like Gecko) Version/5.1.9 Safari/534.59.8"
12.111.223.151 - - [20/Jun/2014:03:59:34 -0400] "GET /Images/Home/seasonSpecials.png HTTP/1.1" 200 35145 "http://www.islandgreenery.net/?adid-2E343B92-B097-442c-BFA5-BE371E0325A2=1607091&kw-2E343B92-B097-442c-BFA5-BE371E0325A2=sod+installation" "Mozilla/5.0 (Macintosh; Intel Mac OS X 10_6_8) AppleWebKit/534.59.8 (KHTML, like Gecko) Version/5.1.9 Safari/534.59.8"
12.111.223.151 - - [20/Jun/2014:06:46:03 -0400] "GET / HTTP/1.1" 200 4374 "-" "Mozilla/4.0 (compatible; MSIE 7.0; Windows NT 5.1; .NET CLR 1.1.4322; .NET CLR 2.0.50727)"
12.111.223.151 - - [20/Jun/2014:15:25:18 -0400] "GET /favicon.ico HTTP/1.1" 404 575 "-" "Mozilla/5.0 (Windows NT 6.3; Win64; x64; Trident/7.0; rv:11.0) like Gecko"
12.111.223.151 - - [20/Jun/2014:15:49:13 -0400] "GET /galleries/masonry/data1/images/masonry9.jpg HTTP/1.1" 200 42619 "http://www.islandgreenery.net/galleries/masonry/index.html" "Mozilla/5.0 (Windows NT 6.1; WOW64; Trident/7.0; rv:11.0) like Gecko"
12.111.223.151 - - [20/Jun/2014:16:33:33 -0400] "GET /Images/Home/seasonSpecials.png HTTP/1.1" 200 35145 "http://www.islandgreenery.net/?adid-2E343B92-B097-442c-BFA5-BE371E0325A2=1607093&kw-2E343B92-B097-442c-BFA5-BE371E0325A2=nursery" "Mozilla/4.0 (compatible; MSIE 7.0; AOL 9.7; AOLBuild 4343.1028; Windows NT 6.1; WOW64; Trident/5.0; SLCC2; .NET CLR 2.0.50727; .NET CLR 3.5.30729; .NET CLR 3.0.30729; Media Center PC 6.0; .NET4.0C; .NET4.0E; BRI/2)"
12.111.223.151 - - [20/Jun/2014:19:00:12 -0400] "GET / HTTP/1.1" 200 4374 "-" "Mozilla/4.0 (compatible; MSIE 7.0; Windows NT 5.1; .NET CLR 1.1.4322; .NET CLR 2.0.50727)"
173.56.73.244 - - [20/Jun/2014:22:09:19 -0400] "GET /apple-touch-icon-76x76-precomposed.png HTTP/1.1" 404 575 "-" "MobileSafari/9537.53 CFNetwork/672.1.13 Darwin/14.0.0"
173.56.73.244 - - [20/Jun/2014:22:09:19 -0400] "GET /apple-touch-icon-76x76.png HTTP/1.1" 404 575 "-" "MobileSafari/9537.53 CFNetwork/672.1.13 Darwin/14.0.0"
173.56.73.244 - - [20/Jun/2014:22:09:19 -0400] "GET /apple-touch-icon-precomposed.png HTTP/1.1" 404 575 "-" "MobileSafari/9537.53 CFNetwork/672.1.13 Darwin/14.0.0"
173.56.73.244 - - [20/Jun/2014:22:09:19 -0400] "GET /apple-touch-icon.png HTTP/1.1" 404 575 "-" "MobileSafari/9537.53 CFNetwork/672.1.13 Darwin/14.0.0"
108.41.232.72 - - [20/Jun/2014:07:05:11 -0400] "GET /CSS/text.css HTTP/1.1" 200 731 "http://www.islandgreenery.net/" "Mozilla/5.0 (Windows NT 6.1; WOW64; Trident/7.0; rv:11.0) like Gecko"
108.41.232.72 - - [20/Jun/2014:07:05:11 -0400] "GET /Images/islandGreeneryLogo.png HTTP/1.1" 200 52254 "http://www.islandgreenery.net/" "Mozilla/5.0 (Windows NT 6.1; WOW64; Trident/7.0; rv:11.0) like Gecko"
12.111.223.151 - - [20/Jun/2014:11:25:03 -0400] "GET /Images/Home/mainPic.jpg HTTP/1.1" 200 209933 "http://www.islandgreenery.net/?adid-2E343B92-B097-442c-BFA5-BE371E0325A2=1607093&kw-2E343B92-B097-442c-BFA5-BE371E0325A2=nursery" "Mozilla/5.0 (Windows NT 6.1; WOW64; Trident/7.0; rv:11.0) like Gecko"
12.111.223.151 - - [20/Jun/2014:11:30:04 -0400] "GET /Images/lineThick.png HTTP/1.1" 200 12232 "http://www.islandgreenery.net/?adid-2E343B92-B097-442c-BFA5-BE371E0325A2=1607091&kw-2E343B92-B097-442c-BFA5-BE371E0325A2=evergreen+shrubs" "Mozilla/4.0 (compatible; MSIE 8.0; Windows NT 5.1; Trident/4.0; .NET CLR 1.1.4322; .NET CLR 2.0.50727; .NET CLR 3.0.4506.2152; .NET CLR 3.5.30729; .NET4.0C)"
75.127.138.21 - - [20/Jun/2014:11:56:31 -0400] "GET /galleries/landscape/engine1/script.js HTTP/1.1" 200 1611 "http://www.islandgreenery.net/galleries/landscape/index.html" "Mozilla/5.0 (Windows NT 6.1; WOW64) AppleWebKit/537.36 (KHTML, like Gecko) Chrome/35.0.1916.153 Safari/537.36"
75.127.138.21 - - [20/Jun/2014:11:56:31 -0400] "GET /galleries/landscape/data1/images/landscape4.jpg HTTP/1.1" 200 53003 "http://www.islandgreenery.net/galleries/landscape/index.html" "Mozilla/5.0 (Windows NT 6.1; WOW64) AppleWebKit/537.36 (KHTML, like Gecko) Chrome/35.0.1916.153 Safari/537.36"
75.127.138.21 - - [20/Jun/2014:11:56:31 -0400] "GET /galleries/landscape/data1/images/landscape12.jpg HTTP/1.1" 200 57429 "http://www.islandgreenery.net/galleries/landscape/index.html" "Mozilla/5.0 (Windows NT 6.1; WOW64) AppleWebKit/537.36 (KHTML, like Gecko) Chrome/35.0.1916.153 Safari/537.36"
75.127.138.21 - - [20/Jun/2014:11:57:08 -0400] "GET /galleries/masonry/engine1/wowslider.js HTTP/1.1" 200 8598 "http://www.islandgreenery.net/galleries/masonry/index.html" "Mozilla/5.0 (Windows NT 6.1; WOW64) AppleWebKit/537.36 (KHTML, like Gecko) Chrome/35.0.1916.153 Safari/537.36"
75.127.138.21 - - [20/Jun/2014:11:57:08 -0400] "GET /galleries/masonry/data1/images/masonry5.jpg HTTP/1.1" 200 36284 "http://www.islandgreenery.net/galleries/masonry/index.html" "Mozilla/5.0 (Windows NT 6.1; WOW64) AppleWebKit/537.36 (KHTML, like Gecko) Chrome/35.0.1916.153 Safari/537.36"
75.127.138.21 - - [20/Jun/2014:11:57:08 -0400] "GET /galleries/masonry/data1/images/masonry8.jpg HTTP/1.1" 200 46897 "http://www.islandgreenery.net/galleries/masonry/index.html" "Mozilla/5.0 (Windows NT 6.1; WOW64) AppleWebKit/537.36 (KHTML, like Gecko) Chrome/35.0.1916.153 Safari/537.36"
75.127.138.21 - - [20/Jun/2014:11:57:08 -0400] "GET /galleries/masonry/engine1/bg.png HTTP/1.1" 200 1416 "http://www.islandgreenery.net/galleries/masonry/index.html" "Mozilla/5.0 (Windows NT 6.1; WOW64) AppleWebKit/537.36 (KHTML, like Gecko) Chrome/35.0.1916.153 Safari/537.36"
12.111.223.151 - - [20/Jun/2014:00:17:51 -0400] "GET /Images/Home/propane.jpg HTTP/1.1" 200 29411 "http://www.islandgreenery.net/CSS/main.css" "Mozilla/5.0 (Windows NT 6.1; WOW64; rv:30.0) Gecko/20100101 Firefox/30.0"
220.181.108.113 - - [20/Jun/2014:00:50:28 -0400] "GET /lawn.html HTTP/1.1" 200 4728 "-" "Mozilla/5.0 (compatible; Baiduspider/2.0; +http://www.baidu.com/search/spider.html)"
72.68.230.8 - - [20/Jun/2014:04:55:12 -0400] "GET /Images/Navigation/bluewide.jpg HTTP/1.1" 200 16322 "http://www.islandgreenery.net/" "Mozilla/5.0 (iPad; CPU OS 7_1_1 like Mac OS X) AppleWebKit/537.51.2 (KHTML, like Gecko) Version/7.0 Mobile/11D201 Safari/9537.53"
72.68.230.8 - - [20/Jun/2014:04:55:12 -0400] "GET /Images/Home/propane.jpg HTTP/1.1" 200 29411 "http://www.islandgreenery.net/" "Mozilla/5.0 (iPad; CPU OS 7_1_1 like Mac OS X) AppleWebKit/537.51.2 (KHTML, like Gecko) Version/7.0 Mobile/11D201 Safari/9537.53"
123.125.71.29 - - [20/Jun/2014:06:31:00 -0400] "GET / HTTP/1.1" 200 4374 "-" "Mozilla/5.0 (compatible; Baiduspider/2.0; +http://www.baidu.com/search/spider.html)"
12.111.223.151 - - [20/Jun/2014:13:39:43 -0400] "GET / HTTP/1.1" 200 4374 "-" "Mozilla/4.0 (compatible; MSIE 7.0; Windows NT 5.1; .NET CLR 1.1.4322; .NET CLR 2.0.50727)"
123.125.71.40 - - [20/Jun/2014:14:36:35 -0400] "GET /propane.html HTTP/1.1" 200 5760 "-" "Mozilla/5.0 (compatible; Baiduspider/2.0; +http://www.baidu.com/search/spider.html)"
12.111.223.151 - - [20/Jun/2014:15:49:05 -0400] "GET /Images/Navigation/greenwide.jpg HTTP/1.1" 200 15999 "http://www.islandgreenery.net/?adid-2E343B92-B097-442c-BFA5-BE371E0325A2=1607089&kw-2E343B92-B097-442c-BFA5-BE371E0325A2=outdoor+steps" "Mozilla/5.0 (Windows NT 6.1; WOW64; Trident/7.0; rv:11.0) like Gecko"
12.111.223.151 - - [20/Jun/2014:16:48:22 -0400] "GET /Images/Navigation/bluewide.jpg HTTP/1.1" 200 16322 "http://www.islandgreenery.net/?adid-2E343B92-B097-442c-BFA5-BE371E0325A2=1607045&kw-2E343B92-B097-442c-BFA5-BE371E0325A2=leyland+cypress" "Mozilla/4.0 (compatible; MSIE 8.0; Windows NT 5.1; Trident/4.0; .NET CLR 1.1.4322; .NET CLR 2.0.50727; .NET CLR 3.0.4506.2152; .NET CLR 3.5.30729; .NET4.0C)"
12.111.223.151 - - [20/Jun/2014:17:51:55 -0400] "GET /Images/Garden/rightPic.jpg HTTP/1.1" 200 79075 "http://www.islandgreenery.net/garden.html" "Mozilla/5.0 (Macintosh; Intel Mac OS X 10_5_8) AppleWebKit/534.50.2 (KHTML, like Gecko) Version/5.0.6 Safari/533.22.3"
72.89.99.203 - - [20/Jun/2014:18:49:14 -0400] "GET /Images/lineThin.png HTTP/1.1" 200 2938 "http://www.islandgreenery.net/" "Mozilla/5.0 (iPhone; CPU iPhone OS 7_1 like Mac OS X) AppleWebKit/537.51.1 (KHTML, like Gecko) GSA/4.1.0.31802 Mobile/11D167 Safari/9537.53"
72.89.99.203 - - [20/Jun/2014:18:49:14 -0400] "GET /Images/Home/mainPic.jpg HTTP/1.1" 200 209933 "http://www.islandgreenery.net/" "Mozilla/5.0 (iPhone; CPU iPhone OS 7_1 like Mac OS X) AppleWebKit/537.51.1 (KHTML, like Gecko) GSA/4.1.0.31802 Mobile/11D167 Safari/9537.53"
72.89.99.203 - - [20/Jun/2014:18:50:45 -0400] "GET /Images/Contact/facebook.png HTTP/1.1" 200 6350 "http://www.islandgreenery.net/contact.php" "Mozilla/5.0 (iPhone; CPU iPhone OS 7_1 like Mac OS X) AppleWebKit/537.51.1 (KHTML, like Gecko) GSA/4.1.0.31802 Mobile/11D167 Safari/9537.53"
68.193.125.51 - - [20/Jun/2014:19:17:50 -0400] "GET /contact.php HTTP/1.1" 200 6387 "http://www.islandgreenery.net/" "Mozilla/5.0 (Windows NT 6.1; WOW64) AppleWebKit/537.36 (KHTML, like Gecko) Chrome/35.0.1916.153 Safari/537.36"
68.193.125.51 - - [20/Jun/2014:19:17:51 -0400] "GET /CSS/form.css HTTP/1.1" 200 1110 "http://www.islandgreenery.net/contact.php" "Mozilla/5.0 (Windows NT 6.1; WOW64) AppleWebKit/537.36 (KHTML, like Gecko) Chrome/35.0.1916.153 Safari/537.36"
68.193.125.51 - - [20/Jun/2014:19:17:51 -0400] "GET /Images/Contact/submit.jpg HTTP/1.1" 200 13525 "http://www.islandgreenery.net/contact.php" "Mozilla/5.0 (Windows NT 6.1; WOW64) AppleWebKit/537.36 (KHTML, like Gecko) Chrome/35.0.1916.153 Safari/537.36"
68.193.125.51 - - [20/Jun/2014:19:18:00 -0400] "GET /index.html HTTP/1.1" 200 4374 "http://www.islandgreenery.net/contact.php" "Mozilla/5.0 (Windows NT 6.1; WOW64) AppleWebKit/537.36 (KHTML, like Gecko) Chrome/35.0.1916.153 Safari/537.36"
69.122.142.174 - - [20/Jun/2014:21:15:12 -0400] "GET /Images/Contact/submit.jpg HTTP/1.1" 200 13525 "http://islandgreenery.net/contact.php" "Mozilla/5.0 (iPad; CPU OS 7_1 like Mac OS X) AppleWebKit/537.51.2 (KHTML, like Gecko) Version/7.0 Mobile/11D167 Safari/9537.53"
62.212.73.211 - - [20/Jun/2014:07:29:14 -0400] "GET / HTTP/1.0" 200 4374 "-" "Mozilla/5.0 (compatible; MJ12bot/v1.4.5; http://www.majestic12.co.uk/bot.php?+)"
62.212.73.211 - - [20/Jun/2014:07:29:16 -0400] "GET /company.html HTTP/1.0" 200 6326 "-" "Mozilla/5.0 (compatible; MJ12bot/v1.4.5; http://www.majestic12.co.uk/bot.php?+)"
182.64.169.191 - - [20/Jun/2014:08:18:51 -0400] "GET /Images/Navigation/bluewide.jpg HTTP/1.1" 200 16322 "http://www.islandgreenery.net/CSS/main.css" "Mozilla/5.0 (Windows; U; Windows NT 5.1; en-US; rv:1.9.2.19) Gecko/20110707 Firefox/3.6.19 GTB7.1 (.NET CLR 3.5.30729)"
12.111.223.151 - - [20/Jun/2014:09:35:34 -0400] "GET / HTTP/1.1" 200 4374 "-" "Mozilla/4.0 (compatible; MSIE 7.0; Windows NT 5.1; .NET CLR 1.1.4322; .NET CLR 2.0.50727)"
12.111.223.151 - - [20/Jun/2014:10:56:57 -0400] "GET /Images/Navigation/ThinBlue.png HTTP/1.1" 200 7349 "http://www.islandgreenery.net/?adid-2E343B92-B097-442c-BFA5-BE371E0325A2=1607093&kw-2E343B92-B097-442c-BFA5-BE371E0325A2=vegetable+plants" "Mozilla/4.0 (compatible; MSIE 8.0; Windows NT 6.1; Trident/4.0; SLCC2; .NET CLR 2.0.50727; .NET CLR 3.5.30729; .NET CLR 3.0.30729; Media Center PC 6.0; .NET4.0C)"
12.111.223.151 - - [20/Jun/2014:11:05:34 -0400] "GET /Images/islandGreeneryLogo.png HTTP/1.1" 200 52254 "http://www.islandgreenery.net/?adid-2E343B92-B097-442c-BFA5-BE371E0325A2=1607093&kw-2E343B92-B097-442c-BFA5-BE371E0325A2=tree+nursery" "Mozilla/5.0 (Macintosh; Intel Mac OS X 10_6_8) AppleWebKit/534.59.10 (KHTML, like Gecko) Version/5.1.9 Safari/534.59.10"
12.111.223.151 - - [20/Jun/2014:11:05:40 -0400] "GET /Images/Navigation/greenwide.jpg HTTP/1.1" 200 15999 "http://www.islandgreenery.net/?adid-2E343B92-B097-442c-BFA5-BE371E0325A2=1607093&kw-2E343B92-B097-442c-BFA5-BE371E0325A2=tree+nursery" "Mozilla/5.0 (Macintosh; Intel Mac OS X 10_6_8) AppleWebKit/534.59.10 (KHTML, like Gecko) Version/5.1.9 Safari/534.59.10"
12.111.223.151 - - [20/Jun/2014:11:38:27 -0400] "GET /Images/lineThin.png HTTP/1.1" 200 2938 "http://www.islandgreenery.net/?adid-2E343B92-B097-442c-BFA5-BE371E0325A2=1607093&kw-2E343B92-B097-442c-BFA5-BE371E0325A2=nursery" "Mozilla/5.0 (Windows NT 6.1; WOW64) AppleWebKit/537.36 (KHTML, like Gecko) Chrome/35.0.1916.153 Safari/537.36"
12.111.223.151 - - [20/Jun/2014:11:38:34 -0400] "GET /Images/lineThick.png HTTP/1.1" 200 12232 "http://www.islandgreenery.net/?adid-2E343B92-B097-442c-BFA5-BE371E0325A2=1607093&kw-2E343B92-B097-442c-BFA5-BE371E0325A2=nursery" "Mozilla/5.0 (Windows NT 6.1; WOW64) AppleWebKit/537.36 (KHTML, like Gecko) Chrome/35.0.1916.153 Safari/537.36"
12.111.223.151 - - [20/Jun/2014:11:38:36 -0400] "GET /Images/Home/seasonSpecials.png HTTP/1.1" 200 35145 "http://www.islandgreenery.net/?adid-2E343B92-B097-442c-BFA5-BE371E0325A2=1607093&kw-2E343B92-B097-442c-BFA5-BE371E0325A2=nursery" "Mozilla/5.0 (Windows NT 6.1; WOW64) AppleWebKit/537.36 (KHTML, like Gecko) Chrome/35.0.1916.153 Safari/537.36"
12.111.223.151 - - [20/Jun/2014:00:37:41 -0400] "GET /Images/Home/seasonSpecials.png HTTP/1.1" 200 35145 "http://www.islandgreenery.net/?adid-2E343B92-B097-442c-BFA5-BE371E0325A2=1607091&kw-2E343B92-B097-442c-BFA5-BE371E0325A2=evergreen+trees" "Mozilla/4.0 (compatible; MSIE 8.0; Windows NT 6.1; Trident/4.0)"
12.111.223.151 - - [20/Jun/2014:00:37:43 -0400] "GET /favicon.ico HTTP/1.1" 404 575 "-" "Mozilla/4.0 (compatible; MSIE 8.0; Windows NT 6.1; Trident/4.0)"
12.111.223.151 - - [20/Jun/2014:00:44:55 -0400] "GET /Images/Home/mainPic.jpg HTTP/1.1" 200 209933 "http://www.islandgreenery.net/?adid-2E343B92-B097-442c-BFA5-BE371E0325A2=1607091&kw-2E343B92-B097-442c-BFA5-BE371E0325A2=perennials" "Mozilla/4.0 (compatible; MSIE 8.0; Windows NT 5.1; Trident/4.0)"
66.249.67.41 - - [20/Jun/2014:01:20:01 -0400] "GET /landscape.html HTTP/1.1" 200 4783 "-" "Mozilla/5.0 (iPhone; CPU iPhone OS 6_0 like Mac OS X) AppleWebKit/536.26 (KHTML, like Gecko) Version/6.0 Mobile/10A5376e Safari/8536.25 (compatible; Googlebot/2.1; +http://www.google.com/bot.html)"
74.89.19.40 - - [20/Jun/2014:02:40:32 -0400] "GET / HTTP/1.1" 200 4374 "http://my.angieslist.com/AngiesList/myangie/checkthelist/spinformation.aspx?heQ2MvH79eTeio%2biYi6yT4y1KW6JuxlysSBoQhLtS9h4a0JfNhGfOHb7lEkNh10r4lcWYcFjIK%2bTPaTbQ3znnVvCRy5M2m49aM%2bLnDXYXlPdNOprUq3nxXkXLNEx6vWnBcE9bKw0SfoePdzTXen8pde6g5zONZ4u24dRO2f1ses%3d" "Mozilla/5.0 (Macintosh; Intel Mac OS X 10_7_5) AppleWebKit/537.36 (KHTML, like Gecko) Chrome/35.0.1916.114 Safari/537.36"
74.89.19.40 - - [20/Jun/2014:02:40:32 -0400] "GET /CSS/main.css HTTP/1.1" 200 7040 "http://www.islandgreenery.net/" "Mozilla/5.0 (Macintosh; Intel Mac OS X 10_7_5) AppleWebKit/537.36 (KHTML, like Gecko) Chrome/35.0.1916.114 Safari/537.36"
74.89.19.40 - - [20/Jun/2014:02:40:34 -0400] "GET /Images/lineThick.png HTTP/1.1" 200 12232 "http://www.islandgreenery.net/" "Mozilla/5.0 (Macintosh; Intel Mac OS X 10_7_5) AppleWebKit/537.36 (KHTML, like Gecko) Chrome/35.0.1916.114 Safari/537.36"
74.89.19.40 - - [20/Jun/2014:02:40:34 -0400] "GET /Images/islandGreeneryLogo.png HTTP/1.1" 200 52254 "http://www.islandgreenery.net/" "Mozilla/5.0 (Macintosh; Intel Mac OS X 10_7_5) AppleWebKit/537.36 (KHTML, like Gecko) Chrome/35.0.1916.114 Safari/537.36"
12.111.223.151 - - [20/Jun/2014:03:30:06 -0400] "GET /Images/Home/seasonSpecials.png HTTP/1.1" 200 35145 "http://www.islandgreenery.net/?adid-2E343B92-B097-442c-BFA5-BE371E0325A2=1607091&kw-2E343B92-B097-442c-BFA5-BE371E0325A2=mulch+installation" "Mozilla/4.0 (compatible; MSIE 8.0; Windows NT 6.1; Trident/4.0)"
12.111.223.151 - - [20/Jun/2014:03:32:58 -0400] "GET / HTTP/1.1" 200 4374 "-" "Mozilla/4.0 (compatible; MSIE 7.0; Windows NT 5.1; .NET CLR 1.1.4322; .NET CLR 2.0.50727)"
54.242.58.67 - - [20/Jun/2014:13:01:35 -0400] "GET / HTTP/1.1" 200 4374 "-" "HTTPClient/1.0 (2.4.0, ruby 1.9.3 (2013-06-27))"
96.239.108.47 - - [20/Jun/2014:13:35:39 -0400] "GET /galleries/landscape/engine1/wowslider.js HTTP/1.1" 200 8598 "http://www.islandgreenery.net/galleries/landscape/index.html" "Mozilla/5.0 (Windows NT 6.1; WOW64; Trident/7.0; rv:11.0) like Gecko"
96.239.108.47 - - [20/Jun/2014:13:35:39 -0400] "GET /galleries/landscape/data1/images/landscape5.jpg HTTP/1.1" 200 72033 "http://www.islandgreenery.net/galleries/landscape/index.html" "Mozilla/5.0 (Windows NT 6.1; WOW64; Trident/7.0; rv:11.0) like Gecko"
96.239.108.47 - - [20/Jun/2014:13:35:42 -0400] "GET /galleries/landscape/engine1/bg.png HTTP/1.1" 200 1416 "http://www.islandgreenery.net/galleries/landscape/index.html" "Mozilla/5.0 (Windows NT 6.1; WOW64; Trident/7.0; rv:11.0) like Gecko"
96.239.108.47 - - [20/Jun/2014:13:35:42 -0400] "GET /galleries/landscape/data1/images/landscape14.jpg HTTP/1.1" 200 70741 "http://www.islandgreenery.net/galleries/landscape/index.html" "Mozilla/5.0 (Windows NT 6.1; WOW64; Trident/7.0; rv:11.0) like Gecko"
12.111.223.151 - - [20/Jun/2014:15:04:09 -0400] "GET /galleries/landscape/engine1/style.css HTTP/1.1" 200 4067 "http://www.islandgreenery.net/galleries/landscape/index.html" "Mozilla/5.0 (Macintosh; Intel Mac OS X 10_9_3) AppleWebKit/537.76.4 (KHTML, like Gecko) Version/7.0.4 Safari/537.76.4"
66.11.134.5 - - [20/Jun/2014:16:10:38 -0400] "GET / HTTP/1.1" 200 4374 "http://www.google.com/url?sa=t&rct=j&q=&esrc=s&frm=1&source=web&cd=1&ved=0CCIQFjAA&url=http%3A%2F%2Fwww.islandgreenery.net%2F&ei=OZWkU6L5IsT5oASL64GoBA&usg=AFQjCNEISiWO86uAjfJ8kOne3AognXhRBA&bvm=bv.69411363,d.cGU" "Mozilla/5.0 (compatible; MSIE 10.0; Windows NT 6.1; WOW64; Trident/6.0)"
66.11.134.5 - - [20/Jun/2014:16:10:38 -0400] "GET /Images/Home/propane.jpg HTTP/1.1" 200 29411 "http://www.islandgreenery.net/" "Mozilla/5.0 (compatible; MSIE 10.0; Windows NT 6.1; WOW64; Trident/6.0)"
12.111.223.151 - - [20/Jun/2014:16:33:32 -0400] "GET /CSS/main.css HTTP/1.1" 200 7040 "http://www.islandgreenery.net/?adid-2E343B92-B097-442c-BFA5-BE371E0325A2=1607093&kw-2E343B92-B097-442c-BFA5-BE371E0325A2=nursery" "Mozilla/4.0 (compatible; MSIE 7.0; AOL 9.7; AOLBuild 4343.1028; Windows NT 6.1; WOW64; Trident/5.0; SLCC2; .NET CLR 2.0.50727; .NET CLR 3.5.30729; .NET CLR 3.0.30729; Media Center PC 6.0; .NET4.0C; .NET4.0E; BRI/2)"
198.228.201.163 - - [20/Jun/2014:18:01:29 -0400] "GET /Images/Navigation/ThinBlue.png HTTP/1.1" 200 7349 "http://www.islandgreenery.net/" "Mozilla/5.0 (iPhone; CPU iPhone OS 6_1_3 like Mac OS X) AppleWebKit/536.26 (KHTML, like Gecko) GSA/3.2.0.25255 Mobile/10B329 Safari/8536.25"
198.228.201.163 - - [20/Jun/2014:18:01:29 -0400] "GET /Images/Home/mainPic.jpg HTTP/1.1" 200 209933 "http://www.islandgreenery.net/" "Mozilla/5.0 (iPhone; CPU iPhone OS 6_1_3 like Mac OS X) AppleWebKit/536.26 (KHTML, like Gecko) GSA/3.2.0.25255 Mobile/10B329 Safari/8536.25"
47.16.103.14 - - [20/Jun/2014:20:28:23 -0400] "GET /Images/Home/mainPic.jpg HTTP/1.1" 200 209933 "http://www.islandgreenery.net/CSS/main.css" "Mozilla/5.0 (Windows NT 6.1; rv:29.0) Gecko/20100101 Firefox/29.0"
47.16.103.14 - - [20/Jun/2014:20:28:24 -0400] "GET /favicon.ico HTTP/1.1" 404 575 "-" "Mozilla/5.0 (Windows NT 6.1; rv:29.0) Gecko/20100101 Firefox/29.0"
47.16.103.14 - - [20/Jun/2014:20:28:24 -0400] "GET /favicon.ico HTTP/1.1" 404 575 "-" "Mozilla/5.0 (Windows NT 6.1; rv:29.0) Gecko/20100101 Firefox/29.0"
12.111.223.151 - - [20/Jun/2014:21:17:41 -0400] "GET / HTTP/1.1" 200 4374 "-" "Mozilla/5.0 (iPhone; CPU iPhone OS 6_0_1 like Mac OS X) AppleWebKit/536.26 (KHTML; like Gecko) Version/6.0 Mobile/10A523 Safari/8536.25 BingPreview/1.0b"
12.111.223.151 - - [20/Jun/2014:22:49:17 -0400] "GET /Images/Navigation/ThinBlue.png HTTP/1.1" 200 7349 "http://www.islandgreenery.net/?adid-2E343B92-B097-442c-BFA5-BE371E0325A2=1607093&kw-2E343B92-B097-442c-BFA5-BE371E0325A2=tree+nursery" "Mozilla/5.0 (iPad; CPU OS 7_1_1 like Mac OS X) AppleWebKit/537.51.2 (KHTML, like Gecko) Version/7.0 Mobile/11D201 Safari/9537.53"
12.111.223.151 - - [20/Jun/2014:22:49:17 -0400] "GET /Images/Home/mainPic.jpg HTTP/1.1" 200 209933 "http://www.islandgreenery.net/?adid-2E343B92-B097-442c-BFA5-BE371E0325A2=1607093&kw-2E343B92-B097-442c-BFA5-BE371E0325A2=tree+nursery" "Mozilla/5.0 (iPad; CPU OS 7_1_1 like Mac OS X) AppleWebKit/537.51.2 (KHTML, like Gecko) Version/7.0 Mobile/11D201 Safari/9537.53"
62.212.73.211 - - [20/Jun/2014:07:29:13 -0400] "GET /robots.txt HTTP/1.0" 404 575 "-" "Mozilla/5.0 (compatible; MJ12bot/v1.4.5; http://www.majestic12.co.uk/bot.php?+)"
208.93.104.8 - - [20/Jun/2014:08:24:15 -0400] "HEAD / HTTP/1.1" 200 - "-" "http://www.yellowpages.com/about/legal/crawl"
12.111.223.151 - - [20/Jun/2014:09:47:39 -0400] "GET /Images/Home/propane.jpg HTTP/1.1" 200 29411 "http://www.islandgreenery.net/?adid-2E343B92-B097-442c-BFA5-BE371E0325A2=1628866&kw-2E343B92-B097-442c-BFA5-BE371E0325A2=gift+shop" "Mozilla/5.0 (Macintosh; Intel Mac OS X 10_6_8) AppleWebKit/534.59.10 (KHTML, like Gecko) Version/5.1.9 Safari/534.59.10"
66.55.152.251 - - [20/Jun/2014:10:25:50 -0400] "GET / HTTP/1.1" 200 4374 "-" "Mozilla/5.0 (Windows NT 6.1; WOW64) AppleWebKit/537.36 (KHTML, like Gecko) Chrome/31.0.1650.63 Safari/537.36"
65.254.5.67 - - [20/Jun/2014:10:52:09 -0400] "GET /Images/Navigation/ThinGreen.png HTTP/1.1" 200 7642 "http://www.islandgreenery.net/garden.html" "Mozilla/5.0 (Windows NT 6.1; Trident/7.0; rv:11.0) like Gecko"
12.111.223.151 - - [20/Jun/2014:11:05:34 -0400] "GET /CSS/text.css HTTP/1.1" 200 731 "http://www.islandgreenery.net/?adid-2E343B92-B097-442c-BFA5-BE371E0325A2=1607093&kw-2E343B92-B097-442c-BFA5-BE371E0325A2=tree+nursery" "Mozilla/5.0 (Macintosh; Intel Mac OS X 10_6_8) AppleWebKit/534.59.10 (KHTML, like Gecko) Version/5.1.9 Safari/534.59.10"
12.111.223.151 - - [20/Jun/2014:11:25:03 -0400] "GET /Images/Navigation/ThinBlue.png HTTP/1.1" 200 7349 "http://www.islandgreenery.net/?adid-2E343B92-B097-442c-BFA5-BE371E0325A2=1607093&kw-2E343B92-B097-442c-BFA5-BE371E0325A2=nursery" "Mozilla/5.0 (Windows NT 6.1; WOW64; Trident/7.0; rv:11.0) like Gecko"
12.111.223.151 - - [20/Jun/2014:11:25:03 -0400] "GET /Images/lineThick.png HTTP/1.1" 200 12232 "http://www.islandgreenery.net/?adid-2E343B92-B097-442c-BFA5-BE371E0325A2=1607093&kw-2E343B92-B097-442c-BFA5-BE371E0325A2=nursery" "Mozilla/5.0 (Windows NT 6.1; WOW64; Trident/7.0; rv:11.0) like Gecko"
12.111.223.151 - - [20/Jun/2014:11:38:33 -0400] "GET /Images/Navigation/bluewide.jpg HTTP/1.1" 200 16322 "http://www.islandgreenery.net/?adid-2E343B92-B097-442c-BFA5-BE371E0325A2=1607093&kw-2E343B92-B097-442c-BFA5-BE371E0325A2=nursery" "Mozilla/5.0 (Windows NT 6.1; WOW64) AppleWebKit/537.36 (KHTML, like Gecko) Chrome/35.0.1916.153 Safari/537.36"
208.255.153.10 - - [20/Jun/2014:11:42:04 -0400] "GET /galleries/landscape/engine1/jquery.js HTTP/1.1" 200 78663 "http://www.islandgreenery.net/galleries/landscape/index.html" "Mozilla/5.0 (Windows NT 6.1; WOW64) AppleWebKit/537.36 (KHTML, like Gecko) Chrome/35.0.1916.153 Safari/537.36"
208.255.153.10 - - [20/Jun/2014:11:42:04 -0400] "GET /galleries/landscape/data1/images/landscape9.jpg HTTP/1.1" 200 63212 "http://www.islandgreenery.net/galleries/landscape/index.html" "Mozilla/5.0 (Windows NT 6.1; WOW64) AppleWebKit/537.36 (KHTML, like Gecko) Chrome/35.0.1916.153 Safari/537.36"
208.255.153.10 - - [20/Jun/2014:11:42:04 -0400] "GET /galleries/landscape/data1/images/landscape14.jpg HTTP/1.1" 200 70741 "http://www.islandgreenery.net/galleries/landscape/index.html" "Mozilla/5.0 (Windows NT 6.1; WOW64) AppleWebKit/537.36 (KHTML, like Gecko) Chrome/35.0.1916.153 Safari/537.36"
12.111.223.151 - - [20/Jun/2014:01:40:00 -0400] "GET / HTTP/1.1" 200 4374 "http://www.google.co.in/url?sa=t&rct=j&q=&esrc=s&source=web&cd=3&ved=0CEAQFjAD&url=http%3A%2F%2Fclicktracking.yellowbook.com%2Ftrackingenginewebapp%2Ftracking.html%3FMB_ID%3D58694%26SE_ID%3D2%26AG_ID%3D635009%26AD_ID%3D1607093%26kw%3Dshrub%2520nursery%26kw_type%3D%26C_ID%3D148747%26SE_AD_ID%3D29030453047&ei=A8mjU976F57D_AS4cw&usg=AFQjCNGquwkZx1pgOWkBnkjR6EMPhJYHJA" "Mozilla/4.0 (compatible; MSIE 8.0; Windows NT 6.1; Trident/4.0)"
12.111.223.151 - - [20/Jun/2014:01:40:00 -0400] "GET /CSS/text.css HTTP/1.1" 200 731 "http://www.islandgreenery.net/?adid-2E343B92-B097-442c-BFA5-BE371E0325A2=1607093&kw-2E343B92-B097-442c-BFA5-BE371E0325A2=shrub+nursery" "Mozilla/4.0 (compatible; MSIE 8.0; Windows NT 6.1; Trident/4.0)"
12.111.223.151 - - [20/Jun/2014:01:40:04 -0400] "GET /Images/Home/centerImages.png HTTP/1.1" 200 133174 "http://www.islandgreenery.net/?adid-2E343B92-B097-442c-BFA5-BE371E0325A2=1607093&kw-2E343B92-B097-442c-BFA5-BE371E0325A2=shrub+nursery" "Mozilla/4.0 (compatible; MSIE 8.0; Windows NT 6.1; Trident/4.0)"
12.111.223.151 - - [20/Jun/2014:03:58:33 -0400] "GET /Images/Home/propane.jpg HTTP/1.1" 200 29411 "http://www.islandgreenery.net/?adid-2E343B92-B097-442c-BFA5-BE371E0325A2=1607093&kw-2E343B92-B097-442c-BFA5-BE371E0325A2=vegetable+plants" "Mozilla/5.0 (Linux; U; Android 4.3; en-us; SPH-L710 Build/JSS15J) AppleWebKit/534.30 (KHTML, like Gecko) Version/4.0 Mobile Safari/534.30"
12.111.223.151 - - [20/Jun/2014:03:59:34 -0400] "GET /Images/Home/propane.jpg HTTP/1.1" 200 29411 "http://www.islandgreenery.net/?adid-2E343B92-B097-442c-BFA5-BE371E0325A2=1607091&kw-2E343B92-B097-442c-BFA5-BE371E0325A2=sod+installation" "Mozilla/5.0 (Macintosh; Intel Mac OS X 10_6_8) AppleWebKit/534.59.8 (KHTML, like Gecko) Version/5.1.9 Safari/534.59.8"
108.49.79.209 - - [20/Jun/2014:06:45:51 -0400] "GET / HTTP/1.1" 200 4374 "-" "Mozilla/5.0 (iPad; CPU OS 7_1_1 like Mac OS X) AppleWebKit/537.51.2 (KHTML, like Gecko) Version/7.0 Mobile/11D201 Safari/9537.53"
108.49.79.209 - - [20/Jun/2014:06:45:51 -0400] "GET /CSS/main.css HTTP/1.1" 200 7040 "http://islandgreenery.net/" "Mozilla/5.0 (iPad; CPU OS 7_1_1 like Mac OS X) AppleWebKit/537.51.2 (KHTML, like Gecko) Version/7.0 Mobile/11D201 Safari/9537.53"
96.239.108.47 - - [20/Jun/2014:13:35:26 -0400] "GET /Images/lineThick.png HTTP/1.1" 200 12232 "http://www.islandgreenery.net/" "Mozilla/5.0 (Windows NT 6.1; WOW64; Trident/7.0; rv:11.0) like Gecko"
96.239.108.47 - - [20/Jun/2014:13:35:38 -0400] "GET /landscape.html HTTP/1.1" 200 4783 "http://www.islandgreenery.net/" "Mozilla/5.0 (Windows NT 6.1; WOW64; Trident/7.0; rv:11.0) like Gecko"
96.239.108.47 - - [20/Jun/2014:13:35:39 -0400] "GET /galleries/landscape/engine1/style.css HTTP/1.1" 200 4067 "http://www.islandgreenery.net/galleries/landscape/index.html" "Mozilla/5.0 (Windows NT 6.1; WOW64; Trident/7.0; rv:11.0) like Gecko"
96.239.108.47 - - [20/Jun/2014:13:35:39 -0400] "GET /galleries/landscape/data1/images/landscape1.jpg HTTP/1.1" 200 59675 "http://www.islandgreenery.net/galleries/landscape/index.html" "Mozilla/5.0 (Windows NT 6.1; WOW64; Trident/7.0; rv:11.0) like Gecko"
96.239.108.47 - - [20/Jun/2014:13:35:39 -0400] "GET /galleries/landscape/engine1/script.js HTTP/1.1" 200 1611 "http://www.islandgreenery.net/galleries/landscape/index.html" "Mozilla/5.0 (Windows NT 6.1; WOW64; Trident/7.0; rv:11.0) like Gecko"
96.239.108.47 - - [20/Jun/2014:13:35:39 -0400] "GET /galleries/landscape/data1/images/landscape6.jpg HTTP/1.1" 200 65336 "http://www.islandgreenery.net/galleries/landscape/index.html" "Mozilla/5.0 (Windows NT 6.1; WOW64; Trident/7.0; rv:11.0) like Gecko"
96.239.108.47 - - [20/Jun/2014:13:35:40 -0400] "GET /galleries/landscape/data1/images/landscape9.jpg HTTP/1.1" 200 63212 "http://www.islandgreenery.net/galleries/landscape/index.html" "Mozilla/5.0 (Windows NT 6.1; WOW64; Trident/7.0; rv:11.0) like Gecko"
96.239.108.47 - - [20/Jun/2014:13:35:41 -0400] "GET /galleries/landscape/data1/images/landscape12.jpg HTTP/1.1" 200 57429 "http://www.islandgreenery.net/galleries/landscape/index.html" "Mozilla/5.0 (Windows NT 6.1; WOW64; Trident/7.0; rv:11.0) like Gecko"
96.239.108.47 - - [20/Jun/2014:13:35:42 -0400] "GET /galleries/landscape/data1/images/landscape13.jpg HTTP/1.1" 200 65490 "http://www.islandgreenery.net/galleries/landscape/index.html" "Mozilla/5.0 (Windows NT 6.1; WOW64; Trident/7.0; rv:11.0) like Gecko"
46.118.155.40 - - [20/Jun/2014:13:49:15 -0400] "GET / HTTP/1.1" 200 4374 "http://alif-ba-ta.com/ru/index.html" "Mozilla/4.0 (compatible; MSIE 6.0; Windows NT 5.0; KTXN)"
12.111.223.151 - - [20/Jun/2014:15:49:13 -0400] "GET /galleries/masonry/data1/images/masonry1.jpg HTTP/1.1" 200 31823 "http://www.islandgreenery.net/galleries/masonry/index.html" "Mozilla/5.0 (Windows NT 6.1; WOW64; Trident/7.0; rv:11.0) like Gecko"
66.11.134.5 - - [20/Jun/2014:16:10:38 -0400] "GET /CSS/main.css HTTP/1.1" 200 7040 "http://www.islandgreenery.net/" "Mozilla/5.0 (compatible; MSIE 10.0; Windows NT 6.1; WOW64; Trident/6.0)"
66.11.134.5 - - [20/Jun/2014:16:10:38 -0400] "GET /Images/lineThin.png HTTP/1.1" 200 2938 "http://www.islandgreenery.net/" "Mozilla/5.0 (compatible; MSIE 10.0; Windows NT 6.1; WOW64; Trident/6.0)"
66.11.134.5 - - [20/Jun/2014:16:10:38 -0400] "GET /Images/Home/seasonSpecials.png HTTP/1.1" 200 35145 "http://www.islandgreenery.net/" "Mozilla/5.0 (compatible; MSIE 10.0; Windows NT 6.1; WOW64; Trident/6.0)"
66.11.134.5 - - [20/Jun/2014:16:10:38 -0400] "GET /Images/Home/mainPic.jpg HTTP/1.1" 200 209933 "http://www.islandgreenery.net/" "Mozilla/5.0 (compatible; MSIE 10.0; Windows NT 6.1; WOW64; Trident/6.0)"
66.11.134.5 - - [20/Jun/2014:16:10:39 -0400] "GET /favicon.ico HTTP/1.1" 404 575 "-" "Mozilla/5.0 (compatible; MSIE 10.0; Windows NT 6.1; Win64; x64; Trident/6.0)"
66.11.134.5 - - [20/Jun/2014:16:10:39 -0400] "GET /Images/Navigation/ThinGreen.png HTTP/1.1" 200 7642 "http://www.islandgreenery.net/" "Mozilla/5.0 (compatible; MSIE 10.0; Windows NT 6.1; WOW64; Trident/6.0)"
66.11.134.5 - - [20/Jun/2014:16:10:48 -0400] "GET /Images/Propane/coupon.png HTTP/1.1" 200 43927 "http://www.islandgreenery.net/propane.html" "Mozilla/5.0 (compatible; MSIE 10.0; Windows NT 6.1; WOW64; Trident/6.0)"
12.111.223.151 - - [20/Jun/2014:16:33:33 -0400] "GET /Images/Home/propane.jpg HTTP/1.1" 200 29411 "http://www.islandgreenery.net/?adid-2E343B92-B097-442c-BFA5-BE371E0325A2=1607093&kw-2E343B92-B097-442c-BFA5-BE371E0325A2=nursery" "Mozilla/4.0 (compatible; MSIE 7.0; AOL 9.7; AOLBuild 4343.1028; Windows NT 6.1; WOW64; Trident/5.0; SLCC2; .NET CLR 2.0.50727; .NET CLR 3.5.30729; .NET CLR 3.0.30729; Media Center PC 6.0; .NET4.0C; .NET4.0E; BRI/2)"
12.111.223.151 - - [20/Jun/2014:16:33:33 -0400] "GET /Images/Home/mainPic.jpg HTTP/1.1" 200 209933 "http://www.islandgreenery.net/?adid-2E343B92-B097-442c-BFA5-BE371E0325A2=1607093&kw-2E343B92-B097-442c-BFA5-BE371E0325A2=nursery" "Mozilla/4.0 (compatible; MSIE 7.0; AOL 9.7; AOLBuild 4343.1028; Windows NT 6.1; WOW64; Trident/5.0; SLCC2; .NET CLR 2.0.50727; .NET CLR 3.5.30729; .NET CLR 3.0.30729; Media Center PC 6.0; .NET4.0C; .NET4.0E; BRI/2)"
12.111.223.151 - - [20/Jun/2014:17:51:09 -0400] "GET /Images/Home/seasonSpecials.png HTTP/1.1" 200 35145 "http://www.islandgreenery.net/CSS/main.css" "Mozilla/5.0 (Windows NT 6.1; WOW64; rv:30.0) Gecko/20100101 Firefox/30.0"
12.111.223.151 - - [20/Jun/2014:17:51:09 -0400] "GET /Images/Home/propane.jpg HTTP/1.1" 200 29411 "http://www.islandgreenery.net/CSS/main.css" "Mozilla/5.0 (Windows NT 6.1; WOW64; rv:30.0) Gecko/20100101 Firefox/30.0"
68.193.125.51 - - [20/Jun/2014:19:17:51 -0400] "GET /Images/Contact/operator.png HTTP/1.1" 200 35065 "http://www.islandgreenery.net/contact.php" "Mozilla/5.0 (Windows NT 6.1; WOW64) AppleWebKit/537.36 (KHTML, like Gecko) Chrome/35.0.1916.153 Safari/537.36"
68.193.125.51 - - [20/Jun/2014:19:17:51 -0400] "GET /Images/Contact/facebookHov.png HTTP/1.1" 200 6360 "http://www.islandgreenery.net/contact.php" "Mozilla/5.0 (Windows NT 6.1; WOW64) AppleWebKit/537.36 (KHTML, like Gecko) Chrome/35.0.1916.153 Safari/537.36"
68.193.125.51 - - [20/Jun/2014:19:18:49 -0400] "GET /contact.php HTTP/1.1" 200 6387 "http://www.islandgreenery.net/propane.html" "Mozilla/5.0 (Windows NT 6.1; WOW64) AppleWebKit/537.36 (KHTML, like Gecko) Chrome/35.0.1916.153 Safari/537.36"
12.111.223.151 - - [20/Jun/2014:22:12:59 -0400] "GET / HTTP/1.1" 200 4374 "-" "AdsBot-Google (+http://www.google.com/adsbot.html)"
12.111.223.151 - - [20/Jun/2014:22:49:17 -0400] "GET /Images/Home/propane.jpg HTTP/1.1" 200 29411 "http://www.islandgreenery.net/?adid-2E343B92-B097-442c-BFA5-BE371E0325A2=1607093&kw-2E343B92-B097-442c-BFA5-BE371E0325A2=tree+nursery" "Mozilla/5.0 (iPad; CPU OS 7_1_1 like Mac OS X) AppleWebKit/537.51.2 (KHTML, like Gecko) Version/7.0 Mobile/11D201 Safari/9537.53"
12.111.223.151 - - [20/Jun/2014:23:15:57 -0400] "GET /Images/islandGreeneryLogo.png HTTP/1.1" 200 52254 "http://www.islandgreenery.net/?adid-2E343B92-B097-442c-BFA5-BE371E0325A2=1607093&kw-2E343B92-B097-442c-BFA5-BE371E0325A2=tree+nursery" "Mozilla/4.0 (compatible; MSIE 8.0; Windows NT 6.1)"
66.55.152.251 - - [20/Jun/2014:10:25:50 -0400] "HEAD /CSS/text.css HTTP/1.1" 200 - "-" "Mozilla/5.0 (Windows NT 6.1; WOW64) AppleWebKit/537.36 (KHTML, like Gecko) Chrome/31.0.1650.63 Safari/537.36"
193.150.120.14 - - [20/Jun/2014:10:29:45 -0400] "GET / HTTP/1.1" 200 4374 "http://boonex.ru/" "Mozilla/4.0 (compatible; MSIE 6.0; Windows NT 5.1; SV1)"
65.254.5.67 - - [20/Jun/2014:10:51:58 -0400] "GET /Images/lineThick.png HTTP/1.1" 200 12232 "http://www.islandgreenery.net/" "Mozilla/5.0 (Windows NT 6.1; Trident/7.0; rv:11.0) like Gecko"
65.254.5.67 - - [20/Jun/2014:10:51:58 -0400] "GET /Images/Navigation/ThinBlue.png HTTP/1.1" 200 7349 "http://www.islandgreenery.net/" "Mozilla/5.0 (Windows NT 6.1; Trident/7.0; rv:11.0) like Gecko"
12.111.223.151 - - [20/Jun/2014:10:57:01 -0400] "GET /favicon.ico HTTP/1.1" 404 575 "-" "Mozilla/4.0 (compatible; MSIE 8.0; Windows NT 6.1; Trident/4.0; SLCC2; .NET CLR 2.0.50727; .NET CLR 3.5.30729; .NET CLR 3.0.30729; Media Center PC 6.0; .NET4.0C)"
208.255.153.10 - - [20/Jun/2014:11:22:04 -0400] "GET /garden.html HTTP/1.1" 200 4730 "http://www.islandgreenery.net/" "Mozilla/5.0 (Windows NT 6.1; WOW64) AppleWebKit/537.36 (KHTML, like Gecko) Chrome/35.0.1916.153 Safari/537.36"
208.255.153.10 - - [20/Jun/2014:11:22:04 -0400] "GET /Images/Garden/mainCenter.jpg HTTP/1.1" 200 207926 "http://www.islandgreenery.net/garden.html" "Mozilla/5.0 (Windows NT 6.1; WOW64) AppleWebKit/537.36 (KHTML, like Gecko) Chrome/35.0.1916.153 Safari/537.36"
75.127.138.21 - - [20/Jun/2014:11:55:47 -0400] "GET /Images/Home/mainPic.jpg HTTP/1.1" 200 209933 "http://www.islandgreenery.net/" "Mozilla/5.0 (Windows NT 6.1; WOW64) AppleWebKit/537.36 (KHTML, like Gecko) Chrome/35.0.1916.153 Safari/537.36"
12.111.223.151 - - [20/Jun/2014:00:44:53 -0400] "GET /CSS/text.css HTTP/1.1" 200 731 "http://www.islandgreenery.net/?adid-2E343B92-B097-442c-BFA5-BE371E0325A2=1607091&kw-2E343B92-B097-442c-BFA5-BE371E0325A2=perennials" "Mozilla/4.0 (compatible; MSIE 8.0; Windows NT 5.1; Trident/4.0)"
12.111.223.151 - - [20/Jun/2014:00:44:55 -0400] "GET /Images/Home/seasonSpecials.png HTTP/1.1" 200 35145 "http://www.islandgreenery.net/?adid-2E343B92-B097-442c-BFA5-BE371E0325A2=1607091&kw-2E343B92-B097-442c-BFA5-BE371E0325A2=perennials" "Mozilla/4.0 (compatible; MSIE 8.0; Windows NT 5.1; Trident/4.0)"
12.111.223.151 - - [20/Jun/2014:03:30:05 -0400] "GET /Images/Navigation/ThinBlue.png HTTP/1.1" 200 7349 "http://www.islandgreenery.net/?adid-2E343B92-B097-442c-BFA5-BE371E0325A2=1607091&kw-2E343B92-B097-442c-BFA5-BE371E0325A2=mulch+installation" "Mozilla/4.0 (compatible; MSIE 8.0; Windows NT 6.1; Trident/4.0)"
12.111.223.151 - - [20/Jun/2014:05:54:10 -0400] "GET / HTTP/1.1" 200 4374 "-" "Mozilla/4.0 (compatible; MSIE 7.0; Windows NT 5.1; .NET CLR 1.1.4322; .NET CLR 2.0.50727)"
12.111.223.151 - - [20/Jun/2014:13:00:46 -0400] "GET /Images/islandGreeneryLogo.png HTTP/1.1" 200 52254 "http://www.islandgreenery.net/?adid-2E343B92-B097-442c-BFA5-BE371E0325A2=1607093&kw-2E343B92-B097-442c-BFA5-BE371E0325A2=ornamental+grasses" "Mozilla/4.0 (compatible; MSIE 8.0; Windows NT 6.1; Trident/4.0; SLCC2; .NET CLR 2.0.50727; .NET CLR 3.5.30729; .NET CLR 3.0.30729; Media Center PC 6.0)"
69.115.127.195 - - [20/Jun/2014:14:37:24 -0400] "GET / HTTP/1.1" 200 4374 "-" "Mozilla/5.0 (iPad; CPU OS 6_1_3 like Mac OS X) AppleWebKit/536.26 (KHTML, like Gecko) Version/6.0 Mobile/10B329 Safari/8536.25"
69.115.127.195 - - [20/Jun/2014:14:37:24 -0400] "GET /Images/islandGreeneryLogo.png HTTP/1.1" 200 52254 "http://www.islandgreenery.net/" "Mozilla/5.0 (iPad; CPU OS 6_1_3 like Mac OS X) AppleWebKit/536.26 (KHTML, like Gecko) Version/6.0 Mobile/10B329 Safari/8536.25"
69.115.127.195 - - [20/Jun/2014:14:37:24 -0400] "GET /Images/Navigation/bluewide.jpg HTTP/1.1" 200 16322 "http://www.islandgreenery.net/" "Mozilla/5.0 (iPad; CPU OS 6_1_3 like Mac OS X) AppleWebKit/536.26 (KHTML, like Gecko) Version/6.0 Mobile/10B329 Safari/8536.25"
