0byt3m1n1
Path:
/
data
/
0
/
0
/
79
/
78
/
79567
/
meta
/
80877
/
logs
/
[
Home
]
File: x-access_log.2020-09-09
10.30.94.78 - - [09/Sep/2020:00:00:19 -0400] "POST /wp-cron.php?doing_wp_cron=1599624020.0756840705871582031250 HTTP/1.0" 200 - "http://www.islandgreenery.net/wp-cron.php?doing_wp_cron=1599624020.0756840705871582031250" "WordPress/5.4.2; http://www.islandgreenery.net"
31.173.35.25 - - [09/Sep/2020:00:20:43 -0400] "GET /wordpress/wp-content/plugins/wp-file-manager/lib/php/connector.minimal.php?cmd=mkfile&name=p3.php&target=l1_Lw HTTP/1.0" 404 24479 "-" "Mozlila/5.0 (Linux; Android 7.0; SM-G892A Bulid/NRD90M; wv) AppleWebKit/537.36 (KHTML, like Gecko) Version/4.0 Chrome/60.0.3112.107 Moblie Safari/537.36"
18.212.156.118 - - [09/Sep/2020:00:32:06 -0400] "GET /feed/ HTTP/1.0" 200 40217 "https://www.google.com/" "Mozilla/5.0 (Macintosh; Intel Mac OS X 10_15_1) AppleWebKit/605.1.15 (KHTML, like Gecko) Version/13.0.3 Safari/605.1.15"
39.101.67.145 - - [09/Sep/2020:00:43:03 -0400] "GET /e/admin/index.php HTTP/1.0" 301 500 "-" "Mozilla/5.0 (Windows NT 10.0; WOW64; rv:48.0) Gecko/20100101 Firefox/48.0"
10.30.94.78 - - [09/Sep/2020:00:43:05 -0400] "POST /wp-cron.php?doing_wp_cron=1599626585.8200950622558593750000 HTTP/1.0" 200 - "http://www.islandgreenery.net/wp-cron.php?doing_wp_cron=1599626585.8200950622558593750000" "WordPress/5.4.2; http://www.islandgreenery.net"
185.86.164.101 - - [09/Sep/2020:00:43:21 -0400] "GET /wp-login.php HTTP/1.0" 200 5059 "-" "Mozilla/5.0 (Windows NT 10.0; WOW64) AppleWebKit/537.36 (KHTML, like Gecko) Chrome/51.0.2704.103 Safari/537.36"
185.86.164.101 - - [09/Sep/2020:00:43:22 -0400] "POST /wp-login.php HTTP/1.0" 200 5476 "http://www.islandgreenery.net/wp-login.php" "Mozilla/5.0 (Windows NT 10.0; WOW64) AppleWebKit/537.36 (KHTML, like Gecko) Chrome/51.0.2704.103 Safari/537.36"
96.250.41.107 - - [09/Sep/2020:01:22:52 -0400] "GET /wp-content/plugins/contact-form-7/includes/css/styles.css?ver=5.1.7 HTTP/1.0" 200 1746 "http://www.islandgreenery.net/" "Mozilla/5.0 (iPad; CPU OS 12_4 like Mac OS X) AppleWebKit/605.1.15 (KHTML, like Gecko) CriOS/85.0.4183.92 Mobile/15E148 Safari/604.1"
96.250.41.107 - - [09/Sep/2020:01:22:52 -0400] "GET /wp-content/plugins/wp-responsive-menu/assets/js/modernizr.custom.js?ver=3.1.4 HTTP/1.0" 200 7197 "http://www.islandgreenery.net/" "Mozilla/5.0 (iPad; CPU OS 12_4 like Mac OS X) AppleWebKit/605.1.15 (KHTML, like Gecko) CriOS/85.0.4183.92 Mobile/15E148 Safari/604.1"
96.250.41.107 - - [09/Sep/2020:01:22:52 -0400] "GET /wp-content/themes/islandg/images/facebook-icon.png HTTP/1.0" 200 2368 "http://www.islandgreenery.net/" "Mozilla/5.0 (iPad; CPU OS 12_4 like Mac OS X) AppleWebKit/605.1.15 (KHTML, like Gecko) CriOS/85.0.4183.92 Mobile/15E148 Safari/604.1"
96.250.41.107 - - [09/Sep/2020:01:22:52 -0400] "GET /wp-content/themes/islandg/images/bower-branch-small.jpg HTTP/1.0" 200 10230 "http://www.islandgreenery.net/" "Mozilla/5.0 (iPad; CPU OS 12_4 like Mac OS X) AppleWebKit/605.1.15 (KHTML, like Gecko) CriOS/85.0.4183.92 Mobile/15E148 Safari/604.1"
66.249.79.28 - - [09/Sep/2020:01:38:57 -0400] "GET /ads.txt HTTP/1.0" 301 - "-" "Mozilla/5.0 (compatible; Googlebot/2.1; +http://www.google.com/bot.html)"
173.54.56.181 - - [09/Sep/2020:01:46:15 -0400] "GET / HTTP/1.0" 200 30102 "http://www.islandgreenery.net/" "Mozilla/5.0 (Windows NT 6.1; WOW64) AppleWebKit/537.36 (KHTML, like Gecko) Chrome/53.0.2785.89 Safari/537.36 QQBrowser"
192.71.225.127 - - [09/Sep/2020:01:50:55 -0400] "GET /humans.txt HTTP/1.0" 301 - "-" "Go-http-client/1.1"
40.65.183.5 - - [09/Sep/2020:01:57:24 -0400] "GET / HTTP/1.0" 301 - "-" "Mozilla/5.0 (Windows NT 10.0; Win64; x64) AppleWebKit/537.36 (KHTML, like Gecko) Chrome/76.0.3809.132 Safari/537.36"
10.30.94.78 - - [09/Sep/2020:03:04:55 -0400] "POST /wp-cron.php?doing_wp_cron=1599635095.4246459007263183593750 HTTP/1.0" 200 - "http://www.islandgreenery.net/wp-cron.php?doing_wp_cron=1599635095.4246459007263183593750" "WordPress/5.4.2; http://www.islandgreenery.net"
66.249.68.9 - - [09/Sep/2020:03:13:23 -0400] "GET /wp-content/themes/twentytwelve/style.css HTTP/1.0" 200 36443 "http://www.islandgreenery.net/wp-content/themes/islandg/style.css?ver=5.4.2" "Mozilla/5.0 AppleWebKit/537.36 (KHTML, like Gecko; compatible; Googlebot/2.1; +http://www.google.com/bot.html) Chrome/85.0.4183.93 Safari/537.36"
95.217.228.32 - - [09/Sep/2020:03:17:24 -0400] "GET /wp-includes/js/jquery/jquery-migrate.min.js?ver=1.4.1 HTTP/1.0" 200 10056 "http://www.islandgreenery.net/" "'Mozilla/5.0 (compatible; Seekport Crawler; http://seekport.com/'"
95.217.228.32 - - [09/Sep/2020:03:17:25 -0400] "GET /wp-content/themes/islandg/images/bumper-crop-logo.jpg HTTP/1.0" 200 16793 "http://www.islandgreenery.net/" "'Mozilla/5.0 (compatible; Seekport Crawler; http://seekport.com/'"
95.217.228.32 - - [09/Sep/2020:03:17:25 -0400] "GET /wp-content/themes/islandg/images/gcs-logo.png HTTP/1.0" 200 16391 "http://www.islandgreenery.net/" "'Mozilla/5.0 (compatible; Seekport Crawler; http://seekport.com/'"
95.217.228.32 - - [09/Sep/2020:03:17:25 -0400] "GET /wp-content/themes/islandg/images/footer-bg.jpg HTTP/1.0" 200 14183 "http://www.islandgreenery.net/wp-content/themes/islandg/style.css?ver=5.4.2" "'Mozilla/5.0 (compatible; Seekport Crawler; http://seekport.com/'"
95.217.228.32 - - [09/Sep/2020:03:17:27 -0400] "GET /wp-content/uploads/2020/05/late-spring-banner-bg-1.jpg HTTP/1.0" 200 40829 "http://www.islandgreenery.net/" "'Mozilla/5.0 (compatible; Seekport Crawler; http://seekport.com/'"
20.185.0.202 - - [09/Sep/2020:04:10:38 -0400] "GET /wp-content/plugins/wp-file-manager/lib/php/connector.minimal.php HTTP/1.0" 404 24479 "www.google.com" "Mozlila/5.0 (Linux; Android 7.0; SM-G892A Bulid/NRD90M; wv) AppleWebKit/537.36 (KHTML, like Gecko) Version/4.0 Chrome/60.0.3112.107 Moblie Safari/537.36"
207.46.13.68 - - [09/Sep/2020:07:10:32 -0400] "GET /wp-content/uploads/2020/03/IMG_2418-940x480.jpg HTTP/1.0" 200 427841 "-" "Mozilla/5.0 (compatible; bingbot/2.0; +http://www.bing.com/bingbot.htm)"
128.90.166.130 - - [09/Sep/2020:07:26:21 -0400] "GET /new/wp-admin/install.php?step=1 HTTP/1.0" 301 500 "-" "Mozilla/5.0 (X11; Linux x86_64; rv:52.0) Gecko/20100101 Firefox/52.0"
128.90.166.130 - - [09/Sep/2020:07:26:25 -0400] "GET /new/wp-admin/setup-config.php HTTP/1.0" 301 500 "-" "Mozilla/5.0 (X11; Linux x86_64; rv:52.0) Gecko/20100101 Firefox/52.0"
128.90.166.130 - - [09/Sep/2020:07:26:50 -0400] "GET /demo/wp-admin/setup-config.php HTTP/1.0" 404 24479 "-" "Mozilla/5.0 (X11; Linux x86_64; rv:52.0) Gecko/20100101 Firefox/52.0"
128.90.166.130 - - [09/Sep/2020:07:27:04 -0400] "GET /wordpress/wp-admin/install.php?step=1 HTTP/1.0" 404 24479 "-" "Mozilla/5.0 (X11; Linux x86_64; rv:52.0) Gecko/20100101 Firefox/52.0"
10.30.94.78 - - [09/Sep/2020:07:27:17 -0400] "POST /wp-cron.php?doing_wp_cron=1599650837.9835550785064697265625 HTTP/1.0" 200 - "http://www.islandgreenery.net/wp-cron.php?doing_wp_cron=1599650837.9835550785064697265625" "WordPress/5.4.2; http://www.islandgreenery.net"
128.90.166.130 - - [09/Sep/2020:07:27:18 -0400] "GET /tes/wp-admin/setup-config.php HTTP/1.0" 301 500 "-" "Mozilla/5.0 (X11; Linux x86_64; rv:52.0) Gecko/20100101 Firefox/52.0"
128.90.166.130 - - [09/Sep/2020:07:27:19 -0400] "GET /test/wp-admin/install.php?step=1 HTTP/1.0" 301 500 "-" "Mozilla/5.0 (X11; Linux x86_64; rv:52.0) Gecko/20100101 Firefox/52.0"
128.90.166.130 - - [09/Sep/2020:07:27:20 -0400] "GET /test/wp-admin/setup-config.php HTTP/1.0" 301 500 "-" "Mozilla/5.0 (X11; Linux x86_64; rv:52.0) Gecko/20100101 Firefox/52.0"
128.90.166.130 - - [09/Sep/2020:07:27:21 -0400] "GET /test/wp-admin/setup-config.php HTTP/1.0" 404 24479 "-" "Mozilla/5.0 (X11; Linux x86_64; rv:52.0) Gecko/20100101 Firefox/52.0"
128.90.166.130 - - [09/Sep/2020:07:27:38 -0400] "GET /cms/wp-admin/setup-config.php HTTP/1.0" 301 500 "-" "Mozilla/5.0 (X11; Linux x86_64; rv:52.0) Gecko/20100101 Firefox/52.0"
137.83.201.122 - - [09/Sep/2020:08:26:52 -0400] "GET /wp-content/plugins/master-slider/public/assets/css/masterslider.main.css?ver=3.5.8 HTTP/1.0" 200 66525 "http://www.islandgreenery.net/" "Mozilla/5.0 (Windows NT 10.0; WOW64) AppleWebKit/537.36 (KHTML, like Gecko) Chrome/84.0.4147.89 Safari/537.36"
137.83.201.122 - - [09/Sep/2020:08:26:52 -0400] "GET /wp-content/plugins/wp-responsive-menu/assets/js/wprmenu.js?ver=3.1.4 HTTP/1.0" 200 8525 "http://www.islandgreenery.net/" "Mozilla/5.0 (Windows NT 10.0; WOW64) AppleWebKit/537.36 (KHTML, like Gecko) Chrome/84.0.4147.89 Safari/537.36"
137.83.201.122 - - [09/Sep/2020:08:26:52 -0400] "GET /wp-content/themes/islandg/images/gcs-logo.png HTTP/1.0" 200 16391 "http://www.islandgreenery.net/" "Mozilla/5.0 (Windows NT 10.0; WOW64) AppleWebKit/537.36 (KHTML, like Gecko) Chrome/84.0.4147.89 Safari/537.36"
137.83.201.122 - - [09/Sep/2020:08:26:52 -0400] "GET /wp-content/plugins/master-slider/public/assets/js/masterslider.min.js?ver=3.5.8 HTTP/1.0" 200 90646 "http://www.islandgreenery.net/" "Mozilla/5.0 (Windows NT 10.0; WOW64) AppleWebKit/537.36 (KHTML, like Gecko) Chrome/84.0.4147.89 Safari/537.36"
34.242.21.168 - - [09/Sep/2020:09:03:30 -0400] "GET /masonry-design HTTP/1.0" 301 - "-" "Mozilla/5.0 (Windows NT 6.2; WOW64)"
74.90.122.15 - - [09/Sep/2020:09:41:14 -0400] "GET /wp-content/themes/islandg/style.css?ver=5.4.2 HTTP/1.0" 200 77097 "http://www.islandgreenery.net/" "Mozilla/5.0 (iPad; CPU OS 13_3 like Mac OS X) AppleWebKit/605.1.15 (KHTML, like Gecko) CriOS/84.0.4147.122 Mobile/15E148 Safari/604.1"
74.90.122.15 - - [09/Sep/2020:09:41:14 -0400] "GET /wp-content/plugins/contact-form-7/includes/js/scripts.js?ver=5.1.7 HTTP/1.0" 200 14440 "http://www.islandgreenery.net/" "Mozilla/5.0 (iPad; CPU OS 13_3 like Mac OS X) AppleWebKit/605.1.15 (KHTML, like Gecko) CriOS/84.0.4147.122 Mobile/15E148 Safari/604.1"
74.90.122.15 - - [09/Sep/2020:09:41:15 -0400] "GET /wp-content/themes/twentytwelve/style.css HTTP/1.0" 200 36443 "http://www.islandgreenery.net/" "Mozilla/5.0 (iPad; CPU OS 13_3 like Mac OS X) AppleWebKit/605.1.15 (KHTML, like Gecko) CriOS/84.0.4147.122 Mobile/15E148 Safari/604.1"
74.90.122.15 - - [09/Sep/2020:09:41:15 -0400] "GET /wp-content/themes/islandg/images/pit-barrel-border.jpg HTTP/1.0" 200 16627 "http://www.islandgreenery.net/" "Mozilla/5.0 (iPad; CPU OS 13_3 like Mac OS X) AppleWebKit/605.1.15 (KHTML, like Gecko) CriOS/84.0.4147.122 Mobile/15E148 Safari/604.1"
74.90.122.15 - - [09/Sep/2020:09:41:15 -0400] "GET /wp-content/themes/islandg/images/home-garden-showplace-logo.jpg HTTP/1.0" 200 4334 "http://www.islandgreenery.net/" "Mozilla/5.0 (iPad; CPU OS 13_3 like Mac OS X) AppleWebKit/605.1.15 (KHTML, like Gecko) CriOS/84.0.4147.122 Mobile/15E148 Safari/604.1"
74.90.122.15 - - [09/Sep/2020:09:41:15 -0400] "GET /wp-content/themes/islandg/images/bg.jpg HTTP/1.0" 200 154003 "http://www.islandgreenery.net/" "Mozilla/5.0 (iPad; CPU OS 13_3 like Mac OS X) AppleWebKit/605.1.15 (KHTML, like Gecko) CriOS/84.0.4147.122 Mobile/15E148 Safari/604.1"
74.90.122.15 - - [09/Sep/2020:09:41:15 -0400] "GET /wp-content/themes/islandg/images/propane-block-bg.jpg HTTP/1.0" 200 13183 "http://www.islandgreenery.net/" "Mozilla/5.0 (iPad; CPU OS 13_3 like Mac OS X) AppleWebKit/605.1.15 (KHTML, like Gecko) CriOS/84.0.4147.122 Mobile/15E148 Safari/604.1"
74.90.122.15 - - [09/Sep/2020:09:41:15 -0400] "GET /wp-content/themes/islandg/images/design-grad.png HTTP/1.0" 200 200 "http://www.islandgreenery.net/" "Mozilla/5.0 (iPad; CPU OS 13_3 like Mac OS X) AppleWebKit/605.1.15 (KHTML, like Gecko) CriOS/84.0.4147.122 Mobile/15E148 Safari/604.1"
10.30.94.78 - - [09/Sep/2020:09:41:12 -0400] "POST /wp-cron.php?doing_wp_cron=1599658873.1566529273986816406250 HTTP/1.0" 200 - "http://www.islandgreenery.net/wp-cron.php?doing_wp_cron=1599658873.1566529273986816406250" "WordPress/5.4.2; http://www.islandgreenery.net"
185.85.238.244 - - [09/Sep/2020:09:50:53 -0400] "GET /wp-login.php HTTP/1.0" 200 5059 "-" "Mozilla/5.0 (Windows NT 10.0; WOW64) AppleWebKit/537.36 (KHTML, like Gecko) Chrome/51.0.2704.103 Safari/537.36"
185.85.238.244 - - [09/Sep/2020:09:50:57 -0400] "POST /wp-login.php HTTP/1.0" 200 5476 "http://www.islandgreenery.net/wp-login.php" "Mozilla/5.0 (Windows NT 10.0; WOW64) AppleWebKit/537.36 (KHTML, like Gecko) Chrome/51.0.2704.103 Safari/537.36"
137.83.201.122 - - [09/Sep/2020:09:51:59 -0400] "GET / HTTP/1.0" 200 30102 "https://www.google.com/" "Mozilla/5.0 (Windows NT 10.0; WOW64) AppleWebKit/537.36 (KHTML, like Gecko) Chrome/84.0.4147.89 Safari/537.36"
137.83.201.122 - - [09/Sep/2020:09:52:02 -0400] "GET /wp-content/themes/islandg/style.css?ver=5.4.2 HTTP/1.0" 200 77097 "http://www.islandgreenery.net/" "Mozilla/5.0 (Windows NT 10.0; WOW64) AppleWebKit/537.36 (KHTML, like Gecko) Chrome/84.0.4147.89 Safari/537.36"
137.83.201.122 - - [09/Sep/2020:09:52:02 -0400] "GET /wp-content/themes/islandg/images/nicolock-logo.jpg HTTP/1.0" 200 5694 "http://www.islandgreenery.net/" "Mozilla/5.0 (Windows NT 10.0; WOW64) AppleWebKit/537.36 (KHTML, like Gecko) Chrome/84.0.4147.89 Safari/537.36"
10.30.94.78 - - [09/Sep/2020:10:17:39 -0400] "POST /wp-cron.php?doing_wp_cron=1599661059.1160960197448730468750 HTTP/1.0" 200 - "http://www.islandgreenery.net/wp-cron.php?doing_wp_cron=1599661059.1160960197448730468750" "WordPress/5.4.2; http://www.islandgreenery.net"
10.30.94.78 - - [09/Sep/2020:10:22:56 -0400] "POST /wp-cron.php?doing_wp_cron=1599661376.7757980823516845703125 HTTP/1.0" 200 - "http://www.islandgreenery.net/wp-cron.php?doing_wp_cron=1599661376.7757980823516845703125" "WordPress/5.4.2; http://www.islandgreenery.net"
67.84.18.14 - - [09/Sep/2020:10:23:05 -0400] "GET /wp-content/plugins/wp-responsive-menu/assets/js/wprmenu.js?ver=3.1.4 HTTP/1.0" 200 8525 "http://www.islandgreenery.net/" "Mozilla/5.0 (Windows NT 10.0; Win64; x64) AppleWebKit/537.36 (KHTML, like Gecko) Chrome/85.0.4183.83 Safari/537.36"
67.84.18.14 - - [09/Sep/2020:10:23:05 -0400] "GET /wp-content/themes/twentytwelve/style.css HTTP/1.0" 200 36443 "http://www.islandgreenery.net/wp-content/themes/islandg/style.css?ver=5.4.2" "Mozilla/5.0 (Windows NT 10.0; Win64; x64) AppleWebKit/537.36 (KHTML, like Gecko) Chrome/85.0.4183.83 Safari/537.36"
67.84.18.14 - - [09/Sep/2020:10:23:06 -0400] "GET /wp-content/themes/twentytwelve/js/navigation.js?ver=20140711 HTTP/1.0" 200 1552 "http://www.islandgreenery.net/" "Mozilla/5.0 (Windows NT 10.0; Win64; x64) AppleWebKit/537.36 (KHTML, like Gecko) Chrome/85.0.4183.83 Safari/537.36"
67.84.18.14 - - [09/Sep/2020:10:23:06 -0400] "GET /wp-content/themes/islandg/images/bg.jpg HTTP/1.0" 200 154003 "http://www.islandgreenery.net/wp-content/themes/islandg/style.css?ver=5.4.2" "Mozilla/5.0 (Windows NT 10.0; Win64; x64) AppleWebKit/537.36 (KHTML, like Gecko) Chrome/85.0.4183.83 Safari/537.36"
67.84.18.14 - - [09/Sep/2020:10:23:07 -0400] "GET /wp-content/themes/islandg/images/paraco-logo.jpg HTTP/1.0" 200 6286 "http://www.islandgreenery.net/" "Mozilla/5.0 (Windows NT 10.0; Win64; x64) AppleWebKit/537.36 (KHTML, like Gecko) Chrome/85.0.4183.83 Safari/537.36"
67.84.18.14 - - [09/Sep/2020:10:23:07 -0400] "GET /wp-content/plugins/master-slider/public/assets/css/skins/light-skin-1.png HTTP/1.0" 200 4267 "http://www.islandgreenery.net/wp-content/plugins/master-slider/public/assets/css/masterslider.main.css?ver=3.5.8" "Mozilla/5.0 (Windows NT 10.0; Win64; x64) AppleWebKit/537.36 (KHTML, like Gecko) Chrome/85.0.4183.83 Safari/537.36"
67.84.18.14 - - [09/Sep/2020:10:23:07 -0400] "GET /wp-content/uploads/2020/05/late-spring-banner-bg-5.jpg HTTP/1.0" 200 30749 "http://www.islandgreenery.net/" "Mozilla/5.0 (Windows NT 10.0; Win64; x64) AppleWebKit/537.36 (KHTML, like Gecko) Chrome/85.0.4183.83 Safari/537.36"
67.84.18.14 - - [09/Sep/2020:10:24:20 -0400] "GET /wp-content/uploads/2020/03/IMG_1344-140x80.jpg HTTP/1.0" 200 28591 "http://www.islandgreenery.net/gallery/" "Mozilla/5.0 (Windows NT 10.0; Win64; x64) AppleWebKit/537.36 (KHTML, like Gecko) Chrome/85.0.4183.83 Safari/537.36"
34.216.157.161 - - [09/Sep/2020:10:24:24 -0400] "GET /wp-includes/js/jquery/jquery-migrate.min.js?ver=1.4.1 HTTP/1.0" 200 10056 "-" "Mozilla/5.0 (Windows NT 6.1; Win64; x64) AppleWebKit/537.36 (KHTML, like Gecko) Chrome/72.0.3626.109 Safari/537.36"
52.12.101.44 - - [09/Sep/2020:10:24:23 -0400] "GET / HTTP/1.0" 200 30102 "-" "Mozilla/5.0 (Windows NT 6.1; Win64; x64) AppleWebKit/537.36 (KHTML, like Gecko) Chrome/72.0.3626.109 Safari/537.36"
52.224.21.19 - - [09/Sep/2020:10:26:15 -0400] "GET / HTTP/1.0" 200 30102 "-" "Mozilla/5.0 (iPhone; CPU iPhone OS 13_3 like Mac OS X) AppleWebKit/605.1.15 (KHTML%2C like Gecko) Mobile/15E148"
10.30.94.78 - - [09/Sep/2020:10:31:18 -0400] "POST /wp-cron.php?doing_wp_cron=1599661878.0646679401397705078125 HTTP/1.0" 200 - "http://www.islandgreenery.net/wp-cron.php?doing_wp_cron=1599661878.0646679401397705078125" "WordPress/5.4.2; http://www.islandgreenery.net"
62.210.189.2 - - [09/Sep/2020:10:33:10 -0400] "GET /emailer-signup/ HTTP/1.0" 200 26059 "-" "Mozilla/5.0 (compatible; Barkrowler/0.9; +https://babbar.tech/crawler)"
71.190.224.109 - - [09/Sep/2020:11:29:20 -0400] "GET /wp-content/themes/islandg/images/twitter-icon.png HTTP/1.0" 200 829 "http://www.islandgreenery.net/" "Mozilla/5.0 (Linux; Android 9; SAMSUNG SM-T510) AppleWebKit/537.36 (KHTML, like Gecko) SamsungBrowser/12.1 Chrome/79.0.3945.136 Safari/537.36"
71.190.224.109 - - [09/Sep/2020:11:29:20 -0400] "GET /wp-content/plugins/master-slider/public/assets/js/masterslider.min.js?ver=3.5.8 HTTP/1.0" 200 90646 "http://www.islandgreenery.net/" "Mozilla/5.0 (Linux; Android 9; SAMSUNG SM-T510) AppleWebKit/537.36 (KHTML, like Gecko) SamsungBrowser/12.1 Chrome/79.0.3945.136 Safari/537.36"
71.190.224.109 - - [09/Sep/2020:11:29:20 -0400] "GET /wp-content/themes/islandg/images/email-bg.jpg HTTP/1.0" 200 9006 "http://www.islandgreenery.net/wp-content/themes/islandg/style.css?ver=5.4.2" "Mozilla/5.0 (Linux; Android 9; SAMSUNG SM-T510) AppleWebKit/537.36 (KHTML, like Gecko) SamsungBrowser/12.1 Chrome/79.0.3945.136 Safari/537.36"
71.190.224.109 - - [09/Sep/2020:11:29:20 -0400] "GET /wp-content/themes/islandg/images/green-bullet.png HTTP/1.0" 200 173 "http://www.islandgreenery.net/wp-content/themes/islandg/style.css?ver=5.4.2" "Mozilla/5.0 (Linux; Android 9; SAMSUNG SM-T510) AppleWebKit/537.36 (KHTML, like Gecko) SamsungBrowser/12.1 Chrome/79.0.3945.136 Safari/537.36"
71.190.224.109 - - [09/Sep/2020:11:29:20 -0400] "GET /wp-content/themes/islandg/images/gcs-logo.png HTTP/1.0" 200 16391 "http://www.islandgreenery.net/" "Mozilla/5.0 (Linux; Android 9; SAMSUNG SM-T510) AppleWebKit/537.36 (KHTML, like Gecko) SamsungBrowser/12.1 Chrome/79.0.3945.136 Safari/537.36"
71.190.224.109 - - [09/Sep/2020:11:29:20 -0400] "GET /wp-includes/js/wp-emoji-release.min.js?ver=5.4.2 HTTP/1.0" 200 13901 "http://www.islandgreenery.net/" "Mozilla/5.0 (Linux; Android 9; SAMSUNG SM-T510) AppleWebKit/537.36 (KHTML, like Gecko) SamsungBrowser/12.1 Chrome/79.0.3945.136 Safari/537.36"
71.190.224.109 - - [09/Sep/2020:11:29:20 -0400] "GET /wp-content/themes/islandg/images/yellow-grad-bg.png HTTP/1.0" 200 307 "http://www.islandgreenery.net/wp-content/themes/islandg/style.css?ver=5.4.2" "Mozilla/5.0 (Linux; Android 9; SAMSUNG SM-T510) AppleWebKit/537.36 (KHTML, like Gecko) SamsungBrowser/12.1 Chrome/79.0.3945.136 Safari/537.36"
71.190.224.109 - - [09/Sep/2020:11:29:47 -0400] "GET /wp-content/uploads/2020/03/IMG_3173-140x80.jpg HTTP/1.0" 200 28476 "http://www.islandgreenery.net/gallery/" "Mozilla/5.0 (Linux; Android 9; SAMSUNG SM-T510) AppleWebKit/537.36 (KHTML, like Gecko) SamsungBrowser/12.1 Chrome/79.0.3945.136 Safari/537.36"
71.190.224.109 - - [09/Sep/2020:11:29:47 -0400] "GET /wp-content/uploads/2020/03/IMG_1344-140x80.jpg HTTP/1.0" 200 28591 "http://www.islandgreenery.net/gallery/" "Mozilla/5.0 (Linux; Android 9; SAMSUNG SM-T510) AppleWebKit/537.36 (KHTML, like Gecko) SamsungBrowser/12.1 Chrome/79.0.3945.136 Safari/537.36"
71.190.224.109 - - [09/Sep/2020:11:29:47 -0400] "GET /wp-content/uploads/2020/03/IMG_2418-140x80.jpg HTTP/1.0" 200 28407 "http://www.islandgreenery.net/gallery/" "Mozilla/5.0 (Linux; Android 9; SAMSUNG SM-T510) AppleWebKit/537.36 (KHTML, like Gecko) SamsungBrowser/12.1 Chrome/79.0.3945.136 Safari/537.36"
71.190.224.109 - - [09/Sep/2020:11:29:47 -0400] "GET /wp-content/uploads/2020/03/IMG_0643-e1583342226907-140x80.jpg HTTP/1.0" 200 28963 "http://www.islandgreenery.net/gallery/" "Mozilla/5.0 (Linux; Android 9; SAMSUNG SM-T510) AppleWebKit/537.36 (KHTML, like Gecko) SamsungBrowser/12.1 Chrome/79.0.3945.136 Safari/537.36"
71.190.224.109 - - [09/Sep/2020:11:30:10 -0400] "GET /wp-content/uploads/2016/03/View6-940x480.jpg HTTP/1.0" 200 411579 "http://www.islandgreenery.net/gallery/" "Mozilla/5.0 (Linux; Android 9; SAMSUNG SM-T510) AppleWebKit/537.36 (KHTML, like Gecko) SamsungBrowser/12.1 Chrome/79.0.3945.136 Safari/537.36"
71.190.224.109 - - [09/Sep/2020:11:30:21 -0400] "GET /wp-content/uploads/2020/03/IMG_4142-e1583341862699-940x480.jpg HTTP/1.0" 200 453941 "http://www.islandgreenery.net/gallery/" "Mozilla/5.0 (Linux; Android 9; SAMSUNG SM-T510) AppleWebKit/537.36 (KHTML, like Gecko) SamsungBrowser/12.1 Chrome/79.0.3945.136 Safari/537.36"
71.190.224.109 - - [09/Sep/2020:11:30:25 -0400] "GET /wp-content/uploads/2020/03/IMG_0643-e1583342226907-940x480.jpg HTTP/1.0" 200 382447 "http://www.islandgreenery.net/gallery/" "Mozilla/5.0 (Linux; Android 9; SAMSUNG SM-T510) AppleWebKit/537.36 (KHTML, like Gecko) SamsungBrowser/12.1 Chrome/79.0.3945.136 Safari/537.36"
47.16.106.230 - - [09/Sep/2020:11:39:37 -0400] "GET /wp-includes/js/wp-embed.min.js?ver=5.4.2 HTTP/1.0" 200 1434 "http://www.islandgreenery.net/specials-coupons/" "Mozilla/5.0 (Linux; Android 10; SM-G975U) AppleWebKit/537.36 (KHTML, like Gecko) Chrome/85.0.4183.81 Mobile Safari/537.36"
47.16.106.230 - - [09/Sep/2020:11:39:37 -0400] "GET /wp-content/themes/islandg/images/paraco-logo.jpg HTTP/1.0" 200 6286 "http://www.islandgreenery.net/specials-coupons/" "Mozilla/5.0 (Linux; Android 10; SM-G975U) AppleWebKit/537.36 (KHTML, like Gecko) Chrome/85.0.4183.81 Mobile Safari/537.36"
47.16.106.230 - - [09/Sep/2020:11:39:37 -0400] "GET /wp-content/plugins/wp-responsive-menu/assets/fonts/wprmenu.ttf?p8o4s0 HTTP/1.0" 200 1152 "http://www.islandgreenery.net/wp-content/plugins/wp-responsive-menu/assets/css/wprmenu.css?ver=3.1.4" "Mozilla/5.0 (Linux; Android 10; SM-G975U) AppleWebKit/537.36 (KHTML, like Gecko) Chrome/85.0.4183.81 Mobile Safari/537.36"
47.16.106.230 - - [09/Sep/2020:11:39:38 -0400] "GET /wp-includes/js/wp-emoji-release.min.js?ver=5.4.2 HTTP/1.0" 200 13901 "http://www.islandgreenery.net/specials-coupons/" "Mozilla/5.0 (Linux; Android 10; SM-G975U) AppleWebKit/537.36 (KHTML, like Gecko) Chrome/85.0.4183.81 Mobile Safari/537.36"
172.58.229.198 - - [09/Sep/2020:12:10:19 -0400] "GET /wp-includes/css/dist/block-library/style.min.css?ver=5.4.2 HTTP/1.0" 200 53593 "http://www.islandgreenery.net/" "Mozilla/5.0 (iPhone; CPU iPhone OS 13_6_1 like Mac OS X) AppleWebKit/605.1.15 (KHTML, like Gecko) Version/13.1.2 Mobile/15E148 Safari/604.1"
172.58.229.198 - - [09/Sep/2020:12:10:20 -0400] "GET /wp-content/plugins/wp-responsive-menu/assets/js/jquery.touchSwipe.min.js?ver=3.1.4 HTTP/1.0" 200 10290 "http://www.islandgreenery.net/" "Mozilla/5.0 (iPhone; CPU iPhone OS 13_6_1 like Mac OS X) AppleWebKit/605.1.15 (KHTML, like Gecko) Version/13.1.2 Mobile/15E148 Safari/604.1"
172.58.229.198 - - [09/Sep/2020:12:10:59 -0400] "GET /wp-content/themes/islandg/images/footer-bg.jpg HTTP/1.0" 200 14183 "http://www.islandgreenery.net/landscape-design/" "Mozilla/5.0 (iPhone; CPU iPhone OS 13_6_1 like Mac OS X) AppleWebKit/605.1.15 (KHTML, like Gecko) Version/13.1.2 Mobile/15E148 Safari/604.1"
172.58.229.198 - - [09/Sep/2020:12:12:03 -0400] "GET /masonry-design/ HTTP/1.0" 200 26022 "http://www.islandgreenery.net/landscape-design/" "Mozilla/5.0 (iPhone; CPU iPhone OS 13_6_1 like Mac OS X) AppleWebKit/605.1.15 (KHTML, like Gecko) Version/13.1.2 Mobile/15E148 Safari/604.1"
172.58.229.198 - - [09/Sep/2020:12:13:42 -0400] "GET /wp-content/uploads/2016/05/Houseplants_4.jpg HTTP/1.0" 200 36079 "http://www.islandgreenery.net/category/articles-resources/" "Mozilla/5.0 (iPhone; CPU iPhone OS 13_6_1 like Mac OS X) AppleWebKit/605.1.15 (KHTML, like Gecko) Version/13.1.2 Mobile/15E148 Safari/604.1"
172.58.229.198 - - [09/Sep/2020:12:14:05 -0400] "GET /wp-content/uploads/2020/03/IMG_3577-e1583340038301-940x480.jpg HTTP/1.0" 200 359819 "http://www.islandgreenery.net/gallery/" "Mozilla/5.0 (iPhone; CPU iPhone OS 13_6_1 like Mac OS X) AppleWebKit/605.1.15 (KHTML, like Gecko) Version/13.1.2 Mobile/15E148 Safari/604.1"
172.58.229.198 - - [09/Sep/2020:12:15:26 -0400] "GET /wp-content/uploads/2016/03/View10-940x480.jpg HTTP/1.0" 200 414805 "http://www.islandgreenery.net/gallery/" "Mozilla/5.0 (iPhone; CPU iPhone OS 13_6_1 like Mac OS X) AppleWebKit/605.1.15 (KHTML, like Gecko) Version/13.1.2 Mobile/15E148 Safari/604.1"
46.165.245.154 - - [09/Sep/2020:12:31:57 -0400] "POST /xmlrpc.php HTTP/1.0" 200 403 "-" "Mozilla/5.0 (Windows NT 10.0; Win64; x64) AppleWebKit/537.36 (KHTML, like Gecko) Chrome/64.0.3282.140 Safari/537.36 Edge/17.17134"
146.184.160.23 - - [09/Sep/2020:12:34:42 -0400] "GET /wp-content/uploads/2016/12/spring1-960x250.jpg HTTP/1.0" 200 231675 "-" "Mozilla/4.0 (compatible;)"
10.30.94.78 - - [09/Sep/2020:12:37:33 -0400] "POST /wp-cron.php?doing_wp_cron=1599669453.9154300689697265625000 HTTP/1.0" 200 - "http://www.islandgreenery.net/wp-cron.php?doing_wp_cron=1599669453.9154300689697265625000" "WordPress/5.4.2; http://www.islandgreenery.net"
165.225.0.68 - - [09/Sep/2020:12:37:36 -0400] "GET /wp-content/plugins/wp-responsive-menu/assets/js/modernizr.custom.js?ver=3.1.4 HTTP/1.0" 200 7197 "http://www.islandgreenery.net/" "Mozilla/5.0 (Windows NT 10.0; Win64; x64) AppleWebKit/537.36 (KHTML, like Gecko) Chrome/84.0.4147.105 Safari/537.36"
165.225.0.68 - - [09/Sep/2020:12:37:38 -0400] "GET /wp-content/plugins/contact-form-7/includes/js/scripts.js?ver=5.1.7 HTTP/1.0" 200 14440 "http://www.islandgreenery.net/" "Mozilla/5.0 (Windows NT 10.0; Win64; x64) AppleWebKit/537.36 (KHTML, like Gecko) Chrome/84.0.4147.105 Safari/537.36"
165.225.0.68 - - [09/Sep/2020:12:37:38 -0400] "GET /wp-content/plugins/master-slider/public/assets/js/jquery.easing.min.js?ver=3.5.8 HTTP/1.0" 200 5555 "http://www.islandgreenery.net/" "Mozilla/5.0 (Windows NT 10.0; Win64; x64) AppleWebKit/537.36 (KHTML, like Gecko) Chrome/84.0.4147.105 Safari/537.36"
10.30.94.78 - - [09/Sep/2020:12:43:29 -0400] "POST /wp-cron.php?doing_wp_cron=1599669809.6392800807952880859375 HTTP/1.0" 200 - "http://www.islandgreenery.net/wp-cron.php?doing_wp_cron=1599669809.6392800807952880859375" "WordPress/5.4.2; http://www.islandgreenery.net"
100.37.132.226 - - [09/Sep/2020:12:54:02 -0400] "GET /wp-content/themes/islandg/images/logo.png HTTP/1.0" 200 71909 "http://www.islandgreenery.net/" "Mozilla/5.0 (Windows NT 10.0; Win64; x64) AppleWebKit/537.36 (KHTML, like Gecko) Chrome/85.0.4183.102 Safari/537.36"
100.37.132.226 - - [09/Sep/2020:12:54:02 -0400] "GET /wp-content/plugins/wp-responsive-menu/assets/css/wpr-hamburger.css?ver=3.1.4 HTTP/1.0" 200 22025 "http://www.islandgreenery.net/" "Mozilla/5.0 (Windows NT 10.0; Win64; x64) AppleWebKit/537.36 (KHTML, like Gecko) Chrome/85.0.4183.102 Safari/537.36"
100.37.132.226 - - [09/Sep/2020:12:54:02 -0400] "GET /wp-content/plugins/master-slider/public/assets/css/blank.gif HTTP/1.0" 200 43 "http://www.islandgreenery.net/" "Mozilla/5.0 (Windows NT 10.0; Win64; x64) AppleWebKit/537.36 (KHTML, like Gecko) Chrome/85.0.4183.102 Safari/537.36"
100.37.132.226 - - [09/Sep/2020:12:54:02 -0400] "GET /wp-content/themes/twentytwelve/js/navigation.js?ver=20140711 HTTP/1.0" 200 1552 "http://www.islandgreenery.net/" "Mozilla/5.0 (Windows NT 10.0; Win64; x64) AppleWebKit/537.36 (KHTML, like Gecko) Chrome/85.0.4183.102 Safari/537.36"
100.37.132.226 - - [09/Sep/2020:12:54:02 -0400] "GET /wp-content/themes/islandg/images/paraco-logo.jpg HTTP/1.0" 200 6286 "http://www.islandgreenery.net/" "Mozilla/5.0 (Windows NT 10.0; Win64; x64) AppleWebKit/537.36 (KHTML, like Gecko) Chrome/85.0.4183.102 Safari/537.36"
100.37.132.226 - - [09/Sep/2020:12:54:02 -0400] "GET /wp-content/themes/islandg/images/email-bg.jpg HTTP/1.0" 200 9006 "http://www.islandgreenery.net/wp-content/themes/islandg/style.css?ver=5.4.2" "Mozilla/5.0 (Windows NT 10.0; Win64; x64) AppleWebKit/537.36 (KHTML, like Gecko) Chrome/85.0.4183.102 Safari/537.36"
10.30.94.78 - - [09/Sep/2020:13:21:44 -0400] "POST /wp-cron.php?doing_wp_cron=1599672104.8991301059722900390625 HTTP/1.0" 200 - "http://www.islandgreenery.net/wp-cron.php?doing_wp_cron=1599672104.8991301059722900390625" "WordPress/5.4.2; http://www.islandgreenery.net"
47.16.102.215 - - [09/Sep/2020:13:25:31 -0400] "GET /wp-content/uploads/master-slider/custom.css?ver=4.5 HTTP/1.0" 200 713 "http://www.islandgreenery.net/" "Mozilla/5.0 (iPhone; CPU iPhone OS 13_6_1 like Mac OS X) AppleWebKit/605.1.15 (KHTML, like Gecko) Version/13.1.2 Mobile/15E148 Safari/604.1"
47.16.102.215 - - [09/Sep/2020:13:25:31 -0400] "GET /wp-content/plugins/master-slider/public/assets/js/masterslider.min.js?ver=3.5.8 HTTP/1.0" 200 90646 "http://www.islandgreenery.net/" "Mozilla/5.0 (iPhone; CPU iPhone OS 13_6_1 like Mac OS X) AppleWebKit/605.1.15 (KHTML, like Gecko) Version/13.1.2 Mobile/15E148 Safari/604.1"
47.16.102.215 - - [09/Sep/2020:13:25:32 -0400] "GET /wp-content/themes/islandg/images/delea-logo.jpg HTTP/1.0" 200 3619 "http://www.islandgreenery.net/" "Mozilla/5.0 (iPhone; CPU iPhone OS 13_6_1 like Mac OS X) AppleWebKit/605.1.15 (KHTML, like Gecko) Version/13.1.2 Mobile/15E148 Safari/604.1"
47.16.102.215 - - [09/Sep/2020:13:25:32 -0400] "GET /wp-content/themes/islandg/images/home-garden-showplace-logo.jpg HTTP/1.0" 200 4334 "http://www.islandgreenery.net/" "Mozilla/5.0 (iPhone; CPU iPhone OS 13_6_1 like Mac OS X) AppleWebKit/605.1.15 (KHTML, like Gecko) Version/13.1.2 Mobile/15E148 Safari/604.1"
47.16.102.215 - - [09/Sep/2020:13:25:32 -0400] "GET /wp-content/themes/islandg/images/email-bg.jpg HTTP/1.0" 200 9006 "http://www.islandgreenery.net/" "Mozilla/5.0 (iPhone; CPU iPhone OS 13_6_1 like Mac OS X) AppleWebKit/605.1.15 (KHTML, like Gecko) Version/13.1.2 Mobile/15E148 Safari/604.1"
47.16.102.215 - - [09/Sep/2020:13:25:32 -0400] "GET /wp-content/uploads/2020/05/late-spring-banner-bg-2.jpg HTTP/1.0" 200 23114 "http://www.islandgreenery.net/" "Mozilla/5.0 (iPhone; CPU iPhone OS 13_6_1 like Mac OS X) AppleWebKit/605.1.15 (KHTML, like Gecko) Version/13.1.2 Mobile/15E148 Safari/604.1"
114.119.137.190 - - [09/Sep/2020:14:10:53 -0400] "GET /robots.txt HTTP/1.0" 200 67 "-" "(compatible;PetalBot;+http://aspiegel.com/petalbot)"
172.58.228.93 - - [09/Sep/2020:14:49:10 -0400] "GET /wp-content/themes/islandg/images/logo.png HTTP/1.0" 200 71909 "http://www.islandgreenery.net/propane-supply/" "Mozilla/5.0 (iPhone; CPU iPhone OS 13_6_1 like Mac OS X) AppleWebKit/605.1.15 (KHTML, like Gecko) Version/13.1.2 Mobile/15E148 Safari/604.1"
172.58.228.93 - - [09/Sep/2020:14:49:10 -0400] "GET /wp-content/themes/islandg/images/paraco-logo.jpg HTTP/1.0" 200 6286 "http://www.islandgreenery.net/propane-supply/" "Mozilla/5.0 (iPhone; CPU iPhone OS 13_6_1 like Mac OS X) AppleWebKit/605.1.15 (KHTML, like Gecko) Version/13.1.2 Mobile/15E148 Safari/604.1"
172.58.228.93 - - [09/Sep/2020:14:49:10 -0400] "GET /wp-content/themes/islandg/images/home-garden-showplace-logo.jpg HTTP/1.0" 200 4334 "http://www.islandgreenery.net/propane-supply/" "Mozilla/5.0 (iPhone; CPU iPhone OS 13_6_1 like Mac OS X) AppleWebKit/605.1.15 (KHTML, like Gecko) Version/13.1.2 Mobile/15E148 Safari/604.1"
172.58.228.93 - - [09/Sep/2020:14:49:10 -0400] "GET /propane-supply/ HTTP/1.0" 200 26615 "http://www.islandgreenery.net/propane-supply/" "Mozilla/5.0 (iPhone; CPU iPhone OS 13_6_1 like Mac OS X) AppleWebKit/605.1.15 (KHTML, like Gecko) Version/13.1.2 Mobile/15E148 Safari/604.1"
10.30.94.78 - - [09/Sep/2020:14:49:14 -0400] "POST /wp-admin/admin-ajax.php HTTP/1.0" 400 1 "http://www.islandgreenery.net/wp-admin/admin-ajax.php" "WordPress/5.4.2; http://www.islandgreenery.net"
172.58.228.93 - - [09/Sep/2020:14:49:55 -0400] "GET /wp-content/themes/islandg/images/email-bg.jpg HTTP/1.0" 200 9006 "http://www.islandgreenery.net/" "Mozilla/5.0 (iPhone; CPU iPhone OS 13_6_1 like Mac OS X) AppleWebKit/605.1.15 (KHTML, like Gecko) Version/13.1.2 Mobile/15E148 Safari/604.1"
172.58.228.93 - - [09/Sep/2020:14:49:56 -0400] "GET /wp-content/uploads/2020/05/late-spring-banner-bg-3.jpg HTTP/1.0" 200 62771 "http://www.islandgreenery.net/" "Mozilla/5.0 (iPhone; CPU iPhone OS 13_6_1 like Mac OS X) AppleWebKit/605.1.15 (KHTML, like Gecko) Version/13.1.2 Mobile/15E148 Safari/604.1"
47.16.100.18 - - [09/Sep/2020:15:16:49 -0400] "GET /wp-content/themes/twentytwelve/style.css HTTP/1.0" 200 36443 "http://www.islandgreenery.net/wp-content/themes/islandg/style.css?ver=5.4.2" "Mozilla/5.0 (Windows NT 6.3; Win64; x64) AppleWebKit/537.36 (KHTML, like Gecko) Chrome/85.0.4183.83 Safari/537.36"
47.16.100.18 - - [09/Sep/2020:15:16:50 -0400] "GET /wp-content/plugins/master-slider/public/assets/css/common/loading-2.gif HTTP/1.0" 200 2707 "http://www.islandgreenery.net/wp-content/plugins/master-slider/public/assets/css/masterslider.main.css?ver=3.5.8" "Mozilla/5.0 (Windows NT 6.3; Win64; x64) AppleWebKit/537.36 (KHTML, like Gecko) Chrome/85.0.4183.83 Safari/537.36"
47.16.100.18 - - [09/Sep/2020:15:16:51 -0400] "GET /wp-content/themes/islandg/images/footer-bg.jpg HTTP/1.0" 200 14183 "http://www.islandgreenery.net/wp-content/themes/islandg/style.css?ver=5.4.2" "Mozilla/5.0 (Windows NT 6.3; Win64; x64) AppleWebKit/537.36 (KHTML, like Gecko) Chrome/85.0.4183.83 Safari/537.36"
91.210.20.131 - - [09/Sep/2020:15:51:56 -0400] "GET / HTTP/1.0" 200 30102 "-" "Python-urllib/2.7"
10.30.94.78 - - [09/Sep/2020:16:33:57 -0400] "POST /wp-cron.php?doing_wp_cron=1599683638.1454770565032958984375 HTTP/1.0" 200 - "http://www.islandgreenery.net/wp-cron.php?doing_wp_cron=1599683638.1454770565032958984375" "WordPress/5.4.2; http://www.islandgreenery.net"
10.30.94.78 - - [09/Sep/2020:16:52:15 -0400] "POST /wp-cron.php?doing_wp_cron=1599684734.8766250610351562500000 HTTP/1.0" 200 - "http://www.islandgreenery.net/wp-cron.php?doing_wp_cron=1599684734.8766250610351562500000" "WordPress/5.4.2; http://www.islandgreenery.net"
67.82.181.106 - - [09/Sep/2020:16:56:09 -0400] "GET /wp-content/plugins/master-slider/public/assets/js/masterslider.min.js?ver=3.5.8 HTTP/1.0" 200 90646 "http://www.islandgreenery.net/" "Mozilla/5.0 (iPhone; CPU iPhone OS 13_6_1 like Mac OS X) AppleWebKit/605.1.15 (KHTML, like Gecko) Version/13.1.2 Mobile/15E148 Safari/604.1"
67.82.181.106 - - [09/Sep/2020:16:56:09 -0400] "GET /wp-content/themes/islandg/images/facebook-icon.png HTTP/1.0" 200 2368 "http://www.islandgreenery.net/" "Mozilla/5.0 (iPhone; CPU iPhone OS 13_6_1 like Mac OS X) AppleWebKit/605.1.15 (KHTML, like Gecko) Version/13.1.2 Mobile/15E148 Safari/604.1"
67.82.181.106 - - [09/Sep/2020:16:56:09 -0400] "GET /wp-content/themes/islandg/images/delea-logo.jpg HTTP/1.0" 200 3619 "http://www.islandgreenery.net/" "Mozilla/5.0 (iPhone; CPU iPhone OS 13_6_1 like Mac OS X) AppleWebKit/605.1.15 (KHTML, like Gecko) Version/13.1.2 Mobile/15E148 Safari/604.1"
67.82.181.106 - - [09/Sep/2020:16:56:09 -0400] "GET /wp-content/plugins/wp-responsive-menu/inc/assets/icons/fonts/icomoon.ttf?5ujmx2 HTTP/1.0" 200 50268 "http://www.islandgreenery.net/" "Mozilla/5.0 (iPhone; CPU iPhone OS 13_6_1 like Mac OS X) AppleWebKit/605.1.15 (KHTML, like Gecko) Version/13.1.2 Mobile/15E148 Safari/604.1"
159.65.47.146 - - [09/Sep/2020:17:26:48 -0400] "GET /wp-includes/js/jquery/jquery-migrate.min.js?ver=1.4.1 HTTP/1.0" 200 10056 "-" "Mozilla/5.0 (X11; Datanyze; Linux x86_64) AppleWebKit/537.36 (KHTML, like Gecko) Chrome/65.0.3325.181 Safari/537.36"
159.65.47.146 - - [09/Sep/2020:17:26:48 -0400] "GET /wp-content/plugins/wp-responsive-menu/assets/css/wpr-hamburger.css?ver=3.1.4 HTTP/1.0" 200 22025 "-" "Mozilla/5.0 (X11; Datanyze; Linux x86_64) AppleWebKit/537.36 (KHTML, like Gecko) Chrome/65.0.3325.181 Safari/537.36"
159.65.47.146 - - [09/Sep/2020:17:26:48 -0400] "GET /wp-content/plugins/wp-responsive-menu/assets/js/modernizr.custom.js?ver=3.1.4 HTTP/1.0" 200 7197 "-" "Mozilla/5.0 (X11; Datanyze; Linux x86_64) AppleWebKit/537.36 (KHTML, like Gecko) Chrome/65.0.3325.181 Safari/537.36"
159.65.47.146 - - [09/Sep/2020:17:27:04 -0400] "GET /category/articles-resources/ HTTP/1.0" 200 30477 "http://www.islandgreenery.net" "Mozilla/5.0 (X11; Datanyze; Linux x86_64) AppleWebKit/537.36 (KHTML, like Gecko) Chrome/65.0.3325.181 Safari/537.36"
172.58.229.198 - - [09/Sep/2020:17:28:15 -0400] "GET /wp-content/uploads/2020/03/IMG_1344-940x480.jpg HTTP/1.0" 200 405315 "http://www.islandgreenery.net/gallery/" "Mozilla/5.0 (iPhone; CPU iPhone OS 13_6_1 like Mac OS X) AppleWebKit/605.1.15 (KHTML, like Gecko) Version/13.1.2 Mobile/15E148 Safari/604.1"
67.82.185.19 - - [09/Sep/2020:17:56:54 -0400] "GET /wp-content/plugins/wp-responsive-menu/inc/assets/icons/wpr-icons.css?ver=3.1.4 HTTP/1.0" 200 12813 "http://www.islandgreenery.net/" "Mozilla/5.0 (Linux; Android 9; SM-G950U) AppleWebKit/537.36 (KHTML, like Gecko) Chrome/85.0.4183.81 Mobile Safari/537.36"
67.82.185.19 - - [09/Sep/2020:17:56:54 -0400] "GET /wp-includes/js/jquery/jquery-migrate.min.js?ver=1.4.1 HTTP/1.0" 200 10056 "http://www.islandgreenery.net/" "Mozilla/5.0 (Linux; Android 9; SM-G950U) AppleWebKit/537.36 (KHTML, like Gecko) Chrome/85.0.4183.81 Mobile Safari/537.36"
67.82.185.19 - - [09/Sep/2020:17:56:54 -0400] "GET /wp-content/plugins/wp-responsive-menu/assets/js/modernizr.custom.js?ver=3.1.4 HTTP/1.0" 200 7197 "http://www.islandgreenery.net/" "Mozilla/5.0 (Linux; Android 9; SM-G950U) AppleWebKit/537.36 (KHTML, like Gecko) Chrome/85.0.4183.81 Mobile Safari/537.36"
67.82.185.19 - - [09/Sep/2020:17:56:54 -0400] "GET /wp-content/themes/twentytwelve/style.css HTTP/1.0" 200 36443 "http://www.islandgreenery.net/wp-content/themes/islandg/style.css?ver=5.4.2" "Mozilla/5.0 (Linux; Android 9; SM-G950U) AppleWebKit/537.36 (KHTML, like Gecko) Chrome/85.0.4183.81 Mobile Safari/537.36"
67.82.185.19 - - [09/Sep/2020:17:56:55 -0400] "GET /wp-content/themes/islandg/images/facebook-icon.png HTTP/1.0" 200 2368 "http://www.islandgreenery.net/" "Mozilla/5.0 (Linux; Android 9; SM-G950U) AppleWebKit/537.36 (KHTML, like Gecko) Chrome/85.0.4183.81 Mobile Safari/537.36"
67.82.185.19 - - [09/Sep/2020:17:56:55 -0400] "GET /wp-content/themes/islandg/images/logo.png HTTP/1.0" 200 71909 "http://www.islandgreenery.net/" "Mozilla/5.0 (Linux; Android 9; SM-G950U) AppleWebKit/537.36 (KHTML, like Gecko) Chrome/85.0.4183.81 Mobile Safari/537.36"
67.82.185.19 - - [09/Sep/2020:17:56:55 -0400] "GET /wp-content/plugins/wp-responsive-menu/inc/assets/icons/fonts/icomoon.ttf?5ujmx2 HTTP/1.0" 200 50268 "http://www.islandgreenery.net/wp-content/plugins/wp-responsive-menu/inc/assets/icons/wpr-icons.css?ver=3.1.4" "Mozilla/5.0 (Linux; Android 9; SM-G950U) AppleWebKit/537.36 (KHTML, like Gecko) Chrome/85.0.4183.81 Mobile Safari/537.36"
67.82.185.19 - - [09/Sep/2020:17:56:55 -0400] "GET /wp-content/themes/islandg/images/pit-barrel-border.jpg HTTP/1.0" 200 16627 "http://www.islandgreenery.net/" "Mozilla/5.0 (Linux; Android 9; SM-G950U) AppleWebKit/537.36 (KHTML, like Gecko) Chrome/85.0.4183.81 Mobile Safari/537.36"
67.82.185.19 - - [09/Sep/2020:17:56:55 -0400] "GET /wp-content/themes/islandg/images/monrovia-logo.jpg HTTP/1.0" 200 3074 "http://www.islandgreenery.net/" "Mozilla/5.0 (Linux; Android 9; SM-G950U) AppleWebKit/537.36 (KHTML, like Gecko) Chrome/85.0.4183.81 Mobile Safari/537.36"
67.82.185.19 - - [09/Sep/2020:17:56:55 -0400] "GET /wp-content/themes/islandg/images/bumper-crop-logo.jpg HTTP/1.0" 200 16793 "http://www.islandgreenery.net/" "Mozilla/5.0 (Linux; Android 9; SM-G950U) AppleWebKit/537.36 (KHTML, like Gecko) Chrome/85.0.4183.81 Mobile Safari/537.36"
67.82.185.19 - - [09/Sep/2020:17:56:55 -0400] "GET /wp-content/themes/islandg/images/master-nursery-logo.jpg HTTP/1.0" 200 3944 "http://www.islandgreenery.net/" "Mozilla/5.0 (Linux; Android 9; SM-G950U) AppleWebKit/537.36 (KHTML, like Gecko) Chrome/85.0.4183.81 Mobile Safari/537.36"
67.82.185.19 - - [09/Sep/2020:17:56:55 -0400] "GET /wp-content/themes/islandg/images/yellow-grad-bg.png HTTP/1.0" 200 307 "http://www.islandgreenery.net/wp-content/themes/islandg/style.css?ver=5.4.2" "Mozilla/5.0 (Linux; Android 9; SM-G950U) AppleWebKit/537.36 (KHTML, like Gecko) Chrome/85.0.4183.81 Mobile Safari/537.36"
67.82.185.19 - - [09/Sep/2020:17:56:55 -0400] "GET /wp-content/uploads/2020/05/late-spring-banner-bg-3.jpg HTTP/1.0" 200 62771 "http://www.islandgreenery.net/" "Mozilla/5.0 (Linux; Android 9; SM-G950U) AppleWebKit/537.36 (KHTML, like Gecko) Chrome/85.0.4183.81 Mobile Safari/537.36"
67.82.185.19 - - [09/Sep/2020:17:56:55 -0400] "GET /wp-content/uploads/2020/05/late-spring-banner-bg-4.jpg HTTP/1.0" 200 22286 "http://www.islandgreenery.net/" "Mozilla/5.0 (Linux; Android 9; SM-G950U) AppleWebKit/537.36 (KHTML, like Gecko) Chrome/85.0.4183.81 Mobile Safari/537.36"
67.82.185.19 - - [09/Sep/2020:17:56:55 -0400] "GET / HTTP/1.0" 200 30102 "http://www.islandgreenery.net/" "Mozilla/5.0 (Linux; Android 9; SM-G950U) AppleWebKit/537.36 (KHTML, like Gecko) Chrome/85.0.4183.81 Mobile Safari/537.36"
80.82.68.173 - - [09/Sep/2020:18:06:39 -0400] "GET /wp-content/plugins/wp-file-manager/lib/php/mime.types HTTP/1.0" 404 23979 "-" "Mozilla/5.0 (Windows NT 10.0; Win64; x64; rv:80.0; en.support.wordpress.com/start) Gecko/20100101 Firefox/80.0"
76.182.183.124 - - [09/Sep/2020:18:30:18 -0400] "GET /wp-content/themes/islandg/style.css?ver=5.4.2 HTTP/1.0" 200 77097 "http://www.islandgreenery.net/" "Mozilla/5.0 (Windows NT 10.0; Win64; x64) AppleWebKit/537.36 (KHTML, like Gecko) Chrome/85.0.4183.83 Safari/537.36"
76.182.183.124 - - [09/Sep/2020:18:30:19 -0400] "GET /wp-content/themes/islandg/images/facebook-icon.png HTTP/1.0" 200 2368 "http://www.islandgreenery.net/" "Mozilla/5.0 (Windows NT 10.0; Win64; x64) AppleWebKit/537.36 (KHTML, like Gecko) Chrome/85.0.4183.83 Safari/537.36"
76.182.183.124 - - [09/Sep/2020:18:30:19 -0400] "GET /wp-content/themes/islandg/images/delea-logo.jpg HTTP/1.0" 200 3619 "http://www.islandgreenery.net/" "Mozilla/5.0 (Windows NT 10.0; Win64; x64) AppleWebKit/537.36 (KHTML, like Gecko) Chrome/85.0.4183.83 Safari/537.36"
185.86.164.99 - - [09/Sep/2020:19:01:26 -0400] "GET /wp-login.php HTTP/1.0" 200 5059 "-" "Mozilla/5.0 (Windows NT 10.0; WOW64) AppleWebKit/537.36 (KHTML, like Gecko) Chrome/51.0.2704.103 Safari/537.36"
94.23.210.200 - - [09/Sep/2020:19:06:57 -0400] "POST /wp-content/plugins/wp-file-manager/lib/php/connector.minimal.php HTTP/1.0" 404 24539 "-" "curl/7.68.0"
66.249.79.168 - - [09/Sep/2020:19:58:34 -0400] "GET /favicon.ico HTTP/1.0" 302 - "-" "Googlebot-Image/1.0"
10.30.94.78 - - [09/Sep/2020:20:02:07 -0400] "POST /wp-cron.php?doing_wp_cron=1599696127.5943698883056640625000 HTTP/1.0" 200 - "http://www.islandgreenery.net/wp-cron.php?doing_wp_cron=1599696127.5943698883056640625000" "WordPress/5.4.2; http://www.islandgreenery.net"
34.212.97.161 - - [09/Sep/2020:20:22:00 -0400] "GET /robots.txt HTTP/1.0" 200 67 "-" "Mozilla/5.0 (compatible; houzzbot; +http://www.houzz.com/)"
66.249.79.173 - - [09/Sep/2020:20:30:21 -0400] "GET / HTTP/1.0" 200 30102 "-" "Mozilla/5.0 (compatible; Googlebot/2.1; +http://www.google.com/bot.html)"
192.208.120.38 - - [09/Sep/2020:20:48:13 -0400] "GET /wp-content/themes/twentytwelve/style.css HTTP/1.0" 200 36443 "http://www.islandgreenery.net/" "Mozilla/5.0 (Linux; Android 10; SAMSUNG SM-A205U1) AppleWebKit/537.36 (KHTML, like Gecko) SamsungBrowser/12.1 Chrome/79.0.3945.136 Mobile Safari/537.36"
192.208.120.38 - - [09/Sep/2020:20:48:14 -0400] "GET /wp-content/plugins/wp-responsive-menu/assets/fonts/wprmenu.ttf?p8o4s0 HTTP/1.0" 200 1152 "http://www.islandgreenery.net/wp-content/plugins/wp-responsive-menu/assets/css/wprmenu.css?ver=3.1.4" "Mozilla/5.0 (Linux; Android 10; SAMSUNG SM-A205U1) AppleWebKit/537.36 (KHTML, like Gecko) SamsungBrowser/12.1 Chrome/79.0.3945.136 Mobile Safari/537.36"
10.30.94.78 - - [09/Sep/2020:20:58:13 -0400] "POST /wp-cron.php?doing_wp_cron=1599699491.8044230937957763671875 HTTP/1.0" 200 - "http://www.islandgreenery.net/wp-cron.php?doing_wp_cron=1599699491.8044230937957763671875" "WordPress/5.4.2; http://www.islandgreenery.net"
50.62.176.241 - - [09/Sep/2020:21:09:28 -0400] "GET /wp-includes/wlwmanifest.xml HTTP/1.0" 200 1045 "-" "Mozilla/5.0 (Windows NT 10.0; Win64; x64) AppleWebKit/537.36 (KHTML, like Gecko) Chrome/70.0.3538.77 Safari/537.36"
69.118.96.159 - - [09/Sep/2020:21:12:17 -0400] "GET / HTTP/1.0" 200 30102 "https://www.google.com/" "Mozilla/5.0 (Macintosh; Intel Mac OS X 10_15_4) AppleWebKit/605.1.15 (KHTML, like Gecko) Version/13.1.2 Safari/605.1.15"
69.118.96.159 - - [09/Sep/2020:21:12:21 -0400] "GET /wp-content/plugins/wp-responsive-menu/assets/js/modernizr.custom.js?ver=3.1.4 HTTP/1.0" 200 7197 "http://www.islandgreenery.net/" "Mozilla/5.0 (Macintosh; Intel Mac OS X 10_15_4) AppleWebKit/605.1.15 (KHTML, like Gecko) Version/13.1.2 Safari/605.1.15"
69.118.96.159 - - [09/Sep/2020:21:12:22 -0400] "GET /wp-content/themes/islandg/images/delea-logo.jpg HTTP/1.0" 200 3619 "http://www.islandgreenery.net/" "Mozilla/5.0 (Macintosh; Intel Mac OS X 10_15_4) AppleWebKit/605.1.15 (KHTML, like Gecko) Version/13.1.2 Safari/605.1.15"
69.118.96.159 - - [09/Sep/2020:21:12:22 -0400] "GET /wp-content/themes/islandg/images/design-services-bg.jpg HTTP/1.0" 200 43520 "http://www.islandgreenery.net/" "Mozilla/5.0 (Macintosh; Intel Mac OS X 10_15_4) AppleWebKit/605.1.15 (KHTML, like Gecko) Version/13.1.2 Safari/605.1.15"
69.118.96.159 - - [09/Sep/2020:21:12:22 -0400] "GET /wp-content/themes/islandg/images/yellow-grad-bg.png HTTP/1.0" 200 307 "http://www.islandgreenery.net/" "Mozilla/5.0 (Macintosh; Intel Mac OS X 10_15_4) AppleWebKit/605.1.15 (KHTML, like Gecko) Version/13.1.2 Safari/605.1.15"
69.118.96.159 - - [09/Sep/2020:21:12:22 -0400] "GET /wp-content/themes/islandg/images/footer-bg.jpg HTTP/1.0" 200 14183 "http://www.islandgreenery.net/" "Mozilla/5.0 (Macintosh; Intel Mac OS X 10_15_4) AppleWebKit/605.1.15 (KHTML, like Gecko) Version/13.1.2 Safari/605.1.15"
10.30.94.78 - - [09/Sep/2020:21:12:20 -0400] "POST /wp-cron.php?doing_wp_cron=1599700340.2617349624633789062500 HTTP/1.0" 200 - "http://www.islandgreenery.net/wp-cron.php?doing_wp_cron=1599700340.2617349624633789062500" "WordPress/5.4.2; http://www.islandgreenery.net"
69.118.96.159 - - [09/Sep/2020:21:12:22 -0400] "GET /wp-content/uploads/2020/05/late-spring-banner-bg-5.jpg HTTP/1.0" 200 30749 "http://www.islandgreenery.net/" "Mozilla/5.0 (Macintosh; Intel Mac OS X 10_15_4) AppleWebKit/605.1.15 (KHTML, like Gecko) Version/13.1.2 Safari/605.1.15"
69.118.96.159 - - [09/Sep/2020:21:12:34 -0400] "GET /wp-content/uploads/2016/03/View6-140x80.jpg HTTP/1.0" 200 14385 "http://www.islandgreenery.net/gallery/" "Mozilla/5.0 (Macintosh; Intel Mac OS X 10_15_4) AppleWebKit/605.1.15 (KHTML, like Gecko) Version/13.1.2 Safari/605.1.15"
69.118.96.159 - - [09/Sep/2020:21:13:05 -0400] "GET /wp-content/uploads/2016/03/IMG_0266-940x480.jpg HTTP/1.0" 200 502981 "http://www.islandgreenery.net/gallery/" "Mozilla/5.0 (Macintosh; Intel Mac OS X 10_15_4) AppleWebKit/605.1.15 (KHTML, like Gecko) Version/13.1.2 Safari/605.1.15"
69.118.96.159 - - [09/Sep/2020:21:14:02 -0400] "GET /landscape-design/ HTTP/1.0" 200 26271 "http://www.islandgreenery.net/gallery/" "Mozilla/5.0 (Macintosh; Intel Mac OS X 10_15_4) AppleWebKit/605.1.15 (KHTML, like Gecko) Version/13.1.2 Safari/605.1.15"
203.205.21.159 - - [09/Sep/2020:21:16:29 -0400] "GET /home/wp-includes/wlwmanifest.xml HTTP/1.0" 301 - "-" "Mozilla/5.0 (Windows NT 10.0; Win64; x64) AppleWebKit/537.36 (KHTML, like Gecko) Chrome/70.0.3538.77 Safari/537.36"
89.32.249.21 - - [09/Sep/2020:21:21:40 -0400] "GET /oldsite/wp-includes/wlwmanifest.xml HTTP/1.0" 404 23979 "-" "Mozilla/5.0 (Windows NT 10.0; Win64; x64) AppleWebKit/537.36 (KHTML, like Gecko) Chrome/70.0.3538.77 Safari/537.36"
69.118.96.159 - - [09/Sep/2020:21:21:47 -0400] "GET /wp-content/uploads/2016/03/IMG_0266-140x80.jpg HTTP/1.0" 200 14999 "http://www.islandgreenery.net/gallery/" "Mozilla/5.0 (Macintosh; Intel Mac OS X 10_15_4) AppleWebKit/605.1.15 (KHTML, like Gecko) Version/13.1.2 Safari/605.1.15"
69.118.96.159 - - [09/Sep/2020:21:21:48 -0400] "GET /wp-content/themes/islandg/images/footer-bg.jpg HTTP/1.0" 200 14183 "http://www.islandgreenery.net/gallery/" "Mozilla/5.0 (Macintosh; Intel Mac OS X 10_15_4) AppleWebKit/605.1.15 (KHTML, like Gecko) Version/13.1.2 Safari/605.1.15"
69.118.96.159 - - [09/Sep/2020:21:21:48 -0400] "GET /wp-content/uploads/2020/03/IMG_3577-e1583340038301-940x480.jpg HTTP/1.0" 200 359819 "http://www.islandgreenery.net/gallery/" "Mozilla/5.0 (Macintosh; Intel Mac OS X 10_15_4) AppleWebKit/605.1.15 (KHTML, like Gecko) Version/13.1.2 Safari/605.1.15"
174.197.130.28 - - [09/Sep/2020:21:28:20 -0400] "GET /wp-content/plugins/contact-form-7/includes/css/styles.css?ver=5.1.7 HTTP/1.0" 200 1746 "http://www.islandgreenery.net/" "Mozilla/5.0 (Linux; Android 10; LM-V405) AppleWebKit/537.36 (KHTML, like Gecko) Chrome/85.0.4183.81 Mobile Safari/537.36"
174.197.130.28 - - [09/Sep/2020:21:28:20 -0400] "GET /wp-content/plugins/wp-responsive-menu/assets/js/jquery.touchSwipe.min.js?ver=3.1.4 HTTP/1.0" 200 10290 "http://www.islandgreenery.net/" "Mozilla/5.0 (Linux; Android 10; LM-V405) AppleWebKit/537.36 (KHTML, like Gecko) Chrome/85.0.4183.81 Mobile Safari/537.36"
174.197.130.28 - - [09/Sep/2020:21:28:20 -0400] "GET /wp-content/themes/islandg/images/pit-barrel-border.jpg HTTP/1.0" 200 16627 "http://www.islandgreenery.net/" "Mozilla/5.0 (Linux; Android 10; LM-V405) AppleWebKit/537.36 (KHTML, like Gecko) Chrome/85.0.4183.81 Mobile Safari/537.36"
