172.58.229.198 - - [09/Sep/2020:12:10:20 -0400] "GET /wp-includes/js/jquery/jquery-migrate.min.js?ver=1.4.1 HTTP/1.0" 200 10056 "http://www.islandgreenery.net/" "Mozilla/5.0 (iPhone; CPU iPhone OS 13_6_1 like Mac OS X) AppleWebKit/605.1.15 (KHTML, like Gecko) Version/13.1.2 Mobile/15E148 Safari/604.1"
172.58.229.198 - - [09/Sep/2020:12:10:21 -0400] "GET /wp-content/themes/islandg/images/paraco-logo.jpg HTTP/1.0" 200 6286 "http://www.islandgreenery.net/" "Mozilla/5.0 (iPhone; CPU iPhone OS 13_6_1 like Mac OS X) AppleWebKit/605.1.15 (KHTML, like Gecko) Version/13.1.2 Mobile/15E148 Safari/604.1"
172.58.229.198 - - [09/Sep/2020:12:10:21 -0400] "GET /wp-content/themes/islandg/images/propane-block-bg.jpg HTTP/1.0" 200 13183 "http://www.islandgreenery.net/" "Mozilla/5.0 (iPhone; CPU iPhone OS 13_6_1 like Mac OS X) AppleWebKit/605.1.15 (KHTML, like Gecko) Version/13.1.2 Mobile/15E148 Safari/604.1"
114.119.141.146 - - [09/Sep/2020:12:11:11 -0400] "GET /2017/08/11/shrubs-for-summer-color-3 HTTP/1.0" 404 23979 "-" "Mozilla/5.0 (Linux; Android 7.0;) AppleWebKit/537.36 (KHTML, like Gecko) Mobile Safari/537.36 (compatible; PetalBot;+http://aspiegel.com/petalbot)"
172.58.229.198 - - [09/Sep/2020:12:13:42 -0400] "GET /wp-content/uploads/2016/05/wasp-2.jpg HTTP/1.0" 200 9959 "http://www.islandgreenery.net/category/articles-resources/" "Mozilla/5.0 (iPhone; CPU iPhone OS 13_6_1 like Mac OS X) AppleWebKit/605.1.15 (KHTML, like Gecko) Version/13.1.2 Mobile/15E148 Safari/604.1"
172.58.229.198 - - [09/Sep/2020:12:14:00 -0400] "GET /gallery/ HTTP/1.0" 200 39064 "http://www.islandgreenery.net/category/articles-resources/" "Mozilla/5.0 (iPhone; CPU iPhone OS 13_6_1 like Mac OS X) AppleWebKit/605.1.15 (KHTML, like Gecko) Version/13.1.2 Mobile/15E148 Safari/604.1"
172.58.229.198 - - [09/Sep/2020:12:14:04 -0400] "GET /wp-content/uploads/2016/03/Delaccio_1-140x80.png HTTP/1.0" 200 30649 "http://www.islandgreenery.net/gallery/" "Mozilla/5.0 (iPhone; CPU iPhone OS 13_6_1 like Mac OS X) AppleWebKit/605.1.15 (KHTML, like Gecko) Version/13.1.2 Mobile/15E148 Safari/604.1"
172.58.229.198 - - [09/Sep/2020:12:14:04 -0400] "GET /wp-content/uploads/2020/03/IMG_3173-140x80.jpg HTTP/1.0" 200 28476 "http://www.islandgreenery.net/gallery/" "Mozilla/5.0 (iPhone; CPU iPhone OS 13_6_1 like Mac OS X) AppleWebKit/605.1.15 (KHTML, like Gecko) Version/13.1.2 Mobile/15E148 Safari/604.1"
172.58.229.198 - - [09/Sep/2020:12:14:04 -0400] "GET /wp-content/uploads/2020/03/IMG_3297-140x80.jpg HTTP/1.0" 200 22521 "http://www.islandgreenery.net/gallery/" "Mozilla/5.0 (iPhone; CPU iPhone OS 13_6_1 like Mac OS X) AppleWebKit/605.1.15 (KHTML, like Gecko) Version/13.1.2 Mobile/15E148 Safari/604.1"
172.58.229.198 - - [09/Sep/2020:12:14:04 -0400] "GET /wp-content/uploads/2020/03/IMG_1344-140x80.jpg HTTP/1.0" 200 28591 "http://www.islandgreenery.net/gallery/" "Mozilla/5.0 (iPhone; CPU iPhone OS 13_6_1 like Mac OS X) AppleWebKit/605.1.15 (KHTML, like Gecko) Version/13.1.2 Mobile/15E148 Safari/604.1"
172.58.229.198 - - [09/Sep/2020:12:14:32 -0400] "GET /wp-content/uploads/2020/03/IMG_1344-940x480.jpg HTTP/1.0" 200 405315 "http://www.islandgreenery.net/gallery/" "Mozilla/5.0 (iPhone; CPU iPhone OS 13_6_1 like Mac OS X) AppleWebKit/605.1.15 (KHTML, like Gecko) Version/13.1.2 Mobile/15E148 Safari/604.1"
172.58.229.198 - - [09/Sep/2020:12:14:55 -0400] "GET /wp-content/uploads/2020/03/IMG_3173-940x480.jpg HTTP/1.0" 200 461343 "http://www.islandgreenery.net/gallery/" "Mozilla/5.0 (iPhone; CPU iPhone OS 13_6_1 like Mac OS X) AppleWebKit/605.1.15 (KHTML, like Gecko) Version/13.1.2 Mobile/15E148 Safari/604.1"
10.30.94.78 - - [09/Sep/2020:12:27:41 -0400] "POST /wp-cron.php?doing_wp_cron=1599668861.0654850006103515625000 HTTP/1.0" 200 - "http://www.islandgreenery.net/wp-cron.php?doing_wp_cron=1599668861.0654850006103515625000" "WordPress/5.4.2; http://www.islandgreenery.net"
52.235.56.145 - - [09/Sep/2020:12:33:37 -0400] "POST //xmlrpc.php HTTP/1.0" 200 401 "-" "Mozilla/5.0 (Windows NT 10.0; Win64; x64) AppleWebKit/537.36 (KHTML, like Gecko) Chrome/78.0.3904.108 Safari/537.36"
165.225.0.68 - - [09/Sep/2020:12:37:32 -0400] "GET / HTTP/1.0" 200 30102 "https://www.google.com/" "Mozilla/5.0 (Windows NT 10.0; Win64; x64) AppleWebKit/537.36 (KHTML, like Gecko) Chrome/84.0.4147.105 Safari/537.36"
165.225.0.68 - - [09/Sep/2020:12:37:35 -0400] "GET /wp-content/plugins/wp-responsive-menu/inc/assets/icons/wpr-icons.css?ver=3.1.4 HTTP/1.0" 200 12813 "http://www.islandgreenery.net/" "Mozilla/5.0 (Windows NT 10.0; Win64; x64) AppleWebKit/537.36 (KHTML, like Gecko) Chrome/84.0.4147.105 Safari/537.36"
165.225.0.68 - - [09/Sep/2020:12:37:35 -0400] "GET /wp-content/uploads/master-slider/custom.css?ver=4.5 HTTP/1.0" 200 713 "http://www.islandgreenery.net/" "Mozilla/5.0 (Windows NT 10.0; Win64; x64) AppleWebKit/537.36 (KHTML, like Gecko) Chrome/84.0.4147.105 Safari/537.36"
165.225.0.68 - - [09/Sep/2020:12:37:35 -0400] "GET /wp-includes/js/jquery/jquery.js?ver=1.12.4-wp HTTP/1.0" 200 96873 "http://www.islandgreenery.net/" "Mozilla/5.0 (Windows NT 10.0; Win64; x64) AppleWebKit/537.36 (KHTML, like Gecko) Chrome/84.0.4147.105 Safari/537.36"
165.225.0.68 - - [09/Sep/2020:12:37:36 -0400] "GET /wp-includes/js/jquery/jquery-migrate.min.js?ver=1.4.1 HTTP/1.0" 200 10056 "http://www.islandgreenery.net/" "Mozilla/5.0 (Windows NT 10.0; Win64; x64) AppleWebKit/537.36 (KHTML, like Gecko) Chrome/84.0.4147.105 Safari/537.36"
165.225.0.68 - - [09/Sep/2020:12:37:37 -0400] "GET /wp-content/themes/islandg/images/twitter-icon.png HTTP/1.0" 200 829 "http://www.islandgreenery.net/" "Mozilla/5.0 (Windows NT 10.0; Win64; x64) AppleWebKit/537.36 (KHTML, like Gecko) Chrome/84.0.4147.105 Safari/537.36"
165.225.0.68 - - [09/Sep/2020:12:37:38 -0400] "GET /wp-content/themes/islandg/images/delea-logo.jpg HTTP/1.0" 200 3619 "http://www.islandgreenery.net/" "Mozilla/5.0 (Windows NT 10.0; Win64; x64) AppleWebKit/537.36 (KHTML, like Gecko) Chrome/84.0.4147.105 Safari/537.36"
114.119.130.104 - - [09/Sep/2020:12:51:29 -0400] "GET /masonry-design HTTP/1.0" 301 - "-" "Mozilla/5.0 (Linux; Android 7.0;) AppleWebKit/537.36 (KHTML, like Gecko) Mobile Safari/537.36 (compatible; PetalBot;+http://aspiegel.com/petalbot)"
100.37.132.226 - - [09/Sep/2020:12:54:02 -0400] "GET /wp-content/plugins/wp-responsive-menu/assets/js/jquery.touchSwipe.min.js?ver=3.1.4 HTTP/1.0" 200 10290 "http://www.islandgreenery.net/" "Mozilla/5.0 (Windows NT 10.0; Win64; x64) AppleWebKit/537.36 (KHTML, like Gecko) Chrome/85.0.4183.102 Safari/537.36"
100.37.132.226 - - [09/Sep/2020:12:54:02 -0400] "GET /wp-content/themes/islandg/images/green-bullet.png HTTP/1.0" 200 173 "http://www.islandgreenery.net/wp-content/themes/islandg/style.css?ver=5.4.2" "Mozilla/5.0 (Windows NT 10.0; Win64; x64) AppleWebKit/537.36 (KHTML, like Gecko) Chrome/85.0.4183.102 Safari/537.36"
100.37.132.226 - - [09/Sep/2020:12:54:03 -0400] "GET /wp-content/themes/islandg/images/gcs-logo.png HTTP/1.0" 200 16391 "http://www.islandgreenery.net/" "Mozilla/5.0 (Windows NT 10.0; Win64; x64) AppleWebKit/537.36 (KHTML, like Gecko) Chrome/85.0.4183.102 Safari/537.36"
100.37.132.226 - - [09/Sep/2020:12:54:03 -0400] "GET /wp-content/themes/islandg/images/footer-bg.jpg HTTP/1.0" 200 14183 "http://www.islandgreenery.net/wp-content/themes/islandg/style.css?ver=5.4.2" "Mozilla/5.0 (Windows NT 10.0; Win64; x64) AppleWebKit/537.36 (KHTML, like Gecko) Chrome/85.0.4183.102 Safari/537.36"
98.116.104.142 - - [09/Sep/2020:13:21:46 -0400] "GET /wp-content/themes/islandg/style.css?ver=5.4.2 HTTP/1.0" 200 77097 "http://www.islandgreenery.net/" "Mozilla/5.0 (iPhone; CPU iPhone OS 13_6 like Mac OS X) AppleWebKit/605.1.15 (KHTML, like Gecko) CriOS/85.0.4183.92 Mobile/15E148 Safari/604.1"
98.116.104.142 - - [09/Sep/2020:13:21:46 -0400] "GET /wp-includes/css/dist/block-library/style.min.css?ver=5.4.2 HTTP/1.0" 200 53593 "http://www.islandgreenery.net/" "Mozilla/5.0 (iPhone; CPU iPhone OS 13_6 like Mac OS X) AppleWebKit/605.1.15 (KHTML, like Gecko) CriOS/85.0.4183.92 Mobile/15E148 Safari/604.1"
98.116.104.142 - - [09/Sep/2020:13:21:46 -0400] "GET /wp-content/plugins/master-slider/public/assets/css/blank.gif HTTP/1.0" 200 43 "http://www.islandgreenery.net/" "Mozilla/5.0 (iPhone; CPU iPhone OS 13_6 like Mac OS X) AppleWebKit/605.1.15 (KHTML, like Gecko) CriOS/85.0.4183.92 Mobile/15E148 Safari/604.1"
98.116.104.142 - - [09/Sep/2020:13:21:47 -0400] "GET / HTTP/1.0" 200 30102 "http://www.islandgreenery.net/" "Mozilla/5.0 (iPhone; CPU iPhone OS 13_6 like Mac OS X) AppleWebKit/605.1.15 (KHTML, like Gecko) CriOS/85.0.4183.92 Mobile/15E148 Safari/604.1"
47.16.102.215 - - [09/Sep/2020:13:25:32 -0400] "GET /wp-content/plugins/master-slider/public/assets/css/common/loading-2.gif HTTP/1.0" 200 2707 "http://www.islandgreenery.net/" "Mozilla/5.0 (iPhone; CPU iPhone OS 13_6_1 like Mac OS X) AppleWebKit/605.1.15 (KHTML, like Gecko) Version/13.1.2 Mobile/15E148 Safari/604.1"
3.90.236.84 - - [09/Sep/2020:14:16:00 -0400] "GET /feed/ HTTP/1.0" 200 40217 "https://www.google.com/" "Mozilla/5.0 (Macintosh; Intel Mac OS X 10_13_6) AppleWebKit/605.1.15 (KHTML, like Gecko) Version/13.0.5 Safari/605.1.15"
172.58.228.93 - - [09/Sep/2020:14:49:09 -0400] "GET /wp-includes/css/dist/block-library/style.min.css?ver=5.4.2 HTTP/1.0" 200 53593 "http://www.islandgreenery.net/propane-supply/" "Mozilla/5.0 (iPhone; CPU iPhone OS 13_6_1 like Mac OS X) AppleWebKit/605.1.15 (KHTML, like Gecko) Version/13.1.2 Mobile/15E148 Safari/604.1"
172.58.228.93 - - [09/Sep/2020:14:49:10 -0400] "GET /wp-includes/js/jquery/jquery.js?ver=1.12.4-wp HTTP/1.0" 200 96873 "http://www.islandgreenery.net/propane-supply/" "Mozilla/5.0 (iPhone; CPU iPhone OS 13_6_1 like Mac OS X) AppleWebKit/605.1.15 (KHTML, like Gecko) Version/13.1.2 Mobile/15E148 Safari/604.1"
172.58.228.93 - - [09/Sep/2020:14:49:10 -0400] "GET /wp-content/themes/islandg/images/nicolock-logo.jpg HTTP/1.0" 200 5694 "http://www.islandgreenery.net/propane-supply/" "Mozilla/5.0 (iPhone; CPU iPhone OS 13_6_1 like Mac OS X) AppleWebKit/605.1.15 (KHTML, like Gecko) Version/13.1.2 Mobile/15E148 Safari/604.1"
10.30.94.78 - - [09/Sep/2020:14:49:39 -0400] "POST /wp-cron.php?doing_wp_cron=1599677378.4247179031372070312500 HTTP/1.0" 200 - "http://www.islandgreenery.net/wp-cron.php?doing_wp_cron=1599677378.4247179031372070312500" "WordPress/5.4.2; http://www.islandgreenery.net"
172.58.228.93 - - [09/Sep/2020:14:49:55 -0400] "GET /wp-content/themes/islandg/images/design-services-bg.jpg HTTP/1.0" 200 43520 "http://www.islandgreenery.net/" "Mozilla/5.0 (iPhone; CPU iPhone OS 13_6_1 like Mac OS X) AppleWebKit/605.1.15 (KHTML, like Gecko) Version/13.1.2 Mobile/15E148 Safari/604.1"
172.58.228.93 - - [09/Sep/2020:14:49:56 -0400] "GET /wp-content/uploads/2020/05/late-spring-banner-bg-2.jpg HTTP/1.0" 200 23114 "http://www.islandgreenery.net/" "Mozilla/5.0 (iPhone; CPU iPhone OS 13_6_1 like Mac OS X) AppleWebKit/605.1.15 (KHTML, like Gecko) Version/13.1.2 Mobile/15E148 Safari/604.1"
47.16.100.18 - - [09/Sep/2020:15:16:45 -0400] "GET /wp-content/plugins/wp-responsive-menu/assets/css/wprmenu.css?ver=3.1.4 HTTP/1.0" 200 9623 "http://www.islandgreenery.net/" "Mozilla/5.0 (Windows NT 6.3; Win64; x64) AppleWebKit/537.36 (KHTML, like Gecko) Chrome/85.0.4183.83 Safari/537.36"
47.16.100.18 - - [09/Sep/2020:15:16:50 -0400] "GET /wp-content/themes/islandg/images/masthead-bg.jpg HTTP/1.0" 200 5539 "http://www.islandgreenery.net/wp-content/themes/islandg/style.css?ver=5.4.2" "Mozilla/5.0 (Windows NT 6.3; Win64; x64) AppleWebKit/537.36 (KHTML, like Gecko) Chrome/85.0.4183.83 Safari/537.36"
47.16.100.18 - - [09/Sep/2020:15:16:50 -0400] "GET /wp-content/themes/islandg/images/email-bg.jpg HTTP/1.0" 200 9006 "http://www.islandgreenery.net/wp-content/themes/islandg/style.css?ver=5.4.2" "Mozilla/5.0 (Windows NT 6.3; Win64; x64) AppleWebKit/537.36 (KHTML, like Gecko) Chrome/85.0.4183.83 Safari/537.36"
47.16.100.18 - - [09/Sep/2020:15:16:52 -0400] "GET /wp-content/uploads/2020/05/late-spring-banner-bg-5.jpg HTTP/1.0" 200 30749 "http://www.islandgreenery.net/" "Mozilla/5.0 (Windows NT 6.3; Win64; x64) AppleWebKit/537.36 (KHTML, like Gecko) Chrome/85.0.4183.83 Safari/537.36"
47.16.100.18 - - [09/Sep/2020:15:16:52 -0400] "GET /wp-content/uploads/2020/05/late-spring-banner-bg-1.jpg HTTP/1.0" 200 40829 "http://www.islandgreenery.net/" "Mozilla/5.0 (Windows NT 6.3; Win64; x64) AppleWebKit/537.36 (KHTML, like Gecko) Chrome/85.0.4183.83 Safari/537.36"
122.226.102.239 - - [09/Sep/2020:15:29:51 -0400] "GET / HTTP/1.0" 200 30102 "-" "Mozilla/5.0 (Windows NT 6.1; WOW64) AppleWebKit/537.36 (KHTML, like Gecko) Chrome/50.0.2661.102 Safari/537.36"
114.119.155.42 - - [09/Sep/2020:15:32:26 -0400] "GET /robots.txt HTTP/1.0" 200 67 "-" "(compatible;PetalBot;+http://aspiegel.com/petalbot)"
123.183.224.67 - - [09/Sep/2020:15:55:47 -0400] "GET /wp-includes/js/wp-embed.min.js?ver=4.8.7 HTTP/1.0" 200 1434 "-" "Sogou web spider/4.0(+http://www.sogou.com/docs/help/webmasters.htm#07)"
207.46.13.68 - - [09/Sep/2020:16:11:30 -0400] "GET /2016/03/01/nurturing-spring-bulbs/ HTTP/1.0" 404 23979 "-" "Mozilla/5.0 (compatible; bingbot/2.0; +http://www.bing.com/bingbot.htm)"
67.82.181.106 - - [09/Sep/2020:16:56:10 -0400] "GET /wp-content/plugins/wp-responsive-menu/assets/js/wprmenu.js?ver=3.1.4 HTTP/1.0" 200 8525 "http://www.islandgreenery.net/" "Mozilla/5.0 (iPhone; CPU iPhone OS 13_6_1 like Mac OS X) AppleWebKit/605.1.15 (KHTML, like Gecko) Version/13.1.2 Mobile/15E148 Safari/604.1"
67.82.181.106 - - [09/Sep/2020:16:56:10 -0400] "GET /wp-content/plugins/contact-form-7/includes/js/scripts.js?ver=5.1.7 HTTP/1.0" 200 14440 "http://www.islandgreenery.net/" "Mozilla/5.0 (iPhone; CPU iPhone OS 13_6_1 like Mac OS X) AppleWebKit/605.1.15 (KHTML, like Gecko) Version/13.1.2 Mobile/15E148 Safari/604.1"
67.82.181.106 - - [09/Sep/2020:16:56:10 -0400] "GET /wp-content/themes/islandg/images/design-services-bg.jpg HTTP/1.0" 200 43520 "http://www.islandgreenery.net/" "Mozilla/5.0 (iPhone; CPU iPhone OS 13_6_1 like Mac OS X) AppleWebKit/605.1.15 (KHTML, like Gecko) Version/13.1.2 Mobile/15E148 Safari/604.1"
159.65.47.146 - - [09/Sep/2020:17:26:48 -0400] "GET /wp-content/plugins/wp-responsive-menu/assets/css/wprmenu.css?ver=3.1.4 HTTP/1.0" 200 9623 "-" "Mozilla/5.0 (X11; Datanyze; Linux x86_64) AppleWebKit/537.36 (KHTML, like Gecko) Chrome/65.0.3325.181 Safari/537.36"
159.65.47.146 - - [09/Sep/2020:17:26:48 -0400] "GET /wp-includes/js/wp-embed.min.js?ver=5.4.2 HTTP/1.0" 200 1434 "-" "Mozilla/5.0 (X11; Datanyze; Linux x86_64) AppleWebKit/537.36 (KHTML, like Gecko) Chrome/65.0.3325.181 Safari/537.36"
159.65.47.146 - - [09/Sep/2020:17:26:57 -0400] "GET /robots.txt HTTP/1.0" 200 67 "-" "Mozilla/5.0 (compatible; MSIE 10.0; Windows NT 6.1; WOW64; Trident/6.0)"
159.65.47.146 - - [09/Sep/2020:17:27:03 -0400] "GET /specials-coupons/ HTTP/1.0" 200 24651 "http://www.islandgreenery.net" "Mozilla/5.0 (X11; Datanyze; Linux x86_64) AppleWebKit/537.36 (KHTML, like Gecko) Chrome/65.0.3325.181 Safari/537.36"
159.65.47.146 - - [09/Sep/2020:17:27:03 -0400] "GET /propane-supply/ HTTP/1.0" 200 26615 "http://www.islandgreenery.net" "Mozilla/5.0 (X11; Datanyze; Linux x86_64) AppleWebKit/537.36 (KHTML, like Gecko) Chrome/65.0.3325.181 Safari/537.36"
77.81.104.235 - - [09/Sep/2020:17:37:32 -0400] "GET /contact-us/ HTTP/1.0" 200 31293 "http://www.islandgreenery.net" "Mozilla/5.0 (Windows NT 10.0; Win64; x64) AppleWebKit/537.36 (KHTML, like Gecko) Chrome/62.0.3202.94 Safari/537.36"
10.30.94.78 - - [09/Sep/2020:17:44:14 -0400] "POST /wp-cron.php?doing_wp_cron=1599687854.6385509967803955078125 HTTP/1.0" 200 - "http://www.islandgreenery.net/wp-cron.php?doing_wp_cron=1599687854.6385509967803955078125" "WordPress/5.4.2; http://www.islandgreenery.net"
67.82.185.19 - - [09/Sep/2020:17:56:54 -0400] "GET /wp-content/uploads/master-slider/custom.css?ver=4.5 HTTP/1.0" 200 713 "http://www.islandgreenery.net/" "Mozilla/5.0 (Linux; Android 9; SM-G950U) AppleWebKit/537.36 (KHTML, like Gecko) Chrome/85.0.4183.81 Mobile Safari/537.36"
67.82.185.19 - - [09/Sep/2020:17:56:55 -0400] "GET /wp-content/themes/islandg/images/paraco-logo.jpg HTTP/1.0" 200 6286 "http://www.islandgreenery.net/" "Mozilla/5.0 (Linux; Android 9; SM-G950U) AppleWebKit/537.36 (KHTML, like Gecko) Chrome/85.0.4183.81 Mobile Safari/537.36"
67.82.185.19 - - [09/Sep/2020:17:56:55 -0400] "GET /wp-content/plugins/master-slider/public/assets/css/common/loading-2.gif HTTP/1.0" 200 2707 "http://www.islandgreenery.net/wp-content/plugins/master-slider/public/assets/css/masterslider.main.css?ver=3.5.8" "Mozilla/5.0 (Linux; Android 9; SM-G950U) AppleWebKit/537.36 (KHTML, like Gecko) Chrome/85.0.4183.81 Mobile Safari/537.36"
207.244.252.113 - - [09/Sep/2020:18:02:03 -0400] "GET /contact-us/ HTTP/1.0" 200 31293 "http://www.islandgreenery.net" "Mozilla/5.0 (Macintosh; Intel Mac OS X 10_11_5) AppleWebKit/537.36 (KHTML, like Gecko) Chrome/66.0.3359.181 Safari/537.36"
114.119.128.196 - - [09/Sep/2020:18:10:31 -0400] "GET /robots.txt HTTP/1.0" 200 67 "-" "(compatible;PetalBot;+http://aspiegel.com/petalbot)"
10.30.94.78 - - [09/Sep/2020:18:10:33 -0400] "POST /wp-cron.php?doing_wp_cron=1599689433.8369970321655273437500 HTTP/1.0" 200 - "http://www.islandgreenery.net/wp-cron.php?doing_wp_cron=1599689433.8369970321655273437500" "WordPress/5.4.2; http://www.islandgreenery.net"
76.182.183.124 - - [09/Sep/2020:18:30:19 -0400] "GET /wp-content/plugins/master-slider/public/assets/js/jquery.easing.min.js?ver=3.5.8 HTTP/1.0" 200 5555 "http://www.islandgreenery.net/" "Mozilla/5.0 (Windows NT 10.0; Win64; x64) AppleWebKit/537.36 (KHTML, like Gecko) Chrome/85.0.4183.83 Safari/537.36"
76.182.183.124 - - [09/Sep/2020:18:30:19 -0400] "GET /wp-content/plugins/master-slider/public/assets/css/blank.gif HTTP/1.0" 200 43 "http://www.islandgreenery.net/" "Mozilla/5.0 (Windows NT 10.0; Win64; x64) AppleWebKit/537.36 (KHTML, like Gecko) Chrome/85.0.4183.83 Safari/537.36"
10.30.94.78 - - [09/Sep/2020:18:30:17 -0400] "POST /wp-cron.php?doing_wp_cron=1599690617.1808760166168212890625 HTTP/1.0" 200 - "http://www.islandgreenery.net/wp-cron.php?doing_wp_cron=1599690617.1808760166168212890625" "WordPress/5.4.2; http://www.islandgreenery.net"
76.182.183.124 - - [09/Sep/2020:18:30:19 -0400] "GET /wp-content/themes/islandg/images/bower-branch-small.jpg HTTP/1.0" 200 10230 "http://www.islandgreenery.net/" "Mozilla/5.0 (Windows NT 10.0; Win64; x64) AppleWebKit/537.36 (KHTML, like Gecko) Chrome/85.0.4183.83 Safari/537.36"
76.182.183.124 - - [09/Sep/2020:18:30:20 -0400] "GET /wp-content/themes/islandg/images/master-nursery-logo.jpg HTTP/1.0" 200 3944 "http://www.islandgreenery.net/" "Mozilla/5.0 (Windows NT 10.0; Win64; x64) AppleWebKit/537.36 (KHTML, like Gecko) Chrome/85.0.4183.83 Safari/537.36"
76.182.183.124 - - [09/Sep/2020:18:30:20 -0400] "GET /wp-content/themes/islandg/images/gcs-logo.png HTTP/1.0" 200 16391 "http://www.islandgreenery.net/" "Mozilla/5.0 (Windows NT 10.0; Win64; x64) AppleWebKit/537.36 (KHTML, like Gecko) Chrome/85.0.4183.83 Safari/537.36"
10.30.94.78 - - [09/Sep/2020:19:42:22 -0400] "POST /wp-cron.php?doing_wp_cron=1599694942.4808759689331054687500 HTTP/1.0" 200 - "http://www.islandgreenery.net/wp-cron.php?doing_wp_cron=1599694942.4808759689331054687500" "WordPress/5.4.2; http://www.islandgreenery.net"
34.74.93.92 - - [09/Sep/2020:19:43:58 -0400] "GET / HTTP/1.0" 301 - "-" "ZoominfoBot (zoominfobot at zoominfo dot com)"
10.30.94.78 - - [09/Sep/2020:20:22:01 -0400] "POST /wp-cron.php?doing_wp_cron=1599697322.1109039783477783203125 HTTP/1.0" 200 - "http://www.islandgreenery.net/wp-cron.php?doing_wp_cron=1599697322.1109039783477783203125" "WordPress/5.4.2; http://www.islandgreenery.net"
192.208.120.38 - - [09/Sep/2020:20:48:12 -0400] "GET /wp-content/plugins/wp-responsive-menu/inc/assets/icons/wpr-icons.css?ver=3.1.4 HTTP/1.0" 200 12813 "http://www.islandgreenery.net/" "Mozilla/5.0 (Linux; Android 10; SAMSUNG SM-A205U1) AppleWebKit/537.36 (KHTML, like Gecko) SamsungBrowser/12.1 Chrome/79.0.3945.136 Mobile Safari/537.36"
192.208.120.38 - - [09/Sep/2020:20:48:12 -0400] "GET /wp-content/plugins/master-slider/public/assets/css/masterslider.main.css?ver=3.5.8 HTTP/1.0" 200 66525 "http://www.islandgreenery.net/" "Mozilla/5.0 (Linux; Android 10; SAMSUNG SM-A205U1) AppleWebKit/537.36 (KHTML, like Gecko) SamsungBrowser/12.1 Chrome/79.0.3945.136 Mobile Safari/537.36"
192.208.120.38 - - [09/Sep/2020:20:48:12 -0400] "GET /wp-includes/js/jquery/jquery-migrate.min.js?ver=1.4.1 HTTP/1.0" 200 10056 "http://www.islandgreenery.net/" "Mozilla/5.0 (Linux; Android 10; SAMSUNG SM-A205U1) AppleWebKit/537.36 (KHTML, like Gecko) SamsungBrowser/12.1 Chrome/79.0.3945.136 Mobile Safari/537.36"
10.30.94.78 - - [09/Sep/2020:20:48:10 -0400] "POST /wp-cron.php?doing_wp_cron=1599698891.6894481182098388671875 HTTP/1.0" 200 - "http://www.islandgreenery.net/wp-cron.php?doing_wp_cron=1599698891.6894481182098388671875" "WordPress/5.4.2; http://www.islandgreenery.net"
192.208.120.38 - - [09/Sep/2020:20:48:13 -0400] "GET /wp-content/themes/islandg/images/propane-block-bg.jpg HTTP/1.0" 200 13183 "http://www.islandgreenery.net/wp-content/themes/islandg/style.css?ver=5.4.2" "Mozilla/5.0 (Linux; Android 10; SAMSUNG SM-A205U1) AppleWebKit/537.36 (KHTML, like Gecko) SamsungBrowser/12.1 Chrome/79.0.3945.136 Mobile Safari/537.36"
192.208.120.38 - - [09/Sep/2020:20:48:13 -0400] "GET /wp-content/themes/islandg/images/design-grad.png HTTP/1.0" 200 200 "http://www.islandgreenery.net/wp-content/themes/islandg/style.css?ver=5.4.2" "Mozilla/5.0 (Linux; Android 10; SAMSUNG SM-A205U1) AppleWebKit/537.36 (KHTML, like Gecko) SamsungBrowser/12.1 Chrome/79.0.3945.136 Mobile Safari/537.36"
10.30.94.78 - - [09/Sep/2020:20:53:29 -0400] "POST /wp-cron.php?doing_wp_cron=1599699209.7472701072692871093750 HTTP/1.0" 200 - "http://www.islandgreenery.net/wp-cron.php?doing_wp_cron=1599699209.7472701072692871093750" "WordPress/5.4.2; http://www.islandgreenery.net"
10.30.94.78 - - [09/Sep/2020:21:10:37 -0400] "POST /wp-cron.php?doing_wp_cron=1599700238.0316429138183593750000 HTTP/1.0" 200 - "http://www.islandgreenery.net/wp-cron.php?doing_wp_cron=1599700238.0316429138183593750000" "WordPress/5.4.2; http://www.islandgreenery.net"
69.118.96.159 - - [09/Sep/2020:21:12:20 -0400] "GET /wp-includes/css/dist/block-library/style.min.css?ver=5.4.2 HTTP/1.0" 200 53593 "http://www.islandgreenery.net/" "Mozilla/5.0 (Macintosh; Intel Mac OS X 10_15_4) AppleWebKit/605.1.15 (KHTML, like Gecko) Version/13.1.2 Safari/605.1.15"
69.118.96.159 - - [09/Sep/2020:21:12:20 -0400] "GET /wp-content/themes/islandg/style.css?ver=5.4.2 HTTP/1.0" 200 77097 "http://www.islandgreenery.net/" "Mozilla/5.0 (Macintosh; Intel Mac OS X 10_15_4) AppleWebKit/605.1.15 (KHTML, like Gecko) Version/13.1.2 Safari/605.1.15"
69.118.96.159 - - [09/Sep/2020:21:12:20 -0400] "GET /wp-content/plugins/master-slider/public/assets/css/masterslider.main.css?ver=3.5.8 HTTP/1.0" 200 66525 "http://www.islandgreenery.net/" "Mozilla/5.0 (Macintosh; Intel Mac OS X 10_15_4) AppleWebKit/605.1.15 (KHTML, like Gecko) Version/13.1.2 Safari/605.1.15"
69.118.96.159 - - [09/Sep/2020:21:12:20 -0400] "GET /wp-content/themes/islandg/images/logo.png HTTP/1.0" 200 71909 "http://www.islandgreenery.net/" "Mozilla/5.0 (Macintosh; Intel Mac OS X 10_15_4) AppleWebKit/605.1.15 (KHTML, like Gecko) Version/13.1.2 Safari/605.1.15"
69.118.96.159 - - [09/Sep/2020:21:12:21 -0400] "GET /wp-content/themes/islandg/images/home-garden-showplace-logo.jpg HTTP/1.0" 200 4334 "http://www.islandgreenery.net/" "Mozilla/5.0 (Macintosh; Intel Mac OS X 10_15_4) AppleWebKit/605.1.15 (KHTML, like Gecko) Version/13.1.2 Safari/605.1.15"
69.118.96.159 - - [09/Sep/2020:21:12:21 -0400] "GET /wp-content/plugins/master-slider/public/assets/css/skins/light-skin-1-retina.png HTTP/1.0" 200 4422 "http://www.islandgreenery.net/" "Mozilla/5.0 (Macintosh; Intel Mac OS X 10_15_4) AppleWebKit/605.1.15 (KHTML, like Gecko) Version/13.1.2 Safari/605.1.15"
69.118.96.159 - - [09/Sep/2020:21:12:33 -0400] "GET /wp-content/uploads/2016/03/Delaccio_7-140x80.png HTTP/1.0" 200 29736 "http://www.islandgreenery.net/gallery/" "Mozilla/5.0 (Macintosh; Intel Mac OS X 10_15_4) AppleWebKit/605.1.15 (KHTML, like Gecko) Version/13.1.2 Safari/605.1.15"
69.118.96.159 - - [09/Sep/2020:21:12:33 -0400] "GET /wp-content/uploads/2016/03/AWC_9052-140x80.jpg HTTP/1.0" 200 15764 "http://www.islandgreenery.net/gallery/" "Mozilla/5.0 (Macintosh; Intel Mac OS X 10_15_4) AppleWebKit/605.1.15 (KHTML, like Gecko) Version/13.1.2 Safari/605.1.15"
69.118.96.159 - - [09/Sep/2020:21:12:33 -0400] "GET /wp-content/uploads/2016/03/IMG_0268-140x80.jpg HTTP/1.0" 200 15125 "http://www.islandgreenery.net/gallery/" "Mozilla/5.0 (Macintosh; Intel Mac OS X 10_15_4) AppleWebKit/605.1.15 (KHTML, like Gecko) Version/13.1.2 Safari/605.1.15"
69.118.96.159 - - [09/Sep/2020:21:12:33 -0400] "GET /wp-content/uploads/2020/03/IMG_3173-140x80.jpg HTTP/1.0" 200 28476 "http://www.islandgreenery.net/gallery/" "Mozilla/5.0 (Macintosh; Intel Mac OS X 10_15_4) AppleWebKit/605.1.15 (KHTML, like Gecko) Version/13.1.2 Safari/605.1.15"
69.118.96.159 - - [09/Sep/2020:21:12:33 -0400] "GET /wp-content/uploads/2020/03/IMG_2418-140x80.jpg HTTP/1.0" 200 28407 "http://www.islandgreenery.net/gallery/" "Mozilla/5.0 (Macintosh; Intel Mac OS X 10_15_4) AppleWebKit/605.1.15 (KHTML, like Gecko) Version/13.1.2 Safari/605.1.15"
69.118.96.159 - - [09/Sep/2020:21:12:33 -0400] "GET /wp-content/uploads/2020/03/IMG_0643-e1583342226907-140x80.jpg HTTP/1.0" 200 28963 "http://www.islandgreenery.net/gallery/" "Mozilla/5.0 (Macintosh; Intel Mac OS X 10_15_4) AppleWebKit/605.1.15 (KHTML, like Gecko) Version/13.1.2 Safari/605.1.15"
69.118.96.159 - - [09/Sep/2020:21:13:14 -0400] "GET /wp-content/uploads/2016/03/View10-940x480.jpg HTTP/1.0" 200 414805 "http://www.islandgreenery.net/gallery/" "Mozilla/5.0 (Macintosh; Intel Mac OS X 10_15_4) AppleWebKit/605.1.15 (KHTML, like Gecko) Version/13.1.2 Safari/605.1.15"
160.153.147.162 - - [09/Sep/2020:21:15:31 -0400] "GET /demo/wp-includes/wlwmanifest.xml HTTP/1.0" 301 - "-" "Mozilla/5.0 (Windows NT 10.0; Win64; x64) AppleWebKit/537.36 (KHTML, like Gecko) Chrome/70.0.3538.77 Safari/537.36"
27.254.153.10 - - [09/Sep/2020:21:16:13 -0400] "GET /dev/wp-includes/wlwmanifest.xml HTTP/1.0" 301 - "-" "Mozilla/5.0 (Windows NT 10.0; Win64; x64) AppleWebKit/537.36 (KHTML, like Gecko) Chrome/70.0.3538.77 Safari/537.36"
69.118.96.159 - - [09/Sep/2020:21:18:02 -0400] "GET /wp-content/uploads/2016/03/couponHov.png HTTP/1.0" 200 43910 "http://www.islandgreenery.net/specials-coupons/" "Mozilla/5.0 (Macintosh; Intel Mac OS X 10_15_4) AppleWebKit/605.1.15 (KHTML, like Gecko) Version/13.1.2 Safari/605.1.15"
160.153.147.161 - - [09/Sep/2020:21:18:03 -0400] "GET /beta/wp-includes/wlwmanifest.xml HTTP/1.0" 404 23979 "-" "Mozilla/5.0 (Windows NT 10.0; Win64; x64) AppleWebKit/537.36 (KHTML, like Gecko) Chrome/70.0.3538.77 Safari/537.36"
69.118.96.159 - - [09/Sep/2020:21:18:08 -0400] "GET /wp-content/uploads/2016/05/mint-2.jpg HTTP/1.0" 200 9150 "http://www.islandgreenery.net/category/articles-resources/" "Mozilla/5.0 (Macintosh; Intel Mac OS X 10_15_4) AppleWebKit/605.1.15 (KHTML, like Gecko) Version/13.1.2 Safari/605.1.15"
69.118.96.159 - - [09/Sep/2020:21:18:08 -0400] "GET /wp-content/uploads/2016/05/calen_1.jpg HTTP/1.0" 200 10942 "http://www.islandgreenery.net/category/articles-resources/" "Mozilla/5.0 (Macintosh; Intel Mac OS X 10_15_4) AppleWebKit/605.1.15 (KHTML, like Gecko) Version/13.1.2 Safari/605.1.15"
10.30.94.78 - - [09/Sep/2020:21:19:18 -0400] "POST /wp-cron.php?doing_wp_cron=1599700759.4694271087646484375000 HTTP/1.0" 200 - "http://www.islandgreenery.net/wp-cron.php?doing_wp_cron=1599700759.4694271087646484375000" "WordPress/5.4.2; http://www.islandgreenery.net"
66.249.79.171 - - [09/Sep/2020:21:21:23 -0400] "GET /wp-includes/js/jquery/jquery-migrate.min.js?ver=1.4.1 HTTP/1.0" 200 10056 "http://www.islandgreenery.net/masonry-design/" "Mozilla/5.0 (Linux; Android 6.0.1; Nexus 5X Build/MMB29P) AppleWebKit/537.36 (KHTML, like Gecko) Chrome/85.0.4183.93 Mobile Safari/537.36 (compatible; Googlebot/2.1; +http://www.google.com/bot.html)"
66.249.79.168 - - [09/Sep/2020:21:21:23 -0400] "GET /wp-content/plugins/wp-responsive-menu/inc/assets/icons/wpr-icons.css?ver=3.1.4 HTTP/1.0" 200 12813 "http://www.islandgreenery.net/masonry-design/" "Mozilla/5.0 (Linux; Android 6.0.1; Nexus 5X Build/MMB29P) AppleWebKit/537.36 (KHTML, like Gecko) Chrome/85.0.4183.93 Mobile Safari/537.36 (compatible; Googlebot/2.1; +http://www.google.com/bot.html)"
10.30.94.78 - - [09/Sep/2020:21:24:44 -0400] "POST /wp-cron.php?doing_wp_cron=1599701085.1466739177703857421875 HTTP/1.0" 200 - "http://www.islandgreenery.net/wp-cron.php?doing_wp_cron=1599701085.1466739177703857421875" "WordPress/5.4.2; http://www.islandgreenery.net"
50.63.194.50 - - [09/Sep/2020:21:25:14 -0400] "GET /1/wp-includes/wlwmanifest.xml HTTP/1.0" 301 - "-" "Mozilla/5.0 (Windows NT 10.0; Win64; x64) AppleWebKit/537.36 (KHTML, like Gecko) Chrome/70.0.3538.77 Safari/537.36"
50.63.194.50 - - [09/Sep/2020:21:25:16 -0400] "GET /1/wp-includes/wlwmanifest.xml HTTP/1.0" 404 23979 "-" "Mozilla/5.0 (Windows NT 10.0; Win64; x64) AppleWebKit/537.36 (KHTML, like Gecko) Chrome/70.0.3538.77 Safari/537.36"
45.40.166.136 - - [09/Sep/2020:21:26:04 -0400] "GET /blogs/wp-includes/wlwmanifest.xml HTTP/1.0" 301 - "-" "Mozilla/5.0 (Windows NT 10.0; Win64; x64) AppleWebKit/537.36 (KHTML, like Gecko) Chrome/70.0.3538.77 Safari/537.36"
174.197.130.28 - - [09/Sep/2020:21:28:19 -0400] "GET /wp-content/plugins/wp-responsive-menu/inc/assets/icons/wpr-icons.css?ver=3.1.4 HTTP/1.0" 200 12813 "http://www.islandgreenery.net/" "Mozilla/5.0 (Linux; Android 10; LM-V405) AppleWebKit/537.36 (KHTML, like Gecko) Chrome/85.0.4183.81 Mobile Safari/537.36"
174.197.130.28 - - [09/Sep/2020:21:28:19 -0400] "GET /wp-content/themes/islandg/style.css?ver=5.4.2 HTTP/1.0" 200 77097 "http://www.islandgreenery.net/" "Mozilla/5.0 (Linux; Android 10; LM-V405) AppleWebKit/537.36 (KHTML, like Gecko) Chrome/85.0.4183.81 Mobile Safari/537.36"
174.197.130.28 - - [09/Sep/2020:21:28:19 -0400] "GET /wp-content/uploads/master-slider/custom.css?ver=4.5 HTTP/1.0" 200 713 "http://www.islandgreenery.net/" "Mozilla/5.0 (Linux; Android 10; LM-V405) AppleWebKit/537.36 (KHTML, like Gecko) Chrome/85.0.4183.81 Mobile Safari/537.36"
174.197.130.28 - - [09/Sep/2020:21:28:19 -0400] "GET /wp-includes/js/jquery/jquery.js?ver=1.12.4-wp HTTP/1.0" 200 96873 "http://www.islandgreenery.net/" "Mozilla/5.0 (Linux; Android 10; LM-V405) AppleWebKit/537.36 (KHTML, like Gecko) Chrome/85.0.4183.81 Mobile Safari/537.36"
174.197.130.28 - - [09/Sep/2020:21:28:19 -0400] "GET /wp-content/plugins/wp-responsive-menu/assets/js/wprmenu.js?ver=3.1.4 HTTP/1.0" 200 8525 "http://www.islandgreenery.net/" "Mozilla/5.0 (Linux; Android 10; LM-V405) AppleWebKit/537.36 (KHTML, like Gecko) Chrome/85.0.4183.81 Mobile Safari/537.36"
174.197.130.28 - - [09/Sep/2020:21:28:20 -0400] "GET /wp-content/plugins/master-slider/public/assets/js/masterslider.min.js?ver=3.5.8 HTTP/1.0" 200 90646 "http://www.islandgreenery.net/" "Mozilla/5.0 (Linux; Android 10; LM-V405) AppleWebKit/537.36 (KHTML, like Gecko) Chrome/85.0.4183.81 Mobile Safari/537.36"
174.197.130.28 - - [09/Sep/2020:21:28:20 -0400] "GET /wp-content/plugins/wp-responsive-menu/inc/assets/icons/fonts/icomoon.ttf?5ujmx2 HTTP/1.0" 200 50268 "http://www.islandgreenery.net/wp-content/plugins/wp-responsive-menu/inc/assets/icons/wpr-icons.css?ver=3.1.4" "Mozilla/5.0 (Linux; Android 10; LM-V405) AppleWebKit/537.36 (KHTML, like Gecko) Chrome/85.0.4183.81 Mobile Safari/537.36"
174.197.130.28 - - [09/Sep/2020:21:28:20 -0400] "GET /wp-content/themes/islandg/images/cambridge-logo.jpg HTTP/1.0" 200 5448 "http://www.islandgreenery.net/" "Mozilla/5.0 (Linux; Android 10; LM-V405) AppleWebKit/537.36 (KHTML, like Gecko) Chrome/85.0.4183.81 Mobile Safari/537.36"
174.197.130.28 - - [09/Sep/2020:21:28:20 -0400] "GET /wp-content/themes/islandg/images/nicolock-logo.jpg HTTP/1.0" 200 5694 "http://www.islandgreenery.net/" "Mozilla/5.0 (Linux; Android 10; LM-V405) AppleWebKit/537.36 (KHTML, like Gecko) Chrome/85.0.4183.81 Mobile Safari/537.36"
174.197.130.28 - - [09/Sep/2020:21:28:20 -0400] "GET /wp-content/themes/islandg/images/monrovia-logo.jpg HTTP/1.0" 200 3074 "http://www.islandgreenery.net/" "Mozilla/5.0 (Linux; Android 10; LM-V405) AppleWebKit/537.36 (KHTML, like Gecko) Chrome/85.0.4183.81 Mobile Safari/537.36"
174.197.130.28 - - [09/Sep/2020:21:28:20 -0400] "GET /wp-content/plugins/master-slider/public/assets/css/common/loading-2.gif HTTP/1.0" 200 2707 "http://www.islandgreenery.net/wp-content/plugins/master-slider/public/assets/css/masterslider.main.css?ver=3.5.8" "Mozilla/5.0 (Linux; Android 10; LM-V405) AppleWebKit/537.36 (KHTML, like Gecko) Chrome/85.0.4183.81 Mobile Safari/537.36"
174.197.130.28 - - [09/Sep/2020:21:28:20 -0400] "GET /wp-content/themes/islandg/images/paraco-logo.jpg HTTP/1.0" 200 6286 "http://www.islandgreenery.net/" "Mozilla/5.0 (Linux; Android 10; LM-V405) AppleWebKit/537.36 (KHTML, like Gecko) Chrome/85.0.4183.81 Mobile Safari/537.36"
174.197.130.28 - - [09/Sep/2020:21:28:20 -0400] "GET /wp-content/themes/islandg/images/master-nursery-logo.jpg HTTP/1.0" 200 3944 "http://www.islandgreenery.net/" "Mozilla/5.0 (Linux; Android 10; LM-V405) AppleWebKit/537.36 (KHTML, like Gecko) Chrome/85.0.4183.81 Mobile Safari/537.36"
174.197.130.28 - - [09/Sep/2020:21:28:20 -0400] "GET /wp-content/uploads/2020/05/late-spring-banner-bg-2.jpg HTTP/1.0" 200 23114 "http://www.islandgreenery.net/" "Mozilla/5.0 (Linux; Android 10; LM-V405) AppleWebKit/537.36 (KHTML, like Gecko) Chrome/85.0.4183.81 Mobile Safari/537.36"
174.197.130.28 - - [09/Sep/2020:21:28:20 -0400] "GET /wp-content/uploads/2020/05/late-spring-banner-bg-3.jpg HTTP/1.0" 200 62771 "http://www.islandgreenery.net/" "Mozilla/5.0 (Linux; Android 10; LM-V405) AppleWebKit/537.36 (KHTML, like Gecko) Chrome/85.0.4183.81 Mobile Safari/537.36"
174.197.130.28 - - [09/Sep/2020:21:29:35 -0400] "GET / HTTP/1.0" 200 30102 "http://www.islandgreenery.net/" "Mozilla/5.0 (Linux; Android 10; LM-V405) AppleWebKit/537.36 (KHTML, like Gecko) Chrome/85.0.4183.81 Mobile Safari/537.36"
174.197.130.28 - - [09/Sep/2020:21:31:26 -0400] "GET /emailer-signup/ HTTP/1.0" 200 26059 "http://www.islandgreenery.net/propane-supply/" "Mozilla/5.0 (Linux; Android 10; LM-V405) AppleWebKit/537.36 (KHTML, like Gecko) Chrome/85.0.4183.81 Mobile Safari/537.36"
23.228.109.146 - - [09/Sep/2020:22:05:25 -0400] "GET /wp-content/plugins/front-end-editor/lib/aloha-editor/plugins/extra/draganddropfiles/demo/index.css HTTP/1.0" 301 - "http://www.google.com/" "Mozilla/5.0 (Windows NT 6.1; Win64; x64) AppleWebKit/537.36 (KHTML, like Gecko) Chrome/56.0.2896.3 Safari/537.36"
3.89.130.91 - - [09/Sep/2020:22:10:54 -0400] "GET /category/blog/feed/ HTTP/1.0" 200 11775 "https://www.google.com/" "Mozilla/5.0 (Macintosh; Intel Mac OS X 10_14_6) AppleWebKit/537.36 (KHTML, like Gecko) Chrome/80.0.3987.132 Safari/537.36"
94.130.107.178 - - [09/Sep/2020:22:32:45 -0400] "GET //wp-admin/install.php?step=1 HTTP/1.0" 200 1409 "-" "Mozilla/5.0 (X11; Linux x86_64; rv:52.0) Gecko/20100101 Firefox/52.0"
94.130.107.178 - - [09/Sep/2020:22:33:00 -0400] "GET /wp/wp-admin/install.php?step=1 HTTP/1.0" 301 500 "-" "Mozilla/5.0 (X11; Linux x86_64; rv:52.0) Gecko/20100101 Firefox/52.0"
68.198.87.67 - - [09/Sep/2020:22:33:13 -0400] "GET /wp-content/plugins/wp-responsive-menu/assets/css/wprmenu.css?ver=3.1.4 HTTP/1.0" 200 9623 "http://www.islandgreenery.net/" "Mozilla/5.0 (Macintosh; Intel Mac OS X 10_14_6) AppleWebKit/605.1.15 (KHTML, like Gecko) Version/13.1.2 Safari/605.1.15"
68.198.87.67 - - [09/Sep/2020:22:33:13 -0400] "GET /wp-content/themes/islandg/images/nicolock-logo.jpg HTTP/1.0" 200 5694 "http://www.islandgreenery.net/" "Mozilla/5.0 (Macintosh; Intel Mac OS X 10_14_6) AppleWebKit/605.1.15 (KHTML, like Gecko) Version/13.1.2 Safari/605.1.15"
68.198.87.67 - - [09/Sep/2020:22:33:13 -0400] "GET /wp-content/themes/islandg/images/bg.jpg HTTP/1.0" 200 154003 "http://www.islandgreenery.net/" "Mozilla/5.0 (Macintosh; Intel Mac OS X 10_14_6) AppleWebKit/605.1.15 (KHTML, like Gecko) Version/13.1.2 Safari/605.1.15"
74.88.33.47 - - [09/Sep/2020:22:40:46 -0400] "GET /wp-content/plugins/wp-responsive-menu/assets/js/jquery.touchSwipe.min.js?ver=3.1.4 HTTP/1.0" 200 10290 "http://www.islandgreenery.net/" "Mozilla/5.0 (Macintosh; Intel Mac OS X 10_15_6) AppleWebKit/605.1.15 (KHTML, like Gecko) Version/13.1.2 Safari/605.1.15"
74.88.33.47 - - [09/Sep/2020:22:40:47 -0400] "GET /wp-content/themes/islandg/images/green-bullet.png HTTP/1.0" 200 173 "http://www.islandgreenery.net/" "Mozilla/5.0 (Macintosh; Intel Mac OS X 10_15_6) AppleWebKit/605.1.15 (KHTML, like Gecko) Version/13.1.2 Safari/605.1.15"
67.84.84.11 - - [09/Sep/2020:22:47:00 -0400] "GET / HTTP/1.0" 200 30102 "https://www.google.com/" "Mozilla/5.0 (iPhone; CPU iPhone OS 13_7 like Mac OS X) AppleWebKit/605.1.15 (KHTML, like Gecko) Version/13.1.2 Mobile/15E148 Safari/604.1"
67.84.84.11 - - [09/Sep/2020:22:47:05 -0400] "GET /wp-content/themes/twentytwelve/style.css HTTP/1.0" 200 36443 "http://www.islandgreenery.net/" "Mozilla/5.0 (iPhone; CPU iPhone OS 13_7 like Mac OS X) AppleWebKit/605.1.15 (KHTML, like Gecko) Version/13.1.2 Mobile/15E148 Safari/604.1"
67.84.84.11 - - [09/Sep/2020:22:47:05 -0400] "GET /wp-content/themes/islandg/images/pit-barrel-border.jpg HTTP/1.0" 200 16627 "http://www.islandgreenery.net/" "Mozilla/5.0 (iPhone; CPU iPhone OS 13_7 like Mac OS X) AppleWebKit/605.1.15 (KHTML, like Gecko) Version/13.1.2 Mobile/15E148 Safari/604.1"
67.84.84.11 - - [09/Sep/2020:22:47:05 -0400] "GET /wp-content/themes/islandg/images/cambridge-logo.jpg HTTP/1.0" 200 5448 "http://www.islandgreenery.net/" "Mozilla/5.0 (iPhone; CPU iPhone OS 13_7 like Mac OS X) AppleWebKit/605.1.15 (KHTML, like Gecko) Version/13.1.2 Mobile/15E148 Safari/604.1"
67.84.84.11 - - [09/Sep/2020:22:47:05 -0400] "GET /wp-content/themes/islandg/images/design-services-bg.jpg HTTP/1.0" 200 43520 "http://www.islandgreenery.net/" "Mozilla/5.0 (iPhone; CPU iPhone OS 13_7 like Mac OS X) AppleWebKit/605.1.15 (KHTML, like Gecko) Version/13.1.2 Mobile/15E148 Safari/604.1"
67.84.84.11 - - [09/Sep/2020:22:47:05 -0400] "GET / HTTP/1.0" 200 30102 "http://www.islandgreenery.net/" "Mozilla/5.0 (iPhone; CPU iPhone OS 13_7 like Mac OS X) AppleWebKit/605.1.15 (KHTML, like Gecko) Version/13.1.2 Mobile/15E148 Safari/604.1"
162.241.85.189 - - [09/Sep/2020:23:13:10 -0400] "GET /wp-admin/ HTTP/1.0" 302 - "http://islandgreenery.net/" "Mozilla/5.0 (Windows NT 10.0; Win64; x64) AppleWebKit/537.36 (KHTML, like Gecko) Chrome/78.0.3904.97 Safari/537.36"
66.249.79.173 - - [09/Sep/2020:23:28:04 -0400] "GET /seasonal.html HTTP/1.0" 404 23979 "-" "Mozilla/5.0 (compatible; Googlebot/2.1; +http://www.google.com/bot.html)"
157.55.39.164 - - [09/Sep/2020:00:01:09 -0400] "GET / HTTP/1.0" 200 30102 "-" "Mozilla/5.0 (compatible; bingbot/2.0; +http://www.bing.com/bingbot.htm)"
31.173.35.25 - - [09/Sep/2020:00:20:39 -0400] "GET /new/wp-content/plugins/wp-file-manager/lib/php/connector.minimal.php?cmd=mkfile&name=p3.php&target=l1_Lw HTTP/1.0" 404 24479 "-" "Mozlila/5.0 (Linux; Android 7.0; SM-G892A Bulid/NRD90M; wv) AppleWebKit/537.36 (KHTML, like Gecko) Version/4.0 Chrome/60.0.3112.107 Moblie Safari/537.36"
10.30.94.78 - - [09/Sep/2020:00:43:21 -0400] "POST /wp-cron.php?doing_wp_cron=1599626601.3442919254302978515625 HTTP/1.0" 200 - "http://www.islandgreenery.net/wp-cron.php?doing_wp_cron=1599626601.3442919254302978515625" "WordPress/5.4.2; http://www.islandgreenery.net"
10.30.94.78 - - [09/Sep/2020:00:50:31 -0400] "POST /wp-cron.php?doing_wp_cron=1599627031.2251060009002685546875 HTTP/1.0" 200 - "http://www.islandgreenery.net/wp-cron.php?doing_wp_cron=1599627031.2251060009002685546875" "WordPress/5.4.2; http://www.islandgreenery.net"
96.250.41.107 - - [09/Sep/2020:01:22:51 -0400] "GET /wp-content/plugins/wp-responsive-menu/assets/css/wprmenu.css?ver=3.1.4 HTTP/1.0" 200 9623 "http://www.islandgreenery.net/" "Mozilla/5.0 (iPad; CPU OS 12_4 like Mac OS X) AppleWebKit/605.1.15 (KHTML, like Gecko) CriOS/85.0.4183.92 Mobile/15E148 Safari/604.1"
10.30.94.78 - - [09/Sep/2020:01:22:49 -0400] "POST /wp-cron.php?doing_wp_cron=1599628970.0683948993682861328125 HTTP/1.0" 200 - "http://www.islandgreenery.net/wp-cron.php?doing_wp_cron=1599628970.0683948993682861328125" "WordPress/5.4.2; http://www.islandgreenery.net"
96.250.41.107 - - [09/Sep/2020:01:22:51 -0400] "GET /wp-content/themes/islandg/images/logo.png HTTP/1.0" 200 71909 "http://www.islandgreenery.net/" "Mozilla/5.0 (iPad; CPU OS 12_4 like Mac OS X) AppleWebKit/605.1.15 (KHTML, like Gecko) CriOS/85.0.4183.92 Mobile/15E148 Safari/604.1"
96.250.41.107 - - [09/Sep/2020:01:22:51 -0400] "GET /wp-content/themes/islandg/images/monrovia-logo.jpg HTTP/1.0" 200 3074 "http://www.islandgreenery.net/" "Mozilla/5.0 (iPad; CPU OS 12_4 like Mac OS X) AppleWebKit/605.1.15 (KHTML, like Gecko) CriOS/85.0.4183.92 Mobile/15E148 Safari/604.1"
79.137.9.178 - - [09/Sep/2020:01:38:11 -0400] "GET /.env HTTP/1.0" 404 23979 "-" "python-requests/2.24.0"
192.71.224.240 - - [09/Sep/2020:01:51:00 -0400] "GET /ads.txt HTTP/1.0" 404 23979 "http://islandgreenery.net/ads.txt" "Go-http-client/1.1"
10.30.94.78 - - [09/Sep/2020:01:57:26 -0400] "POST /wp-cron.php?doing_wp_cron=1599631047.0218799114227294921875 HTTP/1.0" 200 - "http://www.islandgreenery.net/wp-cron.php?doing_wp_cron=1599631047.0218799114227294921875" "WordPress/5.4.2; http://www.islandgreenery.net"
10.30.94.78 - - [09/Sep/2020:02:30:24 -0400] "POST /wp-cron.php?doing_wp_cron=1599633023.2080559730529785156250 HTTP/1.0" 200 - "http://www.islandgreenery.net/wp-cron.php?doing_wp_cron=1599633023.2080559730529785156250" "WordPress/5.4.2; http://www.islandgreenery.net"
66.249.68.11 - - [09/Sep/2020:03:13:09 -0400] "GET /landscape-design/ HTTP/1.0" 200 26271 "-" "Mozilla/5.0 (compatible; Googlebot/2.1; +http://www.google.com/bot.html)"
114.119.158.13 - - [09/Sep/2020:03:14:50 -0400] "GET /2016/05/06/succulent-container-garden-2 HTTP/1.0" 301 - "-" "Mozilla/5.0 (Linux; Android 7.0;) AppleWebKit/537.36 (KHTML, like Gecko) Mobile Safari/537.36 (compatible; PetalBot;+http://aspiegel.com/petalbot)"
95.217.228.32 - - [09/Sep/2020:03:17:24 -0400] "GET /wp-includes/css/dist/block-library/style.min.css?ver=5.4.2 HTTP/1.0" 200 53593 "http://www.islandgreenery.net/" "'Mozilla/5.0 (compatible; Seekport Crawler; http://seekport.com/'"
95.217.228.32 - - [09/Sep/2020:03:17:24 -0400] "GET /wp-includes/js/jquery/jquery.js?ver=1.12.4-wp HTTP/1.0" 200 96873 "http://www.islandgreenery.net/" "'Mozilla/5.0 (compatible; Seekport Crawler; http://seekport.com/'"
95.217.228.32 - - [09/Sep/2020:03:17:24 -0400] "GET /wp-content/themes/twentytwelve/style.css HTTP/1.0" 200 36443 "http://www.islandgreenery.net/" "'Mozilla/5.0 (compatible; Seekport Crawler; http://seekport.com/'"
95.217.228.32 - - [09/Sep/2020:03:17:25 -0400] "GET /wp-content/plugins/master-slider/public/assets/js/jquery.easing.min.js?ver=3.5.8 HTTP/1.0" 200 5555 "http://www.islandgreenery.net/" "'Mozilla/5.0 (compatible; Seekport Crawler; http://seekport.com/'"
95.217.228.32 - - [09/Sep/2020:03:17:25 -0400] "GET /wp-content/plugins/master-slider/public/assets/js/masterslider.min.js?ver=3.5.8 HTTP/1.0" 200 90646 "http://www.islandgreenery.net/" "'Mozilla/5.0 (compatible; Seekport Crawler; http://seekport.com/'"
95.217.228.32 - - [09/Sep/2020:03:17:25 -0400] "GET /wp-content/themes/islandg/images/design-grad.png HTTP/1.0" 200 200 "http://www.islandgreenery.net/wp-content/themes/islandg/style.css?ver=5.4.2" "'Mozilla/5.0 (compatible; Seekport Crawler; http://seekport.com/'"
95.217.228.32 - - [09/Sep/2020:03:17:26 -0400] "GET /wp-content/uploads/2020/05/late-spring-banner-bg-4.jpg HTTP/1.0" 200 22286 "http://www.islandgreenery.net/" "'Mozilla/5.0 (compatible; Seekport Crawler; http://seekport.com/'"
10.30.94.78 - - [09/Sep/2020:03:56:55 -0400] "POST /wp-cron.php?doing_wp_cron=1599638215.4446239471435546875000 HTTP/1.0" 200 - "http://www.islandgreenery.net/wp-cron.php?doing_wp_cron=1599638215.4446239471435546875000" "WordPress/5.4.2; http://www.islandgreenery.net"
114.119.143.145 - - [09/Sep/2020:05:29:39 -0400] "GET /category/in-the-greenhouse HTTP/1.0" 301 - "-" "Mozilla/5.0 (Linux; Android 7.0;) AppleWebKit/537.36 (KHTML, like Gecko) Mobile Safari/537.36 (compatible; PetalBot;+http://aspiegel.com/petalbot)"
10.30.94.78 - - [09/Sep/2020:05:55:32 -0400] "POST /wp-cron.php?doing_wp_cron=1599645332.1604590415954589843750 HTTP/1.0" 200 - "http://www.islandgreenery.net/wp-cron.php?doing_wp_cron=1599645332.1604590415954589843750" "WordPress/5.4.2; http://www.islandgreenery.net"
35.176.19.74 - - [09/Sep/2020:06:28:50 -0400] "GET / HTTP/1.0" 200 30102 "-" "Mozilla/5.0 (Windows NT 6.1; WOW64; rv:64.0) Gecko/20100101 Firefox/64.0"
10.30.94.78 - - [09/Sep/2020:06:55:03 -0400] "POST /wp-cron.php?doing_wp_cron=1599648903.6636428833007812500000 HTTP/1.0" 200 - "http://www.islandgreenery.net/wp-cron.php?doing_wp_cron=1599648903.6636428833007812500000" "WordPress/5.4.2; http://www.islandgreenery.net"
114.119.145.125 - - [09/Sep/2020:07:10:35 -0400] "GET /2018/01/08/family-gardening-attracting-wildlife-to-the-garden HTTP/1.0" 404 23979 "-" "Mozilla/5.0 (Linux; Android 7.0;) AppleWebKit/537.36 (KHTML, like Gecko) Mobile Safari/537.36 (compatible; PetalBot;+http://aspiegel.com/petalbot)"
10.30.94.78 - - [09/Sep/2020:07:10:37 -0400] "POST /wp-cron.php?doing_wp_cron=1599649837.2470760345458984375000 HTTP/1.0" 200 - "http://www.islandgreenery.net/wp-cron.php?doing_wp_cron=1599649837.2470760345458984375000" "WordPress/5.4.2; http://www.islandgreenery.net"
128.90.166.130 - - [09/Sep/2020:07:27:23 -0400] "GET /web/wp-admin/setup-config.php HTTP/1.0" 404 24479 "-" "Mozilla/5.0 (X11; Linux x86_64; rv:52.0) Gecko/20100101 Firefox/52.0"
137.83.201.122 - - [09/Sep/2020:08:26:52 -0400] "GET /wp-includes/js/jquery/jquery.js?ver=1.12.4-wp HTTP/1.0" 200 96873 "http://www.islandgreenery.net/" "Mozilla/5.0 (Windows NT 10.0; WOW64) AppleWebKit/537.36 (KHTML, like Gecko) Chrome/84.0.4147.89 Safari/537.36"
137.83.201.122 - - [09/Sep/2020:08:26:52 -0400] "GET /wp-content/themes/islandg/images/bower-branch-small.jpg HTTP/1.0" 200 10230 "http://www.islandgreenery.net/" "Mozilla/5.0 (Windows NT 10.0; WOW64) AppleWebKit/537.36 (KHTML, like Gecko) Chrome/84.0.4147.89 Safari/537.36"
137.83.201.122 - - [09/Sep/2020:08:26:52 -0400] "GET /wp-content/themes/islandg/images/delea-logo.jpg HTTP/1.0" 200 3619 "http://www.islandgreenery.net/" "Mozilla/5.0 (Windows NT 10.0; WOW64) AppleWebKit/537.36 (KHTML, like Gecko) Chrome/84.0.4147.89 Safari/537.36"
137.83.201.122 - - [09/Sep/2020:08:26:52 -0400] "GET /wp-content/themes/islandg/images/home-garden-showplace-logo.jpg HTTP/1.0" 200 4334 "http://www.islandgreenery.net/" "Mozilla/5.0 (Windows NT 10.0; WOW64) AppleWebKit/537.36 (KHTML, like Gecko) Chrome/84.0.4147.89 Safari/537.36"
114.119.151.107 - - [09/Sep/2020:08:30:11 -0400] "GET /2016/11/10/making-a-terrarium HTTP/1.0" 404 23979 "-" "Mozilla/5.0 (Linux; Android 7.0;) AppleWebKit/537.36 (KHTML, like Gecko) Mobile Safari/537.36 (compatible; PetalBot;+http://aspiegel.com/petalbot)"
74.90.122.15 - - [09/Sep/2020:09:41:15 -0400] "GET /wp-content/themes/twentytwelve/js/navigation.js?ver=20140711 HTTP/1.0" 200 1552 "http://www.islandgreenery.net/" "Mozilla/5.0 (iPad; CPU OS 13_3 like Mac OS X) AppleWebKit/605.1.15 (KHTML, like Gecko) CriOS/84.0.4147.122 Mobile/15E148 Safari/604.1"
74.90.122.15 - - [09/Sep/2020:09:41:16 -0400] "GET /wp-content/themes/islandg/images/master-nursery-logo.jpg HTTP/1.0" 200 3944 "http://www.islandgreenery.net/" "Mozilla/5.0 (iPad; CPU OS 13_3 like Mac OS X) AppleWebKit/605.1.15 (KHTML, like Gecko) CriOS/84.0.4147.122 Mobile/15E148 Safari/604.1"
74.90.122.15 - - [09/Sep/2020:09:41:16 -0400] "GET /wp-content/themes/islandg/images/design-services-bg.jpg HTTP/1.0" 200 43520 "http://www.islandgreenery.net/" "Mozilla/5.0 (iPad; CPU OS 13_3 like Mac OS X) AppleWebKit/605.1.15 (KHTML, like Gecko) CriOS/84.0.4147.122 Mobile/15E148 Safari/604.1"
137.83.201.122 - - [09/Sep/2020:09:52:03 -0400] "GET /wp-content/plugins/master-slider/public/assets/css/masterslider.main.css?ver=3.5.8 HTTP/1.0" 200 66525 "http://www.islandgreenery.net/" "Mozilla/5.0 (Windows NT 10.0; WOW64) AppleWebKit/537.36 (KHTML, like Gecko) Chrome/84.0.4147.89 Safari/537.36"
137.83.201.122 - - [09/Sep/2020:09:52:03 -0400] "GET /wp-includes/js/jquery/jquery.js?ver=1.12.4-wp HTTP/1.0" 200 96873 "http://www.islandgreenery.net/" "Mozilla/5.0 (Windows NT 10.0; WOW64) AppleWebKit/537.36 (KHTML, like Gecko) Chrome/84.0.4147.89 Safari/537.36"
137.83.201.122 - - [09/Sep/2020:09:52:03 -0400] "GET /wp-content/themes/islandg/images/master-nursery-logo.jpg HTTP/1.0" 200 3944 "http://www.islandgreenery.net/" "Mozilla/5.0 (Windows NT 10.0; WOW64) AppleWebKit/537.36 (KHTML, like Gecko) Chrome/84.0.4147.89 Safari/537.36"
137.83.201.122 - - [09/Sep/2020:09:52:03 -0400] "GET /wp-content/plugins/contact-form-7/includes/js/scripts.js?ver=5.1.7 HTTP/1.0" 200 14440 "http://www.islandgreenery.net/" "Mozilla/5.0 (Windows NT 10.0; WOW64) AppleWebKit/537.36 (KHTML, like Gecko) Chrome/84.0.4147.89 Safari/537.36"
10.30.94.78 - - [09/Sep/2020:09:52:01 -0400] "POST /wp-cron.php?doing_wp_cron=1599659521.3191568851470947265625 HTTP/1.0" 200 - "http://www.islandgreenery.net/wp-cron.php?doing_wp_cron=1599659521.3191568851470947265625" "WordPress/5.4.2; http://www.islandgreenery.net"
10.30.94.78 - - [09/Sep/2020:10:12:49 -0400] "POST /wp-cron.php?doing_wp_cron=1599660769.4135520458221435546875 HTTP/1.0" 200 - "http://www.islandgreenery.net/wp-cron.php?doing_wp_cron=1599660769.4135520458221435546875" "WordPress/5.4.2; http://www.islandgreenery.net"
67.84.18.14 - - [09/Sep/2020:10:23:07 -0400] "GET /wp-content/themes/islandg/images/twitter-icon.png HTTP/1.0" 200 829 "http://www.islandgreenery.net/" "Mozilla/5.0 (Windows NT 10.0; Win64; x64) AppleWebKit/537.36 (KHTML, like Gecko) Chrome/85.0.4183.83 Safari/537.36"
