83.30.112.16 - - [09/Sep/2020:10:23:15 -0400] "POST /xmlrpc.php HTTP/1.0" 200 403 "-" "Mozilla/5.0 (Windows NT 6.1; Win64; x64) AppleWebKit/537.36 (KHTML, like Gecko) Chrome/59.0.3071.109 Safari/537.36"
83.30.112.16 - - [09/Sep/2020:10:23:48 -0400] "POST /xmlrpc.php HTTP/1.0" 200 403 "-" "Mozilla/5.0 (Windows NT 6.1; Win64; x64) AppleWebKit/537.36 (KHTML, like Gecko) Chrome/59.0.3071.109 Safari/537.36"
34.217.118.199 - - [09/Sep/2020:10:24:20 -0400] "GET /wp-content/plugins/master-slider/public/assets/js/jquery.easing.min.js?ver=3.5.8 HTTP/1.0" 200 5555 "-" "Mozilla/5.0 (Windows NT 6.1; Win64; x64) AppleWebKit/537.36 (KHTML, like Gecko) Chrome/72.0.3626.109 Safari/537.36"
67.84.18.14 - - [09/Sep/2020:10:24:20 -0400] "GET /wp-content/uploads/2016/03/Hagan_7-140x80.png HTTP/1.0" 200 26902 "http://www.islandgreenery.net/gallery/" "Mozilla/5.0 (Windows NT 10.0; Win64; x64) AppleWebKit/537.36 (KHTML, like Gecko) Chrome/85.0.4183.83 Safari/537.36"
67.84.18.14 - - [09/Sep/2020:10:24:21 -0400] "GET /wp-content/uploads/2020/03/IMG_0643-e1583342226907-140x80.jpg HTTP/1.0" 200 28963 "http://www.islandgreenery.net/gallery/" "Mozilla/5.0 (Windows NT 10.0; Win64; x64) AppleWebKit/537.36 (KHTML, like Gecko) Chrome/85.0.4183.83 Safari/537.36"
67.84.18.14 - - [09/Sep/2020:10:24:21 -0400] "GET /wp-content/uploads/2016/03/AWC_9052-140x80.jpg HTTP/1.0" 200 15764 "http://www.islandgreenery.net/gallery/" "Mozilla/5.0 (Windows NT 10.0; Win64; x64) AppleWebKit/537.36 (KHTML, like Gecko) Chrome/85.0.4183.83 Safari/537.36"
67.84.18.14 - - [09/Sep/2020:10:24:21 -0400] "GET /wp-content/uploads/2020/03/IMG_0470-1-e1583342086710-940x480.jpg HTTP/1.0" 200 279993 "http://www.islandgreenery.net/gallery/" "Mozilla/5.0 (Windows NT 10.0; Win64; x64) AppleWebKit/537.36 (KHTML, like Gecko) Chrome/85.0.4183.83 Safari/537.36"
67.84.18.14 - - [09/Sep/2020:10:24:21 -0400] "GET /wp-content/uploads/2020/03/IMG_3577-e1583340038301-940x480.jpg HTTP/1.0" 200 359819 "http://www.islandgreenery.net/gallery/" "Mozilla/5.0 (Windows NT 10.0; Win64; x64) AppleWebKit/537.36 (KHTML, like Gecko) Chrome/85.0.4183.83 Safari/537.36"
67.84.18.14 - - [09/Sep/2020:10:24:24 -0400] "GET /wp-content/uploads/2016/03/Hagan_7-940x480.png HTTP/1.0" 200 713665 "http://www.islandgreenery.net/gallery/" "Mozilla/5.0 (Windows NT 10.0; Win64; x64) AppleWebKit/537.36 (KHTML, like Gecko) Chrome/85.0.4183.83 Safari/537.36"
10.30.94.78 - - [09/Sep/2020:10:25:15 -0400] "POST /wp-cron.php?doing_wp_cron=1599661515.1908071041107177734375 HTTP/1.0" 200 - "http://www.islandgreenery.net/wp-cron.php?doing_wp_cron=1599661515.1908071041107177734375" "WordPress/5.4.2; http://www.islandgreenery.net"
62.210.189.2 - - [09/Sep/2020:10:31:36 -0400] "GET / HTTP/1.0" 200 30102 "-" "Mozilla/5.0 (compatible; Barkrowler/0.9; +https://babbar.tech/crawler)"
17.58.100.61 - - [09/Sep/2020:10:48:09 -0400] "GET / HTTP/1.0" 200 30102 "-" "Mozilla/5.0 (Macintosh; Intel Mac OS X 10_15_5) AppleWebKit/605.1.15 (KHTML, like Gecko) Version/13.1.1 Safari/605.1.15 (Applebot/0.1; +http://www.apple.com/go/applebot)"
77.88.5.76 - - [09/Sep/2020:10:59:52 -0400] "GET /about-us/ HTTP/1.0" 200 25885 "-" "Mozilla/5.0 (compatible; YandexBot/3.0; +http://yandex.com/bots)"
71.190.224.109 - - [09/Sep/2020:11:29:19 -0400] "GET /wp-content/plugins/master-slider/public/assets/css/masterslider.main.css?ver=3.5.8 HTTP/1.0" 200 66525 "http://www.islandgreenery.net/" "Mozilla/5.0 (Linux; Android 9; SAMSUNG SM-T510) AppleWebKit/537.36 (KHTML, like Gecko) SamsungBrowser/12.1 Chrome/79.0.3945.136 Safari/537.36"
71.190.224.109 - - [09/Sep/2020:11:29:19 -0400] "GET /wp-includes/js/jquery/jquery-migrate.min.js?ver=1.4.1 HTTP/1.0" 200 10056 "http://www.islandgreenery.net/" "Mozilla/5.0 (Linux; Android 9; SAMSUNG SM-T510) AppleWebKit/537.36 (KHTML, like Gecko) SamsungBrowser/12.1 Chrome/79.0.3945.136 Safari/537.36"
71.190.224.109 - - [09/Sep/2020:11:29:19 -0400] "GET /wp-content/themes/islandg/images/facebook-icon.png HTTP/1.0" 200 2368 "http://www.islandgreenery.net/" "Mozilla/5.0 (Linux; Android 9; SAMSUNG SM-T510) AppleWebKit/537.36 (KHTML, like Gecko) SamsungBrowser/12.1 Chrome/79.0.3945.136 Safari/537.36"
71.190.224.109 - - [09/Sep/2020:11:29:19 -0400] "GET /wp-content/plugins/master-slider/public/assets/js/jquery.easing.min.js?ver=3.5.8 HTTP/1.0" 200 5555 "http://www.islandgreenery.net/" "Mozilla/5.0 (Linux; Android 9; SAMSUNG SM-T510) AppleWebKit/537.36 (KHTML, like Gecko) SamsungBrowser/12.1 Chrome/79.0.3945.136 Safari/537.36"
71.190.224.109 - - [09/Sep/2020:11:29:19 -0400] "GET /wp-content/themes/islandg/images/cambridge-logo.jpg HTTP/1.0" 200 5448 "http://www.islandgreenery.net/" "Mozilla/5.0 (Linux; Android 9; SAMSUNG SM-T510) AppleWebKit/537.36 (KHTML, like Gecko) SamsungBrowser/12.1 Chrome/79.0.3945.136 Safari/537.36"
71.190.224.109 - - [09/Sep/2020:11:29:47 -0400] "GET /wp-content/uploads/2016/03/IMG_18071-140x80.jpg HTTP/1.0" 200 13592 "http://www.islandgreenery.net/gallery/" "Mozilla/5.0 (Linux; Android 9; SAMSUNG SM-T510) AppleWebKit/537.36 (KHTML, like Gecko) SamsungBrowser/12.1 Chrome/79.0.3945.136 Safari/537.36"
71.190.224.109 - - [09/Sep/2020:11:29:47 -0400] "GET /wp-content/uploads/2020/03/IMG_6588-e1583339538916-140x80.jpg HTTP/1.0" 200 24867 "http://www.islandgreenery.net/gallery/" "Mozilla/5.0 (Linux; Android 9; SAMSUNG SM-T510) AppleWebKit/537.36 (KHTML, like Gecko) SamsungBrowser/12.1 Chrome/79.0.3945.136 Safari/537.36"
71.190.224.109 - - [09/Sep/2020:11:29:47 -0400] "GET /wp-content/uploads/2020/03/IMG_4087-140x80.jpg HTTP/1.0" 200 32975 "http://www.islandgreenery.net/gallery/" "Mozilla/5.0 (Linux; Android 9; SAMSUNG SM-T510) AppleWebKit/537.36 (KHTML, like Gecko) SamsungBrowser/12.1 Chrome/79.0.3945.136 Safari/537.36"
47.16.106.230 - - [09/Sep/2020:11:39:32 -0400] "GET /specials-coupons/ HTTP/1.0" 200 24651 "http://www.google.com/" "Mozilla/5.0 (Linux; Android 10; SM-G975U) AppleWebKit/537.36 (KHTML, like Gecko) Chrome/85.0.4183.81 Mobile Safari/537.36"
47.16.106.230 - - [09/Sep/2020:11:39:37 -0400] "GET /wp-content/themes/islandg/images/facebook-icon.png HTTP/1.0" 200 2368 "http://www.islandgreenery.net/specials-coupons/" "Mozilla/5.0 (Linux; Android 10; SM-G975U) AppleWebKit/537.36 (KHTML, like Gecko) Chrome/85.0.4183.81 Mobile Safari/537.36"
146.184.160.23 - - [09/Sep/2020:11:47:37 -0400] "GET /wp-content/uploads/2016/12/spring5-960x250.jpg HTTP/1.0" 200 106650 "-" "Mozilla/4.0 (compatible;)"
172.58.229.198 - - [09/Sep/2020:12:10:20 -0400] "GET /wp-content/themes/islandg/images/twitter-icon.png HTTP/1.0" 200 829 "http://www.islandgreenery.net/" "Mozilla/5.0 (iPhone; CPU iPhone OS 13_6_1 like Mac OS X) AppleWebKit/605.1.15 (KHTML, like Gecko) Version/13.1.2 Mobile/15E148 Safari/604.1"
172.58.229.198 - - [09/Sep/2020:12:10:20 -0400] "GET /wp-content/themes/islandg/images/cambridge-logo.jpg HTTP/1.0" 200 5448 "http://www.islandgreenery.net/" "Mozilla/5.0 (iPhone; CPU iPhone OS 13_6_1 like Mac OS X) AppleWebKit/605.1.15 (KHTML, like Gecko) Version/13.1.2 Mobile/15E148 Safari/604.1"
172.58.229.198 - - [09/Sep/2020:12:10:21 -0400] "GET /wp-content/plugins/wp-responsive-menu/assets/fonts/wprmenu.ttf?p8o4s0 HTTP/1.0" 200 1152 "http://www.islandgreenery.net/" "Mozilla/5.0 (iPhone; CPU iPhone OS 13_6_1 like Mac OS X) AppleWebKit/605.1.15 (KHTML, like Gecko) Version/13.1.2 Mobile/15E148 Safari/604.1"
172.58.229.198 - - [09/Sep/2020:12:10:21 -0400] "GET /wp-content/themes/islandg/images/master-nursery-logo.jpg HTTP/1.0" 200 3944 "http://www.islandgreenery.net/" "Mozilla/5.0 (iPhone; CPU iPhone OS 13_6_1 like Mac OS X) AppleWebKit/605.1.15 (KHTML, like Gecko) Version/13.1.2 Mobile/15E148 Safari/604.1"
172.58.229.198 - - [09/Sep/2020:12:10:21 -0400] "GET /wp-content/uploads/2020/05/late-spring-banner-bg-2.jpg HTTP/1.0" 200 23114 "http://www.islandgreenery.net/" "Mozilla/5.0 (iPhone; CPU iPhone OS 13_6_1 like Mac OS X) AppleWebKit/605.1.15 (KHTML, like Gecko) Version/13.1.2 Mobile/15E148 Safari/604.1"
172.58.229.198 - - [09/Sep/2020:12:10:21 -0400] "GET /wp-content/uploads/2020/05/late-spring-banner-bg-3.jpg HTTP/1.0" 200 62771 "http://www.islandgreenery.net/" "Mozilla/5.0 (iPhone; CPU iPhone OS 13_6_1 like Mac OS X) AppleWebKit/605.1.15 (KHTML, like Gecko) Version/13.1.2 Mobile/15E148 Safari/604.1"
172.58.229.198 - - [09/Sep/2020:12:10:21 -0400] "GET /wp-content/uploads/2020/05/late-spring-banner-bg-4.jpg HTTP/1.0" 200 22286 "http://www.islandgreenery.net/" "Mozilla/5.0 (iPhone; CPU iPhone OS 13_6_1 like Mac OS X) AppleWebKit/605.1.15 (KHTML, like Gecko) Version/13.1.2 Mobile/15E148 Safari/604.1"
172.58.229.198 - - [09/Sep/2020:12:10:21 -0400] "GET / HTTP/1.0" 200 30102 "http://www.islandgreenery.net/" "Mozilla/5.0 (iPhone; CPU iPhone OS 13_6_1 like Mac OS X) AppleWebKit/605.1.15 (KHTML, like Gecko) Version/13.1.2 Mobile/15E148 Safari/604.1"
172.58.229.198 - - [09/Sep/2020:12:10:36 -0400] "GET /landscape-design/ HTTP/1.0" 200 26271 "http://www.islandgreenery.net/landscape-design/" "Mozilla/5.0 (iPhone; CPU iPhone OS 13_6_1 like Mac OS X) AppleWebKit/605.1.15 (KHTML, like Gecko) Version/13.1.2 Mobile/15E148 Safari/604.1"
172.58.229.198 - - [09/Sep/2020:12:14:03 -0400] "GET /wp-content/uploads/2016/03/Hagan_2-140x80.png HTTP/1.0" 200 30083 "http://www.islandgreenery.net/gallery/" "Mozilla/5.0 (iPhone; CPU iPhone OS 13_6_1 like Mac OS X) AppleWebKit/605.1.15 (KHTML, like Gecko) Version/13.1.2 Mobile/15E148 Safari/604.1"
172.58.229.198 - - [09/Sep/2020:12:14:03 -0400] "GET /wp-content/uploads/2016/03/Hagan_7-140x80.png HTTP/1.0" 200 26902 "http://www.islandgreenery.net/gallery/" "Mozilla/5.0 (iPhone; CPU iPhone OS 13_6_1 like Mac OS X) AppleWebKit/605.1.15 (KHTML, like Gecko) Version/13.1.2 Mobile/15E148 Safari/604.1"
172.58.229.198 - - [09/Sep/2020:12:14:04 -0400] "GET /wp-content/uploads/2020/03/IMG_6588-e1583339538916-140x80.jpg HTTP/1.0" 200 24867 "http://www.islandgreenery.net/gallery/" "Mozilla/5.0 (iPhone; CPU iPhone OS 13_6_1 like Mac OS X) AppleWebKit/605.1.15 (KHTML, like Gecko) Version/13.1.2 Mobile/15E148 Safari/604.1"
172.58.229.198 - - [09/Sep/2020:12:14:05 -0400] "GET /gallery/ HTTP/1.0" 200 39064 "http://www.islandgreenery.net/gallery/" "Mozilla/5.0 (iPhone; CPU iPhone OS 13_6_1 like Mac OS X) AppleWebKit/605.1.15 (KHTML, like Gecko) Version/13.1.2 Mobile/15E148 Safari/604.1"
172.58.229.198 - - [09/Sep/2020:12:14:51 -0400] "GET /wp-content/uploads/2016/03/View6-940x480.jpg HTTP/1.0" 200 411579 "http://www.islandgreenery.net/gallery/" "Mozilla/5.0 (iPhone; CPU iPhone OS 13_6_1 like Mac OS X) AppleWebKit/605.1.15 (KHTML, like Gecko) Version/13.1.2 Mobile/15E148 Safari/604.1"
172.58.229.198 - - [09/Sep/2020:12:15:23 -0400] "GET /wp-content/uploads/2016/03/Delaccio_1-940x480.png HTTP/1.0" 200 878911 "http://www.islandgreenery.net/gallery/" "Mozilla/5.0 (iPhone; CPU iPhone OS 13_6_1 like Mac OS X) AppleWebKit/605.1.15 (KHTML, like Gecko) Version/13.1.2 Mobile/15E148 Safari/604.1"
5.196.153.56 - - [09/Sep/2020:12:25:25 -0400] "GET /wp-content/plugins/wp-file-manager/lib/php/connector.minimal.php HTTP/1.0" 404 24479 "www.google.com" "Mozlila/5.0 (Linux; Android 7.0; SM-G892A Bulid/NRD90M; wv) AppleWebKit/537.36 (KHTML, like Gecko) Version/4.0 Chrome/60.0.3112.107 Moblie Safari/537.36"
52.235.56.145 - - [09/Sep/2020:12:33:30 -0400] "GET / HTTP/1.0" 301 - "-" "Mozilla/5.0 (Windows NT 10.0; Win64; x64) AppleWebKit/537.36 (KHTML, like Gecko) Chrome/78.0.3904.108 Safari/537.36"
165.225.0.68 - - [09/Sep/2020:12:37:38 -0400] "GET /wp-content/plugins/master-slider/public/assets/css/blank.gif HTTP/1.0" 200 43 "http://www.islandgreenery.net/" "Mozilla/5.0 (Windows NT 10.0; Win64; x64) AppleWebKit/537.36 (KHTML, like Gecko) Chrome/84.0.4147.105 Safari/537.36"
165.225.0.68 - - [09/Sep/2020:12:37:38 -0400] "GET /wp-content/themes/islandg/images/bower-branch-small.jpg HTTP/1.0" 200 10230 "http://www.islandgreenery.net/" "Mozilla/5.0 (Windows NT 10.0; Win64; x64) AppleWebKit/537.36 (KHTML, like Gecko) Chrome/84.0.4147.105 Safari/537.36"
165.225.0.68 - - [09/Sep/2020:12:37:38 -0400] "GET /wp-content/themes/islandg/images/cambridge-logo.jpg HTTP/1.0" 200 5448 "http://www.islandgreenery.net/" "Mozilla/5.0 (Windows NT 10.0; Win64; x64) AppleWebKit/537.36 (KHTML, like Gecko) Chrome/84.0.4147.105 Safari/537.36"
165.225.0.68 - - [09/Sep/2020:12:37:38 -0400] "GET /wp-content/themes/islandg/images/bumper-crop-logo.jpg HTTP/1.0" 200 16793 "http://www.islandgreenery.net/" "Mozilla/5.0 (Windows NT 10.0; Win64; x64) AppleWebKit/537.36 (KHTML, like Gecko) Chrome/84.0.4147.105 Safari/537.36"
165.225.0.68 - - [09/Sep/2020:12:37:38 -0400] "GET /wp-content/themes/islandg/images/gcs-logo.png HTTP/1.0" 200 16391 "http://www.islandgreenery.net/" "Mozilla/5.0 (Windows NT 10.0; Win64; x64) AppleWebKit/537.36 (KHTML, like Gecko) Chrome/84.0.4147.105 Safari/537.36"
165.225.0.68 - - [09/Sep/2020:12:37:38 -0400] "GET /wp-content/plugins/master-slider/public/assets/js/masterslider.min.js?ver=3.5.8 HTTP/1.0" 200 90646 "http://www.islandgreenery.net/" "Mozilla/5.0 (Windows NT 10.0; Win64; x64) AppleWebKit/537.36 (KHTML, like Gecko) Chrome/84.0.4147.105 Safari/537.36"
100.37.132.226 - - [09/Sep/2020:12:54:02 -0400] "GET /wp-includes/css/dist/block-library/style.min.css?ver=5.4.2 HTTP/1.0" 200 53593 "http://www.islandgreenery.net/" "Mozilla/5.0 (Windows NT 10.0; Win64; x64) AppleWebKit/537.36 (KHTML, like Gecko) Chrome/85.0.4183.102 Safari/537.36"
100.37.132.226 - - [09/Sep/2020:12:54:03 -0400] "GET /wp-content/themes/twentytwelve/style.css HTTP/1.0" 200 36443 "http://www.islandgreenery.net/wp-content/themes/islandg/style.css?ver=5.4.2" "Mozilla/5.0 (Windows NT 10.0; Win64; x64) AppleWebKit/537.36 (KHTML, like Gecko) Chrome/85.0.4183.102 Safari/537.36"
100.37.132.226 - - [09/Sep/2020:12:54:03 -0400] "GET /wp-content/themes/islandg/images/bumper-crop-logo.jpg HTTP/1.0" 200 16793 "http://www.islandgreenery.net/" "Mozilla/5.0 (Windows NT 10.0; Win64; x64) AppleWebKit/537.36 (KHTML, like Gecko) Chrome/85.0.4183.102 Safari/537.36"
100.37.132.226 - - [09/Sep/2020:12:54:03 -0400] "GET /wp-content/themes/islandg/images/design-grad.png HTTP/1.0" 200 200 "http://www.islandgreenery.net/wp-content/themes/islandg/style.css?ver=5.4.2" "Mozilla/5.0 (Windows NT 10.0; Win64; x64) AppleWebKit/537.36 (KHTML, like Gecko) Chrome/85.0.4183.102 Safari/537.36"
100.37.132.226 - - [09/Sep/2020:12:54:04 -0400] "GET /wp-content/uploads/2020/05/late-spring-banner-bg-1.jpg HTTP/1.0" 200 40829 "http://www.islandgreenery.net/" "Mozilla/5.0 (Windows NT 10.0; Win64; x64) AppleWebKit/537.36 (KHTML, like Gecko) Chrome/85.0.4183.102 Safari/537.36"
10.30.94.78 - - [09/Sep/2020:12:54:21 -0400] "POST /wp-cron.php?doing_wp_cron=1599670460.0726621150970458984375 HTTP/1.0" 200 - "http://www.islandgreenery.net/wp-cron.php?doing_wp_cron=1599670460.0726621150970458984375" "WordPress/5.4.2; http://www.islandgreenery.net"
98.116.104.142 - - [09/Sep/2020:13:21:46 -0400] "GET /wp-content/plugins/wp-responsive-menu/assets/css/wprmenu.css?ver=3.1.4 HTTP/1.0" 200 9623 "http://www.islandgreenery.net/" "Mozilla/5.0 (iPhone; CPU iPhone OS 13_6 like Mac OS X) AppleWebKit/605.1.15 (KHTML, like Gecko) CriOS/85.0.4183.92 Mobile/15E148 Safari/604.1"
98.116.104.142 - - [09/Sep/2020:13:21:46 -0400] "GET /wp-content/plugins/wp-responsive-menu/assets/js/jquery.touchSwipe.min.js?ver=3.1.4 HTTP/1.0" 200 10290 "http://www.islandgreenery.net/" "Mozilla/5.0 (iPhone; CPU iPhone OS 13_6 like Mac OS X) AppleWebKit/605.1.15 (KHTML, like Gecko) CriOS/85.0.4183.92 Mobile/15E148 Safari/604.1"
47.16.102.215 - - [09/Sep/2020:13:25:31 -0400] "GET /wp-includes/js/wp-emoji-release.min.js?ver=5.4.2 HTTP/1.0" 200 13901 "http://www.islandgreenery.net/" "Mozilla/5.0 (iPhone; CPU iPhone OS 13_6_1 like Mac OS X) AppleWebKit/605.1.15 (KHTML, like Gecko) Version/13.1.2 Mobile/15E148 Safari/604.1"
47.16.102.215 - - [09/Sep/2020:13:25:31 -0400] "GET /wp-content/plugins/wp-responsive-menu/assets/css/wprmenu.css?ver=3.1.4 HTTP/1.0" 200 9623 "http://www.islandgreenery.net/" "Mozilla/5.0 (iPhone; CPU iPhone OS 13_6_1 like Mac OS X) AppleWebKit/605.1.15 (KHTML, like Gecko) Version/13.1.2 Mobile/15E148 Safari/604.1"
47.16.102.215 - - [09/Sep/2020:13:25:31 -0400] "GET /wp-content/plugins/master-slider/public/assets/css/masterslider.main.css?ver=3.5.8 HTTP/1.0" 200 66525 "http://www.islandgreenery.net/" "Mozilla/5.0 (iPhone; CPU iPhone OS 13_6_1 like Mac OS X) AppleWebKit/605.1.15 (KHTML, like Gecko) Version/13.1.2 Mobile/15E148 Safari/604.1"
47.16.102.215 - - [09/Sep/2020:13:25:31 -0400] "GET /wp-includes/js/jquery/jquery.js?ver=1.12.4-wp HTTP/1.0" 200 96873 "http://www.islandgreenery.net/" "Mozilla/5.0 (iPhone; CPU iPhone OS 13_6_1 like Mac OS X) AppleWebKit/605.1.15 (KHTML, like Gecko) Version/13.1.2 Mobile/15E148 Safari/604.1"
47.16.102.215 - - [09/Sep/2020:13:25:31 -0400] "GET /wp-content/plugins/wp-responsive-menu/assets/js/wprmenu.js?ver=3.1.4 HTTP/1.0" 200 8525 "http://www.islandgreenery.net/" "Mozilla/5.0 (iPhone; CPU iPhone OS 13_6_1 like Mac OS X) AppleWebKit/605.1.15 (KHTML, like Gecko) Version/13.1.2 Mobile/15E148 Safari/604.1"
47.16.102.215 - - [09/Sep/2020:13:25:31 -0400] "GET /wp-content/plugins/contact-form-7/includes/js/scripts.js?ver=5.1.7 HTTP/1.0" 200 14440 "http://www.islandgreenery.net/" "Mozilla/5.0 (iPhone; CPU iPhone OS 13_6_1 like Mac OS X) AppleWebKit/605.1.15 (KHTML, like Gecko) Version/13.1.2 Mobile/15E148 Safari/604.1"
47.16.102.215 - - [09/Sep/2020:13:25:31 -0400] "GET /wp-content/themes/twentytwelve/js/navigation.js?ver=20140711 HTTP/1.0" 200 1552 "http://www.islandgreenery.net/" "Mozilla/5.0 (iPhone; CPU iPhone OS 13_6_1 like Mac OS X) AppleWebKit/605.1.15 (KHTML, like Gecko) Version/13.1.2 Mobile/15E148 Safari/604.1"
47.16.102.215 - - [09/Sep/2020:13:25:31 -0400] "GET /wp-content/themes/islandg/images/logo.png HTTP/1.0" 200 71909 "http://www.islandgreenery.net/" "Mozilla/5.0 (iPhone; CPU iPhone OS 13_6_1 like Mac OS X) AppleWebKit/605.1.15 (KHTML, like Gecko) Version/13.1.2 Mobile/15E148 Safari/604.1"
47.16.102.215 - - [09/Sep/2020:13:25:32 -0400] "GET /wp-content/themes/islandg/images/bower-branch-small.jpg HTTP/1.0" 200 10230 "http://www.islandgreenery.net/" "Mozilla/5.0 (iPhone; CPU iPhone OS 13_6_1 like Mac OS X) AppleWebKit/605.1.15 (KHTML, like Gecko) Version/13.1.2 Mobile/15E148 Safari/604.1"
47.16.102.215 - - [09/Sep/2020:13:25:32 -0400] "GET /wp-content/themes/islandg/images/propane-block-bg.jpg HTTP/1.0" 200 13183 "http://www.islandgreenery.net/" "Mozilla/5.0 (iPhone; CPU iPhone OS 13_6_1 like Mac OS X) AppleWebKit/605.1.15 (KHTML, like Gecko) Version/13.1.2 Mobile/15E148 Safari/604.1"
10.30.94.78 - - [09/Sep/2020:13:25:30 -0400] "POST /wp-cron.php?doing_wp_cron=1599672330.0786020755767822265625 HTTP/1.0" 200 - "http://www.islandgreenery.net/wp-cron.php?doing_wp_cron=1599672330.0786020755767822265625" "WordPress/5.4.2; http://www.islandgreenery.net"
47.16.102.215 - - [09/Sep/2020:13:25:32 -0400] "GET / HTTP/1.0" 200 30102 "http://www.islandgreenery.net/" "Mozilla/5.0 (iPhone; CPU iPhone OS 13_6_1 like Mac OS X) AppleWebKit/605.1.15 (KHTML, like Gecko) Version/13.1.2 Mobile/15E148 Safari/604.1"
94.130.200.133 - - [09/Sep/2020:13:30:43 -0400] "GET /feed/ HTTP/1.0" 200 40217 "-" "python-requests/2.21.0"
198.27.70.196 - - [09/Sep/2020:14:04:35 -0400] "GET /robots.txt HTTP/1.0" 200 67 "-" "Mozilla/5.0 (compatible; MJ12bot/v1.4.8; http://mj12bot.com/)"
10.30.94.78 - - [09/Sep/2020:14:19:52 -0400] "POST /wp-cron.php?doing_wp_cron=1599675591.3200109004974365234375 HTTP/1.0" 200 - "http://www.islandgreenery.net/wp-cron.php?doing_wp_cron=1599675591.3200109004974365234375" "WordPress/5.4.2; http://www.islandgreenery.net"
172.58.228.93 - - [09/Sep/2020:14:49:09 -0400] "GET /wp-content/plugins/wp-responsive-menu/assets/css/wprmenu.css?ver=3.1.4 HTTP/1.0" 200 9623 "http://www.islandgreenery.net/propane-supply/" "Mozilla/5.0 (iPhone; CPU iPhone OS 13_6_1 like Mac OS X) AppleWebKit/605.1.15 (KHTML, like Gecko) Version/13.1.2 Mobile/15E148 Safari/604.1"
172.58.228.93 - - [09/Sep/2020:14:49:10 -0400] "GET /wp-content/themes/islandg/style.css?ver=5.4.2 HTTP/1.0" 200 77097 "http://www.islandgreenery.net/propane-supply/" "Mozilla/5.0 (iPhone; CPU iPhone OS 13_6_1 like Mac OS X) AppleWebKit/605.1.15 (KHTML, like Gecko) Version/13.1.2 Mobile/15E148 Safari/604.1"
172.58.228.93 - - [09/Sep/2020:14:49:10 -0400] "GET /wp-includes/js/jquery/jquery-migrate.min.js?ver=1.4.1 HTTP/1.0" 200 10056 "http://www.islandgreenery.net/propane-supply/" "Mozilla/5.0 (iPhone; CPU iPhone OS 13_6_1 like Mac OS X) AppleWebKit/605.1.15 (KHTML, like Gecko) Version/13.1.2 Mobile/15E148 Safari/604.1"
172.58.228.93 - - [09/Sep/2020:14:49:10 -0400] "GET /wp-content/themes/islandg/images/master-nursery-logo.jpg HTTP/1.0" 200 3944 "http://www.islandgreenery.net/propane-supply/" "Mozilla/5.0 (iPhone; CPU iPhone OS 13_6_1 like Mac OS X) AppleWebKit/605.1.15 (KHTML, like Gecko) Version/13.1.2 Mobile/15E148 Safari/604.1"
172.58.228.93 - - [09/Sep/2020:14:49:10 -0400] "GET /wp-content/themes/islandg/images/bumper-crop-logo.jpg HTTP/1.0" 200 16793 "http://www.islandgreenery.net/propane-supply/" "Mozilla/5.0 (iPhone; CPU iPhone OS 13_6_1 like Mac OS X) AppleWebKit/605.1.15 (KHTML, like Gecko) Version/13.1.2 Mobile/15E148 Safari/604.1"
10.30.94.78 - - [09/Sep/2020:14:49:10 -0400] "GET /wp-json/wp/v2/types/post?context=edit HTTP/1.0" 401 127 "http://www.islandgreenery.net/wp-json/wp/v2/types/post?context=edit" "WordPress/5.4.2; http://www.islandgreenery.net"
10.30.94.78 - - [09/Sep/2020:14:49:13 -0400] "POST /wp-admin/admin-ajax.php HTTP/1.0" 400 1 "http://www.islandgreenery.net/wp-admin/admin-ajax.php" "WordPress/5.4.2; http://www.islandgreenery.net"
10.30.94.78 - - [09/Sep/2020:14:49:14 -0400] "POST /wp-admin/admin-ajax.php HTTP/1.0" 400 1 "http://www.islandgreenery.net/wp-admin/admin-ajax.php" "WordPress/5.4.2; http://www.islandgreenery.net"
172.58.228.93 - - [09/Sep/2020:14:49:40 -0400] "GET /emailer-signup/ HTTP/1.0" 200 26059 "http://www.islandgreenery.net/emailer-signup/" "Mozilla/5.0 (iPhone; CPU iPhone OS 13_6_1 like Mac OS X) AppleWebKit/605.1.15 (KHTML, like Gecko) Version/13.1.2 Mobile/15E148 Safari/604.1"
172.58.228.93 - - [09/Sep/2020:14:49:55 -0400] "GET /wp-content/plugins/master-slider/public/assets/js/masterslider.min.js?ver=3.5.8 HTTP/1.0" 200 90646 "http://www.islandgreenery.net/" "Mozilla/5.0 (iPhone; CPU iPhone OS 13_6_1 like Mac OS X) AppleWebKit/605.1.15 (KHTML, like Gecko) Version/13.1.2 Mobile/15E148 Safari/604.1"
172.58.228.93 - - [09/Sep/2020:14:49:56 -0400] "GET /wp-content/plugins/master-slider/public/assets/css/common/loading-2.gif HTTP/1.0" 200 2707 "http://www.islandgreenery.net/" "Mozilla/5.0 (iPhone; CPU iPhone OS 13_6_1 like Mac OS X) AppleWebKit/605.1.15 (KHTML, like Gecko) Version/13.1.2 Mobile/15E148 Safari/604.1"
114.119.130.104 - - [09/Sep/2020:14:59:09 -0400] "GET /category/in-the-nursery HTTP/1.0" 301 - "-" "Mozilla/5.0 (Linux; Android 7.0;) AppleWebKit/537.36 (KHTML, like Gecko) Mobile Safari/537.36 (compatible; PetalBot;+http://aspiegel.com/petalbot)"
47.16.100.18 - - [09/Sep/2020:15:16:45 -0400] "GET /wp-content/plugins/wp-responsive-menu/assets/css/wpr-hamburger.css?ver=3.1.4 HTTP/1.0" 200 22025 "http://www.islandgreenery.net/" "Mozilla/5.0 (Windows NT 6.3; Win64; x64) AppleWebKit/537.36 (KHTML, like Gecko) Chrome/85.0.4183.83 Safari/537.36"
47.16.100.18 - - [09/Sep/2020:15:16:50 -0400] "GET /wp-content/themes/islandg/images/yellow-grad-bg.png HTTP/1.0" 200 307 "http://www.islandgreenery.net/wp-content/themes/islandg/style.css?ver=5.4.2" "Mozilla/5.0 (Windows NT 6.3; Win64; x64) AppleWebKit/537.36 (KHTML, like Gecko) Chrome/85.0.4183.83 Safari/537.36"
47.16.100.18 - - [09/Sep/2020:15:16:50 -0400] "GET /wp-content/themes/islandg/images/propane-block-bg.jpg HTTP/1.0" 200 13183 "http://www.islandgreenery.net/wp-content/themes/islandg/style.css?ver=5.4.2" "Mozilla/5.0 (Windows NT 6.3; Win64; x64) AppleWebKit/537.36 (KHTML, like Gecko) Chrome/85.0.4183.83 Safari/537.36"
47.16.100.18 - - [09/Sep/2020:15:16:50 -0400] "GET /wp-content/plugins/master-slider/public/assets/css/skins/light-skin-1.png HTTP/1.0" 200 4267 "http://www.islandgreenery.net/wp-content/plugins/master-slider/public/assets/css/masterslider.main.css?ver=3.5.8" "Mozilla/5.0 (Windows NT 6.3; Win64; x64) AppleWebKit/537.36 (KHTML, like Gecko) Chrome/85.0.4183.83 Safari/537.36"
47.16.100.18 - - [09/Sep/2020:15:16:52 -0400] "GET /wp-content/uploads/2020/05/late-spring-banner-bg-4.jpg HTTP/1.0" 200 22286 "http://www.islandgreenery.net/" "Mozilla/5.0 (Windows NT 6.3; Win64; x64) AppleWebKit/537.36 (KHTML, like Gecko) Chrome/85.0.4183.83 Safari/537.36"
10.30.94.78 - - [09/Sep/2020:15:29:49 -0400] "POST /wp-cron.php?doing_wp_cron=1599679789.3606610298156738281250 HTTP/1.0" 200 - "http://www.islandgreenery.net/wp-cron.php?doing_wp_cron=1599679789.3606610298156738281250" "WordPress/5.4.2; http://www.islandgreenery.net"
114.119.141.146 - - [09/Sep/2020:16:33:55 -0400] "GET /bulk-product-calculator HTTP/1.0" 301 - "-" "Mozilla/5.0 (Linux; Android 7.0;) AppleWebKit/537.36 (KHTML, like Gecko) Mobile Safari/537.36 (compatible; PetalBot;+http://aspiegel.com/petalbot)"
67.82.181.106 - - [09/Sep/2020:16:56:08 -0400] "GET /wp-includes/css/dist/block-library/style.min.css?ver=5.4.2 HTTP/1.0" 200 53593 "http://www.islandgreenery.net/" "Mozilla/5.0 (iPhone; CPU iPhone OS 13_6_1 like Mac OS X) AppleWebKit/605.1.15 (KHTML, like Gecko) Version/13.1.2 Mobile/15E148 Safari/604.1"
67.82.181.106 - - [09/Sep/2020:16:56:09 -0400] "GET /wp-content/uploads/master-slider/custom.css?ver=4.5 HTTP/1.0" 200 713 "http://www.islandgreenery.net/" "Mozilla/5.0 (iPhone; CPU iPhone OS 13_6_1 like Mac OS X) AppleWebKit/605.1.15 (KHTML, like Gecko) Version/13.1.2 Mobile/15E148 Safari/604.1"
67.82.181.106 - - [09/Sep/2020:16:56:09 -0400] "GET /wp-content/themes/twentytwelve/style.css HTTP/1.0" 200 36443 "http://www.islandgreenery.net/" "Mozilla/5.0 (iPhone; CPU iPhone OS 13_6_1 like Mac OS X) AppleWebKit/605.1.15 (KHTML, like Gecko) Version/13.1.2 Mobile/15E148 Safari/604.1"
10.30.94.78 - - [09/Sep/2020:16:56:07 -0400] "POST /wp-cron.php?doing_wp_cron=1599684968.0375430583953857421875 HTTP/1.0" 200 - "http://www.islandgreenery.net/wp-cron.php?doing_wp_cron=1599684968.0375430583953857421875" "WordPress/5.4.2; http://www.islandgreenery.net"
67.82.181.106 - - [09/Sep/2020:16:56:09 -0400] "GET /wp-content/themes/islandg/images/bumper-crop-logo.jpg HTTP/1.0" 200 16793 "http://www.islandgreenery.net/" "Mozilla/5.0 (iPhone; CPU iPhone OS 13_6_1 like Mac OS X) AppleWebKit/605.1.15 (KHTML, like Gecko) Version/13.1.2 Mobile/15E148 Safari/604.1"
67.82.181.106 - - [09/Sep/2020:16:56:09 -0400] "GET /wp-content/themes/islandg/images/email-bg.jpg HTTP/1.0" 200 9006 "http://www.islandgreenery.net/" "Mozilla/5.0 (iPhone; CPU iPhone OS 13_6_1 like Mac OS X) AppleWebKit/605.1.15 (KHTML, like Gecko) Version/13.1.2 Mobile/15E148 Safari/604.1"
67.82.181.106 - - [09/Sep/2020:16:56:09 -0400] "GET /wp-content/plugins/master-slider/public/assets/css/skins/light-skin-1-retina.png HTTP/1.0" 200 4422 "http://www.islandgreenery.net/" "Mozilla/5.0 (iPhone; CPU iPhone OS 13_6_1 like Mac OS X) AppleWebKit/605.1.15 (KHTML, like Gecko) Version/13.1.2 Mobile/15E148 Safari/604.1"
66.249.68.9 - - [09/Sep/2020:17:21:00 -0400] "GET /wp-content/themes/islandg/images/logo.png HTTP/1.0" 200 71909 "-" "Googlebot-Image/1.0"
159.65.47.146 - - [09/Sep/2020:17:26:48 -0400] "GET /wp-content/plugins/contact-form-7/includes/css/styles.css?ver=5.1.7 HTTP/1.0" 200 1746 "-" "Mozilla/5.0 (X11; Datanyze; Linux x86_64) AppleWebKit/537.36 (KHTML, like Gecko) Chrome/65.0.3325.181 Safari/537.36"
159.65.47.146 - - [09/Sep/2020:17:27:03 -0400] "GET /masonry-design/ HTTP/1.0" 200 26022 "http://www.islandgreenery.net" "Mozilla/5.0 (X11; Datanyze; Linux x86_64) AppleWebKit/537.36 (KHTML, like Gecko) Chrome/65.0.3325.181 Safari/537.36"
172.58.229.198 - - [09/Sep/2020:17:28:14 -0400] "GET /wp-content/uploads/master-slider/custom.css?ver=4.5 HTTP/1.0" 200 713 "http://www.islandgreenery.net/gallery/" "Mozilla/5.0 (iPhone; CPU iPhone OS 13_6_1 like Mac OS X) AppleWebKit/605.1.15 (KHTML, like Gecko) Version/13.1.2 Mobile/15E148 Safari/604.1"
172.58.229.198 - - [09/Sep/2020:17:28:14 -0400] "GET /wp-content/uploads/2020/03/IMG_0791-e1583341812388-140x80.jpg HTTP/1.0" 200 27723 "http://www.islandgreenery.net/gallery/" "Mozilla/5.0 (iPhone; CPU iPhone OS 13_6_1 like Mac OS X) AppleWebKit/605.1.15 (KHTML, like Gecko) Version/13.1.2 Mobile/15E148 Safari/604.1"
172.58.229.198 - - [09/Sep/2020:17:28:15 -0400] "GET /wp-content/uploads/2020/03/IMG_2418-940x480.jpg HTTP/1.0" 200 427841 "http://www.islandgreenery.net/gallery/" "Mozilla/5.0 (iPhone; CPU iPhone OS 13_6_1 like Mac OS X) AppleWebKit/605.1.15 (KHTML, like Gecko) Version/13.1.2 Mobile/15E148 Safari/604.1"
67.82.185.19 - - [09/Sep/2020:17:56:54 -0400] "GET /wp-includes/css/dist/block-library/style.min.css?ver=5.4.2 HTTP/1.0" 200 53593 "http://www.islandgreenery.net/" "Mozilla/5.0 (Linux; Android 9; SM-G950U) AppleWebKit/537.36 (KHTML, like Gecko) Chrome/85.0.4183.81 Mobile Safari/537.36"
67.82.185.19 - - [09/Sep/2020:17:56:54 -0400] "GET /wp-includes/js/jquery/jquery.js?ver=1.12.4-wp HTTP/1.0" 200 96873 "http://www.islandgreenery.net/" "Mozilla/5.0 (Linux; Android 9; SM-G950U) AppleWebKit/537.36 (KHTML, like Gecko) Chrome/85.0.4183.81 Mobile Safari/537.36"
67.82.185.19 - - [09/Sep/2020:17:56:55 -0400] "GET /wp-content/plugins/master-slider/public/assets/js/jquery.easing.min.js?ver=3.5.8 HTTP/1.0" 200 5555 "http://www.islandgreenery.net/" "Mozilla/5.0 (Linux; Android 9; SM-G950U) AppleWebKit/537.36 (KHTML, like Gecko) Chrome/85.0.4183.81 Mobile Safari/537.36"
67.82.185.19 - - [09/Sep/2020:17:56:55 -0400] "GET /wp-content/themes/islandg/images/delea-logo.jpg HTTP/1.0" 200 3619 "http://www.islandgreenery.net/" "Mozilla/5.0 (Linux; Android 9; SM-G950U) AppleWebKit/537.36 (KHTML, like Gecko) Chrome/85.0.4183.81 Mobile Safari/537.36"
10.30.94.78 - - [09/Sep/2020:18:21:20 -0400] "POST /wp-cron.php?doing_wp_cron=1599690080.8893730640411376953125 HTTP/1.0" 200 - "http://www.islandgreenery.net/wp-cron.php?doing_wp_cron=1599690080.8893730640411376953125" "WordPress/5.4.2; http://www.islandgreenery.net"
76.182.183.124 - - [09/Sep/2020:18:30:18 -0400] "GET /wp-content/plugins/contact-form-7/includes/css/styles.css?ver=5.1.7 HTTP/1.0" 200 1746 "http://www.islandgreenery.net/" "Mozilla/5.0 (Windows NT 10.0; Win64; x64) AppleWebKit/537.36 (KHTML, like Gecko) Chrome/85.0.4183.83 Safari/537.36"
76.182.183.124 - - [09/Sep/2020:18:30:19 -0400] "GET /wp-content/plugins/master-slider/public/assets/css/skins/light-skin-1.png HTTP/1.0" 200 4267 "http://www.islandgreenery.net/wp-content/plugins/master-slider/public/assets/css/masterslider.main.css?ver=3.5.8" "Mozilla/5.0 (Windows NT 10.0; Win64; x64) AppleWebKit/537.36 (KHTML, like Gecko) Chrome/85.0.4183.83 Safari/537.36"
76.182.183.124 - - [09/Sep/2020:18:30:20 -0400] "GET /wp-content/themes/islandg/images/yellow-grad-bg.png HTTP/1.0" 200 307 "http://www.islandgreenery.net/wp-content/themes/islandg/style.css?ver=5.4.2" "Mozilla/5.0 (Windows NT 10.0; Win64; x64) AppleWebKit/537.36 (KHTML, like Gecko) Chrome/85.0.4183.83 Safari/537.36"
76.182.183.124 - - [09/Sep/2020:18:30:20 -0400] "GET /wp-content/uploads/2020/05/late-spring-banner-bg-2.jpg HTTP/1.0" 200 23114 "http://www.islandgreenery.net/" "Mozilla/5.0 (Windows NT 10.0; Win64; x64) AppleWebKit/537.36 (KHTML, like Gecko) Chrome/85.0.4183.83 Safari/537.36"
185.86.164.99 - - [09/Sep/2020:19:01:30 -0400] "POST /wp-login.php HTTP/1.0" 200 5476 "http://www.islandgreenery.net/wp-login.php" "Mozilla/5.0 (Windows NT 10.0; WOW64) AppleWebKit/537.36 (KHTML, like Gecko) Chrome/51.0.2704.103 Safari/537.36"
34.74.93.92 - - [09/Sep/2020:19:43:53 -0400] "GET /robots.txt HTTP/1.0" 200 67 "-" "ZoominfoBot (zoominfobot at zoominfo dot com)"
114.119.136.66 - - [09/Sep/2020:19:49:48 -0400] "GET /2018/01/08/flirting-with-spring HTTP/1.0" 404 23979 "-" "Mozilla/5.0 (Linux; Android 7.0;) AppleWebKit/537.36 (KHTML, like Gecko) Mobile Safari/537.36 (compatible; PetalBot;+http://aspiegel.com/petalbot)"
114.119.158.13 - - [09/Sep/2020:20:11:34 -0400] "GET /emailer-signup/ HTTP/1.0" 200 26059 "-" "Mozilla/5.0 (Linux; Android 7.0;) AppleWebKit/537.36 (KHTML, like Gecko) Mobile Safari/537.36 (compatible; PetalBot;+http://aspiegel.com/petalbot)"
192.208.120.38 - - [09/Sep/2020:20:48:12 -0400] "GET /wp-content/plugins/wp-responsive-menu/assets/css/wprmenu.css?ver=3.1.4 HTTP/1.0" 200 9623 "http://www.islandgreenery.net/" "Mozilla/5.0 (Linux; Android 10; SAMSUNG SM-A205U1) AppleWebKit/537.36 (KHTML, like Gecko) SamsungBrowser/12.1 Chrome/79.0.3945.136 Mobile Safari/537.36"
192.208.120.38 - - [09/Sep/2020:20:48:12 -0400] "GET /wp-content/uploads/master-slider/custom.css?ver=4.5 HTTP/1.0" 200 713 "http://www.islandgreenery.net/" "Mozilla/5.0 (Linux; Android 10; SAMSUNG SM-A205U1) AppleWebKit/537.36 (KHTML, like Gecko) SamsungBrowser/12.1 Chrome/79.0.3945.136 Mobile Safari/537.36"
192.208.120.38 - - [09/Sep/2020:20:48:12 -0400] "GET /wp-content/plugins/wp-responsive-menu/assets/js/modernizr.custom.js?ver=3.1.4 HTTP/1.0" 200 7197 "http://www.islandgreenery.net/" "Mozilla/5.0 (Linux; Android 10; SAMSUNG SM-A205U1) AppleWebKit/537.36 (KHTML, like Gecko) SamsungBrowser/12.1 Chrome/79.0.3945.136 Mobile Safari/537.36"
192.208.120.38 - - [09/Sep/2020:20:48:12 -0400] "GET /wp-content/plugins/contact-form-7/includes/js/scripts.js?ver=5.1.7 HTTP/1.0" 200 14440 "http://www.islandgreenery.net/" "Mozilla/5.0 (Linux; Android 10; SAMSUNG SM-A205U1) AppleWebKit/537.36 (KHTML, like Gecko) SamsungBrowser/12.1 Chrome/79.0.3945.136 Mobile Safari/537.36"
192.208.120.38 - - [09/Sep/2020:20:48:12 -0400] "GET /wp-content/plugins/master-slider/public/assets/css/blank.gif HTTP/1.0" 200 43 "http://www.islandgreenery.net/" "Mozilla/5.0 (Linux; Android 10; SAMSUNG SM-A205U1) AppleWebKit/537.36 (KHTML, like Gecko) SamsungBrowser/12.1 Chrome/79.0.3945.136 Mobile Safari/537.36"
192.208.120.38 - - [09/Sep/2020:20:48:12 -0400] "GET /wp-content/themes/islandg/images/nicolock-logo.jpg HTTP/1.0" 200 5694 "http://www.islandgreenery.net/" "Mozilla/5.0 (Linux; Android 10; SAMSUNG SM-A205U1) AppleWebKit/537.36 (KHTML, like Gecko) SamsungBrowser/12.1 Chrome/79.0.3945.136 Mobile Safari/537.36"
192.208.120.38 - - [09/Sep/2020:20:48:13 -0400] "GET /wp-content/themes/islandg/images/paraco-logo.jpg HTTP/1.0" 200 6286 "http://www.islandgreenery.net/" "Mozilla/5.0 (Linux; Android 10; SAMSUNG SM-A205U1) AppleWebKit/537.36 (KHTML, like Gecko) SamsungBrowser/12.1 Chrome/79.0.3945.136 Mobile Safari/537.36"
192.208.120.38 - - [09/Sep/2020:20:48:13 -0400] "GET /wp-content/plugins/master-slider/public/assets/css/skins/light-skin-1.png HTTP/1.0" 200 4267 "http://www.islandgreenery.net/wp-content/plugins/master-slider/public/assets/css/masterslider.main.css?ver=3.5.8" "Mozilla/5.0 (Linux; Android 10; SAMSUNG SM-A205U1) AppleWebKit/537.36 (KHTML, like Gecko) SamsungBrowser/12.1 Chrome/79.0.3945.136 Mobile Safari/537.36"
192.208.120.38 - - [09/Sep/2020:20:48:13 -0400] "GET /wp-includes/js/wp-emoji-release.min.js?ver=5.4.2 HTTP/1.0" 200 13901 "http://www.islandgreenery.net/" "Mozilla/5.0 (Linux; Android 10; SAMSUNG SM-A205U1) AppleWebKit/537.36 (KHTML, like Gecko) SamsungBrowser/12.1 Chrome/79.0.3945.136 Mobile Safari/537.36"
192.208.120.38 - - [09/Sep/2020:20:48:14 -0400] "GET /wp-content/uploads/2020/05/late-spring-banner-bg-4.jpg HTTP/1.0" 200 22286 "http://www.islandgreenery.net/" "Mozilla/5.0 (Linux; Android 10; SAMSUNG SM-A205U1) AppleWebKit/537.36 (KHTML, like Gecko) SamsungBrowser/12.1 Chrome/79.0.3945.136 Mobile Safari/537.36"
69.118.96.159 - - [09/Sep/2020:21:12:20 -0400] "GET /wp-content/plugins/contact-form-7/includes/css/styles.css?ver=5.1.7 HTTP/1.0" 200 1746 "http://www.islandgreenery.net/" "Mozilla/5.0 (Macintosh; Intel Mac OS X 10_15_4) AppleWebKit/605.1.15 (KHTML, like Gecko) Version/13.1.2 Safari/605.1.15"
69.118.96.159 - - [09/Sep/2020:21:12:20 -0400] "GET /wp-content/themes/islandg/images/cambridge-logo.jpg HTTP/1.0" 200 5448 "http://www.islandgreenery.net/" "Mozilla/5.0 (Macintosh; Intel Mac OS X 10_15_4) AppleWebKit/605.1.15 (KHTML, like Gecko) Version/13.1.2 Safari/605.1.15"
69.118.96.159 - - [09/Sep/2020:21:12:20 -0400] "GET /wp-content/themes/islandg/images/monrovia-logo.jpg HTTP/1.0" 200 3074 "http://www.islandgreenery.net/" "Mozilla/5.0 (Macintosh; Intel Mac OS X 10_15_4) AppleWebKit/605.1.15 (KHTML, like Gecko) Version/13.1.2 Safari/605.1.15"
69.118.96.159 - - [09/Sep/2020:21:12:20 -0400] "GET /wp-content/themes/islandg/images/bumper-crop-logo.jpg HTTP/1.0" 200 16793 "http://www.islandgreenery.net/" "Mozilla/5.0 (Macintosh; Intel Mac OS X 10_15_4) AppleWebKit/605.1.15 (KHTML, like Gecko) Version/13.1.2 Safari/605.1.15"
69.118.96.159 - - [09/Sep/2020:21:12:20 -0400] "GET /wp-content/themes/islandg/images/masthead-bg.jpg HTTP/1.0" 200 5539 "http://www.islandgreenery.net/" "Mozilla/5.0 (Macintosh; Intel Mac OS X 10_15_4) AppleWebKit/605.1.15 (KHTML, like Gecko) Version/13.1.2 Safari/605.1.15"
69.118.96.159 - - [09/Sep/2020:21:12:20 -0400] "GET /wp-content/themes/islandg/images/propane-block-bg.jpg HTTP/1.0" 200 13183 "http://www.islandgreenery.net/" "Mozilla/5.0 (Macintosh; Intel Mac OS X 10_15_4) AppleWebKit/605.1.15 (KHTML, like Gecko) Version/13.1.2 Safari/605.1.15"
69.118.96.159 - - [09/Sep/2020:21:12:20 -0400] "GET /wp-content/themes/islandg/images/design-grad.png HTTP/1.0" 200 200 "http://www.islandgreenery.net/" "Mozilla/5.0 (Macintosh; Intel Mac OS X 10_15_4) AppleWebKit/605.1.15 (KHTML, like Gecko) Version/13.1.2 Safari/605.1.15"
69.118.96.159 - - [09/Sep/2020:21:12:21 -0400] "GET /wp-content/uploads/2020/05/late-spring-banner-bg-4.jpg HTTP/1.0" 200 22286 "http://www.islandgreenery.net/" "Mozilla/5.0 (Macintosh; Intel Mac OS X 10_15_4) AppleWebKit/605.1.15 (KHTML, like Gecko) Version/13.1.2 Safari/605.1.15"
69.118.96.159 - - [09/Sep/2020:21:12:32 -0400] "GET /wp-content/uploads/2020/03/IMG_0470-1-e1583342086710-140x80.jpg HTTP/1.0" 200 22418 "http://www.islandgreenery.net/gallery/" "Mozilla/5.0 (Macintosh; Intel Mac OS X 10_15_4) AppleWebKit/605.1.15 (KHTML, like Gecko) Version/13.1.2 Safari/605.1.15"
69.118.96.159 - - [09/Sep/2020:21:13:02 -0400] "GET /wp-content/uploads/2016/03/Delaccio_1-940x480.png HTTP/1.0" 200 878911 "http://www.islandgreenery.net/gallery/" "Mozilla/5.0 (Macintosh; Intel Mac OS X 10_15_4) AppleWebKit/605.1.15 (KHTML, like Gecko) Version/13.1.2 Safari/605.1.15"
69.118.96.159 - - [09/Sep/2020:21:13:43 -0400] "GET /wp-content/uploads/2020/03/IMG_6588-e1583339538916-940x480.jpg HTTP/1.0" 200 425613 "http://www.islandgreenery.net/gallery/" "Mozilla/5.0 (Macintosh; Intel Mac OS X 10_15_4) AppleWebKit/605.1.15 (KHTML, like Gecko) Version/13.1.2 Safari/605.1.15"
114.119.141.146 - - [09/Sep/2020:21:17:55 -0400] "GET /bulk-product-calculator/ HTTP/1.0" 200 26829 "-" "Mozilla/5.0 (Linux; Android 7.0;) AppleWebKit/537.36 (KHTML, like Gecko) Mobile Safari/537.36 (compatible; PetalBot;+http://aspiegel.com/petalbot)"
69.118.96.159 - - [09/Sep/2020:21:18:08 -0400] "GET /wp-content/uploads/2016/05/WaterTomato.jpg HTTP/1.0" 200 40616 "http://www.islandgreenery.net/category/articles-resources/" "Mozilla/5.0 (Macintosh; Intel Mac OS X 10_15_4) AppleWebKit/605.1.15 (KHTML, like Gecko) Version/13.1.2 Safari/605.1.15"
69.118.96.159 - - [09/Sep/2020:21:18:08 -0400] "GET /wp-content/uploads/2016/05/container-1.jpg HTTP/1.0" 200 14320 "http://www.islandgreenery.net/category/articles-resources/" "Mozilla/5.0 (Macintosh; Intel Mac OS X 10_15_4) AppleWebKit/605.1.15 (KHTML, like Gecko) Version/13.1.2 Safari/605.1.15"
69.118.96.159 - - [09/Sep/2020:21:18:08 -0400] "GET /wp-content/uploads/2016/05/Houseplants_4.jpg HTTP/1.0" 200 36079 "http://www.islandgreenery.net/category/articles-resources/" "Mozilla/5.0 (Macintosh; Intel Mac OS X 10_15_4) AppleWebKit/605.1.15 (KHTML, like Gecko) Version/13.1.2 Safari/605.1.15"
89.32.249.21 - - [09/Sep/2020:21:18:42 -0400] "GET /news/wp-includes/wlwmanifest.xml HTTP/1.0" 404 23979 "-" "Mozilla/5.0 (Windows NT 10.0; Win64; x64) AppleWebKit/537.36 (KHTML, like Gecko) Chrome/70.0.3538.77 Safari/537.36"
35.226.241.164 - - [09/Sep/2020:21:20:16 -0400] "GET /newsite/wp-includes/wlwmanifest.xml HTTP/1.0" 301 - "-" "Mozilla/5.0 (Windows NT 10.0; Win64; x64) AppleWebKit/537.36 (KHTML, like Gecko) Chrome/70.0.3538.77 Safari/537.36"
69.118.96.159 - - [09/Sep/2020:21:21:46 -0400] "GET /wp-content/themes/twentytwelve/js/navigation.js?ver=20140711 HTTP/1.0" 200 1552 "http://www.islandgreenery.net/gallery/" "Mozilla/5.0 (Macintosh; Intel Mac OS X 10_15_4) AppleWebKit/605.1.15 (KHTML, like Gecko) Version/13.1.2 Safari/605.1.15"
184.168.193.101 - - [09/Sep/2020:21:24:58 -0400] "GET /v1/wp-includes/wlwmanifest.xml HTTP/1.0" 301 - "-" "Mozilla/5.0 (Windows NT 10.0; Win64; x64) AppleWebKit/537.36 (KHTML, like Gecko) Chrome/70.0.3538.77 Safari/537.36"
184.168.193.101 - - [09/Sep/2020:21:24:59 -0400] "GET /v1/wp-includes/wlwmanifest.xml HTTP/1.0" 404 23979 "-" "Mozilla/5.0 (Windows NT 10.0; Win64; x64) AppleWebKit/537.36 (KHTML, like Gecko) Chrome/70.0.3538.77 Safari/537.36"
174.197.130.28 - - [09/Sep/2020:21:28:19 -0400] "GET /wp-includes/js/jquery/jquery-migrate.min.js?ver=1.4.1 HTTP/1.0" 200 10056 "http://www.islandgreenery.net/" "Mozilla/5.0 (Linux; Android 10; LM-V405) AppleWebKit/537.36 (KHTML, like Gecko) Chrome/85.0.4183.81 Mobile Safari/537.36"
10.30.94.78 - - [09/Sep/2020:21:28:17 -0400] "POST /wp-cron.php?doing_wp_cron=1599701298.1952309608459472656250 HTTP/1.0" 200 - "http://www.islandgreenery.net/wp-cron.php?doing_wp_cron=1599701298.1952309608459472656250" "WordPress/5.4.2; http://www.islandgreenery.net"
174.197.130.28 - - [09/Sep/2020:21:28:19 -0400] "GET /wp-content/themes/islandg/images/email-bg.jpg HTTP/1.0" 200 9006 "http://www.islandgreenery.net/wp-content/themes/islandg/style.css?ver=5.4.2" "Mozilla/5.0 (Linux; Android 10; LM-V405) AppleWebKit/537.36 (KHTML, like Gecko) Chrome/85.0.4183.81 Mobile Safari/537.36"
10.30.94.78 - - [09/Sep/2020:21:31:28 -0400] "POST /wp-cron.php?doing_wp_cron=1599701488.7998919486999511718750 HTTP/1.0" 200 - "http://www.islandgreenery.net/wp-cron.php?doing_wp_cron=1599701488.7998919486999511718750" "WordPress/5.4.2; http://www.islandgreenery.net"
94.130.107.178 - - [09/Sep/2020:22:32:52 -0400] "GET /new/wp-admin/install.php?step=1 HTTP/1.0" 301 500 "-" "Mozilla/5.0 (X11; Linux x86_64; rv:52.0) Gecko/20100101 Firefox/52.0"
94.130.107.178 - - [09/Sep/2020:22:33:00 -0400] "GET /wordpress/wp-admin/install.php?step=1 HTTP/1.0" 301 500 "-" "Mozilla/5.0 (X11; Linux x86_64; rv:52.0) Gecko/20100101 Firefox/52.0"
68.198.87.67 - - [09/Sep/2020:22:33:11 -0400] "GET / HTTP/1.0" 200 30102 "-" "Mozilla/5.0 (Macintosh; Intel Mac OS X 10_14_6) AppleWebKit/605.1.15 (KHTML, like Gecko) Version/13.1.2 Safari/605.1.15"
68.198.87.67 - - [09/Sep/2020:22:33:12 -0400] "GET /wp-content/plugins/wp-responsive-menu/inc/assets/icons/wpr-icons.css?ver=3.1.4 HTTP/1.0" 200 12813 "http://www.islandgreenery.net/" "Mozilla/5.0 (Macintosh; Intel Mac OS X 10_14_6) AppleWebKit/605.1.15 (KHTML, like Gecko) Version/13.1.2 Safari/605.1.15"
68.198.87.67 - - [09/Sep/2020:22:33:12 -0400] "GET /wp-content/plugins/master-slider/public/assets/js/jquery.easing.min.js?ver=3.5.8 HTTP/1.0" 200 5555 "http://www.islandgreenery.net/" "Mozilla/5.0 (Macintosh; Intel Mac OS X 10_14_6) AppleWebKit/605.1.15 (KHTML, like Gecko) Version/13.1.2 Safari/605.1.15"
68.198.87.67 - - [09/Sep/2020:22:33:12 -0400] "GET /wp-content/themes/islandg/images/twitter-icon.png HTTP/1.0" 200 829 "http://www.islandgreenery.net/" "Mozilla/5.0 (Macintosh; Intel Mac OS X 10_14_6) AppleWebKit/605.1.15 (KHTML, like Gecko) Version/13.1.2 Safari/605.1.15"
68.198.87.67 - - [09/Sep/2020:22:33:12 -0400] "GET /wp-content/themes/islandg/images/pit-barrel-border.jpg HTTP/1.0" 200 16627 "http://www.islandgreenery.net/" "Mozilla/5.0 (Macintosh; Intel Mac OS X 10_14_6) AppleWebKit/605.1.15 (KHTML, like Gecko) Version/13.1.2 Safari/605.1.15"
68.198.87.67 - - [09/Sep/2020:22:33:12 -0400] "GET /wp-content/themes/islandg/images/gcs-logo.png HTTP/1.0" 200 16391 "http://www.islandgreenery.net/" "Mozilla/5.0 (Macintosh; Intel Mac OS X 10_14_6) AppleWebKit/605.1.15 (KHTML, like Gecko) Version/13.1.2 Safari/605.1.15"
68.198.87.67 - - [09/Sep/2020:22:33:12 -0400] "GET /wp-content/themes/islandg/images/propane-block-bg.jpg HTTP/1.0" 200 13183 "http://www.islandgreenery.net/" "Mozilla/5.0 (Macintosh; Intel Mac OS X 10_14_6) AppleWebKit/605.1.15 (KHTML, like Gecko) Version/13.1.2 Safari/605.1.15"
68.198.87.67 - - [09/Sep/2020:22:33:12 -0400] "GET /wp-content/themes/islandg/images/design-grad.png HTTP/1.0" 200 200 "http://www.islandgreenery.net/" "Mozilla/5.0 (Macintosh; Intel Mac OS X 10_14_6) AppleWebKit/605.1.15 (KHTML, like Gecko) Version/13.1.2 Safari/605.1.15"
68.198.87.67 - - [09/Sep/2020:22:33:12 -0400] "GET /wp-content/themes/islandg/images/footer-bg.jpg HTTP/1.0" 200 14183 "http://www.islandgreenery.net/" "Mozilla/5.0 (Macintosh; Intel Mac OS X 10_14_6) AppleWebKit/605.1.15 (KHTML, like Gecko) Version/13.1.2 Safari/605.1.15"
74.88.33.47 - - [09/Sep/2020:22:40:45 -0400] "GET /wp-content/plugins/contact-form-7/includes/css/styles.css?ver=5.1.7 HTTP/1.0" 200 1746 "http://www.islandgreenery.net/" "Mozilla/5.0 (Macintosh; Intel Mac OS X 10_15_6) AppleWebKit/605.1.15 (KHTML, like Gecko) Version/13.1.2 Safari/605.1.15"
74.88.33.47 - - [09/Sep/2020:22:40:45 -0400] "GET /wp-content/plugins/wp-responsive-menu/inc/assets/icons/wpr-icons.css?ver=3.1.4 HTTP/1.0" 200 12813 "http://www.islandgreenery.net/" "Mozilla/5.0 (Macintosh; Intel Mac OS X 10_15_6) AppleWebKit/605.1.15 (KHTML, like Gecko) Version/13.1.2 Safari/605.1.15"
74.88.33.47 - - [09/Sep/2020:22:40:45 -0400] "GET /wp-includes/js/jquery/jquery.js?ver=1.12.4-wp HTTP/1.0" 200 96873 "http://www.islandgreenery.net/" "Mozilla/5.0 (Macintosh; Intel Mac OS X 10_15_6) AppleWebKit/605.1.15 (KHTML, like Gecko) Version/13.1.2 Safari/605.1.15"
74.88.33.47 - - [09/Sep/2020:22:40:45 -0400] "GET /wp-content/plugins/wp-responsive-menu/assets/css/wprmenu.css?ver=3.1.4 HTTP/1.0" 200 9623 "http://www.islandgreenery.net/" "Mozilla/5.0 (Macintosh; Intel Mac OS X 10_15_6) AppleWebKit/605.1.15 (KHTML, like Gecko) Version/13.1.2 Safari/605.1.15"
74.88.33.47 - - [09/Sep/2020:22:40:45 -0400] "GET /wp-content/themes/islandg/images/gcs-logo.png HTTP/1.0" 200 16391 "http://www.islandgreenery.net/" "Mozilla/5.0 (Macintosh; Intel Mac OS X 10_15_6) AppleWebKit/605.1.15 (KHTML, like Gecko) Version/13.1.2 Safari/605.1.15"
74.88.33.47 - - [09/Sep/2020:22:40:46 -0400] "GET /wp-content/themes/islandg/images/design-grad.png HTTP/1.0" 200 200 "http://www.islandgreenery.net/" "Mozilla/5.0 (Macintosh; Intel Mac OS X 10_15_6) AppleWebKit/605.1.15 (KHTML, like Gecko) Version/13.1.2 Safari/605.1.15"
74.88.33.47 - - [09/Sep/2020:22:40:46 -0400] "GET /wp-content/themes/islandg/images/design-services-bg.jpg HTTP/1.0" 200 43520 "http://www.islandgreenery.net/" "Mozilla/5.0 (Macintosh; Intel Mac OS X 10_15_6) AppleWebKit/605.1.15 (KHTML, like Gecko) Version/13.1.2 Safari/605.1.15"
67.84.84.11 - - [09/Sep/2020:22:47:03 -0400] "GET /wp-content/plugins/master-slider/public/assets/css/masterslider.main.css?ver=3.5.8 HTTP/1.0" 200 66525 "http://www.islandgreenery.net/" "Mozilla/5.0 (iPhone; CPU iPhone OS 13_7 like Mac OS X) AppleWebKit/605.1.15 (KHTML, like Gecko) Version/13.1.2 Mobile/15E148 Safari/604.1"
67.84.84.11 - - [09/Sep/2020:22:47:04 -0400] "GET /wp-content/themes/islandg/images/facebook-icon.png HTTP/1.0" 200 2368 "http://www.islandgreenery.net/" "Mozilla/5.0 (iPhone; CPU iPhone OS 13_7 like Mac OS X) AppleWebKit/605.1.15 (KHTML, like Gecko) Version/13.1.2 Mobile/15E148 Safari/604.1"
67.84.84.11 - - [09/Sep/2020:22:47:04 -0400] "GET /wp-content/themes/islandg/images/twitter-icon.png HTTP/1.0" 200 829 "http://www.islandgreenery.net/" "Mozilla/5.0 (iPhone; CPU iPhone OS 13_7 like Mac OS X) AppleWebKit/605.1.15 (KHTML, like Gecko) Version/13.1.2 Mobile/15E148 Safari/604.1"
67.84.84.11 - - [09/Sep/2020:22:47:04 -0400] "GET /wp-content/themes/islandg/images/paraco-logo.jpg HTTP/1.0" 200 6286 "http://www.islandgreenery.net/" "Mozilla/5.0 (iPhone; CPU iPhone OS 13_7 like Mac OS X) AppleWebKit/605.1.15 (KHTML, like Gecko) Version/13.1.2 Mobile/15E148 Safari/604.1"
67.84.84.11 - - [09/Sep/2020:22:47:04 -0400] "GET /wp-content/themes/islandg/images/gcs-logo.png HTTP/1.0" 200 16391 "http://www.islandgreenery.net/" "Mozilla/5.0 (iPhone; CPU iPhone OS 13_7 like Mac OS X) AppleWebKit/605.1.15 (KHTML, like Gecko) Version/13.1.2 Mobile/15E148 Safari/604.1"
103.131.71.52 - - [09/Sep/2020:22:48:09 -0400] "GET /robots.txt HTTP/1.0" 200 67 "-" "Mozilla/5.0 (compatible; coccocbot-image/1.0; +http://help.coccoc.com/searchengine)"
10.30.94.78 - - [09/Sep/2020:23:04:13 -0400] "POST /wp-cron.php?doing_wp_cron=1599707053.5427980422973632812500 HTTP/1.0" 200 - "http://www.islandgreenery.net/wp-cron.php?doing_wp_cron=1599707053.5427980422973632812500" "WordPress/5.4.2; http://www.islandgreenery.net"
64.227.108.78 - - [09/Sep/2020:23:32:52 -0400] "GET /wp-content/plugins/ioptimization/IOptimize.php?rchk HTTP/1.0" 404 24479 "www.google.com" "Mozlila/5.0 (Linux; Android 7.0; SM-G892A Bulid/NRD90M; wv) AppleWebKit/537.36 (KHTML, like Gecko) Version/4.0 Chrome/60.0.3112.107 Moblie Safari/537.36"
10.30.94.78 - - [09/Sep/2020:23:56:07 -0400] "POST /wp-cron.php?doing_wp_cron=1599710167.3576428890228271484375 HTTP/1.0" 200 - "http://www.islandgreenery.net/wp-cron.php?doing_wp_cron=1599710167.3576428890228271484375" "WordPress/5.4.2; http://www.islandgreenery.net"
10.30.94.78 - - [09/Sep/2020:01:08:17 -0400] "POST /wp-cron.php?doing_wp_cron=1599628095.6885559558868408203125 HTTP/1.0" 200 - "http://www.islandgreenery.net/wp-cron.php?doing_wp_cron=1599628095.6885559558868408203125" "WordPress/5.4.2; http://www.islandgreenery.net"
