66.249.79.168 - - [09/Sep/2020:19:58:39 -0400] "GET /wp-includes/images/w-logo-blue-white-bg.png HTTP/1.0" 200 4119 "-" "Googlebot-Image/1.0"
67.82.181.106 - - [09/Sep/2020:20:05:42 -0400] "GET / HTTP/1.0" 200 30102 "https://www.google.com/" "Mozilla/5.0 (iPhone; CPU iPhone OS 13_6_1 like Mac OS X) AppleWebKit/605.1.15 (KHTML, like Gecko) Version/13.1.2 Mobile/15E148 Safari/604.1"
192.208.120.38 - - [09/Sep/2020:20:48:12 -0400] "GET /wp-content/plugins/wp-responsive-menu/assets/css/wpr-hamburger.css?ver=3.1.4 HTTP/1.0" 200 22025 "http://www.islandgreenery.net/" "Mozilla/5.0 (Linux; Android 10; SAMSUNG SM-A205U1) AppleWebKit/537.36 (KHTML, like Gecko) SamsungBrowser/12.1 Chrome/79.0.3945.136 Mobile Safari/537.36"
192.208.120.38 - - [09/Sep/2020:20:48:12 -0400] "GET /wp-includes/js/wp-embed.min.js?ver=5.4.2 HTTP/1.0" 200 1434 "http://www.islandgreenery.net/" "Mozilla/5.0 (Linux; Android 10; SAMSUNG SM-A205U1) AppleWebKit/537.36 (KHTML, like Gecko) SamsungBrowser/12.1 Chrome/79.0.3945.136 Mobile Safari/537.36"
192.208.120.38 - - [09/Sep/2020:20:48:12 -0400] "GET /wp-content/themes/islandg/images/twitter-icon.png HTTP/1.0" 200 829 "http://www.islandgreenery.net/" "Mozilla/5.0 (Linux; Android 10; SAMSUNG SM-A205U1) AppleWebKit/537.36 (KHTML, like Gecko) SamsungBrowser/12.1 Chrome/79.0.3945.136 Mobile Safari/537.36"
192.208.120.38 - - [09/Sep/2020:20:48:15 -0400] "GET /wp-content/uploads/2020/05/late-spring-banner-bg-1.jpg HTTP/1.0" 200 40829 "http://www.islandgreenery.net/" "Mozilla/5.0 (Linux; Android 10; SAMSUNG SM-A205U1) AppleWebKit/537.36 (KHTML, like Gecko) SamsungBrowser/12.1 Chrome/79.0.3945.136 Mobile Safari/537.36"
142.93.229.2 - - [09/Sep/2020:21:09:43 -0400] "GET /index.php HTTP/1.0" 301 - "-" "Mozilla/5.0 (Windows NT 10.0; Win64; x64) AppleWebKit/537.36 (KHTML, like Gecko) Chrome/60.0.3112.113 Safari/537.36"
69.118.96.159 - - [09/Sep/2020:21:12:21 -0400] "GET /wp-includes/js/jquery/jquery-migrate.min.js?ver=1.4.1 HTTP/1.0" 200 10056 "http://www.islandgreenery.net/" "Mozilla/5.0 (Macintosh; Intel Mac OS X 10_15_4) AppleWebKit/605.1.15 (KHTML, like Gecko) Version/13.1.2 Safari/605.1.15"
69.118.96.159 - - [09/Sep/2020:21:12:21 -0400] "GET /wp-content/plugins/wp-responsive-menu/assets/js/jquery.touchSwipe.min.js?ver=3.1.4 HTTP/1.0" 200 10290 "http://www.islandgreenery.net/" "Mozilla/5.0 (Macintosh; Intel Mac OS X 10_15_4) AppleWebKit/605.1.15 (KHTML, like Gecko) Version/13.1.2 Safari/605.1.15"
69.118.96.159 - - [09/Sep/2020:21:12:21 -0400] "GET /wp-content/plugins/contact-form-7/includes/js/scripts.js?ver=5.1.7 HTTP/1.0" 200 14440 "http://www.islandgreenery.net/" "Mozilla/5.0 (Macintosh; Intel Mac OS X 10_15_4) AppleWebKit/605.1.15 (KHTML, like Gecko) Version/13.1.2 Safari/605.1.15"
69.118.96.159 - - [09/Sep/2020:21:12:21 -0400] "GET /wp-content/themes/twentytwelve/js/navigation.js?ver=20140711 HTTP/1.0" 200 1552 "http://www.islandgreenery.net/" "Mozilla/5.0 (Macintosh; Intel Mac OS X 10_15_4) AppleWebKit/605.1.15 (KHTML, like Gecko) Version/13.1.2 Safari/605.1.15"
69.118.96.159 - - [09/Sep/2020:21:12:21 -0400] "GET /wp-content/plugins/master-slider/public/assets/js/masterslider.min.js?ver=3.5.8 HTTP/1.0" 200 90646 "http://www.islandgreenery.net/" "Mozilla/5.0 (Macintosh; Intel Mac OS X 10_15_4) AppleWebKit/605.1.15 (KHTML, like Gecko) Version/13.1.2 Safari/605.1.15"
69.118.96.159 - - [09/Sep/2020:21:12:21 -0400] "GET /wp-content/themes/islandg/images/facebook-icon.png HTTP/1.0" 200 2368 "http://www.islandgreenery.net/" "Mozilla/5.0 (Macintosh; Intel Mac OS X 10_15_4) AppleWebKit/605.1.15 (KHTML, like Gecko) Version/13.1.2 Safari/605.1.15"
69.118.96.159 - - [09/Sep/2020:21:12:33 -0400] "GET /wp-content/uploads/2016/03/Hagan_7-940x480.png HTTP/1.0" 200 713665 "http://www.islandgreenery.net/gallery/" "Mozilla/5.0 (Macintosh; Intel Mac OS X 10_15_4) AppleWebKit/605.1.15 (KHTML, like Gecko) Version/13.1.2 Safari/605.1.15"
69.118.96.159 - - [09/Sep/2020:21:12:49 -0400] "GET /wp-content/uploads/2016/03/IMG_18071-940x480.jpg HTTP/1.0" 200 422730 "http://www.islandgreenery.net/gallery/" "Mozilla/5.0 (Macintosh; Intel Mac OS X 10_15_4) AppleWebKit/605.1.15 (KHTML, like Gecko) Version/13.1.2 Safari/605.1.15"
69.118.96.159 - - [09/Sep/2020:21:13:30 -0400] "GET /wp-content/uploads/2020/03/IMG_4142-e1583341862699-940x480.jpg HTTP/1.0" 200 453941 "http://www.islandgreenery.net/gallery/" "Mozilla/5.0 (Macintosh; Intel Mac OS X 10_15_4) AppleWebKit/605.1.15 (KHTML, like Gecko) Version/13.1.2 Safari/605.1.15"
69.118.96.159 - - [09/Sep/2020:21:13:33 -0400] "GET /wp-content/uploads/2020/03/IMG_1344-940x480.jpg HTTP/1.0" 200 405315 "http://www.islandgreenery.net/gallery/" "Mozilla/5.0 (Macintosh; Intel Mac OS X 10_15_4) AppleWebKit/605.1.15 (KHTML, like Gecko) Version/13.1.2 Safari/605.1.15"
93.115.150.103 - - [09/Sep/2020:21:17:04 -0400] "GET /www/wp-includes/wlwmanifest.xml HTTP/1.0" 301 - "-" "Mozilla/5.0 (Windows NT 10.0; Win64; x64) AppleWebKit/537.36 (KHTML, like Gecko) Chrome/70.0.3538.77 Safari/537.36"
69.118.96.159 - - [09/Sep/2020:21:18:09 -0400] "GET /wp-content/uploads/2016/05/pomegranate-2.jpg HTTP/1.0" 200 9741 "http://www.islandgreenery.net/category/articles-resources/" "Mozilla/5.0 (Macintosh; Intel Mac OS X 10_15_4) AppleWebKit/605.1.15 (KHTML, like Gecko) Version/13.1.2 Safari/605.1.15"
160.153.154.5 - - [09/Sep/2020:21:19:02 -0400] "GET /shop/wp-includes/wlwmanifest.xml HTTP/1.0" 301 - "-" "Mozilla/5.0 (Windows NT 10.0; Win64; x64) AppleWebKit/537.36 (KHTML, like Gecko) Chrome/70.0.3538.77 Safari/537.36"
103.227.176.5 - - [09/Sep/2020:21:19:19 -0400] "GET /main/wp-includes/wlwmanifest.xml HTTP/1.0" 301 - "-" "Mozilla/5.0 (Windows NT 10.0; Win64; x64) AppleWebKit/537.36 (KHTML, like Gecko) Chrome/70.0.3538.77 Safari/537.36"
198.71.238.9 - - [09/Sep/2020:21:24:00 -0400] "GET /2018/wp-includes/wlwmanifest.xml HTTP/1.0" 301 - "-" "Mozilla/5.0 (Windows NT 10.0; Win64; x64) AppleWebKit/537.36 (KHTML, like Gecko) Chrome/70.0.3538.77 Safari/537.36"
198.71.238.9 - - [09/Sep/2020:21:24:03 -0400] "GET /2018/wp-includes/wlwmanifest.xml HTTP/1.0" 404 23979 "-" "Mozilla/5.0 (Windows NT 10.0; Win64; x64) AppleWebKit/537.36 (KHTML, like Gecko) Chrome/70.0.3538.77 Safari/537.36"
174.197.130.28 - - [09/Sep/2020:21:28:20 -0400] "GET /wp-content/plugins/contact-form-7/includes/js/scripts.js?ver=5.1.7 HTTP/1.0" 200 14440 "http://www.islandgreenery.net/" "Mozilla/5.0 (Linux; Android 10; LM-V405) AppleWebKit/537.36 (KHTML, like Gecko) Chrome/85.0.4183.81 Mobile Safari/537.36"
174.197.130.28 - - [09/Sep/2020:21:29:57 -0400] "GET /wp-content/uploads/2016/03/propane-tank.jpg HTTP/1.0" 200 34049 "http://www.islandgreenery.net/propane-supply/" "Mozilla/5.0 (Linux; Android 10; LM-V405) AppleWebKit/537.36 (KHTML, like Gecko) Chrome/85.0.4183.81 Mobile Safari/537.36"
174.197.130.28 - - [09/Sep/2020:21:31:30 -0400] "GET /emailer-signup/ HTTP/1.0" 200 26059 "http://www.islandgreenery.net/emailer-signup/" "Mozilla/5.0 (Linux; Android 10; LM-V405) AppleWebKit/537.36 (KHTML, like Gecko) Chrome/85.0.4183.81 Mobile Safari/537.36"
114.119.141.146 - - [09/Sep/2020:22:03:43 -0400] "GET /2016/05/06/gardeners-calendar HTTP/1.0" 301 - "-" "Mozilla/5.0 (Linux; Android 7.0;) AppleWebKit/537.36 (KHTML, like Gecko) Mobile Safari/537.36 (compatible; PetalBot;+http://aspiegel.com/petalbot)"
114.119.141.146 - - [09/Sep/2020:22:03:47 -0400] "GET /2016/05/06/gardeners-calendar/ HTTP/1.0" 200 28379 "-" "Mozilla/5.0 (Linux; Android 7.0;) AppleWebKit/537.36 (KHTML, like Gecko) Mobile Safari/537.36 (compatible; PetalBot;+http://aspiegel.com/petalbot)"
10.30.94.78 - - [09/Sep/2020:22:32:47 -0400] "POST /wp-cron.php?doing_wp_cron=1599705167.1487948894500732421875 HTTP/1.0" 200 - "http://www.islandgreenery.net/wp-cron.php?doing_wp_cron=1599705167.1487948894500732421875" "WordPress/5.4.2; http://www.islandgreenery.net"
94.130.107.178 - - [09/Sep/2020:22:33:05 -0400] "GET /test/wp-admin/install.php?step=1 HTTP/1.0" 404 24479 "-" "Mozilla/5.0 (X11; Linux x86_64; rv:52.0) Gecko/20100101 Firefox/52.0"
94.130.107.178 - - [09/Sep/2020:22:33:08 -0400] "GET /vendor/phpunit/phpunit/phpunit.xsd HTTP/1.0" 404 23979 "-" "Mozilla/5.0 (X11; Linux x86_64; rv:52.0) Gecko/20100101 Firefox/52.0"
68.198.87.67 - - [09/Sep/2020:22:33:13 -0400] "GET /wp-includes/css/dist/block-library/style.min.css?ver=5.4.2 HTTP/1.0" 200 53593 "http://www.islandgreenery.net/" "Mozilla/5.0 (Macintosh; Intel Mac OS X 10_14_6) AppleWebKit/605.1.15 (KHTML, like Gecko) Version/13.1.2 Safari/605.1.15"
68.198.87.67 - - [09/Sep/2020:22:33:13 -0400] "GET /wp-includes/js/jquery/jquery.js?ver=1.12.4-wp HTTP/1.0" 200 96873 "http://www.islandgreenery.net/" "Mozilla/5.0 (Macintosh; Intel Mac OS X 10_14_6) AppleWebKit/605.1.15 (KHTML, like Gecko) Version/13.1.2 Safari/605.1.15"
68.198.87.67 - - [09/Sep/2020:22:33:13 -0400] "GET /wp-content/plugins/master-slider/public/assets/css/masterslider.main.css?ver=3.5.8 HTTP/1.0" 200 66525 "http://www.islandgreenery.net/" "Mozilla/5.0 (Macintosh; Intel Mac OS X 10_14_6) AppleWebKit/605.1.15 (KHTML, like Gecko) Version/13.1.2 Safari/605.1.15"
68.198.87.67 - - [09/Sep/2020:22:33:13 -0400] "GET /wp-content/themes/islandg/images/logo.png HTTP/1.0" 200 71909 "http://www.islandgreenery.net/" "Mozilla/5.0 (Macintosh; Intel Mac OS X 10_14_6) AppleWebKit/605.1.15 (KHTML, like Gecko) Version/13.1.2 Safari/605.1.15"
68.198.87.67 - - [09/Sep/2020:22:33:13 -0400] "GET /wp-content/plugins/master-slider/public/assets/css/blank.gif HTTP/1.0" 200 43 "http://www.islandgreenery.net/" "Mozilla/5.0 (Macintosh; Intel Mac OS X 10_14_6) AppleWebKit/605.1.15 (KHTML, like Gecko) Version/13.1.2 Safari/605.1.15"
68.198.87.67 - - [09/Sep/2020:22:33:13 -0400] "GET /wp-content/themes/islandg/images/delea-logo.jpg HTTP/1.0" 200 3619 "http://www.islandgreenery.net/" "Mozilla/5.0 (Macintosh; Intel Mac OS X 10_14_6) AppleWebKit/605.1.15 (KHTML, like Gecko) Version/13.1.2 Safari/605.1.15"
68.198.87.67 - - [09/Sep/2020:22:33:13 -0400] "GET /wp-content/themes/islandg/images/bumper-crop-logo.jpg HTTP/1.0" 200 16793 "http://www.islandgreenery.net/" "Mozilla/5.0 (Macintosh; Intel Mac OS X 10_14_6) AppleWebKit/605.1.15 (KHTML, like Gecko) Version/13.1.2 Safari/605.1.15"
68.198.87.67 - - [09/Sep/2020:22:33:13 -0400] "GET /wp-content/themes/islandg/images/masthead-bg.jpg HTTP/1.0" 200 5539 "http://www.islandgreenery.net/" "Mozilla/5.0 (Macintosh; Intel Mac OS X 10_14_6) AppleWebKit/605.1.15 (KHTML, like Gecko) Version/13.1.2 Safari/605.1.15"
68.198.87.67 - - [09/Sep/2020:22:33:13 -0400] "GET /wp-content/plugins/master-slider/public/assets/css/common/loading-2.gif HTTP/1.0" 200 2707 "http://www.islandgreenery.net/" "Mozilla/5.0 (Macintosh; Intel Mac OS X 10_14_6) AppleWebKit/605.1.15 (KHTML, like Gecko) Version/13.1.2 Safari/605.1.15"
94.130.107.178 - - [09/Sep/2020:22:33:19 -0400] "POST /wp-admin/admin-ajax.php HTTP/1.0" 400 1 "-" "Mozilla/5.0 (X11; Linux x86_64; rv:52.0) Gecko/20100101 Firefox/52.0"
74.88.33.47 - - [09/Sep/2020:22:40:46 -0400] "GET /wp-content/themes/twentytwelve/js/navigation.js?ver=20140711 HTTP/1.0" 200 1552 "http://www.islandgreenery.net/" "Mozilla/5.0 (Macintosh; Intel Mac OS X 10_15_6) AppleWebKit/605.1.15 (KHTML, like Gecko) Version/13.1.2 Safari/605.1.15"
74.88.33.47 - - [09/Sep/2020:22:40:47 -0400] "GET /wp-content/themes/islandg/images/master-nursery-logo.jpg HTTP/1.0" 200 3944 "http://www.islandgreenery.net/" "Mozilla/5.0 (Macintosh; Intel Mac OS X 10_15_6) AppleWebKit/605.1.15 (KHTML, like Gecko) Version/13.1.2 Safari/605.1.15"
74.88.33.47 - - [09/Sep/2020:22:40:47 -0400] "GET /wp-content/themes/islandg/images/masthead-bg.jpg HTTP/1.0" 200 5539 "http://www.islandgreenery.net/" "Mozilla/5.0 (Macintosh; Intel Mac OS X 10_15_6) AppleWebKit/605.1.15 (KHTML, like Gecko) Version/13.1.2 Safari/605.1.15"
74.88.33.47 - - [09/Sep/2020:22:40:48 -0400] "GET /wp-content/uploads/2020/05/late-spring-banner-bg-4.jpg HTTP/1.0" 200 22286 "http://www.islandgreenery.net/" "Mozilla/5.0 (Macintosh; Intel Mac OS X 10_15_6) AppleWebKit/605.1.15 (KHTML, like Gecko) Version/13.1.2 Safari/605.1.15"
67.84.84.11 - - [09/Sep/2020:22:47:05 -0400] "GET /wp-includes/js/jquery/jquery.js?ver=1.12.4-wp HTTP/1.0" 200 96873 "http://www.islandgreenery.net/" "Mozilla/5.0 (iPhone; CPU iPhone OS 13_7 like Mac OS X) AppleWebKit/605.1.15 (KHTML, like Gecko) Version/13.1.2 Mobile/15E148 Safari/604.1"
67.84.84.11 - - [09/Sep/2020:22:47:05 -0400] "GET /wp-content/plugins/wp-responsive-menu/assets/js/jquery.touchSwipe.min.js?ver=3.1.4 HTTP/1.0" 200 10290 "http://www.islandgreenery.net/" "Mozilla/5.0 (iPhone; CPU iPhone OS 13_7 like Mac OS X) AppleWebKit/605.1.15 (KHTML, like Gecko) Version/13.1.2 Mobile/15E148 Safari/604.1"
67.84.84.11 - - [09/Sep/2020:22:47:05 -0400] "GET /wp-content/plugins/wp-responsive-menu/assets/js/wprmenu.js?ver=3.1.4 HTTP/1.0" 200 8525 "http://www.islandgreenery.net/" "Mozilla/5.0 (iPhone; CPU iPhone OS 13_7 like Mac OS X) AppleWebKit/605.1.15 (KHTML, like Gecko) Version/13.1.2 Mobile/15E148 Safari/604.1"
67.84.84.11 - - [09/Sep/2020:22:47:05 -0400] "GET /wp-content/themes/twentytwelve/js/navigation.js?ver=20140711 HTTP/1.0" 200 1552 "http://www.islandgreenery.net/" "Mozilla/5.0 (iPhone; CPU iPhone OS 13_7 like Mac OS X) AppleWebKit/605.1.15 (KHTML, like Gecko) Version/13.1.2 Mobile/15E148 Safari/604.1"
67.84.84.11 - - [09/Sep/2020:22:47:05 -0400] "GET /wp-content/themes/islandg/images/nicolock-logo.jpg HTTP/1.0" 200 5694 "http://www.islandgreenery.net/" "Mozilla/5.0 (iPhone; CPU iPhone OS 13_7 like Mac OS X) AppleWebKit/605.1.15 (KHTML, like Gecko) Version/13.1.2 Mobile/15E148 Safari/604.1"
67.84.84.11 - - [09/Sep/2020:22:47:05 -0400] "GET /wp-content/themes/islandg/images/delea-logo.jpg HTTP/1.0" 200 3619 "http://www.islandgreenery.net/" "Mozilla/5.0 (iPhone; CPU iPhone OS 13_7 like Mac OS X) AppleWebKit/605.1.15 (KHTML, like Gecko) Version/13.1.2 Mobile/15E148 Safari/604.1"
67.84.84.11 - - [09/Sep/2020:22:47:05 -0400] "GET /wp-content/themes/islandg/images/master-nursery-logo.jpg HTTP/1.0" 200 3944 "http://www.islandgreenery.net/" "Mozilla/5.0 (iPhone; CPU iPhone OS 13_7 like Mac OS X) AppleWebKit/605.1.15 (KHTML, like Gecko) Version/13.1.2 Mobile/15E148 Safari/604.1"
67.84.84.11 - - [09/Sep/2020:22:47:05 -0400] "GET /wp-content/uploads/2020/05/late-spring-banner-bg-3.jpg HTTP/1.0" 200 62771 "http://www.islandgreenery.net/" "Mozilla/5.0 (iPhone; CPU iPhone OS 13_7 like Mac OS X) AppleWebKit/605.1.15 (KHTML, like Gecko) Version/13.1.2 Mobile/15E148 Safari/604.1"
67.84.84.11 - - [09/Sep/2020:22:47:06 -0400] "GET /wp-content/uploads/2020/05/late-spring-banner-bg-5.jpg HTTP/1.0" 200 30749 "http://www.islandgreenery.net/" "Mozilla/5.0 (iPhone; CPU iPhone OS 13_7 like Mac OS X) AppleWebKit/605.1.15 (KHTML, like Gecko) Version/13.1.2 Mobile/15E148 Safari/604.1"
10.30.94.78 - - [09/Sep/2020:22:48:13 -0400] "POST /wp-cron.php?doing_wp_cron=1599706092.3490231037139892578125 HTTP/1.0" 200 - "http://www.islandgreenery.net/wp-cron.php?doing_wp_cron=1599706092.3490231037139892578125" "WordPress/5.4.2; http://www.islandgreenery.net"
10.30.94.78 - - [09/Sep/2020:23:08:41 -0400] "POST /wp-cron.php?doing_wp_cron=1599707321.8191969394683837890625 HTTP/1.0" 200 - "http://www.islandgreenery.net/wp-cron.php?doing_wp_cron=1599707321.8191969394683837890625" "WordPress/5.4.2; http://www.islandgreenery.net"
54.198.200.47 - - [09/Sep/2020:23:10:52 -0400] "GET /ads.txt HTTP/1.0" 404 23979 "-" "Mozilla/5.0 (compatible; proximic; +http://www.proximic.com/info/spider.php)"
173.212.222.108 - - [09/Sep/2020:23:29:17 -0400] "GET /shrubs_3/ HTTP/1.0" 200 27622 "-" "Mozilla/5.0 (compatible; MJ12bot/v1.4.8; http://mj12bot.com/)"
114.119.145.125 - - [09/Sep/2020:23:56:08 -0400] "GET /emailer-signup/ HTTP/1.0" 200 26059 "-" "Mozilla/5.0 (Linux; Android 7.0;) AppleWebKit/537.36 (KHTML, like Gecko) Mobile Safari/537.36 (compatible; PetalBot;+http://aspiegel.com/petalbot)"
39.101.67.145 - - [09/Sep/2020:00:43:08 -0400] "GET /e/admin/ HTTP/1.0" 404 23979 "-" "Mozilla/5.0 (Windows NT 10.0; WOW64; rv:48.0) Gecko/20100101 Firefox/48.0"
96.250.41.107 - - [09/Sep/2020:01:22:52 -0400] "GET /wp-includes/css/dist/block-library/style.min.css?ver=5.4.2 HTTP/1.0" 200 53593 "http://www.islandgreenery.net/" "Mozilla/5.0 (iPad; CPU OS 12_4 like Mac OS X) AppleWebKit/605.1.15 (KHTML, like Gecko) CriOS/85.0.4183.92 Mobile/15E148 Safari/604.1"
96.250.41.107 - - [09/Sep/2020:01:22:52 -0400] "GET /wp-content/plugins/wp-responsive-menu/inc/assets/icons/wpr-icons.css?ver=3.1.4 HTTP/1.0" 200 12813 "http://www.islandgreenery.net/" "Mozilla/5.0 (iPad; CPU OS 12_4 like Mac OS X) AppleWebKit/605.1.15 (KHTML, like Gecko) CriOS/85.0.4183.92 Mobile/15E148 Safari/604.1"
96.250.41.107 - - [09/Sep/2020:01:22:52 -0400] "GET /wp-includes/js/jquery/jquery-migrate.min.js?ver=1.4.1 HTTP/1.0" 200 10056 "http://www.islandgreenery.net/" "Mozilla/5.0 (iPad; CPU OS 12_4 like Mac OS X) AppleWebKit/605.1.15 (KHTML, like Gecko) CriOS/85.0.4183.92 Mobile/15E148 Safari/604.1"
96.250.41.107 - - [09/Sep/2020:01:22:52 -0400] "GET /wp-content/plugins/contact-form-7/includes/js/scripts.js?ver=5.1.7 HTTP/1.0" 200 14440 "http://www.islandgreenery.net/" "Mozilla/5.0 (iPad; CPU OS 12_4 like Mac OS X) AppleWebKit/605.1.15 (KHTML, like Gecko) CriOS/85.0.4183.92 Mobile/15E148 Safari/604.1"
96.250.41.107 - - [09/Sep/2020:01:22:52 -0400] "GET /wp-content/plugins/master-slider/public/assets/css/blank.gif HTTP/1.0" 200 43 "http://www.islandgreenery.net/" "Mozilla/5.0 (iPad; CPU OS 12_4 like Mac OS X) AppleWebKit/605.1.15 (KHTML, like Gecko) CriOS/85.0.4183.92 Mobile/15E148 Safari/604.1"
96.250.41.107 - - [09/Sep/2020:01:22:52 -0400] "GET /wp-content/themes/islandg/images/bg.jpg HTTP/1.0" 200 154003 "http://www.islandgreenery.net/" "Mozilla/5.0 (iPad; CPU OS 12_4 like Mac OS X) AppleWebKit/605.1.15 (KHTML, like Gecko) CriOS/85.0.4183.92 Mobile/15E148 Safari/604.1"
96.250.41.107 - - [09/Sep/2020:01:22:52 -0400] "GET /wp-content/themes/islandg/images/yellow-grad-bg.png HTTP/1.0" 200 307 "http://www.islandgreenery.net/" "Mozilla/5.0 (iPad; CPU OS 12_4 like Mac OS X) AppleWebKit/605.1.15 (KHTML, like Gecko) CriOS/85.0.4183.92 Mobile/15E148 Safari/604.1"
79.137.9.178 - - [09/Sep/2020:01:38:14 -0400] "GET /vendor/phpunit/phpunit/src/Util/PHP/eval-stdin.php HTTP/1.0" 301 500 "-" "python-requests/2.24.0"
40.65.183.5 - - [09/Sep/2020:01:57:28 -0400] "GET //?author=1 HTTP/1.0" 301 - "-" "Mozilla/5.0 (Windows NT 10.0; Win64; x64) AppleWebKit/537.36 (KHTML, like Gecko) Chrome/76.0.3809.132 Safari/537.36"
185.89.36.2 - - [09/Sep/2020:02:52:29 -0400] "GET / HTTP/1.0" 200 30102 "-" "Mozilla/5.0 (Windows NT 10.0; Win64; x64) AppleWebKit/537.36 (KHTML, like Gecko) Chrome/64.0.3282.167 Safari/537.36"
95.217.228.32 - - [09/Sep/2020:03:17:26 -0400] "GET /wp-content/uploads/2020/05/late-spring-banner-bg-5.jpg HTTP/1.0" 200 30749 "http://www.islandgreenery.net/" "'Mozilla/5.0 (compatible; Seekport Crawler; http://seekport.com/'"
10.30.94.78 - - [09/Sep/2020:05:29:41 -0400] "POST /wp-cron.php?doing_wp_cron=1599643781.4949729442596435546875 HTTP/1.0" 200 - "http://www.islandgreenery.net/wp-cron.php?doing_wp_cron=1599643781.4949729442596435546875" "WordPress/5.4.2; http://www.islandgreenery.net"
42.236.10.122 - - [09/Sep/2020:05:55:29 -0400] "GET / HTTP/1.0" 200 30102 "http://www.islandgreenery.net/" "Mozilla/5.0 (Windows NT 6.1; WOW64) AppleWebKit/537.36 (KHTML, like Gecko) Chrome/50.4.2661.102 Safari/537.36; 360Spider"
10.30.94.78 - - [09/Sep/2020:06:44:15 -0400] "POST /wp-cron.php?doing_wp_cron=1599648254.9242858886718750000000 HTTP/1.0" 200 - "http://www.islandgreenery.net/wp-cron.php?doing_wp_cron=1599648254.9242858886718750000000" "WordPress/5.4.2; http://www.islandgreenery.net"
185.191.171.13 - - [09/Sep/2020:06:55:05 -0400] "GET /emailer-signup/ HTTP/1.0" 200 26059 "-" "Mozilla/5.0 (compatible; SemrushBot/6~bl; +http://www.semrush.com/bot.html)"
128.90.166.130 - - [09/Sep/2020:07:26:34 -0400] "GET /blogs/wp-admin/setup-config.php HTTP/1.0" 404 24479 "-" "Mozilla/5.0 (X11; Linux x86_64; rv:52.0) Gecko/20100101 Firefox/52.0"
128.90.166.130 - - [09/Sep/2020:07:26:50 -0400] "GET /demo/wp-admin/setup-config.php HTTP/1.0" 301 500 "-" "Mozilla/5.0 (X11; Linux x86_64; rv:52.0) Gecko/20100101 Firefox/52.0"
128.90.166.130 - - [09/Sep/2020:07:27:37 -0400] "GET /cms/wp-admin/install.php?step=1 HTTP/1.0" 404 24479 "-" "Mozilla/5.0 (X11; Linux x86_64; rv:52.0) Gecko/20100101 Firefox/52.0"
10.30.94.78 - - [09/Sep/2020:07:49:47 -0400] "POST /wp-cron.php?doing_wp_cron=1599652187.1493420600891113281250 HTTP/1.0" 200 - "http://www.islandgreenery.net/wp-cron.php?doing_wp_cron=1599652187.1493420600891113281250" "WordPress/5.4.2; http://www.islandgreenery.net"
10.30.94.78 - - [09/Sep/2020:08:08:50 -0400] "POST /wp-cron.php?doing_wp_cron=1599653330.7050759792327880859375 HTTP/1.0" 200 - "http://www.islandgreenery.net/wp-cron.php?doing_wp_cron=1599653330.7050759792327880859375" "WordPress/5.4.2; http://www.islandgreenery.net"
137.83.201.122 - - [09/Sep/2020:08:26:53 -0400] "GET /wp-includes/css/dist/block-library/style.min.css?ver=5.4.2 HTTP/1.0" 200 53593 "http://www.islandgreenery.net/" "Mozilla/5.0 (Windows NT 10.0; WOW64) AppleWebKit/537.36 (KHTML, like Gecko) Chrome/84.0.4147.89 Safari/537.36"
137.83.201.122 - - [09/Sep/2020:08:26:53 -0400] "GET /wp-content/plugins/wp-responsive-menu/assets/css/wprmenu.css?ver=3.1.4 HTTP/1.0" 200 9623 "http://www.islandgreenery.net/" "Mozilla/5.0 (Windows NT 10.0; WOW64) AppleWebKit/537.36 (KHTML, like Gecko) Chrome/84.0.4147.89 Safari/537.36"
137.83.201.122 - - [09/Sep/2020:08:26:53 -0400] "GET /wp-content/plugins/wp-responsive-menu/assets/js/modernizr.custom.js?ver=3.1.4 HTTP/1.0" 200 7197 "http://www.islandgreenery.net/" "Mozilla/5.0 (Windows NT 10.0; WOW64) AppleWebKit/537.36 (KHTML, like Gecko) Chrome/84.0.4147.89 Safari/537.36"
10.30.94.78 - - [09/Sep/2020:08:52:21 -0400] "POST /wp-cron.php?doing_wp_cron=1599655941.1802849769592285156250 HTTP/1.0" 200 - "http://www.islandgreenery.net/wp-cron.php?doing_wp_cron=1599655941.1802849769592285156250" "WordPress/5.4.2; http://www.islandgreenery.net"
74.90.122.15 - - [09/Sep/2020:09:41:15 -0400] "GET /wp-content/plugins/master-slider/public/assets/js/masterslider.min.js?ver=3.5.8 HTTP/1.0" 200 90646 "http://www.islandgreenery.net/" "Mozilla/5.0 (iPad; CPU OS 13_3 like Mac OS X) AppleWebKit/605.1.15 (KHTML, like Gecko) CriOS/84.0.4147.122 Mobile/15E148 Safari/604.1"
74.90.122.15 - - [09/Sep/2020:09:41:15 -0400] "GET /wp-content/themes/islandg/images/paraco-logo.jpg HTTP/1.0" 200 6286 "http://www.islandgreenery.net/" "Mozilla/5.0 (iPad; CPU OS 13_3 like Mac OS X) AppleWebKit/605.1.15 (KHTML, like Gecko) CriOS/84.0.4147.122 Mobile/15E148 Safari/604.1"
74.90.122.15 - - [09/Sep/2020:09:41:15 -0400] "GET /wp-content/themes/islandg/images/masthead-bg.jpg HTTP/1.0" 200 5539 "http://www.islandgreenery.net/" "Mozilla/5.0 (iPad; CPU OS 13_3 like Mac OS X) AppleWebKit/605.1.15 (KHTML, like Gecko) CriOS/84.0.4147.122 Mobile/15E148 Safari/604.1"
74.90.122.15 - - [09/Sep/2020:09:41:15 -0400] "GET /wp-content/themes/islandg/images/footer-bg.jpg HTTP/1.0" 200 14183 "http://www.islandgreenery.net/" "Mozilla/5.0 (iPad; CPU OS 13_3 like Mac OS X) AppleWebKit/605.1.15 (KHTML, like Gecko) CriOS/84.0.4147.122 Mobile/15E148 Safari/604.1"
74.90.122.15 - - [09/Sep/2020:09:41:15 -0400] "GET /wp-content/plugins/master-slider/public/assets/css/common/loading-2.gif HTTP/1.0" 200 2707 "http://www.islandgreenery.net/" "Mozilla/5.0 (iPad; CPU OS 13_3 like Mac OS X) AppleWebKit/605.1.15 (KHTML, like Gecko) CriOS/84.0.4147.122 Mobile/15E148 Safari/604.1"
74.90.122.15 - - [09/Sep/2020:09:41:15 -0400] "GET /wp-content/plugins/master-slider/public/assets/css/skins/light-skin-1-retina.png HTTP/1.0" 200 4422 "http://www.islandgreenery.net/" "Mozilla/5.0 (iPad; CPU OS 13_3 like Mac OS X) AppleWebKit/605.1.15 (KHTML, like Gecko) CriOS/84.0.4147.122 Mobile/15E148 Safari/604.1"
74.90.122.15 - - [09/Sep/2020:09:41:16 -0400] "GET /wp-content/uploads/2020/05/late-spring-banner-bg-1.jpg HTTP/1.0" 200 40829 "http://www.islandgreenery.net/" "Mozilla/5.0 (iPad; CPU OS 13_3 like Mac OS X) AppleWebKit/605.1.15 (KHTML, like Gecko) CriOS/84.0.4147.122 Mobile/15E148 Safari/604.1"
137.83.201.122 - - [09/Sep/2020:09:52:02 -0400] "GET /wp-content/plugins/wp-responsive-menu/inc/assets/icons/wpr-icons.css?ver=3.1.4 HTTP/1.0" 200 12813 "http://www.islandgreenery.net/" "Mozilla/5.0 (Windows NT 10.0; WOW64) AppleWebKit/537.36 (KHTML, like Gecko) Chrome/84.0.4147.89 Safari/537.36"
137.83.201.122 - - [09/Sep/2020:09:52:02 -0400] "GET /wp-content/themes/islandg/images/facebook-icon.png HTTP/1.0" 200 2368 "http://www.islandgreenery.net/" "Mozilla/5.0 (Windows NT 10.0; WOW64) AppleWebKit/537.36 (KHTML, like Gecko) Chrome/84.0.4147.89 Safari/537.36"
137.83.201.122 - - [09/Sep/2020:09:52:02 -0400] "GET /wp-content/themes/islandg/images/pit-barrel-border.jpg HTTP/1.0" 200 16627 "http://www.islandgreenery.net/" "Mozilla/5.0 (Windows NT 10.0; WOW64) AppleWebKit/537.36 (KHTML, like Gecko) Chrome/84.0.4147.89 Safari/537.36"
67.84.18.14 - - [09/Sep/2020:10:23:05 -0400] "GET /wp-content/themes/islandg/style.css?ver=5.4.2 HTTP/1.0" 200 77097 "http://www.islandgreenery.net/" "Mozilla/5.0 (Windows NT 10.0; Win64; x64) AppleWebKit/537.36 (KHTML, like Gecko) Chrome/85.0.4183.83 Safari/537.36"
67.84.18.14 - - [09/Sep/2020:10:23:05 -0400] "GET /wp-includes/js/jquery/jquery-migrate.min.js?ver=1.4.1 HTTP/1.0" 200 10056 "http://www.islandgreenery.net/" "Mozilla/5.0 (Windows NT 10.0; Win64; x64) AppleWebKit/537.36 (KHTML, like Gecko) Chrome/85.0.4183.83 Safari/537.36"
67.84.18.14 - - [09/Sep/2020:10:23:06 -0400] "GET /wp-content/plugins/contact-form-7/includes/js/scripts.js?ver=5.1.7 HTTP/1.0" 200 14440 "http://www.islandgreenery.net/" "Mozilla/5.0 (Windows NT 10.0; Win64; x64) AppleWebKit/537.36 (KHTML, like Gecko) Chrome/85.0.4183.83 Safari/537.36"
67.84.18.14 - - [09/Sep/2020:10:23:07 -0400] "GET /wp-content/uploads/2020/05/late-spring-banner-bg-1.jpg HTTP/1.0" 200 40829 "http://www.islandgreenery.net/" "Mozilla/5.0 (Windows NT 10.0; Win64; x64) AppleWebKit/537.36 (KHTML, like Gecko) Chrome/85.0.4183.83 Safari/537.36"
83.30.112.16 - - [09/Sep/2020:10:23:08 -0400] "POST /xmlrpc.php HTTP/1.0" 200 403 "-" "Mozilla/5.0 (Windows NT 6.1; Win64; x64) AppleWebKit/537.36 (KHTML, like Gecko) Chrome/59.0.3071.109 Safari/537.36"
10.30.94.78 - - [09/Sep/2020:10:23:18 -0400] "POST /wp-cron.php?doing_wp_cron=1599661398.3908169269561767578125 HTTP/1.0" 200 - "http://www.islandgreenery.net/wp-cron.php?doing_wp_cron=1599661398.3908169269561767578125" "WordPress/5.4.2; http://www.islandgreenery.net"
34.222.13.115 - - [09/Sep/2020:10:24:12 -0400] "GET /wp-content/plugins/wp-responsive-menu/assets/js/jquery.touchSwipe.min.js?ver=3.1.4 HTTP/1.0" 200 10290 "-" "Mozilla/5.0 (Windows NT 6.1; Win64; x64) AppleWebKit/537.36 (KHTML, like Gecko) Chrome/72.0.3626.109 Safari/537.36"
67.84.18.14 - - [09/Sep/2020:10:24:20 -0400] "GET /wp-content/uploads/2020/03/IMG_0791-e1583341812388-140x80.jpg HTTP/1.0" 200 27723 "http://www.islandgreenery.net/gallery/" "Mozilla/5.0 (Windows NT 10.0; Win64; x64) AppleWebKit/537.36 (KHTML, like Gecko) Chrome/85.0.4183.83 Safari/537.36"
67.84.18.14 - - [09/Sep/2020:10:24:21 -0400] "GET /wp-content/uploads/2016/03/Delaccio_7-140x80.png HTTP/1.0" 200 29736 "http://www.islandgreenery.net/gallery/" "Mozilla/5.0 (Windows NT 10.0; Win64; x64) AppleWebKit/537.36 (KHTML, like Gecko) Chrome/85.0.4183.83 Safari/537.36"
83.30.112.16 - - [09/Sep/2020:10:24:41 -0400] "POST /xmlrpc.php HTTP/1.0" 200 403 "-" "Mozilla/5.0 (Windows NT 6.1; Win64; x64) AppleWebKit/537.36 (KHTML, like Gecko) Chrome/59.0.3071.109 Safari/537.36"
83.30.112.16 - - [09/Sep/2020:10:25:41 -0400] "POST /xmlrpc.php HTTP/1.0" 200 403 "-" "Mozilla/5.0 (Windows NT 6.1; Win64; x64) AppleWebKit/537.36 (KHTML, like Gecko) Chrome/59.0.3071.109 Safari/537.36"
83.30.112.16 - - [09/Sep/2020:10:25:55 -0400] "POST /xmlrpc.php HTTP/1.0" 200 403 "-" "Mozilla/5.0 (Windows NT 6.1; Win64; x64) AppleWebKit/537.36 (KHTML, like Gecko) Chrome/59.0.3071.109 Safari/537.36"
62.210.189.2 - - [09/Sep/2020:10:31:48 -0400] "GET /feed/ HTTP/1.0" 200 40217 "-" "Mozilla/5.0 (compatible; Barkrowler/0.9; +https://babbar.tech/crawler)"
10.30.94.78 - - [09/Sep/2020:10:32:19 -0400] "POST /wp-cron.php?doing_wp_cron=1599661939.6039359569549560546875 HTTP/1.0" 200 - "http://www.islandgreenery.net/wp-cron.php?doing_wp_cron=1599661939.6039359569549560546875" "WordPress/5.4.2; http://www.islandgreenery.net"
62.210.189.2 - - [09/Sep/2020:10:32:41 -0400] "GET /specials-coupons/ HTTP/1.0" 200 24651 "-" "Mozilla/5.0 (compatible; Barkrowler/0.9; +https://babbar.tech/crawler)"
71.190.224.109 - - [09/Sep/2020:11:26:38 -0400] "GET / HTTP/1.0" 200 30102 "-" "Mozilla/5.0 (Linux; Android 9; SAMSUNG SM-T510) AppleWebKit/537.36 (KHTML, like Gecko) SamsungBrowser/12.1 Chrome/79.0.3945.136 Safari/537.36"
71.190.224.109 - - [09/Sep/2020:11:29:14 -0400] "GET / HTTP/1.0" 200 30102 "-" "Mozilla/5.0 (Linux; Android 9; SAMSUNG SM-T510) AppleWebKit/537.36 (KHTML, like Gecko) SamsungBrowser/12.1 Chrome/79.0.3945.136 Safari/537.36"
71.190.224.109 - - [09/Sep/2020:11:29:18 -0400] "GET /wp-includes/css/dist/block-library/style.min.css?ver=5.4.2 HTTP/1.0" 200 53593 "http://www.islandgreenery.net/" "Mozilla/5.0 (Linux; Android 9; SAMSUNG SM-T510) AppleWebKit/537.36 (KHTML, like Gecko) SamsungBrowser/12.1 Chrome/79.0.3945.136 Safari/537.36"
71.190.224.109 - - [09/Sep/2020:11:29:18 -0400] "GET /wp-content/plugins/contact-form-7/includes/css/styles.css?ver=5.1.7 HTTP/1.0" 200 1746 "http://www.islandgreenery.net/" "Mozilla/5.0 (Linux; Android 9; SAMSUNG SM-T510) AppleWebKit/537.36 (KHTML, like Gecko) SamsungBrowser/12.1 Chrome/79.0.3945.136 Safari/537.36"
71.190.224.109 - - [09/Sep/2020:11:29:19 -0400] "GET /wp-content/uploads/master-slider/custom.css?ver=4.5 HTTP/1.0" 200 713 "http://www.islandgreenery.net/" "Mozilla/5.0 (Linux; Android 9; SAMSUNG SM-T510) AppleWebKit/537.36 (KHTML, like Gecko) SamsungBrowser/12.1 Chrome/79.0.3945.136 Safari/537.36"
71.190.224.109 - - [09/Sep/2020:11:29:19 -0400] "GET /wp-content/plugins/wp-responsive-menu/assets/css/wprmenu.css?ver=3.1.4 HTTP/1.0" 200 9623 "http://www.islandgreenery.net/" "Mozilla/5.0 (Linux; Android 9; SAMSUNG SM-T510) AppleWebKit/537.36 (KHTML, like Gecko) SamsungBrowser/12.1 Chrome/79.0.3945.136 Safari/537.36"
71.190.224.109 - - [09/Sep/2020:11:29:19 -0400] "GET /wp-includes/js/jquery/jquery.js?ver=1.12.4-wp HTTP/1.0" 200 96873 "http://www.islandgreenery.net/" "Mozilla/5.0 (Linux; Android 9; SAMSUNG SM-T510) AppleWebKit/537.36 (KHTML, like Gecko) SamsungBrowser/12.1 Chrome/79.0.3945.136 Safari/537.36"
71.190.224.109 - - [09/Sep/2020:11:29:19 -0400] "GET /wp-content/themes/twentytwelve/js/navigation.js?ver=20140711 HTTP/1.0" 200 1552 "http://www.islandgreenery.net/" "Mozilla/5.0 (Linux; Android 9; SAMSUNG SM-T510) AppleWebKit/537.36 (KHTML, like Gecko) SamsungBrowser/12.1 Chrome/79.0.3945.136 Safari/537.36"
71.190.224.109 - - [09/Sep/2020:11:29:19 -0400] "GET /wp-content/plugins/master-slider/public/assets/css/blank.gif HTTP/1.0" 200 43 "http://www.islandgreenery.net/" "Mozilla/5.0 (Linux; Android 9; SAMSUNG SM-T510) AppleWebKit/537.36 (KHTML, like Gecko) SamsungBrowser/12.1 Chrome/79.0.3945.136 Safari/537.36"
71.190.224.109 - - [09/Sep/2020:11:29:19 -0400] "GET /wp-content/themes/islandg/images/bumper-crop-logo.jpg HTTP/1.0" 200 16793 "http://www.islandgreenery.net/" "Mozilla/5.0 (Linux; Android 9; SAMSUNG SM-T510) AppleWebKit/537.36 (KHTML, like Gecko) SamsungBrowser/12.1 Chrome/79.0.3945.136 Safari/537.36"
71.190.224.109 - - [09/Sep/2020:11:29:47 -0400] "GET /wp-content/uploads/2016/03/View6-140x80.jpg HTTP/1.0" 200 14385 "http://www.islandgreenery.net/gallery/" "Mozilla/5.0 (Linux; Android 9; SAMSUNG SM-T510) AppleWebKit/537.36 (KHTML, like Gecko) SamsungBrowser/12.1 Chrome/79.0.3945.136 Safari/537.36"
71.190.224.109 - - [09/Sep/2020:11:29:47 -0400] "GET /wp-content/uploads/2016/03/Delaccio_1-140x80.png HTTP/1.0" 200 30649 "http://www.islandgreenery.net/gallery/" "Mozilla/5.0 (Linux; Android 9; SAMSUNG SM-T510) AppleWebKit/537.36 (KHTML, like Gecko) SamsungBrowser/12.1 Chrome/79.0.3945.136 Safari/537.36"
71.190.224.109 - - [09/Sep/2020:11:29:47 -0400] "GET /wp-content/uploads/2020/03/IMG_3297-140x80.jpg HTTP/1.0" 200 22521 "http://www.islandgreenery.net/gallery/" "Mozilla/5.0 (Linux; Android 9; SAMSUNG SM-T510) AppleWebKit/537.36 (KHTML, like Gecko) SamsungBrowser/12.1 Chrome/79.0.3945.136 Safari/537.36"
71.190.224.109 - - [09/Sep/2020:11:31:01 -0400] "GET /wp-content/uploads/2016/03/couponHov.png HTTP/1.0" 200 43910 "http://www.islandgreenery.net/specials-coupons/" "Mozilla/5.0 (Linux; Android 9; SAMSUNG SM-T510) AppleWebKit/537.36 (KHTML, like Gecko) SamsungBrowser/12.1 Chrome/79.0.3945.136 Safari/537.36"
47.16.106.230 - - [09/Sep/2020:11:39:37 -0400] "GET /wp-content/themes/islandg/images/cambridge-logo.jpg HTTP/1.0" 200 5448 "http://www.islandgreenery.net/specials-coupons/" "Mozilla/5.0 (Linux; Android 10; SM-G975U) AppleWebKit/537.36 (KHTML, like Gecko) Chrome/85.0.4183.81 Mobile Safari/537.36"
114.119.148.105 - - [09/Sep/2020:11:58:09 -0400] "GET /2017/08/11/growing-and-storing-herbs-2 HTTP/1.0" 404 23979 "-" "Mozilla/5.0 (Linux; Android 7.0;) AppleWebKit/537.36 (KHTML, like Gecko) Mobile Safari/537.36 (compatible; PetalBot;+http://aspiegel.com/petalbot)"
10.30.94.78 - - [09/Sep/2020:11:58:11 -0400] "POST /wp-cron.php?doing_wp_cron=1599667091.6220040321350097656250 HTTP/1.0" 200 - "http://www.islandgreenery.net/wp-cron.php?doing_wp_cron=1599667091.6220040321350097656250" "WordPress/5.4.2; http://www.islandgreenery.net"
172.58.229.198 - - [09/Sep/2020:12:10:15 -0400] "GET / HTTP/1.0" 200 30102 "https://www.google.com/" "Mozilla/5.0 (iPhone; CPU iPhone OS 13_6_1 like Mac OS X) AppleWebKit/605.1.15 (KHTML, like Gecko) Version/13.1.2 Mobile/15E148 Safari/604.1"
172.58.229.198 - - [09/Sep/2020:12:10:20 -0400] "GET /wp-content/plugins/wp-responsive-menu/inc/assets/icons/wpr-icons.css?ver=3.1.4 HTTP/1.0" 200 12813 "http://www.islandgreenery.net/" "Mozilla/5.0 (iPhone; CPU iPhone OS 13_6_1 like Mac OS X) AppleWebKit/605.1.15 (KHTML, like Gecko) Version/13.1.2 Mobile/15E148 Safari/604.1"
172.58.229.198 - - [09/Sep/2020:12:10:20 -0400] "GET /wp-content/themes/islandg/style.css?ver=5.4.2 HTTP/1.0" 200 77097 "http://www.islandgreenery.net/" "Mozilla/5.0 (iPhone; CPU iPhone OS 13_6_1 like Mac OS X) AppleWebKit/605.1.15 (KHTML, like Gecko) Version/13.1.2 Mobile/15E148 Safari/604.1"
172.58.229.198 - - [09/Sep/2020:12:10:20 -0400] "GET /wp-content/uploads/master-slider/custom.css?ver=4.5 HTTP/1.0" 200 713 "http://www.islandgreenery.net/" "Mozilla/5.0 (iPhone; CPU iPhone OS 13_6_1 like Mac OS X) AppleWebKit/605.1.15 (KHTML, like Gecko) Version/13.1.2 Mobile/15E148 Safari/604.1"
172.58.229.198 - - [09/Sep/2020:12:10:20 -0400] "GET /wp-includes/js/wp-embed.min.js?ver=5.4.2 HTTP/1.0" 200 1434 "http://www.islandgreenery.net/" "Mozilla/5.0 (iPhone; CPU iPhone OS 13_6_1 like Mac OS X) AppleWebKit/605.1.15 (KHTML, like Gecko) Version/13.1.2 Mobile/15E148 Safari/604.1"
172.58.229.198 - - [09/Sep/2020:12:10:20 -0400] "GET /wp-content/plugins/contact-form-7/includes/js/scripts.js?ver=5.1.7 HTTP/1.0" 200 14440 "http://www.islandgreenery.net/" "Mozilla/5.0 (iPhone; CPU iPhone OS 13_6_1 like Mac OS X) AppleWebKit/605.1.15 (KHTML, like Gecko) Version/13.1.2 Mobile/15E148 Safari/604.1"
172.58.229.198 - - [09/Sep/2020:12:10:20 -0400] "GET /wp-content/themes/twentytwelve/style.css HTTP/1.0" 200 36443 "http://www.islandgreenery.net/" "Mozilla/5.0 (iPhone; CPU iPhone OS 13_6_1 like Mac OS X) AppleWebKit/605.1.15 (KHTML, like Gecko) Version/13.1.2 Mobile/15E148 Safari/604.1"
172.58.229.198 - - [09/Sep/2020:12:10:20 -0400] "GET /wp-content/themes/islandg/images/logo.png HTTP/1.0" 200 71909 "http://www.islandgreenery.net/" "Mozilla/5.0 (iPhone; CPU iPhone OS 13_6_1 like Mac OS X) AppleWebKit/605.1.15 (KHTML, like Gecko) Version/13.1.2 Mobile/15E148 Safari/604.1"
172.58.229.198 - - [09/Sep/2020:12:10:20 -0400] "GET /wp-content/themes/islandg/images/facebook-icon.png HTTP/1.0" 200 2368 "http://www.islandgreenery.net/" "Mozilla/5.0 (iPhone; CPU iPhone OS 13_6_1 like Mac OS X) AppleWebKit/605.1.15 (KHTML, like Gecko) Version/13.1.2 Mobile/15E148 Safari/604.1"
172.58.229.198 - - [09/Sep/2020:12:10:20 -0400] "GET /wp-content/plugins/master-slider/public/assets/css/blank.gif HTTP/1.0" 200 43 "http://www.islandgreenery.net/" "Mozilla/5.0 (iPhone; CPU iPhone OS 13_6_1 like Mac OS X) AppleWebKit/605.1.15 (KHTML, like Gecko) Version/13.1.2 Mobile/15E148 Safari/604.1"
172.58.229.198 - - [09/Sep/2020:12:10:21 -0400] "GET /wp-content/themes/islandg/images/nicolock-logo.jpg HTTP/1.0" 200 5694 "http://www.islandgreenery.net/" "Mozilla/5.0 (iPhone; CPU iPhone OS 13_6_1 like Mac OS X) AppleWebKit/605.1.15 (KHTML, like Gecko) Version/13.1.2 Mobile/15E148 Safari/604.1"
172.58.229.198 - - [09/Sep/2020:12:10:21 -0400] "GET /wp-content/themes/islandg/images/monrovia-logo.jpg HTTP/1.0" 200 3074 "http://www.islandgreenery.net/" "Mozilla/5.0 (iPhone; CPU iPhone OS 13_6_1 like Mac OS X) AppleWebKit/605.1.15 (KHTML, like Gecko) Version/13.1.2 Mobile/15E148 Safari/604.1"
172.58.229.198 - - [09/Sep/2020:12:10:21 -0400] "GET /wp-content/plugins/wp-responsive-menu/inc/assets/icons/fonts/icomoon.ttf?5ujmx2 HTTP/1.0" 200 50268 "http://www.islandgreenery.net/" "Mozilla/5.0 (iPhone; CPU iPhone OS 13_6_1 like Mac OS X) AppleWebKit/605.1.15 (KHTML, like Gecko) Version/13.1.2 Mobile/15E148 Safari/604.1"
172.58.229.198 - - [09/Sep/2020:12:10:21 -0400] "GET /wp-content/themes/islandg/images/design-grad.png HTTP/1.0" 200 200 "http://www.islandgreenery.net/" "Mozilla/5.0 (iPhone; CPU iPhone OS 13_6_1 like Mac OS X) AppleWebKit/605.1.15 (KHTML, like Gecko) Version/13.1.2 Mobile/15E148 Safari/604.1"
172.58.229.198 - - [09/Sep/2020:12:10:21 -0400] "GET /wp-content/plugins/master-slider/public/assets/css/common/loading-2.gif HTTP/1.0" 200 2707 "http://www.islandgreenery.net/" "Mozilla/5.0 (iPhone; CPU iPhone OS 13_6_1 like Mac OS X) AppleWebKit/605.1.15 (KHTML, like Gecko) Version/13.1.2 Mobile/15E148 Safari/604.1"
172.58.229.198 - - [09/Sep/2020:12:10:22 -0400] "GET /wp-content/uploads/2020/05/late-spring-banner-bg-5.jpg HTTP/1.0" 200 30749 "http://www.islandgreenery.net/" "Mozilla/5.0 (iPhone; CPU iPhone OS 13_6_1 like Mac OS X) AppleWebKit/605.1.15 (KHTML, like Gecko) Version/13.1.2 Mobile/15E148 Safari/604.1"
172.58.229.198 - - [09/Sep/2020:12:12:08 -0400] "GET /wp-content/uploads/2016/03/Delaccio_1-768x512.png HTTP/1.0" 200 794004 "http://www.islandgreenery.net/masonry-design/" "Mozilla/5.0 (iPhone; CPU iPhone OS 13_6_1 like Mac OS X) AppleWebKit/605.1.15 (KHTML, like Gecko) Version/13.1.2 Mobile/15E148 Safari/604.1"
10.30.94.78 - - [09/Sep/2020:12:13:40 -0400] "POST /wp-cron.php?doing_wp_cron=1599668020.6392440795898437500000 HTTP/1.0" 200 - "http://www.islandgreenery.net/wp-cron.php?doing_wp_cron=1599668020.6392440795898437500000" "WordPress/5.4.2; http://www.islandgreenery.net"
172.58.229.198 - - [09/Sep/2020:12:14:03 -0400] "GET /wp-content/uploads/2016/03/IMG_18071-140x80.jpg HTTP/1.0" 200 13592 "http://www.islandgreenery.net/gallery/" "Mozilla/5.0 (iPhone; CPU iPhone OS 13_6_1 like Mac OS X) AppleWebKit/605.1.15 (KHTML, like Gecko) Version/13.1.2 Mobile/15E148 Safari/604.1"
172.58.229.198 - - [09/Sep/2020:12:14:05 -0400] "GET /wp-content/uploads/2020/03/IMG_4142-e1583341862699-140x80.jpg HTTP/1.0" 200 25793 "http://www.islandgreenery.net/gallery/" "Mozilla/5.0 (iPhone; CPU iPhone OS 13_6_1 like Mac OS X) AppleWebKit/605.1.15 (KHTML, like Gecko) Version/13.1.2 Mobile/15E148 Safari/604.1"
172.58.229.198 - - [09/Sep/2020:12:14:05 -0400] "GET /wp-content/uploads/2020/03/IMG_0471-e1583341550660-140x80.jpg HTTP/1.0" 200 28208 "http://www.islandgreenery.net/gallery/" "Mozilla/5.0 (iPhone; CPU iPhone OS 13_6_1 like Mac OS X) AppleWebKit/605.1.15 (KHTML, like Gecko) Version/13.1.2 Mobile/15E148 Safari/604.1"
172.58.229.198 - - [09/Sep/2020:12:14:13 -0400] "GET /wp-content/uploads/2020/03/IMG_2418-940x480.jpg HTTP/1.0" 200 427841 "http://www.islandgreenery.net/gallery/" "Mozilla/5.0 (iPhone; CPU iPhone OS 13_6_1 like Mac OS X) AppleWebKit/605.1.15 (KHTML, like Gecko) Version/13.1.2 Mobile/15E148 Safari/604.1"
165.225.0.68 - - [09/Sep/2020:12:37:37 -0400] "GET /wp-content/themes/islandg/images/monrovia-logo.jpg HTTP/1.0" 200 3074 "http://www.islandgreenery.net/" "Mozilla/5.0 (Windows NT 10.0; Win64; x64) AppleWebKit/537.36 (KHTML, like Gecko) Chrome/84.0.4147.105 Safari/537.36"
138.91.155.91 - - [09/Sep/2020:12:43:27 -0400] "GET /.env HTTP/1.0" 404 23979 "-" "python-requests/2.24.0"
10.30.94.78 - - [09/Sep/2020:12:51:32 -0400] "POST /wp-cron.php?doing_wp_cron=1599670291.9682569503784179687500 HTTP/1.0" 200 - "http://www.islandgreenery.net/wp-cron.php?doing_wp_cron=1599670291.9682569503784179687500" "WordPress/5.4.2; http://www.islandgreenery.net"
100.37.132.226 - - [09/Sep/2020:12:54:02 -0400] "GET /wp-content/themes/islandg/style.css?ver=5.4.2 HTTP/1.0" 200 77097 "http://www.islandgreenery.net/" "Mozilla/5.0 (Windows NT 10.0; Win64; x64) AppleWebKit/537.36 (KHTML, like Gecko) Chrome/85.0.4183.102 Safari/537.36"
100.37.132.226 - - [09/Sep/2020:12:54:02 -0400] "GET /wp-content/themes/islandg/images/twitter-icon.png HTTP/1.0" 200 829 "http://www.islandgreenery.net/" "Mozilla/5.0 (Windows NT 10.0; Win64; x64) AppleWebKit/537.36 (KHTML, like Gecko) Chrome/85.0.4183.102 Safari/537.36"
100.37.132.226 - - [09/Sep/2020:12:54:02 -0400] "GET /wp-content/themes/islandg/images/pit-barrel-border.jpg HTTP/1.0" 200 16627 "http://www.islandgreenery.net/" "Mozilla/5.0 (Windows NT 10.0; Win64; x64) AppleWebKit/537.36 (KHTML, like Gecko) Chrome/85.0.4183.102 Safari/537.36"
100.37.132.226 - - [09/Sep/2020:12:54:03 -0400] "GET /wp-content/uploads/2020/05/late-spring-banner-bg-2.jpg HTTP/1.0" 200 23114 "http://www.islandgreenery.net/" "Mozilla/5.0 (Windows NT 10.0; Win64; x64) AppleWebKit/537.36 (KHTML, like Gecko) Chrome/85.0.4183.102 Safari/537.36"
10.30.94.78 - - [09/Sep/2020:13:14:31 -0400] "POST /wp-cron.php?doing_wp_cron=1599671671.1529209613800048828125 HTTP/1.0" 200 - "http://www.islandgreenery.net/wp-cron.php?doing_wp_cron=1599671671.1529209613800048828125" "WordPress/5.4.2; http://www.islandgreenery.net"
98.116.104.142 - - [09/Sep/2020:13:21:42 -0400] "GET / HTTP/1.0" 200 30102 "https://www.google.com/" "Mozilla/5.0 (iPhone; CPU iPhone OS 13_6 like Mac OS X) AppleWebKit/605.1.15 (KHTML, like Gecko) CriOS/85.0.4183.92 Mobile/15E148 Safari/604.1"
98.116.104.142 - - [09/Sep/2020:13:21:46 -0400] "GET /wp-content/uploads/master-slider/custom.css?ver=4.5 HTTP/1.0" 200 713 "http://www.islandgreenery.net/" "Mozilla/5.0 (iPhone; CPU iPhone OS 13_6 like Mac OS X) AppleWebKit/605.1.15 (KHTML, like Gecko) CriOS/85.0.4183.92 Mobile/15E148 Safari/604.1"
98.116.104.142 - - [09/Sep/2020:13:21:46 -0400] "GET /wp-content/plugins/master-slider/public/assets/css/masterslider.main.css?ver=3.5.8 HTTP/1.0" 200 66525 "http://www.islandgreenery.net/" "Mozilla/5.0 (iPhone; CPU iPhone OS 13_6 like Mac OS X) AppleWebKit/605.1.15 (KHTML, like Gecko) CriOS/85.0.4183.92 Mobile/15E148 Safari/604.1"
98.116.104.142 - - [09/Sep/2020:13:21:46 -0400] "GET /wp-content/plugins/master-slider/public/assets/js/jquery.easing.min.js?ver=3.5.8 HTTP/1.0" 200 5555 "http://www.islandgreenery.net/" "Mozilla/5.0 (iPhone; CPU iPhone OS 13_6 like Mac OS X) AppleWebKit/605.1.15 (KHTML, like Gecko) CriOS/85.0.4183.92 Mobile/15E148 Safari/604.1"
98.116.104.142 - - [09/Sep/2020:13:21:46 -0400] "GET /wp-includes/js/wp-emoji-release.min.js?ver=5.4.2 HTTP/1.0" 200 13901 "http://www.islandgreenery.net/" "Mozilla/5.0 (iPhone; CPU iPhone OS 13_6 like Mac OS X) AppleWebKit/605.1.15 (KHTML, like Gecko) CriOS/85.0.4183.92 Mobile/15E148 Safari/604.1"
98.116.104.142 - - [09/Sep/2020:13:21:46 -0400] "GET /wp-content/plugins/wp-responsive-menu/assets/js/modernizr.custom.js?ver=3.1.4 HTTP/1.0" 200 7197 "http://www.islandgreenery.net/" "Mozilla/5.0 (iPhone; CPU iPhone OS 13_6 like Mac OS X) AppleWebKit/605.1.15 (KHTML, like Gecko) CriOS/85.0.4183.92 Mobile/15E148 Safari/604.1"
98.116.104.142 - - [09/Sep/2020:13:21:46 -0400] "GET /wp-content/plugins/master-slider/public/assets/js/masterslider.min.js?ver=3.5.8 HTTP/1.0" 200 90646 "http://www.islandgreenery.net/" "Mozilla/5.0 (iPhone; CPU iPhone OS 13_6 like Mac OS X) AppleWebKit/605.1.15 (KHTML, like Gecko) CriOS/85.0.4183.92 Mobile/15E148 Safari/604.1"
98.116.104.142 - - [09/Sep/2020:13:21:46 -0400] "GET /wp-content/themes/islandg/images/cambridge-logo.jpg HTTP/1.0" 200 5448 "http://www.islandgreenery.net/" "Mozilla/5.0 (iPhone; CPU iPhone OS 13_6 like Mac OS X) AppleWebKit/605.1.15 (KHTML, like Gecko) CriOS/85.0.4183.92 Mobile/15E148 Safari/604.1"
98.116.104.142 - - [09/Sep/2020:13:21:47 -0400] "GET /wp-content/plugins/master-slider/public/assets/css/skins/light-skin-1-retina.png HTTP/1.0" 200 4422 "http://www.islandgreenery.net/" "Mozilla/5.0 (iPhone; CPU iPhone OS 13_6 like Mac OS X) AppleWebKit/605.1.15 (KHTML, like Gecko) CriOS/85.0.4183.92 Mobile/15E148 Safari/604.1"
98.116.104.142 - - [09/Sep/2020:13:21:47 -0400] "GET /wp-content/plugins/wp-responsive-menu/assets/fonts/wprmenu.ttf?p8o4s0 HTTP/1.0" 200 1152 "http://www.islandgreenery.net/" "Mozilla/5.0 (iPhone; CPU iPhone OS 13_6 like Mac OS X) AppleWebKit/605.1.15 (KHTML, like Gecko) CriOS/85.0.4183.92 Mobile/15E148 Safari/604.1"
98.116.104.142 - - [09/Sep/2020:13:21:47 -0400] "GET /wp-content/uploads/2020/05/late-spring-banner-bg-4.jpg HTTP/1.0" 200 22286 "http://www.islandgreenery.net/" "Mozilla/5.0 (iPhone; CPU iPhone OS 13_6 like Mac OS X) AppleWebKit/605.1.15 (KHTML, like Gecko) CriOS/85.0.4183.92 Mobile/15E148 Safari/604.1"
98.116.104.142 - - [09/Sep/2020:13:21:47 -0400] "GET /wp-content/uploads/2020/05/late-spring-banner-bg-1.jpg HTTP/1.0" 200 40829 "http://www.islandgreenery.net/" "Mozilla/5.0 (iPhone; CPU iPhone OS 13_6 like Mac OS X) AppleWebKit/605.1.15 (KHTML, like Gecko) CriOS/85.0.4183.92 Mobile/15E148 Safari/604.1"
47.16.102.215 - - [09/Sep/2020:13:25:27 -0400] "GET / HTTP/1.0" 200 30102 "https://www.google.com/" "Mozilla/5.0 (iPhone; CPU iPhone OS 13_6_1 like Mac OS X) AppleWebKit/605.1.15 (KHTML, like Gecko) Version/13.1.2 Mobile/15E148 Safari/604.1"
47.16.102.215 - - [09/Sep/2020:13:25:31 -0400] "GET /wp-content/plugins/wp-responsive-menu/inc/assets/icons/wpr-icons.css?ver=3.1.4 HTTP/1.0" 200 12813 "http://www.islandgreenery.net/" "Mozilla/5.0 (iPhone; CPU iPhone OS 13_6_1 like Mac OS X) AppleWebKit/605.1.15 (KHTML, like Gecko) Version/13.1.2 Mobile/15E148 Safari/604.1"
47.16.102.215 - - [09/Sep/2020:13:25:31 -0400] "GET /wp-includes/js/wp-embed.min.js?ver=5.4.2 HTTP/1.0" 200 1434 "http://www.islandgreenery.net/" "Mozilla/5.0 (iPhone; CPU iPhone OS 13_6_1 like Mac OS X) AppleWebKit/605.1.15 (KHTML, like Gecko) Version/13.1.2 Mobile/15E148 Safari/604.1"
47.16.102.215 - - [09/Sep/2020:13:25:31 -0400] "GET /wp-content/themes/islandg/images/facebook-icon.png HTTP/1.0" 200 2368 "http://www.islandgreenery.net/" "Mozilla/5.0 (iPhone; CPU iPhone OS 13_6_1 like Mac OS X) AppleWebKit/605.1.15 (KHTML, like Gecko) Version/13.1.2 Mobile/15E148 Safari/604.1"
47.16.102.215 - - [09/Sep/2020:13:25:31 -0400] "GET /wp-content/plugins/master-slider/public/assets/css/blank.gif HTTP/1.0" 200 43 "http://www.islandgreenery.net/" "Mozilla/5.0 (iPhone; CPU iPhone OS 13_6_1 like Mac OS X) AppleWebKit/605.1.15 (KHTML, like Gecko) Version/13.1.2 Mobile/15E148 Safari/604.1"
47.16.102.215 - - [09/Sep/2020:13:25:31 -0400] "GET /wp-content/themes/islandg/images/nicolock-logo.jpg HTTP/1.0" 200 5694 "http://www.islandgreenery.net/" "Mozilla/5.0 (iPhone; CPU iPhone OS 13_6_1 like Mac OS X) AppleWebKit/605.1.15 (KHTML, like Gecko) Version/13.1.2 Mobile/15E148 Safari/604.1"
47.16.102.215 - - [09/Sep/2020:13:25:32 -0400] "GET /wp-content/themes/islandg/images/monrovia-logo.jpg HTTP/1.0" 200 3074 "http://www.islandgreenery.net/" "Mozilla/5.0 (iPhone; CPU iPhone OS 13_6_1 like Mac OS X) AppleWebKit/605.1.15 (KHTML, like Gecko) Version/13.1.2 Mobile/15E148 Safari/604.1"
47.16.102.215 - - [09/Sep/2020:13:25:32 -0400] "GET /wp-content/plugins/wp-responsive-menu/assets/fonts/wprmenu.ttf?p8o4s0 HTTP/1.0" 200 1152 "http://www.islandgreenery.net/" "Mozilla/5.0 (iPhone; CPU iPhone OS 13_6_1 like Mac OS X) AppleWebKit/605.1.15 (KHTML, like Gecko) Version/13.1.2 Mobile/15E148 Safari/604.1"
47.16.102.215 - - [09/Sep/2020:13:25:32 -0400] "GET /wp-content/uploads/2020/05/late-spring-banner-bg-3.jpg HTTP/1.0" 200 62771 "http://www.islandgreenery.net/" "Mozilla/5.0 (iPhone; CPU iPhone OS 13_6_1 like Mac OS X) AppleWebKit/605.1.15 (KHTML, like Gecko) Version/13.1.2 Mobile/15E148 Safari/604.1"
114.119.151.107 - - [09/Sep/2020:13:26:58 -0400] "GET /2016/05/06/shrub-bouquets HTTP/1.0" 301 - "-" "Mozilla/5.0 (Linux; Android 7.0;) AppleWebKit/537.36 (KHTML, like Gecko) Mobile Safari/537.36 (compatible; PetalBot;+http://aspiegel.com/petalbot)"
10.30.94.78 - - [09/Sep/2020:13:27:00 -0400] "POST /wp-cron.php?doing_wp_cron=1599672420.1039249897003173828125 HTTP/1.0" 200 - "http://www.islandgreenery.net/wp-cron.php?doing_wp_cron=1599672420.1039249897003173828125" "WordPress/5.4.2; http://www.islandgreenery.net"
10.30.94.78 - - [09/Sep/2020:14:04:39 -0400] "POST /wp-cron.php?doing_wp_cron=1599674678.9826281070709228515625 HTTP/1.0" 200 - "http://www.islandgreenery.net/wp-cron.php?doing_wp_cron=1599674678.9826281070709228515625" "WordPress/5.4.2; http://www.islandgreenery.net"
172.58.228.93 - - [09/Sep/2020:14:49:09 -0400] "GET /wp-includes/js/wp-emoji-release.min.js?ver=5.4.2 HTTP/1.0" 200 13901 "http://www.islandgreenery.net/propane-supply/" "Mozilla/5.0 (iPhone; CPU iPhone OS 13_6_1 like Mac OS X) AppleWebKit/605.1.15 (KHTML, like Gecko) Version/13.1.2 Mobile/15E148 Safari/604.1"
