114.119.157.110 - - [09/Sep/2020:04:39:09 -0400] "GET /emailer-signup HTTP/1.0" 301 - "-" "Mozilla/5.0 (Linux; Android 7.0;) AppleWebKit/537.36 (KHTML, like Gecko) Mobile Safari/537.36 (compatible; PetalBot;+http://aspiegel.com/petalbot)"
17.58.96.92 - - [09/Sep/2020:04:45:45 -0400] "GET /robots.txt HTTP/1.0" 200 67 "-" "Mozilla/5.0 (Macintosh; Intel Mac OS X 10_15_5) AppleWebKit/605.1.15 (KHTML, like Gecko) Version/13.1.1 Safari/605.1.15 (Applebot/0.1; +http://www.apple.com/go/applebot)"
17.58.100.60 - - [09/Sep/2020:04:45:48 -0400] "GET / HTTP/1.0" 200 30102 "-" "Mozilla/5.0 (Macintosh; Intel Mac OS X 10_15_5) AppleWebKit/605.1.15 (KHTML, like Gecko) Version/13.1.1 Safari/605.1.15 (Applebot/0.1; +http://www.apple.com/go/applebot)"
10.30.94.78 - - [09/Sep/2020:04:54:05 -0400] "POST /wp-cron.php?doing_wp_cron=1599641644.5929529666900634765625 HTTP/1.0" 200 - "http://www.islandgreenery.net/wp-cron.php?doing_wp_cron=1599641644.5929529666900634765625" "WordPress/5.4.2; http://www.islandgreenery.net"
66.249.68.9 - - [09/Sep/2020:05:43:16 -0400] "GET / HTTP/1.0" 200 30102 "-" "Mozilla/5.0 (Linux; Android 6.0.1; Nexus 5X Build/MMB29P) AppleWebKit/537.36 (KHTML, like Gecko) Chrome/80.0.3987.92 Mobile Safari/537.36 (compatible; Googlebot/2.1; +http://www.google.com/bot.html)"
52.224.20.190 - - [09/Sep/2020:06:23:05 -0400] "GET / HTTP/1.0" 200 30102 "-" "Mozilla/5.0 (iPhone; CPU iPhone OS 13_3 like Mac OS X) AppleWebKit/605.1.15 (KHTML%2C like Gecko) Mobile/15E148"
10.30.94.78 - - [09/Sep/2020:06:41:37 -0400] "POST /wp-cron.php?doing_wp_cron=1599648097.2878389358520507812500 HTTP/1.0" 200 - "http://www.islandgreenery.net/wp-cron.php?doing_wp_cron=1599648097.2878389358520507812500" "WordPress/5.4.2; http://www.islandgreenery.net"
114.119.151.107 - - [09/Sep/2020:07:04:36 -0400] "GET /bulk-product-calculator HTTP/1.0" 301 - "-" "Mozilla/5.0 (Linux; Android 7.0;) AppleWebKit/537.36 (KHTML, like Gecko) Mobile Safari/537.36 (compatible; PetalBot;+http://aspiegel.com/petalbot)"
10.30.94.78 - - [09/Sep/2020:07:26:19 -0400] "POST /wp-cron.php?doing_wp_cron=1599650779.8537330627441406250000 HTTP/1.0" 200 - "http://www.islandgreenery.net/wp-cron.php?doing_wp_cron=1599650779.8537330627441406250000" "WordPress/5.4.2; http://www.islandgreenery.net"
128.90.166.130 - - [09/Sep/2020:07:26:21 -0400] "GET /wp-admin/setup-config.php HTTP/1.0" 500 2879 "-" "Mozilla/5.0 (X11; Linux x86_64; rv:52.0) Gecko/20100101 Firefox/52.0"
128.90.166.130 - - [09/Sep/2020:07:26:30 -0400] "GET /blog/wp-admin/install.php?step=1 HTTP/1.0" 404 24479 "-" "Mozilla/5.0 (X11; Linux x86_64; rv:52.0) Gecko/20100101 Firefox/52.0"
128.90.166.130 - - [09/Sep/2020:07:26:31 -0400] "GET /blog/wp-admin/setup-config.php HTTP/1.0" 301 500 "-" "Mozilla/5.0 (X11; Linux x86_64; rv:52.0) Gecko/20100101 Firefox/52.0"
128.90.166.130 - - [09/Sep/2020:07:27:01 -0400] "GET /wp/wp-admin/install.php?step=1 HTTP/1.0" 301 500 "-" "Mozilla/5.0 (X11; Linux x86_64; rv:52.0) Gecko/20100101 Firefox/52.0"
128.90.166.130 - - [09/Sep/2020:07:27:36 -0400] "GET /cms/wp-admin/install.php?step=1 HTTP/1.0" 301 500 "-" "Mozilla/5.0 (X11; Linux x86_64; rv:52.0) Gecko/20100101 Firefox/52.0"
128.90.166.130 - - [09/Sep/2020:07:27:39 -0400] "GET /cms/wp-admin/setup-config.php HTTP/1.0" 404 24479 "-" "Mozilla/5.0 (X11; Linux x86_64; rv:52.0) Gecko/20100101 Firefox/52.0"
128.90.166.130 - - [09/Sep/2020:07:27:52 -0400] "GET /wp-login.php?redirect_to=http%3A%2F%2Fislandgreenery.net%2Fwp-admin%2F&reauth=1 HTTP/1.0" 200 5055 "-" "Mozilla/5.0 (X11; Linux x86_64; rv:52.0) Gecko/20100101 Firefox/52.0"
114.119.141.146 - - [09/Sep/2020:07:29:39 -0400] "GET /emailer-signup/ HTTP/1.0" 200 26059 "-" "Mozilla/5.0 (Linux; Android 7.0;) AppleWebKit/537.36 (KHTML, like Gecko) Mobile Safari/537.36 (compatible; PetalBot;+http://aspiegel.com/petalbot)"
10.30.94.78 - - [09/Sep/2020:07:48:32 -0400] "POST /wp-cron.php?doing_wp_cron=1599652112.3705348968505859375000 HTTP/1.0" 200 - "http://www.islandgreenery.net/wp-cron.php?doing_wp_cron=1599652112.3705348968505859375000" "WordPress/5.4.2; http://www.islandgreenery.net"
137.83.201.122 - - [09/Sep/2020:08:26:52 -0400] "GET /wp-content/plugins/wp-responsive-menu/assets/js/jquery.touchSwipe.min.js?ver=3.1.4 HTTP/1.0" 200 10290 "http://www.islandgreenery.net/" "Mozilla/5.0 (Windows NT 10.0; WOW64) AppleWebKit/537.36 (KHTML, like Gecko) Chrome/84.0.4147.89 Safari/537.36"
137.83.201.122 - - [09/Sep/2020:08:26:53 -0400] "GET /wp-content/themes/twentytwelve/js/navigation.js?ver=20140711 HTTP/1.0" 200 1552 "http://www.islandgreenery.net/" "Mozilla/5.0 (Windows NT 10.0; WOW64) AppleWebKit/537.36 (KHTML, like Gecko) Chrome/84.0.4147.89 Safari/537.36"
10.30.94.78 - - [09/Sep/2020:08:29:34 -0400] "POST /wp-cron.php?doing_wp_cron=1599654574.4818320274353027343750 HTTP/1.0" 200 - "http://www.islandgreenery.net/wp-cron.php?doing_wp_cron=1599654574.4818320274353027343750" "WordPress/5.4.2; http://www.islandgreenery.net"
144.76.14.153 - - [09/Sep/2020:08:52:33 -0400] "GET /shrubs_1/ HTTP/1.0" 200 27638 "-" "Mozilla/5.0 (compatible; MJ12bot/v1.4.8; http://mj12bot.com/)"
10.30.94.78 - - [09/Sep/2020:09:03:33 -0400] "POST /wp-cron.php?doing_wp_cron=1599656613.0534839630126953125000 HTTP/1.0" 200 - "http://www.islandgreenery.net/wp-cron.php?doing_wp_cron=1599656613.0534839630126953125000" "WordPress/5.4.2; http://www.islandgreenery.net"
74.90.122.15 - - [09/Sep/2020:09:41:11 -0400] "GET / HTTP/1.0" 200 30102 "https://www.google.com/" "Mozilla/5.0 (iPad; CPU OS 13_3 like Mac OS X) AppleWebKit/605.1.15 (KHTML, like Gecko) CriOS/84.0.4147.122 Mobile/15E148 Safari/604.1"
74.90.122.15 - - [09/Sep/2020:09:41:15 -0400] "GET /wp-content/plugins/wp-responsive-menu/assets/js/jquery.touchSwipe.min.js?ver=3.1.4 HTTP/1.0" 200 10290 "http://www.islandgreenery.net/" "Mozilla/5.0 (iPad; CPU OS 13_3 like Mac OS X) AppleWebKit/605.1.15 (KHTML, like Gecko) CriOS/84.0.4147.122 Mobile/15E148 Safari/604.1"
74.90.122.15 - - [09/Sep/2020:09:41:15 -0400] "GET /wp-content/plugins/wp-responsive-menu/assets/js/wprmenu.js?ver=3.1.4 HTTP/1.0" 200 8525 "http://www.islandgreenery.net/" "Mozilla/5.0 (iPad; CPU OS 13_3 like Mac OS X) AppleWebKit/605.1.15 (KHTML, like Gecko) CriOS/84.0.4147.122 Mobile/15E148 Safari/604.1"
74.90.122.15 - - [09/Sep/2020:09:41:15 -0400] "GET /wp-includes/js/wp-embed.min.js?ver=5.4.2 HTTP/1.0" 200 1434 "http://www.islandgreenery.net/" "Mozilla/5.0 (iPad; CPU OS 13_3 like Mac OS X) AppleWebKit/605.1.15 (KHTML, like Gecko) CriOS/84.0.4147.122 Mobile/15E148 Safari/604.1"
74.90.122.15 - - [09/Sep/2020:09:41:15 -0400] "GET /wp-content/themes/islandg/images/bumper-crop-logo.jpg HTTP/1.0" 200 16793 "http://www.islandgreenery.net/" "Mozilla/5.0 (iPad; CPU OS 13_3 like Mac OS X) AppleWebKit/605.1.15 (KHTML, like Gecko) CriOS/84.0.4147.122 Mobile/15E148 Safari/604.1"
74.90.122.15 - - [09/Sep/2020:09:41:16 -0400] "GET /wp-content/uploads/2020/05/late-spring-banner-bg-2.jpg HTTP/1.0" 200 23114 "http://www.islandgreenery.net/" "Mozilla/5.0 (iPad; CPU OS 13_3 like Mac OS X) AppleWebKit/605.1.15 (KHTML, like Gecko) CriOS/84.0.4147.122 Mobile/15E148 Safari/604.1"
74.90.122.15 - - [09/Sep/2020:09:41:16 -0400] "GET /wp-content/uploads/2020/05/late-spring-banner-bg-4.jpg HTTP/1.0" 200 22286 "http://www.islandgreenery.net/" "Mozilla/5.0 (iPad; CPU OS 13_3 like Mac OS X) AppleWebKit/605.1.15 (KHTML, like Gecko) CriOS/84.0.4147.122 Mobile/15E148 Safari/604.1"
74.90.122.15 - - [09/Sep/2020:09:41:16 -0400] "GET /wp-content/uploads/2020/05/late-spring-banner-bg-5.jpg HTTP/1.0" 200 30749 "http://www.islandgreenery.net/" "Mozilla/5.0 (iPad; CPU OS 13_3 like Mac OS X) AppleWebKit/605.1.15 (KHTML, like Gecko) CriOS/84.0.4147.122 Mobile/15E148 Safari/604.1"
137.83.201.122 - - [09/Sep/2020:09:52:03 -0400] "GET /wp-content/uploads/master-slider/custom.css?ver=4.5 HTTP/1.0" 200 713 "http://www.islandgreenery.net/" "Mozilla/5.0 (Windows NT 10.0; WOW64) AppleWebKit/537.36 (KHTML, like Gecko) Chrome/84.0.4147.89 Safari/537.36"
137.83.201.122 - - [09/Sep/2020:09:52:03 -0400] "GET /wp-content/plugins/wp-responsive-menu/assets/js/jquery.touchSwipe.min.js?ver=3.1.4 HTTP/1.0" 200 10290 "http://www.islandgreenery.net/" "Mozilla/5.0 (Windows NT 10.0; WOW64) AppleWebKit/537.36 (KHTML, like Gecko) Chrome/84.0.4147.89 Safari/537.36"
137.83.201.122 - - [09/Sep/2020:09:52:03 -0400] "GET /wp-content/themes/islandg/images/twitter-icon.png HTTP/1.0" 200 829 "http://www.islandgreenery.net/" "Mozilla/5.0 (Windows NT 10.0; WOW64) AppleWebKit/537.36 (KHTML, like Gecko) Chrome/84.0.4147.89 Safari/537.36"
137.83.201.122 - - [09/Sep/2020:09:52:03 -0400] "GET /wp-content/themes/islandg/images/delea-logo.jpg HTTP/1.0" 200 3619 "http://www.islandgreenery.net/" "Mozilla/5.0 (Windows NT 10.0; WOW64) AppleWebKit/537.36 (KHTML, like Gecko) Chrome/84.0.4147.89 Safari/537.36"
137.83.201.122 - - [09/Sep/2020:09:52:03 -0400] "GET /wp-content/themes/islandg/images/gcs-logo.png HTTP/1.0" 200 16391 "http://www.islandgreenery.net/" "Mozilla/5.0 (Windows NT 10.0; WOW64) AppleWebKit/537.36 (KHTML, like Gecko) Chrome/84.0.4147.89 Safari/537.36"
137.83.201.122 - - [09/Sep/2020:09:52:03 -0400] "GET /wp-content/plugins/master-slider/public/assets/js/jquery.easing.min.js?ver=3.5.8 HTTP/1.0" 200 5555 "http://www.islandgreenery.net/" "Mozilla/5.0 (Windows NT 10.0; WOW64) AppleWebKit/537.36 (KHTML, like Gecko) Chrome/84.0.4147.89 Safari/537.36"
114.119.148.105 - - [09/Sep/2020:10:12:51 -0400] "GET /2016/05/06/try-something-new-pomegranates/ HTTP/1.0" 200 27286 "-" "Mozilla/5.0 (Linux; Android 7.0;) AppleWebKit/537.36 (KHTML, like Gecko) Mobile Safari/537.36 (compatible; PetalBot;+http://aspiegel.com/petalbot)"
83.30.112.16 - - [09/Sep/2020:10:22:55 -0400] "GET /xmlrpc.php HTTP/1.0" 405 42 "http://islandgreenery.net/xmlrpc.php" "Mozilla/4.0 (compatible; MSIE 6.0; Windows NT 5.1; SV1)"
67.84.18.14 - - [09/Sep/2020:10:23:05 -0400] "GET /wp-content/plugins/wp-responsive-menu/assets/css/wpr-hamburger.css?ver=3.1.4 HTTP/1.0" 200 22025 "http://www.islandgreenery.net/" "Mozilla/5.0 (Windows NT 10.0; Win64; x64) AppleWebKit/537.36 (KHTML, like Gecko) Chrome/85.0.4183.83 Safari/537.36"
67.84.18.14 - - [09/Sep/2020:10:23:05 -0400] "GET /wp-includes/js/jquery/jquery.js?ver=1.12.4-wp HTTP/1.0" 200 96873 "http://www.islandgreenery.net/" "Mozilla/5.0 (Windows NT 10.0; Win64; x64) AppleWebKit/537.36 (KHTML, like Gecko) Chrome/85.0.4183.83 Safari/537.36"
67.84.18.14 - - [09/Sep/2020:10:23:06 -0400] "GET /wp-content/plugins/master-slider/public/assets/js/jquery.easing.min.js?ver=3.5.8 HTTP/1.0" 200 5555 "http://www.islandgreenery.net/" "Mozilla/5.0 (Windows NT 10.0; Win64; x64) AppleWebKit/537.36 (KHTML, like Gecko) Chrome/85.0.4183.83 Safari/537.36"
67.84.18.14 - - [09/Sep/2020:10:23:07 -0400] "GET /wp-content/themes/islandg/images/nicolock-logo.jpg HTTP/1.0" 200 5694 "http://www.islandgreenery.net/" "Mozilla/5.0 (Windows NT 10.0; Win64; x64) AppleWebKit/537.36 (KHTML, like Gecko) Chrome/85.0.4183.83 Safari/537.36"
67.84.18.14 - - [09/Sep/2020:10:23:07 -0400] "GET /wp-content/themes/islandg/images/design-grad.png HTTP/1.0" 200 200 "http://www.islandgreenery.net/wp-content/themes/islandg/style.css?ver=5.4.2" "Mozilla/5.0 (Windows NT 10.0; Win64; x64) AppleWebKit/537.36 (KHTML, like Gecko) Chrome/85.0.4183.83 Safari/537.36"
83.30.112.16 - - [09/Sep/2020:10:23:34 -0400] "POST /xmlrpc.php HTTP/1.0" 200 403 "-" "Mozilla/5.0 (Windows NT 6.1; Win64; x64) AppleWebKit/537.36 (KHTML, like Gecko) Chrome/59.0.3071.109 Safari/537.36"
83.30.112.16 - - [09/Sep/2020:10:23:52 -0400] "POST /xmlrpc.php HTTP/1.0" 200 403 "-" "Mozilla/5.0 (Windows NT 6.1; Win64; x64) AppleWebKit/537.36 (KHTML, like Gecko) Chrome/59.0.3071.109 Safari/537.36"
83.30.112.16 - - [09/Sep/2020:10:24:08 -0400] "POST /xmlrpc.php HTTP/1.0" 200 403 "-" "Mozilla/5.0 (Windows NT 6.1; Win64; x64) AppleWebKit/537.36 (KHTML, like Gecko) Chrome/59.0.3071.109 Safari/537.36"
67.84.18.14 - - [09/Sep/2020:10:24:20 -0400] "GET /wp-content/uploads/2020/03/IMG_3297-140x80.jpg HTTP/1.0" 200 22521 "http://www.islandgreenery.net/gallery/" "Mozilla/5.0 (Windows NT 10.0; Win64; x64) AppleWebKit/537.36 (KHTML, like Gecko) Chrome/85.0.4183.83 Safari/537.36"
67.84.18.14 - - [09/Sep/2020:10:24:21 -0400] "GET /wp-content/uploads/2020/03/IMG_4142-e1583341862699-140x80.jpg HTTP/1.0" 200 25793 "http://www.islandgreenery.net/gallery/" "Mozilla/5.0 (Windows NT 10.0; Win64; x64) AppleWebKit/537.36 (KHTML, like Gecko) Chrome/85.0.4183.83 Safari/537.36"
67.84.18.14 - - [09/Sep/2020:10:24:21 -0400] "GET /wp-content/uploads/2020/03/IMG_3577-e1583340038301-140x80.jpg HTTP/1.0" 200 28199 "http://www.islandgreenery.net/gallery/" "Mozilla/5.0 (Windows NT 10.0; Win64; x64) AppleWebKit/537.36 (KHTML, like Gecko) Chrome/85.0.4183.83 Safari/537.36"
67.84.18.14 - - [09/Sep/2020:10:24:21 -0400] "GET /wp-content/uploads/2016/03/IMG_0268-140x80.jpg HTTP/1.0" 200 15125 "http://www.islandgreenery.net/gallery/" "Mozilla/5.0 (Windows NT 10.0; Win64; x64) AppleWebKit/537.36 (KHTML, like Gecko) Chrome/85.0.4183.83 Safari/537.36"
67.84.18.14 - - [09/Sep/2020:10:24:21 -0400] "GET /wp-content/uploads/2016/03/IMG_0266-140x80.jpg HTTP/1.0" 200 14999 "http://www.islandgreenery.net/gallery/" "Mozilla/5.0 (Windows NT 10.0; Win64; x64) AppleWebKit/537.36 (KHTML, like Gecko) Chrome/85.0.4183.83 Safari/537.36"
67.84.18.14 - - [09/Sep/2020:10:24:21 -0400] "GET /wp-content/uploads/2020/03/IMG_4142-e1583341862699-940x480.jpg HTTP/1.0" 200 453941 "http://www.islandgreenery.net/gallery/" "Mozilla/5.0 (Windows NT 10.0; Win64; x64) AppleWebKit/537.36 (KHTML, like Gecko) Chrome/85.0.4183.83 Safari/537.36"
83.30.112.16 - - [09/Sep/2020:10:24:22 -0400] "POST /xmlrpc.php HTTP/1.0" 200 403 "-" "Mozilla/5.0 (Windows NT 6.1; Win64; x64) AppleWebKit/537.36 (KHTML, like Gecko) Chrome/59.0.3071.109 Safari/537.36"
114.119.130.104 - - [09/Sep/2020:10:24:32 -0400] "GET /2017/08/11/crazy-for-coneflowers HTTP/1.0" 404 23979 "-" "Mozilla/5.0 (Linux; Android 7.0;) AppleWebKit/537.36 (KHTML, like Gecko) Mobile Safari/537.36 (compatible; PetalBot;+http://aspiegel.com/petalbot)"
83.30.112.16 - - [09/Sep/2020:10:25:23 -0400] "POST /xmlrpc.php HTTP/1.0" 200 403 "-" "Mozilla/5.0 (Windows NT 6.1; Win64; x64) AppleWebKit/537.36 (KHTML, like Gecko) Chrome/59.0.3071.109 Safari/537.36"
83.30.112.16 - - [09/Sep/2020:10:25:31 -0400] "POST /xmlrpc.php HTTP/1.0" 200 403 "-" "Mozilla/5.0 (Windows NT 6.1; Win64; x64) AppleWebKit/537.36 (KHTML, like Gecko) Chrome/59.0.3071.109 Safari/537.36"
62.210.189.2 - - [09/Sep/2020:10:32:18 -0400] "GET /contact-us/ HTTP/1.0" 200 31292 "-" "Mozilla/5.0 (compatible; Barkrowler/0.9; +https://babbar.tech/crawler)"
10.30.94.78 - - [09/Sep/2020:10:37:44 -0400] "POST /wp-cron.php?doing_wp_cron=1599662264.2282059192657470703125 HTTP/1.0" 200 - "http://www.islandgreenery.net/wp-cron.php?doing_wp_cron=1599662264.2282059192657470703125" "WordPress/5.4.2; http://www.islandgreenery.net"
10.30.94.78 - - [09/Sep/2020:10:48:12 -0400] "POST /wp-cron.php?doing_wp_cron=1599662892.1985700130462646484375 HTTP/1.0" 200 - "http://www.islandgreenery.net/wp-cron.php?doing_wp_cron=1599662892.1985700130462646484375" "WordPress/5.4.2; http://www.islandgreenery.net"
71.190.224.109 - - [09/Sep/2020:11:29:19 -0400] "GET /wp-content/plugins/contact-form-7/includes/js/scripts.js?ver=5.1.7 HTTP/1.0" 200 14440 "http://www.islandgreenery.net/" "Mozilla/5.0 (Linux; Android 9; SAMSUNG SM-T510) AppleWebKit/537.36 (KHTML, like Gecko) SamsungBrowser/12.1 Chrome/79.0.3945.136 Safari/537.36"
71.190.224.109 - - [09/Sep/2020:11:29:19 -0400] "GET /wp-content/themes/islandg/images/bower-branch-small.jpg HTTP/1.0" 200 10230 "http://www.islandgreenery.net/" "Mozilla/5.0 (Linux; Android 9; SAMSUNG SM-T510) AppleWebKit/537.36 (KHTML, like Gecko) SamsungBrowser/12.1 Chrome/79.0.3945.136 Safari/537.36"
71.190.224.109 - - [09/Sep/2020:11:29:19 -0400] "GET /wp-content/themes/islandg/images/monrovia-logo.jpg HTTP/1.0" 200 3074 "http://www.islandgreenery.net/" "Mozilla/5.0 (Linux; Android 9; SAMSUNG SM-T510) AppleWebKit/537.36 (KHTML, like Gecko) SamsungBrowser/12.1 Chrome/79.0.3945.136 Safari/537.36"
71.190.224.109 - - [09/Sep/2020:11:29:19 -0400] "GET /wp-content/themes/islandg/images/paraco-logo.jpg HTTP/1.0" 200 6286 "http://www.islandgreenery.net/" "Mozilla/5.0 (Linux; Android 9; SAMSUNG SM-T510) AppleWebKit/537.36 (KHTML, like Gecko) SamsungBrowser/12.1 Chrome/79.0.3945.136 Safari/537.36"
71.190.224.109 - - [09/Sep/2020:11:29:20 -0400] "GET /wp-content/uploads/2020/05/late-spring-banner-bg-2.jpg HTTP/1.0" 200 23114 "http://www.islandgreenery.net/" "Mozilla/5.0 (Linux; Android 9; SAMSUNG SM-T510) AppleWebKit/537.36 (KHTML, like Gecko) SamsungBrowser/12.1 Chrome/79.0.3945.136 Safari/537.36"
71.190.224.109 - - [09/Sep/2020:11:29:47 -0400] "GET /wp-content/uploads/2016/03/Hagan_7-140x80.png HTTP/1.0" 200 26902 "http://www.islandgreenery.net/gallery/" "Mozilla/5.0 (Linux; Android 9; SAMSUNG SM-T510) AppleWebKit/537.36 (KHTML, like Gecko) SamsungBrowser/12.1 Chrome/79.0.3945.136 Safari/537.36"
71.190.224.109 - - [09/Sep/2020:11:29:53 -0400] "GET /wp-content/uploads/2016/03/Hagan_2-940x480.png HTTP/1.0" 200 922361 "http://www.islandgreenery.net/gallery/" "Mozilla/5.0 (Linux; Android 9; SAMSUNG SM-T510) AppleWebKit/537.36 (KHTML, like Gecko) SamsungBrowser/12.1 Chrome/79.0.3945.136 Safari/537.36"
71.190.224.109 - - [09/Sep/2020:11:29:57 -0400] "GET /wp-content/uploads/2020/03/IMG_4087-940x480.jpg HTTP/1.0" 200 433894 "http://www.islandgreenery.net/gallery/" "Mozilla/5.0 (Linux; Android 9; SAMSUNG SM-T510) AppleWebKit/537.36 (KHTML, like Gecko) SamsungBrowser/12.1 Chrome/79.0.3945.136 Safari/537.36"
71.190.224.109 - - [09/Sep/2020:11:30:02 -0400] "GET /wp-content/uploads/2020/03/IMG_0470-1-e1583342086710-940x480.jpg HTTP/1.0" 200 279993 "http://www.islandgreenery.net/gallery/" "Mozilla/5.0 (Linux; Android 9; SAMSUNG SM-T510) AppleWebKit/537.36 (KHTML, like Gecko) SamsungBrowser/12.1 Chrome/79.0.3945.136 Safari/537.36"
71.190.224.109 - - [09/Sep/2020:11:30:07 -0400] "GET /wp-content/uploads/2016/03/Delaccio_7-940x480.png HTTP/1.0" 200 915287 "http://www.islandgreenery.net/gallery/" "Mozilla/5.0 (Linux; Android 9; SAMSUNG SM-T510) AppleWebKit/537.36 (KHTML, like Gecko) SamsungBrowser/12.1 Chrome/79.0.3945.136 Safari/537.36"
71.190.224.109 - - [09/Sep/2020:11:30:22 -0400] "GET /wp-content/uploads/2016/03/IMG_0268-940x480.jpg HTTP/1.0" 200 507977 "http://www.islandgreenery.net/gallery/" "Mozilla/5.0 (Linux; Android 9; SAMSUNG SM-T510) AppleWebKit/537.36 (KHTML, like Gecko) SamsungBrowser/12.1 Chrome/79.0.3945.136 Safari/537.36"
71.190.224.109 - - [09/Sep/2020:11:30:28 -0400] "GET /wp-content/uploads/2016/03/View10-940x480.jpg HTTP/1.0" 200 414805 "http://www.islandgreenery.net/gallery/" "Mozilla/5.0 (Linux; Android 9; SAMSUNG SM-T510) AppleWebKit/537.36 (KHTML, like Gecko) SamsungBrowser/12.1 Chrome/79.0.3945.136 Safari/537.36"
71.190.224.109 - - [09/Sep/2020:11:30:59 -0400] "GET /specials-coupons/ HTTP/1.0" 200 24651 "http://www.islandgreenery.net/gallery/" "Mozilla/5.0 (Linux; Android 9; SAMSUNG SM-T510) AppleWebKit/537.36 (KHTML, like Gecko) SamsungBrowser/12.1 Chrome/79.0.3945.136 Safari/537.36"
47.16.106.230 - - [09/Sep/2020:11:39:37 -0400] "GET /wp-content/plugins/contact-form-7/includes/css/styles.css?ver=5.1.7 HTTP/1.0" 200 1746 "http://www.islandgreenery.net/specials-coupons/" "Mozilla/5.0 (Linux; Android 10; SM-G975U) AppleWebKit/537.36 (KHTML, like Gecko) Chrome/85.0.4183.81 Mobile Safari/537.36"
47.16.106.230 - - [09/Sep/2020:11:39:37 -0400] "GET /wp-content/plugins/wp-responsive-menu/assets/css/wpr-hamburger.css?ver=3.1.4 HTTP/1.0" 200 22025 "http://www.islandgreenery.net/specials-coupons/" "Mozilla/5.0 (Linux; Android 10; SM-G975U) AppleWebKit/537.36 (KHTML, like Gecko) Chrome/85.0.4183.81 Mobile Safari/537.36"
47.16.106.230 - - [09/Sep/2020:11:39:37 -0400] "GET /wp-includes/js/jquery/jquery.js?ver=1.12.4-wp HTTP/1.0" 200 96873 "http://www.islandgreenery.net/specials-coupons/" "Mozilla/5.0 (Linux; Android 10; SM-G975U) AppleWebKit/537.36 (KHTML, like Gecko) Chrome/85.0.4183.81 Mobile Safari/537.36"
47.16.106.230 - - [09/Sep/2020:11:39:37 -0400] "GET /wp-content/themes/twentytwelve/js/navigation.js?ver=20140711 HTTP/1.0" 200 1552 "http://www.islandgreenery.net/specials-coupons/" "Mozilla/5.0 (Linux; Android 10; SM-G975U) AppleWebKit/537.36 (KHTML, like Gecko) Chrome/85.0.4183.81 Mobile Safari/537.36"
47.16.106.230 - - [09/Sep/2020:11:39:37 -0400] "GET /wp-content/themes/islandg/images/delea-logo.jpg HTTP/1.0" 200 3619 "http://www.islandgreenery.net/specials-coupons/" "Mozilla/5.0 (Linux; Android 10; SM-G975U) AppleWebKit/537.36 (KHTML, like Gecko) Chrome/85.0.4183.81 Mobile Safari/537.36"
47.16.106.230 - - [09/Sep/2020:11:39:41 -0400] "GET /emailer-signup/ HTTP/1.0" 200 26059 "http://www.islandgreenery.net/emailer-signup/" "Mozilla/5.0 (Linux; Android 10; SM-G975U) AppleWebKit/537.36 (KHTML, like Gecko) Chrome/85.0.4183.81 Mobile Safari/537.36"
66.249.68.7 - - [09/Sep/2020:11:41:49 -0400] "GET /2018/01/08/spice-up-your-herb-garden-with-horseradish/ HTTP/1.0" 404 23979 "-" "Mozilla/5.0 (Linux; Android 6.0.1; Nexus 5X Build/MMB29P) AppleWebKit/537.36 (KHTML, like Gecko) Chrome/80.0.3987.92 Mobile Safari/537.36 (compatible; Googlebot/2.1; +http://www.google.com/bot.html)"
172.58.229.198 - - [09/Sep/2020:12:10:20 -0400] "GET /wp-content/themes/islandg/images/pit-barrel-border.jpg HTTP/1.0" 200 16627 "http://www.islandgreenery.net/" "Mozilla/5.0 (iPhone; CPU iPhone OS 13_6_1 like Mac OS X) AppleWebKit/605.1.15 (KHTML, like Gecko) Version/13.1.2 Mobile/15E148 Safari/604.1"
172.58.229.198 - - [09/Sep/2020:12:13:41 -0400] "GET /wp-content/uploads/2016/05/FloweringTree_3.jpg HTTP/1.0" 200 47021 "http://www.islandgreenery.net/category/articles-resources/" "Mozilla/5.0 (iPhone; CPU iPhone OS 13_6_1 like Mac OS X) AppleWebKit/605.1.15 (KHTML, like Gecko) Version/13.1.2 Mobile/15E148 Safari/604.1"
172.58.229.198 - - [09/Sep/2020:12:14:03 -0400] "GET /wp-content/uploads/2016/03/IMG_0266-140x80.jpg HTTP/1.0" 200 14999 "http://www.islandgreenery.net/gallery/" "Mozilla/5.0 (iPhone; CPU iPhone OS 13_6_1 like Mac OS X) AppleWebKit/605.1.15 (KHTML, like Gecko) Version/13.1.2 Mobile/15E148 Safari/604.1"
172.58.229.198 - - [09/Sep/2020:12:14:04 -0400] "GET /wp-content/uploads/2020/03/IMG_0470-1-e1583342086710-140x80.jpg HTTP/1.0" 200 22418 "http://www.islandgreenery.net/gallery/" "Mozilla/5.0 (iPhone; CPU iPhone OS 13_6_1 like Mac OS X) AppleWebKit/605.1.15 (KHTML, like Gecko) Version/13.1.2 Mobile/15E148 Safari/604.1"
172.58.229.198 - - [09/Sep/2020:12:14:04 -0400] "GET /wp-content/uploads/2020/03/IMG_0643-e1583342226907-140x80.jpg HTTP/1.0" 200 28963 "http://www.islandgreenery.net/gallery/" "Mozilla/5.0 (iPhone; CPU iPhone OS 13_6_1 like Mac OS X) AppleWebKit/605.1.15 (KHTML, like Gecko) Version/13.1.2 Mobile/15E148 Safari/604.1"
172.58.229.198 - - [09/Sep/2020:12:14:05 -0400] "GET /wp-content/uploads/2016/03/IMG_0268-940x480.jpg HTTP/1.0" 200 507977 "http://www.islandgreenery.net/gallery/" "Mozilla/5.0 (iPhone; CPU iPhone OS 13_6_1 like Mac OS X) AppleWebKit/605.1.15 (KHTML, like Gecko) Version/13.1.2 Mobile/15E148 Safari/604.1"
172.58.229.198 - - [09/Sep/2020:12:14:42 -0400] "GET /wp-content/uploads/2020/03/IMG_0471-e1583341550660-940x480.jpg HTTP/1.0" 200 377685 "http://www.islandgreenery.net/gallery/" "Mozilla/5.0 (iPhone; CPU iPhone OS 13_6_1 like Mac OS X) AppleWebKit/605.1.15 (KHTML, like Gecko) Version/13.1.2 Mobile/15E148 Safari/604.1"
172.58.229.198 - - [09/Sep/2020:12:15:24 -0400] "GET /wp-content/uploads/2016/03/IMG_0266-940x480.jpg HTTP/1.0" 200 502981 "http://www.islandgreenery.net/gallery/" "Mozilla/5.0 (iPhone; CPU iPhone OS 13_6_1 like Mac OS X) AppleWebKit/605.1.15 (KHTML, like Gecko) Version/13.1.2 Mobile/15E148 Safari/604.1"
185.86.164.108 - - [09/Sep/2020:12:27:39 -0400] "GET /wp-login.php HTTP/1.0" 200 5059 "-" "Mozilla/5.0 (Windows NT 10.0; WOW64) AppleWebKit/537.36 (KHTML, like Gecko) Chrome/51.0.2704.103 Safari/537.36"
185.86.164.108 - - [09/Sep/2020:12:27:42 -0400] "POST /wp-login.php HTTP/1.0" 200 5476 "http://www.islandgreenery.net/wp-login.php" "Mozilla/5.0 (Windows NT 10.0; WOW64) AppleWebKit/537.36 (KHTML, like Gecko) Chrome/51.0.2704.103 Safari/537.36"
172.58.229.198 - - [09/Sep/2020:12:32:26 -0400] "GET /gallery/ HTTP/1.0" 200 39064 "http://www.islandgreenery.net/category/articles-resources/" "Mozilla/5.0 (iPhone; CPU iPhone OS 13_6_1 like Mac OS X) AppleWebKit/605.1.15 (KHTML, like Gecko) Version/13.1.2 Mobile/15E148 Safari/604.1"
52.235.56.145 - - [09/Sep/2020:12:33:33 -0400] "GET / HTTP/1.0" 200 30102 "-" "Mozilla/5.0 (Windows NT 10.0; Win64; x64) AppleWebKit/537.36 (KHTML, like Gecko) Chrome/78.0.3904.108 Safari/537.36"
52.235.56.145 - - [09/Sep/2020:12:33:34 -0400] "GET //wp-includes/wlwmanifest.xml HTTP/1.0" 200 1045 "-" "Mozilla/5.0 (Windows NT 10.0; Win64; x64) AppleWebKit/537.36 (KHTML, like Gecko) Chrome/78.0.3904.108 Safari/537.36"
52.235.56.145 - - [09/Sep/2020:12:33:34 -0400] "GET //?author=1 HTTP/1.0" 301 - "-" "Mozilla/5.0 (Windows NT 10.0; Win64; x64) AppleWebKit/537.36 (KHTML, like Gecko) Chrome/78.0.3904.108 Safari/537.36"
52.235.56.145 - - [09/Sep/2020:12:33:34 -0400] "GET //?author=2 HTTP/1.0" 301 - "-" "Mozilla/5.0 (Windows NT 10.0; Win64; x64) AppleWebKit/537.36 (KHTML, like Gecko) Chrome/78.0.3904.108 Safari/537.36"
165.225.0.68 - - [09/Sep/2020:12:37:36 -0400] "GET /wp-content/plugins/wp-responsive-menu/assets/js/wprmenu.js?ver=3.1.4 HTTP/1.0" 200 8525 "http://www.islandgreenery.net/" "Mozilla/5.0 (Windows NT 10.0; Win64; x64) AppleWebKit/537.36 (KHTML, like Gecko) Chrome/84.0.4147.105 Safari/537.36"
165.225.0.68 - - [09/Sep/2020:12:37:37 -0400] "GET /wp-content/themes/islandg/images/home-garden-showplace-logo.jpg HTTP/1.0" 200 4334 "http://www.islandgreenery.net/" "Mozilla/5.0 (Windows NT 10.0; Win64; x64) AppleWebKit/537.36 (KHTML, like Gecko) Chrome/84.0.4147.105 Safari/537.36"
138.91.155.91 - - [09/Sep/2020:12:43:30 -0400] "GET /vendor/phpunit/phpunit/src/Util/PHP/eval-stdin.php HTTP/1.0" 404 24479 "-" "python-requests/2.24.0"
100.37.132.226 - - [09/Sep/2020:12:53:58 -0400] "GET / HTTP/1.0" 200 30102 "https://www.google.com/" "Mozilla/5.0 (Windows NT 10.0; Win64; x64) AppleWebKit/537.36 (KHTML, like Gecko) Chrome/85.0.4183.102 Safari/537.36"
100.37.132.226 - - [09/Sep/2020:12:54:01 -0400] "GET /wp-content/plugins/contact-form-7/includes/css/styles.css?ver=5.1.7 HTTP/1.0" 200 1746 "http://www.islandgreenery.net/" "Mozilla/5.0 (Windows NT 10.0; Win64; x64) AppleWebKit/537.36 (KHTML, like Gecko) Chrome/85.0.4183.102 Safari/537.36"
100.37.132.226 - - [09/Sep/2020:12:54:01 -0400] "GET /wp-content/themes/islandg/images/cambridge-logo.jpg HTTP/1.0" 200 5448 "http://www.islandgreenery.net/" "Mozilla/5.0 (Windows NT 10.0; Win64; x64) AppleWebKit/537.36 (KHTML, like Gecko) Chrome/85.0.4183.102 Safari/537.36"
100.37.132.226 - - [09/Sep/2020:12:54:01 -0400] "GET /wp-content/plugins/master-slider/public/assets/js/masterslider.min.js?ver=3.5.8 HTTP/1.0" 200 90646 "http://www.islandgreenery.net/" "Mozilla/5.0 (Windows NT 10.0; Win64; x64) AppleWebKit/537.36 (KHTML, like Gecko) Chrome/85.0.4183.102 Safari/537.36"
100.37.132.226 - - [09/Sep/2020:12:54:01 -0400] "GET /wp-content/themes/islandg/images/propane-block-bg.jpg HTTP/1.0" 200 13183 "http://www.islandgreenery.net/wp-content/themes/islandg/style.css?ver=5.4.2" "Mozilla/5.0 (Windows NT 10.0; Win64; x64) AppleWebKit/537.36 (KHTML, like Gecko) Chrome/85.0.4183.102 Safari/537.36"
100.37.132.226 - - [09/Sep/2020:12:54:02 -0400] "GET /wp-content/uploads/2020/05/late-spring-banner-bg-4.jpg HTTP/1.0" 200 22286 "http://www.islandgreenery.net/" "Mozilla/5.0 (Windows NT 10.0; Win64; x64) AppleWebKit/537.36 (KHTML, like Gecko) Chrome/85.0.4183.102 Safari/537.36"
100.37.132.226 - - [09/Sep/2020:12:54:02 -0400] "GET /wp-content/uploads/2020/05/late-spring-banner-bg-5.jpg HTTP/1.0" 200 30749 "http://www.islandgreenery.net/" "Mozilla/5.0 (Windows NT 10.0; Win64; x64) AppleWebKit/537.36 (KHTML, like Gecko) Chrome/85.0.4183.102 Safari/537.36"
100.37.132.226 - - [09/Sep/2020:12:54:19 -0400] "GET /landscape-design/ HTTP/1.0" 200 26271 "http://www.islandgreenery.net/" "Mozilla/5.0 (Windows NT 10.0; Win64; x64) AppleWebKit/537.36 (KHTML, like Gecko) Chrome/85.0.4183.102 Safari/537.36"
100.37.132.226 - - [09/Sep/2020:12:54:21 -0400] "GET /wp-content/uploads/2016/03/View10-300x200.jpg HTTP/1.0" 200 24085 "http://www.islandgreenery.net/landscape-design/" "Mozilla/5.0 (Windows NT 10.0; Win64; x64) AppleWebKit/537.36 (KHTML, like Gecko) Chrome/85.0.4183.102 Safari/537.36"
100.37.132.226 - - [09/Sep/2020:12:54:25 -0400] "GET / HTTP/1.0" 200 30102 "http://www.islandgreenery.net/landscape-design/" "Mozilla/5.0 (Windows NT 10.0; Win64; x64) AppleWebKit/537.36 (KHTML, like Gecko) Chrome/85.0.4183.102 Safari/537.36"
98.116.104.142 - - [09/Sep/2020:13:21:45 -0400] "GET /wp-content/plugins/contact-form-7/includes/js/scripts.js?ver=5.1.7 HTTP/1.0" 200 14440 "http://www.islandgreenery.net/" "Mozilla/5.0 (iPhone; CPU iPhone OS 13_6 like Mac OS X) AppleWebKit/605.1.15 (KHTML, like Gecko) CriOS/85.0.4183.92 Mobile/15E148 Safari/604.1"
98.116.104.142 - - [09/Sep/2020:13:21:45 -0400] "GET /wp-includes/js/wp-embed.min.js?ver=5.4.2 HTTP/1.0" 200 1434 "http://www.islandgreenery.net/" "Mozilla/5.0 (iPhone; CPU iPhone OS 13_6 like Mac OS X) AppleWebKit/605.1.15 (KHTML, like Gecko) CriOS/85.0.4183.92 Mobile/15E148 Safari/604.1"
98.116.104.142 - - [09/Sep/2020:13:21:45 -0400] "GET /wp-content/themes/islandg/images/monrovia-logo.jpg HTTP/1.0" 200 3074 "http://www.islandgreenery.net/" "Mozilla/5.0 (iPhone; CPU iPhone OS 13_6 like Mac OS X) AppleWebKit/605.1.15 (KHTML, like Gecko) CriOS/85.0.4183.92 Mobile/15E148 Safari/604.1"
98.116.104.142 - - [09/Sep/2020:13:21:46 -0400] "GET /wp-content/uploads/2020/05/late-spring-banner-bg-5.jpg HTTP/1.0" 200 30749 "http://www.islandgreenery.net/" "Mozilla/5.0 (iPhone; CPU iPhone OS 13_6 like Mac OS X) AppleWebKit/605.1.15 (KHTML, like Gecko) CriOS/85.0.4183.92 Mobile/15E148 Safari/604.1"
47.16.102.215 - - [09/Sep/2020:13:25:30 -0400] "GET /wp-includes/css/dist/block-library/style.min.css?ver=5.4.2 HTTP/1.0" 200 53593 "http://www.islandgreenery.net/" "Mozilla/5.0 (iPhone; CPU iPhone OS 13_6_1 like Mac OS X) AppleWebKit/605.1.15 (KHTML, like Gecko) Version/13.1.2 Mobile/15E148 Safari/604.1"
47.16.102.215 - - [09/Sep/2020:13:25:30 -0400] "GET /wp-includes/js/jquery/jquery-migrate.min.js?ver=1.4.1 HTTP/1.0" 200 10056 "http://www.islandgreenery.net/" "Mozilla/5.0 (iPhone; CPU iPhone OS 13_6_1 like Mac OS X) AppleWebKit/605.1.15 (KHTML, like Gecko) Version/13.1.2 Mobile/15E148 Safari/604.1"
47.16.102.215 - - [09/Sep/2020:13:25:30 -0400] "GET /wp-content/themes/islandg/images/twitter-icon.png HTTP/1.0" 200 829 "http://www.islandgreenery.net/" "Mozilla/5.0 (iPhone; CPU iPhone OS 13_6_1 like Mac OS X) AppleWebKit/605.1.15 (KHTML, like Gecko) Version/13.1.2 Mobile/15E148 Safari/604.1"
47.16.102.215 - - [09/Sep/2020:13:25:30 -0400] "GET /wp-content/themes/islandg/images/pit-barrel-border.jpg HTTP/1.0" 200 16627 "http://www.islandgreenery.net/" "Mozilla/5.0 (iPhone; CPU iPhone OS 13_6_1 like Mac OS X) AppleWebKit/605.1.15 (KHTML, like Gecko) Version/13.1.2 Mobile/15E148 Safari/604.1"
47.16.102.215 - - [09/Sep/2020:13:25:31 -0400] "GET /wp-content/uploads/2020/05/late-spring-banner-bg-5.jpg HTTP/1.0" 200 30749 "http://www.islandgreenery.net/" "Mozilla/5.0 (iPhone; CPU iPhone OS 13_6_1 like Mac OS X) AppleWebKit/605.1.15 (KHTML, like Gecko) Version/13.1.2 Mobile/15E148 Safari/604.1"
114.119.151.107 - - [09/Sep/2020:13:27:00 -0400] "GET /2016/05/06/shrub-bouquets/ HTTP/1.0" 200 28142 "-" "Mozilla/5.0 (Linux; Android 7.0;) AppleWebKit/537.36 (KHTML, like Gecko) Mobile Safari/537.36 (compatible; PetalBot;+http://aspiegel.com/petalbot)"
94.130.200.133 - - [09/Sep/2020:13:30:41 -0400] "GET /feed/ HTTP/1.0" 200 40217 "-" "Mozilla/5.0 (Windows NT 6.2; Win64; x64) AppleWebKit/537.36 (KHTML, like Gecko) Chrome/52.0.2744.71 Safari/537.36"
174.197.149.122 - - [09/Sep/2020:13:51:09 -0400] "GET / HTTP/1.0" 200 30102 "https://www.google.com/" "Mozilla/5.0 (iPhone; CPU iPhone OS 13_6_1 like Mac OS X) AppleWebKit/605.1.15 (KHTML, like Gecko) Version/13.1.2 Mobile/15E148 Safari/604.1"
172.58.228.93 - - [09/Sep/2020:14:49:08 -0400] "GET /wp-content/plugins/wp-responsive-menu/assets/js/jquery.touchSwipe.min.js?ver=3.1.4 HTTP/1.0" 200 10290 "http://www.islandgreenery.net/propane-supply/" "Mozilla/5.0 (iPhone; CPU iPhone OS 13_6_1 like Mac OS X) AppleWebKit/605.1.15 (KHTML, like Gecko) Version/13.1.2 Mobile/15E148 Safari/604.1"
172.58.228.93 - - [09/Sep/2020:14:49:09 -0400] "GET /wp-content/plugins/contact-form-7/includes/js/scripts.js?ver=5.1.7 HTTP/1.0" 200 14440 "http://www.islandgreenery.net/propane-supply/" "Mozilla/5.0 (iPhone; CPU iPhone OS 13_6_1 like Mac OS X) AppleWebKit/605.1.15 (KHTML, like Gecko) Version/13.1.2 Mobile/15E148 Safari/604.1"
172.58.228.93 - - [09/Sep/2020:14:49:09 -0400] "GET /wp-content/uploads/2016/03/couponHov.png HTTP/1.0" 200 43910 "http://www.islandgreenery.net/propane-supply/" "Mozilla/5.0 (iPhone; CPU iPhone OS 13_6_1 like Mac OS X) AppleWebKit/605.1.15 (KHTML, like Gecko) Version/13.1.2 Mobile/15E148 Safari/604.1"
172.58.228.93 - - [09/Sep/2020:14:49:09 -0400] "GET /wp-content/plugins/wp-responsive-menu/assets/fonts/wprmenu.ttf?p8o4s0 HTTP/1.0" 200 1152 "http://www.islandgreenery.net/propane-supply/" "Mozilla/5.0 (iPhone; CPU iPhone OS 13_6_1 like Mac OS X) AppleWebKit/605.1.15 (KHTML, like Gecko) Version/13.1.2 Mobile/15E148 Safari/604.1"
172.58.228.93 - - [09/Sep/2020:14:49:37 -0400] "GET /emailer-signup/ HTTP/1.0" 200 26059 "http://www.islandgreenery.net/propane-supply/" "Mozilla/5.0 (iPhone; CPU iPhone OS 13_6_1 like Mac OS X) AppleWebKit/605.1.15 (KHTML, like Gecko) Version/13.1.2 Mobile/15E148 Safari/604.1"
172.58.228.93 - - [09/Sep/2020:14:49:55 -0400] "GET /wp-content/uploads/2020/05/late-spring-banner-bg-5.jpg HTTP/1.0" 200 30749 "http://www.islandgreenery.net/" "Mozilla/5.0 (iPhone; CPU iPhone OS 13_6_1 like Mac OS X) AppleWebKit/605.1.15 (KHTML, like Gecko) Version/13.1.2 Mobile/15E148 Safari/604.1"
10.30.94.78 - - [09/Sep/2020:14:51:29 -0400] "POST /wp-cron.php?doing_wp_cron=1599677490.3963809013366699218750 HTTP/1.0" 200 - "http://www.islandgreenery.net/wp-cron.php?doing_wp_cron=1599677490.3963809013366699218750" "WordPress/5.4.2; http://www.islandgreenery.net"
172.58.228.93 - - [09/Sep/2020:14:51:32 -0400] "GET /propane-supply/ HTTP/1.0" 200 26615 "http://www.islandgreenery.net/propane-supply/" "Mozilla/5.0 (iPhone; CPU iPhone OS 13_6_1 like Mac OS X) AppleWebKit/605.1.15 (KHTML, like Gecko) Version/13.1.2 Mobile/15E148 Safari/604.1"
47.16.100.18 - - [09/Sep/2020:15:16:44 -0400] "GET /wp-includes/css/dist/block-library/style.min.css?ver=5.4.2 HTTP/1.0" 200 53593 "http://www.islandgreenery.net/" "Mozilla/5.0 (Windows NT 6.3; Win64; x64) AppleWebKit/537.36 (KHTML, like Gecko) Chrome/85.0.4183.83 Safari/537.36"
47.16.100.18 - - [09/Sep/2020:15:16:45 -0400] "GET /wp-content/plugins/wp-responsive-menu/inc/assets/icons/wpr-icons.css?ver=3.1.4 HTTP/1.0" 200 12813 "http://www.islandgreenery.net/" "Mozilla/5.0 (Windows NT 6.3; Win64; x64) AppleWebKit/537.36 (KHTML, like Gecko) Chrome/85.0.4183.83 Safari/537.36"
47.16.100.18 - - [09/Sep/2020:15:16:46 -0400] "GET /wp-content/uploads/master-slider/custom.css?ver=4.5 HTTP/1.0" 200 713 "http://www.islandgreenery.net/" "Mozilla/5.0 (Windows NT 6.3; Win64; x64) AppleWebKit/537.36 (KHTML, like Gecko) Chrome/85.0.4183.83 Safari/537.36"
47.16.100.18 - - [09/Sep/2020:15:16:50 -0400] "GET /wp-content/themes/islandg/images/design-grad.png HTTP/1.0" 200 200 "http://www.islandgreenery.net/wp-content/themes/islandg/style.css?ver=5.4.2" "Mozilla/5.0 (Windows NT 6.3; Win64; x64) AppleWebKit/537.36 (KHTML, like Gecko) Chrome/85.0.4183.83 Safari/537.36"
47.16.100.18 - - [09/Sep/2020:15:16:51 -0400] "GET /wp-content/themes/islandg/images/bumper-crop-logo.jpg HTTP/1.0" 200 16793 "http://www.islandgreenery.net/" "Mozilla/5.0 (Windows NT 6.3; Win64; x64) AppleWebKit/537.36 (KHTML, like Gecko) Chrome/85.0.4183.83 Safari/537.36"
83.143.31.82 - - [09/Sep/2020:15:18:43 -0400] "POST //xmlrpc.php HTTP/1.0" 200 403 "-" "Mozilla/5.0 (Windows NT 10.0; Win64; x64) AppleWebKit/537.36 (KHTML, like Gecko) Chrome/80.0.3987.163 Safari/537.36"
10.30.94.78 - - [09/Sep/2020:15:18:44 -0400] "POST /wp-cron.php?doing_wp_cron=1599679124.0989389419555664062500 HTTP/1.0" 200 - "http://www.islandgreenery.net/wp-cron.php?doing_wp_cron=1599679124.0989389419555664062500" "WordPress/5.4.2; http://www.islandgreenery.net"
10.30.94.78 - - [09/Sep/2020:15:41:09 -0400] "POST /wp-cron.php?doing_wp_cron=1599680469.1275939941406250000000 HTTP/1.0" 200 - "http://www.islandgreenery.net/wp-cron.php?doing_wp_cron=1599680469.1275939941406250000000" "WordPress/5.4.2; http://www.islandgreenery.net"
114.119.141.146 - - [09/Sep/2020:16:33:59 -0400] "GET /bulk-product-calculator/ HTTP/1.0" 200 26829 "-" "Mozilla/5.0 (Linux; Android 7.0;) AppleWebKit/537.36 (KHTML, like Gecko) Mobile Safari/537.36 (compatible; PetalBot;+http://aspiegel.com/petalbot)"
67.82.181.106 - - [09/Sep/2020:16:56:08 -0400] "GET /wp-content/plugins/wp-responsive-menu/assets/css/wpr-hamburger.css?ver=3.1.4 HTTP/1.0" 200 22025 "http://www.islandgreenery.net/" "Mozilla/5.0 (iPhone; CPU iPhone OS 13_6_1 like Mac OS X) AppleWebKit/605.1.15 (KHTML, like Gecko) Version/13.1.2 Mobile/15E148 Safari/604.1"
67.82.181.106 - - [09/Sep/2020:16:56:08 -0400] "GET /wp-content/themes/islandg/style.css?ver=5.4.2 HTTP/1.0" 200 77097 "http://www.islandgreenery.net/" "Mozilla/5.0 (iPhone; CPU iPhone OS 13_6_1 like Mac OS X) AppleWebKit/605.1.15 (KHTML, like Gecko) Version/13.1.2 Mobile/15E148 Safari/604.1"
67.82.181.106 - - [09/Sep/2020:16:56:09 -0400] "GET /wp-content/themes/islandg/images/paraco-logo.jpg HTTP/1.0" 200 6286 "http://www.islandgreenery.net/" "Mozilla/5.0 (iPhone; CPU iPhone OS 13_6_1 like Mac OS X) AppleWebKit/605.1.15 (KHTML, like Gecko) Version/13.1.2 Mobile/15E148 Safari/604.1"
67.82.181.106 - - [09/Sep/2020:16:56:09 -0400] "GET /wp-content/uploads/2020/05/late-spring-banner-bg-1.jpg HTTP/1.0" 200 40829 "http://www.islandgreenery.net/" "Mozilla/5.0 (iPhone; CPU iPhone OS 13_6_1 like Mac OS X) AppleWebKit/605.1.15 (KHTML, like Gecko) Version/13.1.2 Mobile/15E148 Safari/604.1"
159.65.47.146 - - [09/Sep/2020:17:26:47 -0400] "GET /wp-content/plugins/wp-responsive-menu/assets/js/wprmenu.js?ver=3.1.4 HTTP/1.0" 200 8525 "-" "Mozilla/5.0 (X11; Datanyze; Linux x86_64) AppleWebKit/537.36 (KHTML, like Gecko) Chrome/65.0.3325.181 Safari/537.36"
159.65.47.146 - - [09/Sep/2020:17:26:47 -0400] "GET /wp-content/plugins/wp-responsive-menu/inc/assets/icons/wpr-icons.css?ver=3.1.4 HTTP/1.0" 200 12813 "-" "Mozilla/5.0 (X11; Datanyze; Linux x86_64) AppleWebKit/537.36 (KHTML, like Gecko) Chrome/65.0.3325.181 Safari/537.36"
159.65.47.146 - - [09/Sep/2020:17:26:47 -0400] "GET /wp-content/plugins/wp-responsive-menu/assets/js/jquery.touchSwipe.min.js?ver=3.1.4 HTTP/1.0" 200 10290 "-" "Mozilla/5.0 (X11; Datanyze; Linux x86_64) AppleWebKit/537.36 (KHTML, like Gecko) Chrome/65.0.3325.181 Safari/537.36"
159.65.47.146 - - [09/Sep/2020:17:27:05 -0400] "GET /about-us/ HTTP/1.0" 200 25885 "http://www.islandgreenery.net" "Mozilla/5.0 (X11; Datanyze; Linux x86_64) AppleWebKit/537.36 (KHTML, like Gecko) Chrome/65.0.3325.181 Safari/537.36"
10.30.94.78 - - [09/Sep/2020:17:56:52 -0400] "POST /wp-cron.php?doing_wp_cron=1599688612.7655448913574218750000 HTTP/1.0" 200 - "http://www.islandgreenery.net/wp-cron.php?doing_wp_cron=1599688612.7655448913574218750000" "WordPress/5.4.2; http://www.islandgreenery.net"
67.82.185.19 - - [09/Sep/2020:17:56:54 -0400] "GET /wp-content/plugins/wp-responsive-menu/assets/css/wprmenu.css?ver=3.1.4 HTTP/1.0" 200 9623 "http://www.islandgreenery.net/" "Mozilla/5.0 (Linux; Android 9; SM-G950U) AppleWebKit/537.36 (KHTML, like Gecko) Chrome/85.0.4183.81 Mobile Safari/537.36"
67.82.185.19 - - [09/Sep/2020:17:56:54 -0400] "GET /wp-content/themes/islandg/style.css?ver=5.4.2 HTTP/1.0" 200 77097 "http://www.islandgreenery.net/" "Mozilla/5.0 (Linux; Android 9; SM-G950U) AppleWebKit/537.36 (KHTML, like Gecko) Chrome/85.0.4183.81 Mobile Safari/537.36"
67.82.185.19 - - [09/Sep/2020:17:56:54 -0400] "GET /wp-content/plugins/wp-responsive-menu/assets/js/wprmenu.js?ver=3.1.4 HTTP/1.0" 200 8525 "http://www.islandgreenery.net/" "Mozilla/5.0 (Linux; Android 9; SM-G950U) AppleWebKit/537.36 (KHTML, like Gecko) Chrome/85.0.4183.81 Mobile Safari/537.36"
67.82.185.19 - - [09/Sep/2020:17:56:54 -0400] "GET /wp-content/plugins/contact-form-7/includes/js/scripts.js?ver=5.1.7 HTTP/1.0" 200 14440 "http://www.islandgreenery.net/" "Mozilla/5.0 (Linux; Android 9; SM-G950U) AppleWebKit/537.36 (KHTML, like Gecko) Chrome/85.0.4183.81 Mobile Safari/537.36"
67.82.185.19 - - [09/Sep/2020:17:56:54 -0400] "GET /wp-includes/js/wp-embed.min.js?ver=5.4.2 HTTP/1.0" 200 1434 "http://www.islandgreenery.net/" "Mozilla/5.0 (Linux; Android 9; SM-G950U) AppleWebKit/537.36 (KHTML, like Gecko) Chrome/85.0.4183.81 Mobile Safari/537.36"
67.82.185.19 - - [09/Sep/2020:17:56:54 -0400] "GET /wp-content/themes/islandg/images/bower-branch-small.jpg HTTP/1.0" 200 10230 "http://www.islandgreenery.net/" "Mozilla/5.0 (Linux; Android 9; SM-G950U) AppleWebKit/537.36 (KHTML, like Gecko) Chrome/85.0.4183.81 Mobile Safari/537.36"
67.82.185.19 - - [09/Sep/2020:17:56:54 -0400] "GET /wp-content/plugins/master-slider/public/assets/css/skins/light-skin-1-retina.png HTTP/1.0" 200 4422 "http://www.islandgreenery.net/wp-content/plugins/master-slider/public/assets/css/masterslider.main.css?ver=3.5.8" "Mozilla/5.0 (Linux; Android 9; SM-G950U) AppleWebKit/537.36 (KHTML, like Gecko) Chrome/85.0.4183.81 Mobile Safari/537.36"
67.82.185.19 - - [09/Sep/2020:17:56:54 -0400] "GET /wp-content/themes/islandg/images/gcs-logo.png HTTP/1.0" 200 16391 "http://www.islandgreenery.net/" "Mozilla/5.0 (Linux; Android 9; SM-G950U) AppleWebKit/537.36 (KHTML, like Gecko) Chrome/85.0.4183.81 Mobile Safari/537.36"
67.82.185.19 - - [09/Sep/2020:17:56:54 -0400] "GET /wp-content/themes/islandg/images/email-bg.jpg HTTP/1.0" 200 9006 "http://www.islandgreenery.net/wp-content/themes/islandg/style.css?ver=5.4.2" "Mozilla/5.0 (Linux; Android 9; SM-G950U) AppleWebKit/537.36 (KHTML, like Gecko) Chrome/85.0.4183.81 Mobile Safari/537.36"
67.82.185.19 - - [09/Sep/2020:17:56:55 -0400] "GET /wp-content/themes/islandg/images/design-services-bg.jpg HTTP/1.0" 200 43520 "http://www.islandgreenery.net/wp-content/themes/islandg/style.css?ver=5.4.2" "Mozilla/5.0 (Linux; Android 9; SM-G950U) AppleWebKit/537.36 (KHTML, like Gecko) Chrome/85.0.4183.81 Mobile Safari/537.36"
207.244.252.113 - - [09/Sep/2020:18:02:00 -0400] "GET / HTTP/1.0" 200 30102 "-" "Mozilla/5.0 (Macintosh; Intel Mac OS X 10_11_5) AppleWebKit/537.36 (KHTML, like Gecko) Chrome/66.0.3359.181 Safari/537.36"
10.30.94.78 - - [09/Sep/2020:18:02:01 -0400] "POST /wp-cron.php?doing_wp_cron=1599688921.3792099952697753906250 HTTP/1.0" 200 - "http://www.islandgreenery.net/wp-cron.php?doing_wp_cron=1599688921.3792099952697753906250" "WordPress/5.4.2; http://www.islandgreenery.net"
76.182.183.124 - - [09/Sep/2020:18:30:18 -0400] "GET /wp-content/plugins/wp-responsive-menu/inc/assets/icons/wpr-icons.css?ver=3.1.4 HTTP/1.0" 200 12813 "http://www.islandgreenery.net/" "Mozilla/5.0 (Windows NT 10.0; Win64; x64) AppleWebKit/537.36 (KHTML, like Gecko) Chrome/85.0.4183.83 Safari/537.36"
76.182.183.124 - - [09/Sep/2020:18:30:18 -0400] "GET /wp-includes/js/jquery/jquery.js?ver=1.12.4-wp HTTP/1.0" 200 96873 "http://www.islandgreenery.net/" "Mozilla/5.0 (Windows NT 10.0; Win64; x64) AppleWebKit/537.36 (KHTML, like Gecko) Chrome/85.0.4183.83 Safari/537.36"
76.182.183.124 - - [09/Sep/2020:18:30:19 -0400] "GET /wp-content/themes/twentytwelve/style.css HTTP/1.0" 200 36443 "http://www.islandgreenery.net/wp-content/themes/islandg/style.css?ver=5.4.2" "Mozilla/5.0 (Windows NT 10.0; Win64; x64) AppleWebKit/537.36 (KHTML, like Gecko) Chrome/85.0.4183.83 Safari/537.36"
76.182.183.124 - - [09/Sep/2020:18:30:19 -0400] "GET /wp-content/themes/twentytwelve/js/navigation.js?ver=20140711 HTTP/1.0" 200 1552 "http://www.islandgreenery.net/" "Mozilla/5.0 (Windows NT 10.0; Win64; x64) AppleWebKit/537.36 (KHTML, like Gecko) Chrome/85.0.4183.83 Safari/537.36"
76.182.183.124 - - [09/Sep/2020:18:30:19 -0400] "GET /wp-content/themes/islandg/images/design-services-bg.jpg HTTP/1.0" 200 43520 "http://www.islandgreenery.net/wp-content/themes/islandg/style.css?ver=5.4.2" "Mozilla/5.0 (Windows NT 10.0; Win64; x64) AppleWebKit/537.36 (KHTML, like Gecko) Chrome/85.0.4183.83 Safari/537.36"
76.182.183.124 - - [09/Sep/2020:18:30:19 -0400] "GET /wp-content/plugins/master-slider/public/assets/css/common/loading-2.gif HTTP/1.0" 200 2707 "http://www.islandgreenery.net/wp-content/plugins/master-slider/public/assets/css/masterslider.main.css?ver=3.5.8" "Mozilla/5.0 (Windows NT 10.0; Win64; x64) AppleWebKit/537.36 (KHTML, like Gecko) Chrome/85.0.4183.83 Safari/537.36"
76.182.183.124 - - [09/Sep/2020:18:30:19 -0400] "GET /wp-content/plugins/master-slider/public/assets/css/common/grab.png HTTP/1.0" 200 2893 "http://www.islandgreenery.net/wp-content/plugins/master-slider/public/assets/css/masterslider.main.css?ver=3.5.8" "Mozilla/5.0 (Windows NT 10.0; Win64; x64) AppleWebKit/537.36 (KHTML, like Gecko) Chrome/85.0.4183.83 Safari/537.36"
76.182.183.124 - - [09/Sep/2020:18:30:20 -0400] "GET /wp-content/themes/islandg/images/home-garden-showplace-logo.jpg HTTP/1.0" 200 4334 "http://www.islandgreenery.net/" "Mozilla/5.0 (Windows NT 10.0; Win64; x64) AppleWebKit/537.36 (KHTML, like Gecko) Chrome/85.0.4183.83 Safari/537.36"
76.182.183.124 - - [09/Sep/2020:18:30:20 -0400] "GET /wp-content/themes/islandg/images/footer-bg.jpg HTTP/1.0" 200 14183 "http://www.islandgreenery.net/wp-content/themes/islandg/style.css?ver=5.4.2" "Mozilla/5.0 (Windows NT 10.0; Win64; x64) AppleWebKit/537.36 (KHTML, like Gecko) Chrome/85.0.4183.83 Safari/537.36"
76.182.183.124 - - [09/Sep/2020:18:30:20 -0400] "GET /wp-content/uploads/2020/05/late-spring-banner-bg-3.jpg HTTP/1.0" 200 62771 "http://www.islandgreenery.net/" "Mozilla/5.0 (Windows NT 10.0; Win64; x64) AppleWebKit/537.36 (KHTML, like Gecko) Chrome/85.0.4183.83 Safari/537.36"
76.182.183.124 - - [09/Sep/2020:18:30:21 -0400] "GET /wp-content/uploads/2020/05/late-spring-banner-bg-1.jpg HTTP/1.0" 200 40829 "http://www.islandgreenery.net/" "Mozilla/5.0 (Windows NT 10.0; Win64; x64) AppleWebKit/537.36 (KHTML, like Gecko) Chrome/85.0.4183.83 Safari/537.36"
66.249.68.9 - - [09/Sep/2020:18:54:43 -0400] "GET / HTTP/1.0" 200 30102 "-" "Mozilla/5.0 (compatible; Googlebot/2.1; +http://www.google.com/bot.html)"
207.46.13.162 - - [09/Sep/2020:19:21:56 -0400] "GET /wp-content/themes/islandg/images/bumper-crop-logo.jpg HTTP/1.0" 200 16793 "-" "Mozilla/5.0 (compatible; bingbot/2.0; +http://www.bing.com/bingbot.htm)"
10.30.94.78 - - [09/Sep/2020:19:49:49 -0400] "POST /wp-cron.php?doing_wp_cron=1599695389.6318531036376953125000 HTTP/1.0" 200 - "http://www.islandgreenery.net/wp-cron.php?doing_wp_cron=1599695389.6318531036376953125000" "WordPress/5.4.2; http://www.islandgreenery.net"
10.30.94.78 - - [09/Sep/2020:19:57:23 -0400] "POST /wp-cron.php?doing_wp_cron=1599695844.2628130912780761718750 HTTP/1.0" 200 - "http://www.islandgreenery.net/wp-cron.php?doing_wp_cron=1599695844.2628130912780761718750" "WordPress/5.4.2; http://www.islandgreenery.net"
114.119.134.41 - - [09/Sep/2020:20:02:06 -0400] "GET /2016/11/10/winter-warmth-with-a-chimenea HTTP/1.0" 404 23979 "-" "Mozilla/5.0 (Linux; Android 7.0;) AppleWebKit/537.36 (KHTML, like Gecko) Mobile Safari/537.36 (compatible; PetalBot;+http://aspiegel.com/petalbot)"
34.212.97.161 - - [09/Sep/2020:20:22:03 -0400] "GET / HTTP/1.0" 200 30102 "-" "Mozilla/5.0 (compatible; houzzbot; +http://www.houzz.com/)"
192.208.120.38 - - [09/Sep/2020:20:48:14 -0400] "GET /wp-content/plugins/wp-responsive-menu/inc/assets/icons/fonts/icomoon.ttf?5ujmx2 HTTP/1.0" 200 50268 "http://www.islandgreenery.net/wp-content/plugins/wp-responsive-menu/inc/assets/icons/wpr-icons.css?ver=3.1.4" "Mozilla/5.0 (Linux; Android 10; SAMSUNG SM-A205U1) AppleWebKit/537.36 (KHTML, like Gecko) SamsungBrowser/12.1 Chrome/79.0.3945.136 Mobile Safari/537.36"
192.208.120.38 - - [09/Sep/2020:20:48:14 -0400] "GET /wp-content/themes/islandg/images/delea-logo.jpg HTTP/1.0" 200 3619 "http://www.islandgreenery.net/" "Mozilla/5.0 (Linux; Android 10; SAMSUNG SM-A205U1) AppleWebKit/537.36 (KHTML, like Gecko) SamsungBrowser/12.1 Chrome/79.0.3945.136 Mobile Safari/537.36"
192.208.120.38 - - [09/Sep/2020:20:48:14 -0400] "GET /wp-content/themes/islandg/images/home-garden-showplace-logo.jpg HTTP/1.0" 200 4334 "http://www.islandgreenery.net/" "Mozilla/5.0 (Linux; Android 10; SAMSUNG SM-A205U1) AppleWebKit/537.36 (KHTML, like Gecko) SamsungBrowser/12.1 Chrome/79.0.3945.136 Mobile Safari/537.36"
66.249.79.173 - - [09/Sep/2020:20:54:11 -0400] "GET /wp-includes/images/w-logo-blue-white-bg.png HTTP/1.0" 200 4119 "-" "Googlebot-Image/1.0"
173.82.52.26 - - [09/Sep/2020:21:10:37 -0400] "GET /wordpress/wp-includes/wlwmanifest.xml HTTP/1.0" 301 - "-" "Mozilla/5.0 (Windows NT 10.0; Win64; x64) AppleWebKit/537.36 (KHTML, like Gecko) Chrome/70.0.3538.77 Safari/537.36"
173.82.52.26 - - [09/Sep/2020:21:10:40 -0400] "GET /wordpress/wp-includes/wlwmanifest.xml HTTP/1.0" 404 23979 "-" "Mozilla/5.0 (Windows NT 10.0; Win64; x64) AppleWebKit/537.36 (KHTML, like Gecko) Chrome/70.0.3538.77 Safari/537.36"
69.118.96.159 - - [09/Sep/2020:21:12:21 -0400] "GET /wp-includes/js/jquery/jquery.js?ver=1.12.4-wp HTTP/1.0" 200 96873 "http://www.islandgreenery.net/" "Mozilla/5.0 (Macintosh; Intel Mac OS X 10_15_4) AppleWebKit/605.1.15 (KHTML, like Gecko) Version/13.1.2 Safari/605.1.15"
