174.204.138.58 - - [12/Sep/2020:07:54:08 -0400] "GET /wp-content/themes/twentytwelve/js/navigation.js?ver=20140711 HTTP/1.0" 200 1552 "http://www.islandgreenery.net/" "Mozilla/5.0 (iPhone; CPU iPhone OS 13_6 like Mac OS X) AppleWebKit/605.1.15 (KHTML, like Gecko) CriOS/85.0.4183.92 Mobile/15E148 Safari/604.1"
174.204.138.58 - - [12/Sep/2020:07:54:08 -0400] "GET /wp-content/themes/islandg/images/facebook-icon.png HTTP/1.0" 200 2368 "http://www.islandgreenery.net/" "Mozilla/5.0 (iPhone; CPU iPhone OS 13_6 like Mac OS X) AppleWebKit/605.1.15 (KHTML, like Gecko) CriOS/85.0.4183.92 Mobile/15E148 Safari/604.1"
174.204.138.58 - - [12/Sep/2020:07:54:08 -0400] "GET /wp-content/themes/islandg/images/nicolock-logo.jpg HTTP/1.0" 200 5694 "http://www.islandgreenery.net/" "Mozilla/5.0 (iPhone; CPU iPhone OS 13_6 like Mac OS X) AppleWebKit/605.1.15 (KHTML, like Gecko) CriOS/85.0.4183.92 Mobile/15E148 Safari/604.1"
174.204.138.58 - - [12/Sep/2020:07:54:08 -0400] "GET /wp-content/themes/islandg/images/design-services-bg.jpg HTTP/1.0" 200 43520 "http://www.islandgreenery.net/" "Mozilla/5.0 (iPhone; CPU iPhone OS 13_6 like Mac OS X) AppleWebKit/605.1.15 (KHTML, like Gecko) CriOS/85.0.4183.92 Mobile/15E148 Safari/604.1"
174.204.138.58 - - [12/Sep/2020:07:55:15 -0400] "GET /wp-content/uploads/2020/03/IMG_3173-140x80.jpg HTTP/1.0" 200 28476 "http://www.islandgreenery.net/gallery/" "Mozilla/5.0 (iPhone; CPU iPhone OS 13_6 like Mac OS X) AppleWebKit/605.1.15 (KHTML, like Gecko) CriOS/85.0.4183.92 Mobile/15E148 Safari/604.1"
174.204.138.58 - - [12/Sep/2020:07:55:15 -0400] "GET /wp-content/uploads/2020/03/IMG_0791-e1583341812388-140x80.jpg HTTP/1.0" 200 27723 "http://www.islandgreenery.net/gallery/" "Mozilla/5.0 (iPhone; CPU iPhone OS 13_6 like Mac OS X) AppleWebKit/605.1.15 (KHTML, like Gecko) CriOS/85.0.4183.92 Mobile/15E148 Safari/604.1"
174.204.138.58 - - [12/Sep/2020:07:56:05 -0400] "GET /wp-content/uploads/2020/03/IMG_3297-940x480.jpg HTTP/1.0" 200 345426 "http://www.islandgreenery.net/gallery/" "Mozilla/5.0 (iPhone; CPU iPhone OS 13_6 like Mac OS X) AppleWebKit/605.1.15 (KHTML, like Gecko) CriOS/85.0.4183.92 Mobile/15E148 Safari/604.1"
66.249.79.171 - - [12/Sep/2020:07:58:03 -0400] "GET / HTTP/1.0" 200 30102 "-" "Mozilla/5.0 (compatible; Googlebot/2.1; +http://www.google.com/bot.html)"
10.30.94.78 - - [12/Sep/2020:07:58:05 -0400] "POST /wp-cron.php?doing_wp_cron=1599911885.6006770133972167968750 HTTP/1.0" 200 - "http://www.islandgreenery.net/wp-cron.php?doing_wp_cron=1599911885.6006770133972167968750" "WordPress/5.4.2; http://www.islandgreenery.net"
74.88.36.18 - - [12/Sep/2020:08:24:50 -0400] "GET /wp-includes/js/jquery/jquery.js?ver=1.12.4-wp HTTP/1.0" 200 96873 "http://www.islandgreenery.net/" "Mozilla/5.0 (Macintosh; Intel Mac OS X 10_10_5) AppleWebKit/537.36 (KHTML, like Gecko) Chrome/84.0.4147.125 Safari/537.36"
74.88.36.18 - - [12/Sep/2020:08:24:51 -0400] "GET /wp-content/themes/islandg/images/bower-branch-small.jpg HTTP/1.0" 200 10230 "http://www.islandgreenery.net/" "Mozilla/5.0 (Macintosh; Intel Mac OS X 10_10_5) AppleWebKit/537.36 (KHTML, like Gecko) Chrome/84.0.4147.125 Safari/537.36"
74.88.36.18 - - [12/Sep/2020:08:24:51 -0400] "GET /wp-content/themes/islandg/images/monrovia-logo.jpg HTTP/1.0" 200 3074 "http://www.islandgreenery.net/" "Mozilla/5.0 (Macintosh; Intel Mac OS X 10_10_5) AppleWebKit/537.36 (KHTML, like Gecko) Chrome/84.0.4147.125 Safari/537.36"
74.88.36.18 - - [12/Sep/2020:08:24:51 -0400] "GET /wp-content/themes/islandg/images/delea-logo.jpg HTTP/1.0" 200 3619 "http://www.islandgreenery.net/" "Mozilla/5.0 (Macintosh; Intel Mac OS X 10_10_5) AppleWebKit/537.36 (KHTML, like Gecko) Chrome/84.0.4147.125 Safari/537.36"
74.88.36.18 - - [12/Sep/2020:08:24:51 -0400] "GET /wp-content/themes/islandg/images/paraco-logo.jpg HTTP/1.0" 200 6286 "http://www.islandgreenery.net/" "Mozilla/5.0 (Macintosh; Intel Mac OS X 10_10_5) AppleWebKit/537.36 (KHTML, like Gecko) Chrome/84.0.4147.125 Safari/537.36"
10.30.94.78 - - [12/Sep/2020:08:24:48 -0400] "POST /wp-cron.php?doing_wp_cron=1599913488.6659049987792968750000 HTTP/1.0" 200 - "http://www.islandgreenery.net/wp-cron.php?doing_wp_cron=1599913488.6659049987792968750000" "WordPress/5.4.2; http://www.islandgreenery.net"
74.88.36.18 - - [12/Sep/2020:08:24:51 -0400] "GET /wp-content/themes/islandg/images/master-nursery-logo.jpg HTTP/1.0" 200 3944 "http://www.islandgreenery.net/" "Mozilla/5.0 (Macintosh; Intel Mac OS X 10_10_5) AppleWebKit/537.36 (KHTML, like Gecko) Chrome/84.0.4147.125 Safari/537.36"
74.88.36.18 - - [12/Sep/2020:08:24:51 -0400] "GET /wp-content/themes/islandg/images/gcs-logo.png HTTP/1.0" 200 16391 "http://www.islandgreenery.net/" "Mozilla/5.0 (Macintosh; Intel Mac OS X 10_10_5) AppleWebKit/537.36 (KHTML, like Gecko) Chrome/84.0.4147.125 Safari/537.36"
74.88.36.18 - - [12/Sep/2020:08:24:51 -0400] "GET /wp-content/themes/islandg/images/design-services-bg.jpg HTTP/1.0" 200 43520 "http://www.islandgreenery.net/wp-content/themes/islandg/style.css?ver=5.4.2" "Mozilla/5.0 (Macintosh; Intel Mac OS X 10_10_5) AppleWebKit/537.36 (KHTML, like Gecko) Chrome/84.0.4147.125 Safari/537.36"
74.88.36.18 - - [12/Sep/2020:08:24:51 -0400] "GET /wp-content/themes/islandg/images/design-grad.png HTTP/1.0" 200 200 "http://www.islandgreenery.net/wp-content/themes/islandg/style.css?ver=5.4.2" "Mozilla/5.0 (Macintosh; Intel Mac OS X 10_10_5) AppleWebKit/537.36 (KHTML, like Gecko) Chrome/84.0.4147.125 Safari/537.36"
74.88.36.18 - - [12/Sep/2020:08:24:51 -0400] "GET /wp-content/uploads/2020/05/late-spring-banner-bg-2.jpg HTTP/1.0" 200 23114 "http://www.islandgreenery.net/" "Mozilla/5.0 (Macintosh; Intel Mac OS X 10_10_5) AppleWebKit/537.36 (KHTML, like Gecko) Chrome/84.0.4147.125 Safari/537.36"
74.88.36.18 - - [12/Sep/2020:08:24:52 -0400] "GET /wp-content/uploads/2020/05/late-spring-banner-bg-1.jpg HTTP/1.0" 200 40829 "http://www.islandgreenery.net/" "Mozilla/5.0 (Macintosh; Intel Mac OS X 10_10_5) AppleWebKit/537.36 (KHTML, like Gecko) Chrome/84.0.4147.125 Safari/537.36"
213.154.195.220 - - [12/Sep/2020:08:32:02 -0400] "GET /wp-login.php HTTP/1.0" 200 5059 "http://islandgreenery.net/wp-login.php" "Mozilla/5.0 (Windows NT 10.0; WOW64) AppleWebKit/537.36 (KHTML, like Gecko) Chrome/62.0.3198.0 Safari/537.36 OPR/49.0.2711.0"
10.30.94.78 - - [12/Sep/2020:08:32:04 -0400] "POST /wp-cron.php?doing_wp_cron=1599913924.7836349010467529296875 HTTP/1.0" 200 - "http://www.islandgreenery.net/wp-cron.php?doing_wp_cron=1599913924.7836349010467529296875" "WordPress/5.4.2; http://www.islandgreenery.net"
96.250.36.43 - - [12/Sep/2020:08:36:04 -0400] "GET /wp-includes/js/wp-emoji-release.min.js?ver=5.4.2 HTTP/1.0" 200 13901 "http://www.islandgreenery.net/" "Mozilla/5.0 (iPhone; CPU iPhone OS 13_4 like Mac OS X) AppleWebKit/605.1.15 (KHTML, like Gecko) Version/13.1 Mobile/15E148 Safari/604.1"
96.250.36.43 - - [12/Sep/2020:08:36:04 -0400] "GET /wp-content/plugins/contact-form-7/includes/js/scripts.js?ver=5.1.7 HTTP/1.0" 200 14440 "http://www.islandgreenery.net/" "Mozilla/5.0 (iPhone; CPU iPhone OS 13_4 like Mac OS X) AppleWebKit/605.1.15 (KHTML, like Gecko) Version/13.1 Mobile/15E148 Safari/604.1"
96.250.36.43 - - [12/Sep/2020:08:36:04 -0400] "GET /wp-content/themes/islandg/images/yellow-grad-bg.png HTTP/1.0" 200 307 "http://www.islandgreenery.net/" "Mozilla/5.0 (iPhone; CPU iPhone OS 13_4 like Mac OS X) AppleWebKit/605.1.15 (KHTML, like Gecko) Version/13.1 Mobile/15E148 Safari/604.1"
96.250.36.43 - - [12/Sep/2020:08:36:04 -0400] "GET /wp-content/plugins/wp-responsive-menu/assets/fonts/wprmenu.ttf?p8o4s0 HTTP/1.0" 200 1152 "http://www.islandgreenery.net/" "Mozilla/5.0 (iPhone; CPU iPhone OS 13_4 like Mac OS X) AppleWebKit/605.1.15 (KHTML, like Gecko) Version/13.1 Mobile/15E148 Safari/604.1"
96.250.36.43 - - [12/Sep/2020:08:36:04 -0400] "GET /wp-content/uploads/2020/05/late-spring-banner-bg-2.jpg HTTP/1.0" 200 23114 "http://www.islandgreenery.net/" "Mozilla/5.0 (iPhone; CPU iPhone OS 13_4 like Mac OS X) AppleWebKit/605.1.15 (KHTML, like Gecko) Version/13.1 Mobile/15E148 Safari/604.1"
185.206.225.170 - - [12/Sep/2020:08:46:46 -0400] "POST /contact-us/ HTTP/1.0" 200 31664 "http://www.islandgreenery.net/contact-us/" "Mozilla/5.0 (Windows NT 10.0) AppleWebKit/537.36 (KHTML, like Gecko) Chrome/67.0.3396.99 Safari/537.36"
69.118.96.159 - - [12/Sep/2020:09:14:10 -0400] "GET / HTTP/1.0" 200 30102 "http://www.islandgreenery.net/category/articles-resources/" "Mozilla/5.0 (iPhone; CPU iPhone OS 13_7 like Mac OS X) AppleWebKit/605.1.15 (KHTML, like Gecko) Version/13.1.2 Mobile/15E148 Safari/604.1"
174.197.141.95 - - [12/Sep/2020:09:18:35 -0400] "GET /wp-content/plugins/wp-responsive-menu/inc/assets/icons/wpr-icons.css?ver=3.1.4 HTTP/1.0" 200 12813 "http://www.islandgreenery.net/" "Mozilla/5.0 (iPhone; CPU iPhone OS 12_3_1 like Mac OS X) AppleWebKit/605.1.15 (KHTML, like Gecko) Version/12.1.1 Mobile/15E148 Safari/604.1"
174.197.141.95 - - [12/Sep/2020:09:18:35 -0400] "GET /wp-content/plugins/master-slider/public/assets/js/masterslider.min.js?ver=3.5.8 HTTP/1.0" 200 90646 "http://www.islandgreenery.net/" "Mozilla/5.0 (iPhone; CPU iPhone OS 12_3_1 like Mac OS X) AppleWebKit/605.1.15 (KHTML, like Gecko) Version/12.1.1 Mobile/15E148 Safari/604.1"
174.197.141.95 - - [12/Sep/2020:09:18:52 -0400] "GET /wp-content/uploads/2016/03/propane-tank.jpg HTTP/1.0" 200 34049 "http://www.islandgreenery.net/propane-supply/" "Mozilla/5.0 (iPhone; CPU iPhone OS 12_3_1 like Mac OS X) AppleWebKit/605.1.15 (KHTML, like Gecko) Version/12.1.1 Mobile/15E148 Safari/604.1"
96.250.19.245 - - [12/Sep/2020:09:38:34 -0400] "GET /wp-content/uploads/2020/05/late-spring-banner-bg-4.jpg HTTP/1.0" 200 22286 "http://www.islandgreenery.net/" "Mozilla/5.0 (iPhone; CPU iPhone OS 13_7 like Mac OS X) AppleWebKit/605.1.15 (KHTML, like Gecko) Version/13.1.2 Mobile/15E148 Safari/604.1"
96.250.19.245 - - [12/Sep/2020:09:39:04 -0400] "GET /wp-content/uploads/2016/03/couponHov.png HTTP/1.0" 200 43910 "http://www.islandgreenery.net/specials-coupons/" "Mozilla/5.0 (iPhone; CPU iPhone OS 13_7 like Mac OS X) AppleWebKit/605.1.15 (KHTML, like Gecko) Version/13.1.2 Mobile/15E148 Safari/604.1"
96.250.19.245 - - [12/Sep/2020:09:39:18 -0400] "GET /wp-content/uploads/2016/03/View10-1024x683.jpg HTTP/1.0" 200 225415 "http://www.islandgreenery.net/landscape-design/" "Mozilla/5.0 (iPhone; CPU iPhone OS 13_7 like Mac OS X) AppleWebKit/605.1.15 (KHTML, like Gecko) Version/13.1.2 Mobile/15E148 Safari/604.1"
103.131.71.40 - - [12/Sep/2020:09:52:14 -0400] "GET /robots.txt HTTP/1.0" 200 67 "-" "Mozilla/5.0 (compatible; coccocbot-image/1.0; +http://help.coccoc.com/searchengine)"
10.30.94.78 - - [12/Sep/2020:10:17:44 -0400] "POST /wp-cron.php?doing_wp_cron=1599920264.8894660472869873046875 HTTP/1.0" 200 - "http://www.islandgreenery.net/wp-cron.php?doing_wp_cron=1599920264.8894660472869873046875" "WordPress/5.4.2; http://www.islandgreenery.net"
10.30.94.78 - - [12/Sep/2020:10:21:00 -0400] "POST /wp-cron.php?doing_wp_cron=1599920460.2044310569763183593750 HTTP/1.0" 200 - "http://www.islandgreenery.net/wp-cron.php?doing_wp_cron=1599920460.2044310569763183593750" "WordPress/5.4.2; http://www.islandgreenery.net"
68.195.75.253 - - [12/Sep/2020:10:26:09 -0400] "GET /wp-includes/js/wp-emoji-release.min.js?ver=5.4.2 HTTP/1.0" 200 13901 "http://www.islandgreenery.net/" "Mozilla/5.0 (iPhone; CPU iPhone OS 13_7 like Mac OS X) AppleWebKit/605.1.15 (KHTML, like Gecko) Version/13.1.2 Mobile/15E148 Safari/604.1"
108.27.61.80 - - [12/Sep/2020:10:36:45 -0400] "GET /wp-content/plugins/contact-form-7/includes/js/scripts.js?ver=5.1.7 HTTP/1.0" 200 14440 "http://www.islandgreenery.net/" "Mozilla/5.0 (iPhone; CPU iPhone OS 13_6_1 like Mac OS X) AppleWebKit/605.1.15 (KHTML, like Gecko) Version/13.1.2 Mobile/15E148 Safari/604.1"
108.27.61.80 - - [12/Sep/2020:10:36:45 -0400] "GET /wp-content/themes/islandg/images/logo.png HTTP/1.0" 200 71909 "http://www.islandgreenery.net/" "Mozilla/5.0 (iPhone; CPU iPhone OS 13_6_1 like Mac OS X) AppleWebKit/605.1.15 (KHTML, like Gecko) Version/13.1.2 Mobile/15E148 Safari/604.1"
108.27.61.80 - - [12/Sep/2020:10:36:46 -0400] "GET / HTTP/1.0" 200 30102 "http://www.islandgreenery.net/" "Mozilla/5.0 (iPhone; CPU iPhone OS 13_6_1 like Mac OS X) AppleWebKit/605.1.15 (KHTML, like Gecko) Version/13.1.2 Mobile/15E148 Safari/604.1"
10.30.94.78 - - [12/Sep/2020:11:03:47 -0400] "POST /wp-cron.php?doing_wp_cron=1599923027.1851220130920410156250 HTTP/1.0" 200 - "http://www.islandgreenery.net/wp-cron.php?doing_wp_cron=1599923027.1851220130920410156250" "WordPress/5.4.2; http://www.islandgreenery.net"
67.84.251.175 - - [12/Sep/2020:11:17:02 -0400] "GET /wp-includes/js/wp-embed.min.js?ver=5.4.2 HTTP/1.0" 200 1434 "http://www.islandgreenery.net/" "Mozilla/5.0 (Windows NT 10.0; Win64; x64) AppleWebKit/537.36 (KHTML, like Gecko) Chrome/85.0.4183.83 Safari/537.36 Edg/85.0.564.44"
67.84.251.175 - - [12/Sep/2020:11:17:02 -0400] "GET /wp-content/themes/islandg/images/twitter-icon.png HTTP/1.0" 200 829 "http://www.islandgreenery.net/" "Mozilla/5.0 (Windows NT 10.0; Win64; x64) AppleWebKit/537.36 (KHTML, like Gecko) Chrome/85.0.4183.83 Safari/537.36 Edg/85.0.564.44"
67.84.251.175 - - [12/Sep/2020:11:17:02 -0400] "GET /wp-content/themes/islandg/images/email-bg.jpg HTTP/1.0" 200 9006 "http://www.islandgreenery.net/wp-content/themes/islandg/style.css?ver=5.4.2" "Mozilla/5.0 (Windows NT 10.0; Win64; x64) AppleWebKit/537.36 (KHTML, like Gecko) Chrome/85.0.4183.83 Safari/537.36 Edg/85.0.564.44"
67.84.251.175 - - [12/Sep/2020:11:17:03 -0400] "GET /wp-content/themes/islandg/images/propane-block-bg.jpg HTTP/1.0" 200 13183 "http://www.islandgreenery.net/wp-content/themes/islandg/style.css?ver=5.4.2" "Mozilla/5.0 (Windows NT 10.0; Win64; x64) AppleWebKit/537.36 (KHTML, like Gecko) Chrome/85.0.4183.83 Safari/537.36 Edg/85.0.564.44"
67.84.251.175 - - [12/Sep/2020:11:17:03 -0400] "GET /wp-content/themes/islandg/images/home-garden-showplace-logo.jpg HTTP/1.0" 200 4334 "http://www.islandgreenery.net/" "Mozilla/5.0 (Windows NT 10.0; Win64; x64) AppleWebKit/537.36 (KHTML, like Gecko) Chrome/85.0.4183.83 Safari/537.36 Edg/85.0.564.44"
67.84.251.175 - - [12/Sep/2020:11:17:09 -0400] "GET /wp-content/plugins/wpforms-lite/assets/js/wpforms.js?ver=1.6.0.1 HTTP/1.0" 200 53835 "http://www.islandgreenery.net/contact-us/" "Mozilla/5.0 (Windows NT 10.0; Win64; x64) AppleWebKit/537.36 (KHTML, like Gecko) Chrome/85.0.4183.83 Safari/537.36 Edg/85.0.564.44"
67.86.88.203 - - [12/Sep/2020:11:25:28 -0400] "GET /wp-content/uploads/2020/05/late-spring-banner-bg-5.jpg HTTP/1.0" 200 30749 "http://www.islandgreenery.net/" "Mozilla/5.0 (iPhone; CPU iPhone OS 13_6_1 like Mac OS X) AppleWebKit/605.1.15 (KHTML, like Gecko) Version/13.1.2 Mobile/15E148 Safari/604.1"
39.101.67.145 - - [12/Sep/2020:11:52:18 -0400] "GET /e/admin/index.php HTTP/1.0" 301 500 "-" "Mozilla/5.0 (Windows NT 10.0; WOW64; rv:48.0) Gecko/20100101 Firefox/48.0"
39.101.67.145 - - [12/Sep/2020:11:52:23 -0400] "GET /e/admin/ HTTP/1.0" 404 23979 "-" "Mozilla/5.0 (Windows NT 10.0; WOW64; rv:48.0) Gecko/20100101 Firefox/48.0"
40.77.167.241 - - [12/Sep/2020:12:11:10 -0400] "GET /wp-includes/js/wp-emoji-release.min.js?ver=5.4.2 HTTP/1.0" 200 13901 "-" "Mozilla/5.0 (compatible; bingbot/2.0; +http://www.bing.com/bingbot.htm)"
10.30.94.78 - - [12/Sep/2020:12:16:45 -0400] "POST /wp-cron.php?doing_wp_cron=1599927405.6059749126434326171875 HTTP/1.0" 200 - "http://www.islandgreenery.net/wp-cron.php?doing_wp_cron=1599927405.6059749126434326171875" "WordPress/5.4.2; http://www.islandgreenery.net"
47.16.102.215 - - [12/Sep/2020:12:26:34 -0400] "GET /wp-content/themes/islandg/images/master-nursery-logo.jpg HTTP/1.0" 200 3944 "http://www.islandgreenery.net/" "Mozilla/5.0 (iPhone; CPU iPhone OS 13_6_1 like Mac OS X) AppleWebKit/605.1.15 (KHTML, like Gecko) Version/13.1.2 Mobile/15E148 Safari/604.1"
47.16.102.215 - - [12/Sep/2020:12:26:35 -0400] "GET /wp-content/uploads/2020/05/late-spring-banner-bg-5.jpg HTTP/1.0" 200 30749 "http://www.islandgreenery.net/" "Mozilla/5.0 (iPhone; CPU iPhone OS 13_6_1 like Mac OS X) AppleWebKit/605.1.15 (KHTML, like Gecko) Version/13.1.2 Mobile/15E148 Safari/604.1"
103.131.71.41 - - [12/Sep/2020:12:33:34 -0400] "GET /wp-content/themes/islandg/images/master-nursery-logo.jpg HTTP/1.0" 200 3944 "-" "Mozilla/5.0 (compatible; coccocbot-image/1.0; +http://help.coccoc.com/searchengine)"
157.55.39.232 - - [12/Sep/2020:12:44:13 -0400] "GET /wp-content/plugins/wp-responsive-menu/assets/js/wprmenu.js?ver=3.1.4 HTTP/1.0" 200 8525 "-" "Mozilla/5.0 (compatible; bingbot/2.0; +http://www.bing.com/bingbot.htm)"
10.30.94.78 - - [12/Sep/2020:12:49:44 -0400] "POST /wp-cron.php?doing_wp_cron=1599929384.3583369255065917968750 HTTP/1.0" 200 - "http://www.islandgreenery.net/wp-cron.php?doing_wp_cron=1599929384.3583369255065917968750" "WordPress/5.4.2; http://www.islandgreenery.net"
98.116.154.183 - - [12/Sep/2020:13:15:09 -0400] "GET /wp-content/plugins/wp-responsive-menu/assets/css/wpr-hamburger.css?ver=3.1.4 HTTP/1.0" 200 22025 "http://www.islandgreenery.net/" "Mozilla/5.0 (Windows NT 10.0; Win64; x64; rv:80.0) Gecko/20100101 Firefox/80.0"
98.116.154.183 - - [12/Sep/2020:13:15:09 -0400] "GET /wp-content/themes/islandg/images/pit-barrel-border.jpg HTTP/1.0" 200 16627 "http://www.islandgreenery.net/" "Mozilla/5.0 (Windows NT 10.0; Win64; x64; rv:80.0) Gecko/20100101 Firefox/80.0"
98.116.154.183 - - [12/Sep/2020:13:15:10 -0400] "GET /wp-content/uploads/2020/05/late-spring-banner-bg-2.jpg HTTP/1.0" 200 23114 "http://www.islandgreenery.net/" "Mozilla/5.0 (Windows NT 10.0; Win64; x64; rv:80.0) Gecko/20100101 Firefox/80.0"
47.16.102.215 - - [12/Sep/2020:13:38:50 -0400] "GET /wp-content/plugins/wp-responsive-menu/assets/css/wpr-hamburger.css?ver=3.1.4 HTTP/1.0" 200 22025 "http://www.islandgreenery.net/" "Mozilla/5.0 (iPhone; CPU iPhone OS 13_6_1 like Mac OS X) AppleWebKit/605.1.15 (KHTML, like Gecko) Version/13.1.2 Mobile/15E148 Safari/604.1"
47.16.102.215 - - [12/Sep/2020:13:38:50 -0400] "GET /wp-includes/js/jquery/jquery-migrate.min.js?ver=1.4.1 HTTP/1.0" 200 10056 "http://www.islandgreenery.net/" "Mozilla/5.0 (iPhone; CPU iPhone OS 13_6_1 like Mac OS X) AppleWebKit/605.1.15 (KHTML, like Gecko) Version/13.1.2 Mobile/15E148 Safari/604.1"
10.30.94.78 - - [12/Sep/2020:14:11:37 -0400] "POST /wp-cron.php?doing_wp_cron=1599934297.7295730113983154296875 HTTP/1.0" 200 - "http://www.islandgreenery.net/wp-cron.php?doing_wp_cron=1599934297.7295730113983154296875" "WordPress/5.4.2; http://www.islandgreenery.net"
98.116.104.205 - - [12/Sep/2020:14:43:17 -0400] "GET /wp-content/plugins/contact-form-7/includes/js/scripts.js?ver=5.1.7 HTTP/1.0" 200 14440 "http://www.islandgreenery.net/" "Mozilla/5.0 (Linux; Android 10; SM-G988U) AppleWebKit/537.36 (KHTML, like Gecko) Chrome/85.0.4183.101 Mobile Safari/537.36"
98.116.104.205 - - [12/Sep/2020:14:43:18 -0400] "GET /wp-includes/js/wp-emoji-release.min.js?ver=5.4.2 HTTP/1.0" 200 13901 "http://www.islandgreenery.net/" "Mozilla/5.0 (Linux; Android 10; SM-G988U) AppleWebKit/537.36 (KHTML, like Gecko) Chrome/85.0.4183.101 Mobile Safari/537.36"
98.116.104.205 - - [12/Sep/2020:14:43:18 -0400] "GET /wp-content/themes/islandg/images/yellow-grad-bg.png HTTP/1.0" 200 307 "http://www.islandgreenery.net/wp-content/themes/islandg/style.css?ver=5.4.2" "Mozilla/5.0 (Linux; Android 10; SM-G988U) AppleWebKit/537.36 (KHTML, like Gecko) Chrome/85.0.4183.101 Mobile Safari/537.36"
98.116.104.205 - - [12/Sep/2020:14:43:18 -0400] "GET /wp-content/uploads/2020/05/late-spring-banner-bg-2.jpg HTTP/1.0" 200 23114 "http://www.islandgreenery.net/" "Mozilla/5.0 (Linux; Android 10; SM-G988U) AppleWebKit/537.36 (KHTML, like Gecko) Chrome/85.0.4183.101 Mobile Safari/537.36"
34.121.160.120 - - [12/Sep/2020:14:46:37 -0400] "GET /wp-content/plugins/wp-file-manager/lib/files/hardfork.php HTTP/1.0" 404 24479 "-" "Mozilla/5.0 (X11; Ubuntu; Linux i686; rv:28.0) Gecko/20100101 Firefox/28.0"
174.197.135.0 - - [12/Sep/2020:15:38:11 -0400] "GET /wp-content/plugins/master-slider/public/assets/css/masterslider.main.css?ver=3.5.8 HTTP/1.0" 200 66525 "http://www.islandgreenery.net/" "Mozilla/5.0 (iPhone; CPU iPhone OS 13_7 like Mac OS X) AppleWebKit/605.1.15 (KHTML, like Gecko) Version/13.1.2 Mobile/15E148 Safari/604.1"
172.58.227.108 - - [12/Sep/2020:15:39:28 -0400] "GET /wp-content/plugins/wp-responsive-menu/inc/assets/icons/wpr-icons.css?ver=3.1.4 HTTP/1.0" 200 12813 "http://www.islandgreenery.net/" "Mozilla/5.0 (iPhone; CPU iPhone OS 13_6_1 like Mac OS X) AppleWebKit/605.1.15 (KHTML, like Gecko) Version/13.1.2 Mobile/15E148 Safari/604.1"
172.58.227.108 - - [12/Sep/2020:15:39:28 -0400] "GET /wp-includes/js/jquery/jquery.js?ver=1.12.4-wp HTTP/1.0" 200 96873 "http://www.islandgreenery.net/" "Mozilla/5.0 (iPhone; CPU iPhone OS 13_6_1 like Mac OS X) AppleWebKit/605.1.15 (KHTML, like Gecko) Version/13.1.2 Mobile/15E148 Safari/604.1"
172.58.227.108 - - [12/Sep/2020:15:40:38 -0400] "GET /propane-supply/ HTTP/1.0" 200 26615 "http://www.islandgreenery.net/" "Mozilla/5.0 (iPhone; CPU iPhone OS 13_6_1 like Mac OS X) AppleWebKit/605.1.15 (KHTML, like Gecko) Version/13.1.2 Mobile/15E148 Safari/604.1"
10.30.94.78 - - [12/Sep/2020:16:12:18 -0400] "POST /wp-cron.php?doing_wp_cron=1599941538.0040469169616699218750 HTTP/1.0" 200 - "http://www.islandgreenery.net/wp-cron.php?doing_wp_cron=1599941538.0040469169616699218750" "WordPress/5.4.2; http://www.islandgreenery.net"
96.250.17.56 - - [12/Sep/2020:16:14:14 -0400] "GET /wp-includes/js/jquery/jquery-migrate.min.js?ver=1.4.1 HTTP/1.0" 200 10056 "http://www.islandgreenery.net/" "Mozilla/5.0 (iPhone; CPU iPhone OS 13_6_1 like Mac OS X) AppleWebKit/605.1.15 (KHTML, like Gecko) Version/13.1.2 Mobile/15E148 Safari/604.1"
96.250.17.56 - - [12/Sep/2020:16:14:14 -0400] "GET /wp-content/themes/islandg/images/monrovia-logo.jpg HTTP/1.0" 200 3074 "http://www.islandgreenery.net/" "Mozilla/5.0 (iPhone; CPU iPhone OS 13_6_1 like Mac OS X) AppleWebKit/605.1.15 (KHTML, like Gecko) Version/13.1.2 Mobile/15E148 Safari/604.1"
96.250.17.56 - - [12/Sep/2020:16:14:14 -0400] "GET /wp-content/themes/islandg/images/email-bg.jpg HTTP/1.0" 200 9006 "http://www.islandgreenery.net/" "Mozilla/5.0 (iPhone; CPU iPhone OS 13_6_1 like Mac OS X) AppleWebKit/605.1.15 (KHTML, like Gecko) Version/13.1.2 Mobile/15E148 Safari/604.1"
96.250.17.56 - - [12/Sep/2020:16:14:14 -0400] "GET /wp-content/themes/islandg/images/design-services-bg.jpg HTTP/1.0" 200 43520 "http://www.islandgreenery.net/" "Mozilla/5.0 (iPhone; CPU iPhone OS 13_6_1 like Mac OS X) AppleWebKit/605.1.15 (KHTML, like Gecko) Version/13.1.2 Mobile/15E148 Safari/604.1"
96.250.17.56 - - [12/Sep/2020:16:14:14 -0400] "GET /wp-content/themes/islandg/images/yellow-grad-bg.png HTTP/1.0" 200 307 "http://www.islandgreenery.net/" "Mozilla/5.0 (iPhone; CPU iPhone OS 13_6_1 like Mac OS X) AppleWebKit/605.1.15 (KHTML, like Gecko) Version/13.1.2 Mobile/15E148 Safari/604.1"
96.250.17.56 - - [12/Sep/2020:16:14:14 -0400] "GET /wp-content/plugins/master-slider/public/assets/css/skins/light-skin-1-retina.png HTTP/1.0" 200 4422 "http://www.islandgreenery.net/" "Mozilla/5.0 (iPhone; CPU iPhone OS 13_6_1 like Mac OS X) AppleWebKit/605.1.15 (KHTML, like Gecko) Version/13.1.2 Mobile/15E148 Safari/604.1"
96.250.17.56 - - [12/Sep/2020:16:14:15 -0400] "GET /wp-content/uploads/2020/05/late-spring-banner-bg-5.jpg HTTP/1.0" 200 30749 "http://www.islandgreenery.net/" "Mozilla/5.0 (iPhone; CPU iPhone OS 13_6_1 like Mac OS X) AppleWebKit/605.1.15 (KHTML, like Gecko) Version/13.1.2 Mobile/15E148 Safari/604.1"
96.250.17.56 - - [12/Sep/2020:16:14:14 -0400] "GET / HTTP/1.0" 200 30102 "http://www.islandgreenery.net/" "Mozilla/5.0 (iPhone; CPU iPhone OS 13_6_1 like Mac OS X) AppleWebKit/605.1.15 (KHTML, like Gecko) Version/13.1.2 Mobile/15E148 Safari/604.1"
96.250.17.56 - - [12/Sep/2020:16:14:28 -0400] "GET /specials-coupons/ HTTP/1.0" 200 24651 "http://www.islandgreenery.net/specials-coupons/" "Mozilla/5.0 (iPhone; CPU iPhone OS 13_6_1 like Mac OS X) AppleWebKit/605.1.15 (KHTML, like Gecko) Version/13.1.2 Mobile/15E148 Safari/604.1"
96.250.17.56 - - [12/Sep/2020:16:14:47 -0400] "GET /emailer-signup/ HTTP/1.0" 200 26059 "-" "Mozilla/5.0 (iPhone; CPU iPhone OS 13_6_1 like Mac OS X) AppleWebKit/605.1.15 (KHTML, like Gecko) Version/13.1.2 Mobile/15E148 Safari/604.1"
96.250.17.56 - - [12/Sep/2020:16:14:47 -0400] "GET /emailer-signup/ HTTP/1.0" 200 26059 "http://www.islandgreenery.net/emailer-signup/" "Mozilla/5.0 (iPhone; CPU iPhone OS 13_6_1 like Mac OS X) AppleWebKit/605.1.15 (KHTML, like Gecko) Version/13.1.2 Mobile/15E148 Safari/604.1"
114.119.157.110 - - [12/Sep/2020:16:15:03 -0400] "GET /2016/11/10/plants-for-winter-interest-holiday-decorating HTTP/1.0" 404 23979 "-" "Mozilla/5.0 (Linux; Android 7.0;) AppleWebKit/537.36 (KHTML, like Gecko) Mobile Safari/537.36 (compatible; PetalBot;+http://aspiegel.com/petalbot)"
96.250.17.56 - - [12/Sep/2020:16:15:11 -0400] "GET /apple-touch-icon-precomposed.png HTTP/1.0" 404 23979 "-" "Mozilla/5.0 (Macintosh; Intel Mac OS X 10_11_1) AppleWebKit/601.2.4 (KHTML, like Gecko) Version/9.0.1 Safari/601.2.4 facebookexternalhit/1.1 Facebot Twitterbot/1.0"
85.214.162.138 - - [12/Sep/2020:16:21:15 -0400] "POST /wp-content/plugins/wp-file-manager/lib/php/connector.minimal.php HTTP/1.0" 404 24479 "-" "Mozilla/5.0 (X11; Linux x86_64) AppleWebKit/537.36 (KHTML, like Gecko) Chrome/81.0.4044.129 Safari/537.36"
10.30.94.78 - - [12/Sep/2020:16:25:51 -0400] "POST /wp-cron.php?doing_wp_cron=1599942350.5522189140319824218750 HTTP/1.0" 200 - "http://www.islandgreenery.net/wp-cron.php?doing_wp_cron=1599942350.5522189140319824218750" "WordPress/5.4.2; http://www.islandgreenery.net"
34.74.200.216 - - [12/Sep/2020:16:37:33 -0400] "GET /robots.txt HTTP/1.0" 200 67 "-" "ZoominfoBot (zoominfobot at zoominfo dot com)"
40.84.216.130 - - [12/Sep/2020:17:06:20 -0400] "POST ///wp-content/plugins/wp-file-manager/lib/php/connector.minimal.php HTTP/1.0" 404 24479 "-" "python-requests/2.24.0"
64.227.29.219 - - [12/Sep/2020:17:33:57 -0400] "GET /wp-admin/setup-config.php HTTP/1.0" 500 2879 "-" "Mozilla/5.0 (Windows NT 10.0; Win64; x64) AppleWebKit/537.36 (KHTML, like Gecko) Chrome/70.0.3538.77 Safari/537.36"
10.30.94.78 - - [12/Sep/2020:17:45:47 -0400] "POST /wp-cron.php?doing_wp_cron=1599947146.1703259944915771484375 HTTP/1.0" 200 - "http://www.islandgreenery.net/wp-cron.php?doing_wp_cron=1599947146.1703259944915771484375" "WordPress/5.4.2; http://www.islandgreenery.net"
67.84.85.75 - - [12/Sep/2020:18:11:18 -0400] "GET /wp-includes/js/jquery/jquery-migrate.min.js?ver=1.4.1 HTTP/1.0" 200 10056 "http://www.islandgreenery.net/" "Mozilla/5.0 (Windows NT 6.0) AppleWebKit/537.36 (KHTML, like Gecko) Chrome/49.0.2623.112 Safari/537.36"
10.30.94.78 - - [12/Sep/2020:18:11:16 -0400] "POST /wp-cron.php?doing_wp_cron=1599948676.5978429317474365234375 HTTP/1.0" 200 - "http://www.islandgreenery.net/wp-cron.php?doing_wp_cron=1599948676.5978429317474365234375" "WordPress/5.4.2; http://www.islandgreenery.net"
67.84.85.75 - - [12/Sep/2020:18:11:20 -0400] "GET /wp-content/themes/islandg/images/master-nursery-logo.jpg HTTP/1.0" 200 3944 "http://www.islandgreenery.net/" "Mozilla/5.0 (Windows NT 6.0) AppleWebKit/537.36 (KHTML, like Gecko) Chrome/49.0.2623.112 Safari/537.36"
67.84.85.75 - - [12/Sep/2020:18:11:20 -0400] "GET /wp-content/themes/twentytwelve/js/navigation.js?ver=20140711 HTTP/1.0" 200 1552 "http://www.islandgreenery.net/" "Mozilla/5.0 (Windows NT 6.0) AppleWebKit/537.36 (KHTML, like Gecko) Chrome/49.0.2623.112 Safari/537.36"
67.84.85.75 - - [12/Sep/2020:18:11:20 -0400] "GET /wp-includes/js/wp-embed.min.js?ver=5.4.2 HTTP/1.0" 200 1434 "http://www.islandgreenery.net/" "Mozilla/5.0 (Windows NT 6.0) AppleWebKit/537.36 (KHTML, like Gecko) Chrome/49.0.2623.112 Safari/537.36"
67.84.85.75 - - [12/Sep/2020:18:11:52 -0400] "GET /wp-content/uploads/2016/03/IMG_0268-940x480.jpg HTTP/1.0" 200 507977 "http://www.islandgreenery.net/gallery/" "Mozilla/5.0 (Windows NT 6.0) AppleWebKit/537.36 (KHTML, like Gecko) Chrome/49.0.2623.112 Safari/537.36"
40.77.167.241 - - [12/Sep/2020:18:33:30 -0400] "GET /wp-content/uploads/2020/03/IMG_3173-940x480.jpg HTTP/1.0" 200 461343 "-" "Mozilla/5.0 (compatible; bingbot/2.0; +http://www.bing.com/bingbot.htm)"
72.69.137.193 - - [12/Sep/2020:18:41:45 -0400] "GET /wp-content/plugins/wp-responsive-menu/assets/css/wpr-hamburger.css?ver=3.1.4 HTTP/1.0" 200 22025 "http://www.islandgreenery.net/" "Mozilla/5.0 (iPhone; CPU iPhone OS 13_7 like Mac OS X) AppleWebKit/605.1.15 (KHTML, like Gecko) Version/13.1.2 Mobile/15E148 Safari/604.1"
72.69.137.193 - - [12/Sep/2020:18:41:45 -0400] "GET /wp-content/plugins/wp-responsive-menu/assets/js/modernizr.custom.js?ver=3.1.4 HTTP/1.0" 200 7197 "http://www.islandgreenery.net/" "Mozilla/5.0 (iPhone; CPU iPhone OS 13_7 like Mac OS X) AppleWebKit/605.1.15 (KHTML, like Gecko) Version/13.1.2 Mobile/15E148 Safari/604.1"
72.69.137.193 - - [12/Sep/2020:18:41:45 -0400] "GET /wp-content/themes/islandg/images/design-grad.png HTTP/1.0" 200 200 "http://www.islandgreenery.net/" "Mozilla/5.0 (iPhone; CPU iPhone OS 13_7 like Mac OS X) AppleWebKit/605.1.15 (KHTML, like Gecko) Version/13.1.2 Mobile/15E148 Safari/604.1"
72.69.137.193 - - [12/Sep/2020:18:41:46 -0400] "GET /wp-content/uploads/2020/05/late-spring-banner-bg-5.jpg HTTP/1.0" 200 30749 "http://www.islandgreenery.net/" "Mozilla/5.0 (iPhone; CPU iPhone OS 13_7 like Mac OS X) AppleWebKit/605.1.15 (KHTML, like Gecko) Version/13.1.2 Mobile/15E148 Safari/604.1"
72.69.137.193 - - [12/Sep/2020:18:41:46 -0400] "GET /wp-content/uploads/2020/05/late-spring-banner-bg-1.jpg HTTP/1.0" 200 40829 "http://www.islandgreenery.net/" "Mozilla/5.0 (iPhone; CPU iPhone OS 13_7 like Mac OS X) AppleWebKit/605.1.15 (KHTML, like Gecko) Version/13.1.2 Mobile/15E148 Safari/604.1"
72.69.137.193 - - [12/Sep/2020:18:42:44 -0400] "GET /wp-content/uploads/2020/03/IMG_3577-e1583340038301-140x80.jpg HTTP/1.0" 200 28199 "http://www.islandgreenery.net/gallery/" "Mozilla/5.0 (iPhone; CPU iPhone OS 13_7 like Mac OS X) AppleWebKit/605.1.15 (KHTML, like Gecko) Version/13.1.2 Mobile/15E148 Safari/604.1"
72.69.137.193 - - [12/Sep/2020:18:42:44 -0400] "GET /wp-content/uploads/2020/03/IMG_0791-e1583341812388-140x80.jpg HTTP/1.0" 200 27723 "http://www.islandgreenery.net/gallery/" "Mozilla/5.0 (iPhone; CPU iPhone OS 13_7 like Mac OS X) AppleWebKit/605.1.15 (KHTML, like Gecko) Version/13.1.2 Mobile/15E148 Safari/604.1"
85.214.162.138 - - [12/Sep/2020:19:33:34 -0400] "POST /wp-content/plugins/wp-file-manager/lib/php/connector.minimal.php HTTP/1.0" 404 24479 "-" "Mozilla/5.0 (X11; Linux x86_64) AppleWebKit/537.36 (KHTML, like Gecko) Chrome/81.0.4044.129 Safari/537.36"
24.191.74.181 - - [12/Sep/2020:19:34:36 -0400] "GET / HTTP/1.0" 200 30102 "-" "Mozilla/5.0 (Windows NT 10.0; Win64; x64) AppleWebKit/537.36 (KHTML, like Gecko) Chrome/85.0.4183.102 Safari/537.36"
24.191.74.181 - - [12/Sep/2020:19:34:39 -0400] "GET /wp-content/themes/islandg/images/propane-block-bg.jpg HTTP/1.0" 200 13183 "http://www.islandgreenery.net/wp-content/themes/islandg/style.css?ver=5.4.2" "Mozilla/5.0 (Windows NT 10.0; Win64; x64) AppleWebKit/537.36 (KHTML, like Gecko) Chrome/85.0.4183.102 Safari/537.36"
24.191.74.181 - - [12/Sep/2020:19:34:40 -0400] "GET /wp-content/themes/islandg/images/bumper-crop-logo.jpg HTTP/1.0" 200 16793 "http://www.islandgreenery.net/" "Mozilla/5.0 (Windows NT 10.0; Win64; x64) AppleWebKit/537.36 (KHTML, like Gecko) Chrome/85.0.4183.102 Safari/537.36"
24.191.74.181 - - [12/Sep/2020:19:34:40 -0400] "GET /wp-content/uploads/2020/05/late-spring-banner-bg-1.jpg HTTP/1.0" 200 40829 "http://www.islandgreenery.net/" "Mozilla/5.0 (Windows NT 10.0; Win64; x64) AppleWebKit/537.36 (KHTML, like Gecko) Chrome/85.0.4183.102 Safari/537.36"
24.47.242.45 - - [12/Sep/2020:19:54:03 -0400] "GET /wp-content/plugins/contact-form-7/includes/js/scripts.js?ver=5.1.7 HTTP/1.0" 200 14440 "http://www.islandgreenery.net/" "Mozilla/5.0 (Macintosh; Intel Mac OS X 10_15_4) AppleWebKit/605.1.15 (KHTML, like Gecko) Version/13.1.2 Safari/605.1.15"
24.47.242.45 - - [12/Sep/2020:19:54:03 -0400] "GET /wp-content/uploads/2020/05/late-spring-banner-bg-2.jpg HTTP/1.0" 200 23114 "http://www.islandgreenery.net/" "Mozilla/5.0 (Macintosh; Intel Mac OS X 10_15_4) AppleWebKit/605.1.15 (KHTML, like Gecko) Version/13.1.2 Safari/605.1.15"
24.47.242.45 - - [12/Sep/2020:19:54:03 -0400] "GET /wp-content/themes/islandg/images/email-bg.jpg HTTP/1.0" 200 9006 "http://www.islandgreenery.net/" "Mozilla/5.0 (Macintosh; Intel Mac OS X 10_15_4) AppleWebKit/605.1.15 (KHTML, like Gecko) Version/13.1.2 Safari/605.1.15"
10.30.94.78 - - [12/Sep/2020:19:54:01 -0400] "POST /wp-cron.php?doing_wp_cron=1599954841.3287880420684814453125 HTTP/1.0" 200 - "http://www.islandgreenery.net/wp-cron.php?doing_wp_cron=1599954841.3287880420684814453125" "WordPress/5.4.2; http://www.islandgreenery.net"
24.47.242.45 - - [12/Sep/2020:19:54:31 -0400] "GET /wp-content/uploads/2016/03/propane-facts.jpg HTTP/1.0" 200 16759 "http://www.islandgreenery.net/propane-supply/" "Mozilla/5.0 (Macintosh; Intel Mac OS X 10_15_4) AppleWebKit/605.1.15 (KHTML, like Gecko) Version/13.1.2 Safari/605.1.15"
69.113.193.67 - - [12/Sep/2020:19:59:06 -0400] "GET /wp-content/themes/islandg/style.css?ver=5.4.2 HTTP/1.0" 200 77097 "http://www.islandgreenery.net/" "Mozilla/5.0 (iPhone; CPU iPhone OS 13_7 like Mac OS X) AppleWebKit/605.1.15 (KHTML, like Gecko) Version/13.1.2 Mobile/15E148 Safari/604.1"
69.113.193.67 - - [12/Sep/2020:19:59:06 -0400] "GET /wp-content/themes/islandg/images/cambridge-logo.jpg HTTP/1.0" 200 5448 "http://www.islandgreenery.net/" "Mozilla/5.0 (iPhone; CPU iPhone OS 13_7 like Mac OS X) AppleWebKit/605.1.15 (KHTML, like Gecko) Version/13.1.2 Mobile/15E148 Safari/604.1"
69.113.193.67 - - [12/Sep/2020:19:59:07 -0400] "GET /wp-content/plugins/master-slider/public/assets/css/common/loading-2.gif HTTP/1.0" 200 2707 "http://www.islandgreenery.net/" "Mozilla/5.0 (iPhone; CPU iPhone OS 13_7 like Mac OS X) AppleWebKit/605.1.15 (KHTML, like Gecko) Version/13.1.2 Mobile/15E148 Safari/604.1"
69.113.193.67 - - [12/Sep/2020:19:59:07 -0400] "GET / HTTP/1.0" 200 30102 "http://www.islandgreenery.net/" "Mozilla/5.0 (iPhone; CPU iPhone OS 13_7 like Mac OS X) AppleWebKit/605.1.15 (KHTML, like Gecko) Version/13.1.2 Mobile/15E148 Safari/604.1"
69.113.193.67 - - [12/Sep/2020:19:59:23 -0400] "GET /wp-content/uploads/2016/03/propane-facts.jpg HTTP/1.0" 200 16759 "http://www.islandgreenery.net/propane-supply/" "Mozilla/5.0 (iPhone; CPU iPhone OS 13_7 like Mac OS X) AppleWebKit/605.1.15 (KHTML, like Gecko) Version/13.1.2 Mobile/15E148 Safari/604.1"
10.30.94.78 - - [12/Sep/2020:20:09:59 -0400] "POST /wp-cron.php?doing_wp_cron=1599955799.4431560039520263671875 HTTP/1.0" 500 706 "http://www.islandgreenery.net/wp-cron.php?doing_wp_cron=1599955799.4431560039520263671875" "WordPress/5.4.2; http://www.islandgreenery.net"
54.187.100.128 - - [12/Sep/2020:20:23:32 -0400] "GET /robots.txt HTTP/1.0" 200 67 "-" "Mozilla/5.0 (compatible; houzzbot; +http://www.houzz.com/)"
54.187.100.128 - - [12/Sep/2020:20:23:34 -0400] "GET / HTTP/1.0" 200 30102 "-" "Mozilla/5.0 (compatible; houzzbot; +http://www.houzz.com/)"
94.139.233.116 - - [12/Sep/2020:21:01:34 -0400] "POST /contact-us/ HTTP/1.0" 200 31708 "http://www.islandgreenery.net/contact-us/" "Mozilla/5.0 (Windows NT 10.0; Win64; x64) AppleWebKit/537.36 (KHTML, like Gecko) Chrome/65.0.3325.181 Safari/537.36"
10.30.94.78 - - [12/Sep/2020:21:15:56 -0400] "POST /wp-cron.php?doing_wp_cron=1599959756.0282878875732421875000 HTTP/1.0" 200 - "http://www.islandgreenery.net/wp-cron.php?doing_wp_cron=1599959756.0282878875732421875000" "WordPress/5.4.2; http://www.islandgreenery.net"
35.196.38.103 - - [12/Sep/2020:21:23:41 -0400] "GET /specials-coupons/ HTTP/1.0" 200 24651 "-" "ZoominfoBot (zoominfobot at zoominfo dot com)"
10.30.94.78 - - [12/Sep/2020:21:23:44 -0400] "POST /wp-cron.php?doing_wp_cron=1599960223.9966459274291992187500 HTTP/1.0" 200 - "http://www.islandgreenery.net/wp-cron.php?doing_wp_cron=1599960223.9966459274291992187500" "WordPress/5.4.2; http://www.islandgreenery.net"
10.30.94.78 - - [12/Sep/2020:21:29:10 -0400] "POST /wp-cron.php?doing_wp_cron=1599960550.6853609085083007812500 HTTP/1.0" 200 - "http://www.islandgreenery.net/wp-cron.php?doing_wp_cron=1599960550.6853609085083007812500" "WordPress/5.4.2; http://www.islandgreenery.net"
100.38.94.15 - - [12/Sep/2020:21:30:00 -0400] "GET /wp-content/plugins/wp-responsive-menu/assets/css/wprmenu.css?ver=3.1.4 HTTP/1.0" 200 9623 "http://www.islandgreenery.net/" "Mozilla/5.0 (iPhone; CPU iPhone OS 13_7 like Mac OS X) AppleWebKit/605.1.15 (KHTML, like Gecko) Version/13.1.2 Mobile/15E148 Safari/604.1"
100.38.94.15 - - [12/Sep/2020:21:30:01 -0400] "GET /wp-content/themes/islandg/images/propane-block-bg.jpg HTTP/1.0" 200 13183 "http://www.islandgreenery.net/" "Mozilla/5.0 (iPhone; CPU iPhone OS 13_7 like Mac OS X) AppleWebKit/605.1.15 (KHTML, like Gecko) Version/13.1.2 Mobile/15E148 Safari/604.1"
100.38.94.15 - - [12/Sep/2020:21:30:01 -0400] "GET /wp-content/plugins/wp-responsive-menu/assets/fonts/wprmenu.ttf?p8o4s0 HTTP/1.0" 200 1152 "http://www.islandgreenery.net/" "Mozilla/5.0 (iPhone; CPU iPhone OS 13_7 like Mac OS X) AppleWebKit/605.1.15 (KHTML, like Gecko) Version/13.1.2 Mobile/15E148 Safari/604.1"
10.30.94.78 - - [12/Sep/2020:21:30:25 -0400] "POST /wp-cron.php?doing_wp_cron=1599960624.8620440959930419921875 HTTP/1.0" 200 - "http://www.islandgreenery.net/wp-cron.php?doing_wp_cron=1599960624.8620440959930419921875" "WordPress/5.4.2; http://www.islandgreenery.net"
100.38.94.15 - - [12/Sep/2020:21:31:23 -0400] "GET /emailer-signup/ HTTP/1.0" 200 26059 "http://www.islandgreenery.net/propane-supply/" "Mozilla/5.0 (iPhone; CPU iPhone OS 13_7 like Mac OS X) AppleWebKit/605.1.15 (KHTML, like Gecko) Version/13.1.2 Mobile/15E148 Safari/604.1"
100.38.94.15 - - [12/Sep/2020:21:33:27 -0400] "GET / HTTP/1.0" 200 30102 "http://www.islandgreenery.net/" "Mozilla/5.0 (iPhone; CPU iPhone OS 13_7 like Mac OS X) AppleWebKit/605.1.15 (KHTML, like Gecko) Version/13.1.2 Mobile/15E148 Safari/604.1"
10.30.94.78 - - [12/Sep/2020:22:09:27 -0400] "POST /wp-cron.php?doing_wp_cron=1599962966.8468511104583740234375 HTTP/1.0" 200 - "http://www.islandgreenery.net/wp-cron.php?doing_wp_cron=1599962966.8468511104583740234375" "WordPress/5.4.2; http://www.islandgreenery.net"
69.127.228.44 - - [12/Sep/2020:22:14:38 -0400] "GET /wp-content/themes/islandg/images/masthead-bg.jpg HTTP/1.0" 200 5539 "http://www.islandgreenery.net/" "Mozilla/5.0 (Macintosh; Intel Mac OS X 10_15_4) AppleWebKit/605.1.15 (KHTML, like Gecko) Version/13.1.2 Safari/605.1.15"
69.127.228.44 - - [12/Sep/2020:22:14:38 -0400] "GET /wp-content/themes/islandg/images/monrovia-logo.jpg HTTP/1.0" 200 3074 "http://www.islandgreenery.net/" "Mozilla/5.0 (Macintosh; Intel Mac OS X 10_15_4) AppleWebKit/605.1.15 (KHTML, like Gecko) Version/13.1.2 Safari/605.1.15"
66.249.68.14 - - [12/Sep/2020:01:28:24 -0400] "GET /robots.txt HTTP/1.0" 200 67 "-" "Mozilla/5.0 (compatible; Googlebot/2.1; +http://www.google.com/bot.html)"
104.214.24.124 - - [12/Sep/2020:03:15:56 -0400] "GET /wp-content/plugins/wp-file-manager-pro/lib/php/connector.minimal.php HTTP/1.0" 404 24479 "www.google.com" "Mozlila/5.0 (Linux; Android 7.0; SM-G892A Bulid/NRD90M; wv) AppleWebKit/537.36 (KHTML, like Gecko) Version/4.0 Chrome/60.0.3112.107 Moblie Safari/537.36"
69.125.168.208 - - [12/Sep/2020:03:38:48 -0400] "GET /wp-content/themes/twentytwelve/style.css HTTP/1.0" 200 36443 "http://www.islandgreenery.net/" "Mozilla/5.0 (Macintosh; Intel Mac OS X 10_13_6) AppleWebKit/605.1.15 (KHTML, like Gecko) Version/13.1.2 Safari/605.1.15"
69.125.168.208 - - [12/Sep/2020:03:38:48 -0400] "GET /wp-content/themes/islandg/images/bower-branch-small.jpg HTTP/1.0" 200 10230 "http://www.islandgreenery.net/" "Mozilla/5.0 (Macintosh; Intel Mac OS X 10_13_6) AppleWebKit/605.1.15 (KHTML, like Gecko) Version/13.1.2 Safari/605.1.15"
69.125.168.208 - - [12/Sep/2020:03:38:48 -0400] "GET /wp-content/themes/islandg/images/bumper-crop-logo.jpg HTTP/1.0" 200 16793 "http://www.islandgreenery.net/" "Mozilla/5.0 (Macintosh; Intel Mac OS X 10_13_6) AppleWebKit/605.1.15 (KHTML, like Gecko) Version/13.1.2 Safari/605.1.15"
69.125.168.208 - - [12/Sep/2020:03:38:48 -0400] "GET /wp-content/themes/islandg/images/propane-block-bg.jpg HTTP/1.0" 200 13183 "http://www.islandgreenery.net/" "Mozilla/5.0 (Macintosh; Intel Mac OS X 10_13_6) AppleWebKit/605.1.15 (KHTML, like Gecko) Version/13.1.2 Safari/605.1.15"
10.30.94.78 - - [12/Sep/2020:04:27:17 -0400] "POST /wp-cron.php?doing_wp_cron=1599899236.4434430599212646484375 HTTP/1.0" 200 - "http://www.islandgreenery.net/wp-cron.php?doing_wp_cron=1599899236.4434430599212646484375" "WordPress/5.4.2; http://www.islandgreenery.net"
39.101.65.235 - - [12/Sep/2020:04:52:03 -0400] "GET /data/admin/allowurl.txt HTTP/1.0" 404 23979 "-" "Mozilla/5.0 (Windows NT 10.0; WOW64; rv:48.0) Gecko/20100101 Firefox/48.0"
10.30.94.78 - - [12/Sep/2020:05:03:03 -0400] "POST /wp-cron.php?doing_wp_cron=1599901382.2695469856262207031250 HTTP/1.0" 200 - "http://www.islandgreenery.net/wp-cron.php?doing_wp_cron=1599901382.2695469856262207031250" "WordPress/5.4.2; http://www.islandgreenery.net"
93.158.161.17 - - [12/Sep/2020:05:03:10 -0400] "GET /robots.txt HTTP/1.0" 200 67 "-" "Mozilla/5.0 (compatible; YandexBot/3.0; +http://yandex.com/bots)"
77.88.5.91 - - [12/Sep/2020:05:03:25 -0400] "GET /wp-content/themes/twentytwelve/js/navigation.js?ver=20140711 HTTP/1.0" 200 1552 "http://www.islandgreenery.net/" "Mozilla/5.0 (compatible; YandexBot/3.0; +http://yandex.com/bots) AppleWebKit/537.36 (KHTML, like Gecko) Chrome/51.0.2704.106"
49.7.21.86 - - [12/Sep/2020:05:12:12 -0400] "GET / HTTP/1.0" 200 30102 "-" "Sogou web spider/4.0(+http://www.sogou.com/docs/help/webmasters.htm#07)"
10.30.94.78 - - [12/Sep/2020:05:29:48 -0400] "POST /wp-cron.php?doing_wp_cron=1599902988.0936019420623779296875 HTTP/1.0" 200 - "http://www.islandgreenery.net/wp-cron.php?doing_wp_cron=1599902988.0936019420623779296875" "WordPress/5.4.2; http://www.islandgreenery.net"
174.197.145.7 - - [12/Sep/2020:05:46:57 -0400] "GET /wp-includes/css/dist/block-library/style.min.css?ver=5.4.2 HTTP/1.0" 200 53593 "http://www.islandgreenery.net/" "Mozilla/5.0 (Linux; Android 8.1.0; Pixel 2) AppleWebKit/537.36 (KHTML, like Gecko) Chrome/80.0.3987.149 Mobile Safari/537.36"
174.197.145.7 - - [12/Sep/2020:05:46:57 -0400] "GET /wp-content/plugins/wp-responsive-menu/inc/assets/icons/wpr-icons.css?ver=3.1.4 HTTP/1.0" 200 12813 "http://www.islandgreenery.net/" "Mozilla/5.0 (Linux; Android 8.1.0; Pixel 2) AppleWebKit/537.36 (KHTML, like Gecko) Chrome/80.0.3987.149 Mobile Safari/537.36"
174.197.145.7 - - [12/Sep/2020:05:46:58 -0400] "GET /wp-content/themes/islandg/images/bower-branch-small.jpg HTTP/1.0" 200 10230 "http://www.islandgreenery.net/" "Mozilla/5.0 (Linux; Android 8.1.0; Pixel 2) AppleWebKit/537.36 (KHTML, like Gecko) Chrome/80.0.3987.149 Mobile Safari/537.36"
174.197.145.7 - - [12/Sep/2020:05:46:58 -0400] "GET /wp-content/themes/islandg/images/cambridge-logo.jpg HTTP/1.0" 200 5448 "http://www.islandgreenery.net/" "Mozilla/5.0 (Linux; Android 8.1.0; Pixel 2) AppleWebKit/537.36 (KHTML, like Gecko) Chrome/80.0.3987.149 Mobile Safari/537.36"
174.197.145.7 - - [12/Sep/2020:05:46:58 -0400] "GET /wp-content/themes/islandg/images/paraco-logo.jpg HTTP/1.0" 200 6286 "http://www.islandgreenery.net/" "Mozilla/5.0 (Linux; Android 8.1.0; Pixel 2) AppleWebKit/537.36 (KHTML, like Gecko) Chrome/80.0.3987.149 Mobile Safari/537.36"
174.197.145.7 - - [12/Sep/2020:05:46:58 -0400] "GET /wp-content/themes/islandg/images/bumper-crop-logo.jpg HTTP/1.0" 200 16793 "http://www.islandgreenery.net/" "Mozilla/5.0 (Linux; Android 8.1.0; Pixel 2) AppleWebKit/537.36 (KHTML, like Gecko) Chrome/80.0.3987.149 Mobile Safari/537.36"
174.197.145.7 - - [12/Sep/2020:05:46:58 -0400] "GET /wp-content/themes/islandg/images/email-bg.jpg HTTP/1.0" 200 9006 "http://www.islandgreenery.net/wp-content/themes/islandg/style.css?ver=5.4.2" "Mozilla/5.0 (Linux; Android 8.1.0; Pixel 2) AppleWebKit/537.36 (KHTML, like Gecko) Chrome/80.0.3987.149 Mobile Safari/537.36"
174.197.145.7 - - [12/Sep/2020:05:46:58 -0400] "GET /wp-content/plugins/master-slider/public/assets/css/common/loading-2.gif HTTP/1.0" 200 2707 "http://www.islandgreenery.net/wp-content/plugins/master-slider/public/assets/css/masterslider.main.css?ver=3.5.8" "Mozilla/5.0 (Linux; Android 8.1.0; Pixel 2) AppleWebKit/537.36 (KHTML, like Gecko) Chrome/80.0.3987.149 Mobile Safari/537.36"
174.197.145.7 - - [12/Sep/2020:05:47:04 -0400] "GET /wp-content/uploads/2016/03/couponHov.png HTTP/1.0" 200 43910 "http://www.islandgreenery.net/specials-coupons/" "Mozilla/5.0 (Linux; Android 8.1.0; Pixel 2) AppleWebKit/537.36 (KHTML, like Gecko) Chrome/80.0.3987.149 Mobile Safari/537.36"
10.30.94.78 - - [12/Sep/2020:07:08:01 -0400] "POST /wp-cron.php?doing_wp_cron=1599908881.3814458847045898437500 HTTP/1.0" 200 - "http://www.islandgreenery.net/wp-cron.php?doing_wp_cron=1599908881.3814458847045898437500" "WordPress/5.4.2; http://www.islandgreenery.net"
47.90.80.159 - - [12/Sep/2020:07:23:11 -0400] "GET /wp-content/plugins/background-image-cropper/content-post.php HTTP/1.0" 301 500 "http://site.ru" "Mozilla/5.0 (Windows; U; Windows NT 5.1; en-US) AppleWebKit/533.4 (KHTML, like Gecko) Chrome/5.0.375.99 Safari/533.4"
47.90.80.159 - - [12/Sep/2020:07:23:41 -0400] "GET /wp-content/plugins/background-image-cropper/content-post.php HTTP/1.0" 301 500 "http://site.ru" "Mozilla/5.0 (Windows; U; Windows NT 5.1; en-US) AppleWebKit/533.4 (KHTML, like Gecko) Chrome/5.0.375.99 Safari/533.4"
174.204.138.58 - - [12/Sep/2020:07:54:08 -0400] "GET /wp-includes/js/jquery/jquery.js?ver=1.12.4-wp HTTP/1.0" 200 96873 "http://www.islandgreenery.net/" "Mozilla/5.0 (iPhone; CPU iPhone OS 13_6 like Mac OS X) AppleWebKit/605.1.15 (KHTML, like Gecko) CriOS/85.0.4183.92 Mobile/15E148 Safari/604.1"
174.204.138.58 - - [12/Sep/2020:07:54:08 -0400] "GET /wp-content/themes/islandg/images/pit-barrel-border.jpg HTTP/1.0" 200 16627 "http://www.islandgreenery.net/" "Mozilla/5.0 (iPhone; CPU iPhone OS 13_6 like Mac OS X) AppleWebKit/605.1.15 (KHTML, like Gecko) CriOS/85.0.4183.92 Mobile/15E148 Safari/604.1"
174.204.138.58 - - [12/Sep/2020:07:54:08 -0400] "GET /wp-content/plugins/wp-responsive-menu/assets/fonts/wprmenu.ttf?p8o4s0 HTTP/1.0" 200 1152 "http://www.islandgreenery.net/" "Mozilla/5.0 (iPhone; CPU iPhone OS 13_6 like Mac OS X) AppleWebKit/605.1.15 (KHTML, like Gecko) CriOS/85.0.4183.92 Mobile/15E148 Safari/604.1"
174.204.138.58 - - [12/Sep/2020:07:54:08 -0400] "GET /wp-content/themes/islandg/images/master-nursery-logo.jpg HTTP/1.0" 200 3944 "http://www.islandgreenery.net/" "Mozilla/5.0 (iPhone; CPU iPhone OS 13_6 like Mac OS X) AppleWebKit/605.1.15 (KHTML, like Gecko) CriOS/85.0.4183.92 Mobile/15E148 Safari/604.1"
174.204.138.58 - - [12/Sep/2020:07:55:15 -0400] "GET /wp-content/uploads/2020/03/IMG_4087-140x80.jpg HTTP/1.0" 200 32975 "http://www.islandgreenery.net/gallery/" "Mozilla/5.0 (iPhone; CPU iPhone OS 13_6 like Mac OS X) AppleWebKit/605.1.15 (KHTML, like Gecko) CriOS/85.0.4183.92 Mobile/15E148 Safari/604.1"
10.30.94.78 - - [12/Sep/2020:08:02:38 -0400] "POST /wp-cron.php?doing_wp_cron=1599912158.2390809059143066406250 HTTP/1.0" 200 - "http://www.islandgreenery.net/wp-cron.php?doing_wp_cron=1599912158.2390809059143066406250" "WordPress/5.4.2; http://www.islandgreenery.net"
10.30.94.78 - - [12/Sep/2020:08:17:35 -0400] "POST /wp-cron.php?doing_wp_cron=1599913055.3971769809722900390625 HTTP/1.0" 200 - "http://www.islandgreenery.net/wp-cron.php?doing_wp_cron=1599913055.3971769809722900390625" "WordPress/5.4.2; http://www.islandgreenery.net"
74.88.36.18 - - [12/Sep/2020:08:24:50 -0400] "GET /wp-content/themes/twentytwelve/js/navigation.js?ver=20140711 HTTP/1.0" 200 1552 "http://www.islandgreenery.net/" "Mozilla/5.0 (Macintosh; Intel Mac OS X 10_10_5) AppleWebKit/537.36 (KHTML, like Gecko) Chrome/84.0.4147.125 Safari/537.36"
74.88.36.18 - - [12/Sep/2020:08:24:50 -0400] "GET /wp-content/plugins/master-slider/public/assets/css/common/loading-2.gif HTTP/1.0" 200 2707 "http://www.islandgreenery.net/wp-content/plugins/master-slider/public/assets/css/masterslider.main.css?ver=3.5.8" "Mozilla/5.0 (Macintosh; Intel Mac OS X 10_10_5) AppleWebKit/537.36 (KHTML, like Gecko) Chrome/84.0.4147.125 Safari/537.36"
96.250.36.43 - - [12/Sep/2020:08:35:58 -0400] "GET / HTTP/1.0" 200 30102 "-" "Mozilla/5.0 (iPhone; CPU iPhone OS 13_4 like Mac OS X) AppleWebKit/605.1.15 (KHTML, like Gecko) Version/13.1 Mobile/15E148 Safari/604.1"
96.250.36.43 - - [12/Sep/2020:08:36:03 -0400] "GET /wp-content/themes/islandg/images/cambridge-logo.jpg HTTP/1.0" 200 5448 "http://www.islandgreenery.net/" "Mozilla/5.0 (iPhone; CPU iPhone OS 13_4 like Mac OS X) AppleWebKit/605.1.15 (KHTML, like Gecko) Version/13.1 Mobile/15E148 Safari/604.1"
96.250.36.43 - - [12/Sep/2020:08:36:03 -0400] "GET /wp-content/uploads/2020/05/late-spring-banner-bg-3.jpg HTTP/1.0" 200 62771 "http://www.islandgreenery.net/" "Mozilla/5.0 (iPhone; CPU iPhone OS 13_4 like Mac OS X) AppleWebKit/605.1.15 (KHTML, like Gecko) Version/13.1 Mobile/15E148 Safari/604.1"
185.206.225.170 - - [12/Sep/2020:08:46:42 -0400] "GET /contact-us/ HTTP/1.0" 200 31293 "http://www.islandgreenery.net/contact-us/" "Mozilla/5.0 (Windows NT 10.0) AppleWebKit/537.36 (KHTML, like Gecko) Chrome/67.0.3396.99 Safari/537.36"
174.197.141.95 - - [12/Sep/2020:09:18:34 -0400] "GET /wp-includes/js/jquery/jquery.js?ver=1.12.4-wp HTTP/1.0" 200 96873 "http://www.islandgreenery.net/" "Mozilla/5.0 (iPhone; CPU iPhone OS 12_3_1 like Mac OS X) AppleWebKit/605.1.15 (KHTML, like Gecko) Version/12.1.1 Mobile/15E148 Safari/604.1"
174.197.141.95 - - [12/Sep/2020:09:18:34 -0400] "GET /wp-content/plugins/wp-responsive-menu/inc/assets/icons/fonts/icomoon.ttf?5ujmx2 HTTP/1.0" 200 50268 "http://www.islandgreenery.net/" "Mozilla/5.0 (iPhone; CPU iPhone OS 12_3_1 like Mac OS X) AppleWebKit/605.1.15 (KHTML, like Gecko) Version/12.1.1 Mobile/15E148 Safari/604.1"
