98.116.104.205 - - [12/Sep/2020:14:43:17 -0400] "GET /wp-content/plugins/master-slider/public/assets/css/common/loading-2.gif HTTP/1.0" 200 2707 "http://www.islandgreenery.net/wp-content/plugins/master-slider/public/assets/css/masterslider.main.css?ver=3.5.8" "Mozilla/5.0 (Linux; Android 10; SM-G988U) AppleWebKit/537.36 (KHTML, like Gecko) Chrome/85.0.4183.101 Mobile Safari/537.36"
98.116.104.205 - - [12/Sep/2020:14:43:17 -0400] "GET /wp-content/plugins/wp-responsive-menu/assets/fonts/wprmenu.ttf?p8o4s0 HTTP/1.0" 200 1152 "http://www.islandgreenery.net/wp-content/plugins/wp-responsive-menu/assets/css/wprmenu.css?ver=3.1.4" "Mozilla/5.0 (Linux; Android 10; SM-G988U) AppleWebKit/537.36 (KHTML, like Gecko) Chrome/85.0.4183.101 Mobile Safari/537.36"
98.116.104.205 - - [12/Sep/2020:14:43:17 -0400] "GET /wp-content/themes/islandg/images/monrovia-logo.jpg HTTP/1.0" 200 3074 "http://www.islandgreenery.net/" "Mozilla/5.0 (Linux; Android 10; SM-G988U) AppleWebKit/537.36 (KHTML, like Gecko) Chrome/85.0.4183.101 Mobile Safari/537.36"
98.116.104.205 - - [12/Sep/2020:14:43:17 -0400] "GET /wp-content/themes/islandg/images/delea-logo.jpg HTTP/1.0" 200 3619 "http://www.islandgreenery.net/" "Mozilla/5.0 (Linux; Android 10; SM-G988U) AppleWebKit/537.36 (KHTML, like Gecko) Chrome/85.0.4183.101 Mobile Safari/537.36"
98.116.104.205 - - [12/Sep/2020:14:43:18 -0400] "GET /wp-content/themes/islandg/images/gcs-logo.png HTTP/1.0" 200 16391 "http://www.islandgreenery.net/" "Mozilla/5.0 (Linux; Android 10; SM-G988U) AppleWebKit/537.36 (KHTML, like Gecko) Chrome/85.0.4183.101 Mobile Safari/537.36"
98.116.104.205 - - [12/Sep/2020:14:43:18 -0400] "GET /wp-content/uploads/2020/05/late-spring-banner-bg-3.jpg HTTP/1.0" 200 62771 "http://www.islandgreenery.net/" "Mozilla/5.0 (Linux; Android 10; SM-G988U) AppleWebKit/537.36 (KHTML, like Gecko) Chrome/85.0.4183.101 Mobile Safari/537.36"
98.116.104.205 - - [12/Sep/2020:14:43:18 -0400] "GET /wp-content/uploads/2020/05/late-spring-banner-bg-4.jpg HTTP/1.0" 200 22286 "http://www.islandgreenery.net/" "Mozilla/5.0 (Linux; Android 10; SM-G988U) AppleWebKit/537.36 (KHTML, like Gecko) Chrome/85.0.4183.101 Mobile Safari/537.36"
114.119.136.66 - - [12/Sep/2020:14:55:26 -0400] "GET /specials-coupons/ HTTP/1.0" 200 24651 "-" "Mozilla/5.0 (Linux; Android 7.0;) AppleWebKit/537.36 (KHTML, like Gecko) Mobile Safari/537.36 (compatible; PetalBot;+http://aspiegel.com/petalbot)"
174.197.135.0 - - [12/Sep/2020:15:38:11 -0400] "GET /wp-includes/js/wp-embed.min.js?ver=5.4.2 HTTP/1.0" 200 1434 "http://www.islandgreenery.net/" "Mozilla/5.0 (iPhone; CPU iPhone OS 13_7 like Mac OS X) AppleWebKit/605.1.15 (KHTML, like Gecko) Version/13.1.2 Mobile/15E148 Safari/604.1"
174.197.135.0 - - [12/Sep/2020:15:38:12 -0400] "GET /wp-content/themes/islandg/images/monrovia-logo.jpg HTTP/1.0" 200 3074 "http://www.islandgreenery.net/" "Mozilla/5.0 (iPhone; CPU iPhone OS 13_7 like Mac OS X) AppleWebKit/605.1.15 (KHTML, like Gecko) Version/13.1.2 Mobile/15E148 Safari/604.1"
174.197.135.0 - - [12/Sep/2020:15:38:12 -0400] "GET /wp-content/plugins/wp-responsive-menu/assets/fonts/wprmenu.ttf?p8o4s0 HTTP/1.0" 200 1152 "http://www.islandgreenery.net/" "Mozilla/5.0 (iPhone; CPU iPhone OS 13_7 like Mac OS X) AppleWebKit/605.1.15 (KHTML, like Gecko) Version/13.1.2 Mobile/15E148 Safari/604.1"
174.197.135.0 - - [12/Sep/2020:15:38:12 -0400] "GET /wp-content/uploads/2020/05/late-spring-banner-bg-3.jpg HTTP/1.0" 200 62771 "http://www.islandgreenery.net/" "Mozilla/5.0 (iPhone; CPU iPhone OS 13_7 like Mac OS X) AppleWebKit/605.1.15 (KHTML, like Gecko) Version/13.1.2 Mobile/15E148 Safari/604.1"
172.58.227.108 - - [12/Sep/2020:15:39:27 -0400] "GET /wp-content/plugins/wp-responsive-menu/assets/css/wprmenu.css?ver=3.1.4 HTTP/1.0" 200 9623 "http://www.islandgreenery.net/" "Mozilla/5.0 (iPhone; CPU iPhone OS 13_6_1 like Mac OS X) AppleWebKit/605.1.15 (KHTML, like Gecko) Version/13.1.2 Mobile/15E148 Safari/604.1"
172.58.227.108 - - [12/Sep/2020:15:39:28 -0400] "GET /wp-content/plugins/master-slider/public/assets/css/masterslider.main.css?ver=3.5.8 HTTP/1.0" 200 66525 "http://www.islandgreenery.net/" "Mozilla/5.0 (iPhone; CPU iPhone OS 13_6_1 like Mac OS X) AppleWebKit/605.1.15 (KHTML, like Gecko) Version/13.1.2 Mobile/15E148 Safari/604.1"
172.58.227.108 - - [12/Sep/2020:15:39:28 -0400] "GET /wp-content/plugins/wp-responsive-menu/assets/js/modernizr.custom.js?ver=3.1.4 HTTP/1.0" 200 7197 "http://www.islandgreenery.net/" "Mozilla/5.0 (iPhone; CPU iPhone OS 13_6_1 like Mac OS X) AppleWebKit/605.1.15 (KHTML, like Gecko) Version/13.1.2 Mobile/15E148 Safari/604.1"
172.58.227.108 - - [12/Sep/2020:15:39:29 -0400] "GET /wp-content/themes/islandg/images/master-nursery-logo.jpg HTTP/1.0" 200 3944 "http://www.islandgreenery.net/" "Mozilla/5.0 (iPhone; CPU iPhone OS 13_6_1 like Mac OS X) AppleWebKit/605.1.15 (KHTML, like Gecko) Version/13.1.2 Mobile/15E148 Safari/604.1"
172.58.227.108 - - [12/Sep/2020:15:39:29 -0400] "GET /wp-content/uploads/2020/05/late-spring-banner-bg-2.jpg HTTP/1.0" 200 23114 "http://www.islandgreenery.net/" "Mozilla/5.0 (iPhone; CPU iPhone OS 13_6_1 like Mac OS X) AppleWebKit/605.1.15 (KHTML, like Gecko) Version/13.1.2 Mobile/15E148 Safari/604.1"
172.58.227.108 - - [12/Sep/2020:15:39:39 -0400] "GET /wp-content/uploads/2016/03/couponHov.png HTTP/1.0" 200 43910 "http://www.islandgreenery.net/propane-supply/" "Mozilla/5.0 (iPhone; CPU iPhone OS 13_6_1 like Mac OS X) AppleWebKit/605.1.15 (KHTML, like Gecko) Version/13.1.2 Mobile/15E148 Safari/604.1"
172.58.227.108 - - [12/Sep/2020:15:39:39 -0400] "GET /propane-supply/ HTTP/1.0" 200 26615 "http://www.islandgreenery.net/propane-supply/" "Mozilla/5.0 (iPhone; CPU iPhone OS 13_6_1 like Mac OS X) AppleWebKit/605.1.15 (KHTML, like Gecko) Version/13.1.2 Mobile/15E148 Safari/604.1"
27.116.125.146 - - [12/Sep/2020:16:00:30 -0400] "GET /wp-login.php HTTP/1.0" 200 5059 "http://islandgreenery.net/wp-login.php" "Mozilla/5.0 (Windows NT 10.0; WOW64) AppleWebKit/537.36 (KHTML, like Gecko) Chrome/62.0.3198.0 Safari/537.36 OPR/49.0.2711.0"
174.197.139.243 - - [12/Sep/2020:16:14:13 -0400] "GET /wp-content/plugins/wp-responsive-menu/assets/css/wpr-hamburger.css?ver=3.1.4 HTTP/1.0" 200 22025 "http://www.islandgreenery.net/" "Mozilla/5.0 (iPhone; CPU iPhone OS 13_6_1 like Mac OS X) AppleWebKit/605.1.15 (KHTML, like Gecko) Version/13.1.2 Mobile/15E148 Safari/604.1"
96.250.17.56 - - [12/Sep/2020:16:14:13 -0400] "GET /wp-content/plugins/wp-responsive-menu/assets/js/wprmenu.js?ver=3.1.4 HTTP/1.0" 200 8525 "http://www.islandgreenery.net/" "Mozilla/5.0 (iPhone; CPU iPhone OS 13_6_1 like Mac OS X) AppleWebKit/605.1.15 (KHTML, like Gecko) Version/13.1.2 Mobile/15E148 Safari/604.1"
96.250.17.56 - - [12/Sep/2020:16:14:14 -0400] "GET /wp-content/themes/islandg/images/nicolock-logo.jpg HTTP/1.0" 200 5694 "http://www.islandgreenery.net/" "Mozilla/5.0 (iPhone; CPU iPhone OS 13_6_1 like Mac OS X) AppleWebKit/605.1.15 (KHTML, like Gecko) Version/13.1.2 Mobile/15E148 Safari/604.1"
96.250.17.56 - - [12/Sep/2020:16:14:14 -0400] "GET /wp-content/themes/islandg/images/delea-logo.jpg HTTP/1.0" 200 3619 "http://www.islandgreenery.net/" "Mozilla/5.0 (iPhone; CPU iPhone OS 13_6_1 like Mac OS X) AppleWebKit/605.1.15 (KHTML, like Gecko) Version/13.1.2 Mobile/15E148 Safari/604.1"
96.250.17.56 - - [12/Sep/2020:16:14:14 -0400] "GET /wp-content/themes/islandg/images/paraco-logo.jpg HTTP/1.0" 200 6286 "http://www.islandgreenery.net/" "Mozilla/5.0 (iPhone; CPU iPhone OS 13_6_1 like Mac OS X) AppleWebKit/605.1.15 (KHTML, like Gecko) Version/13.1.2 Mobile/15E148 Safari/604.1"
96.250.17.56 - - [12/Sep/2020:16:14:14 -0400] "GET /wp-content/themes/islandg/images/bumper-crop-logo.jpg HTTP/1.0" 200 16793 "http://www.islandgreenery.net/" "Mozilla/5.0 (iPhone; CPU iPhone OS 13_6_1 like Mac OS X) AppleWebKit/605.1.15 (KHTML, like Gecko) Version/13.1.2 Mobile/15E148 Safari/604.1"
96.250.17.56 - - [12/Sep/2020:16:14:14 -0400] "GET /wp-content/themes/islandg/images/master-nursery-logo.jpg HTTP/1.0" 200 3944 "http://www.islandgreenery.net/" "Mozilla/5.0 (iPhone; CPU iPhone OS 13_6_1 like Mac OS X) AppleWebKit/605.1.15 (KHTML, like Gecko) Version/13.1.2 Mobile/15E148 Safari/604.1"
96.250.17.56 - - [12/Sep/2020:16:14:14 -0400] "GET /wp-content/themes/islandg/images/design-grad.png HTTP/1.0" 200 200 "http://www.islandgreenery.net/" "Mozilla/5.0 (iPhone; CPU iPhone OS 13_6_1 like Mac OS X) AppleWebKit/605.1.15 (KHTML, like Gecko) Version/13.1.2 Mobile/15E148 Safari/604.1"
96.250.17.56 - - [12/Sep/2020:16:14:39 -0400] "GET /emailer-signup/ HTTP/1.0" 200 26059 "http://www.islandgreenery.net/emailer-signup/" "Mozilla/5.0 (iPhone; CPU iPhone OS 13_6_1 like Mac OS X) AppleWebKit/605.1.15 (KHTML, like Gecko) Version/13.1.2 Mobile/15E148 Safari/604.1"
96.250.17.56 - - [12/Sep/2020:16:15:04 -0400] "GET /emailer-signup/ HTTP/1.0" 200 26059 "http://www.islandgreenery.net/emailer-signup/" "Mozilla/5.0 (iPhone; CPU iPhone OS 13_6_1 like Mac OS X) AppleWebKit/605.1.15 (KHTML, like Gecko) Version/13.1.2 Mobile/15E148 Safari/604.1"
96.250.17.56 - - [12/Sep/2020:16:15:11 -0400] "GET /favicon.ico HTTP/1.0" 302 - "-" "Mozilla/5.0 (Macintosh; Intel Mac OS X 10_11_1) AppleWebKit/601.2.4 (KHTML, like Gecko) Version/9.0.1 Safari/601.2.4 facebookexternalhit/1.1 Facebot Twitterbot/1.0"
34.74.200.216 - - [12/Sep/2020:16:37:36 -0400] "GET / HTTP/1.0" 301 - "-" "ZoominfoBot (zoominfobot at zoominfo dot com)"
54.36.148.118 - - [12/Sep/2020:16:49:08 -0400] "GET / HTTP/1.0" 301 - "-" "Mozilla/5.0 (compatible; AhrefsBot/7.0; +http://ahrefs.com/robot/)"
10.30.94.78 - - [12/Sep/2020:17:06:16 -0400] "POST /wp-cron.php?doing_wp_cron=1599944776.2742629051208496093750 HTTP/1.0" 200 - "http://www.islandgreenery.net/wp-cron.php?doing_wp_cron=1599944776.2742629051208496093750" "WordPress/5.4.2; http://www.islandgreenery.net"
114.119.141.146 - - [12/Sep/2020:17:06:17 -0400] "GET /category/in-the-nursery/ HTTP/1.0" 200 25631 "-" "Mozilla/5.0 (Linux; Android 7.0;) AppleWebKit/537.36 (KHTML, like Gecko) Mobile Safari/537.36 (compatible; PetalBot;+http://aspiegel.com/petalbot)"
40.84.216.130 - - [12/Sep/2020:17:06:22 -0400] "POST ///wp-content/plugins/wp-file-manager/lib/files/Mpuavf.php HTTP/1.0" 404 24479 "-" "python-requests/2.24.0"
13.90.92.198 - - [12/Sep/2020:17:45:48 -0400] "POST / HTTP/1.0" 200 30086 "-" "Mozilla/5.0 (X11; Linux x86_64) AppleWebKit/537.36 (KHTML, like Gecko) Chrome/81.0.4044.129 Safari/537.36"
67.84.85.75 - - [12/Sep/2020:18:11:17 -0400] "GET /wp-includes/js/wp-emoji-release.min.js?ver=5.4.2 HTTP/1.0" 200 13901 "http://www.islandgreenery.net/" "Mozilla/5.0 (Windows NT 6.0) AppleWebKit/537.36 (KHTML, like Gecko) Chrome/49.0.2623.112 Safari/537.36"
67.84.85.75 - - [12/Sep/2020:18:11:18 -0400] "GET /wp-content/plugins/wp-responsive-menu/assets/css/wprmenu.css?ver=3.1.4 HTTP/1.0" 200 9623 "http://www.islandgreenery.net/" "Mozilla/5.0 (Windows NT 6.0) AppleWebKit/537.36 (KHTML, like Gecko) Chrome/49.0.2623.112 Safari/537.36"
67.84.85.75 - - [12/Sep/2020:18:11:20 -0400] "GET /wp-content/themes/islandg/images/monrovia-logo.jpg HTTP/1.0" 200 3074 "http://www.islandgreenery.net/" "Mozilla/5.0 (Windows NT 6.0) AppleWebKit/537.36 (KHTML, like Gecko) Chrome/49.0.2623.112 Safari/537.36"
67.84.85.75 - - [12/Sep/2020:18:11:20 -0400] "GET /wp-content/plugins/master-slider/public/assets/js/jquery.easing.min.js?ver=3.5.8 HTTP/1.0" 200 5555 "http://www.islandgreenery.net/" "Mozilla/5.0 (Windows NT 6.0) AppleWebKit/537.36 (KHTML, like Gecko) Chrome/49.0.2623.112 Safari/537.36"
67.84.85.75 - - [12/Sep/2020:18:11:21 -0400] "GET /wp-content/themes/islandg/images/masthead-bg.jpg HTTP/1.0" 200 5539 "http://www.islandgreenery.net/wp-content/themes/islandg/style.css?ver=5.4.2" "Mozilla/5.0 (Windows NT 6.0) AppleWebKit/537.36 (KHTML, like Gecko) Chrome/49.0.2623.112 Safari/537.36"
67.84.85.75 - - [12/Sep/2020:18:11:21 -0400] "GET /wp-content/themes/islandg/images/email-bg.jpg HTTP/1.0" 200 9006 "http://www.islandgreenery.net/wp-content/themes/islandg/style.css?ver=5.4.2" "Mozilla/5.0 (Windows NT 6.0) AppleWebKit/537.36 (KHTML, like Gecko) Chrome/49.0.2623.112 Safari/537.36"
67.84.85.75 - - [12/Sep/2020:18:11:21 -0400] "GET /wp-content/themes/islandg/images/footer-bg.jpg HTTP/1.0" 200 14183 "http://www.islandgreenery.net/wp-content/themes/islandg/style.css?ver=5.4.2" "Mozilla/5.0 (Windows NT 6.0) AppleWebKit/537.36 (KHTML, like Gecko) Chrome/49.0.2623.112 Safari/537.36"
67.84.85.75 - - [12/Sep/2020:18:11:21 -0400] "GET /wp-content/plugins/master-slider/public/assets/css/common/grab.png HTTP/1.0" 200 2893 "http://www.islandgreenery.net/wp-content/plugins/master-slider/public/assets/css/masterslider.main.css?ver=3.5.8" "Mozilla/5.0 (Windows NT 6.0) AppleWebKit/537.36 (KHTML, like Gecko) Chrome/49.0.2623.112 Safari/537.36"
67.84.85.75 - - [12/Sep/2020:18:11:23 -0400] "GET /wp-content/uploads/2020/05/late-spring-banner-bg-5.jpg HTTP/1.0" 200 30749 "http://www.islandgreenery.net/" "Mozilla/5.0 (Windows NT 6.0) AppleWebKit/537.36 (KHTML, like Gecko) Chrome/49.0.2623.112 Safari/537.36"
67.84.85.75 - - [12/Sep/2020:18:11:52 -0400] "GET /wp-content/uploads/2020/03/IMG_1842-1-140x80.jpg HTTP/1.0" 200 28318 "http://www.islandgreenery.net/gallery/" "Mozilla/5.0 (Windows NT 6.0) AppleWebKit/537.36 (KHTML, like Gecko) Chrome/49.0.2623.112 Safari/537.36"
67.84.85.75 - - [12/Sep/2020:18:11:52 -0400] "GET /wp-content/uploads/2016/03/Hagan_7-940x480.png HTTP/1.0" 200 713665 "http://www.islandgreenery.net/gallery/" "Mozilla/5.0 (Windows NT 6.0) AppleWebKit/537.36 (KHTML, like Gecko) Chrome/49.0.2623.112 Safari/537.36"
67.84.85.75 - - [12/Sep/2020:18:12:38 -0400] "GET /wp-content/uploads/2016/03/Delaccio_1-940x480.png HTTP/1.0" 200 878911 "http://www.islandgreenery.net/gallery/" "Mozilla/5.0 (Windows NT 6.0) AppleWebKit/537.36 (KHTML, like Gecko) Chrome/49.0.2623.112 Safari/537.36"
67.84.85.75 - - [12/Sep/2020:18:12:46 -0400] "GET /wp-content/uploads/2020/03/IMG_3173-940x480.jpg HTTP/1.0" 200 461343 "http://www.islandgreenery.net/gallery/" "Mozilla/5.0 (Windows NT 6.0) AppleWebKit/537.36 (KHTML, like Gecko) Chrome/49.0.2623.112 Safari/537.36"
67.84.85.75 - - [12/Sep/2020:18:13:03 -0400] "GET /wp-content/uploads/2020/03/IMG_4142-e1583341862699-940x480.jpg HTTP/1.0" 200 453941 "http://www.islandgreenery.net/gallery/" "Mozilla/5.0 (Windows NT 6.0) AppleWebKit/537.36 (KHTML, like Gecko) Chrome/49.0.2623.112 Safari/537.36"
72.69.137.193 - - [12/Sep/2020:18:41:45 -0400] "GET /wp-content/themes/islandg/style.css?ver=5.4.2 HTTP/1.0" 200 77097 "http://www.islandgreenery.net/" "Mozilla/5.0 (iPhone; CPU iPhone OS 13_7 like Mac OS X) AppleWebKit/605.1.15 (KHTML, like Gecko) Version/13.1.2 Mobile/15E148 Safari/604.1"
72.69.137.193 - - [12/Sep/2020:18:41:45 -0400] "GET /wp-content/themes/islandg/images/nicolock-logo.jpg HTTP/1.0" 200 5694 "http://www.islandgreenery.net/" "Mozilla/5.0 (iPhone; CPU iPhone OS 13_7 like Mac OS X) AppleWebKit/605.1.15 (KHTML, like Gecko) Version/13.1.2 Mobile/15E148 Safari/604.1"
72.69.137.193 - - [12/Sep/2020:18:41:45 -0400] "GET /wp-content/themes/islandg/images/monrovia-logo.jpg HTTP/1.0" 200 3074 "http://www.islandgreenery.net/" "Mozilla/5.0 (iPhone; CPU iPhone OS 13_7 like Mac OS X) AppleWebKit/605.1.15 (KHTML, like Gecko) Version/13.1.2 Mobile/15E148 Safari/604.1"
72.69.137.193 - - [12/Sep/2020:18:41:45 -0400] "GET /wp-content/themes/islandg/images/delea-logo.jpg HTTP/1.0" 200 3619 "http://www.islandgreenery.net/" "Mozilla/5.0 (iPhone; CPU iPhone OS 13_7 like Mac OS X) AppleWebKit/605.1.15 (KHTML, like Gecko) Version/13.1.2 Mobile/15E148 Safari/604.1"
72.69.137.193 - - [12/Sep/2020:18:42:44 -0400] "GET /wp-content/uploads/2016/03/Delaccio_1-140x80.png HTTP/1.0" 200 30649 "http://www.islandgreenery.net/gallery/" "Mozilla/5.0 (iPhone; CPU iPhone OS 13_7 like Mac OS X) AppleWebKit/605.1.15 (KHTML, like Gecko) Version/13.1.2 Mobile/15E148 Safari/604.1"
72.69.137.193 - - [12/Sep/2020:18:42:48 -0400] "GET /wp-content/uploads/2016/03/Hagan_2-940x480.png HTTP/1.0" 200 922361 "http://www.islandgreenery.net/gallery/" "Mozilla/5.0 (iPhone; CPU iPhone OS 13_7 like Mac OS X) AppleWebKit/605.1.15 (KHTML, like Gecko) Version/13.1.2 Mobile/15E148 Safari/604.1"
10.30.94.78 - - [12/Sep/2020:19:00:50 -0400] "POST /wp-cron.php?doing_wp_cron=1599951653.3810160160064697265625 HTTP/1.0" 200 - "http://www.islandgreenery.net/wp-cron.php?doing_wp_cron=1599951653.3810160160064697265625" "WordPress/5.4.2; http://www.islandgreenery.net"
10.30.94.78 - - [12/Sep/2020:19:19:24 -0400] "POST /wp-cron.php?doing_wp_cron=1599952764.3247370719909667968750 HTTP/1.0" 200 - "http://www.islandgreenery.net/wp-cron.php?doing_wp_cron=1599952764.3247370719909667968750" "WordPress/5.4.2; http://www.islandgreenery.net"
100.2.7.169 - - [12/Sep/2020:19:19:59 -0400] "GET / HTTP/1.0" 200 30102 "-" "Mozilla/5.0 (iPad; CPU OS 9_3_6 like Mac OS X) AppleWebKit/601.1.46 (KHTML, like Gecko) Version/9.0 Mobile/13G37 Safari/601.1"
10.30.94.78 - - [12/Sep/2020:19:33:35 -0400] "POST /wp-cron.php?doing_wp_cron=1599953618.6745278835296630859375 HTTP/1.0" 200 - "http://www.islandgreenery.net/wp-cron.php?doing_wp_cron=1599953618.6745278835296630859375" "WordPress/5.4.2; http://www.islandgreenery.net"
24.191.74.181 - - [12/Sep/2020:19:34:39 -0400] "GET /wp-includes/js/jquery/jquery.js?ver=1.12.4-wp HTTP/1.0" 200 96873 "http://www.islandgreenery.net/" "Mozilla/5.0 (Windows NT 10.0; Win64; x64) AppleWebKit/537.36 (KHTML, like Gecko) Chrome/85.0.4183.102 Safari/537.36"
24.191.74.181 - - [12/Sep/2020:19:34:39 -0400] "GET /wp-content/plugins/wp-responsive-menu/assets/js/wprmenu.js?ver=3.1.4 HTTP/1.0" 200 8525 "http://www.islandgreenery.net/" "Mozilla/5.0 (Windows NT 10.0; Win64; x64) AppleWebKit/537.36 (KHTML, like Gecko) Chrome/85.0.4183.102 Safari/537.36"
24.191.74.181 - - [12/Sep/2020:19:34:39 -0400] "GET /wp-content/themes/islandg/images/facebook-icon.png HTTP/1.0" 200 2368 "http://www.islandgreenery.net/" "Mozilla/5.0 (Windows NT 10.0; Win64; x64) AppleWebKit/537.36 (KHTML, like Gecko) Chrome/85.0.4183.102 Safari/537.36"
24.191.74.181 - - [12/Sep/2020:19:34:40 -0400] "GET /wp-content/themes/islandg/images/paraco-logo.jpg HTTP/1.0" 200 6286 "http://www.islandgreenery.net/" "Mozilla/5.0 (Windows NT 10.0; Win64; x64) AppleWebKit/537.36 (KHTML, like Gecko) Chrome/85.0.4183.102 Safari/537.36"
24.191.74.181 - - [12/Sep/2020:19:34:40 -0400] "GET /wp-includes/js/wp-emoji-release.min.js?ver=5.4.2 HTTP/1.0" 200 13901 "http://www.islandgreenery.net/" "Mozilla/5.0 (Windows NT 10.0; Win64; x64) AppleWebKit/537.36 (KHTML, like Gecko) Chrome/85.0.4183.102 Safari/537.36"
104.131.54.149 - - [12/Sep/2020:19:47:43 -0400] "GET /adminer-3.6.4.php HTTP/1.0" 404 24479 "-" "Mozilla/5.0 (Macintosh; Intel Mac OS X 10_14_4) AppleWebKit/605.1.15 (KHTML, like Gecko) Version/12.1 Safari/605.1.15"
24.47.242.45 - - [12/Sep/2020:19:54:03 -0400] "GET /wp-content/themes/twentytwelve/js/navigation.js?ver=20140711 HTTP/1.0" 200 1552 "http://www.islandgreenery.net/" "Mozilla/5.0 (Macintosh; Intel Mac OS X 10_15_4) AppleWebKit/605.1.15 (KHTML, like Gecko) Version/13.1.2 Safari/605.1.15"
24.47.242.45 - - [12/Sep/2020:19:54:03 -0400] "GET /wp-content/themes/islandg/images/master-nursery-logo.jpg HTTP/1.0" 200 3944 "http://www.islandgreenery.net/" "Mozilla/5.0 (Macintosh; Intel Mac OS X 10_15_4) AppleWebKit/605.1.15 (KHTML, like Gecko) Version/13.1.2 Safari/605.1.15"
24.47.242.45 - - [12/Sep/2020:19:54:03 -0400] "GET /wp-content/uploads/2020/05/late-spring-banner-bg-3.jpg HTTP/1.0" 200 62771 "http://www.islandgreenery.net/" "Mozilla/5.0 (Macintosh; Intel Mac OS X 10_15_4) AppleWebKit/605.1.15 (KHTML, like Gecko) Version/13.1.2 Safari/605.1.15"
24.47.242.45 - - [12/Sep/2020:19:54:31 -0400] "GET /wp-content/uploads/2016/03/propane-tank.jpg HTTP/1.0" 200 34049 "http://www.islandgreenery.net/propane-supply/" "Mozilla/5.0 (Macintosh; Intel Mac OS X 10_15_4) AppleWebKit/605.1.15 (KHTML, like Gecko) Version/13.1.2 Safari/605.1.15"
66.249.79.171 - - [12/Sep/2020:19:58:03 -0400] "GET / HTTP/1.0" 200 30102 "-" "Mozilla/5.0 (Linux; Android 6.0.1; Nexus 5X Build/MMB29P) AppleWebKit/537.36 (KHTML, like Gecko) Chrome/80.0.3987.92 Mobile Safari/537.36 (compatible; Googlebot/2.1; +http://www.google.com/bot.html)"
69.113.193.67 - - [12/Sep/2020:19:59:06 -0400] "GET /wp-content/plugins/wp-responsive-menu/assets/js/jquery.touchSwipe.min.js?ver=3.1.4 HTTP/1.0" 200 10290 "http://www.islandgreenery.net/" "Mozilla/5.0 (iPhone; CPU iPhone OS 13_7 like Mac OS X) AppleWebKit/605.1.15 (KHTML, like Gecko) Version/13.1.2 Mobile/15E148 Safari/604.1"
69.113.193.67 - - [12/Sep/2020:19:59:06 -0400] "GET /wp-content/themes/twentytwelve/style.css HTTP/1.0" 200 36443 "http://www.islandgreenery.net/" "Mozilla/5.0 (iPhone; CPU iPhone OS 13_7 like Mac OS X) AppleWebKit/605.1.15 (KHTML, like Gecko) Version/13.1.2 Mobile/15E148 Safari/604.1"
69.113.193.67 - - [12/Sep/2020:19:59:06 -0400] "GET /wp-content/themes/islandg/images/logo.png HTTP/1.0" 200 71909 "http://www.islandgreenery.net/" "Mozilla/5.0 (iPhone; CPU iPhone OS 13_7 like Mac OS X) AppleWebKit/605.1.15 (KHTML, like Gecko) Version/13.1.2 Mobile/15E148 Safari/604.1"
69.113.193.67 - - [12/Sep/2020:19:59:06 -0400] "GET /wp-content/themes/islandg/images/bower-branch-small.jpg HTTP/1.0" 200 10230 "http://www.islandgreenery.net/" "Mozilla/5.0 (iPhone; CPU iPhone OS 13_7 like Mac OS X) AppleWebKit/605.1.15 (KHTML, like Gecko) Version/13.1.2 Mobile/15E148 Safari/604.1"
10.30.94.78 - - [12/Sep/2020:19:59:04 -0400] "POST /wp-cron.php?doing_wp_cron=1599955144.8761329650878906250000 HTTP/1.0" 200 - "http://www.islandgreenery.net/wp-cron.php?doing_wp_cron=1599955144.8761329650878906250000" "WordPress/5.4.2; http://www.islandgreenery.net"
69.113.193.67 - - [12/Sep/2020:19:59:06 -0400] "GET /wp-content/themes/islandg/images/delea-logo.jpg HTTP/1.0" 200 3619 "http://www.islandgreenery.net/" "Mozilla/5.0 (iPhone; CPU iPhone OS 13_7 like Mac OS X) AppleWebKit/605.1.15 (KHTML, like Gecko) Version/13.1.2 Mobile/15E148 Safari/604.1"
69.113.193.67 - - [12/Sep/2020:19:59:06 -0400] "GET /wp-content/themes/islandg/images/bumper-crop-logo.jpg HTTP/1.0" 200 16793 "http://www.islandgreenery.net/" "Mozilla/5.0 (iPhone; CPU iPhone OS 13_7 like Mac OS X) AppleWebKit/605.1.15 (KHTML, like Gecko) Version/13.1.2 Mobile/15E148 Safari/604.1"
69.113.193.67 - - [12/Sep/2020:19:59:06 -0400] "GET /wp-content/themes/islandg/images/gcs-logo.png HTTP/1.0" 200 16391 "http://www.islandgreenery.net/" "Mozilla/5.0 (iPhone; CPU iPhone OS 13_7 like Mac OS X) AppleWebKit/605.1.15 (KHTML, like Gecko) Version/13.1.2 Mobile/15E148 Safari/604.1"
69.113.193.67 - - [12/Sep/2020:19:59:06 -0400] "GET /wp-content/plugins/wp-responsive-menu/assets/fonts/wprmenu.ttf?p8o4s0 HTTP/1.0" 200 1152 "http://www.islandgreenery.net/" "Mozilla/5.0 (iPhone; CPU iPhone OS 13_7 like Mac OS X) AppleWebKit/605.1.15 (KHTML, like Gecko) Version/13.1.2 Mobile/15E148 Safari/604.1"
69.113.193.67 - - [12/Sep/2020:19:59:07 -0400] "GET /wp-content/themes/islandg/images/email-bg.jpg HTTP/1.0" 200 9006 "http://www.islandgreenery.net/" "Mozilla/5.0 (iPhone; CPU iPhone OS 13_7 like Mac OS X) AppleWebKit/605.1.15 (KHTML, like Gecko) Version/13.1.2 Mobile/15E148 Safari/604.1"
69.113.193.67 - - [12/Sep/2020:19:59:07 -0400] "GET /wp-content/themes/islandg/images/design-services-bg.jpg HTTP/1.0" 200 43520 "http://www.islandgreenery.net/" "Mozilla/5.0 (iPhone; CPU iPhone OS 13_7 like Mac OS X) AppleWebKit/605.1.15 (KHTML, like Gecko) Version/13.1.2 Mobile/15E148 Safari/604.1"
69.113.193.67 - - [12/Sep/2020:19:59:07 -0400] "GET /wp-content/themes/islandg/images/yellow-grad-bg.png HTTP/1.0" 200 307 "http://www.islandgreenery.net/" "Mozilla/5.0 (iPhone; CPU iPhone OS 13_7 like Mac OS X) AppleWebKit/605.1.15 (KHTML, like Gecko) Version/13.1.2 Mobile/15E148 Safari/604.1"
69.113.193.67 - - [12/Sep/2020:19:59:07 -0400] "GET /wp-content/uploads/2020/05/late-spring-banner-bg-5.jpg HTTP/1.0" 200 30749 "http://www.islandgreenery.net/" "Mozilla/5.0 (iPhone; CPU iPhone OS 13_7 like Mac OS X) AppleWebKit/605.1.15 (KHTML, like Gecko) Version/13.1.2 Mobile/15E148 Safari/604.1"
174.44.219.136 - - [12/Sep/2020:20:14:11 -0400] "GET /wp-content/themes/islandg/images/footer-bg.jpg HTTP/1.0" 200 14183 "http://www.islandgreenery.net/" "Mozilla/5.0 (iPhone; CPU iPhone OS 13_7 like Mac OS X) AppleWebKit/605.1.15 (KHTML, like Gecko) Version/13.1.2 Mobile/15E148 Safari/604.1"
174.44.219.136 - - [12/Sep/2020:20:14:11 -0400] "GET /wp-content/themes/islandg/images/bg.jpg HTTP/1.0" 200 154003 "http://www.islandgreenery.net/" "Mozilla/5.0 (iPhone; CPU iPhone OS 13_7 like Mac OS X) AppleWebKit/605.1.15 (KHTML, like Gecko) Version/13.1.2 Mobile/15E148 Safari/604.1"
10.30.94.78 - - [12/Sep/2020:20:54:49 -0400] "POST /wp-cron.php?doing_wp_cron=1599958490.2579040527343750000000 HTTP/1.0" 200 - "http://www.islandgreenery.net/wp-cron.php?doing_wp_cron=1599958490.2579040527343750000000" "WordPress/5.4.2; http://www.islandgreenery.net"
94.139.233.116 - - [12/Sep/2020:21:01:26 -0400] "GET /contact-us/ HTTP/1.0" 301 - "http://islandgreenery.net/contact-us/" "Mozilla/5.0 (Windows NT 10.0; Win64; x64) AppleWebKit/537.36 (KHTML, like Gecko) Chrome/65.0.3325.181 Safari/537.36"
10.30.94.78 - - [12/Sep/2020:21:06:22 -0400] "POST /wp-cron.php?doing_wp_cron=1599959183.1395680904388427734375 HTTP/1.0" 200 - "http://www.islandgreenery.net/wp-cron.php?doing_wp_cron=1599959183.1395680904388427734375" "WordPress/5.4.2; http://www.islandgreenery.net"
185.86.167.4 - - [12/Sep/2020:21:18:29 -0400] "GET /wp-login.php HTTP/1.0" 200 5059 "-" "Mozilla/5.0 (Windows NT 10.0; WOW64) AppleWebKit/537.36 (KHTML, like Gecko) Chrome/51.0.2704.103 Safari/537.36"
35.196.38.103 - - [12/Sep/2020:21:26:03 -0400] "GET /about-us/ HTTP/1.0" 200 25885 "-" "ZoominfoBot (zoominfobot at zoominfo dot com)"
100.38.94.15 - - [12/Sep/2020:21:29:59 -0400] "GET /wp-content/uploads/master-slider/custom.css?ver=4.5 HTTP/1.0" 200 713 "http://www.islandgreenery.net/" "Mozilla/5.0 (iPhone; CPU iPhone OS 13_7 like Mac OS X) AppleWebKit/605.1.15 (KHTML, like Gecko) Version/13.1.2 Mobile/15E148 Safari/604.1"
100.38.94.15 - - [12/Sep/2020:21:29:59 -0400] "GET /wp-content/plugins/master-slider/public/assets/css/blank.gif HTTP/1.0" 200 43 "http://www.islandgreenery.net/" "Mozilla/5.0 (iPhone; CPU iPhone OS 13_7 like Mac OS X) AppleWebKit/605.1.15 (KHTML, like Gecko) Version/13.1.2 Mobile/15E148 Safari/604.1"
100.38.94.15 - - [12/Sep/2020:21:29:59 -0400] "GET /wp-content/themes/islandg/images/bumper-crop-logo.jpg HTTP/1.0" 200 16793 "http://www.islandgreenery.net/" "Mozilla/5.0 (iPhone; CPU iPhone OS 13_7 like Mac OS X) AppleWebKit/605.1.15 (KHTML, like Gecko) Version/13.1.2 Mobile/15E148 Safari/604.1"
100.38.94.15 - - [12/Sep/2020:21:30:00 -0400] "GET /wp-content/uploads/2020/05/late-spring-banner-bg-2.jpg HTTP/1.0" 200 23114 "http://www.islandgreenery.net/" "Mozilla/5.0 (iPhone; CPU iPhone OS 13_7 like Mac OS X) AppleWebKit/605.1.15 (KHTML, like Gecko) Version/13.1.2 Mobile/15E148 Safari/604.1"
100.38.94.15 - - [12/Sep/2020:21:30:25 -0400] "GET /wp-content/uploads/2016/03/propane-facts.jpg HTTP/1.0" 200 16759 "http://www.islandgreenery.net/propane-supply/" "Mozilla/5.0 (iPhone; CPU iPhone OS 13_7 like Mac OS X) AppleWebKit/605.1.15 (KHTML, like Gecko) Version/13.1.2 Mobile/15E148 Safari/604.1"
10.30.94.78 - - [12/Sep/2020:21:33:21 -0400] "POST /wp-cron.php?doing_wp_cron=1599960802.3314580917358398437500 HTTP/1.0" 200 - "http://www.islandgreenery.net/wp-cron.php?doing_wp_cron=1599960802.3314580917358398437500" "WordPress/5.4.2; http://www.islandgreenery.net"
100.38.94.15 - - [12/Sep/2020:21:33:25 -0400] "GET /wp-content/plugins/master-slider/public/assets/css/blank.gif HTTP/1.0" 200 43 "http://www.islandgreenery.net/" "Mozilla/5.0 (iPhone; CPU iPhone OS 13_7 like Mac OS X) AppleWebKit/605.1.15 (KHTML, like Gecko) Version/13.1.2 Mobile/15E148 Safari/604.1"
100.38.94.15 - - [12/Sep/2020:21:33:26 -0400] "GET /wp-content/themes/islandg/images/design-grad.png HTTP/1.0" 200 200 "http://www.islandgreenery.net/" "Mozilla/5.0 (iPhone; CPU iPhone OS 13_7 like Mac OS X) AppleWebKit/605.1.15 (KHTML, like Gecko) Version/13.1.2 Mobile/15E148 Safari/604.1"
10.30.94.78 - - [12/Sep/2020:21:36:32 -0400] "POST /wp-cron.php?doing_wp_cron=1599960992.9986550807952880859375 HTTP/1.0" 200 - "http://www.islandgreenery.net/wp-cron.php?doing_wp_cron=1599960992.9986550807952880859375" "WordPress/5.4.2; http://www.islandgreenery.net"
161.35.82.9 - - [12/Sep/2020:22:06:31 -0400] "POST /wp-content/plugins/wp-file-manager/lib/php/connector.minimal.php HTTP/1.0" 404 24479 "-" "Mozilla/5.0 (X11; Linux x86_64) AppleWebKit/537.36 (KHTML, like Gecko) Chrome/81.0.4044.129 Safari/537.36"
82.165.189.146 - - [12/Sep/2020:22:09:03 -0400] "GET /wp-content/plugins/ioptimization/IOptimize.php?rchk HTTP/1.0" 301 500 "www.google.com" "Mozlila/5.0 (Linux; Android 7.0; SM-G892A Bulid/NRD90M; wv) AppleWebKit/537.36 (KHTML, like Gecko) Version/4.0 Chrome/60.0.3112.107 Moblie Safari/537.36"
82.165.189.146 - - [12/Sep/2020:22:09:26 -0400] "GET /wp-content/plugins/ioptimization/IOptimize.php?rchk HTTP/1.0" 404 24479 "www.google.com" "Mozlila/5.0 (Linux; Android 7.0; SM-G892A Bulid/NRD90M; wv) AppleWebKit/537.36 (KHTML, like Gecko) Version/4.0 Chrome/60.0.3112.107 Moblie Safari/537.36"
69.127.228.44 - - [12/Sep/2020:22:14:37 -0400] "GET /wp-includes/css/dist/block-library/style.min.css?ver=5.4.2 HTTP/1.0" 200 53593 "http://www.islandgreenery.net/" "Mozilla/5.0 (Macintosh; Intel Mac OS X 10_15_4) AppleWebKit/605.1.15 (KHTML, like Gecko) Version/13.1.2 Safari/605.1.15"
69.127.228.44 - - [12/Sep/2020:22:14:37 -0400] "GET /wp-content/plugins/wp-responsive-menu/assets/js/wprmenu.js?ver=3.1.4 HTTP/1.0" 200 8525 "http://www.islandgreenery.net/" "Mozilla/5.0 (Macintosh; Intel Mac OS X 10_15_4) AppleWebKit/605.1.15 (KHTML, like Gecko) Version/13.1.2 Safari/605.1.15"
69.127.228.44 - - [12/Sep/2020:22:14:37 -0400] "GET /wp-content/themes/islandg/images/bumper-crop-logo.jpg HTTP/1.0" 200 16793 "http://www.islandgreenery.net/" "Mozilla/5.0 (Macintosh; Intel Mac OS X 10_15_4) AppleWebKit/605.1.15 (KHTML, like Gecko) Version/13.1.2 Safari/605.1.15"
69.127.228.44 - - [12/Sep/2020:22:14:37 -0400] "GET /wp-content/themes/islandg/images/bg.jpg HTTP/1.0" 200 154003 "http://www.islandgreenery.net/" "Mozilla/5.0 (Macintosh; Intel Mac OS X 10_15_4) AppleWebKit/605.1.15 (KHTML, like Gecko) Version/13.1.2 Safari/605.1.15"
69.127.228.44 - - [12/Sep/2020:22:14:38 -0400] "GET /wp-content/themes/islandg/images/yellow-grad-bg.png HTTP/1.0" 200 307 "http://www.islandgreenery.net/" "Mozilla/5.0 (Macintosh; Intel Mac OS X 10_15_4) AppleWebKit/605.1.15 (KHTML, like Gecko) Version/13.1.2 Safari/605.1.15"
69.127.228.44 - - [12/Sep/2020:22:14:38 -0400] "GET /wp-content/uploads/2020/05/late-spring-banner-bg-3.jpg HTTP/1.0" 200 62771 "http://www.islandgreenery.net/" "Mozilla/5.0 (Macintosh; Intel Mac OS X 10_15_4) AppleWebKit/605.1.15 (KHTML, like Gecko) Version/13.1.2 Safari/605.1.15"
10.30.94.78 - - [12/Sep/2020:00:43:51 -0400] "POST /wp-cron.php?doing_wp_cron=1599885831.4276130199432373046875 HTTP/1.0" 200 - "http://www.islandgreenery.net/wp-cron.php?doing_wp_cron=1599885831.4276130199432373046875" "WordPress/5.4.2; http://www.islandgreenery.net"
138.91.26.228 - - [12/Sep/2020:00:51:50 -0400] "GET /wp-content/plugins/wp-file-manager/lib/php/connector.minimal.php HTTP/1.0" 404 24479 "-" "Python-urllib/2.7"
188.122.82.146 - - [12/Sep/2020:01:04:35 -0400] "GET /contact-us/ HTTP/1.0" 301 - "http://islandgreenery.net/contact-us/" "Mozilla/5.0 (Windows NT 6.1; Win64; x64) AppleWebKit/537.36 (KHTML, like Gecko) Chrome/68.0.3440.106 Safari/537.36"
66.249.68.14 - - [12/Sep/2020:01:13:21 -0400] "GET /ads.txt HTTP/1.0" 301 - "-" "Mozilla/5.0 (compatible; Googlebot/2.1; +http://www.google.com/bot.html)"
66.249.79.168 - - [12/Sep/2020:01:28:25 -0400] "GET /ads.txt HTTP/1.0" 404 23979 "-" "Mozilla/5.0 (compatible; Googlebot/2.1; +http://www.google.com/bot.html)"
106.54.185.68 - - [12/Sep/2020:01:33:53 -0400] "GET /?author=1 HTTP/1.0" 301 - "-" "Mozilla/5.0 (X11; U; Linux i686)Gecko/20071127 Firefox/2.0.0.11"
157.37.216.52 - - [12/Sep/2020:02:05:37 -0400] "GET /wp-login.php HTTP/1.0" 200 5059 "http://islandgreenery.net/wp-login.php" "Opera/9.80 (Windows NT 6.1) Presto/2.12.388 Version/12.12"
114.119.141.146 - - [12/Sep/2020:03:05:37 -0400] "GET /2016/05/06/get-your-mint-on HTTP/1.0" 301 - "-" "Mozilla/5.0 (Linux; Android 7.0;) AppleWebKit/537.36 (KHTML, like Gecko) Mobile Safari/537.36 (compatible; PetalBot;+http://aspiegel.com/petalbot)"
10.30.94.78 - - [12/Sep/2020:03:05:40 -0400] "POST /wp-cron.php?doing_wp_cron=1599894340.6490650177001953125000 HTTP/1.0" 200 - "http://www.islandgreenery.net/wp-cron.php?doing_wp_cron=1599894340.6490650177001953125000" "WordPress/5.4.2; http://www.islandgreenery.net"
69.125.168.208 - - [12/Sep/2020:03:38:48 -0400] "GET /wp-includes/js/jquery/jquery.js?ver=1.12.4-wp HTTP/1.0" 200 96873 "http://www.islandgreenery.net/" "Mozilla/5.0 (Macintosh; Intel Mac OS X 10_13_6) AppleWebKit/605.1.15 (KHTML, like Gecko) Version/13.1.2 Safari/605.1.15"
69.125.168.208 - - [12/Sep/2020:03:38:48 -0400] "GET /wp-content/uploads/master-slider/custom.css?ver=4.5 HTTP/1.0" 200 713 "http://www.islandgreenery.net/" "Mozilla/5.0 (Macintosh; Intel Mac OS X 10_13_6) AppleWebKit/605.1.15 (KHTML, like Gecko) Version/13.1.2 Safari/605.1.15"
69.125.168.208 - - [12/Sep/2020:03:38:48 -0400] "GET /wp-content/themes/twentytwelve/js/navigation.js?ver=20140711 HTTP/1.0" 200 1552 "http://www.islandgreenery.net/" "Mozilla/5.0 (Macintosh; Intel Mac OS X 10_13_6) AppleWebKit/605.1.15 (KHTML, like Gecko) Version/13.1.2 Safari/605.1.15"
69.125.168.208 - - [12/Sep/2020:03:38:48 -0400] "GET /wp-content/plugins/master-slider/public/assets/js/masterslider.min.js?ver=3.5.8 HTTP/1.0" 200 90646 "http://www.islandgreenery.net/" "Mozilla/5.0 (Macintosh; Intel Mac OS X 10_13_6) AppleWebKit/605.1.15 (KHTML, like Gecko) Version/13.1.2 Safari/605.1.15"
69.125.168.208 - - [12/Sep/2020:03:38:48 -0400] "GET /wp-content/themes/islandg/images/monrovia-logo.jpg HTTP/1.0" 200 3074 "http://www.islandgreenery.net/" "Mozilla/5.0 (Macintosh; Intel Mac OS X 10_13_6) AppleWebKit/605.1.15 (KHTML, like Gecko) Version/13.1.2 Safari/605.1.15"
5.188.210.18 - - [12/Sep/2020:03:41:17 -0400] "GET /category/blog/ HTTP/1.0" 200 25463 "http://www.islandgreenery.net/category/blog/" "Mozilla/5.0 (Windows NT 10.0; Win64; x64) AppleWebKit/537.36 (KHTML, like Gecko) Chrome/68.0.3440.75 Safari/537.36"
10.30.94.78 - - [12/Sep/2020:03:49:04 -0400] "POST /wp-cron.php?doing_wp_cron=1599896944.7778899669647216796875 HTTP/1.0" 200 - "http://www.islandgreenery.net/wp-cron.php?doing_wp_cron=1599896944.7778899669647216796875" "WordPress/5.4.2; http://www.islandgreenery.net"
34.75.60.34 - - [12/Sep/2020:04:04:43 -0400] "GET /robots.txt HTTP/1.0" 200 67 "-" "ZoominfoBot (zoominfobot at zoominfo dot com)"
34.75.60.34 - - [12/Sep/2020:04:19:54 -0400] "GET /landscape-design/ HTTP/1.0" 200 26271 "-" "ZoominfoBot (zoominfobot at zoominfo dot com)"
10.30.94.78 - - [12/Sep/2020:04:19:57 -0400] "POST /wp-cron.php?doing_wp_cron=1599898797.1944310665130615234375 HTTP/1.0" 200 - "http://www.islandgreenery.net/wp-cron.php?doing_wp_cron=1599898797.1944310665130615234375" "WordPress/5.4.2; http://www.islandgreenery.net"
34.75.60.34 - - [12/Sep/2020:04:22:58 -0400] "GET /xmlrpc.php?rsd HTTP/1.0" 200 840 "-" "ZoominfoBot (zoominfobot at zoominfo dot com)"
10.30.94.78 - - [12/Sep/2020:04:31:27 -0400] "POST /wp-cron.php?doing_wp_cron=1599899486.3285920619964599609375 HTTP/1.0" 200 - "http://www.islandgreenery.net/wp-cron.php?doing_wp_cron=1599899486.3285920619964599609375" "WordPress/5.4.2; http://www.islandgreenery.net"
10.30.94.78 - - [12/Sep/2020:04:33:03 -0400] "POST /wp-cron.php?doing_wp_cron=1599899582.9193050861358642578125 HTTP/1.0" 200 - "http://www.islandgreenery.net/wp-cron.php?doing_wp_cron=1599899582.9193050861358642578125" "WordPress/5.4.2; http://www.islandgreenery.net"
34.75.60.34 - - [12/Sep/2020:04:35:35 -0400] "GET /about-us/ HTTP/1.0" 200 25885 "-" "ZoominfoBot (zoominfobot at zoominfo dot com)"
123.20.26.178 - - [12/Sep/2020:04:51:52 -0400] "GET /wp-login.php HTTP/1.0" 200 5059 "http://islandgreenery.net/wp-login.php" "Mozilla/5.0 (Windows NT 10.0; WOW64) AppleWebKit/537.36 (KHTML, like Gecko) Chrome/62.0.3198.0 Safari/537.36 OPR/49.0.2711.0"
77.88.5.51 - - [12/Sep/2020:05:03:21 -0400] "GET /wp-content/plugins/master-slider/public/assets/js/jquery.easing.min.js?ver=3.5.8 HTTP/1.0" 200 5555 "http://www.islandgreenery.net/" "Mozilla/5.0 (compatible; YandexBot/3.0; +http://yandex.com/bots) AppleWebKit/537.36 (KHTML, like Gecko) Chrome/51.0.2704.106"
93.158.161.73 - - [12/Sep/2020:05:03:28 -0400] "GET /wp-content/themes/twentytwelve/style.css HTTP/1.0" 200 36443 "http://www.islandgreenery.net/" "Mozilla/5.0 (compatible; YandexBot/3.0; +http://yandex.com/bots) AppleWebKit/537.36 (KHTML, like Gecko) Chrome/51.0.2704.106"
174.197.145.7 - - [12/Sep/2020:05:46:57 -0400] "GET /wp-content/plugins/master-slider/public/assets/css/masterslider.main.css?ver=3.5.8 HTTP/1.0" 200 66525 "http://www.islandgreenery.net/" "Mozilla/5.0 (Linux; Android 8.1.0; Pixel 2) AppleWebKit/537.36 (KHTML, like Gecko) Chrome/80.0.3987.149 Mobile Safari/537.36"
174.197.145.7 - - [12/Sep/2020:05:46:57 -0400] "GET /wp-content/themes/islandg/images/logo.png HTTP/1.0" 200 71909 "http://www.islandgreenery.net/" "Mozilla/5.0 (Linux; Android 8.1.0; Pixel 2) AppleWebKit/537.36 (KHTML, like Gecko) Chrome/80.0.3987.149 Mobile Safari/537.36"
174.197.145.7 - - [12/Sep/2020:05:46:58 -0400] "GET /wp-content/plugins/master-slider/public/assets/css/blank.gif HTTP/1.0" 200 43 "http://www.islandgreenery.net/" "Mozilla/5.0 (Linux; Android 8.1.0; Pixel 2) AppleWebKit/537.36 (KHTML, like Gecko) Chrome/80.0.3987.149 Mobile Safari/537.36"
174.197.145.7 - - [12/Sep/2020:05:46:58 -0400] "GET /wp-content/uploads/2020/05/late-spring-banner-bg-3.jpg HTTP/1.0" 200 62771 "http://www.islandgreenery.net/" "Mozilla/5.0 (Linux; Android 8.1.0; Pixel 2) AppleWebKit/537.36 (KHTML, like Gecko) Chrome/80.0.3987.149 Mobile Safari/537.36"
114.119.130.104 - - [12/Sep/2020:06:27:54 -0400] "GET /2018/01/08/family-gardening-attracting-wildlife-to-the-garden HTTP/1.0" 404 23979 "-" "Mozilla/5.0 (Linux; Android 7.0;) AppleWebKit/537.36 (KHTML, like Gecko) Mobile Safari/537.36 (compatible; PetalBot;+http://aspiegel.com/petalbot)"
10.30.94.78 - - [12/Sep/2020:06:43:24 -0400] "POST /wp-cron.php?doing_wp_cron=1599907404.4396660327911376953125 HTTP/1.0" 200 - "http://www.islandgreenery.net/wp-cron.php?doing_wp_cron=1599907404.4396660327911376953125" "WordPress/5.4.2; http://www.islandgreenery.net"
10.30.94.78 - - [12/Sep/2020:06:47:19 -0400] "POST /wp-cron.php?doing_wp_cron=1599907639.5040140151977539062500 HTTP/1.0" 200 - "http://www.islandgreenery.net/wp-cron.php?doing_wp_cron=1599907639.5040140151977539062500" "WordPress/5.4.2; http://www.islandgreenery.net"
188.165.232.202 - - [12/Sep/2020:07:09:03 -0400] "POST /contact-us/ HTTP/1.0" 200 31704 "http://www.islandgreenery.net/contact-us/" "Mozilla/5.0 (Windows NT 6.3; Win64; x64) AppleWebKit/537.36 (KHTML, like Gecko) Chrome/67.0.3396.87 Safari/537.36"
174.204.138.58 - - [12/Sep/2020:07:54:08 -0400] "GET /wp-content/themes/islandg/images/logo.png HTTP/1.0" 200 71909 "http://www.islandgreenery.net/" "Mozilla/5.0 (iPhone; CPU iPhone OS 13_6 like Mac OS X) AppleWebKit/605.1.15 (KHTML, like Gecko) CriOS/85.0.4183.92 Mobile/15E148 Safari/604.1"
174.204.138.58 - - [12/Sep/2020:07:54:08 -0400] "GET /wp-content/plugins/wp-responsive-menu/inc/assets/icons/fonts/icomoon.ttf?5ujmx2 HTTP/1.0" 200 50268 "http://www.islandgreenery.net/" "Mozilla/5.0 (iPhone; CPU iPhone OS 13_6 like Mac OS X) AppleWebKit/605.1.15 (KHTML, like Gecko) CriOS/85.0.4183.92 Mobile/15E148 Safari/604.1"
174.204.138.58 - - [12/Sep/2020:07:54:08 -0400] "GET /wp-content/themes/islandg/images/gcs-logo.png HTTP/1.0" 200 16391 "http://www.islandgreenery.net/" "Mozilla/5.0 (iPhone; CPU iPhone OS 13_6 like Mac OS X) AppleWebKit/605.1.15 (KHTML, like Gecko) CriOS/85.0.4183.92 Mobile/15E148 Safari/604.1"
174.204.138.58 - - [12/Sep/2020:07:54:09 -0400] "GET /wp-content/uploads/2020/05/late-spring-banner-bg-5.jpg HTTP/1.0" 200 30749 "http://www.islandgreenery.net/" "Mozilla/5.0 (iPhone; CPU iPhone OS 13_6 like Mac OS X) AppleWebKit/605.1.15 (KHTML, like Gecko) CriOS/85.0.4183.92 Mobile/15E148 Safari/604.1"
174.204.138.58 - - [12/Sep/2020:07:55:15 -0400] "GET /wp-content/uploads/2016/03/AWC_9052-140x80.jpg HTTP/1.0" 200 15764 "http://www.islandgreenery.net/gallery/" "Mozilla/5.0 (iPhone; CPU iPhone OS 13_6 like Mac OS X) AppleWebKit/605.1.15 (KHTML, like Gecko) CriOS/85.0.4183.92 Mobile/15E148 Safari/604.1"
174.204.138.58 - - [12/Sep/2020:07:55:15 -0400] "GET /wp-content/uploads/2020/03/IMG_3577-e1583340038301-140x80.jpg HTTP/1.0" 200 28199 "http://www.islandgreenery.net/gallery/" "Mozilla/5.0 (iPhone; CPU iPhone OS 13_6 like Mac OS X) AppleWebKit/605.1.15 (KHTML, like Gecko) CriOS/85.0.4183.92 Mobile/15E148 Safari/604.1"
174.204.138.58 - - [12/Sep/2020:07:55:15 -0400] "GET /wp-content/uploads/2020/03/IMG_0470-1-e1583342086710-140x80.jpg HTTP/1.0" 200 22418 "http://www.islandgreenery.net/gallery/" "Mozilla/5.0 (iPhone; CPU iPhone OS 13_6 like Mac OS X) AppleWebKit/605.1.15 (KHTML, like Gecko) CriOS/85.0.4183.92 Mobile/15E148 Safari/604.1"
174.204.138.58 - - [12/Sep/2020:07:55:15 -0400] "GET /wp-content/uploads/2020/03/IMG_4142-e1583341862699-140x80.jpg HTTP/1.0" 200 25793 "http://www.islandgreenery.net/gallery/" "Mozilla/5.0 (iPhone; CPU iPhone OS 13_6 like Mac OS X) AppleWebKit/605.1.15 (KHTML, like Gecko) CriOS/85.0.4183.92 Mobile/15E148 Safari/604.1"
174.204.138.58 - - [12/Sep/2020:07:55:15 -0400] "GET /wp-content/uploads/2016/03/Hagan_7-940x480.png HTTP/1.0" 200 713665 "http://www.islandgreenery.net/gallery/" "Mozilla/5.0 (iPhone; CPU iPhone OS 13_6 like Mac OS X) AppleWebKit/605.1.15 (KHTML, like Gecko) CriOS/85.0.4183.92 Mobile/15E148 Safari/604.1"
174.204.138.58 - - [12/Sep/2020:07:55:15 -0400] "GET /wp-content/uploads/2016/03/Delaccio_7-940x480.png HTTP/1.0" 200 915287 "http://www.islandgreenery.net/gallery/" "Mozilla/5.0 (iPhone; CPU iPhone OS 13_6 like Mac OS X) AppleWebKit/605.1.15 (KHTML, like Gecko) CriOS/85.0.4183.92 Mobile/15E148 Safari/604.1"
174.204.138.58 - - [12/Sep/2020:07:56:20 -0400] "GET /wp-content/uploads/2020/03/IMG_4142-e1583341862699-940x480.jpg HTTP/1.0" 200 453941 "http://www.islandgreenery.net/gallery/" "Mozilla/5.0 (iPhone; CPU iPhone OS 13_6 like Mac OS X) AppleWebKit/605.1.15 (KHTML, like Gecko) CriOS/85.0.4183.92 Mobile/15E148 Safari/604.1"
74.88.36.18 - - [12/Sep/2020:08:24:45 -0400] "GET / HTTP/1.0" 200 30102 "https://www.google.com/" "Mozilla/5.0 (Macintosh; Intel Mac OS X 10_10_5) AppleWebKit/537.36 (KHTML, like Gecko) Chrome/84.0.4147.125 Safari/537.36"
74.88.36.18 - - [12/Sep/2020:08:24:50 -0400] "GET /wp-content/themes/islandg/style.css?ver=5.4.2 HTTP/1.0" 200 77097 "http://www.islandgreenery.net/" "Mozilla/5.0 (Macintosh; Intel Mac OS X 10_10_5) AppleWebKit/537.36 (KHTML, like Gecko) Chrome/84.0.4147.125 Safari/537.36"
74.88.36.18 - - [12/Sep/2020:08:24:50 -0400] "GET /wp-content/plugins/wp-responsive-menu/assets/js/wprmenu.js?ver=3.1.4 HTTP/1.0" 200 8525 "http://www.islandgreenery.net/" "Mozilla/5.0 (Macintosh; Intel Mac OS X 10_10_5) AppleWebKit/537.36 (KHTML, like Gecko) Chrome/84.0.4147.125 Safari/537.36"
74.88.36.18 - - [12/Sep/2020:08:24:51 -0400] "GET /wp-content/plugins/master-slider/public/assets/js/masterslider.min.js?ver=3.5.8 HTTP/1.0" 200 90646 "http://www.islandgreenery.net/" "Mozilla/5.0 (Macintosh; Intel Mac OS X 10_10_5) AppleWebKit/537.36 (KHTML, like Gecko) Chrome/84.0.4147.125 Safari/537.36"
74.88.36.18 - - [12/Sep/2020:08:24:51 -0400] "GET /wp-content/themes/islandg/images/bumper-crop-logo.jpg HTTP/1.0" 200 16793 "http://www.islandgreenery.net/" "Mozilla/5.0 (Macintosh; Intel Mac OS X 10_10_5) AppleWebKit/537.36 (KHTML, like Gecko) Chrome/84.0.4147.125 Safari/537.36"
74.88.36.18 - - [12/Sep/2020:08:24:52 -0400] "GET /wp-content/uploads/2020/05/late-spring-banner-bg-5.jpg HTTP/1.0" 200 30749 "http://www.islandgreenery.net/" "Mozilla/5.0 (Macintosh; Intel Mac OS X 10_10_5) AppleWebKit/537.36 (KHTML, like Gecko) Chrome/84.0.4147.125 Safari/537.36"
74.88.36.18 - - [12/Sep/2020:08:25:01 -0400] "GET /specials-coupons/ HTTP/1.0" 200 24651 "http://www.islandgreenery.net/" "Mozilla/5.0 (Macintosh; Intel Mac OS X 10_10_5) AppleWebKit/537.36 (KHTML, like Gecko) Chrome/84.0.4147.125 Safari/537.36"
74.88.36.18 - - [12/Sep/2020:08:25:50 -0400] "GET /specials-coupons/ HTTP/1.0" 200 24651 "http://www.islandgreenery.net/" "Mozilla/5.0 (Macintosh; Intel Mac OS X 10_10_5) AppleWebKit/537.36 (KHTML, like Gecko) Chrome/84.0.4147.125 Safari/537.36"
5.188.210.18 - - [12/Sep/2020:08:26:20 -0400] "GET /contact-us/ HTTP/1.0" 301 - "http://islandgreenery.net/contact-us/" "Mozilla/5.0 (Windows NT 6.1; Win64; x64) AppleWebKit/537.36 (KHTML, like Gecko) Chrome/66.0.3359.170 Safari/537.36 OPR/53.0.2907.68"
213.154.195.220 - - [12/Sep/2020:08:32:06 -0400] "POST /wp-login.php HTTP/1.0" 200 5494 "http://islandgreenery.net/wp-login.php" "Mozilla/5.0 (Windows NT 10.0; WOW64) AppleWebKit/537.36 (KHTML, like Gecko) Chrome/62.0.3198.0 Safari/537.36 OPR/49.0.2711.0"
96.250.36.43 - - [12/Sep/2020:08:36:04 -0400] "GET /wp-content/themes/islandg/style.css?ver=5.4.2 HTTP/1.0" 200 77097 "http://www.islandgreenery.net/" "Mozilla/5.0 (iPhone; CPU iPhone OS 13_4 like Mac OS X) AppleWebKit/605.1.15 (KHTML, like Gecko) Version/13.1 Mobile/15E148 Safari/604.1"
96.250.36.43 - - [12/Sep/2020:08:36:04 -0400] "GET /wp-content/themes/islandg/images/bower-branch-small.jpg HTTP/1.0" 200 10230 "http://www.islandgreenery.net/" "Mozilla/5.0 (iPhone; CPU iPhone OS 13_4 like Mac OS X) AppleWebKit/605.1.15 (KHTML, like Gecko) Version/13.1 Mobile/15E148 Safari/604.1"
96.250.36.43 - - [12/Sep/2020:08:36:04 -0400] "GET /wp-content/themes/islandg/images/bumper-crop-logo.jpg HTTP/1.0" 200 16793 "http://www.islandgreenery.net/" "Mozilla/5.0 (iPhone; CPU iPhone OS 13_4 like Mac OS X) AppleWebKit/605.1.15 (KHTML, like Gecko) Version/13.1 Mobile/15E148 Safari/604.1"
96.250.36.43 - - [12/Sep/2020:08:36:04 -0400] "GET /wp-content/plugins/master-slider/public/assets/css/common/loading-2.gif HTTP/1.0" 200 2707 "http://www.islandgreenery.net/" "Mozilla/5.0 (iPhone; CPU iPhone OS 13_4 like Mac OS X) AppleWebKit/605.1.15 (KHTML, like Gecko) Version/13.1 Mobile/15E148 Safari/604.1"
10.30.94.78 - - [12/Sep/2020:08:44:14 -0400] "POST /wp-cron.php?doing_wp_cron=1599914654.2761459350585937500000 HTTP/1.0" 200 - "http://www.islandgreenery.net/wp-cron.php?doing_wp_cron=1599914654.2761459350585937500000" "WordPress/5.4.2; http://www.islandgreenery.net"
188.122.82.146 - - [12/Sep/2020:09:03:47 -0400] "GET /contact-us/ HTTP/1.0" 200 31295 "http://www.islandgreenery.net/contact-us/" "Mozilla/5.0 (Windows NT 10.0; Win64; x64) AppleWebKit/537.36 (KHTML, like Gecko) Chrome/64.0.3282.140 Safari/537.36 Edge/17.17134"
174.197.141.95 - - [12/Sep/2020:09:18:35 -0400] "GET /wp-content/plugins/wp-responsive-menu/assets/css/wpr-hamburger.css?ver=3.1.4 HTTP/1.0" 200 22025 "http://www.islandgreenery.net/" "Mozilla/5.0 (iPhone; CPU iPhone OS 12_3_1 like Mac OS X) AppleWebKit/605.1.15 (KHTML, like Gecko) Version/12.1.1 Mobile/15E148 Safari/604.1"
174.197.141.95 - - [12/Sep/2020:09:18:35 -0400] "GET /wp-content/uploads/master-slider/custom.css?ver=4.5 HTTP/1.0" 200 713 "http://www.islandgreenery.net/" "Mozilla/5.0 (iPhone; CPU iPhone OS 12_3_1 like Mac OS X) AppleWebKit/605.1.15 (KHTML, like Gecko) Version/12.1.1 Mobile/15E148 Safari/604.1"
174.197.141.95 - - [12/Sep/2020:09:18:35 -0400] "GET /wp-includes/js/jquery/jquery-migrate.min.js?ver=1.4.1 HTTP/1.0" 200 10056 "http://www.islandgreenery.net/" "Mozilla/5.0 (iPhone; CPU iPhone OS 12_3_1 like Mac OS X) AppleWebKit/605.1.15 (KHTML, like Gecko) Version/12.1.1 Mobile/15E148 Safari/604.1"
174.197.141.95 - - [12/Sep/2020:09:18:35 -0400] "GET /wp-content/plugins/wp-responsive-menu/assets/js/modernizr.custom.js?ver=3.1.4 HTTP/1.0" 200 7197 "http://www.islandgreenery.net/" "Mozilla/5.0 (iPhone; CPU iPhone OS 12_3_1 like Mac OS X) AppleWebKit/605.1.15 (KHTML, like Gecko) Version/12.1.1 Mobile/15E148 Safari/604.1"
174.197.141.95 - - [12/Sep/2020:09:18:35 -0400] "GET /wp-content/themes/islandg/images/cambridge-logo.jpg HTTP/1.0" 200 5448 "http://www.islandgreenery.net/" "Mozilla/5.0 (iPhone; CPU iPhone OS 12_3_1 like Mac OS X) AppleWebKit/605.1.15 (KHTML, like Gecko) Version/12.1.1 Mobile/15E148 Safari/604.1"
174.197.141.95 - - [12/Sep/2020:09:18:35 -0400] "GET /wp-content/themes/islandg/images/monrovia-logo.jpg HTTP/1.0" 200 3074 "http://www.islandgreenery.net/" "Mozilla/5.0 (iPhone; CPU iPhone OS 12_3_1 like Mac OS X) AppleWebKit/605.1.15 (KHTML, like Gecko) Version/12.1.1 Mobile/15E148 Safari/604.1"
174.197.141.95 - - [12/Sep/2020:09:18:35 -0400] "GET /wp-content/themes/islandg/images/paraco-logo.jpg HTTP/1.0" 200 6286 "http://www.islandgreenery.net/" "Mozilla/5.0 (iPhone; CPU iPhone OS 12_3_1 like Mac OS X) AppleWebKit/605.1.15 (KHTML, like Gecko) Version/12.1.1 Mobile/15E148 Safari/604.1"
174.197.141.95 - - [12/Sep/2020:09:18:35 -0400] "GET /wp-content/themes/islandg/images/delea-logo.jpg HTTP/1.0" 200 3619 "http://www.islandgreenery.net/" "Mozilla/5.0 (iPhone; CPU iPhone OS 12_3_1 like Mac OS X) AppleWebKit/605.1.15 (KHTML, like Gecko) Version/12.1.1 Mobile/15E148 Safari/604.1"
174.197.141.95 - - [12/Sep/2020:09:18:35 -0400] "GET /wp-content/plugins/wp-responsive-menu/assets/fonts/wprmenu.ttf?p8o4s0 HTTP/1.0" 200 1152 "http://www.islandgreenery.net/" "Mozilla/5.0 (iPhone; CPU iPhone OS 12_3_1 like Mac OS X) AppleWebKit/605.1.15 (KHTML, like Gecko) Version/12.1.1 Mobile/15E148 Safari/604.1"
