0byt3m1n1
Path:
/
data
/
0
/
0
/
79
/
78
/
79567
/
meta
/
80877
/
logs
/
[
Home
]
File: x-access_log.2020-09-12
197.251.159.185 - - [12/Sep/2020:02:25:39 -0400] "POST /xmlrpc.php HTTP/1.0" 200 403 "http://islandgreenery.net/xmlrpc.php" "Mozilla/5.0 (Windows NT 10.0; WOW64) AppleWebKit/537.36 (KHTML, like Gecko) Chrome/62.0.3198.0 Safari/537.36 OPR/49.0.2711.0"
10.30.94.78 - - [12/Sep/2020:02:48:50 -0400] "POST /wp-cron.php?doing_wp_cron=1599893331.3187220096588134765625 HTTP/1.0" 200 - "http://www.islandgreenery.net/wp-cron.php?doing_wp_cron=1599893331.3187220096588134765625" "WordPress/5.4.2; http://www.islandgreenery.net"
108.6.198.238 - - [12/Sep/2020:00:43:48 -0400] "GET / HTTP/1.0" 200 30102 "-" "Mozilla/5.0 (iPhone; CPU iPhone OS 13_6_1 like Mac OS X) AppleWebKit/605.1.15 (KHTML, like Gecko) Version/13.1.2 Mobile/15E148 Safari/604.1"
95.217.207.28 - - [12/Sep/2020:01:08:11 -0400] "GET /?s=.&author=1&feed=rss2 HTTP/1.0" 200 40288 "-" "Mozilla/4.0 (compatible; MSIE 6.0; Windows NT 5.1; SV1)"
10.30.94.78 - - [12/Sep/2020:01:28:27 -0400] "POST /wp-cron.php?doing_wp_cron=1599888508.1109950542449951171875 HTTP/1.0" 200 - "http://www.islandgreenery.net/wp-cron.php?doing_wp_cron=1599888508.1109950542449951171875" "WordPress/5.4.2; http://www.islandgreenery.net"
106.54.185.68 - - [12/Sep/2020:01:32:38 -0400] "GET /xmlrpc.php HTTP/1.0" 405 42 "-" "Mozilla/5.0 (Windows NT 6.1; WOW64; rv:45.0) Gecko/20100101 Firefox/45.0"
106.54.185.68 - - [12/Sep/2020:01:34:22 -0400] "GET /author/admin/ HTTP/1.0" 200 65582 "-" "Mozilla/5.0 (X11; U; Linux i686)Gecko/20071127 Firefox/2.0.0.11"
10.30.94.78 - - [12/Sep/2020:01:34:24 -0400] "POST /wp-cron.php?doing_wp_cron=1599888864.3814389705657958984375 HTTP/1.0" 200 - "http://www.islandgreenery.net/wp-cron.php?doing_wp_cron=1599888864.3814389705657958984375" "WordPress/5.4.2; http://www.islandgreenery.net"
123.21.82.178 - - [12/Sep/2020:03:09:50 -0400] "POST /wp-login.php HTTP/1.0" 200 5346 "http://islandgreenery.net/wp-login.php" "Mozilla/5.0 (Windows NT 10.0; WOW64) AppleWebKit/537.36 (KHTML, like Gecko) Chrome/62.0.3198.0 Safari/537.36 OPR/49.0.2711.0"
69.125.168.208 - - [12/Sep/2020:03:38:43 -0400] "GET / HTTP/1.0" 200 30102 "https://www.google.com/" "Mozilla/5.0 (Macintosh; Intel Mac OS X 10_13_6) AppleWebKit/605.1.15 (KHTML, like Gecko) Version/13.1.2 Safari/605.1.15"
69.125.168.208 - - [12/Sep/2020:03:38:48 -0400] "GET /wp-content/plugins/wp-responsive-menu/inc/assets/icons/wpr-icons.css?ver=3.1.4 HTTP/1.0" 200 12813 "http://www.islandgreenery.net/" "Mozilla/5.0 (Macintosh; Intel Mac OS X 10_13_6) AppleWebKit/605.1.15 (KHTML, like Gecko) Version/13.1.2 Safari/605.1.15"
69.125.168.208 - - [12/Sep/2020:03:38:48 -0400] "GET /wp-content/plugins/master-slider/public/assets/css/masterslider.main.css?ver=3.5.8 HTTP/1.0" 200 66525 "http://www.islandgreenery.net/" "Mozilla/5.0 (Macintosh; Intel Mac OS X 10_13_6) AppleWebKit/605.1.15 (KHTML, like Gecko) Version/13.1.2 Safari/605.1.15"
69.125.168.208 - - [12/Sep/2020:03:38:48 -0400] "GET /wp-content/themes/islandg/images/nicolock-logo.jpg HTTP/1.0" 200 5694 "http://www.islandgreenery.net/" "Mozilla/5.0 (Macintosh; Intel Mac OS X 10_13_6) AppleWebKit/605.1.15 (KHTML, like Gecko) Version/13.1.2 Safari/605.1.15"
69.125.168.208 - - [12/Sep/2020:03:38:48 -0400] "GET /wp-content/themes/islandg/images/green-bullet.png HTTP/1.0" 200 173 "http://www.islandgreenery.net/" "Mozilla/5.0 (Macintosh; Intel Mac OS X 10_13_6) AppleWebKit/605.1.15 (KHTML, like Gecko) Version/13.1.2 Safari/605.1.15"
69.125.168.208 - - [12/Sep/2020:03:38:48 -0400] "GET /wp-content/themes/islandg/images/email-bg.jpg HTTP/1.0" 200 9006 "http://www.islandgreenery.net/" "Mozilla/5.0 (Macintosh; Intel Mac OS X 10_13_6) AppleWebKit/605.1.15 (KHTML, like Gecko) Version/13.1.2 Safari/605.1.15"
69.125.168.208 - - [12/Sep/2020:03:38:48 -0400] "GET /wp-content/plugins/master-slider/public/assets/css/common/grab.png HTTP/1.0" 200 2893 "http://www.islandgreenery.net/" "Mozilla/5.0 (Macintosh; Intel Mac OS X 10_13_6) AppleWebKit/605.1.15 (KHTML, like Gecko) Version/13.1.2 Safari/605.1.15"
69.125.168.208 - - [12/Sep/2020:03:38:49 -0400] "GET /wp-content/uploads/2020/05/late-spring-banner-bg-4.jpg HTTP/1.0" 200 22286 "http://www.islandgreenery.net/" "Mozilla/5.0 (Macintosh; Intel Mac OS X 10_13_6) AppleWebKit/605.1.15 (KHTML, like Gecko) Version/13.1.2 Safari/605.1.15"
5.188.210.18 - - [12/Sep/2020:03:41:12 -0400] "GET /contact-us/ HTTP/1.0" 301 - "http://islandgreenery.net/contact-us/" "Mozilla/5.0 (Windows NT 10.0; Win64; x64) AppleWebKit/537.36 (KHTML, like Gecko) Chrome/68.0.3440.75 Safari/537.36"
10.30.94.78 - - [12/Sep/2020:04:04:45 -0400] "POST /wp-cron.php?doing_wp_cron=1599897885.2403879165649414062500 HTTP/1.0" 200 - "http://www.islandgreenery.net/wp-cron.php?doing_wp_cron=1599897885.2403879165649414062500" "WordPress/5.4.2; http://www.islandgreenery.net"
34.75.60.34 - - [12/Sep/2020:04:07:28 -0400] "GET /category/articles-resources/ HTTP/1.0" 200 30477 "-" "ZoominfoBot (zoominfobot at zoominfo dot com)"
10.30.94.78 - - [12/Sep/2020:04:07:29 -0400] "POST /wp-cron.php?doing_wp_cron=1599898049.9146940708160400390625 HTTP/1.0" 200 - "http://www.islandgreenery.net/wp-cron.php?doing_wp_cron=1599898049.9146940708160400390625" "WordPress/5.4.2; http://www.islandgreenery.net"
10.30.94.78 - - [12/Sep/2020:04:35:36 -0400] "POST /wp-cron.php?doing_wp_cron=1599899737.4721920490264892578125 HTTP/1.0" 200 - "http://www.islandgreenery.net/wp-cron.php?doing_wp_cron=1599899737.4721920490264892578125" "WordPress/5.4.2; http://www.islandgreenery.net"
34.75.60.34 - - [12/Sep/2020:04:38:13 -0400] "GET /bulk-product-calculator/ HTTP/1.0" 200 26829 "-" "ZoominfoBot (zoominfobot at zoominfo dot com)"
10.30.94.78 - - [12/Sep/2020:04:39:35 -0400] "POST /wp-cron.php?doing_wp_cron=1599899974.1914451122283935546875 HTTP/1.0" 200 - "http://www.islandgreenery.net/wp-cron.php?doing_wp_cron=1599899974.1914451122283935546875" "WordPress/5.4.2; http://www.islandgreenery.net"
77.88.5.76 - - [12/Sep/2020:05:03:16 -0400] "GET /wp-includes/css/dist/block-library/style.min.css?ver=5.4.2 HTTP/1.0" 200 53593 "http://www.islandgreenery.net/" "Mozilla/5.0 (compatible; YandexBot/3.0; +http://yandex.com/bots) AppleWebKit/537.36 (KHTML, like Gecko) Chrome/51.0.2704.106"
10.30.94.78 - - [12/Sep/2020:05:12:14 -0400] "POST /wp-cron.php?doing_wp_cron=1599901935.5071470737457275390625 HTTP/1.0" 200 - "http://www.islandgreenery.net/wp-cron.php?doing_wp_cron=1599901935.5071470737457275390625" "WordPress/5.4.2; http://www.islandgreenery.net"
174.197.145.7 - - [12/Sep/2020:05:46:57 -0400] "GET /wp-content/themes/islandg/images/master-nursery-logo.jpg HTTP/1.0" 200 3944 "http://www.islandgreenery.net/" "Mozilla/5.0 (Linux; Android 8.1.0; Pixel 2) AppleWebKit/537.36 (KHTML, like Gecko) Chrome/80.0.3987.149 Mobile Safari/537.36"
174.197.145.7 - - [12/Sep/2020:05:46:57 -0400] "GET /wp-content/themes/islandg/images/yellow-grad-bg.png HTTP/1.0" 200 307 "http://www.islandgreenery.net/wp-content/themes/islandg/style.css?ver=5.4.2" "Mozilla/5.0 (Linux; Android 8.1.0; Pixel 2) AppleWebKit/537.36 (KHTML, like Gecko) Chrome/80.0.3987.149 Mobile Safari/537.36"
10.30.94.78 - - [12/Sep/2020:06:01:01 -0400] "POST /wp-cron.php?doing_wp_cron=1599904861.9336099624633789062500 HTTP/1.0" 200 - "http://www.islandgreenery.net/wp-cron.php?doing_wp_cron=1599904861.9336099624633789062500" "WordPress/5.4.2; http://www.islandgreenery.net"
114.119.134.41 - - [12/Sep/2020:06:13:14 -0400] "GET /contact-us HTTP/1.0" 301 - "-" "Mozilla/5.0 (Linux; Android 7.0;) AppleWebKit/537.36 (KHTML, like Gecko) Mobile Safari/537.36 (compatible; PetalBot;+http://aspiegel.com/petalbot)"
10.30.94.78 - - [12/Sep/2020:06:22:19 -0400] "POST /wp-cron.php?doing_wp_cron=1599906139.6824309825897216796875 HTTP/1.0" 200 - "http://www.islandgreenery.net/wp-cron.php?doing_wp_cron=1599906139.6824309825897216796875" "WordPress/5.4.2; http://www.islandgreenery.net"
193.93.193.168 - - [12/Sep/2020:07:08:09 -0400] "GET /wp-content/plugins/wp-file-manager/lib/php/connector.minimal.php HTTP/1.0" 404 24479 "http://islandgreenery.net/wp-content/plugins/wp-file-manager/lib/php/connector.minimal.php" "Mozilla/5.0 (Windows NT 10.0; Win64; x64) AppleWebKit/537.36 (KHTML, like Gecko) Chrome/72.0.3626.121 Safari/537.36"
10.30.94.78 - - [12/Sep/2020:07:13:58 -0400] "POST /wp-cron.php?doing_wp_cron=1599909237.9834270477294921875000 HTTP/1.0" 200 - "http://www.islandgreenery.net/wp-cron.php?doing_wp_cron=1599909237.9834270477294921875000" "WordPress/5.4.2; http://www.islandgreenery.net"
10.30.94.78 - - [12/Sep/2020:07:43:29 -0400] "POST /wp-cron.php?doing_wp_cron=1599911009.6784820556640625000000 HTTP/1.0" 200 - "http://www.islandgreenery.net/wp-cron.php?doing_wp_cron=1599911009.6784820556640625000000" "WordPress/5.4.2; http://www.islandgreenery.net"
85.203.44.82 - - [12/Sep/2020:07:43:37 -0400] "GET /category/blog/ HTTP/1.0" 200 25463 "http://www.islandgreenery.net/category/blog/" "Mozilla/5.0 (Windows NT 6.3; Win64; x64) AppleWebKit/537.36 (KHTML, like Gecko) Chrome/67.0.3396.79 Safari/537.36"
174.204.138.58 - - [12/Sep/2020:07:54:07 -0400] "GET /wp-includes/js/wp-emoji-release.min.js?ver=5.4.2 HTTP/1.0" 200 13901 "http://www.islandgreenery.net/" "Mozilla/5.0 (iPhone; CPU iPhone OS 13_6 like Mac OS X) AppleWebKit/605.1.15 (KHTML, like Gecko) CriOS/85.0.4183.92 Mobile/15E148 Safari/604.1"
174.204.138.58 - - [12/Sep/2020:07:54:08 -0400] "GET /wp-content/plugins/wp-responsive-menu/assets/js/wprmenu.js?ver=3.1.4 HTTP/1.0" 200 8525 "http://www.islandgreenery.net/" "Mozilla/5.0 (iPhone; CPU iPhone OS 13_6 like Mac OS X) AppleWebKit/605.1.15 (KHTML, like Gecko) CriOS/85.0.4183.92 Mobile/15E148 Safari/604.1"
174.204.138.58 - - [12/Sep/2020:07:54:08 -0400] "GET /wp-content/plugins/contact-form-7/includes/js/scripts.js?ver=5.1.7 HTTP/1.0" 200 14440 "http://www.islandgreenery.net/" "Mozilla/5.0 (iPhone; CPU iPhone OS 13_6 like Mac OS X) AppleWebKit/605.1.15 (KHTML, like Gecko) CriOS/85.0.4183.92 Mobile/15E148 Safari/604.1"
174.204.138.58 - - [12/Sep/2020:07:54:09 -0400] "GET /wp-content/uploads/2020/05/late-spring-banner-bg-1.jpg HTTP/1.0" 200 40829 "http://www.islandgreenery.net/" "Mozilla/5.0 (iPhone; CPU iPhone OS 13_6 like Mac OS X) AppleWebKit/605.1.15 (KHTML, like Gecko) CriOS/85.0.4183.92 Mobile/15E148 Safari/604.1"
174.204.138.58 - - [12/Sep/2020:07:55:15 -0400] "GET /wp-content/uploads/2016/03/IMG_0266-140x80.jpg HTTP/1.0" 200 14999 "http://www.islandgreenery.net/gallery/" "Mozilla/5.0 (iPhone; CPU iPhone OS 13_6 like Mac OS X) AppleWebKit/605.1.15 (KHTML, like Gecko) CriOS/85.0.4183.92 Mobile/15E148 Safari/604.1"
174.204.138.58 - - [12/Sep/2020:07:55:15 -0400] "GET /wp-content/uploads/2020/03/IMG_3297-140x80.jpg HTTP/1.0" 200 22521 "http://www.islandgreenery.net/gallery/" "Mozilla/5.0 (iPhone; CPU iPhone OS 13_6 like Mac OS X) AppleWebKit/605.1.15 (KHTML, like Gecko) CriOS/85.0.4183.92 Mobile/15E148 Safari/604.1"
174.204.138.58 - - [12/Sep/2020:07:55:15 -0400] "GET /wp-content/uploads/2016/03/IMG_18071-940x480.jpg HTTP/1.0" 200 422730 "http://www.islandgreenery.net/gallery/" "Mozilla/5.0 (iPhone; CPU iPhone OS 13_6 like Mac OS X) AppleWebKit/605.1.15 (KHTML, like Gecko) CriOS/85.0.4183.92 Mobile/15E148 Safari/604.1"
74.88.36.18 - - [12/Sep/2020:08:24:49 -0400] "GET /wp-includes/css/dist/block-library/style.min.css?ver=5.4.2 HTTP/1.0" 200 53593 "http://www.islandgreenery.net/" "Mozilla/5.0 (Macintosh; Intel Mac OS X 10_10_5) AppleWebKit/537.36 (KHTML, like Gecko) Chrome/84.0.4147.125 Safari/537.36"
74.88.36.18 - - [12/Sep/2020:08:24:49 -0400] "GET /wp-content/plugins/wp-responsive-menu/assets/css/wprmenu.css?ver=3.1.4 HTTP/1.0" 200 9623 "http://www.islandgreenery.net/" "Mozilla/5.0 (Macintosh; Intel Mac OS X 10_10_5) AppleWebKit/537.36 (KHTML, like Gecko) Chrome/84.0.4147.125 Safari/537.36"
74.88.36.18 - - [12/Sep/2020:08:24:49 -0400] "GET /wp-content/plugins/wp-responsive-menu/assets/css/wpr-hamburger.css?ver=3.1.4 HTTP/1.0" 200 22025 "http://www.islandgreenery.net/" "Mozilla/5.0 (Macintosh; Intel Mac OS X 10_10_5) AppleWebKit/537.36 (KHTML, like Gecko) Chrome/84.0.4147.125 Safari/537.36"
74.88.36.18 - - [12/Sep/2020:08:24:50 -0400] "GET /wp-includes/js/wp-embed.min.js?ver=5.4.2 HTTP/1.0" 200 1434 "http://www.islandgreenery.net/" "Mozilla/5.0 (Macintosh; Intel Mac OS X 10_10_5) AppleWebKit/537.36 (KHTML, like Gecko) Chrome/84.0.4147.125 Safari/537.36"
74.88.36.18 - - [12/Sep/2020:08:24:50 -0400] "GET /wp-content/themes/islandg/images/logo.png HTTP/1.0" 200 71909 "http://www.islandgreenery.net/" "Mozilla/5.0 (Macintosh; Intel Mac OS X 10_10_5) AppleWebKit/537.36 (KHTML, like Gecko) Chrome/84.0.4147.125 Safari/537.36"
74.88.36.18 - - [12/Sep/2020:08:24:50 -0400] "GET /wp-content/themes/islandg/images/twitter-icon.png HTTP/1.0" 200 829 "http://www.islandgreenery.net/" "Mozilla/5.0 (Macintosh; Intel Mac OS X 10_10_5) AppleWebKit/537.36 (KHTML, like Gecko) Chrome/84.0.4147.125 Safari/537.36"
74.88.36.18 - - [12/Sep/2020:08:24:50 -0400] "GET /wp-content/themes/islandg/images/pit-barrel-border.jpg HTTP/1.0" 200 16627 "http://www.islandgreenery.net/" "Mozilla/5.0 (Macintosh; Intel Mac OS X 10_10_5) AppleWebKit/537.36 (KHTML, like Gecko) Chrome/84.0.4147.125 Safari/537.36"
74.88.36.18 - - [12/Sep/2020:08:24:50 -0400] "GET /wp-content/themes/islandg/images/nicolock-logo.jpg HTTP/1.0" 200 5694 "http://www.islandgreenery.net/" "Mozilla/5.0 (Macintosh; Intel Mac OS X 10_10_5) AppleWebKit/537.36 (KHTML, like Gecko) Chrome/84.0.4147.125 Safari/537.36"
74.88.36.18 - - [12/Sep/2020:08:24:50 -0400] "GET /wp-content/themes/islandg/images/masthead-bg.jpg HTTP/1.0" 200 5539 "http://www.islandgreenery.net/wp-content/themes/islandg/style.css?ver=5.4.2" "Mozilla/5.0 (Macintosh; Intel Mac OS X 10_10_5) AppleWebKit/537.36 (KHTML, like Gecko) Chrome/84.0.4147.125 Safari/537.36"
74.88.36.18 - - [12/Sep/2020:08:24:51 -0400] "GET /wp-content/uploads/2020/05/late-spring-banner-bg-3.jpg HTTP/1.0" 200 62771 "http://www.islandgreenery.net/" "Mozilla/5.0 (Macintosh; Intel Mac OS X 10_10_5) AppleWebKit/537.36 (KHTML, like Gecko) Chrome/84.0.4147.125 Safari/537.36"
74.88.36.18 - - [12/Sep/2020:08:25:01 -0400] "GET /wp-content/uploads/2016/03/couponHov.png HTTP/1.0" 200 43910 "http://www.islandgreenery.net/specials-coupons/" "Mozilla/5.0 (Macintosh; Intel Mac OS X 10_10_5) AppleWebKit/537.36 (KHTML, like Gecko) Chrome/84.0.4147.125 Safari/537.36"
74.88.36.18 - - [12/Sep/2020:08:25:10 -0400] "GET /emailer-signup/ HTTP/1.0" 200 26059 "http://www.islandgreenery.net/specials-coupons/" "Mozilla/5.0 (Macintosh; Intel Mac OS X 10_10_5) AppleWebKit/537.36 (KHTML, like Gecko) Chrome/84.0.4147.125 Safari/537.36"
5.188.210.18 - - [12/Sep/2020:08:26:21 -0400] "GET /contact-us/ HTTP/1.0" 200 31295 "http://www.islandgreenery.net/contact-us/" "Mozilla/5.0 (Windows NT 6.1; Win64; x64) AppleWebKit/537.36 (KHTML, like Gecko) Chrome/66.0.3359.170 Safari/537.36 OPR/53.0.2907.68"
96.250.36.43 - - [12/Sep/2020:08:36:03 -0400] "GET /wp-content/themes/twentytwelve/js/navigation.js?ver=20140711 HTTP/1.0" 200 1552 "http://www.islandgreenery.net/" "Mozilla/5.0 (iPhone; CPU iPhone OS 13_4 like Mac OS X) AppleWebKit/605.1.15 (KHTML, like Gecko) Version/13.1 Mobile/15E148 Safari/604.1"
96.250.36.43 - - [12/Sep/2020:08:36:04 -0400] "GET /wp-content/themes/islandg/images/facebook-icon.png HTTP/1.0" 200 2368 "http://www.islandgreenery.net/" "Mozilla/5.0 (iPhone; CPU iPhone OS 13_4 like Mac OS X) AppleWebKit/605.1.15 (KHTML, like Gecko) Version/13.1 Mobile/15E148 Safari/604.1"
96.250.36.43 - - [12/Sep/2020:08:36:04 -0400] "GET /wp-content/themes/islandg/images/paraco-logo.jpg HTTP/1.0" 200 6286 "http://www.islandgreenery.net/" "Mozilla/5.0 (iPhone; CPU iPhone OS 13_4 like Mac OS X) AppleWebKit/605.1.15 (KHTML, like Gecko) Version/13.1 Mobile/15E148 Safari/604.1"
121.42.142.188 - - [12/Sep/2020:08:44:12 -0400] "GET /utility/convert/source/d7.2_x1.5/readme.txt HTTP/1.0" 404 23979 "-" "Mozilla/5.0 (Windows NT 10.0; WOW64; rv:48.0) Gecko/20100101 Firefox/48.0"
10.30.94.78 - - [12/Sep/2020:09:03:35 -0400] "POST /wp-cron.php?doing_wp_cron=1599915815.1207931041717529296875 HTTP/1.0" 200 - "http://www.islandgreenery.net/wp-cron.php?doing_wp_cron=1599915815.1207931041717529296875" "WordPress/5.4.2; http://www.islandgreenery.net"
188.122.82.146 - - [12/Sep/2020:09:03:50 -0400] "POST /contact-us/ HTTP/1.0" 200 31668 "http://www.islandgreenery.net/contact-us/" "Mozilla/5.0 (Windows NT 10.0; Win64; x64) AppleWebKit/537.36 (KHTML, like Gecko) Chrome/64.0.3282.140 Safari/537.36 Edge/17.17134"
174.197.141.95 - - [12/Sep/2020:09:18:35 -0400] "GET /wp-includes/js/wp-emoji-release.min.js?ver=5.4.2 HTTP/1.0" 200 13901 "http://www.islandgreenery.net/" "Mozilla/5.0 (iPhone; CPU iPhone OS 12_3_1 like Mac OS X) AppleWebKit/605.1.15 (KHTML, like Gecko) Version/12.1.1 Mobile/15E148 Safari/604.1"
174.197.141.95 - - [12/Sep/2020:09:18:35 -0400] "GET /wp-content/plugins/contact-form-7/includes/css/styles.css?ver=5.1.7 HTTP/1.0" 200 1746 "http://www.islandgreenery.net/" "Mozilla/5.0 (iPhone; CPU iPhone OS 12_3_1 like Mac OS X) AppleWebKit/605.1.15 (KHTML, like Gecko) Version/12.1.1 Mobile/15E148 Safari/604.1"
174.197.141.95 - - [12/Sep/2020:09:18:35 -0400] "GET /wp-content/plugins/wp-responsive-menu/assets/js/wprmenu.js?ver=3.1.4 HTTP/1.0" 200 8525 "http://www.islandgreenery.net/" "Mozilla/5.0 (iPhone; CPU iPhone OS 12_3_1 like Mac OS X) AppleWebKit/605.1.15 (KHTML, like Gecko) Version/12.1.1 Mobile/15E148 Safari/604.1"
174.197.141.95 - - [12/Sep/2020:09:18:35 -0400] "GET /wp-content/themes/twentytwelve/js/navigation.js?ver=20140711 HTTP/1.0" 200 1552 "http://www.islandgreenery.net/" "Mozilla/5.0 (iPhone; CPU iPhone OS 12_3_1 like Mac OS X) AppleWebKit/605.1.15 (KHTML, like Gecko) Version/12.1.1 Mobile/15E148 Safari/604.1"
10.30.94.78 - - [12/Sep/2020:09:18:33 -0400] "POST /wp-cron.php?doing_wp_cron=1599916713.8102989196777343750000 HTTP/1.0" 200 - "http://www.islandgreenery.net/wp-cron.php?doing_wp_cron=1599916713.8102989196777343750000" "WordPress/5.4.2; http://www.islandgreenery.net"
174.204.138.58 - - [12/Sep/2020:09:27:15 -0400] "GET /gallery/ HTTP/1.0" 200 39064 "-" "Mozilla/5.0 (iPhone; CPU iPhone OS 13_6 like Mac OS X) AppleWebKit/605.1.15 (KHTML, like Gecko) CriOS/85.0.4183.92 Mobile/15E148 Safari/604.1"
96.250.19.245 - - [12/Sep/2020:09:38:34 -0400] "GET /wp-content/plugins/wp-responsive-menu/inc/assets/icons/wpr-icons.css?ver=3.1.4 HTTP/1.0" 200 12813 "http://www.islandgreenery.net/" "Mozilla/5.0 (iPhone; CPU iPhone OS 13_7 like Mac OS X) AppleWebKit/605.1.15 (KHTML, like Gecko) Version/13.1.2 Mobile/15E148 Safari/604.1"
96.250.19.245 - - [12/Sep/2020:09:38:34 -0400] "GET /wp-content/themes/islandg/images/twitter-icon.png HTTP/1.0" 200 829 "http://www.islandgreenery.net/" "Mozilla/5.0 (iPhone; CPU iPhone OS 13_7 like Mac OS X) AppleWebKit/605.1.15 (KHTML, like Gecko) Version/13.1.2 Mobile/15E148 Safari/604.1"
10.30.94.78 - - [12/Sep/2020:10:11:45 -0400] "POST /wp-cron.php?doing_wp_cron=1599919904.9980030059814453125000 HTTP/1.0" 200 - "http://www.islandgreenery.net/wp-cron.php?doing_wp_cron=1599919904.9980030059814453125000" "WordPress/5.4.2; http://www.islandgreenery.net"
68.195.75.253 - - [12/Sep/2020:10:26:09 -0400] "GET /wp-content/themes/islandg/images/bower-branch-small.jpg HTTP/1.0" 200 10230 "http://www.islandgreenery.net/" "Mozilla/5.0 (iPhone; CPU iPhone OS 13_7 like Mac OS X) AppleWebKit/605.1.15 (KHTML, like Gecko) Version/13.1.2 Mobile/15E148 Safari/604.1"
68.195.75.253 - - [12/Sep/2020:10:26:09 -0400] "GET /wp-content/plugins/wp-responsive-menu/assets/fonts/wprmenu.ttf?p8o4s0 HTTP/1.0" 200 1152 "http://www.islandgreenery.net/" "Mozilla/5.0 (iPhone; CPU iPhone OS 13_7 like Mac OS X) AppleWebKit/605.1.15 (KHTML, like Gecko) Version/13.1.2 Mobile/15E148 Safari/604.1"
68.195.75.253 - - [12/Sep/2020:10:26:09 -0400] "GET /wp-content/themes/islandg/images/home-garden-showplace-logo.jpg HTTP/1.0" 200 4334 "http://www.islandgreenery.net/" "Mozilla/5.0 (iPhone; CPU iPhone OS 13_7 like Mac OS X) AppleWebKit/605.1.15 (KHTML, like Gecko) Version/13.1.2 Mobile/15E148 Safari/604.1"
68.195.75.253 - - [12/Sep/2020:10:26:09 -0400] "GET /wp-content/themes/islandg/images/gcs-logo.png HTTP/1.0" 200 16391 "http://www.islandgreenery.net/" "Mozilla/5.0 (iPhone; CPU iPhone OS 13_7 like Mac OS X) AppleWebKit/605.1.15 (KHTML, like Gecko) Version/13.1.2 Mobile/15E148 Safari/604.1"
68.195.75.253 - - [12/Sep/2020:10:26:10 -0400] "GET /wp-content/uploads/2020/05/late-spring-banner-bg-1.jpg HTTP/1.0" 200 40829 "http://www.islandgreenery.net/" "Mozilla/5.0 (iPhone; CPU iPhone OS 13_7 like Mac OS X) AppleWebKit/605.1.15 (KHTML, like Gecko) Version/13.1.2 Mobile/15E148 Safari/604.1"
108.27.61.80 - - [12/Sep/2020:10:36:40 -0400] "GET / HTTP/1.0" 200 30102 "https://www.google.com/" "Mozilla/5.0 (iPhone; CPU iPhone OS 13_6_1 like Mac OS X) AppleWebKit/605.1.15 (KHTML, like Gecko) Version/13.1.2 Mobile/15E148 Safari/604.1"
108.27.61.80 - - [12/Sep/2020:10:36:45 -0400] "GET /wp-content/plugins/wp-responsive-menu/assets/js/jquery.touchSwipe.min.js?ver=3.1.4 HTTP/1.0" 200 10290 "http://www.islandgreenery.net/" "Mozilla/5.0 (iPhone; CPU iPhone OS 13_6_1 like Mac OS X) AppleWebKit/605.1.15 (KHTML, like Gecko) Version/13.1.2 Mobile/15E148 Safari/604.1"
108.27.61.80 - - [12/Sep/2020:10:36:46 -0400] "GET /wp-content/themes/islandg/images/delea-logo.jpg HTTP/1.0" 200 3619 "http://www.islandgreenery.net/" "Mozilla/5.0 (iPhone; CPU iPhone OS 13_6_1 like Mac OS X) AppleWebKit/605.1.15 (KHTML, like Gecko) Version/13.1.2 Mobile/15E148 Safari/604.1"
108.27.61.80 - - [12/Sep/2020:10:36:46 -0400] "GET /wp-content/plugins/wp-responsive-menu/assets/fonts/wprmenu.ttf?p8o4s0 HTTP/1.0" 200 1152 "http://www.islandgreenery.net/" "Mozilla/5.0 (iPhone; CPU iPhone OS 13_6_1 like Mac OS X) AppleWebKit/605.1.15 (KHTML, like Gecko) Version/13.1.2 Mobile/15E148 Safari/604.1"
108.27.61.80 - - [12/Sep/2020:10:36:46 -0400] "GET /wp-content/themes/islandg/images/home-garden-showplace-logo.jpg HTTP/1.0" 200 4334 "http://www.islandgreenery.net/" "Mozilla/5.0 (iPhone; CPU iPhone OS 13_6_1 like Mac OS X) AppleWebKit/605.1.15 (KHTML, like Gecko) Version/13.1.2 Mobile/15E148 Safari/604.1"
10.30.94.78 - - [12/Sep/2020:10:52:18 -0400] "POST /wp-cron.php?doing_wp_cron=1599922338.8925890922546386718750 HTTP/1.0" 200 - "http://www.islandgreenery.net/wp-cron.php?doing_wp_cron=1599922338.8925890922546386718750" "WordPress/5.4.2; http://www.islandgreenery.net"
67.84.251.175 - - [12/Sep/2020:11:17:02 -0400] "GET /wp-content/themes/islandg/style.css?ver=5.4.2 HTTP/1.0" 200 77097 "http://www.islandgreenery.net/" "Mozilla/5.0 (Windows NT 10.0; Win64; x64) AppleWebKit/537.36 (KHTML, like Gecko) Chrome/85.0.4183.83 Safari/537.36 Edg/85.0.564.44"
67.84.251.175 - - [12/Sep/2020:11:17:03 -0400] "GET /wp-content/themes/islandg/images/bower-branch-small.jpg HTTP/1.0" 200 10230 "http://www.islandgreenery.net/" "Mozilla/5.0 (Windows NT 10.0; Win64; x64) AppleWebKit/537.36 (KHTML, like Gecko) Chrome/85.0.4183.83 Safari/537.36 Edg/85.0.564.44"
67.84.251.175 - - [12/Sep/2020:11:17:03 -0400] "GET /wp-content/themes/islandg/images/delea-logo.jpg HTTP/1.0" 200 3619 "http://www.islandgreenery.net/" "Mozilla/5.0 (Windows NT 10.0; Win64; x64) AppleWebKit/537.36 (KHTML, like Gecko) Chrome/85.0.4183.83 Safari/537.36 Edg/85.0.564.44"
67.84.251.175 - - [12/Sep/2020:11:17:03 -0400] "GET /wp-content/themes/islandg/images/yellow-grad-bg.png HTTP/1.0" 200 307 "http://www.islandgreenery.net/wp-content/themes/islandg/style.css?ver=5.4.2" "Mozilla/5.0 (Windows NT 10.0; Win64; x64) AppleWebKit/537.36 (KHTML, like Gecko) Chrome/85.0.4183.83 Safari/537.36 Edg/85.0.564.44"
10.30.94.78 - - [12/Sep/2020:11:17:01 -0400] "POST /wp-cron.php?doing_wp_cron=1599923821.0208261013031005859375 HTTP/1.0" 200 - "http://www.islandgreenery.net/wp-cron.php?doing_wp_cron=1599923821.0208261013031005859375" "WordPress/5.4.2; http://www.islandgreenery.net"
67.86.88.203 - - [12/Sep/2020:11:25:27 -0400] "GET /wp-content/themes/islandg/images/monrovia-logo.jpg HTTP/1.0" 200 3074 "http://www.islandgreenery.net/" "Mozilla/5.0 (iPhone; CPU iPhone OS 13_6_1 like Mac OS X) AppleWebKit/605.1.15 (KHTML, like Gecko) Version/13.1.2 Mobile/15E148 Safari/604.1"
10.30.94.78 - - [12/Sep/2020:11:52:22 -0400] "POST /wp-cron.php?doing_wp_cron=1599925942.0146720409393310546875 HTTP/1.0" 200 - "http://www.islandgreenery.net/wp-cron.php?doing_wp_cron=1599925942.0146720409393310546875" "WordPress/5.4.2; http://www.islandgreenery.net"
157.55.39.232 - - [12/Sep/2020:12:10:40 -0400] "GET /gallery/ HTTP/1.0" 200 39064 "-" "Mozilla/5.0 (compatible; bingbot/2.0; +http://www.bing.com/bingbot.htm)"
40.77.167.241 - - [12/Sep/2020:12:11:10 -0400] "GET /wp-content/plugins/contact-form-7/includes/css/styles.css?ver=5.1.7 HTTP/1.0" 200 1746 "-" "Mozilla/5.0 (compatible; bingbot/2.0; +http://www.bing.com/bingbot.htm)"
40.77.167.146 - - [12/Sep/2020:12:11:29 -0400] "GET /wp-content/plugins/contact-form-7/includes/js/scripts.js?ver=5.1.7 HTTP/1.0" 200 14440 "-" "Mozilla/5.0 (compatible; bingbot/2.0; +http://www.bing.com/bingbot.htm)"
207.46.13.162 - - [12/Sep/2020:12:11:39 -0400] "GET /wp-content/uploads/master-slider/custom.css?ver=4.5 HTTP/1.0" 200 713 "-" "Mozilla/5.0 (compatible; bingbot/2.0; +http://www.bing.com/bingbot.htm)"
47.16.102.215 - - [12/Sep/2020:12:26:33 -0400] "GET /wp-content/themes/islandg/images/bower-branch-small.jpg HTTP/1.0" 200 10230 "http://www.islandgreenery.net/" "Mozilla/5.0 (iPhone; CPU iPhone OS 13_6_1 like Mac OS X) AppleWebKit/605.1.15 (KHTML, like Gecko) Version/13.1.2 Mobile/15E148 Safari/604.1"
47.16.102.215 - - [12/Sep/2020:12:26:35 -0400] "GET /wp-content/plugins/master-slider/public/assets/css/skins/light-skin-1-retina.png HTTP/1.0" 200 4422 "http://www.islandgreenery.net/" "Mozilla/5.0 (iPhone; CPU iPhone OS 13_6_1 like Mac OS X) AppleWebKit/605.1.15 (KHTML, like Gecko) Version/13.1.2 Mobile/15E148 Safari/604.1"
47.16.102.215 - - [12/Sep/2020:12:26:35 -0400] "GET /wp-content/uploads/2020/05/late-spring-banner-bg-3.jpg HTTP/1.0" 200 62771 "http://www.islandgreenery.net/" "Mozilla/5.0 (iPhone; CPU iPhone OS 13_6_1 like Mac OS X) AppleWebKit/605.1.15 (KHTML, like Gecko) Version/13.1.2 Mobile/15E148 Safari/604.1"
98.116.154.183 - - [12/Sep/2020:13:15:09 -0400] "GET /wp-includes/js/jquery/jquery.js?ver=1.12.4-wp HTTP/1.0" 200 96873 "http://www.islandgreenery.net/" "Mozilla/5.0 (Windows NT 10.0; Win64; x64; rv:80.0) Gecko/20100101 Firefox/80.0"
98.116.154.183 - - [12/Sep/2020:13:15:09 -0400] "GET /wp-content/plugins/wp-responsive-menu/assets/js/jquery.touchSwipe.min.js?ver=3.1.4 HTTP/1.0" 200 10290 "http://www.islandgreenery.net/" "Mozilla/5.0 (Windows NT 10.0; Win64; x64; rv:80.0) Gecko/20100101 Firefox/80.0"
98.116.154.183 - - [12/Sep/2020:13:15:09 -0400] "GET /wp-content/plugins/contact-form-7/includes/js/scripts.js?ver=5.1.7 HTTP/1.0" 200 14440 "http://www.islandgreenery.net/" "Mozilla/5.0 (Windows NT 10.0; Win64; x64; rv:80.0) Gecko/20100101 Firefox/80.0"
98.116.154.183 - - [12/Sep/2020:13:15:26 -0400] "GET /wp-content/uploads/2016/03/couponHov.png HTTP/1.0" 200 43910 "http://www.islandgreenery.net/propane-supply/" "Mozilla/5.0 (Windows NT 10.0; Win64; x64; rv:80.0) Gecko/20100101 Firefox/80.0"
47.16.102.215 - - [12/Sep/2020:13:27:26 -0400] "GET / HTTP/1.0" 200 30102 "http://www.islandgreenery.net/" "Mozilla/5.0 (iPhone; CPU iPhone OS 13_6_1 like Mac OS X) AppleWebKit/605.1.15 (KHTML, like Gecko) Version/13.1.2 Mobile/15E148 Safari/604.1"
47.16.102.215 - - [12/Sep/2020:13:27:35 -0400] "GET / HTTP/1.0" 200 30102 "http://www.islandgreenery.net/" "Mozilla/5.0 (iPhone; CPU iPhone OS 13_6_1 like Mac OS X) AppleWebKit/605.1.15 (KHTML, like Gecko) Version/13.1.2 Mobile/15E148 Safari/604.1"
10.30.94.78 - - [12/Sep/2020:13:32:38 -0400] "POST /wp-cron.php?doing_wp_cron=1599931958.3967161178588867187500 HTTP/1.0" 200 - "http://www.islandgreenery.net/wp-cron.php?doing_wp_cron=1599931958.3967161178588867187500" "WordPress/5.4.2; http://www.islandgreenery.net"
104.207.238.35 - - [12/Sep/2020:13:44:40 -0400] "GET /wp-content/uploads/404.php HTTP/1.0" 301 500 "http://site.ru" "Mozilla/5.0 (Windows; U; Windows NT 5.1; en-US) AppleWebKit/533.4 (KHTML, like Gecko) Chrome/5.0.375.99 Safari/533.4"
104.207.238.35 - - [12/Sep/2020:13:44:43 -0400] "GET /wp-content/uploads/404.php HTTP/1.0" 404 24479 "http://site.ru" "Mozilla/5.0 (Windows; U; Windows NT 5.1; en-US) AppleWebKit/533.4 (KHTML, like Gecko) Chrome/5.0.375.99 Safari/533.4"
98.116.104.205 - - [12/Sep/2020:14:43:16 -0400] "GET /wp-content/plugins/contact-form-7/includes/css/styles.css?ver=5.1.7 HTTP/1.0" 200 1746 "http://www.islandgreenery.net/" "Mozilla/5.0 (Linux; Android 10; SM-G988U) AppleWebKit/537.36 (KHTML, like Gecko) Chrome/85.0.4183.101 Mobile Safari/537.36"
98.116.104.205 - - [12/Sep/2020:14:43:17 -0400] "GET /wp-content/plugins/master-slider/public/assets/js/masterslider.min.js?ver=3.5.8 HTTP/1.0" 200 90646 "http://www.islandgreenery.net/" "Mozilla/5.0 (Linux; Android 10; SM-G988U) AppleWebKit/537.36 (KHTML, like Gecko) Chrome/85.0.4183.101 Mobile Safari/537.36"
98.116.104.205 - - [12/Sep/2020:14:43:18 -0400] "GET /wp-content/themes/islandg/images/design-services-bg.jpg HTTP/1.0" 200 43520 "http://www.islandgreenery.net/wp-content/themes/islandg/style.css?ver=5.4.2" "Mozilla/5.0 (Linux; Android 10; SM-G988U) AppleWebKit/537.36 (KHTML, like Gecko) Chrome/85.0.4183.101 Mobile Safari/537.36"
98.116.104.205 - - [12/Sep/2020:14:44:14 -0400] "GET /specials-coupons/ HTTP/1.0" 200 24651 "http://www.islandgreenery.net/" "Mozilla/5.0 (Linux; Android 10; SM-G988U) AppleWebKit/537.36 (KHTML, like Gecko) Chrome/85.0.4183.101 Mobile Safari/537.36"
123.21.16.129 - - [12/Sep/2020:15:16:19 -0400] "POST /xmlrpc.php HTTP/1.0" 200 403 "http://islandgreenery.net/xmlrpc.php" "Mozilla/5.0 (Windows NT 10.0; WOW64) AppleWebKit/537.36 (KHTML, like Gecko) Chrome/62.0.3198.0 Safari/537.36 OPR/49.0.2711.0"
114.119.158.13 - - [12/Sep/2020:15:16:46 -0400] "GET /category/blog/ HTTP/1.0" 200 25463 "-" "Mozilla/5.0 (Linux; Android 7.0;) AppleWebKit/537.36 (KHTML, like Gecko) Mobile Safari/537.36 (compatible; PetalBot;+http://aspiegel.com/petalbot)"
174.197.135.0 - - [12/Sep/2020:15:38:11 -0400] "GET /wp-content/plugins/contact-form-7/includes/css/styles.css?ver=5.1.7 HTTP/1.0" 200 1746 "http://www.islandgreenery.net/" "Mozilla/5.0 (iPhone; CPU iPhone OS 13_7 like Mac OS X) AppleWebKit/605.1.15 (KHTML, like Gecko) Version/13.1.2 Mobile/15E148 Safari/604.1"
174.197.135.0 - - [12/Sep/2020:15:38:12 -0400] "GET /wp-content/themes/islandg/images/design-grad.png HTTP/1.0" 200 200 "http://www.islandgreenery.net/" "Mozilla/5.0 (iPhone; CPU iPhone OS 13_7 like Mac OS X) AppleWebKit/605.1.15 (KHTML, like Gecko) Version/13.1.2 Mobile/15E148 Safari/604.1"
174.197.135.0 - - [12/Sep/2020:15:38:12 -0400] "GET /wp-content/plugins/master-slider/public/assets/css/skins/light-skin-1-retina.png HTTP/1.0" 200 4422 "http://www.islandgreenery.net/" "Mozilla/5.0 (iPhone; CPU iPhone OS 13_7 like Mac OS X) AppleWebKit/605.1.15 (KHTML, like Gecko) Version/13.1.2 Mobile/15E148 Safari/604.1"
174.197.135.0 - - [12/Sep/2020:15:38:13 -0400] "GET /wp-content/uploads/2020/05/late-spring-banner-bg-5.jpg HTTP/1.0" 200 30749 "http://www.islandgreenery.net/" "Mozilla/5.0 (iPhone; CPU iPhone OS 13_7 like Mac OS X) AppleWebKit/605.1.15 (KHTML, like Gecko) Version/13.1.2 Mobile/15E148 Safari/604.1"
172.58.227.108 - - [12/Sep/2020:15:39:23 -0400] "GET / HTTP/1.0" 200 30102 "-" "Mozilla/5.0 (iPhone; CPU iPhone OS 13_6_1 like Mac OS X) AppleWebKit/605.1.15 (KHTML, like Gecko) Version/13.1.2 Mobile/15E148 Safari/604.1"
172.58.227.108 - - [12/Sep/2020:15:39:27 -0400] "GET /wp-content/plugins/contact-form-7/includes/css/styles.css?ver=5.1.7 HTTP/1.0" 200 1746 "http://www.islandgreenery.net/" "Mozilla/5.0 (iPhone; CPU iPhone OS 13_6_1 like Mac OS X) AppleWebKit/605.1.15 (KHTML, like Gecko) Version/13.1.2 Mobile/15E148 Safari/604.1"
172.58.227.108 - - [12/Sep/2020:15:39:28 -0400] "GET /wp-content/themes/islandg/style.css?ver=5.4.2 HTTP/1.0" 200 77097 "http://www.islandgreenery.net/" "Mozilla/5.0 (iPhone; CPU iPhone OS 13_6_1 like Mac OS X) AppleWebKit/605.1.15 (KHTML, like Gecko) Version/13.1.2 Mobile/15E148 Safari/604.1"
10.30.94.78 - - [12/Sep/2020:15:39:26 -0400] "POST /wp-cron.php?doing_wp_cron=1599939566.3409619331359863281250 HTTP/1.0" 200 - "http://www.islandgreenery.net/wp-cron.php?doing_wp_cron=1599939566.3409619331359863281250" "WordPress/5.4.2; http://www.islandgreenery.net"
172.58.227.108 - - [12/Sep/2020:15:39:39 -0400] "GET /wp-content/uploads/2016/03/propane-facts.jpg HTTP/1.0" 200 16759 "http://www.islandgreenery.net/propane-supply/" "Mozilla/5.0 (iPhone; CPU iPhone OS 13_6_1 like Mac OS X) AppleWebKit/605.1.15 (KHTML, like Gecko) Version/13.1.2 Mobile/15E148 Safari/604.1"
27.116.125.146 - - [12/Sep/2020:16:00:37 -0400] "POST /wp-login.php HTTP/1.0" 200 5494 "http://islandgreenery.net/wp-login.php" "Mozilla/5.0 (Windows NT 10.0; WOW64) AppleWebKit/537.36 (KHTML, like Gecko) Chrome/62.0.3198.0 Safari/537.36 OPR/49.0.2711.0"
174.197.139.243 - - [12/Sep/2020:16:14:13 -0400] "GET /wp-content/themes/islandg/style.css?ver=5.4.2 HTTP/1.0" 200 77097 "http://www.islandgreenery.net/" "Mozilla/5.0 (iPhone; CPU iPhone OS 13_6_1 like Mac OS X) AppleWebKit/605.1.15 (KHTML, like Gecko) Version/13.1.2 Mobile/15E148 Safari/604.1"
174.197.139.243 - - [12/Sep/2020:16:14:13 -0400] "GET /wp-includes/js/jquery/jquery.js?ver=1.12.4-wp HTTP/1.0" 200 96873 "http://www.islandgreenery.net/" "Mozilla/5.0 (iPhone; CPU iPhone OS 13_6_1 like Mac OS X) AppleWebKit/605.1.15 (KHTML, like Gecko) Version/13.1.2 Mobile/15E148 Safari/604.1"
96.250.17.56 - - [12/Sep/2020:16:14:14 -0400] "GET /wp-content/themes/twentytwelve/style.css HTTP/1.0" 200 36443 "http://www.islandgreenery.net/" "Mozilla/5.0 (iPhone; CPU iPhone OS 13_6_1 like Mac OS X) AppleWebKit/605.1.15 (KHTML, like Gecko) Version/13.1.2 Mobile/15E148 Safari/604.1"
96.250.17.56 - - [12/Sep/2020:16:14:14 -0400] "GET /wp-content/plugins/wp-responsive-menu/assets/js/modernizr.custom.js?ver=3.1.4 HTTP/1.0" 200 7197 "http://www.islandgreenery.net/" "Mozilla/5.0 (iPhone; CPU iPhone OS 13_6_1 like Mac OS X) AppleWebKit/605.1.15 (KHTML, like Gecko) Version/13.1.2 Mobile/15E148 Safari/604.1"
96.250.17.56 - - [12/Sep/2020:16:14:14 -0400] "GET /wp-content/plugins/wp-responsive-menu/assets/fonts/wprmenu.ttf?p8o4s0 HTTP/1.0" 200 1152 "http://www.islandgreenery.net/" "Mozilla/5.0 (iPhone; CPU iPhone OS 13_6_1 like Mac OS X) AppleWebKit/605.1.15 (KHTML, like Gecko) Version/13.1.2 Mobile/15E148 Safari/604.1"
10.30.94.78 - - [12/Sep/2020:16:14:12 -0400] "POST /wp-cron.php?doing_wp_cron=1599941652.2375569343566894531250 HTTP/1.0" 200 - "http://www.islandgreenery.net/wp-cron.php?doing_wp_cron=1599941652.2375569343566894531250" "WordPress/5.4.2; http://www.islandgreenery.net"
96.250.17.56 - - [12/Sep/2020:16:14:27 -0400] "GET /specials-coupons/ HTTP/1.0" 200 24651 "http://www.islandgreenery.net/" "Mozilla/5.0 (iPhone; CPU iPhone OS 13_6_1 like Mac OS X) AppleWebKit/605.1.15 (KHTML, like Gecko) Version/13.1.2 Mobile/15E148 Safari/604.1"
96.250.17.56 - - [12/Sep/2020:16:15:01 -0400] "GET /specials-coupons/ HTTP/1.0" 200 24651 "http://www.islandgreenery.net/specials-coupons/" "Mozilla/5.0 (iPhone; CPU iPhone OS 13_6_1 like Mac OS X) AppleWebKit/605.1.15 (KHTML, like Gecko) Version/13.1.2 Mobile/15E148 Safari/604.1"
10.30.94.78 - - [12/Sep/2020:16:35:54 -0400] "POST /wp-cron.php?doing_wp_cron=1599942953.4203989505767822265625 HTTP/1.0" 200 - "http://www.islandgreenery.net/wp-cron.php?doing_wp_cron=1599942953.4203989505767822265625" "WordPress/5.4.2; http://www.islandgreenery.net"
77.88.5.7 - - [12/Sep/2020:16:42:02 -0400] "GET /2016/05/06/succulent-container-garden/ HTTP/1.0" 200 29020 "-" "Mozilla/5.0 (compatible; YandexBot/3.0; +http://yandex.com/bots)"
40.84.216.130 - - [12/Sep/2020:17:06:20 -0400] "POST ///wp-content/plugins/wp-file-manager/lib/php/connector.minimal.php HTTP/1.0" 404 24479 "-" "python-requests/2.24.0"
119.45.235.77 - - [12/Sep/2020:17:11:08 -0400] "GET /?author=1 HTTP/1.0" 301 - "-" "Mozilla/5.0 (X11; U; Linux i686)Gecko/20071127 Firefox/2.0.0.11"
67.84.85.75 - - [12/Sep/2020:18:11:48 -0400] "GET /gallery/ HTTP/1.0" 200 39064 "http://www.islandgreenery.net/" "Mozilla/5.0 (Windows NT 6.0) AppleWebKit/537.36 (KHTML, like Gecko) Chrome/49.0.2623.112 Safari/537.36"
67.84.85.75 - - [12/Sep/2020:18:11:52 -0400] "GET /wp-content/uploads/2020/03/IMG_4087-140x80.jpg HTTP/1.0" 200 32975 "http://www.islandgreenery.net/gallery/" "Mozilla/5.0 (Windows NT 6.0) AppleWebKit/537.36 (KHTML, like Gecko) Chrome/49.0.2623.112 Safari/537.36"
67.84.85.75 - - [12/Sep/2020:18:11:52 -0400] "GET /wp-content/uploads/2020/03/IMG_0470-1-e1583342086710-140x80.jpg HTTP/1.0" 200 22418 "http://www.islandgreenery.net/gallery/" "Mozilla/5.0 (Windows NT 6.0) AppleWebKit/537.36 (KHTML, like Gecko) Chrome/49.0.2623.112 Safari/537.36"
67.84.85.75 - - [12/Sep/2020:18:12:03 -0400] "GET /wp-content/uploads/2016/03/Delaccio_7-940x480.png HTTP/1.0" 200 915287 "http://www.islandgreenery.net/gallery/" "Mozilla/5.0 (Windows NT 6.0) AppleWebKit/537.36 (KHTML, like Gecko) Chrome/49.0.2623.112 Safari/537.36"
67.84.85.75 - - [12/Sep/2020:18:12:11 -0400] "GET /wp-content/uploads/2020/03/IMG_0471-e1583341550660-940x480.jpg HTTP/1.0" 200 377685 "http://www.islandgreenery.net/gallery/" "Mozilla/5.0 (Windows NT 6.0) AppleWebKit/537.36 (KHTML, like Gecko) Chrome/49.0.2623.112 Safari/537.36"
67.84.85.75 - - [12/Sep/2020:18:12:25 -0400] "GET /wp-content/uploads/2016/03/View6-940x480.jpg HTTP/1.0" 200 411579 "http://www.islandgreenery.net/gallery/" "Mozilla/5.0 (Windows NT 6.0) AppleWebKit/537.36 (KHTML, like Gecko) Chrome/49.0.2623.112 Safari/537.36"
67.84.85.75 - - [12/Sep/2020:18:12:42 -0400] "GET /wp-content/uploads/2020/03/IMG_0470-1-e1583342086710-940x480.jpg HTTP/1.0" 200 279993 "http://www.islandgreenery.net/gallery/" "Mozilla/5.0 (Windows NT 6.0) AppleWebKit/537.36 (KHTML, like Gecko) Chrome/49.0.2623.112 Safari/537.36"
67.84.85.75 - - [12/Sep/2020:18:13:11 -0400] "GET /wp-content/uploads/2016/03/AWC_9052-940x480.jpg HTTP/1.0" 200 513704 "http://www.islandgreenery.net/gallery/" "Mozilla/5.0 (Windows NT 6.0) AppleWebKit/537.36 (KHTML, like Gecko) Chrome/49.0.2623.112 Safari/537.36"
72.69.137.193 - - [12/Sep/2020:18:41:40 -0400] "GET / HTTP/1.0" 200 30102 "-" "Mozilla/5.0 (iPhone; CPU iPhone OS 13_7 like Mac OS X) AppleWebKit/605.1.15 (KHTML, like Gecko) Version/13.1.2 Mobile/15E148 Safari/604.1"
72.69.137.193 - - [12/Sep/2020:18:41:45 -0400] "GET /wp-includes/css/dist/block-library/style.min.css?ver=5.4.2 HTTP/1.0" 200 53593 "http://www.islandgreenery.net/" "Mozilla/5.0 (iPhone; CPU iPhone OS 13_7 like Mac OS X) AppleWebKit/605.1.15 (KHTML, like Gecko) Version/13.1.2 Mobile/15E148 Safari/604.1"
72.69.137.193 - - [12/Sep/2020:18:41:45 -0400] "GET /wp-content/plugins/master-slider/public/assets/css/masterslider.main.css?ver=3.5.8 HTTP/1.0" 200 66525 "http://www.islandgreenery.net/" "Mozilla/5.0 (iPhone; CPU iPhone OS 13_7 like Mac OS X) AppleWebKit/605.1.15 (KHTML, like Gecko) Version/13.1.2 Mobile/15E148 Safari/604.1"
72.69.137.193 - - [12/Sep/2020:18:41:46 -0400] "GET /wp-content/uploads/2020/05/late-spring-banner-bg-2.jpg HTTP/1.0" 200 23114 "http://www.islandgreenery.net/" "Mozilla/5.0 (iPhone; CPU iPhone OS 13_7 like Mac OS X) AppleWebKit/605.1.15 (KHTML, like Gecko) Version/13.1.2 Mobile/15E148 Safari/604.1"
72.69.137.193 - - [12/Sep/2020:18:42:44 -0400] "GET /wp-content/uploads/2016/03/IMG_0268-140x80.jpg HTTP/1.0" 200 15125 "http://www.islandgreenery.net/gallery/" "Mozilla/5.0 (iPhone; CPU iPhone OS 13_7 like Mac OS X) AppleWebKit/605.1.15 (KHTML, like Gecko) Version/13.1.2 Mobile/15E148 Safari/604.1"
72.69.137.193 - - [12/Sep/2020:18:42:45 -0400] "GET /wp-content/uploads/2020/03/IMG_0643-e1583342226907-140x80.jpg HTTP/1.0" 200 28963 "http://www.islandgreenery.net/gallery/" "Mozilla/5.0 (iPhone; CPU iPhone OS 13_7 like Mac OS X) AppleWebKit/605.1.15 (KHTML, like Gecko) Version/13.1.2 Mobile/15E148 Safari/604.1"
72.69.137.193 - - [12/Sep/2020:18:42:45 -0400] "GET /wp-content/uploads/2016/03/IMG_18071-940x480.jpg HTTP/1.0" 200 422730 "http://www.islandgreenery.net/gallery/" "Mozilla/5.0 (iPhone; CPU iPhone OS 13_7 like Mac OS X) AppleWebKit/605.1.15 (KHTML, like Gecko) Version/13.1.2 Mobile/15E148 Safari/604.1"
72.69.137.193 - - [12/Sep/2020:18:42:45 -0400] "GET /wp-content/uploads/2016/03/View6-940x480.jpg HTTP/1.0" 200 411579 "http://www.islandgreenery.net/gallery/" "Mozilla/5.0 (iPhone; CPU iPhone OS 13_7 like Mac OS X) AppleWebKit/605.1.15 (KHTML, like Gecko) Version/13.1.2 Mobile/15E148 Safari/604.1"
72.69.137.193 - - [12/Sep/2020:18:42:45 -0400] "GET /wp-content/uploads/2020/03/IMG_0471-e1583341550660-940x480.jpg HTTP/1.0" 200 377685 "http://www.islandgreenery.net/gallery/" "Mozilla/5.0 (iPhone; CPU iPhone OS 13_7 like Mac OS X) AppleWebKit/605.1.15 (KHTML, like Gecko) Version/13.1.2 Mobile/15E148 Safari/604.1"
72.69.137.193 - - [12/Sep/2020:18:42:45 -0400] "GET /gallery/ HTTP/1.0" 200 39064 "http://www.islandgreenery.net/gallery/" "Mozilla/5.0 (iPhone; CPU iPhone OS 13_7 like Mac OS X) AppleWebKit/605.1.15 (KHTML, like Gecko) Version/13.1.2 Mobile/15E148 Safari/604.1"
72.69.137.193 - - [12/Sep/2020:18:43:00 -0400] "GET /wp-content/uploads/2016/03/Delaccio_7-940x480.png HTTP/1.0" 200 915287 "http://www.islandgreenery.net/gallery/" "Mozilla/5.0 (iPhone; CPU iPhone OS 13_7 like Mac OS X) AppleWebKit/605.1.15 (KHTML, like Gecko) Version/13.1.2 Mobile/15E148 Safari/604.1"
72.69.137.193 - - [12/Sep/2020:18:43:08 -0400] "GET /wp-content/uploads/2020/03/IMG_3297-940x480.jpg HTTP/1.0" 200 345426 "http://www.islandgreenery.net/gallery/" "Mozilla/5.0 (iPhone; CPU iPhone OS 13_7 like Mac OS X) AppleWebKit/605.1.15 (KHTML, like Gecko) Version/13.1.2 Mobile/15E148 Safari/604.1"
72.69.137.193 - - [12/Sep/2020:18:43:09 -0400] "GET /wp-content/uploads/2016/03/IMG_0268-940x480.jpg HTTP/1.0" 200 507977 "http://www.islandgreenery.net/gallery/" "Mozilla/5.0 (iPhone; CPU iPhone OS 13_7 like Mac OS X) AppleWebKit/605.1.15 (KHTML, like Gecko) Version/13.1.2 Mobile/15E148 Safari/604.1"
193.239.147.35 - - [12/Sep/2020:19:13:36 -0400] "GET /wp-content/plugins/wp-file-manager/lib/php/connector.minimal.php HTTP/1.0" 404 24479 "www.google.com" "Mozlila/5.0 (Linux; Android 7.0; SM-G892A Bulid/NRD90M; wv) AppleWebKit/537.36 (KHTML, like Gecko) Version/4.0 Chrome/60.0.3112.107 Moblie Safari/537.36"
24.191.74.181 - - [12/Sep/2020:19:34:39 -0400] "GET /wp-content/plugins/wp-responsive-menu/assets/js/jquery.touchSwipe.min.js?ver=3.1.4 HTTP/1.0" 200 10290 "http://www.islandgreenery.net/" "Mozilla/5.0 (Windows NT 10.0; Win64; x64) AppleWebKit/537.36 (KHTML, like Gecko) Chrome/85.0.4183.102 Safari/537.36"
24.191.74.181 - - [12/Sep/2020:19:34:39 -0400] "GET /wp-content/plugins/contact-form-7/includes/js/scripts.js?ver=5.1.7 HTTP/1.0" 200 14440 "http://www.islandgreenery.net/" "Mozilla/5.0 (Windows NT 10.0; Win64; x64) AppleWebKit/537.36 (KHTML, like Gecko) Chrome/85.0.4183.102 Safari/537.36"
24.191.74.181 - - [12/Sep/2020:19:34:39 -0400] "GET /wp-includes/js/wp-embed.min.js?ver=5.4.2 HTTP/1.0" 200 1434 "http://www.islandgreenery.net/" "Mozilla/5.0 (Windows NT 10.0; Win64; x64) AppleWebKit/537.36 (KHTML, like Gecko) Chrome/85.0.4183.102 Safari/537.36"
24.191.74.181 - - [12/Sep/2020:19:34:39 -0400] "GET /wp-content/plugins/master-slider/public/assets/js/masterslider.min.js?ver=3.5.8 HTTP/1.0" 200 90646 "http://www.islandgreenery.net/" "Mozilla/5.0 (Windows NT 10.0; Win64; x64) AppleWebKit/537.36 (KHTML, like Gecko) Chrome/85.0.4183.102 Safari/537.36"
24.191.74.181 - - [12/Sep/2020:19:34:39 -0400] "GET /wp-content/themes/islandg/images/twitter-icon.png HTTP/1.0" 200 829 "http://www.islandgreenery.net/" "Mozilla/5.0 (Windows NT 10.0; Win64; x64) AppleWebKit/537.36 (KHTML, like Gecko) Chrome/85.0.4183.102 Safari/537.36"
24.191.74.181 - - [12/Sep/2020:19:34:39 -0400] "GET /wp-content/themes/islandg/images/email-bg.jpg HTTP/1.0" 200 9006 "http://www.islandgreenery.net/wp-content/themes/islandg/style.css?ver=5.4.2" "Mozilla/5.0 (Windows NT 10.0; Win64; x64) AppleWebKit/537.36 (KHTML, like Gecko) Chrome/85.0.4183.102 Safari/537.36"
24.191.74.181 - - [12/Sep/2020:19:34:40 -0400] "GET /wp-content/themes/islandg/images/yellow-grad-bg.png HTTP/1.0" 200 307 "http://www.islandgreenery.net/wp-content/themes/islandg/style.css?ver=5.4.2" "Mozilla/5.0 (Windows NT 10.0; Win64; x64) AppleWebKit/537.36 (KHTML, like Gecko) Chrome/85.0.4183.102 Safari/537.36"
24.191.74.181 - - [12/Sep/2020:19:34:40 -0400] "GET /wp-content/themes/islandg/images/cambridge-logo.jpg HTTP/1.0" 200 5448 "http://www.islandgreenery.net/" "Mozilla/5.0 (Windows NT 10.0; Win64; x64) AppleWebKit/537.36 (KHTML, like Gecko) Chrome/85.0.4183.102 Safari/537.36"
24.191.74.181 - - [12/Sep/2020:19:34:40 -0400] "GET /wp-content/themes/islandg/images/nicolock-logo.jpg HTTP/1.0" 200 5694 "http://www.islandgreenery.net/" "Mozilla/5.0 (Windows NT 10.0; Win64; x64) AppleWebKit/537.36 (KHTML, like Gecko) Chrome/85.0.4183.102 Safari/537.36"
24.191.74.181 - - [12/Sep/2020:19:34:40 -0400] "GET /wp-content/themes/islandg/images/monrovia-logo.jpg HTTP/1.0" 200 3074 "http://www.islandgreenery.net/" "Mozilla/5.0 (Windows NT 10.0; Win64; x64) AppleWebKit/537.36 (KHTML, like Gecko) Chrome/85.0.4183.102 Safari/537.36"
24.191.74.181 - - [12/Sep/2020:19:34:40 -0400] "GET /wp-content/uploads/2020/05/late-spring-banner-bg-2.jpg HTTP/1.0" 200 23114 "http://www.islandgreenery.net/" "Mozilla/5.0 (Windows NT 10.0; Win64; x64) AppleWebKit/537.36 (KHTML, like Gecko) Chrome/85.0.4183.102 Safari/537.36"
24.191.74.181 - - [12/Sep/2020:19:34:40 -0400] "GET /wp-content/uploads/2020/05/late-spring-banner-bg-3.jpg HTTP/1.0" 200 62771 "http://www.islandgreenery.net/" "Mozilla/5.0 (Windows NT 10.0; Win64; x64) AppleWebKit/537.36 (KHTML, like Gecko) Chrome/85.0.4183.102 Safari/537.36"
24.47.242.45 - - [12/Sep/2020:19:53:58 -0400] "GET / HTTP/1.0" 200 30102 "https://www.google.com/" "Mozilla/5.0 (Macintosh; Intel Mac OS X 10_15_4) AppleWebKit/605.1.15 (KHTML, like Gecko) Version/13.1.2 Safari/605.1.15"
24.47.242.45 - - [12/Sep/2020:19:54:02 -0400] "GET /wp-content/plugins/contact-form-7/includes/css/styles.css?ver=5.1.7 HTTP/1.0" 200 1746 "http://www.islandgreenery.net/" "Mozilla/5.0 (Macintosh; Intel Mac OS X 10_15_4) AppleWebKit/605.1.15 (KHTML, like Gecko) Version/13.1.2 Safari/605.1.15"
24.47.242.45 - - [12/Sep/2020:19:54:02 -0400] "GET /wp-content/plugins/wp-responsive-menu/assets/css/wpr-hamburger.css?ver=3.1.4 HTTP/1.0" 200 22025 "http://www.islandgreenery.net/" "Mozilla/5.0 (Macintosh; Intel Mac OS X 10_15_4) AppleWebKit/605.1.15 (KHTML, like Gecko) Version/13.1.2 Safari/605.1.15"
24.47.242.45 - - [12/Sep/2020:19:54:02 -0400] "GET /wp-includes/js/jquery/jquery.js?ver=1.12.4-wp HTTP/1.0" 200 96873 "http://www.islandgreenery.net/" "Mozilla/5.0 (Macintosh; Intel Mac OS X 10_15_4) AppleWebKit/605.1.15 (KHTML, like Gecko) Version/13.1.2 Safari/605.1.15"
24.47.242.45 - - [12/Sep/2020:19:54:03 -0400] "GET /wp-content/plugins/wp-responsive-menu/assets/js/modernizr.custom.js?ver=3.1.4 HTTP/1.0" 200 7197 "http://www.islandgreenery.net/" "Mozilla/5.0 (Macintosh; Intel Mac OS X 10_15_4) AppleWebKit/605.1.15 (KHTML, like Gecko) Version/13.1.2 Safari/605.1.15"
24.47.242.45 - - [12/Sep/2020:19:54:03 -0400] "GET /wp-content/themes/islandg/images/logo.png HTTP/1.0" 200 71909 "http://www.islandgreenery.net/" "Mozilla/5.0 (Macintosh; Intel Mac OS X 10_15_4) AppleWebKit/605.1.15 (KHTML, like Gecko) Version/13.1.2 Safari/605.1.15"
24.47.242.45 - - [12/Sep/2020:19:54:03 -0400] "GET /wp-content/themes/islandg/images/bower-branch-small.jpg HTTP/1.0" 200 10230 "http://www.islandgreenery.net/" "Mozilla/5.0 (Macintosh; Intel Mac OS X 10_15_4) AppleWebKit/605.1.15 (KHTML, like Gecko) Version/13.1.2 Safari/605.1.15"
24.47.242.45 - - [12/Sep/2020:19:54:03 -0400] "GET /wp-content/themes/islandg/images/nicolock-logo.jpg HTTP/1.0" 200 5694 "http://www.islandgreenery.net/" "Mozilla/5.0 (Macintosh; Intel Mac OS X 10_15_4) AppleWebKit/605.1.15 (KHTML, like Gecko) Version/13.1.2 Safari/605.1.15"
24.47.242.45 - - [12/Sep/2020:19:54:31 -0400] "GET /wp-content/uploads/2016/03/couponHov.png HTTP/1.0" 200 43910 "http://www.islandgreenery.net/propane-supply/" "Mozilla/5.0 (Macintosh; Intel Mac OS X 10_15_4) AppleWebKit/605.1.15 (KHTML, like Gecko) Version/13.1.2 Safari/605.1.15"
69.113.193.67 - - [12/Sep/2020:19:59:06 -0400] "GET /wp-content/plugins/contact-form-7/includes/js/scripts.js?ver=5.1.7 HTTP/1.0" 200 14440 "http://www.islandgreenery.net/" "Mozilla/5.0 (iPhone; CPU iPhone OS 13_7 like Mac OS X) AppleWebKit/605.1.15 (KHTML, like Gecko) Version/13.1.2 Mobile/15E148 Safari/604.1"
69.113.193.67 - - [12/Sep/2020:19:59:06 -0400] "GET /wp-includes/js/wp-embed.min.js?ver=5.4.2 HTTP/1.0" 200 1434 "http://www.islandgreenery.net/" "Mozilla/5.0 (iPhone; CPU iPhone OS 13_7 like Mac OS X) AppleWebKit/605.1.15 (KHTML, like Gecko) Version/13.1.2 Mobile/15E148 Safari/604.1"
69.113.193.67 - - [12/Sep/2020:19:59:06 -0400] "GET /wp-content/themes/islandg/images/facebook-icon.png HTTP/1.0" 200 2368 "http://www.islandgreenery.net/" "Mozilla/5.0 (iPhone; CPU iPhone OS 13_7 like Mac OS X) AppleWebKit/605.1.15 (KHTML, like Gecko) Version/13.1.2 Mobile/15E148 Safari/604.1"
69.113.193.67 - - [12/Sep/2020:19:59:06 -0400] "GET /wp-content/plugins/master-slider/public/assets/css/blank.gif HTTP/1.0" 200 43 "http://www.islandgreenery.net/" "Mozilla/5.0 (iPhone; CPU iPhone OS 13_7 like Mac OS X) AppleWebKit/605.1.15 (KHTML, like Gecko) Version/13.1.2 Mobile/15E148 Safari/604.1"
69.113.193.67 - - [12/Sep/2020:19:59:07 -0400] "GET /wp-content/uploads/2020/05/late-spring-banner-bg-2.jpg HTTP/1.0" 200 23114 "http://www.islandgreenery.net/" "Mozilla/5.0 (iPhone; CPU iPhone OS 13_7 like Mac OS X) AppleWebKit/605.1.15 (KHTML, like Gecko) Version/13.1.2 Mobile/15E148 Safari/604.1"
