0byt3m1n1
Path:
/
data
/
0
/
0
/
83
/
84
/
83084
/
meta
/
84411
/
logs
/
[
Home
]
File: x-access_log.2013-08-18
166.137.191.27 - - [18/Aug/2013:00:20:29 -0400] "GET / HTTP/1.1" 200 12549 "https://www.google.com/" "Mozilla/5.0 (Linux; Android 4.2.2; SAMSUNG-SGH-I337 Build/JDQ39) AppleWebKit/537.36 (KHTML, like Gecko) Chrome/28.0.1500.94 Mobile Safari/537.36"
166.137.191.27 - - [18/Aug/2013:00:20:29 -0400] "GET /campsite_images/CGdiscountlogo.gif HTTP/1.1" 200 5162 "http://www.campgrounddiscount.com/" "Mozilla/5.0 (Linux; Android 4.2.2; SAMSUNG-SGH-I337 Build/JDQ39) AppleWebKit/537.36 (KHTML, like Gecko) Chrome/28.0.1500.94 Mobile Safari/537.36"
166.137.191.27 - - [18/Aug/2013:00:20:29 -0400] "GET /campsite_images/happylogo.gif HTTP/1.1" 200 2318 "http://www.campgrounddiscount.com/" "Mozilla/5.0 (Linux; Android 4.2.2; SAMSUNG-SGH-I337 Build/JDQ39) AppleWebKit/537.36 (KHTML, like Gecko) Chrome/28.0.1500.94 Mobile Safari/537.36"
166.137.191.27 - - [18/Aug/2013:00:20:31 -0400] "GET /favicon.ico HTTP/1.1" 404 575 "-" "Mozilla/5.0 (Linux; Android 4.2.2; SAMSUNG-SGH-I337 Build/JDQ39) AppleWebKit/537.36 (KHTML, like Gecko) Chrome/28.0.1500.94 Mobile Safari/537.36"
91.207.9.226 - - [18/Aug/2013:01:26:21 -0400] "GET / HTTP/1.1" 200 12549 "http://internet-exe.com/" "Mozilla/4.0 (compatible; MSIE 6.0; Windows NT 5.1; SV1; .NET CLR 1.1.4322)"
93.196.199.32 - - [18/Aug/2013:06:00:52 -0400] "GET /campsite_images/CGdiscountlogo.gif HTTP/1.1" 200 5162 "http://www.campgrounddiscount.com/" "Mozilla/5.0 (iPad; CPU OS 6_1_3 like Mac OS X) AppleWebKit/536.26 (KHTML, like Gecko) Version/6.0 Mobile/10B329 Safari/8536.25"
93.196.199.32 - - [18/Aug/2013:06:00:52 -0400] "GET /campsite_images/CampClublogo.jpg HTTP/1.1" 200 10156 "http://www.campgrounddiscount.com/" "Mozilla/5.0 (iPad; CPU OS 6_1_3 like Mac OS X) AppleWebKit/536.26 (KHTML, like Gecko) Version/6.0 Mobile/10B329 Safari/8536.25"
66.249.75.79 - - [18/Aug/2013:12:55:37 -0400] "GET /maps/Map1frame.html HTTP/1.1" 304 - "-" "Mozilla/5.0 (iPhone; U; CPU iPhone OS 4_1 like Mac OS X; en-us) AppleWebKit/532.9 (KHTML, like Gecko) Version/4.0.5 Mobile/8B117 Safari/6531.22.7 (compatible; Googlebot-Mobile/2.1; +http://www.google.com/bot.html)"
211.244.83.232 - - [18/Aug/2013:13:56:41 -0400] "GET / HTTP/1.1" 200 12549 "http://search.daum.net/" "Mozilla/5.0 (compatible; MSIE or Firefox mutant; not on Windows server; + http://tab.search.daum.net/aboutWebSearch.html) Daumoa/3.0"
178.137.128.12 - - [18/Aug/2013:07:09:19 -0400] "GET / HTTP/1.1" 200 14739 "http://www.web-star.org.ua/sozdanie-sajtov.html" "Mozilla/4.0 (compatible; MSIE 6.0; Windows NT 5.1; SV1; InfoPath.1)"
195.242.218.133 - - [18/Aug/2013:18:31:59 -0400] "GET / HTTP/1.1" 200 14739 "http://en.winpm.ws/" "Mozilla/1.22 (compatible; MSIE 2.0; Windows 95)"
46.118.126.194 - - [18/Aug/2013:15:26:57 -0400] "GET / HTTP/1.1" 200 12549 "http://spplq.ru/" "Mozilla/0.6 Beta (Windows)"
220.181.108.187 - - [18/Aug/2013:18:41:07 -0400] "GET /187/images/clouds4_09.jpg HTTP/1.1" 200 2812 "-" "Baiduspider-image+(+http://www.baidu.com/search/spider.htm)"
66.249.75.190 - - [18/Aug/2013:00:18:58 -0400] "GET /robots.txt HTTP/1.1" 404 575 "-" "Mozilla/5.0 (compatible; Googlebot/2.1; +http://www.google.com/bot.html)"
166.137.191.27 - - [18/Aug/2013:00:20:32 -0400] "GET /apple-touch-icon.png HTTP/1.1" 404 575 "-" "Mozilla/5.0 (Linux; Android 4.2.2; SAMSUNG-SGH-I337 Build/JDQ39) AppleWebKit/537.36 (KHTML, like Gecko) Chrome/28.0.1500.94 Mobile Safari/537.36"
65.55.52.115 - - [18/Aug/2013:01:48:20 -0400] "GET /rvtnstyle.css HTTP/1.1" 200 2449 "-" "Mozilla/5.0 (compatible; bingbot/2.0; +http://www.bing.com/bingbot.htm)"
178.137.128.12 - - [18/Aug/2013:05:35:16 -0400] "GET / HTTP/1.1" 200 12549 "http://getmortgage.co.il/" "Opera/9.00 (Windows NT 5.1; U; ru)"
216.145.5.42 - - [18/Aug/2013:18:47:45 -0400] "GET / HTTP/1.1" 200 7661 "http://whois.domaintools.com/rvtravlin.com" "Mozilla/5.0 (Windows; U; Windows NT 5.1; en; rv:1.9.0.13) Gecko/2009073022 Firefox/3.5.2 (.NET CLR 3.5.30729) SurveyBot/2.3 (DomainTools)"
176.9.139.112 - - [18/Aug/2013:23:06:55 -0400] "GET /robots.txt HTTP/1.1" 404 575 "-" "Mozilla/5.0 (compatible; SISTRIX Crawler; http://crawler.sistrix.net/)"
92.249.127.111 - - [18/Aug/2013:11:04:53 -0400] "GET / HTTP/1.1" 200 14739 "http://kredit.mybb.ru/" "Mozilla/5.0 (compatible; news bot /2.1)"
54.234.77.74 - - [18/Aug/2013:11:29:48 -0400] "GET /index.html HTTP/1.1" 200 12549 "-" "Mozilla/5.0 (compatible; linkdexbot/2.0; +http://www.linkdex.com/about/bots/)"
91.207.9.226 - - [18/Aug/2013:03:12:55 -0400] "GET / HTTP/1.1" 200 14739 "http://investaki.ru/" "Mozilla/4.0 (compatible; MSIE 7.0b; Windows NT 6.0 ; .NET CLR 2.0.50215; SL Commerce Client v1.0; Tablet PC 2.0"
178.137.128.12 - - [18/Aug/2013:05:35:15 -0400] "GET / HTTP/1.1" 200 12549 "http://getmortgage.co.il/" "Opera/9.00 (Windows NT 5.1; U; ru)"
91.207.9.226 - - [18/Aug/2013:16:07:11 -0400] "GET / HTTP/1.1" 200 12549 "http://degustar.ru/" "Mozilla/4.0 (compatible; MSIE 6.0; Windows NT 5.1; en) Opera 8.00"
50.46.152.171 - - [18/Aug/2013:18:25:30 -0400] "GET /maps/cvbmapca.jpg HTTP/1.1" 200 143733 "http://www.google.com/blank.html" "Mozilla/5.0 (Macintosh; Intel Mac OS X 10_7_5) AppleWebKit/537.36 (KHTML, like Gecko) Chrome/28.0.1500.95 Safari/537.36"
92.249.127.111 - - [18/Aug/2013:19:12:50 -0400] "GET / HTTP/1.1" 200 14739 "http://www.bravica.ws/ru/" "Mozilla/5.0 (compatible; news bot /2.1)"
66.249.75.79 - - [18/Aug/2013:12:55:37 -0400] "GET /robots.txt HTTP/1.1" 404 575 "-" "Mozilla/5.0 (compatible; Googlebot/2.1; +http://www.google.com/bot.html)"
198.199.64.115 - - [18/Aug/2013:23:33:03 -0400] "GET /strategicplanning.html HTTP/1.1" 200 16848 "-" "Mozilla/5.0 (Windows NT 6.1; WOW64; rv:21.0) Gecko/20100101 Firefox/21.0"
66.249.75.201 - - [18/Aug/2013:16:02:00 -0400] "GET / HTTP/1.1" 200 7661 "-" "Mozilla/5.0 (compatible; Googlebot/2.1; +http://www.google.com/bot.html)"
207.241.226.239 - - [18/Aug/2013:03:50:39 -0400] "GET /robots.txt HTTP/1.1" 404 575 "-" "ia_archiver(OS-Wayback)"
178.137.128.12 - - [18/Aug/2013:04:13:52 -0400] "GET / HTTP/1.1" 200 14739 "http://vrnelectro.ru/" "Opera/9.00 (Windows NT 5.1; U; en)"
166.137.191.27 - - [18/Aug/2013:00:20:29 -0400] "GET /campsite_images/CampClublogo.jpg HTTP/1.1" 200 10156 "http://www.campgrounddiscount.com/" "Mozilla/5.0 (Linux; Android 4.2.2; SAMSUNG-SGH-I337 Build/JDQ39) AppleWebKit/537.36 (KHTML, like Gecko) Chrome/28.0.1500.94 Mobile Safari/537.36"
166.137.191.27 - - [18/Aug/2013:00:20:32 -0400] "GET /favicon.ico HTTP/1.1" 404 575 "-" "Mozilla/5.0 (Linux; Android 4.2.2; SAMSUNG-SGH-I337 Build/JDQ39) AppleWebKit/537.36 (KHTML, like Gecko) Chrome/28.0.1500.94 Mobile Safari/537.36"
157.55.32.98 - - [18/Aug/2013:01:23:19 -0400] "GET /robots.txt HTTP/1.1" 404 575 "-" "Mozilla/5.0 (compatible; bingbot/2.0; +http://www.bing.com/bingbot.htm)"
54.234.77.74 - - [18/Aug/2013:20:09:27 -0400] "GET /index.html HTTP/1.1" 200 12549 "-" "Mozilla/5.0 (compatible; linkdexbot/2.0; +http://www.linkdex.com/about/bots/)"
46.119.118.152 - - [18/Aug/2013:08:04:11 -0400] "GET / HTTP/1.1" 200 12549 "http://www.bravica.com/ru/" "Mozilla/4.0 (compatible; MSIE 6.0; Windows NT 5.0; Avant Browser [avantbrowser.com]; Hotbar 4.4.5.0)"
108.247.254.186 - - [18/Aug/2013:23:10:25 -0400] "GET /favicon.ico HTTP/1.1" 404 575 "http://www.campgrounddiscount.com/" "Mozilla/5.0 (Linux; U; Android 4.1.2; en-us; SGH-T999 Build/JZO54K) AppleWebKit/534.30 (KHTML, like Gecko) Version/4.0 Mobile Safari/534.30"
69.171.187.18 - - [18/Aug/2013:14:25:04 -0400] "GET /campsite_images/CampClublogo.jpg HTTP/1.1" 200 10156 "http://www.campgrounddiscount.com/" "Mozilla/5.0 (Linux; U; Android 2.3.4; en-us; X500 Build/GINGERBREAD) AppleWebKit/533.1 (KHTML, like Gecko) Version/4.0 Mobile Safari/533.1"
36.250.177.206 - - [18/Aug/2013:14:57:14 -0400] "HEAD / HTTP/1.0" 200 - "-" "Opera/9.64(Windows NT 5.1; U; en) Presto/2.1.1"
91.207.9.226 - - [18/Aug/2013:03:12:57 -0400] "GET / HTTP/1.1" 200 14739 "http://investaki.ru/" "Mozilla/4.0 (compatible; MSIE 7.0b; Windows NT 6.0 ; .NET CLR 2.0.50215; SL Commerce Client v1.0; Tablet PC 2.0"
166.137.191.27 - - [18/Aug/2013:00:20:29 -0400] "GET /campsite_images/deals.jpg HTTP/1.1" 200 13982 "http://www.campgrounddiscount.com/" "Mozilla/5.0 (Linux; Android 4.2.2; SAMSUNG-SGH-I337 Build/JDQ39) AppleWebKit/537.36 (KHTML, like Gecko) Chrome/28.0.1500.94 Mobile Safari/537.36"
166.137.191.27 - - [18/Aug/2013:00:20:32 -0400] "GET /apple-touch-icon.png HTTP/1.1" 404 575 "-" "Mozilla/5.0 (Linux; Android 4.2.2; SAMSUNG-SGH-I337 Build/JDQ39) AppleWebKit/537.36 (KHTML, like Gecko) Chrome/28.0.1500.94 Mobile Safari/537.36"
157.55.32.98 - - [18/Aug/2013:01:23:41 -0400] "GET / HTTP/1.1" 200 7661 "-" "Mozilla/5.0 (compatible; bingbot/2.0; +http://www.bing.com/bingbot.htm)"
65.181.123.129 - - [18/Aug/2013:01:36:45 -0400] "GET / HTTP/1.1" 200 12549 "-" "AdnormCrawler www.adnorm.com/crawler"
198.228.216.30 - - [18/Aug/2013:17:36:18 -0400] "GET /maps/cvbmapca.jpg HTTP/1.1" 200 143733 "https://www.google.com/" "Mozilla/5.0 (iPhone; CPU iPhone OS 6_1_3 like Mac OS X) AppleWebKit/536.26 (KHTML, like Gecko) Version/6.0 Mobile/10B329 Safari/8536.25"
71.45.138.29 - - [18/Aug/2013:17:47:21 -0400] "GET /favicon.ico HTTP/1.1" 404 575 "-" "Mozilla/5.0 (compatible; MSIE 10.0; Windows NT 6.2; Win64; x64; Trident/6.0)"
64.34.169.244 - - [18/Aug/2013:08:26:45 -0400] "GET / HTTP/1.1" 200 12549 "-" "Mozilla/5.0 (Windows; U; Windows NT 6.0; en-US; rv:1.9.0.11) Gecko/2009060215 Firefox/3.0.11"
157.56.229.246 - - [18/Aug/2013:11:01:21 -0400] "GET / HTTP/1.1" 200 12549 "-" "Mozilla/5.0 (compatible; bingbot/2.0; +http://www.bing.com/bingbot.htm)"
75.111.81.138 - - [18/Aug/2013:18:51:27 -0400] "GET /maps/cvbmapca.jpg HTTP/1.1" 200 143733 "http://www.bing.com/images/search?q=Northern+California&Form=R5FD10" "Mozilla/5.0 (Windows NT 6.1) AppleWebKit/537.22 (KHTML, like Gecko) Chrome/25.0.1364.97 Safari/537.22"
180.76.6.28 - - [18/Aug/2013:20:09:35 -0400] "GET / HTTP/1.1" 304 - "-" "Mozilla/5.0 (compatible; Baiduspider/2.0; +http://www.baidu.com/search/spider.html)"
46.119.118.152 - - [18/Aug/2013:08:04:13 -0400] "GET / HTTP/1.1" 200 12549 "http://www.bravica.com/ru/" "Mozilla/4.0 (compatible; MSIE 6.0; Windows NT 5.0; Avant Browser [avantbrowser.com]; Hotbar 4.4.5.0)"
208.115.113.84 - - [18/Aug/2013:23:54:31 -0400] "GET /campingbook.html HTTP/1.1" 200 4739 "-" "Mozilla/5.0 (compatible; Ezooms/1.0; ezooms.bot@gmail.com)"
5.135.125.178 - - [18/Aug/2013:19:33:10 -0400] "GET /campgrounds.html HTTP/1.1" 200 10300 "-" "Opera/9.80 (X11; Linux i686; U; en) Presto/2.9.168 Version/11.52"
178.137.128.12 - - [18/Aug/2013:04:13:53 -0400] "GET / HTTP/1.1" 200 14739 "http://vrnelectro.ru/" "Opera/9.00 (Windows NT 5.1; U; en)"
92.249.127.111 - - [18/Aug/2013:11:04:53 -0400] "GET / HTTP/1.1" 200 14739 "http://kredit.mybb.ru/" "Mozilla/5.0 (compatible; news bot /2.1)"
69.171.187.18 - - [18/Aug/2013:14:25:17 -0400] "GET /favicon.ico HTTP/1.1" 404 575 "http://www.campgrounddiscount.com/" "Mozilla/5.0 (Linux; U; Android 2.3.4; en-us; X500 Build/GINGERBREAD) AppleWebKit/533.1 (KHTML, like Gecko) Version/4.0 Mobile Safari/533.1"
46.119.118.152 - - [18/Aug/2013:08:04:11 -0400] "GET / HTTP/1.1" 200 12549 "http://mug-na-chas-moscow.ru/" "Mozilla/4.0 (compatible; MSIE 6.0; Windows NT 5.0; Avant Browser [avantbrowser.com]; Hotbar 4.4.5.0)"
91.207.9.226 - - [18/Aug/2013:01:26:21 -0400] "GET / HTTP/1.1" 200 12549 "http://internet-exe.com/" "Mozilla/4.0 (compatible; MSIE 6.0; Windows NT 5.1; SV1; .NET CLR 1.1.4322)"
46.118.126.194 - - [18/Aug/2013:17:31:24 -0400] "GET / HTTP/1.1" 200 14739 "http://sk-fashion.ru/" "Mozilla/4.0 (compatible; MSIE 5.5; Windows NT 5.0; T312461)"
66.249.75.56 - - [18/Aug/2013:01:24:37 -0400] "GET /robots.txt HTTP/1.1" 404 575 "-" "Mozilla/5.0 (compatible; Googlebot/2.1; +http://www.google.com/bot.html)"
66.249.75.79 - - [18/Aug/2013:01:39:49 -0400] "GET /campsite_images/CampClublogo.jpg HTTP/1.1" 200 10156 "http://www.campgrounddiscount.com/" "Mozilla/5.0 (X11; Linux x86_64) AppleWebKit/537.4 (KHTML, like Gecko; Google Page Speed Insights) Chrome/22.0.1229 Safari/537.4 GoogleBot/2.1"
46.119.118.152 - - [18/Aug/2013:09:39:23 -0400] "GET / HTTP/1.1" 200 14739 "http://cleaning-uborka.ru/" "Opera/9.00 (Windows NT 5.1; U; en)"
12.111.91.2 - - [18/Aug/2013:11:19:54 -0400] "GET /maps/CVBmap2.gif HTTP/1.0" 200 47319 "http://www.google.co.uk/search?q=san+antonio+california+campgrounds&client=safari&hl=en&source=lnms&tbm=isch&sa=X&ei=AOYQUr6uB6LV2AXGqYDQAQ&ved=0CAkQ_AUoAA&biw=1024&bih=672" "Mozilla/5.0 (iPad; CPU OS 5_1_1 like Mac OS X) AppleWebKit/534.46 (KHTML, like Gecko) Version/5.1 Mobile/9B206 Safari/7534.48.3"
76.196.75.85 - - [18/Aug/2013:16:51:18 -0400] "GET /maps/CVBmap2.gif HTTP/1.1" 200 47319 "http://www.google.com/search?biw=320&bih=504&tbm=isch&sa=1&ei=gzIRUqGpPOPL2gWMvYGABw&q=lake+tulloch+camping&oq=lake+tulloch+&gs_l=mobile-gws-serp.1.0.0l5.187402.187610.0.189405.2.2.0.0.0.0.447.724.2-1j0j1.2.0....0...1c.1.25.mobile-gws-serp..1.1.277.zrc1Z5wVdPw" "Mozilla/5.0 (iPhone; CPU iPhone OS 6_1_4 like Mac OS X) AppleWebKit/536.26 (KHTML, like Gecko) Version/6.0 Mobile/10B350 Safari/8536.25"
195.242.218.133 - - [18/Aug/2013:18:32:00 -0400] "GET / HTTP/1.1" 200 14739 "http://en.winpm.ws/" "Mozilla/1.22 (compatible; MSIE 2.0; Windows 95)"
66.249.75.190 - - [18/Aug/2013:01:08:06 -0400] "GET /home.html HTTP/1.1" 304 - "-" "Mozilla/5.0 (iPhone; U; CPU iPhone OS 4_1 like Mac OS X; en-us) AppleWebKit/532.9 (KHTML, like Gecko) Version/4.0.5 Mobile/8B117 Safari/6531.22.7 (compatible; Googlebot-Mobile/2.1; +http://www.google.com/bot.html)"
108.178.39.61 - - [18/Aug/2013:15:14:58 -0400] "GET / HTTP/1.1" 200 12549 "http://www.campgrounddiscount.com/" "Mozilla/5.0 (Windows NT 6.1; rv:2.0b7pre) Gecko/20100921 Firefox/4.0b7pre"
24.143.89.160 - - [18/Aug/2013:17:46:49 -0400] "GET /campsite_images/CGdiscountlogo.gif HTTP/1.1" 200 5162 "http://www.campgrounddiscount.com/" "Mozilla/5.0 (Windows NT 6.2; WOW64; rv:23.0) Gecko/20100101 Firefox/23.0"
92.249.127.111 - - [18/Aug/2013:17:52:04 -0400] "GET / HTTP/1.1" 200 12549 "http://www.bravica.pro/ru/" "Mozilla/5.0 (compatible; news bot /2.1)"
208.115.113.84 - - [18/Aug/2013:23:54:33 -0400] "GET / HTTP/1.1" 200 12549 "-" "Mozilla/5.0 (compatible; Ezooms/1.0; ezooms.bot@gmail.com)"
46.119.118.152 - - [18/Aug/2013:09:39:23 -0400] "GET / HTTP/1.1" 200 14739 "http://cleaning-uborka.ru/" "Opera/9.00 (Windows NT 5.1; U; en)"
54.226.210.170 - - [18/Aug/2013:11:30:07 -0400] "GET /robots.txt HTTP/1.1" 404 575 "-" "Mozilla/5.0 (compatible; linkdexbot/2.0; +http://www.linkdex.com/about/bots/)"
92.249.127.111 - - [18/Aug/2013:17:52:05 -0400] "GET / HTTP/1.1" 200 12549 "http://www.bravica.pro/ru/" "Mozilla/5.0 (compatible; news bot /2.1)"
46.119.118.152 - - [18/Aug/2013:09:39:23 -0400] "GET / HTTP/1.1" 200 14739 "http://www.bravica.ch/ru/" "Opera/9.00 (Windows NT 5.1; U; en)"
98.210.1.83 - - [18/Aug/2013:22:55:05 -0400] "GET /maps/cvbmapca.jpg HTTP/1.1" 200 143733 "-" "Mozilla/5.0 (Windows NT 6.0; WOW64; rv:23.0) Gecko/20100101 Firefox/23.0"
178.137.128.12 - - [18/Aug/2013:07:09:21 -0400] "GET / HTTP/1.1" 200 14739 "http://www.web-star.org.ua/sozdanie-sajtov.html" "Mozilla/4.0 (compatible; MSIE 6.0; Windows NT 5.1; SV1; InfoPath.1)"
66.249.75.56 - - [18/Aug/2013:01:25:11 -0400] "GET / HTTP/1.1" 200 12549 "-" "Mediapartners-Google"
68.8.31.217 - - [18/Aug/2013:21:38:10 -0400] "GET /maps/CVBmap3.gif HTTP/1.1" 200 43603 "http://www.bing.com/images/search?q=Map+of+California+Campgrounds&FORM=RESTAB" "Mozilla/5.0 (iPad; CPU OS 6_1_3 like Mac OS X) AppleWebKit/536.26 (KHTML, like Gecko) Version/6.0 Mobile/10B329 Safari/8536.25"
65.55.52.94 - - [18/Aug/2013:22:14:55 -0400] "GET /maps/Map3list.html HTTP/1.1" 304 - "-" "Mozilla/5.0 (compatible; bingbot/2.0; +http://www.bing.com/bingbot.htm)"
173.199.115.179 - - [18/Aug/2013:15:21:40 -0400] "GET /mediacampaigns.html HTTP/1.1" 200 13196 "-" "Mozilla/5.0 (compatible; AhrefsBot/4.0; +http://ahrefs.com/robot/)"
71.45.138.29 - - [18/Aug/2013:17:47:20 -0400] "GET / HTTP/1.1" 200 12549 "http://www.google.com/url?sa=t&rct=j&q=national%20camping%20card%20discount&source=web&cd=5&ved=0CEQQFjAE&url=http%3A%2F%2Fwww.campgrounddiscount.com%2F&ei=4T8RUvKTHuPi2QW13oDICw&usg=AFQjCNFIWEx1yHImV_9c_hO6YFlJRQ-PKw" "Mozilla/5.0 (compatible; MSIE 10.0; Windows NT 6.2; WOW64; Trident/6.0)"
71.45.138.29 - - [18/Aug/2013:17:47:20 -0400] "GET /campsite_images/happylogo.gif HTTP/1.1" 200 2318 "http://www.campgrounddiscount.com/" "Mozilla/5.0 (compatible; MSIE 10.0; Windows NT 6.2; WOW64; Trident/6.0)"
5.135.125.178 - - [18/Aug/2013:19:33:08 -0400] "GET / HTTP/1.1" 200 12549 "-" "Opera/9.80 (Windows NT 6.1; U; en-US) Presto/2.9.181 Version/12.00"
157.55.32.98 - - [18/Aug/2013:03:11:23 -0400] "GET / HTTP/1.1" 304 - "-" "Mozilla/5.0 (compatible; bingbot/2.0; +http://www.bing.com/bingbot.htm)"
178.137.128.12 - - [18/Aug/2013:04:13:53 -0400] "GET / HTTP/1.1" 200 14739 "http://vrnelectro.ru/" "Opera/9.00 (Windows NT 5.1; U; en)"
76.94.123.0 - - [18/Aug/2013:00:58:20 -0400] "GET /maps/CVBmap3.gif HTTP/1.1" 200 43603 "-" "Mozilla/5.0 (iPad; CPU OS 6_1_3 like Mac OS X) AppleWebKit/536.26 (KHTML, like Gecko) Version/6.0 Mobile/10B329 Safari/8536.25"
50.89.69.252 - - [18/Aug/2013:15:43:18 -0400] "GET / HTTP/1.1" 200 12549 "http://www.google.com/url?sa=t&rct=j&q=discounts%20on%20national%20camp%20sites&source=web&cd=10&ved=0CH4QFjAJ&url=http%3A%2F%2Fwww.campgrounddiscount.com%2F&ei=dCMRUtr4DYmO2wXEgoHQCg&usg=AFQjCNFIWEx1yHImV_9c_hO6YFlJRQ-PKw" "Mozilla/5.0 (compatible; MSIE 10.0; Windows NT 6.1; WOW64; Trident/6.0)"
50.89.69.252 - - [18/Aug/2013:15:43:18 -0400] "GET /campsite_images/happylogo.gif HTTP/1.1" 200 2318 "http://www.campgrounddiscount.com/" "Mozilla/5.0 (compatible; MSIE 10.0; Windows NT 6.1; WOW64; Trident/6.0)"
92.249.127.111 - - [18/Aug/2013:17:52:06 -0400] "GET / HTTP/1.1" 200 12549 "http://www.bravica.pro/ru/" "Mozilla/5.0 (compatible; news bot /2.1)"
92.249.127.111 - - [18/Aug/2013:19:12:50 -0400] "GET / HTTP/1.1" 200 14739 "http://www.bravica.ws/ru/" "Mozilla/5.0 (compatible; news bot /2.1)"
195.242.218.133 - - [18/Aug/2013:18:31:57 -0400] "GET / HTTP/1.1" 200 14739 "http://en.winpm.ws/" "Mozilla/1.22 (compatible; MSIE 2.0; Windows 95)"
75.101.247.137 - - [18/Aug/2013:20:20:54 -0400] "GET / HTTP/1.1" 200 12549 "-" "Mozilla/5.0 (compatible; linkdexbot/2.0; +http://www.linkdex.com/about/bots/)"
89.145.95.2 - - [18/Aug/2013:03:19:36 -0400] "GET /robots.txt HTTP/1.1" 404 575 "-" "Mozilla/5.0 (compatible; GrapeshotCrawler/2.0; +http://www.grapeshot.co.uk/crawler.php)"
50.89.69.252 - - [18/Aug/2013:15:43:20 -0400] "GET /favicon.ico HTTP/1.1" 404 575 "-" "Mozilla/5.0 (compatible; MSIE 10.0; Windows NT 6.1; Win64; x64; Trident/6.0)"
71.45.138.29 - - [18/Aug/2013:17:47:20 -0400] "GET /campsite_images/CGdiscountlogo.gif HTTP/1.1" 200 5162 "http://www.campgrounddiscount.com/" "Mozilla/5.0 (compatible; MSIE 10.0; Windows NT 6.2; WOW64; Trident/6.0)"
71.45.138.29 - - [18/Aug/2013:17:47:20 -0400] "GET /campsite_images/deals.jpg HTTP/1.1" 200 13982 "http://www.campgrounddiscount.com/" "Mozilla/5.0 (compatible; MSIE 10.0; Windows NT 6.2; WOW64; Trident/6.0)"
12.111.91.2 - - [18/Aug/2013:11:19:57 -0400] "GET /maps/Map2list.html HTTP/1.0" 200 2580 "http://www.campgrounddiscount.com/maps/Map2frame.html" "Mozilla/5.0 (iPad; CPU OS 5_1_1 like Mac OS X) AppleWebKit/534.46 (KHTML, like Gecko) Version/5.1 Mobile/9B206 Safari/7534.48.3"
54.226.210.170 - - [18/Aug/2013:11:30:07 -0400] "GET /robots.txt HTTP/1.1" 404 575 "-" "Mozilla/5.0 (compatible; linkdexbot/2.0; +http://www.linkdex.com/about/bots/)"
144.76.42.76 - - [18/Aug/2013:14:41:35 -0400] "GET / HTTP/1.1" 200 12549 "-" "Mozilla/5.0 (Macintosh; Intel Mac OS X 10_8_2) AppleWebKit/537.17 (KHTML, like Gecko) Chrome/24.0.1312.52 Safari/537.17"
144.76.42.76 - - [18/Aug/2013:14:41:35 -0400] "GET / HTTP/1.1" 200 12549 "-" "Mozilla/5.0 (Macintosh; Intel Mac OS X 10_8_2) AppleWebKit/537.17 (KHTML, like Gecko) Chrome/24.0.1312.52 Safari/537.17"
198.199.64.115 - - [18/Aug/2013:23:33:03 -0400] "GET /mediacampaigns.html HTTP/1.1" 200 13196 "-" "Mozilla/5.0 (Windows NT 6.1; WOW64; rv:21.0) Gecko/20100101 Firefox/21.0"
54.234.77.74 - - [18/Aug/2013:11:29:48 -0400] "GET /robots.txt HTTP/1.1" 404 575 "-" "Mozilla/5.0 (compatible; linkdexbot/2.0; +http://www.linkdex.com/about/bots/)"
220.181.108.183 - - [18/Aug/2013:02:28:40 -0400] "GET /strategicplanning.html HTTP/1.1" 200 16848 "-" "Mozilla/5.0 (compatible; Baiduspider/2.0; +http://www.baidu.com/search/spider.html)"
193.106.136.50 - - [18/Aug/2013:22:17:01 -0400] "GET / HTTP/1.1" 200 12549 "http://rescuer.ucoz.net/" "Opera/7.54 (Windows NT 5.1; U) [pl]"
66.249.75.105 - - [18/Aug/2013:12:13:32 -0400] "GET /robots.txt HTTP/1.1" 404 575 "-" "Mozilla/5.0 (compatible; Googlebot/2.1; +http://www.google.com/bot.html)"
69.171.187.18 - - [18/Aug/2013:14:25:04 -0400] "GET /campsite_images/deals.jpg HTTP/1.1" 200 13982 "http://www.campgrounddiscount.com/" "Mozilla/5.0 (Linux; U; Android 2.3.4; en-us; X500 Build/GINGERBREAD) AppleWebKit/533.1 (KHTML, like Gecko) Version/4.0 Mobile Safari/533.1"
91.207.9.226 - - [18/Aug/2013:16:07:12 -0400] "GET / HTTP/1.1" 200 12549 "http://degustar.ru/" "Mozilla/4.0 (compatible; MSIE 6.0; Windows NT 5.1; en) Opera 8.00"
24.143.89.160 - - [18/Aug/2013:17:46:49 -0400] "GET /campsite_images/happylogo.gif HTTP/1.1" 200 2318 "http://www.campgrounddiscount.com/" "Mozilla/5.0 (Windows NT 6.2; WOW64; rv:23.0) Gecko/20100101 Firefox/23.0"
108.38.53.25 - - [18/Aug/2013:18:19:09 -0400] "GET /maps/cvbmapca.jpg HTTP/1.1" 200 143733 "-" "Mozilla/5.0 (iPad; CPU OS 6_1_3 like Mac OS X) AppleWebKit/536.26 (KHTML, like Gecko) Version/6.0 Mobile/10B329 Safari/8536.25"
54.234.77.74 - - [18/Aug/2013:20:09:27 -0400] "GET /robots.txt HTTP/1.1" 404 575 "-" "Mozilla/5.0 (compatible; linkdexbot/2.0; +http://www.linkdex.com/about/bots/)"
46.118.126.194 - - [18/Aug/2013:17:31:28 -0400] "GET / HTTP/1.1" 200 14739 "http://sk-fashion.ru/" "Mozilla/4.0 (compatible; MSIE 5.5; Windows NT 5.0; T312461)"
193.106.136.50 - - [18/Aug/2013:22:17:01 -0400] "GET / HTTP/1.1" 200 12549 "http://rescuer.ucoz.net/" "Opera/7.54 (Windows NT 5.1; U) [pl]"
193.106.136.50 - - [18/Aug/2013:23:25:25 -0400] "GET / HTTP/1.1" 200 14739 "http://dagitalgaz.ru/" "Mozilla/4.0 (compatible; MSIE 6.0; Windows NT 5.1; .NET CLR 1.1.4322; Alexa Toolbar; (R1 1.5))"
178.137.128.12 - - [18/Aug/2013:02:38:04 -0400] "GET / HTTP/1.1" 200 12549 "http://missigra.ru/" "Mozilla/4.0 (compatible; MSIE 6.0; Windows NT 5.1; SV1; Media Center PC"
195.242.218.133 - - [18/Aug/2013:14:52:12 -0400] "GET / HTTP/1.1" 200 12549 "http://en.winpm.ws/" "Mozilla/4.0 (compatible; MSIE 6.0; Windows NT 5.1; SV1; MRA 4.6 (build 01425); MRSPUTNIK 1, 5, 0, 19 SW)"
38.100.21.65 - - [18/Aug/2013:14:55:47 -0400] "GET / HTTP/1.1" 200 14739 "-" "Mozilla/4.0 (compatible; MSIE 7.0; Windows NT 5.2)"
38.100.21.65 - - [18/Aug/2013:14:55:47 -0400] "GET /mediacampaigns.html HTTP/1.1" 200 13196 "-" "Mozilla/4.0 (compatible; MSIE 7.0; Windows NT 5.2)"
38.100.21.65 - - [18/Aug/2013:14:55:47 -0400] "GET /brochuredisplayservice.html HTTP/1.1" 200 13684 "-" "Mozilla/4.0 (compatible; MSIE 7.0; Windows NT 5.2)"
38.100.21.65 - - [18/Aug/2013:14:55:47 -0400] "GET /home.html HTTP/1.1" 200 14960 "-" "Mozilla/4.0 (compatible; MSIE 7.0; Windows NT 5.2)"
38.100.21.65 - - [18/Aug/2013:14:55:47 -0400] "GET /brochuredesign.html HTTP/1.1" 200 18511 "-" "Mozilla/4.0 (compatible; MSIE 7.0; Windows NT 5.2)"
38.100.21.65 - - [18/Aug/2013:14:55:47 -0400] "GET /187/scripts/master.css HTTP/1.1" 200 1951 "-" "Mozilla/4.0 (compatible; MSIE 7.0; Windows NT 5.2)"
38.100.21.65 - - [18/Aug/2013:14:55:47 -0400] "GET /187/scripts/icwebsiteelement.css HTTP/1.1" 200 8132 "-" "Mozilla/4.0 (compatible; MSIE 7.0; Windows NT 5.2)"
38.100.21.65 - - [18/Aug/2013:14:55:47 -0400] "GET /strategicplanning.html HTTP/1.1" 200 16848 "-" "Mozilla/4.0 (compatible; MSIE 7.0; Windows NT 5.2)"
108.38.53.25 - - [18/Aug/2013:18:21:54 -0400] "GET /maps/CVBmap2.gif HTTP/1.1" 200 47319 "-" "Mozilla/5.0 (iPad; CPU OS 6_1_3 like Mac OS X) AppleWebKit/536.26 (KHTML, like Gecko) Version/6.0 Mobile/10B329 Safari/8536.25"
75.101.247.137 - - [18/Aug/2013:20:20:54 -0400] "GET /robots.txt HTTP/1.1" 404 575 "-" "Mozilla/5.0 (compatible; linkdexbot/2.0; +http://www.linkdex.com/about/bots/)"
157.55.32.98 - - [18/Aug/2013:03:10:39 -0400] "GET /robots.txt HTTP/1.1" 404 575 "-" "Mozilla/5.0 (compatible; bingbot/2.0; +http://www.bing.com/bingbot.htm)"
24.143.89.160 - - [18/Aug/2013:17:46:49 -0400] "GET / HTTP/1.1" 200 12549 "http://www.google.com/url?sa=t&rct=j&q=&esrc=s&source=web&cd=4&ved=0CGwQFjAD&url=http%3A%2F%2Fwww.campgrounddiscount.com%2F&ei=MD0RUoTEJ6ukyAHa7oFQ&usg=AFQjCNFIWEx1yHImV_9c_hO6YFlJRQ-PKw&sig2=2oRLwOEKG7AqcXXkk8eYPA&bvm=bv.50768961,d.aWc" "Mozilla/5.0 (Windows NT 6.2; WOW64; rv:23.0) Gecko/20100101 Firefox/23.0"
173.199.115.179 - - [18/Aug/2013:10:48:02 -0400] "GET /mediacampaigns.html HTTP/1.1" 200 13196 "-" "Mozilla/5.0 (compatible; AhrefsBot/4.0; +http://ahrefs.com/robot/)"
54.234.77.74 - - [18/Aug/2013:11:29:47 -0400] "GET /robots.txt HTTP/1.1" 404 575 "-" "Mozilla/5.0 (compatible; linkdexbot/2.0; +http://www.linkdex.com/about/bots/)"
151.138.13.244 - - [18/Aug/2013:23:26:13 -0400] "GET / HTTP/1.1" 206 14739 "-" "SuperPagesUrlVerifyBot/1.0"
198.199.64.115 - - [18/Aug/2013:23:32:39 -0400] "GET / HTTP/1.1" 200 14739 "-" "Mozilla/5.0 (Windows NT 6.1; WOW64; rv:21.0) Gecko/20100101 Firefox/21.0"
198.199.64.115 - - [18/Aug/2013:23:32:54 -0400] "GET /scripts/user.js HTTP/1.1" 200 23762 "-" "Mozilla/5.0 (Windows NT 6.1; WOW64; rv:21.0) Gecko/20100101 Firefox/21.0"
100.43.83.152 - - [18/Aug/2013:03:46:35 -0400] "GET /robots.txt HTTP/1.1" 404 575 "-" "Mozilla/5.0 (compatible; YandexBot/3.0; +http://yandex.com/bots)"
100.43.83.152 - - [18/Aug/2013:03:46:37 -0400] "GET /187/images/04a.jpg HTTP/1.1" 200 3039 "-" "Mozilla/5.0 (compatible; YandexImages/3.0; +http://yandex.com/bots)"
66.249.75.79 - - [18/Aug/2013:01:40:30 -0400] "GET /campsite_images/deals.jpg HTTP/1.1" 200 13982 "http://www.campgrounddiscount.com/" "Mozilla/5.0 (X11; Linux x86_64) AppleWebKit/537.4 (KHTML, like Gecko; Google Page Speed Insights) Chrome/22.0.1229 Safari/537.4 GoogleBot/2.1"
108.184.22.74 - - [18/Aug/2013:02:35:00 -0400] "GET /maps/CVBmap3.gif HTTP/1.1" 200 43603 "-" "Dalvik/1.6.0 (Linux; U; Android 4.2.2; SGH-M919 Build/JDQ39)"
92.249.127.111 - - [18/Aug/2013:09:39:03 -0400] "GET / HTTP/1.1" 200 12549 "http://www.bravica.mobi/ru/" "Mozilla/5.0 (compatible; news bot /2.1)"
54.226.210.170 - - [18/Aug/2013:11:30:06 -0400] "GET / HTTP/1.1" 200 12549 "-" "Mozilla/5.0 (compatible; linkdexbot/2.0; +http://www.linkdex.com/about/bots/)"
66.249.75.201 - - [18/Aug/2013:16:01:59 -0400] "GET /robots.txt HTTP/1.1" 404 575 "-" "Mozilla/5.0 (compatible; Googlebot/2.1; +http://www.google.com/bot.html)"
68.8.31.217 - - [18/Aug/2013:21:41:26 -0400] "GET /maps/CVBmap2.gif HTTP/1.1" 200 47319 "http://www.bing.com/images/search?q=Map+of+California+Campgrounds&FORM=RESTAB" "Mozilla/5.0 (iPad; CPU OS 6_1_3 like Mac OS X) AppleWebKit/536.26 (KHTML, like Gecko) Version/6.0 Mobile/10B329 Safari/8536.25"
208.115.111.75 - - [18/Aug/2013:21:42:55 -0400] "GET /robots.txt HTTP/1.1" 404 575 "-" "Mozilla/5.0 (compatible; Ezooms/1.0; ezooms.bot@gmail.com)"
50.89.69.252 - - [18/Aug/2013:15:43:18 -0400] "GET /campsite_images/1eaglefthr2.gif HTTP/1.1" 200 382 "http://www.campgrounddiscount.com/" "Mozilla/5.0 (compatible; MSIE 10.0; Windows NT 6.1; WOW64; Trident/6.0)"
50.89.69.252 - - [18/Aug/2013:15:43:18 -0400] "GET /campsite_images/deals.jpg HTTP/1.1" 200 13982 "http://www.campgrounddiscount.com/" "Mozilla/5.0 (compatible; MSIE 10.0; Windows NT 6.1; WOW64; Trident/6.0)"
166.137.209.143 - - [18/Aug/2013:20:12:57 -0400] "GET /maps/cvbmapca.jpg HTTP/1.1" 200 143733 "https://www.google.com/" "Mozilla/5.0 (iPhone; CPU iPhone OS 6_1_3 like Mac OS X) AppleWebKit/536.26 (KHTML, like Gecko) Version/6.0 Mobile/10B329 Safari/8536.25"
123.125.71.23 - - [18/Aug/2013:21:30:42 -0400] "GET / HTTP/1.1" 304 - "-" "Mozilla/5.0 (compatible; Baiduspider/2.0; +http://www.baidu.com/search/spider.html)"
66.249.75.105 - - [18/Aug/2013:22:01:50 -0400] "GET /robots.txt HTTP/1.1" 404 575 "-" "Mozilla/5.0 (compatible; Googlebot/2.1; +http://www.google.com/bot.html)"
66.249.75.105 - - [18/Aug/2013:22:01:50 -0400] "GET /allcal_map.html HTTP/1.1" 304 - "-" "DoCoMo/2.0 N905i(c100;TB;W24H16) (compatible; Googlebot-Mobile/2.1; +http://www.google.com/bot.html)"
193.106.136.50 - - [18/Aug/2013:23:25:27 -0400] "GET / HTTP/1.1" 200 14739 "http://dagitalgaz.ru/" "Mozilla/4.0 (compatible; MSIE 6.0; Windows NT 5.1; .NET CLR 1.1.4322; Alexa Toolbar; (R1 1.5))"
198.199.64.115 - - [18/Aug/2013:23:32:54 -0400] "GET /../scripts/ic_globals_published.js HTTP/1.1" 400 226 "-" "Mozilla/5.0 (Windows NT 6.1; WOW64; rv:21.0) Gecko/20100101 Firefox/21.0"
198.199.64.115 - - [18/Aug/2013:23:33:03 -0400] "GET /brochuredesign.html HTTP/1.1" 200 18511 "-" "Mozilla/5.0 (Windows NT 6.1; WOW64; rv:21.0) Gecko/20100101 Firefox/21.0"
207.241.226.239 - - [18/Aug/2013:03:50:38 -0400] "GET /robots.txt HTTP/1.1" 404 575 "-" "ia_archiver(OS-Wayback)"
46.119.118.152 - - [18/Aug/2013:08:04:12 -0400] "GET / HTTP/1.1" 200 12549 "http://www.bravica.com/ru/" "Mozilla/4.0 (compatible; MSIE 6.0; Windows NT 5.0; Avant Browser [avantbrowser.com]; Hotbar 4.4.5.0)"
66.249.75.56 - - [18/Aug/2013:01:24:37 -0400] "GET / HTTP/1.1" 200 12549 "-" "Mozilla/5.0 (iPhone; U; CPU iPhone OS 4_1 like Mac OS X; en-us) AppleWebKit/532.9 (KHTML, like Gecko) Version/4.0.5 Mobile/8B117 Safari/6531.22.7 (compatible; Mediapartners-Google/2.1; +http://www.google.com/bot.html)"
24.143.89.160 - - [18/Aug/2013:17:46:49 -0400] "GET /campsite_images/deals.jpg HTTP/1.1" 200 13982 "http://www.campgrounddiscount.com/" "Mozilla/5.0 (Windows NT 6.2; WOW64; rv:23.0) Gecko/20100101 Firefox/23.0"
71.45.138.29 - - [18/Aug/2013:17:50:17 -0400] "GET /favicon.ico HTTP/1.1" 404 575 "-" "Mozilla/5.0 (compatible; MSIE 10.0; Windows NT 6.2; Win64; x64; Trident/6.0)"
166.137.209.143 - - [18/Aug/2013:20:12:53 -0400] "GET /maps/CVBmap2.gif HTTP/1.1" 200 47319 "https://www.google.com/" "Mozilla/5.0 (iPhone; CPU iPhone OS 6_1_3 like Mac OS X) AppleWebKit/536.26 (KHTML, like Gecko) Version/6.0 Mobile/10B329 Safari/8536.25"
46.118.126.194 - - [18/Aug/2013:15:26:51 -0400] "GET / HTTP/1.1" 200 12549 "http://spplq.ru/" "Mozilla/0.6 Beta (Windows)"
91.207.9.226 - - [18/Aug/2013:17:49:56 -0400] "GET / HTTP/1.1" 200 14739 "http://evropaedu.ru/" "Mozilla/4.0 (compatible; MSIE 6.0; Windows NT 5.1; SV1; Media Center PC"
75.101.247.137 - - [18/Aug/2013:20:20:54 -0400] "GET /robots.txt HTTP/1.1" 404 575 "-" "Mozilla/5.0 (compatible; linkdexbot/2.0; +http://www.linkdex.com/about/bots/)"
66.249.75.190 - - [18/Aug/2013:00:18:58 -0400] "GET /home.html HTTP/1.1" 304 - "-" "SAMSUNG-SGH-E250/1.0 Profile/MIDP-2.0 Configuration/CLDC-1.1 UP.Browser/6.2.3.3.c.1.101 (GUI) MMP/2.0 (compatible; Googlebot-Mobile/2.1; +http://www.google.com/bot.html)"
66.249.75.79 - - [18/Aug/2013:00:51:06 -0400] "GET /campgrounds.html HTTP/1.1" 304 - "-" "Mozilla/5.0 (iPhone; U; CPU iPhone OS 4_1 like Mac OS X; en-us) AppleWebKit/532.9 (KHTML, like Gecko) Version/4.0.5 Mobile/8B117 Safari/6531.22.7 (compatible; Googlebot-Mobile/2.1; +http://www.google.com/bot.html)"
173.199.114.83 - - [18/Aug/2013:23:22:29 -0400] "GET /Guarant.html HTTP/1.1" 404 575 "-" "Mozilla/5.0 (compatible; AhrefsBot/4.0; +http://ahrefs.com/robot/)"
198.199.64.115 - - [18/Aug/2013:23:32:54 -0400] "GET /scripts/photoalbum.js HTTP/1.1" 200 62295 "-" "Mozilla/5.0 (Windows NT 6.1; WOW64; rv:21.0) Gecko/20100101 Firefox/21.0"
195.242.218.133 - - [18/Aug/2013:14:52:09 -0400] "GET / HTTP/1.1" 200 12549 "http://en.winpm.ws/" "Mozilla/4.0 (compatible; MSIE 6.0; Windows NT 5.1; SV1; MRA 4.6 (build 01425); MRSPUTNIK 1, 5, 0, 19 SW)"
178.137.128.12 - - [18/Aug/2013:07:09:20 -0400] "GET / HTTP/1.1" 200 14739 "http://www.web-star.org.ua/sozdanie-sajtov.html" "Mozilla/4.0 (compatible; MSIE 6.0; Windows NT 5.1; SV1; InfoPath.1)"
211.244.83.248 - - [18/Aug/2013:18:51:38 -0400] "GET /robots.txt HTTP/1.1" 404 575 "http://search.daum.net/" "Mozilla/5.0 (compatible; MSIE or Firefox mutant; not on Windows server; + http://tab.search.daum.net/aboutWebSearch.html) Daumoa/3.0"
54.234.77.74 - - [18/Aug/2013:20:09:27 -0400] "GET /robots.txt HTTP/1.1" 404 575 "-" "Mozilla/5.0 (compatible; linkdexbot/2.0; +http://www.linkdex.com/about/bots/)"
65.55.52.94 - - [18/Aug/2013:22:14:33 -0400] "GET /robots.txt HTTP/1.1" 404 575 "-" "Mozilla/5.0 (compatible; bingbot/2.0; +http://www.bing.com/bingbot.htm)"
193.106.136.50 - - [18/Aug/2013:23:25:26 -0400] "GET / HTTP/1.1" 200 14739 "http://dagitalgaz.ru/" "Mozilla/4.0 (compatible; MSIE 6.0; Windows NT 5.1; .NET CLR 1.1.4322; Alexa Toolbar; (R1 1.5))"
211.244.83.232 - - [18/Aug/2013:13:56:40 -0400] "GET /robots.txt HTTP/1.1" 404 575 "http://search.daum.net/" "Mozilla/5.0 (compatible; MSIE or Firefox mutant; not on Windows server; + http://tab.search.daum.net/aboutWebSearch.html) Daumoa/3.0"
89.145.95.2 - - [18/Aug/2013:14:41:14 -0400] "GET /maps/Map2frame.html HTTP/1.1" 200 516 "-" "Mozilla/5.0 (compatible; GrapeshotCrawler/2.0; +http://www.grapeshot.co.uk/crawler.php)"
178.137.128.12 - - [18/Aug/2013:05:35:14 -0400] "GET / HTTP/1.1" 200 12549 "http://getmortgage.co.il/" "Opera/9.00 (Windows NT 5.1; U; ru)"
176.9.139.112 - - [18/Aug/2013:23:06:55 -0400] "GET / HTTP/1.1" 206 12549 "-" "Mozilla/5.0 (compatible; SISTRIX Crawler; http://crawler.sistrix.net/)"
166.137.191.27 - - [18/Aug/2013:00:20:29 -0400] "GET /campsite_images/1eaglefthr2.gif HTTP/1.1" 200 382 "http://www.campgrounddiscount.com/" "Mozilla/5.0 (Linux; Android 4.2.2; SAMSUNG-SGH-I337 Build/JDQ39) AppleWebKit/537.36 (KHTML, like Gecko) Chrome/28.0.1500.94 Mobile Safari/537.36"
166.137.191.27 - - [18/Aug/2013:00:20:31 -0400] "GET /apple-touch-icon-precomposed.png HTTP/1.1" 404 575 "-" "Mozilla/5.0 (Linux; Android 4.2.2; SAMSUNG-SGH-I337 Build/JDQ39) AppleWebKit/537.36 (KHTML, like Gecko) Chrome/28.0.1500.94 Mobile Safari/537.36"
92.249.127.111 - - [18/Aug/2013:09:39:04 -0400] "GET / HTTP/1.1" 200 12549 "http://www.bravica.mobi/ru/" "Mozilla/5.0 (compatible; news bot /2.1)"
46.119.118.152 - - [18/Aug/2013:09:39:22 -0400] "GET / HTTP/1.1" 200 14739 "http://www.bravica.ch/ru/" "Opera/9.00 (Windows NT 5.1; U; en)"
112.111.191.79 - - [18/Aug/2013:18:36:12 -0400] "GET / HTTP/1.0" 200 12549 "http://www.campgrounddiscount.com/" "Opera/9.80 (Windows NT 6.2; WOW64; MRA 8.0 (build 5784)) Presto/2.12.388 Version/12.10"
69.171.187.18 - - [18/Aug/2013:14:25:04 -0400] "GET /campsite_images/happylogo.gif HTTP/1.1" 200 2318 "http://www.campgrounddiscount.com/" "Mozilla/5.0 (Linux; U; Android 2.3.4; en-us; X500 Build/GINGERBREAD) AppleWebKit/533.1 (KHTML, like Gecko) Version/4.0 Mobile Safari/533.1"
46.118.126.194 - - [18/Aug/2013:15:26:50 -0400] "GET / HTTP/1.1" 200 12549 "http://spplq.ru/" "Mozilla/0.6 Beta (Windows)"
24.143.89.160 - - [18/Aug/2013:17:46:49 -0400] "GET /campsite_images/CampClublogo.jpg HTTP/1.1" 200 10156 "http://www.campgrounddiscount.com/" "Mozilla/5.0 (Windows NT 6.2; WOW64; rv:23.0) Gecko/20100101 Firefox/23.0"
91.207.9.226 - - [18/Aug/2013:17:49:51 -0400] "GET / HTTP/1.1" 200 14739 "http://evropaedu.ru/" "Mozilla/4.0 (compatible; MSIE 6.0; Windows NT 5.1; SV1; Media Center PC"
46.119.118.152 - - [18/Aug/2013:09:39:22 -0400] "GET / HTTP/1.1" 200 14739 "http://cleaning-uborka.ru/" "Opera/9.00 (Windows NT 5.1; U; en)"
66.249.75.79 - - [18/Aug/2013:01:40:09 -0400] "GET /campsite_images/1eaglefthr2.gif HTTP/1.1" 200 382 "http://www.campgrounddiscount.com/" "Mozilla/5.0 (X11; Linux x86_64) AppleWebKit/537.4 (KHTML, like Gecko; Google Page Speed Insights) Chrome/22.0.1229 Safari/537.4 GoogleBot/2.1"
93.196.199.32 - - [18/Aug/2013:06:00:52 -0400] "GET /campsite_images/1eaglefthr2.gif HTTP/1.1" 200 382 "http://www.campgrounddiscount.com/" "Mozilla/5.0 (iPad; CPU OS 6_1_3 like Mac OS X) AppleWebKit/536.26 (KHTML, like Gecko) Version/6.0 Mobile/10B329 Safari/8536.25"
93.196.199.32 - - [18/Aug/2013:06:00:52 -0400] "GET /campsite_images/deals.jpg HTTP/1.1" 200 13982 "http://www.campgrounddiscount.com/" "Mozilla/5.0 (iPad; CPU OS 6_1_3 like Mac OS X) AppleWebKit/536.26 (KHTML, like Gecko) Version/6.0 Mobile/10B329 Safari/8536.25"
89.145.95.2 - - [18/Aug/2013:03:19:37 -0400] "GET /maps/Map2frame.html HTTP/1.1" 200 516 "-" "Mozilla/5.0 (compatible; GrapeshotCrawler/2.0; +http://www.grapeshot.co.uk/crawler.php)"
89.145.95.2 - - [18/Aug/2013:14:41:12 -0400] "GET /robots.txt HTTP/1.1" 404 575 "-" "Mozilla/5.0 (compatible; GrapeshotCrawler/2.0; +http://www.grapeshot.co.uk/crawler.php)"
46.118.126.194 - - [18/Aug/2013:17:31:26 -0400] "GET / HTTP/1.1" 200 14739 "http://sk-fashion.ru/" "Mozilla/4.0 (compatible; MSIE 5.5; Windows NT 5.0; T312461)"
91.207.9.226 - - [18/Aug/2013:01:26:20 -0400] "GET / HTTP/1.1" 200 12549 "http://internet-exe.com/" "Mozilla/4.0 (compatible; MSIE 6.0; Windows NT 5.1; SV1; .NET CLR 1.1.4322)"
91.207.9.226 - - [18/Aug/2013:03:12:56 -0400] "GET / HTTP/1.1" 200 14739 "http://investaki.ru/" "Mozilla/4.0 (compatible; MSIE 7.0b; Windows NT 6.0 ; .NET CLR 2.0.50215; SL Commerce Client v1.0; Tablet PC 2.0"
99.100.154.253 - - [18/Aug/2013:15:14:46 -0400] "GET /maps/CVBmap2.gif HTTP/1.1" 200 47319 "http://images.search.yahoo.com/images/view;_ylt=A2KJkK2sHBFSzGoARleJzbkF;_ylu=X3oDMTFyMTBkaW91BHNlYwNzcgRzbGsDaW1nBG9pZAM0NDIzNDQ0NzdiM2Q3ZjYwMmIxNjBhOGUwM2QzODU2NQRncG9zAzEz?back=http%3A%2F%2Fimages.search.yahoo.com%2Fyhs%2Fsearch%3F_adv_prop%3Dimage%26va%3Dolema%2Bcalifornia%2Bmap%26fr%3Dyhs-att-att_001%26hsimp%3Dyhs-att_001%26hspart%3Datt%26tab%3Dorganic%26ri%3D13&w=360&h=360&imgurl=www.usbeacon.com%2Fimages%2FCalifornia%2Fmaps%2FNicasio_i.gif&rurl=http%3A%2F%2Fwww.usbeacon.com%2FCalifornia%2FNicasio.html&size=19.1KB&name=Nicasio%2C+%3Cb%3ECalifornia+%3C%2Fb%3E%28CA%29+%7E+population+data%2C+races%2C+housing+%26+economy&p=olema+california+map&oid=442344477b3d7f602b160a8e03d38565&fr2=&fr=yhs-att-att_001&tt=Nicasio%2C+%3Cb%3ECalifornia+%3C%2Fb%3E%28CA%29+%7E+population+data%2C+races%2C+housing+%26+economy&b=0&ni=21&no=13&ts=&tab=organic&sigr=11fkh9cf0&sigb=14j5edm96&sigi=11l3781s5&.crumb=Gn3rsDZX8/G&fr=yhs-att-att_001&hsimp=yhs-att_001&hspart=att" "Mozilla/4.0 (compatible; MSIE 7.0; Windows NT 6.1; WOW64; Trident/6.0; SLCC2; .NET CLR 2.0.50727; .NET CLR 3.5.30729; .NET CLR 3.0.30729; Media Center PC 6.0; MDDC; .NET4.0C; BRI/1; BRI/2; AskTbAD2/5.9.1.14019)"
71.45.138.29 - - [18/Aug/2013:17:47:20 -0400] "GET /campsite_images/1eaglefthr2.gif HTTP/1.1" 200 382 "http://www.campgrounddiscount.com/" "Mozilla/5.0 (compatible; MSIE 10.0; Windows NT 6.2; WOW64; Trident/6.0)"
71.45.138.29 - - [18/Aug/2013:17:47:20 -0400] "GET /campsite_images/CampClublogo.jpg HTTP/1.1" 200 10156 "http://www.campgrounddiscount.com/" "Mozilla/5.0 (compatible; MSIE 10.0; Windows NT 6.2; WOW64; Trident/6.0)"
5.135.125.178 - - [18/Aug/2013:19:33:10 -0400] "GET /campingbook.html HTTP/1.1" 200 4739 "-" "Mozilla/5.0 (Macintosh; Intel Mac OS X 10.6; rv:9.0a2) Gecko/20111101 Firefox/9.0a2"
5.10.83.82 - - [18/Aug/2013:00:58:24 -0400] "GET /robots.txt HTTP/1.1" 404 575 "-" "Mozilla/5.0 (compatible; AhrefsBot/5.0; +http://ahrefs.com/robot/)"
188.134.65.101 - - [18/Aug/2013:22:16:49 -0400] "GET /wp-login.php HTTP/1.1" 404 575 "http://campgrounddiscount.com/wp-login.php" "Mozilla/5.0 (Windows; U; Windows NT 6.1; rv:15.0) Gecko/20121011 Firefox/15.0.2"
193.106.136.50 - - [18/Aug/2013:22:17:02 -0400] "GET / HTTP/1.1" 200 12549 "http://rescuer.ucoz.net/" "Opera/7.54 (Windows NT 5.1; U) [pl]"
24.143.89.160 - - [18/Aug/2013:17:46:49 -0400] "GET /campsite_images/1eaglefthr2.gif HTTP/1.1" 200 382 "http://www.campgrounddiscount.com/" "Mozilla/5.0 (Windows NT 6.2; WOW64; rv:23.0) Gecko/20100101 Firefox/23.0"
76.94.123.0 - - [18/Aug/2013:00:58:03 -0400] "GET /maps/cvbmapca.jpg HTTP/1.1" 200 143733 "-" "Mozilla/5.0 (iPad; CPU OS 6_1_3 like Mac OS X) AppleWebKit/536.26 (KHTML, like Gecko) Version/6.0 Mobile/10B329 Safari/8536.25"
5.135.125.178 - - [18/Aug/2013:19:33:09 -0400] "GET /campmap.html HTTP/1.1" 200 2532 "-" "Mozilla/5.0 (X11; U; Linux x86_64; en-US) AppleWebKit/534.7 (KHTML, like Gecko) Epiphany/2.30.6 Safari/534.7"
198.199.64.115 - - [18/Aug/2013:23:33:03 -0400] "GET /home.html HTTP/1.1" 200 14960 "-" "Mozilla/5.0 (Windows NT 6.1; WOW64; rv:21.0) Gecko/20100101 Firefox/21.0"
46.119.118.152 - - [18/Aug/2013:09:39:23 -0400] "GET / HTTP/1.1" 200 14739 "http://www.bravica.ch/ru/" "Opera/9.00 (Windows NT 5.1; U; en)"
65.181.123.129 - - [18/Aug/2013:01:36:55 -0400] "GET /robots.txt HTTP/1.1" 404 575 "-" "AdnormCrawler www.adnorm.com/crawler"
66.249.75.79 - - [18/Aug/2013:19:33:39 -0400] "GET / HTTP/1.1" 200 12549 "-" "Mozilla/5.0 (iPhone; U; CPU iPhone OS 4_1 like Mac OS X; en-us) AppleWebKit/532.9 (KHTML, like Gecko) Version/4.0.5 Mobile/8B117 Safari/6531.22.7 (compatible; Googlebot-Mobile/2.1; +http://www.google.com/bot.html)"
211.244.83.248 - - [18/Aug/2013:18:51:38 -0400] "GET / HTTP/1.1" 200 12549 "http://search.daum.net/" "Mozilla/5.0 (compatible; MSIE or Firefox mutant; not on Windows server; + http://tab.search.daum.net/aboutWebSearch.html) Daumoa/3.0"
178.137.128.12 - - [18/Aug/2013:02:38:03 -0400] "GET / HTTP/1.1" 200 12549 "http://missigra.ru/" "Mozilla/4.0 (compatible; MSIE 6.0; Windows NT 5.1; SV1; Media Center PC"
91.207.9.226 - - [18/Aug/2013:16:07:11 -0400] "GET / HTTP/1.1" 200 12549 "http://degustar.ru/" "Mozilla/4.0 (compatible; MSIE 6.0; Windows NT 5.1; en) Opera 8.00"
173.199.115.179 - - [18/Aug/2013:10:52:18 -0400] "GET /strategicplanning.html HTTP/1.1" 200 16848 "-" "Mozilla/5.0 (compatible; AhrefsBot/4.0; +http://ahrefs.com/robot/)"
157.56.229.246 - - [18/Aug/2013:11:00:43 -0400] "GET /robots.txt HTTP/1.1" 404 575 "-" "Mozilla/5.0 (compatible; bingbot/2.0; +http://www.bing.com/bingbot.htm)"
67.188.117.203 - - [18/Aug/2013:01:12:47 -0400] "GET /maps/CVBmap2.gif HTTP/1.1" 200 47319 "http://www.google.com/search?q=map+of+central+california&client=safari&hl=en&tbm=isch&tbo=u&source=univ&sa=X&ei=EFcQUrfiJ6WzyAH69oCYAg&ved=0CCkQsAQ&biw=320&bih=416" "Mozilla/5.0 (iPod; CPU iPhone OS 5_1 like Mac OS X) AppleWebKit/534.46 (KHTML, like Gecko) Version/5.1 Mobile/9B176 Safari/7534.48.3"
66.249.75.79 - - [18/Aug/2013:01:40:17 -0400] "GET /campsite_images/CGdiscountlogo.gif HTTP/1.1" 200 5162 "http://www.campgrounddiscount.com/" "Mozilla/5.0 (X11; Linux x86_64) AppleWebKit/537.4 (KHTML, like Gecko; Google Page Speed Insights) Chrome/22.0.1229 Safari/537.4 GoogleBot/2.1"
208.115.113.84 - - [18/Aug/2013:22:05:28 -0400] "GET /robots.txt HTTP/1.1" 404 575 "-" "Mozilla/5.0 (compatible; Ezooms/1.0; ezooms.bot@gmail.com)"
93.196.199.32 - - [18/Aug/2013:06:00:51 -0400] "GET / HTTP/1.1" 200 12549 "-" "Mozilla/5.0 (iPad; CPU OS 6_1_3 like Mac OS X) AppleWebKit/536.26 (KHTML, like Gecko) Version/6.0 Mobile/10B329 Safari/8536.25"
93.196.199.32 - - [18/Aug/2013:06:00:52 -0400] "GET /campsite_images/happylogo.gif HTTP/1.1" 200 2318 "http://www.campgrounddiscount.com/" "Mozilla/5.0 (iPad; CPU OS 6_1_3 like Mac OS X) AppleWebKit/536.26 (KHTML, like Gecko) Version/6.0 Mobile/10B329 Safari/8536.25"
46.119.118.152 - - [18/Aug/2013:08:04:12 -0400] "GET / HTTP/1.1" 200 12549 "http://mug-na-chas-moscow.ru/" "Mozilla/4.0 (compatible; MSIE 6.0; Windows NT 5.0; Avant Browser [avantbrowser.com]; Hotbar 4.4.5.0)"
91.207.9.226 - - [18/Aug/2013:17:49:51 -0400] "GET / HTTP/1.1" 200 14739 "http://evropaedu.ru/" "Mozilla/4.0 (compatible; MSIE 6.0; Windows NT 5.1; SV1; Media Center PC"
198.199.64.115 - - [18/Aug/2013:23:33:03 -0400] "GET /brochuredisplayservice.html HTTP/1.1" 200 13684 "-" "Mozilla/5.0 (Windows NT 6.1; WOW64; rv:21.0) Gecko/20100101 Firefox/21.0"
178.137.128.12 - - [18/Aug/2013:02:38:05 -0400] "GET / HTTP/1.1" 200 12549 "http://missigra.ru/" "Mozilla/4.0 (compatible; MSIE 6.0; Windows NT 5.1; SV1; Media Center PC"
92.249.127.111 - - [18/Aug/2013:09:39:04 -0400] "GET / HTTP/1.1" 200 12549 "http://www.bravica.mobi/ru/" "Mozilla/5.0 (compatible; news bot /2.1)"
173.199.115.163 - - [18/Aug/2013:13:04:10 -0400] "GET /?3e3ea140 HTTP/1.1" 200 7661 "-" "Mozilla/5.0 (compatible; AhrefsBot/4.0; +http://ahrefs.com/robot/)"
69.171.187.18 - - [18/Aug/2013:14:25:02 -0400] "GET / HTTP/1.1" 200 12549 "http://www.google.com/search?q=discounts+for+campsites&safe=images&hl=en&gl=US&ie&v&client=ms-android-zte&source=mobilesearchapp-vs&channel=iss" "Mozilla/5.0 (Linux; U; Android 2.3.4; en-us; X500 Build/GINGERBREAD) AppleWebKit/533.1 (KHTML, like Gecko) Version/4.0 Mobile Safari/533.1"
69.171.187.18 - - [18/Aug/2013:14:25:03 -0400] "GET /campsite_images/CGdiscountlogo.gif HTTP/1.1" 200 5162 "http://www.campgrounddiscount.com/" "Mozilla/5.0 (Linux; U; Android 2.3.4; en-us; X500 Build/GINGERBREAD) AppleWebKit/533.1 (KHTML, like Gecko) Version/4.0 Mobile Safari/533.1"
69.171.187.18 - - [18/Aug/2013:14:25:04 -0400] "GET /campsite_images/1eaglefthr2.gif HTTP/1.1" 200 382 "http://www.campgrounddiscount.com/" "Mozilla/5.0 (Linux; U; Android 2.3.4; en-us; X500 Build/GINGERBREAD) AppleWebKit/533.1 (KHTML, like Gecko) Version/4.0 Mobile Safari/533.1"
99.100.154.253 - - [18/Aug/2013:15:14:41 -0400] "GET /maps/CVBmap1.gif HTTP/1.1" 200 40853 "http://images.search.yahoo.com/images/view;_ylt=A2KJkK2sHBFSzGoARleJzbkF;_ylu=X3oDMTFyMTBkaW91BHNlYwNzcgRzbGsDaW1nBG9pZAM0NDIzNDQ0NzdiM2Q3ZjYwMmIxNjBhOGUwM2QzODU2NQRncG9zAzEz?back=http%3A%2F%2Fimages.search.yahoo.com%2Fyhs%2Fsearch%3F_adv_prop%3Dimage%26va%3Dolema%2Bcalifornia%2Bmap%26fr%3Dyhs-att-att_001%26hsimp%3Dyhs-att_001%26hspart%3Datt%26tab%3Dorganic%26ri%3D13&w=360&h=360&imgurl=www.usbeacon.com%2Fimages%2FCalifornia%2Fmaps%2FNicasio_i.gif&rurl=http%3A%2F%2Fwww.usbeacon.com%2FCalifornia%2FNicasio.html&size=19.1KB&name=Nicasio%2C+%3Cb%3ECalifornia+%3C%2Fb%3E%28CA%29+%7E+population+data%2C+races%2C+housing+%26+economy&p=olema+california+map&oid=442344477b3d7f602b160a8e03d38565&fr2=&fr=yhs-att-att_001&tt=Nicasio%2C+%3Cb%3ECalifornia+%3C%2Fb%3E%28CA%29+%7E+population+data%2C+races%2C+housing+%26+economy&b=0&ni=21&no=13&ts=&tab=organic&sigr=11fkh9cf0&sigb=14j5edm96&sigi=11l3781s5&.crumb=Gn3rsDZX8/G&fr=yhs-att-att_001&hsimp=yhs-att_001&hspart=att" "Mozilla/4.0 (compatible; MSIE 7.0; Windows NT 6.1; WOW64; Trident/6.0; SLCC2; .NET CLR 2.0.50727; .NET CLR 3.5.30729; .NET CLR 3.0.30729; Media Center PC 6.0; MDDC; .NET4.0C; BRI/1; BRI/2; AskTbAD2/5.9.1.14019)"
12.111.91.2 - - [18/Aug/2013:11:19:57 -0400] "GET /maps/Map2frame.html HTTP/1.0" 200 516 "http://www.google.co.uk/search?q=san+antonio+california+campgrounds&client=safari&hl=en&source=lnms&tbm=isch&sa=X&ei=AOYQUr6uB6LV2AXGqYDQAQ&ved=0CAkQ_AUoAA&biw=1024&bih=672" "Mozilla/5.0 (iPad; CPU OS 5_1_1 like Mac OS X) AppleWebKit/534.46 (KHTML, like Gecko) Version/5.1 Mobile/9B206 Safari/7534.48.3"
12.111.91.2 - - [18/Aug/2013:11:19:57 -0400] "GET /maps/Map2.html HTTP/1.0" 200 582 "http://www.campgrounddiscount.com/maps/Map2frame.html" "Mozilla/5.0 (iPad; CPU OS 5_1_1 like Mac OS X) AppleWebKit/534.46 (KHTML, like Gecko) Version/5.1 Mobile/9B206 Safari/7534.48.3"
208.115.113.84 - - [18/Aug/2013:22:05:28 -0400] "GET /robots.txt HTTP/1.1" 404 575 "-" "Mozilla/5.0 (compatible; Ezooms/1.0; ezooms.bot@gmail.com)"
71.138.129.135 - - [18/Aug/2013:13:33:21 -0400] "GET /maps/cvbmapca.jpg HTTP/1.1" 200 143733 "-" "Mozilla/5.0 (iPad; CPU OS 6_1_3 like Mac OS X) AppleWebKit/536.26 (KHTML, like Gecko) Version/6.0 Mobile/10B329 Safari/8536.25"
195.242.218.133 - - [18/Aug/2013:14:52:11 -0400] "GET / HTTP/1.1" 200 12549 "http://en.winpm.ws/" "Mozilla/4.0 (compatible; MSIE 6.0; Windows NT 5.1; SV1; MRA 4.6 (build 01425); MRSPUTNIK 1, 5, 0, 19 SW)"
166.137.191.27 - - [18/Aug/2013:00:20:32 -0400] "GET /apple-touch-icon-precomposed.png HTTP/1.1" 404 575 "-" "Mozilla/5.0 (Linux; Android 4.2.2; SAMSUNG-SGH-I337 Build/JDQ39) AppleWebKit/537.36 (KHTML, like Gecko) Chrome/28.0.1500.94 Mobile Safari/537.36"
66.249.75.79 - - [18/Aug/2013:01:38:59 -0400] "GET /campsite_images/happylogo.gif HTTP/1.1" 200 2318 "http://www.campgrounddiscount.com/" "Mozilla/5.0 (X11; Linux x86_64) AppleWebKit/537.4 (KHTML, like Gecko; Google Page Speed Insights) Chrome/22.0.1229 Safari/537.4 GoogleBot/2.1"
178.255.215.71 - - [18/Aug/2013:05:21:58 -0400] "GET / HTTP/1.1" 304 - "-" "Mozilla/5.0 (compatible; Exabot/3.0; +http://www.exabot.com/go/robot)"
216.145.5.42 - - [18/Aug/2013:18:47:45 -0400] "GET /robots.txt HTTP/1.0" 404 575 "-" "Mozilla/5.0 (Windows; U; Windows NT 5.1; en; rv:1.9.0.13) Gecko/2009073022 Firefox/3.5.2 (.NET CLR 3.5.30729) SurveyBot/2.3 (DomainTools)"
92.249.127.111 - - [18/Aug/2013:19:12:51 -0400] "GET / HTTP/1.1" 200 14739 "http://www.bravica.ws/ru/" "Mozilla/5.0 (compatible; news bot /2.1)"
46.119.118.152 - - [18/Aug/2013:08:04:12 -0400] "GET / HTTP/1.1" 200 12549 "http://mug-na-chas-moscow.ru/" "Mozilla/4.0 (compatible; MSIE 6.0; Windows NT 5.0; Avant Browser [avantbrowser.com]; Hotbar 4.4.5.0)"
209.190.1.134 - - [18/Aug/2013:14:11:25 -0400] "GET / HTTP/1.1" 200 12549 "-" "Mozilla/5.0 (compatible; MSIE 8.0; Windows NT 5.1) KomodiaBot/1.0"
66.249.75.79 - - [18/Aug/2013:01:37:48 -0400] "GET / HTTP/1.1" 200 12549 "-" "Mozilla/5.0 (X11; Linux x86_64) AppleWebKit/537.4 (KHTML, like Gecko; Google Page Speed Insights) Chrome/22.0.1229 Safari/537.4 GoogleBot/2.1"
50.89.69.252 - - [18/Aug/2013:15:43:18 -0400] "GET /campsite_images/CGdiscountlogo.gif HTTP/1.1" 200 5162 "http://www.campgrounddiscount.com/" "Mozilla/5.0 (compatible; MSIE 10.0; Windows NT 6.1; WOW64; Trident/6.0)"
50.89.69.252 - - [18/Aug/2013:15:43:18 -0400] "GET /campsite_images/CampClublogo.jpg HTTP/1.1" 200 10156 "http://www.campgrounddiscount.com/" "Mozilla/5.0 (compatible; MSIE 10.0; Windows NT 6.1; WOW64; Trident/6.0)"
66.249.75.79 - - [18/Aug/2013:17:21:19 -0400] "GET /campingbook.html HTTP/1.1" 304 - "-" "Mozilla/5.0 (iPhone; U; CPU iPhone OS 4_1 like Mac OS X; en-us) AppleWebKit/532.9 (KHTML, like Gecko) Version/4.0.5 Mobile/8B117 Safari/6531.22.7 (compatible; Googlebot-Mobile/2.1; +http://www.google.com/bot.html)"