0byt3m1n1
Path:
/
data
/
0
/
0
/
86
/
58
/
86221
/
meta
/
87570
/
logs
/
[
Home
]
File: x-access_log.2013-08-13
70.109.57.19 - - [13/Aug/2013:18:14:19 -0400] "GET /home.html HTTP/1.1" 200 9780 "http://search.dnsassist.verizon.net/assist.php?url=hotwheelscollectorsnationals.com" "Mozilla/5.0 (compatible; MSIE 10.0; Windows NT 6.1; WOW64; Trident/6.0)"
70.109.57.19 - - [13/Aug/2013:18:14:19 -0400] "GET /scripts/print.css HTTP/1.1" 200 8383 "http://www.hwcollectorsnationals.com/home.html" "Mozilla/5.0 (compatible; MSIE 10.0; Windows NT 6.1; WOW64; Trident/6.0)"
70.109.57.19 - - [13/Aug/2013:18:14:19 -0400] "GET /images/navcrnr_ll.png HTTP/1.1" 200 286 "http://www.hwcollectorsnationals.com/home.html" "Mozilla/5.0 (compatible; MSIE 10.0; Windows NT 6.1; WOW64; Trident/6.0)"
70.109.57.19 - - [13/Aug/2013:18:14:20 -0400] "GET /images/accent-mask.gif HTTP/1.1" 200 734 "http://www.hwcollectorsnationals.com/home.html" "Mozilla/5.0 (compatible; MSIE 10.0; Windows NT 6.1; WOW64; Trident/6.0)"
91.207.9.226 - - [13/Aug/2013:20:11:50 -0400] "GET / HTTP/1.1" 200 9780 "http://roomgirls.ru/" "Mozilla/4.0 (compatible; MSIE 6.0; Windows NT 5.1; .NET CLR 1.1.4322; FDM)"
10.30.72.4 - - [13/Aug/2013:13:03:25 -0400] "GET /form.php HTTP/1.1" 200 51801 "http://hwcollectorsconvention.com/purchaseticketshere.html" "Mozilla/5.0 (compatible; MSIE 10.0; Windows NT 6.2; Win64; x64; Trident/6.0; Touch; MAARJS)"
10.30.72.4 - - [13/Aug/2013:01:26:46 -0400] "GET /form.php HTTP/1.1" 503 323 "http://hwcollectorsconvention.com/purchaseticketshere.html" "Mozilla/5.0 (compatible; MSIE 10.0; Windows NT 6.2; Win64; x64; Trident/6.0; Touch; MAARJS)"
10.30.72.4 - - [13/Aug/2013:06:38:25 -0400] "GET /form.php?&mail=success HTTP/1.1" 200 1050 "https://secure.netsolhost.com/hwcollectorsnationals.com/form.php" "Mozilla/5.0 (Windows NT 6.0; rv:22.0) Gecko/20100101 Firefox/22.0"
221.232.62.19 - - [13/Aug/2013:06:59:52 -0400] "GET /signup HTTP/1.1" 404 575 "http://www.hwcollectorsnationals.com/" "Mozilla/4.0 (compatible; MSIE 6.0; Windows NT 5.1; SV1;)"
1.202.218.114 - - [13/Aug/2013:07:14:28 -0400] "GET / HTTP/1.1" 200 9780 "-" "Mozilla/5.0 (compatible; JikeSpider; +http://shoulu.jike.com/spider.html)"
139.192.195.50 - - [13/Aug/2013:12:08:22 -0400] "GET /scripts/user.js HTTP/1.1" 200 23762 "http://hwcollectorsnationals.com/" "Mozilla/5.0 (Windows NT 6.1) AppleWebKit/537.36 (KHTML, like Gecko) Chrome/28.0.1500.95 Safari/537.36"
10.30.72.4 - - [13/Aug/2013:13:05:08 -0400] "GET /form.php HTTP/1.1" 200 51801 "http://www.hwcollectorsconvention.com/purchaseticketshere.html" "Mozilla/4.0 (compatible; MSIE 8.0; Windows NT 5.1; Trident/4.0; .NET CLR 1.1.4322; .NET CLR 2.0.50727; .NET CLR 3.0.4506.2152; .NET CLR 3.5.30729; .NET4.0E; InfoPath.2; .NET4.0C)"
72.199.140.79 - - [13/Aug/2013:13:59:26 -0400] "GET /images/nav-button-overlay.png HTTP/1.1" 200 197 "http://hwcollectorsnationals.com/scripts/template.css" "Mozilla/5.0 (Windows NT 6.1; WOW64; rv:12.0) Gecko/20100101 Firefox/12.0"
72.199.140.79 - - [13/Aug/2013:13:59:26 -0400] "GET /images/nav-divider.png HTTP/1.1" 200 171 "http://hwcollectorsnationals.com/scripts/template.css" "Mozilla/5.0 (Windows NT 6.1; WOW64; rv:12.0) Gecko/20100101 Firefox/12.0"
157.55.33.47 - - [13/Aug/2013:06:45:51 -0400] "GET / HTTP/1.1" 200 9780 "-" "Mozilla/5.0 (compatible; bingbot/2.0; +http://www.bing.com/bingbot.htm)"
221.232.62.19 - - [13/Aug/2013:06:59:52 -0400] "GET / HTTP/1.1" 200 9780 "-" "Mozilla/4.0 (compatible; MSIE 6.0; Windows NT 5.1; SV1;)"
221.232.62.19 - - [13/Aug/2013:06:59:59 -0400] "GET /index.php?p=member/signup HTTP/1.1" 404 575 "http://www.hwcollectorsnationals.com/" "Mozilla/4.0 (compatible; MSIE 6.0; Windows NT 5.1; SV1;)"
70.109.57.19 - - [13/Aug/2013:18:14:19 -0400] "GET /scripts/photoalbum.js HTTP/1.1" 200 62481 "http://www.hwcollectorsnationals.com/home.html" "Mozilla/5.0 (compatible; MSIE 10.0; Windows NT 6.1; WOW64; Trident/6.0)"
70.109.57.19 - - [13/Aug/2013:18:14:19 -0400] "GET /images/navcrnr_lr.png HTTP/1.1" 200 293 "http://www.hwcollectorsnationals.com/home.html" "Mozilla/5.0 (compatible; MSIE 10.0; Windows NT 6.1; WOW64; Trident/6.0)"
70.109.57.19 - - [13/Aug/2013:18:14:20 -0400] "GET /images/header-overlay-end.gif HTTP/1.1" 200 161 "http://www.hwcollectorsnationals.com/home.html" "Mozilla/5.0 (compatible; MSIE 10.0; Windows NT 6.1; WOW64; Trident/6.0)"
75.38.74.163 - - [13/Aug/2013:10:30:39 -0400] "GET / HTTP/1.1" 200 9780 "http://www.hotwheelscollectors.com/collecting/sitesofinterest/" "Mozilla/4.0 (compatible; MSIE 8.0; Windows NT 5.1; Trident/4.0; BTRS129259; .NET CLR 2.0.50727; .NET CLR 3.0.4506.2152; .NET CLR 3.5.30729; .NET4.0C; yie8)"
75.38.74.163 - - [13/Aug/2013:10:30:39 -0400] "GET /scripts/1custom.css HTTP/1.1" 200 1143 "http://www.hwcollectorsnationals.com/" "Mozilla/4.0 (compatible; MSIE 8.0; Windows NT 5.1; Trident/4.0; BTRS129259; .NET CLR 2.0.50727; .NET CLR 3.0.4506.2152; .NET CLR 3.5.30729; .NET4.0C; yie8)"
75.38.74.163 - - [13/Aug/2013:10:30:39 -0400] "GET /scripts/template.css HTTP/1.1" 200 8354 "http://www.hwcollectorsnationals.com/" "Mozilla/4.0 (compatible; MSIE 8.0; Windows NT 5.1; Trident/4.0; BTRS129259; .NET CLR 2.0.50727; .NET CLR 3.0.4506.2152; .NET CLR 3.5.30729; .NET4.0C; yie8)"
75.38.74.163 - - [13/Aug/2013:10:30:39 -0400] "GET /scripts/icwebsiteelement.css HTTP/1.1" 200 8132 "http://www.hwcollectorsnationals.com/" "Mozilla/4.0 (compatible; MSIE 8.0; Windows NT 5.1; Trident/4.0; BTRS129259; .NET CLR 2.0.50727; .NET CLR 3.0.4506.2152; .NET CLR 3.5.30729; .NET4.0C; yie8)"
75.38.74.163 - - [13/Aug/2013:10:30:40 -0400] "GET /images/Fotolia_5429963_X.jpg HTTP/1.1" 200 7961 "http://www.hwcollectorsnationals.com/" "Mozilla/4.0 (compatible; MSIE 8.0; Windows NT 5.1; Trident/4.0; BTRS129259; .NET CLR 2.0.50727; .NET CLR 3.0.4506.2152; .NET CLR 3.5.30729; .NET4.0C; yie8)"
75.38.74.163 - - [13/Aug/2013:10:30:40 -0400] "GET /images/header-overlay-alt.png HTTP/1.1" 200 3414 "http://www.hwcollectorsnationals.com/" "Mozilla/4.0 (compatible; MSIE 8.0; Windows NT 5.1; Trident/4.0; BTRS129259; .NET CLR 2.0.50727; .NET CLR 3.0.4506.2152; .NET CLR 3.5.30729; .NET4.0C; yie8)"
75.38.74.163 - - [13/Aug/2013:10:30:40 -0400] "GET /images/navcrnr_ur.png HTTP/1.1" 200 348 "http://www.hwcollectorsnationals.com/" "Mozilla/4.0 (compatible; MSIE 8.0; Windows NT 5.1; Trident/4.0; BTRS129259; .NET CLR 2.0.50727; .NET CLR 3.0.4506.2152; .NET CLR 3.5.30729; .NET4.0C; yie8)"
75.38.74.163 - - [13/Aug/2013:10:30:40 -0400] "GET /images/navcrnr_lr.png HTTP/1.1" 200 293 "http://www.hwcollectorsnationals.com/" "Mozilla/4.0 (compatible; MSIE 8.0; Windows NT 5.1; Trident/4.0; BTRS129259; .NET CLR 2.0.50727; .NET CLR 3.0.4506.2152; .NET CLR 3.5.30729; .NET4.0C; yie8)"
75.38.74.163 - - [13/Aug/2013:10:30:41 -0400] "GET /favicon.ico HTTP/1.1" 404 575 "-" "Mozilla/4.0 (compatible; MSIE 8.0; Windows NT 5.1; Trident/4.0; BTRS129259; .NET CLR 2.0.50727; .NET CLR 3.0.4506.2152; .NET CLR 3.5.30729; .NET4.0C; yie8)"
157.55.35.106 - - [13/Aug/2013:05:50:48 -0400] "GET /scripts/website.css HTTP/1.1" 200 1923 "-" "Mozilla/5.0 (compatible; bingbot/2.0; +http://www.bing.com/bingbot.htm)"
221.232.62.19 - - [13/Aug/2013:06:57:43 -0400] "GET /member/reg.php HTTP/1.1" 404 575 "-" "Mozilla/4.0 (compatible; MSIE 6.0; Windows NT 5.1; SV1;)"
92.249.127.111 - - [13/Aug/2013:13:34:24 -0400] "GET / HTTP/1.1" 200 9780 "http://www.bravica.ws/ru/" "Mozilla/5.0 (compatible; news bot /2.1)"
157.56.92.175 - - [13/Aug/2013:05:32:08 -0400] "GET /contactus.html HTTP/1.1" 200 10277 "-" "Mozilla/5.0 (compatible; bingbot/2.0; +http://www.bing.com/bingbot.htm)"
71.207.171.221 - - [13/Aug/2013:20:18:09 -0400] "GET /scripts/print.css HTTP/1.1" 200 8383 "http://www.hwcollectorsnationals.com/home.html" "Mozilla/5.0 (Windows NT 5.1; rv:23.0) Gecko/20100101 Firefox/23.0"
71.207.171.221 - - [13/Aug/2013:20:18:10 -0400] "GET /images/header-overlay-end.gif HTTP/1.1" 200 161 "http://www.hwcollectorsnationals.com/scripts/template.css" "Mozilla/5.0 (Windows NT 5.1; rv:23.0) Gecko/20100101 Firefox/23.0"
71.207.171.221 - - [13/Aug/2013:20:18:10 -0400] "GET /images/footer-wide.jpg HTTP/1.1" 200 2145 "http://www.hwcollectorsnationals.com/scripts/template.css" "Mozilla/5.0 (Windows NT 5.1; rv:23.0) Gecko/20100101 Firefox/23.0"
75.38.74.163 - - [13/Aug/2013:10:30:39 -0400] "GET /scripts/print.css HTTP/1.1" 200 8383 "http://www.hwcollectorsnationals.com/" "Mozilla/4.0 (compatible; MSIE 8.0; Windows NT 5.1; Trident/4.0; BTRS129259; .NET CLR 2.0.50727; .NET CLR 3.0.4506.2152; .NET CLR 3.5.30729; .NET4.0C; yie8)"
75.38.74.163 - - [13/Aug/2013:10:30:40 -0400] "GET /images/header-overlay-end.gif HTTP/1.1" 200 161 "http://www.hwcollectorsnationals.com/" "Mozilla/4.0 (compatible; MSIE 8.0; Windows NT 5.1; Trident/4.0; BTRS129259; .NET CLR 2.0.50727; .NET CLR 3.0.4506.2152; .NET CLR 3.5.30729; .NET4.0C; yie8)"
75.38.74.163 - - [13/Aug/2013:10:30:40 -0400] "GET /images/nav-divider.png HTTP/1.1" 200 171 "http://www.hwcollectorsnationals.com/" "Mozilla/4.0 (compatible; MSIE 8.0; Windows NT 5.1; Trident/4.0; BTRS129259; .NET CLR 2.0.50727; .NET CLR 3.0.4506.2152; .NET CLR 3.5.30729; .NET4.0C; yie8)"
10.30.72.4 - - [13/Aug/2013:06:38:24 -0400] "POST /form_mail.php HTTP/1.1" 302 3 "https://secure.netsolhost.com/hwcollectorsnationals.com/form.php" "Mozilla/5.0 (Windows NT 6.0; rv:22.0) Gecko/20100101 Firefox/22.0"
10.30.72.4 - - [13/Aug/2013:22:14:20 -0400] "GET /form.php HTTP/1.1" 200 51801 "http://hwcollectorsconvention.com/purchaseticketshere.html" "Mozilla/5.0 (compatible; MSIE 10.0; Windows NT 6.2; Win64; x64; Trident/6.0; Touch; MAARJS)"
66.249.72.87 - - [13/Aug/2013:23:45:26 -0400] "GET /images/header-overlay-alt.png HTTP/1.1" 200 3414 "-" "Mozilla/5.0 (compatible; Googlebot/2.1; +http://www.google.com/bot.html)"
221.232.62.19 - - [13/Aug/2013:06:57:44 -0400] "GET / HTTP/1.1" 200 9780 "-" "Mozilla/4.0 (compatible; MSIE 6.0; Windows NT 5.1; SV1;)"
221.232.62.19 - - [13/Aug/2013:06:59:42 -0400] "GET /register.php HTTP/1.1" 404 575 "http://www.hwcollectorsnationals.com/register.php" "Mozilla/4.0 (compatible; MSIE 6.0; Windows NT 5.1; SV1;)"
221.232.62.19 - - [13/Aug/2013:07:00:04 -0400] "GET /register.php HTTP/1.1" 404 575 "http://www.hwcollectorsnationals.com/" "Mozilla/4.0 (compatible; MSIE 6.0; Windows NT 5.1; SV1;)"
157.56.92.175 - - [13/Aug/2013:05:29:36 -0400] "GET /robots.txt HTTP/1.1" 200 25 "-" "Mozilla/5.0 (compatible; bingbot/2.0; +http://www.bing.com/bingbot.htm)"
70.109.57.19 - - [13/Aug/2013:18:14:19 -0400] "GET /scripts/user.js HTTP/1.1" 200 23762 "http://www.hwcollectorsnationals.com/home.html" "Mozilla/5.0 (compatible; MSIE 10.0; Windows NT 6.1; WOW64; Trident/6.0)"
70.109.57.19 - - [13/Aug/2013:18:14:19 -0400] "GET /images/nav-divider.png HTTP/1.1" 200 171 "http://www.hwcollectorsnationals.com/home.html" "Mozilla/5.0 (compatible; MSIE 10.0; Windows NT 6.1; WOW64; Trident/6.0)"
70.109.57.19 - - [13/Aug/2013:18:14:20 -0400] "GET /images/Fotolia_5429963_X.jpg HTTP/1.1" 200 7961 "http://www.hwcollectorsnationals.com/home.html" "Mozilla/5.0 (compatible; MSIE 10.0; Windows NT 6.1; WOW64; Trident/6.0)"
10.30.72.4 - - [13/Aug/2013:12:08:23 -0400] "GET /form.php HTTP/1.1" 200 51801 "http://hwcollectorsconvention.com/purchaseticketshere.html" "Mozilla/5.0 (compatible; MSIE 10.0; Windows NT 6.1; Trident/6.0; EIE10;ENUSMCM)"
139.192.195.50 - - [13/Aug/2013:12:08:27 -0400] "GET /images/accent-mask.gif HTTP/1.1" 200 734 "http://hwcollectorsnationals.com/" "Mozilla/5.0 (Windows NT 6.1) AppleWebKit/537.36 (KHTML, like Gecko) Chrome/28.0.1500.95 Safari/537.36"
139.192.195.50 - - [13/Aug/2013:12:08:27 -0400] "GET /images/nav-button-overlay.png HTTP/1.1" 200 197 "http://hwcollectorsnationals.com/" "Mozilla/5.0 (Windows NT 6.1) AppleWebKit/537.36 (KHTML, like Gecko) Chrome/28.0.1500.95 Safari/537.36"
139.192.195.50 - - [13/Aug/2013:12:08:27 -0400] "GET /images/nav-divider.png HTTP/1.1" 200 171 "http://hwcollectorsnationals.com/" "Mozilla/5.0 (Windows NT 6.1) AppleWebKit/537.36 (KHTML, like Gecko) Chrome/28.0.1500.95 Safari/537.36"
139.192.195.50 - - [13/Aug/2013:12:08:27 -0400] "GET /images/navcrnr_lr.png HTTP/1.1" 200 293 "http://hwcollectorsnationals.com/" "Mozilla/5.0 (Windows NT 6.1) AppleWebKit/537.36 (KHTML, like Gecko) Chrome/28.0.1500.95 Safari/537.36"
72.199.140.79 - - [13/Aug/2013:13:59:26 -0400] "GET /images/header-overlay-end.gif HTTP/1.1" 200 161 "http://hwcollectorsnationals.com/scripts/template.css" "Mozilla/5.0 (Windows NT 6.1; WOW64; rv:12.0) Gecko/20100101 Firefox/12.0"
72.199.140.79 - - [13/Aug/2013:13:59:26 -0400] "GET /images/footer-wide.jpg HTTP/1.1" 200 2145 "http://hwcollectorsnationals.com/scripts/template.css" "Mozilla/5.0 (Windows NT 6.1; WOW64; rv:12.0) Gecko/20100101 Firefox/12.0"
66.249.72.87 - - [13/Aug/2013:23:31:04 -0400] "GET /home.html HTTP/1.1" 200 9780 "-" "Mozilla/5.0 (iPhone; U; CPU iPhone OS 4_1 like Mac OS X; en-us) AppleWebKit/532.9 (KHTML, like Gecko) Version/4.0.5 Mobile/8B117 Safari/6531.22.7 (compatible; Googlebot-Mobile/2.1; +http://www.google.com/bot.html)"
31.11.141.10 - - [13/Aug/2013:23:58:14 -0400] "GET /form.php HTTP/1.1" 200 51801 "http://hwcollectorsnationals.com/" "Mozilla/5.0 (Windows NT 5.1; rv:5.0.1) Gecko/20100101 Firefox/5.0.1"
72.199.140.79 - - [13/Aug/2013:13:59:22 -0400] "GET /scripts/photoalbum.js HTTP/1.1" 200 62481 "http://hwcollectorsnationals.com/" "Mozilla/5.0 (Windows NT 6.1; WOW64; rv:12.0) Gecko/20100101 Firefox/12.0"
24.19.26.145 - - [13/Aug/2013:20:50:55 -0400] "GET /scripts/ic_globals_published.js HTTP/1.1" 200 566 "http://www.hwcollectorsnationals.com/" "Mozilla/5.0 (Windows NT 6.1; WOW64) AppleWebKit/537.36 (KHTML, like Gecko) Chrome/28.0.1500.95 Safari/537.36"
24.19.26.145 - - [13/Aug/2013:20:50:56 -0400] "GET /images/header-overlay-end.gif HTTP/1.1" 200 161 "http://www.hwcollectorsnationals.com/" "Mozilla/5.0 (Windows NT 6.1; WOW64) AppleWebKit/537.36 (KHTML, like Gecko) Chrome/28.0.1500.95 Safari/537.36"
24.19.26.145 - - [13/Aug/2013:20:50:56 -0400] "GET /images/navcrnr_ll.png HTTP/1.1" 200 286 "http://www.hwcollectorsnationals.com/" "Mozilla/5.0 (Windows NT 6.1; WOW64) AppleWebKit/537.36 (KHTML, like Gecko) Chrome/28.0.1500.95 Safari/537.36"
10.30.72.4 - - [13/Aug/2013:23:49:42 -0400] "GET /form.php HTTP/1.1" 200 51801 "http://www.hwcollectorsconvention.com/purchaseticketshere.html" "Mozilla/5.0 (Windows NT 6.1; WOW64; rv:22.0) Gecko/20100101 Firefox/22.0"
31.11.141.10 - - [13/Aug/2013:23:58:47 -0400] "GET /form.php HTTP/1.1" 200 51801 "http://hwcollectorsnationals.com/" "Mozilla/4.0 (compatible; MSIE 7.0; Windows NT 5.1; Trident/4.0; .NET CLR 1.1.4322)"
66.249.75.87 - - [13/Aug/2013:01:46:56 -0400] "GET /purchasetickets.html HTTP/1.1" 200 11517 "-" "Mozilla/5.0 (iPhone; U; CPU iPhone OS 4_1 like Mac OS X; en-us) AppleWebKit/532.9 (KHTML, like Gecko) Version/4.0.5 Mobile/8B117 Safari/6531.22.7 (compatible; Googlebot-Mobile/2.1; +http://www.google.com/bot.html)"
173.161.70.133 - - [13/Aug/2013:05:52:49 -0400] "GET /scripts/10custom.css HTTP/1.1" 304 - "-" "Mozilla/4.0 (compatible;)"
70.109.57.19 - - [13/Aug/2013:18:14:19 -0400] "GET /scripts/ic_globals_published.js HTTP/1.1" 200 566 "http://www.hwcollectorsnationals.com/home.html" "Mozilla/5.0 (compatible; MSIE 10.0; Windows NT 6.1; WOW64; Trident/6.0)"
70.109.57.19 - - [13/Aug/2013:18:14:19 -0400] "GET /scripts/1custom.css HTTP/1.1" 200 1143 "http://www.hwcollectorsnationals.com/home.html" "Mozilla/5.0 (compatible; MSIE 10.0; Windows NT 6.1; WOW64; Trident/6.0)"
70.109.57.19 - - [13/Aug/2013:18:14:19 -0400] "GET /images/nav-button-overlay.png HTTP/1.1" 200 197 "http://www.hwcollectorsnationals.com/home.html" "Mozilla/5.0 (compatible; MSIE 10.0; Windows NT 6.1; WOW64; Trident/6.0)"
221.232.62.19 - - [13/Aug/2013:06:57:35 -0400] "GET /member.php?mod=logging&action=login HTTP/1.1" 404 575 "http://www.hwcollectorsnationals.com/" "Mozilla/4.0 (compatible; MSIE 6.0; Windows NT 5.1; SV1;)"
221.232.62.19 - - [13/Aug/2013:06:58:51 -0400] "GET /index.php?option=com_registration&task=register HTTP/1.1" 404 575 "http://www.hwcollectorsnationals.com/" "Mozilla/4.0 (compatible; MSIE 6.0; Windows NT 5.1; SV1;)"
216.152.251.19 - - [13/Aug/2013:10:00:02 -0400] "GET /form.php HTTP/1.0" 200 51801 "http://hwcollectorsnationals.com/form.php" "Mozilla/5.0 (Windows NT 5.1; rv:15.0) Gecko/20100101 Firefox/15.0.1"
188.126.79.73 - - [13/Aug/2013:11:09:06 -0400] "GET /connectors/browser/file.php HTTP/1.1" 404 575 "-" "Mozilla/4.0 (compatible; MSIE 6.0; Windows NT 5.1)"
10.30.72.4 - - [13/Aug/2013:23:55:38 -0400] "GET /form.php?&mail=success HTTP/1.1" 200 1050 "https://secure.netsolhost.com/hwcollectorsnationals.com/form.php" "Mozilla/5.0 (Windows NT 6.1; WOW64; rv:22.0) Gecko/20100101 Firefox/22.0"
221.232.62.19 - - [13/Aug/2013:06:57:42 -0400] "GET /signup/ HTTP/1.1" 404 575 "http://www.hwcollectorsnationals.com/" "Mozilla/5.0 (Windows NT 5.1; rv:6.0.2) Gecko/20100101 Firefox/6.0.2"
221.232.62.19 - - [13/Aug/2013:06:59:44 -0400] "GET /ucp.php?mode=register HTTP/1.1" 404 575 "http://www.hwcollectorsnationals.com/" "Mozilla/4.0 (compatible; MSIE 6.0; Windows NT 5.1; SV1;)"
220.181.89.190 - - [13/Aug/2013:08:55:50 -0400] "GET /images/Bingo_Form_St_Louis_.doc HTTP/1.1" 304 - "-" "Sogou web spider/4.0(+http://www.sogou.com/docs/help/webmasters.htm#07)"
157.55.33.47 - - [13/Aug/2013:21:25:49 -0400] "GET /robots.txt HTTP/1.1" 200 25 "-" "Mozilla/5.0 (compatible; bingbot/2.0; +http://www.bing.com/bingbot.htm)"
157.55.33.47 - - [13/Aug/2013:21:26:31 -0400] "GET / HTTP/1.1" 200 9780 "-" "Mozilla/5.0 (compatible; bingbot/2.0; +http://www.bing.com/bingbot.htm)"
77.75.77.11 - - [13/Aug/2013:21:35:24 -0400] "GET /overflowhotel.html HTTP/1.1" 200 10797 "-" "SeznamBot/3.0 (+http://fulltext.sblog.cz/)"
92.249.127.111 - - [13/Aug/2013:13:34:22 -0400] "GET / HTTP/1.1" 200 9780 "http://www.bravica.ws/ru/" "Mozilla/5.0 (compatible; news bot /2.1)"
157.55.33.47 - - [13/Aug/2013:05:40:03 -0400] "GET /scripts/ic_globals_published.js HTTP/1.1" 200 566 "-" "Mozilla/5.0 (compatible; bingbot/2.0; +http://www.bing.com/bingbot.htm)"
220.161.98.174 - - [13/Aug/2013:17:28:09 -0400] "GET /messageboard.html HTTP/1.0" 200 185 "http://www.hwcollectorsnationals.com/messageboard.html" "Mozilla/4.0 (compatible; MSIE 6.0; Windows NT 5.1; SV1; .NET CLR 2.0.50727)"
139.192.195.50 - - [13/Aug/2013:12:08:21 -0400] "GET /favicon.ico HTTP/1.1" 404 575 "-" "Mozilla/5.0 (Windows NT 6.1) AppleWebKit/537.36 (KHTML, like Gecko) Chrome/28.0.1500.95 Safari/537.36"
139.192.195.50 - - [13/Aug/2013:12:08:21 -0400] "GET /scripts/template.css HTTP/1.1" 200 8354 "http://hwcollectorsnationals.com/" "Mozilla/5.0 (Windows NT 6.1) AppleWebKit/537.36 (KHTML, like Gecko) Chrome/28.0.1500.95 Safari/537.36"
72.199.140.79 - - [13/Aug/2013:13:59:16 -0400] "GET /scripts/print.css HTTP/1.1" 200 8383 "http://hwcollectorsnationals.com/" "Mozilla/5.0 (Windows NT 6.1; WOW64; rv:12.0) Gecko/20100101 Firefox/12.0"
72.199.140.79 - - [13/Aug/2013:13:59:26 -0400] "GET /images/accent-mask.gif HTTP/1.1" 200 734 "http://hwcollectorsnationals.com/scripts/template.css" "Mozilla/5.0 (Windows NT 6.1; WOW64; rv:12.0) Gecko/20100101 Firefox/12.0"
72.199.140.79 - - [13/Aug/2013:13:59:26 -0400] "GET /images/navcrnr_ur.png HTTP/1.1" 200 348 "http://hwcollectorsnationals.com/scripts/template.css" "Mozilla/5.0 (Windows NT 6.1; WOW64; rv:12.0) Gecko/20100101 Firefox/12.0"
24.19.26.145 - - [13/Aug/2013:20:50:55 -0400] "GET /scripts/icwebsiteelement.css HTTP/1.1" 200 8132 "http://www.hwcollectorsnationals.com/" "Mozilla/5.0 (Windows NT 6.1; WOW64) AppleWebKit/537.36 (KHTML, like Gecko) Chrome/28.0.1500.95 Safari/537.36"
24.19.26.145 - - [13/Aug/2013:20:50:56 -0400] "GET /images/accent-mask.gif HTTP/1.1" 200 734 "http://www.hwcollectorsnationals.com/" "Mozilla/5.0 (Windows NT 6.1; WOW64) AppleWebKit/537.36 (KHTML, like Gecko) Chrome/28.0.1500.95 Safari/537.36"
71.207.171.221 - - [13/Aug/2013:20:18:09 -0400] "GET /scripts/photoalbum.js HTTP/1.1" 200 62481 "http://www.hwcollectorsnationals.com/home.html" "Mozilla/5.0 (Windows NT 5.1; rv:23.0) Gecko/20100101 Firefox/23.0"
71.207.171.221 - - [13/Aug/2013:20:18:10 -0400] "GET /images/Fotolia_5429963_X.jpg HTTP/1.1" 200 7961 "http://www.hwcollectorsnationals.com/scripts/website.css" "Mozilla/5.0 (Windows NT 5.1; rv:23.0) Gecko/20100101 Firefox/23.0"
71.207.171.221 - - [13/Aug/2013:20:18:10 -0400] "GET /favicon.ico HTTP/1.1" 404 575 "-" "Mozilla/5.0 (Windows NT 5.1; rv:23.0) Gecko/20100101 Firefox/23.0"
71.207.171.221 - - [13/Aug/2013:20:18:11 -0400] "GET /favicon.ico HTTP/1.1" 404 575 "-" "Mozilla/5.0 (Windows NT 5.1; rv:23.0) Gecko/20100101 Firefox/23.0"
221.232.62.19 - - [13/Aug/2013:06:57:04 -0400] "GET / HTTP/1.1" 200 9780 "-" "Mozilla/4.0 (compatible; MSIE 6.0; Windows NT 5.1; SV1;)"
221.232.62.19 - - [13/Aug/2013:06:57:08 -0400] "GET / HTTP/1.1" 200 9780 "-" "Mozilla/4.0 (compatible; MSIE 6.0; Windows NT 5.1; SV1;)"
221.232.62.19 - - [13/Aug/2013:06:58:50 -0400] "GET /index.php?option=com_registration&task=register HTTP/1.1" 404 575 "http://www.hwcollectorsnationals.com/index.php?option=com_registration&task=register" "Mozilla/4.0 (compatible; MSIE 6.0; Windows NT 5.1; SV1;)"
221.232.62.19 - - [13/Aug/2013:06:59:57 -0400] "GET /CreateUser.asp HTTP/1.1" 404 575 "http://www.hwcollectorsnationals.com/" "Mozilla/4.0 (compatible; MSIE 6.0; Windows NT 5.1; SV1;)"
10.30.72.4 - - [13/Aug/2013:17:10:34 -0400] "GET /form.php HTTP/1.1" 200 51801 "http://www.hwcollectorsconvention.com/purchaseticketshere.html" "Mozilla/5.0 (Linux; U; Android 4.1.1; en-us; MB886 Build/9.8.0Q-97_MB886_FFW-20) AppleWebKit/534.30 (KHTML, like Gecko) Version/4.0 Mobile Safari/534.30"
157.55.33.47 - - [13/Aug/2013:17:37:13 -0400] "GET /robots.txt HTTP/1.1" 200 25 "-" "Mozilla/5.0 (compatible; bingbot/2.0; +http://www.bing.com/bingbot.htm)"
221.232.62.19 - - [13/Aug/2013:06:57:36 -0400] "GET /member.php?mod=register HTTP/1.1" 404 575 "http://www.hwcollectorsnationals.com/" "Mozilla/4.0 (compatible; MSIE 6.0; Windows NT 5.1; SV1;)"
221.232.62.19 - - [13/Aug/2013:06:57:37 -0400] "GET / HTTP/1.1" 200 9780 "-" "Mozilla/5.0 (Windows NT 5.1; rv:6.0.2) Gecko/20100101 Firefox/6.0.2"
221.232.62.19 - - [13/Aug/2013:06:57:38 -0400] "GET /index.php?app=home&mod=public&act=register HTTP/1.1" 404 575 "http://www.hwcollectorsnationals.com/" "Mozilla/5.0 (Windows NT 5.1; rv:6.0.2) Gecko/20100101 Firefox/6.0.2"
221.232.62.19 - - [13/Aug/2013:06:57:45 -0400] "GET /logging.php?action=login HTTP/1.1" 404 575 "http://www.hwcollectorsnationals.com/" "Mozilla/4.0 (compatible; MSIE 6.0; Windows NT 5.1; SV1;)"
221.232.62.19 - - [13/Aug/2013:06:59:51 -0400] "GET / HTTP/1.1" 200 9780 "-" "Mozilla/4.0 (compatible; MSIE 6.0; Windows NT 5.1; SV1;)"
221.232.62.19 - - [13/Aug/2013:06:59:54 -0400] "GET / HTTP/1.1" 200 9780 "-" "Mozilla/4.0 (compatible; MSIE 6.0; Windows NT 5.1; SV1;)"
46.119.118.152 - - [13/Aug/2013:07:30:33 -0400] "GET / HTTP/1.1" 200 9780 "http://mug-na-chas-moscow.ru/" "Mozilla/4.0 (compatible; MSIE 6.0; Windows NT 5.2; Win64; AMD64)"
91.207.7.69 - - [13/Aug/2013:11:49:41 -0400] "GET /messageboard.html HTTP/1.0" 200 185 "http://www.hwcollectorsnationals.com/messageboard.html" "Mozilla/5.0 (Windows NT 6.1; rv:15.0) Gecko/20100101 Firefox/15.0.1"
139.192.195.50 - - [13/Aug/2013:12:08:27 -0400] "GET /images/header-overlay-end.gif HTTP/1.1" 200 161 "http://hwcollectorsnationals.com/" "Mozilla/5.0 (Windows NT 6.1) AppleWebKit/537.36 (KHTML, like Gecko) Chrome/28.0.1500.95 Safari/537.36"
139.192.195.50 - - [13/Aug/2013:12:08:27 -0400] "GET /images/navcrnr_ur.png HTTP/1.1" 200 348 "http://hwcollectorsnationals.com/" "Mozilla/5.0 (Windows NT 6.1) AppleWebKit/537.36 (KHTML, like Gecko) Chrome/28.0.1500.95 Safari/537.36"
77.75.77.11 - - [13/Aug/2013:21:21:35 -0400] "GET /prenationalspacket.html HTTP/1.1" 200 82525 "-" "SeznamBot/3.0 (+http://fulltext.sblog.cz/)"
77.75.77.11 - - [13/Aug/2013:22:17:44 -0400] "GET / HTTP/1.1" 200 9780 "-" "SeznamBot/3.0 (+http://fulltext.sblog.cz/)"
10.30.72.4 - - [13/Aug/2013:23:30:51 -0400] "GET /form.php HTTP/1.1" 200 51801 "http://www.hwcollectorsconvention.com/purchaseticketshere.html" "Mozilla/4.0 (compatible; MSIE 7.0; Windows NT 6.0; WOW64; chromeframe/28.0.1500.95; SLCC1; .NET CLR 2.0.50727; Media Center PC 5.0; .NET CLR 3.5.21022; .NET CLR 3.5.30729; .NET4.0C; .NET CLR 3.0.30729; AskTbAD2/5.15.4.23821)"
221.232.62.19 - - [13/Aug/2013:06:57:32 -0400] "GET / HTTP/1.1" 200 9780 "-" "Mozilla/4.0 (compatible; MSIE 6.0; Windows NT 5.1; SV1;)"
221.232.62.19 - - [13/Aug/2013:06:59:45 -0400] "GET /register.php HTTP/1.1" 404 575 "http://www.hwcollectorsnationals.com/" "Mozilla/4.0 (compatible; MSIE 6.0; Windows NT 5.1; SV1;)"
221.232.62.19 - - [13/Aug/2013:06:59:59 -0400] "GET /join.php HTTP/1.1" 404 575 "-" "Mozilla/4.0 (compatible; MSIE 6.0; Windows NT 5.1; SV1;)"
221.232.62.19 - - [13/Aug/2013:07:00:02 -0400] "GET /forum/member/register HTTP/1.1" 404 575 "http://www.hwcollectorsnationals.com/" "Mozilla/4.0 (compatible; MSIE 6.0; Windows NT 5.1; SV1;)"
24.19.26.145 - - [13/Aug/2013:20:50:55 -0400] "GET /scripts/1custom.css HTTP/1.1" 200 1143 "http://www.hwcollectorsnationals.com/" "Mozilla/5.0 (Windows NT 6.1; WOW64) AppleWebKit/537.36 (KHTML, like Gecko) Chrome/28.0.1500.95 Safari/537.36"
24.19.26.145 - - [13/Aug/2013:20:50:56 -0400] "GET /images/nav-button-overlay.png HTTP/1.1" 200 197 "http://www.hwcollectorsnationals.com/" "Mozilla/5.0 (Windows NT 6.1; WOW64) AppleWebKit/537.36 (KHTML, like Gecko) Chrome/28.0.1500.95 Safari/537.36"
24.19.26.145 - - [13/Aug/2013:20:50:56 -0400] "GET /images/navcrnr_ur.png HTTP/1.1" 200 348 "http://www.hwcollectorsnationals.com/" "Mozilla/5.0 (Windows NT 6.1; WOW64) AppleWebKit/537.36 (KHTML, like Gecko) Chrome/28.0.1500.95 Safari/537.36"
66.249.72.208 - - [13/Aug/2013:21:22:03 -0400] "GET /form.php HTTP/1.1" 200 51801 "-" "Mozilla/5.0 (compatible; Googlebot/2.1; +http://www.google.com/bot.html)"
66.249.72.87 - - [13/Aug/2013:23:06:08 -0400] "GET /home.html HTTP/1.1" 200 9780 "-" "DoCoMo/2.0 N905i(c100;TB;W24H16) (compatible; Googlebot-Mobile/2.1; +http://www.google.com/bot.html)"
66.249.72.87 - - [13/Aug/2013:23:44:52 -0400] "GET /scripts/template.css HTTP/1.1" 200 8354 "-" "Mozilla/5.0 (compatible; Googlebot/2.1; +http://www.google.com/bot.html)"
124.160.172.16 - - [13/Aug/2013:08:56:34 -0400] "GET /robots.txt HTTP/1.1" 200 25 "http://hwcollectorsnationals.com/" "Mozilla/5.0 (compatible; MSIE 8.0; Windows NT 6.1)"
70.109.57.19 - - [13/Aug/2013:18:14:19 -0400] "GET /scripts/website.css HTTP/1.1" 200 1923 "http://www.hwcollectorsnationals.com/home.html" "Mozilla/5.0 (compatible; MSIE 10.0; Windows NT 6.1; WOW64; Trident/6.0)"
70.109.57.19 - - [13/Aug/2013:18:14:19 -0400] "GET /scripts/icwebsiteelement.css HTTP/1.1" 200 8132 "http://www.hwcollectorsnationals.com/home.html" "Mozilla/5.0 (compatible; MSIE 10.0; Windows NT 6.1; WOW64; Trident/6.0)"
70.109.57.19 - - [13/Aug/2013:18:14:19 -0400] "GET /images/navcrnr_ur.png HTTP/1.1" 200 348 "http://www.hwcollectorsnationals.com/home.html" "Mozilla/5.0 (compatible; MSIE 10.0; Windows NT 6.1; WOW64; Trident/6.0)"
70.109.57.19 - - [13/Aug/2013:18:14:20 -0400] "GET /images/header-overlay-alt.png HTTP/1.1" 200 3414 "http://www.hwcollectorsnationals.com/home.html" "Mozilla/5.0 (compatible; MSIE 10.0; Windows NT 6.1; WOW64; Trident/6.0)"
10.30.72.4 - - [13/Aug/2013:19:35:35 -0400] "GET /form.php HTTP/1.1" 200 51801 "-" "Mozilla/5.0 (Macintosh; Intel Mac OS X 10.7; rv:23.0) Gecko/20100101 Firefox/23.0"
24.19.26.145 - - [13/Aug/2013:20:50:55 -0400] "GET /scripts/template.css HTTP/1.1" 200 8354 "http://www.hwcollectorsnationals.com/" "Mozilla/5.0 (Windows NT 6.1; WOW64) AppleWebKit/537.36 (KHTML, like Gecko) Chrome/28.0.1500.95 Safari/537.36"
24.19.26.145 - - [13/Aug/2013:20:50:56 -0400] "GET /images/header-overlay-alt.png HTTP/1.1" 200 3414 "http://www.hwcollectorsnationals.com/" "Mozilla/5.0 (Windows NT 6.1; WOW64) AppleWebKit/537.36 (KHTML, like Gecko) Chrome/28.0.1500.95 Safari/537.36"
24.19.26.145 - - [13/Aug/2013:20:50:56 -0400] "GET /images/navcrnr_ul.png HTTP/1.1" 200 322 "http://www.hwcollectorsnationals.com/" "Mozilla/5.0 (Windows NT 6.1; WOW64) AppleWebKit/537.36 (KHTML, like Gecko) Chrome/28.0.1500.95 Safari/537.36"
24.19.26.145 - - [13/Aug/2013:20:50:57 -0400] "GET /images/footer-wide.jpg HTTP/1.1" 200 2145 "http://www.hwcollectorsnationals.com/" "Mozilla/5.0 (Windows NT 6.1; WOW64) AppleWebKit/537.36 (KHTML, like Gecko) Chrome/28.0.1500.95 Safari/537.36"
72.199.140.79 - - [13/Aug/2013:13:59:26 -0400] "GET /images/Fotolia_5429963_X.jpg HTTP/1.1" 200 7961 "http://hwcollectorsnationals.com/scripts/website.css" "Mozilla/5.0 (Windows NT 6.1; WOW64; rv:12.0) Gecko/20100101 Firefox/12.0"
72.199.140.79 - - [13/Aug/2013:13:59:26 -0400] "GET /favicon.ico HTTP/1.1" 404 575 "-" "Mozilla/5.0 (Windows NT 6.1; WOW64; rv:12.0) Gecko/20100101 Firefox/12.0"
72.199.140.79 - - [13/Aug/2013:13:59:26 -0400] "GET /favicon.ico HTTP/1.1" 404 575 "-" "Mozilla/5.0 (Windows NT 6.1; WOW64; rv:12.0) Gecko/20100101 Firefox/12.0"
72.199.140.79 - - [13/Aug/2013:13:59:27 -0400] "GET /favicon.ico HTTP/1.1" 404 575 "-" "Mozilla/5.0 (Windows NT 6.1; WOW64; rv:12.0) Gecko/20100101 Firefox/12.0"
221.232.62.19 - - [13/Aug/2013:06:57:34 -0400] "GET / HTTP/1.1" 200 9780 "-" "Mozilla/4.0 (compatible; MSIE 6.0; Windows NT 5.1; SV1;)"
221.232.62.19 - - [13/Aug/2013:06:57:35 -0400] "GET / HTTP/1.1" 200 9780 "-" "Mozilla/4.0 (compatible; MSIE 6.0; Windows NT 5.1; SV1;)"
221.232.62.19 - - [13/Aug/2013:06:59:58 -0400] "GET /signup HTTP/1.1" 404 575 "http://www.hwcollectorsnationals.com/" "Mozilla/4.0 (compatible; MSIE 6.0; Windows NT 5.1; SV1;)"
221.232.62.19 - - [13/Aug/2013:07:00:00 -0400] "GET /YaBB.pl/ HTTP/1.1" 404 575 "-" "Mozilla/4.0 (compatible; MSIE 6.0; Windows NT 5.1; SV1;)"
220.181.89.190 - - [13/Aug/2013:08:16:16 -0400] "GET /images/Bingo_Form_St_Louis_.doc HTTP/1.1" 304 - "-" "Sogou web spider/4.0(+http://www.sogou.com/docs/help/webmasters.htm#07)"
68.83.131.184 - - [13/Aug/2013:09:14:53 -0400] "GET /scripts/photoalbum.js HTTP/1.1" 200 62481 "http://www.hwcollectorsnationals.com/" "Mozilla/5.0 (Windows NT 5.1) AppleWebKit/537.36 (KHTML, like Gecko) Chrome/28.0.1500.95 Safari/537.36"
68.83.131.184 - - [13/Aug/2013:09:14:53 -0400] "GET /scripts/print.css HTTP/1.1" 200 8383 "http://www.hwcollectorsnationals.com/" "Mozilla/5.0 (Windows NT 5.1) AppleWebKit/537.36 (KHTML, like Gecko) Chrome/28.0.1500.95 Safari/537.36"
68.83.131.184 - - [13/Aug/2013:09:14:53 -0400] "GET /images/Fotolia_5429963_X.jpg HTTP/1.1" 200 7961 "http://www.hwcollectorsnationals.com/" "Mozilla/5.0 (Windows NT 5.1) AppleWebKit/537.36 (KHTML, like Gecko) Chrome/28.0.1500.95 Safari/537.36"
68.83.131.184 - - [13/Aug/2013:09:14:53 -0400] "GET /images/nav-divider.png HTTP/1.1" 200 171 "http://www.hwcollectorsnationals.com/" "Mozilla/5.0 (Windows NT 5.1) AppleWebKit/537.36 (KHTML, like Gecko) Chrome/28.0.1500.95 Safari/537.36"
221.232.62.19 - - [13/Aug/2013:06:57:08 -0400] "GET /signup HTTP/1.1" 404 575 "-" "Mozilla/5.0 (Windows NT 5.1; rv:11.0) Gecko/20100101 Firefox/11.0"
221.232.62.19 - - [13/Aug/2013:06:59:50 -0400] "GET /join.php HTTP/1.1" 404 575 "http://www.hwcollectorsnationals.com/" "Mozilla/4.0 (compatible; MSIE 6.0; Windows NT 5.1; SV1;)"
221.232.62.19 - - [13/Aug/2013:07:00:07 -0400] "GET /index.php?page=blogs HTTP/1.1" 404 575 "-" "Mozilla/4.0 (compatible; MSIE 6.0; Windows NT 5.1; SV1;)"
221.232.62.19 - - [13/Aug/2013:06:59:58 -0400] "GET / HTTP/1.1" 200 9780 "-" "Mozilla/4.0 (compatible; MSIE 6.0; Windows NT 5.1; SV1;)"
221.232.62.19 - - [13/Aug/2013:07:00:05 -0400] "GET /join.php HTTP/1.1" 404 575 "http://www.hwcollectorsnationals.com/" "Mozilla/4.0 (compatible; MSIE 6.0; Windows NT 5.1; SV1;)"
220.181.108.88 - - [13/Aug/2013:18:21:10 -0400] "GET / HTTP/1.1" 304 - "-" "Mozilla/5.0 (compatible; Baiduspider/2.0; +http://www.baidu.com/search/spider.html)"
157.56.92.175 - - [13/Aug/2013:18:22:54 -0400] "GET /form.php HTTP/1.1" 200 51801 "-" "Mozilla/5.0 (compatible; bingbot/2.0; +http://www.bing.com/bingbot.htm)"
91.207.9.226 - - [13/Aug/2013:20:11:48 -0400] "GET / HTTP/1.1" 200 9780 "http://roomgirls.ru/" "Mozilla/4.0 (compatible; MSIE 6.0; Windows NT 5.1; .NET CLR 1.1.4322; FDM)"
221.232.62.19 - - [13/Aug/2013:06:57:37 -0400] "GET /reg.asp HTTP/1.1" 404 575 "-" "Mozilla/4.0 (compatible; MSIE 6.0; Windows NT 5.1; SV1;)"
139.192.195.50 - - [13/Aug/2013:12:08:27 -0400] "GET /images/navcrnr_ul.png HTTP/1.1" 200 322 "http://hwcollectorsnationals.com/" "Mozilla/5.0 (Windows NT 6.1) AppleWebKit/537.36 (KHTML, like Gecko) Chrome/28.0.1500.95 Safari/537.36"
139.192.195.50 - - [13/Aug/2013:12:08:27 -0400] "GET /images/footer-wide.jpg HTTP/1.1" 200 2145 "http://hwcollectorsnationals.com/" "Mozilla/5.0 (Windows NT 6.1) AppleWebKit/537.36 (KHTML, like Gecko) Chrome/28.0.1500.95 Safari/537.36"
71.207.171.221 - - [13/Aug/2013:20:18:09 -0400] "GET /scripts/website.css HTTP/1.1" 200 1923 "http://www.hwcollectorsnationals.com/home.html" "Mozilla/5.0 (Windows NT 5.1; rv:23.0) Gecko/20100101 Firefox/23.0"
71.207.171.221 - - [13/Aug/2013:20:18:10 -0400] "GET /scripts/icwebsiteelement.css HTTP/1.1" 200 8132 "http://www.hwcollectorsnationals.com/home.html" "Mozilla/5.0 (Windows NT 5.1; rv:23.0) Gecko/20100101 Firefox/23.0"
71.207.171.221 - - [13/Aug/2013:20:18:10 -0400] "GET /images/navcrnr_ul.png HTTP/1.1" 200 322 "http://www.hwcollectorsnationals.com/scripts/template.css" "Mozilla/5.0 (Windows NT 5.1; rv:23.0) Gecko/20100101 Firefox/23.0"
71.207.171.221 - - [13/Aug/2013:20:18:10 -0400] "GET /images/navcrnr_ll.png HTTP/1.1" 200 286 "http://www.hwcollectorsnationals.com/scripts/template.css" "Mozilla/5.0 (Windows NT 5.1; rv:23.0) Gecko/20100101 Firefox/23.0"
221.232.62.19 - - [13/Aug/2013:06:59:49 -0400] "GET /register.aspx HTTP/1.1" 404 575 "http://www.hwcollectorsnationals.com/" "Mozilla/4.0 (compatible; MSIE 6.0; Windows NT 5.1; SV1;)"
221.232.62.19 - - [13/Aug/2013:07:00:02 -0400] "GET /signup.php HTTP/1.1" 404 575 "http://www.hwcollectorsnationals.com/" "Mozilla/4.0 (compatible; MSIE 6.0; Windows NT 5.1; SV1;)"
63.135.255.51 - - [13/Aug/2013:17:46:40 -0400] "GET /images/750_Drag_Truck3_2.14.12.jpg HTTP/1.1" 200 55896 "http://www.google.com/search?q=well+fargo+bank+truck&safe=off&client=safari&hl=es&source=lnms&tbm=isch&sa=X&ei=A6kKUtKlAoGs2AWSooDwDg&ved=0CAcQ_AUoAQ&sout=0&biw=320&bih=356&sei=CKkKUsXuAsb-2QX-yYD4CA" "Mozilla/5.0 (iPhone; CPU iPhone OS 5_1_1 like Mac OS X) AppleWebKit/534.46 (KHTML, like Gecko) Version/5.1 Mobile/9B208 Safari/7534.48.3"
68.83.131.184 - - [13/Aug/2013:09:14:53 -0400] "GET / HTTP/1.1" 200 9780 "http://www.hotwheelscollectors.com/collecting/sitesofinterest/" "Mozilla/5.0 (Windows NT 5.1) AppleWebKit/537.36 (KHTML, like Gecko) Chrome/28.0.1500.95 Safari/537.36"
68.83.131.184 - - [13/Aug/2013:09:14:53 -0400] "GET /scripts/ic_globals_published.js HTTP/1.1" 200 566 "http://www.hwcollectorsnationals.com/" "Mozilla/5.0 (Windows NT 5.1) AppleWebKit/537.36 (KHTML, like Gecko) Chrome/28.0.1500.95 Safari/537.36"
68.83.131.184 - - [13/Aug/2013:09:14:53 -0400] "GET /scripts/template.css HTTP/1.1" 200 8354 "http://www.hwcollectorsnationals.com/" "Mozilla/5.0 (Windows NT 5.1) AppleWebKit/537.36 (KHTML, like Gecko) Chrome/28.0.1500.95 Safari/537.36"
68.83.131.184 - - [13/Aug/2013:09:14:53 -0400] "GET /images/navcrnr_ul.png HTTP/1.1" 200 322 "http://www.hwcollectorsnationals.com/" "Mozilla/5.0 (Windows NT 5.1) AppleWebKit/537.36 (KHTML, like Gecko) Chrome/28.0.1500.95 Safari/537.36"
71.207.171.221 - - [13/Aug/2013:20:18:09 -0400] "GET /scripts/user.js HTTP/1.1" 200 23762 "http://www.hwcollectorsnationals.com/home.html" "Mozilla/5.0 (Windows NT 5.1; rv:23.0) Gecko/20100101 Firefox/23.0"
71.207.171.221 - - [13/Aug/2013:20:18:10 -0400] "GET /images/accent-mask.gif HTTP/1.1" 200 734 "http://www.hwcollectorsnationals.com/scripts/template.css" "Mozilla/5.0 (Windows NT 5.1; rv:23.0) Gecko/20100101 Firefox/23.0"
71.207.171.221 - - [13/Aug/2013:20:18:10 -0400] "GET /images/nav-divider.png HTTP/1.1" 200 171 "http://www.hwcollectorsnationals.com/scripts/template.css" "Mozilla/5.0 (Windows NT 5.1; rv:23.0) Gecko/20100101 Firefox/23.0"
72.199.140.79 - - [13/Aug/2013:13:59:16 -0400] "GET /scripts/user.js HTTP/1.1" 200 23762 "http://hwcollectorsnationals.com/" "Mozilla/5.0 (Windows NT 6.1; WOW64; rv:12.0) Gecko/20100101 Firefox/12.0"
77.75.77.11 - - [13/Aug/2013:20:53:57 -0400] "GET /downhillsizzlersraces.html HTTP/1.1" 200 25682 "-" "SeznamBot/3.0 (+http://fulltext.sblog.cz/)"
221.232.62.19 - - [13/Aug/2013:06:57:30 -0400] "GET /?page=login&cmd=register HTTP/1.1" 200 9780 "http://www.hwcollectorsnationals.com/" "Mozilla/5.0 (Windows NT 5.1; rv:21.0) Gecko/20100101 Firefox/21.0"
221.232.62.19 - - [13/Aug/2013:06:57:30 -0400] "GET /sign_up.html HTTP/1.1" 404 575 "http://www.hwcollectorsnationals.com/" "Mozilla/5.0 (Windows NT 5.1; rv:11.0) Gecko/20100101 Firefox/11.0"
221.232.62.19 - - [13/Aug/2013:06:59:43 -0400] "GET /profile.php?mode=register&agreed=true&coppa=0 HTTP/1.1" 404 575 "http://www.hwcollectorsnationals.com/profile.php?mode=register" "Mozilla/4.0 (compatible; MSIE 6.0; Windows NT 5.1; SV1;)"
221.232.62.19 - - [13/Aug/2013:07:00:04 -0400] "GET /site/signup.php HTTP/1.1" 404 575 "http://www.hwcollectorsnationals.com/" "Mozilla/4.0 (compatible; MSIE 6.0; Windows NT 5.1; SV1;)"
124.238.215.152 - - [13/Aug/2013:17:23:51 -0400] "GET /robots.txt HTTP/1.0" 200 25 "-" "nutch-1.4/Nutch-1.4"
66.249.72.87 - - [13/Aug/2013:23:43:27 -0400] "GET /scripts/print.css HTTP/1.1" 200 8383 "-" "Mozilla/5.0 (compatible; Googlebot/2.1; +http://www.google.com/bot.html)"
173.161.70.133 - - [13/Aug/2013:01:02:42 -0400] "GET /scripts/user.js HTTP/1.1" 304 - "-" "Mozilla/4.0 (compatible;)"
173.161.70.133 - - [13/Aug/2013:01:09:33 -0400] "GET /scripts/template.css HTTP/1.1" 304 - "-" "Mozilla/4.0 (compatible;)"
221.232.62.19 - - [13/Aug/2013:06:57:44 -0400] "GET /reg.asp HTTP/1.1" 404 575 "-" "Mozilla/4.0 (compatible; MSIE 6.0; Windows NT 5.1; SV1;)"
113.142.12.155 - - [13/Aug/2013:08:56:44 -0400] "GET /robots.txt HTTP/1.1" 200 25 "http://www.hwcollectorsnationals.com/" "Mozilla/5.0 (compatible; MSIE 8.0; Windows NT 6.1)"
139.192.195.50 - - [13/Aug/2013:12:08:45 -0400] "GET /favicon.ico HTTP/1.1" 404 575 "-" "Mozilla/5.0 (compatible; Google Desktop/5.9.1005.12335; http://desktop.google.com/)"
72.199.140.79 - - [13/Aug/2013:13:59:16 -0400] "GET /scripts/website.css HTTP/1.1" 200 1923 "http://hwcollectorsnationals.com/" "Mozilla/5.0 (Windows NT 6.1; WOW64; rv:12.0) Gecko/20100101 Firefox/12.0"
72.199.140.79 - - [13/Aug/2013:13:59:17 -0400] "GET /scripts/icwebsiteelement.css HTTP/1.1" 200 8132 "http://hwcollectorsnationals.com/" "Mozilla/5.0 (Windows NT 6.1; WOW64; rv:12.0) Gecko/20100101 Firefox/12.0"
157.56.92.175 - - [13/Aug/2013:05:39:46 -0400] "GET /souvenircharitycars.html HTTP/1.1" 200 20380 "-" "Mozilla/5.0 (compatible; bingbot/2.0; +http://www.bing.com/bingbot.htm)"
68.83.131.184 - - [13/Aug/2013:09:14:53 -0400] "GET /scripts/website.css HTTP/1.1" 200 1923 "http://www.hwcollectorsnationals.com/" "Mozilla/5.0 (Windows NT 5.1) AppleWebKit/537.36 (KHTML, like Gecko) Chrome/28.0.1500.95 Safari/537.36"
68.83.131.184 - - [13/Aug/2013:09:14:53 -0400] "GET /images/nav-button-overlay.png HTTP/1.1" 200 197 "http://www.hwcollectorsnationals.com/" "Mozilla/5.0 (Windows NT 5.1) AppleWebKit/537.36 (KHTML, like Gecko) Chrome/28.0.1500.95 Safari/537.36"
68.83.131.184 - - [13/Aug/2013:09:14:53 -0400] "GET /images/navcrnr_lr.png HTTP/1.1" 200 293 "http://www.hwcollectorsnationals.com/" "Mozilla/5.0 (Windows NT 5.1) AppleWebKit/537.36 (KHTML, like Gecko) Chrome/28.0.1500.95 Safari/537.36"
77.75.77.11 - - [13/Aug/2013:20:50:27 -0400] "GET /robots.txt HTTP/1.1" 200 25 "-" "SeznamBot/3.0 (+http://fulltext.sblog.cz/)"
77.75.77.11 - - [13/Aug/2013:20:50:28 -0400] "GET /sundaytoyshow.html HTTP/1.1" 200 8702 "-" "SeznamBot/3.0 (+http://fulltext.sblog.cz/)"
139.192.195.50 - - [13/Aug/2013:12:08:27 -0400] "GET /images/Fotolia_5429963_X.jpg HTTP/1.1" 200 7961 "http://hwcollectorsnationals.com/" "Mozilla/5.0 (Windows NT 6.1) AppleWebKit/537.36 (KHTML, like Gecko) Chrome/28.0.1500.95 Safari/537.36"
139.192.195.50 - - [13/Aug/2013:12:08:27 -0400] "GET /scripts/print.css HTTP/1.1" 200 8383 "http://hwcollectorsnationals.com/" "Mozilla/5.0 (Windows NT 6.1) AppleWebKit/537.36 (KHTML, like Gecko) Chrome/28.0.1500.95 Safari/537.36"
221.232.62.19 - - [13/Aug/2013:06:57:10 -0400] "GET / HTTP/1.1" 200 9780 "http://www.hwcollectorsnationals.com/" "Mozilla/5.0 (Windows NT 5.1; rv:22.0) Gecko/20100101 Firefox/22.0"
221.232.62.19 - - [13/Aug/2013:06:57:11 -0400] "GET / HTTP/1.1" 200 9780 "http://www.hwcollectorsnationals.com/" "Mozilla/5.0 (Windows NT 5.1; rv:11.0) Gecko/20100101 Firefox/11.0"
221.232.62.19 - - [13/Aug/2013:06:57:11 -0400] "GET / HTTP/1.1" 200 9780 "-" "Mozilla/4.0 (compatible; MSIE 6.0; Windows NT 5.1; SV1;)"
221.232.62.19 - - [13/Aug/2013:06:57:26 -0400] "GET / HTTP/1.1" 200 9780 "-" "Mozilla/4.0 (compatible; MSIE 6.0; Windows NT 5.1; SV1;)"
221.232.62.19 - - [13/Aug/2013:06:57:31 -0400] "GET / HTTP/1.1" 200 9780 "-" "Mozilla/4.0 (compatible; MSIE 6.0; Windows NT 5.1; SV1;)"
221.232.62.19 - - [13/Aug/2013:06:59:43 -0400] "GET /register.php HTTP/1.1" 404 575 "http://www.hwcollectorsnationals.com/" "Mozilla/5.0 (Windows NT 5.1; rv:17.0) Gecko/20100101 Firefox/17.0"
221.232.62.19 - - [13/Aug/2013:06:59:45 -0400] "GET / HTTP/1.1" 200 9780 "-" "Mozilla/4.0 (compatible; MSIE 6.0; Windows NT 5.1; SV1;)"
66.249.72.208 - - [13/Aug/2013:21:22:03 -0400] "GET /robots.txt HTTP/1.1" 200 25 "-" "Mozilla/5.0 (compatible; Googlebot/2.1; +http://www.google.com/bot.html)"
77.75.77.11 - - [13/Aug/2013:22:06:36 -0400] "GET /childrensmuseum.html HTTP/1.1" 200 9434 "-" "SeznamBot/3.0 (+http://fulltext.sblog.cz/)"
221.232.62.19 - - [13/Aug/2013:06:59:50 -0400] "GET /join_form.php HTTP/1.1" 404 575 "http://www.hwcollectorsnationals.com/" "Mozilla/4.0 (compatible; MSIE 6.0; Windows NT 5.1; SV1;)"
157.55.35.77 - - [13/Aug/2013:05:47:22 -0400] "GET /scripts/print.css HTTP/1.1" 200 8383 "-" "Mozilla/5.0 (compatible; bingbot/2.0; +http://www.bing.com/bingbot.htm)"
173.161.70.133 - - [13/Aug/2013:05:52:46 -0400] "GET /images/nav-button-overlay.png HTTP/1.1" 304 - "-" "Mozilla/4.0 (compatible;)"
77.75.77.11 - - [13/Aug/2013:22:00:30 -0400] "GET /contactus.html HTTP/1.1" 200 10277 "-" "SeznamBot/3.0 (+http://fulltext.sblog.cz/)"
10.30.72.4 - - [13/Aug/2013:06:34:02 -0400] "GET /form.php HTTP/1.1" 200 51801 "http://www.hwcollectorsconvention.com/purchaseticketshere.html" "Mozilla/5.0 (Windows NT 6.0; rv:22.0) Gecko/20100101 Firefox/22.0"
221.232.62.19 - - [13/Aug/2013:06:57:36 -0400] "GET /Class/Post.asp HTTP/1.1" 404 575 "http://www.hwcollectorsnationals.com/" "Mozilla/4.0 (compatible; MSIE 6.0; Windows NT 5.1; SV1;)"
139.192.195.50 - - [13/Aug/2013:12:08:27 -0400] "GET /images/header-overlay-alt.png HTTP/1.1" 200 3414 "http://hwcollectorsnationals.com/" "Mozilla/5.0 (Windows NT 6.1) AppleWebKit/537.36 (KHTML, like Gecko) Chrome/28.0.1500.95 Safari/537.36"
139.192.195.50 - - [13/Aug/2013:12:08:27 -0400] "GET /images/navcrnr_ll.png HTTP/1.1" 200 286 "http://hwcollectorsnationals.com/" "Mozilla/5.0 (Windows NT 6.1) AppleWebKit/537.36 (KHTML, like Gecko) Chrome/28.0.1500.95 Safari/537.36"
139.192.195.50 - - [13/Aug/2013:12:08:29 -0400] "GET /favicon.ico HTTP/1.1" 404 575 "-" "Mozilla/5.0 (Windows NT 6.1) AppleWebKit/537.36 (KHTML, like Gecko) Chrome/28.0.1500.95 Safari/537.36"
71.207.171.221 - - [13/Aug/2013:20:18:09 -0400] "GET /home.html HTTP/1.1" 200 9780 "-" "Mozilla/5.0 (Windows NT 5.1; rv:23.0) Gecko/20100101 Firefox/23.0"
71.207.171.221 - - [13/Aug/2013:20:18:09 -0400] "GET /scripts/ic_globals_published.js HTTP/1.1" 200 566 "http://www.hwcollectorsnationals.com/home.html" "Mozilla/5.0 (Windows NT 5.1; rv:23.0) Gecko/20100101 Firefox/23.0"
71.207.171.221 - - [13/Aug/2013:20:18:09 -0400] "GET /scripts/1custom.css HTTP/1.1" 200 1143 "http://www.hwcollectorsnationals.com/home.html" "Mozilla/5.0 (Windows NT 5.1; rv:23.0) Gecko/20100101 Firefox/23.0"
71.207.171.221 - - [13/Aug/2013:20:18:10 -0400] "GET /images/header-overlay-alt.png HTTP/1.1" 200 3414 "http://www.hwcollectorsnationals.com/scripts/template.css" "Mozilla/5.0 (Windows NT 5.1; rv:23.0) Gecko/20100101 Firefox/23.0"
71.207.171.221 - - [13/Aug/2013:20:18:10 -0400] "GET /images/navcrnr_ur.png HTTP/1.1" 200 348 "http://www.hwcollectorsnationals.com/scripts/template.css" "Mozilla/5.0 (Windows NT 5.1; rv:23.0) Gecko/20100101 Firefox/23.0"
124.238.215.152 - - [13/Aug/2013:23:11:37 -0400] "GET / HTTP/1.0" 200 9780 "-" "nutch-1.4/Nutch-1.4"
221.232.62.19 - - [13/Aug/2013:06:58:51 -0400] "GET / HTTP/1.1" 200 9780 "http://www.hwcollectorsnationals.com/" "Mozilla/4.0 (compatible; MSIE 6.0; Windows NT 5.1; SV1;)"
221.232.62.19 - - [13/Aug/2013:06:59:44 -0400] "GET / HTTP/1.1" 200 9780 "-" "Mozilla/4.0 (compatible; MSIE 6.0; Windows NT 5.1; SV1;)"
221.232.62.19 - - [13/Aug/2013:06:59:47 -0400] "GET /index.php?app=core&module=global§ion=login HTTP/1.1" 404 575 "-" "Mozilla/4.0 (compatible; MSIE 6.0; Windows NT 5.1; SV1;)"
221.232.62.19 - - [13/Aug/2013:06:59:50 -0400] "GET /post.php HTTP/1.1" 404 575 "-" "Mozilla/4.0 (compatible; MSIE 6.0; Windows NT 5.1; SV1;)"
157.55.33.47 - - [13/Aug/2013:05:40:02 -0400] "GET /scripts/user.js HTTP/1.1" 200 23762 "-" "Mozilla/5.0 (compatible; bingbot/2.0; +http://www.bing.com/bingbot.htm)"
157.55.35.77 - - [13/Aug/2013:05:41:06 -0400] "GET /scripts/print.css HTTP/1.1" 200 8383 "-" "Mozilla/5.0 (compatible; bingbot/2.0; +http://www.bing.com/bingbot.htm)"
68.83.131.184 - - [13/Aug/2013:09:14:53 -0400] "GET /scripts/icwebsiteelement.css HTTP/1.1" 200 8132 "http://www.hwcollectorsnationals.com/" "Mozilla/5.0 (Windows NT 5.1) AppleWebKit/537.36 (KHTML, like Gecko) Chrome/28.0.1500.95 Safari/537.36"
68.83.131.184 - - [13/Aug/2013:09:14:53 -0400] "GET /images/header-overlay-alt.png HTTP/1.1" 200 3414 "http://www.hwcollectorsnationals.com/" "Mozilla/5.0 (Windows NT 5.1) AppleWebKit/537.36 (KHTML, like Gecko) Chrome/28.0.1500.95 Safari/537.36"
68.83.131.184 - - [13/Aug/2013:09:14:53 -0400] "GET /images/footer-wide.jpg HTTP/1.1" 200 2145 "http://www.hwcollectorsnationals.com/" "Mozilla/5.0 (Windows NT 5.1) AppleWebKit/537.36 (KHTML, like Gecko) Chrome/28.0.1500.95 Safari/537.36"
68.83.131.184 - - [13/Aug/2013:09:14:54 -0400] "GET /favicon.ico HTTP/1.1" 404 575 "-" "Mozilla/5.0 (Windows NT 5.1) AppleWebKit/537.36 (KHTML, like Gecko) Chrome/28.0.1500.95 Safari/537.36"
124.238.215.152 - - [13/Aug/2013:17:23:52 -0400] "GET / HTTP/1.0" 200 9780 "-" "nutch-1.4/Nutch-1.4"
91.207.9.226 - - [13/Aug/2013:20:11:49 -0400] "GET / HTTP/1.1" 200 9780 "http://roomgirls.ru/" "Mozilla/4.0 (compatible; MSIE 6.0; Windows NT 5.1; .NET CLR 1.1.4322; FDM)"
10.30.72.4 - - [13/Aug/2013:20:56:37 -0400] "GET /form.php HTTP/1.1" 200 51801 "http://www.hwcollectorsconvention.com/purchaseticketshere.html" "Mozilla/4.0 (compatible; MSIE 8.0; Windows NT 5.1; Trident/4.0; BTRS125127; GTB7.5; .NET CLR 1.1.4322; .NET CLR 2.0.50727; .NET CLR 3.0.4506.2152; .NET CLR 3.5.30729; Zune 4.7)"
157.55.33.47 - - [13/Aug/2013:15:46:53 -0400] "GET /robots.txt HTTP/1.1" 200 25 "-" "Mozilla/5.0 (compatible; bingbot/2.0; +http://www.bing.com/bingbot.htm)"
66.249.72.87 - - [13/Aug/2013:23:45:33 -0400] "GET /images/Fotolia_5429963_X.jpg HTTP/1.1" 200 7961 "-" "Mozilla/5.0 (compatible; Googlebot/2.1; +http://www.google.com/bot.html)"
5.9.149.166 - - [13/Aug/2013:12:15:28 -0400] "GET /robots.txt HTTP/1.1" 200 25 "-" "Mozilla/4.0 (compatible; MSIE 5.5; Windows NT)"
72.199.140.79 - - [13/Aug/2013:13:59:26 -0400] "GET /images/header-overlay-alt.png HTTP/1.1" 200 3414 "http://hwcollectorsnationals.com/scripts/template.css" "Mozilla/5.0 (Windows NT 6.1; WOW64; rv:12.0) Gecko/20100101 Firefox/12.0"
72.199.140.79 - - [13/Aug/2013:13:59:26 -0400] "GET /images/navcrnr_ll.png HTTP/1.1" 200 286 "http://hwcollectorsnationals.com/scripts/template.css" "Mozilla/5.0 (Windows NT 6.1; WOW64; rv:12.0) Gecko/20100101 Firefox/12.0"
221.232.62.19 - - [13/Aug/2013:07:00:01 -0400] "GET /index.php/forums/member/register HTTP/1.1" 404 575 "http://www.hwcollectorsnationals.com/" "Mozilla/4.0 (compatible; MSIE 6.0; Windows NT 5.1; SV1;)"
24.19.26.145 - - [13/Aug/2013:20:50:55 -0400] "GET / HTTP/1.1" 200 9780 "http://hwcollectorsevents.com/" "Mozilla/5.0 (Windows NT 6.1; WOW64) AppleWebKit/537.36 (KHTML, like Gecko) Chrome/28.0.1500.95 Safari/537.36"
24.19.26.145 - - [13/Aug/2013:20:50:55 -0400] "GET /scripts/user.js HTTP/1.1" 200 23762 "http://www.hwcollectorsnationals.com/" "Mozilla/5.0 (Windows NT 6.1; WOW64) AppleWebKit/537.36 (KHTML, like Gecko) Chrome/28.0.1500.95 Safari/537.36"
24.19.26.145 - - [13/Aug/2013:20:50:56 -0400] "GET /images/Fotolia_5429963_X.jpg HTTP/1.1" 200 7961 "http://www.hwcollectorsnationals.com/" "Mozilla/5.0 (Windows NT 6.1; WOW64) AppleWebKit/537.36 (KHTML, like Gecko) Chrome/28.0.1500.95 Safari/537.36"
24.19.26.145 - - [13/Aug/2013:20:50:57 -0400] "GET /images/navcrnr_lr.png HTTP/1.1" 200 293 "http://www.hwcollectorsnationals.com/" "Mozilla/5.0 (Windows NT 6.1; WOW64) AppleWebKit/537.36 (KHTML, like Gecko) Chrome/28.0.1500.95 Safari/537.36"
24.19.26.145 - - [13/Aug/2013:20:50:57 -0400] "GET /favicon.ico HTTP/1.1" 404 575 "-" "Mozilla/5.0 (Windows NT 6.1; WOW64) AppleWebKit/537.36 (KHTML, like Gecko) Chrome/28.0.1500.95 Safari/537.36"
66.249.72.87 - - [13/Aug/2013:23:44:56 -0400] "GET /scripts/1custom.css HTTP/1.1" 200 1143 "-" "Mozilla/5.0 (compatible; Googlebot/2.1; +http://www.google.com/bot.html)"
66.249.72.87 - - [13/Aug/2013:23:45:31 -0400] "GET /scripts/icwebsiteelement.css HTTP/1.1" 200 8132 "-" "Mozilla/5.0 (compatible; Googlebot/2.1; +http://www.google.com/bot.html)"
10.30.72.4 - - [13/Aug/2013:06:38:42 -0400] "GET /form.php HTTP/1.1" 503 323 "https://secure.netsolhost.com/hwcollectorsnationals.com/form.php?&mail=success" "Mozilla/5.0 (Windows NT 6.0; rv:22.0) Gecko/20100101 Firefox/22.0"
221.232.62.19 - - [13/Aug/2013:06:57:41 -0400] "GET /modules.php?app=user_reg HTTP/1.1" 404 575 "http://www.hwcollectorsnationals.com/" "Mozilla/4.0 (compatible; MSIE 6.0; Windows NT 5.1; SV1;)"
