221.232.62.19 - - [13/Aug/2013:07:00:00 -0400] "GET /signup.php HTTP/1.1" 404 575 "http://www.hwcollectorsnationals.com/" "Mozilla/4.0 (compatible; MSIE 6.0; Windows NT 5.1; SV1;)"
10.30.72.4 - - [13/Aug/2013:13:13:40 -0400] "GET /form.php HTTP/1.1" 200 51801 "http://www.hwcollectorsconvention.com/purchaseticketshere.html" "Mozilla/5.0 (iPhone; CPU iPhone OS 6_1_3 like Mac OS X) AppleWebKit/536.26 (KHTML, like Gecko) Version/6.0 Mobile/10B329 Safari/8536.25"
72.199.140.79 - - [13/Aug/2013:13:59:26 -0400] "GET /images/navcrnr_ul.png HTTP/1.1" 200 322 "http://hwcollectorsnationals.com/scripts/template.css" "Mozilla/5.0 (Windows NT 6.1; WOW64; rv:12.0) Gecko/20100101 Firefox/12.0"
72.199.140.79 - - [13/Aug/2013:13:59:26 -0400] "GET /images/navcrnr_lr.png HTTP/1.1" 200 293 "http://hwcollectorsnationals.com/scripts/template.css" "Mozilla/5.0 (Windows NT 6.1; WOW64; rv:12.0) Gecko/20100101 Firefox/12.0"
173.161.70.133 - - [13/Aug/2013:05:46:28 -0400] "GET /images/header-overlay-alt.png HTTP/1.1" 304 - "-" "Mozilla/4.0 (compatible;)"
221.232.62.19 - - [13/Aug/2013:06:57:34 -0400] "GET /login.php HTTP/1.1" 404 575 "-" "Mozilla/4.0 (compatible; MSIE 6.0; Windows NT 5.1; SV1;)"
221.232.62.19 - - [13/Aug/2013:06:59:49 -0400] "GET /index.php?action=register HTTP/1.1" 404 575 "http://www.hwcollectorsnationals.com/" "Mozilla/4.0 (compatible; MSIE 6.0; Windows NT 5.1; SV1;)"
221.232.62.19 - - [13/Aug/2013:07:00:03 -0400] "GET /signup.php HTTP/1.1" 404 575 "http://www.hwcollectorsnationals.com/" "Mozilla/4.0 (compatible; MSIE 6.0; Windows NT 5.1; SV1;)"
46.119.118.152 - - [13/Aug/2013:07:30:34 -0400] "GET / HTTP/1.1" 200 9780 "http://mug-na-chas-moscow.ru/" "Mozilla/4.0 (compatible; MSIE 6.0; Windows NT 5.2; Win64; AMD64)"
5.9.149.166 - - [13/Aug/2013:12:15:30 -0400] "GET / HTTP/1.1" 200 9780 "-" "Mozilla/4.0 (compatible; MSIE 5.5; Windows NT)"
221.232.62.19 - - [13/Aug/2013:06:59:48 -0400] "GET / HTTP/1.1" 200 9780 "-" "Mozilla/4.0 (compatible; MSIE 6.0; Windows NT 5.1; SV1;)"
66.249.72.208 - - [13/Aug/2013:22:06:45 -0400] "GET /sundaytoyshow.html HTTP/1.1" 200 8702 "-" "Mozilla/5.0 (compatible; Googlebot/2.1; +http://www.google.com/bot.html)"
220.161.98.174 - - [13/Aug/2013:17:28:09 -0400] "GET /contactus.html HTTP/1.0" 200 10277 "http://www.hwcollectorsnationals.com/contactus.html" "Mozilla/4.0 (compatible; MSIE 6.0; Windows NT 5.1; SV1; .NET CLR 2.0.50727)"
157.56.92.175 - - [13/Aug/2013:05:32:20 -0400] "GET /scripts/template.css HTTP/1.1" 200 8354 "-" "Mozilla/5.0 (compatible; bingbot/2.0; +http://www.bing.com/bingbot.htm)"
157.56.92.175 - - [13/Aug/2013:05:37:22 -0400] "GET /scripts/3custom.css HTTP/1.1" 200 1143 "-" "Mozilla/5.0 (compatible; bingbot/2.0; +http://www.bing.com/bingbot.htm)"
157.55.33.47 - - [13/Aug/2013:19:24:11 -0400] "GET / HTTP/1.1" 200 9780 "-" "Mozilla/5.0 (compatible; bingbot/2.0; +http://www.bing.com/bingbot.htm)"
66.249.75.208 - - [13/Aug/2013:14:30:57 -0400] "GET /form.php HTTP/1.1" 200 51801 "-" "Mozilla/5.0 (iPhone; U; CPU iPhone OS 4_1 like Mac OS X; en-us) AppleWebKit/532.9 (KHTML, like Gecko) Version/4.0.5 Mobile/8B117 Safari/6531.22.7 (compatible; Googlebot-Mobile/2.1; +http://www.google.com/bot.html)"
124.238.215.152 - - [13/Aug/2013:23:11:34 -0400] "GET /robots.txt HTTP/1.0" 200 25 "-" "nutch-1.4/Nutch-1.4"
24.19.26.145 - - [13/Aug/2013:20:50:55 -0400] "GET /scripts/website.css HTTP/1.1" 200 1923 "http://www.hwcollectorsnationals.com/" "Mozilla/5.0 (Windows NT 6.1; WOW64) AppleWebKit/537.36 (KHTML, like Gecko) Chrome/28.0.1500.95 Safari/537.36"
24.19.26.145 - - [13/Aug/2013:20:50:55 -0400] "GET /scripts/photoalbum.js HTTP/1.1" 200 62481 "http://www.hwcollectorsnationals.com/" "Mozilla/5.0 (Windows NT 6.1; WOW64) AppleWebKit/537.36 (KHTML, like Gecko) Chrome/28.0.1500.95 Safari/537.36"
24.19.26.145 - - [13/Aug/2013:20:50:56 -0400] "GET /scripts/print.css HTTP/1.1" 200 8383 "http://www.hwcollectorsnationals.com/" "Mozilla/5.0 (Windows NT 6.1; WOW64) AppleWebKit/537.36 (KHTML, like Gecko) Chrome/28.0.1500.95 Safari/537.36"
24.19.26.145 - - [13/Aug/2013:20:50:56 -0400] "GET /images/nav-divider.png HTTP/1.1" 200 171 "http://www.hwcollectorsnationals.com/" "Mozilla/5.0 (Windows NT 6.1; WOW64) AppleWebKit/537.36 (KHTML, like Gecko) Chrome/28.0.1500.95 Safari/537.36"
100.43.83.154 - - [13/Aug/2013:12:24:03 -0400] "GET /images/RegForm.pdf HTTP/1.1" 200 96291 "-" "Mozilla/5.0 (compatible; YandexBot/3.0; +http://yandex.com/bots)"
137.175.1.236 - - [13/Aug/2013:13:16:54 -0400] "GET /messageboard.html HTTP/1.0" 200 185 "http://www.hwcollectorsnationals.com/messageboard.html" "Mozilla/4.0 (compatible; MSIE 6.0; Windows NT 5.1; SV1; .NET CLR 2.0.50727)"
221.232.62.19 - - [13/Aug/2013:06:59:47 -0400] "GET /index.php?act=Login&CODE=00 HTTP/1.1" 404 575 "-" "Mozilla/4.0 (compatible; MSIE 6.0; Windows NT 5.1; SV1;)"
221.232.62.19 - - [13/Aug/2013:07:00:01 -0400] "GET /member/register HTTP/1.1" 404 575 "http://www.hwcollectorsnationals.com/" "Mozilla/4.0 (compatible; MSIE 6.0; Windows NT 5.1; SV1;)"
221.232.62.19 - - [13/Aug/2013:07:00:03 -0400] "GET /login.php?part=register HTTP/1.1" 404 575 "http://www.hwcollectorsnationals.com/" "Mozilla/4.0 (compatible; MSIE 6.0; Windows NT 5.1; SV1;)"
157.55.33.47 - - [13/Aug/2013:11:26:44 -0400] "GET /robots.txt HTTP/1.1" 200 25 "-" "Mozilla/5.0 (compatible; bingbot/2.0; +http://www.bing.com/bingbot.htm)"
66.249.72.208 - - [13/Aug/2013:23:45:13 -0400] "GET /images/Registration_form_APPROVED.doc HTTP/1.1" 304 - "-" "Mozilla/5.0 (compatible; Googlebot/2.1; +http://www.google.com/bot.html)"
157.55.35.77 - - [13/Aug/2013:02:44:24 -0400] "GET /robots.txt HTTP/1.1" 200 25 "-" "Mozilla/5.0 (compatible; bingbot/2.0; +http://www.bing.com/bingbot.htm)"
10.30.72.4 - - [13/Aug/2013:13:01:44 -0400] "GET /form.php HTTP/1.1" 200 51801 "http://www.hwcollectorsconvention.com/purchaseticketshere.html" "Mozilla/5.0 (Windows NT 6.1; WOW64) AppleWebKit/537.36 (KHTML, like Gecko) Chrome/28.0.1500.95 Safari/537.36"
157.55.33.47 - - [13/Aug/2013:14:42:47 -0400] "GET /robots.txt HTTP/1.1" 200 25 "-" "Mozilla/5.0 (compatible; bingbot/2.0; +http://www.bing.com/bingbot.htm)"
157.55.33.47 - - [13/Aug/2013:14:45:24 -0400] "GET /scripts/ic_globals_published.js HTTP/1.1" 200 566 "-" "Mozilla/5.0 (compatible; bingbot/2.0; +http://www.bing.com/bingbot.htm)"
70.109.57.19 - - [13/Aug/2013:18:14:20 -0400] "GET /favicon.ico HTTP/1.1" 404 575 "-" "Mozilla/5.0 (compatible; MSIE 10.0; Windows NT 6.1; Win64; x64; Trident/6.0)"
70.109.57.19 - - [13/Aug/2013:18:14:22 -0400] "GET /favicon.ico HTTP/1.1" 404 575 "-" "Mozilla/5.0 (compatible; MSIE 10.0; Windows NT 6.1; Win64; x64; Trident/6.0)"
216.152.251.19 - - [13/Aug/2013:20:52:01 -0400] "GET /form.php HTTP/1.0" 200 51801 "http://hwcollectorsnationals.com/form.php" "Opera/9.80 (Windows NT 6.1; WOW64; MRA 8.0 (build 5784)) Presto/2.12.388 Version/12.10"
221.232.62.19 - - [13/Aug/2013:06:59:46 -0400] "GET /signup.php HTTP/1.1" 404 575 "http://www.hwcollectorsnationals.com/" "Mozilla/4.0 (compatible; MSIE 6.0; Windows NT 5.1; SV1;)"
77.75.77.11 - - [13/Aug/2013:20:54:25 -0400] "GET /customcarcontestshow.html HTTP/1.1" 200 17134 "-" "SeznamBot/3.0 (+http://fulltext.sblog.cz/)"
221.232.62.19 - - [13/Aug/2013:06:59:42 -0400] "GET /registration_rules.asp?FID=0 HTTP/1.1" 404 575 "http://www.hwcollectorsnationals.com/registration_rules.asp?FID=0" "Mozilla/4.0 (compatible; MSIE 6.0; Windows NT 5.1; SV1;)"
221.232.62.19 - - [13/Aug/2013:07:00:07 -0400] "GET /member/join.php HTTP/1.1" 404 575 "http://www.hwcollectorsnationals.com/" "Mozilla/4.0 (compatible; MSIE 6.0; Windows NT 5.1; SV1;)"
1.202.218.117 - - [13/Aug/2013:07:14:27 -0400] "GET /robots.txt HTTP/1.1" 200 25 "-" "Mozilla/5.0 ()"
66.249.72.87 - - [13/Aug/2013:22:37:58 -0400] "GET /home.html HTTP/1.1" 200 9780 "-" "SAMSUNG-SGH-E250/1.0 Profile/MIDP-2.0 Configuration/CLDC-1.1 UP.Browser/6.2.3.3.c.1.101 (GUI) MMP/2.0 (compatible; Googlebot-Mobile/2.1; +http://www.google.com/bot.html)"
92.249.127.111 - - [13/Aug/2013:13:34:23 -0400] "GET / HTTP/1.1" 200 9780 "http://www.bravica.ws/ru/" "Mozilla/5.0 (compatible; news bot /2.1)"
157.55.33.47 - - [13/Aug/2013:14:44:04 -0400] "GET / HTTP/1.1" 200 9780 "-" "Mozilla/5.0 (compatible; bingbot/2.0; +http://www.bing.com/bingbot.htm)"
66.249.75.208 - - [13/Aug/2013:10:55:22 -0400] "GET /robots.txt HTTP/1.1" 200 25 "-" "Mozilla/5.0 (compatible; Googlebot/2.1; +http://www.google.com/bot.html)"
66.249.75.208 - - [13/Aug/2013:10:55:22 -0400] "GET / HTTP/1.1" 200 9780 "-" "Mozilla/5.0 (iPhone; U; CPU iPhone OS 4_1 like Mac OS X; en-us) AppleWebKit/532.9 (KHTML, like Gecko) Version/4.0.5 Mobile/8B117 Safari/6531.22.7 (compatible; Googlebot-Mobile/2.1; +http://www.google.com/bot.html)"
216.152.251.80 - - [13/Aug/2013:11:38:58 -0400] "GET /form.php HTTP/1.0" 200 51801 "http://hwcollectorsnationals.com/form.php" "Opera/9.80 (Windows NT 6.1; U; ru) Presto/2.7.39 Version/11.00"
221.232.62.19 - - [13/Aug/2013:07:00:05 -0400] "GET /blogs/load/recent HTTP/1.1" 404 575 "http://www.hwcollectorsnationals.com/" "Mozilla/4.0 (compatible; MSIE 6.0; Windows NT 5.1; SV1;)"
10.30.72.4 - - [13/Aug/2013:17:25:51 -0400] "GET /form.php HTTP/1.1" 200 51801 "http://hwcollectorsconvention.com/purchaseticketshere.html" "Mozilla/5.0 (compatible; MSIE 10.0; Windows NT 6.1; WOW64; Trident/6.0)"
70.109.57.19 - - [13/Aug/2013:18:14:19 -0400] "GET /scripts/template.css HTTP/1.1" 200 8354 "http://www.hwcollectorsnationals.com/home.html" "Mozilla/5.0 (compatible; MSIE 10.0; Windows NT 6.1; WOW64; Trident/6.0)"
70.109.57.19 - - [13/Aug/2013:18:14:19 -0400] "GET /images/navcrnr_ul.png HTTP/1.1" 200 322 "http://www.hwcollectorsnationals.com/home.html" "Mozilla/5.0 (compatible; MSIE 10.0; Windows NT 6.1; WOW64; Trident/6.0)"
70.109.57.19 - - [13/Aug/2013:18:14:20 -0400] "GET /images/footer-wide.jpg HTTP/1.1" 200 2145 "http://www.hwcollectorsnationals.com/home.html" "Mozilla/5.0 (compatible; MSIE 10.0; Windows NT 6.1; WOW64; Trident/6.0)"
70.109.57.19 - - [13/Aug/2013:18:14:22 -0400] "GET /messageboard.html HTTP/1.1" 200 185 "http://www.hwcollectorsnationals.com/home.html" "Mozilla/5.0 (compatible; MSIE 10.0; Windows NT 6.1; WOW64; Trident/6.0)"
220.161.98.174 - - [13/Aug/2013:05:24:31 -0400] "GET / HTTP/1.0" 200 9780 "http://www.hwcollectorsnationals.com" "Mozilla/4.0 (compatible; MSIE 6.0; Windows NT 5.1; SV1; .NET CLR 2.0.50727)"
10.30.72.4 - - [13/Aug/2013:21:42:23 -0400] "GET /form.php HTTP/1.1" 200 51801 "http://hwcollectorsconvention.com/purchaseticketshere.html" "Mozilla/5.0 (compatible; MSIE 10.0; Windows NT 6.2; Win64; x64; Trident/6.0; Touch; MAARJS)"
173.161.70.133 - - [13/Aug/2013:01:06:57 -0400] "GET /images/navcrnr_ll.png HTTP/1.1" 304 - "-" "Mozilla/4.0 (compatible;)"
139.192.195.50 - - [13/Aug/2013:12:09:02 -0400] "GET /facebook.html HTTP/1.1" 200 215 "http://hwcollectorsnationals.com/" "Mozilla/5.0 (Windows NT 6.1) AppleWebKit/537.36 (KHTML, like Gecko) Chrome/28.0.1500.95 Safari/537.36"
139.192.195.50 - - [13/Aug/2013:12:09:03 -0400] "GET /favicon.ico HTTP/1.1" 404 575 "-" "Mozilla/5.0 (Windows NT 6.1) AppleWebKit/537.36 (KHTML, like Gecko) Chrome/28.0.1500.95 Safari/537.36"
71.207.171.221 - - [13/Aug/2013:20:18:09 -0400] "GET /scripts/template.css HTTP/1.1" 200 8354 "http://www.hwcollectorsnationals.com/home.html" "Mozilla/5.0 (Windows NT 5.1; rv:23.0) Gecko/20100101 Firefox/23.0"
71.207.171.221 - - [13/Aug/2013:20:18:10 -0400] "GET /images/nav-button-overlay.png HTTP/1.1" 200 197 "http://www.hwcollectorsnationals.com/scripts/template.css" "Mozilla/5.0 (Windows NT 5.1; rv:23.0) Gecko/20100101 Firefox/23.0"
71.207.171.221 - - [13/Aug/2013:20:18:10 -0400] "GET /images/navcrnr_lr.png HTTP/1.1" 200 293 "http://www.hwcollectorsnationals.com/scripts/template.css" "Mozilla/5.0 (Windows NT 5.1; rv:23.0) Gecko/20100101 Firefox/23.0"
66.147.244.126 - - [13/Aug/2013:09:32:19 -0400] "GET /wp-admin/ HTTP/1.1" 404 575 "-" "-"
221.232.62.19 - - [13/Aug/2013:06:57:33 -0400] "GET /reg.asp HTTP/1.1" 404 575 "-" "Mozilla/4.0 (compatible; MSIE 6.0; Windows NT 5.1; SV1;)"
221.232.62.19 - - [13/Aug/2013:07:00:06 -0400] "GET /User/Register.aspx HTTP/1.1" 404 575 "http://www.hwcollectorsnationals.com/" "Mozilla/4.0 (compatible; MSIE 6.0; Windows NT 5.1; SV1;)"
211.244.83.215 - - [13/Aug/2013:03:59:38 -0400] "GET /robots.txt HTTP/1.1" 200 25 "http://search.daum.net/" "Mozilla/5.0 (compatible; MSIE or Firefox mutant; not on Windows server; + http://tab.search.daum.net/aboutWebSearch.html) Daumoa/3.0"
157.55.35.77 - - [13/Aug/2013:05:33:22 -0400] "GET /scripts/photoalbum.js HTTP/1.1" 200 62481 "-" "Mozilla/5.0 (compatible; bingbot/2.0; +http://www.bing.com/bingbot.htm)"
221.232.62.19 - - [13/Aug/2013:06:57:04 -0400] "GET /join.php HTTP/1.1" 404 575 "http://www.hwcollectorsnationals.com/join.php" "Mozilla/5.0 (Windows NT 5.1; rv:16.0) Gecko/20100101 Firefox/16.0"
221.232.62.19 - - [13/Aug/2013:06:57:16 -0400] "GET /wp-login.php?action=register HTTP/1.1" 404 575 "http://www.hwcollectorsnationals.com/" "Mozilla/4.0 (compatible; MSIE 6.0; Windows NT 5.1; SV1;)"
139.192.195.50 - - [13/Aug/2013:12:08:21 -0400] "GET /scripts/1custom.css HTTP/1.1" 200 1143 "http://hwcollectorsnationals.com/" "Mozilla/5.0 (Windows NT 6.1) AppleWebKit/537.36 (KHTML, like Gecko) Chrome/28.0.1500.95 Safari/537.36"
139.192.195.50 - - [13/Aug/2013:12:08:22 -0400] "GET /favicon.ico HTTP/1.1" 404 575 "-" "Mozilla/5.0 (Windows NT 6.1) AppleWebKit/537.36 (KHTML, like Gecko) Chrome/28.0.1500.95 Safari/537.36"
139.192.195.50 - - [13/Aug/2013:12:08:21 -0400] "GET / HTTP/1.1" 200 9780 "http://hwcollectorsnationals.com/" "Mozilla/5.0 (Windows NT 6.1) AppleWebKit/537.36 (KHTML, like Gecko) Chrome/28.0.1500.95 Safari/537.36"
139.192.195.50 - - [13/Aug/2013:12:08:21 -0400] "GET /scripts/website.css HTTP/1.1" 200 1923 "http://hwcollectorsnationals.com/" "Mozilla/5.0 (Windows NT 6.1) AppleWebKit/537.36 (KHTML, like Gecko) Chrome/28.0.1500.95 Safari/537.36"
139.192.195.50 - - [13/Aug/2013:12:08:22 -0400] "GET /scripts/photoalbum.js HTTP/1.1" 200 62481 "http://hwcollectorsnationals.com/" "Mozilla/5.0 (Windows NT 6.1) AppleWebKit/537.36 (KHTML, like Gecko) Chrome/28.0.1500.95 Safari/537.36"
220.181.108.186 - - [13/Aug/2013:21:20:46 -0400] "GET / HTTP/1.1" 304 - "-" "Mozilla/5.0 (compatible; Baiduspider/2.0; +http://www.baidu.com/search/spider.html)"
68.83.131.184 - - [13/Aug/2013:09:14:53 -0400] "GET /scripts/user.js HTTP/1.1" 200 23762 "http://www.hwcollectorsnationals.com/" "Mozilla/5.0 (Windows NT 5.1) AppleWebKit/537.36 (KHTML, like Gecko) Chrome/28.0.1500.95 Safari/537.36"
68.83.131.184 - - [13/Aug/2013:09:14:53 -0400] "GET /images/accent-mask.gif HTTP/1.1" 200 734 "http://www.hwcollectorsnationals.com/" "Mozilla/5.0 (Windows NT 5.1) AppleWebKit/537.36 (KHTML, like Gecko) Chrome/28.0.1500.95 Safari/537.36"
68.83.131.184 - - [13/Aug/2013:09:14:53 -0400] "GET /images/navcrnr_ur.png HTTP/1.1" 200 348 "http://www.hwcollectorsnationals.com/" "Mozilla/5.0 (Windows NT 5.1) AppleWebKit/537.36 (KHTML, like Gecko) Chrome/28.0.1500.95 Safari/537.36"
75.38.74.163 - - [13/Aug/2013:10:30:39 -0400] "GET /scripts/photoalbum.js HTTP/1.1" 200 62481 "http://www.hwcollectorsnationals.com/" "Mozilla/4.0 (compatible; MSIE 8.0; Windows NT 5.1; Trident/4.0; BTRS129259; .NET CLR 2.0.50727; .NET CLR 3.0.4506.2152; .NET CLR 3.5.30729; .NET4.0C; yie8)"
75.38.74.163 - - [13/Aug/2013:10:30:40 -0400] "GET /images/navcrnr_ul.png HTTP/1.1" 200 322 "http://www.hwcollectorsnationals.com/" "Mozilla/4.0 (compatible; MSIE 8.0; Windows NT 5.1; Trident/4.0; BTRS129259; .NET CLR 2.0.50727; .NET CLR 3.0.4506.2152; .NET CLR 3.5.30729; .NET4.0C; yie8)"
75.38.74.163 - - [13/Aug/2013:10:30:40 -0400] "GET /images/footer-wide.jpg HTTP/1.1" 200 2145 "http://www.hwcollectorsnationals.com/" "Mozilla/4.0 (compatible; MSIE 8.0; Windows NT 5.1; Trident/4.0; BTRS129259; .NET CLR 2.0.50727; .NET CLR 3.0.4506.2152; .NET CLR 3.5.30729; .NET4.0C; yie8)"
66.249.75.87 - - [13/Aug/2013:01:46:56 -0400] "GET /robots.txt HTTP/1.1" 200 25 "-" "Mozilla/5.0 (compatible; Googlebot/2.1; +http://www.google.com/bot.html)"
221.232.62.19 - - [13/Aug/2013:06:58:52 -0400] "GET / HTTP/1.1" 200 9780 "-" "Mozilla/4.0 (compatible; MSIE 6.0; Windows NT 5.1; SV1;)"
220.161.98.174 - - [13/Aug/2013:17:28:08 -0400] "GET /home.html HTTP/1.0" 200 9780 "http://www.hwcollectorsnationals.com/home.html" "Mozilla/4.0 (compatible; MSIE 6.0; Windows NT 5.1; SV1; .NET CLR 2.0.50727)"
157.55.33.47 - - [13/Aug/2013:05:38:02 -0400] "GET /scripts/ic_globals_published.js HTTP/1.1" 200 566 "-" "Mozilla/5.0 (compatible; bingbot/2.0; +http://www.bing.com/bingbot.htm)"
157.55.35.77 - - [13/Aug/2013:18:56:33 -0400] "GET /robots.txt HTTP/1.1" 200 25 "-" "Mozilla/5.0 (compatible; bingbot/2.0; +http://www.bing.com/bingbot.htm)"
75.38.74.163 - - [13/Aug/2013:10:30:39 -0400] "GET /scripts/user.js HTTP/1.1" 200 23762 "http://www.hwcollectorsnationals.com/" "Mozilla/4.0 (compatible; MSIE 8.0; Windows NT 5.1; Trident/4.0; BTRS129259; .NET CLR 2.0.50727; .NET CLR 3.0.4506.2152; .NET CLR 3.5.30729; .NET4.0C; yie8)"
75.38.74.163 - - [13/Aug/2013:10:30:40 -0400] "GET /images/nav-button-overlay.png HTTP/1.1" 200 197 "http://www.hwcollectorsnationals.com/" "Mozilla/4.0 (compatible; MSIE 8.0; Windows NT 5.1; Trident/4.0; BTRS129259; .NET CLR 2.0.50727; .NET CLR 3.0.4506.2152; .NET CLR 3.5.30729; .NET4.0C; yie8)"
10.30.72.4 - - [13/Aug/2013:23:55:36 -0400] "POST /form_mail.php HTTP/1.1" 302 3 "https://secure.netsolhost.com/hwcollectorsnationals.com/form.php" "Mozilla/5.0 (Windows NT 6.1; WOW64; rv:22.0) Gecko/20100101 Firefox/22.0"
221.232.62.19 - - [13/Aug/2013:06:59:48 -0400] "GET /account/register.php HTTP/1.1" 404 575 "http://www.hwcollectorsnationals.com/" "Mozilla/4.0 (compatible; MSIE 6.0; Windows NT 5.1; SV1;)"
1.202.218.111 - - [13/Aug/2013:07:14:28 -0400] "HEAD / HTTP/1.1" 200 - "-" "Mozilla/5.0 (compatible; JikeSpider; +http://shoulu.jike.com/spider.html)"
157.55.33.47 - - [13/Aug/2013:15:47:22 -0400] "GET /scripts/ic_globals_published.js HTTP/1.1" 200 566 "-" "Mozilla/5.0 (compatible; bingbot/2.0; +http://www.bing.com/bingbot.htm)"
75.38.74.163 - - [13/Aug/2013:10:30:39 -0400] "GET /scripts/ic_globals_published.js HTTP/1.1" 200 566 "http://www.hwcollectorsnationals.com/" "Mozilla/4.0 (compatible; MSIE 8.0; Windows NT 5.1; Trident/4.0; BTRS129259; .NET CLR 2.0.50727; .NET CLR 3.0.4506.2152; .NET CLR 3.5.30729; .NET4.0C; yie8)"
75.38.74.163 - - [13/Aug/2013:10:30:39 -0400] "GET /scripts/website.css HTTP/1.1" 200 1923 "http://www.hwcollectorsnationals.com/" "Mozilla/4.0 (compatible; MSIE 8.0; Windows NT 5.1; Trident/4.0; BTRS129259; .NET CLR 2.0.50727; .NET CLR 3.0.4506.2152; .NET CLR 3.5.30729; .NET4.0C; yie8)"
75.38.74.163 - - [13/Aug/2013:10:30:40 -0400] "GET /images/accent-mask.gif HTTP/1.1" 200 734 "http://www.hwcollectorsnationals.com/" "Mozilla/4.0 (compatible; MSIE 8.0; Windows NT 5.1; Trident/4.0; BTRS129259; .NET CLR 2.0.50727; .NET CLR 3.0.4506.2152; .NET CLR 3.5.30729; .NET4.0C; yie8)"
75.38.74.163 - - [13/Aug/2013:10:30:40 -0400] "GET /images/navcrnr_ll.png HTTP/1.1" 200 286 "http://www.hwcollectorsnationals.com/" "Mozilla/4.0 (compatible; MSIE 8.0; Windows NT 5.1; Trident/4.0; BTRS129259; .NET CLR 2.0.50727; .NET CLR 3.0.4506.2152; .NET CLR 3.5.30729; .NET4.0C; yie8)"
157.55.33.47 - - [13/Aug/2013:17:39:36 -0400] "GET /nationalsschedule.html HTTP/1.1" 304 - "-" "Mozilla/5.0 (compatible; bingbot/2.0; +http://www.bing.com/bingbot.htm)"
221.232.62.19 - - [13/Aug/2013:06:57:10 -0400] "GET /signup HTTP/1.1" 404 575 "http://www.hwcollectorsnationals.com/" "Mozilla/4.0 (compatible; MSIE 6.0; Windows NT 5.1; SV1;)"
221.232.62.19 - - [13/Aug/2013:06:57:16 -0400] "GET /?s=Register HTTP/1.1" 200 9780 "http://www.hwcollectorsnationals.com/" "Mozilla/4.0 (compatible; MSIE 6.0; Windows NT 5.1; SV1;)"
221.232.62.19 - - [13/Aug/2013:06:57:42 -0400] "GET /tools/quicklogin.one HTTP/1.1" 404 575 "http://www.hwcollectorsnationals.com/" "Mozilla/5.0 (Windows NT 5.1; rv:6.0.2) Gecko/20100101 Firefox/6.0.2"
221.232.62.19 - - [13/Aug/2013:07:00:06 -0400] "GET / HTTP/1.1" 200 9780 "-" "Mozilla/4.0 (compatible; MSIE 6.0; Windows NT 5.1; SV1;)"
46.119.118.152 - - [13/Aug/2013:07:30:30 -0400] "GET / HTTP/1.1" 200 9780 "http://mug-na-chas-moscow.ru/" "Mozilla/4.0 (compatible; MSIE 6.0; Windows NT 5.2; Win64; AMD64)"
211.244.83.215 - - [13/Aug/2013:03:59:38 -0400] "GET / HTTP/1.1" 200 9780 "http://search.daum.net/" "Mozilla/5.0 (compatible; MSIE or Firefox mutant; not on Windows server; + http://tab.search.daum.net/aboutWebSearch.html) Daumoa/3.0"
72.199.140.79 - - [13/Aug/2013:13:59:15 -0400] "GET / HTTP/1.1" 200 9780 "-" "Mozilla/5.0 (Windows NT 6.1; WOW64; rv:12.0) Gecko/20100101 Firefox/12.0"
72.199.140.79 - - [13/Aug/2013:13:59:16 -0400] "GET /scripts/ic_globals_published.js HTTP/1.1" 200 566 "http://hwcollectorsnationals.com/" "Mozilla/5.0 (Windows NT 6.1; WOW64; rv:12.0) Gecko/20100101 Firefox/12.0"
72.199.140.79 - - [13/Aug/2013:13:59:16 -0400] "GET /scripts/1custom.css HTTP/1.1" 200 1143 "http://hwcollectorsnationals.com/" "Mozilla/5.0 (Windows NT 6.1; WOW64; rv:12.0) Gecko/20100101 Firefox/12.0"
216.152.251.80 - - [13/Aug/2013:22:32:03 -0400] "GET /form.php HTTP/1.0" 200 51801 "http://hwcollectorsnationals.com/form.php" "Opera/9.80 (Windows NT 5.1; MRA 6.0 (build 5831)) Presto/2.12.388 Version/12.10"
66.249.72.87 - - [13/Aug/2013:23:45:28 -0400] "GET /scripts/website.css HTTP/1.1" 200 1923 "-" "Mozilla/5.0 (compatible; Googlebot/2.1; +http://www.google.com/bot.html)"
221.232.62.19 - - [13/Aug/2013:06:57:27 -0400] "GET /tiki-register.php HTTP/1.1" 404 575 "http://www.hwcollectorsnationals.com/" "Mozilla/4.0 (compatible; MSIE 6.0; Windows NT 5.1; SV1;)"
221.232.62.19 - - [13/Aug/2013:06:57:33 -0400] "GET /Class/Post.asp HTTP/1.1" 404 575 "http://www.hwcollectorsnationals.com/" "Mozilla/4.0 (compatible; MSIE 6.0; Windows NT 5.1; SV1;)"
221.232.62.19 - - [13/Aug/2013:06:57:44 -0400] "GET /reg.asp HTTP/1.1" 404 575 "-" "Mozilla/4.0 (compatible; MSIE 6.0; Windows NT 5.1; SV1;)"
221.232.62.19 - - [13/Aug/2013:07:00:00 -0400] "GET /YaBB.cgi/ HTTP/1.1" 404 575 "-" "Mozilla/4.0 (compatible; MSIE 6.0; Windows NT 5.1; SV1;)"
1.202.219.87 - - [13/Aug/2013:09:01:02 -0400] "GET / HTTP/1.1" 200 9780 "-" "Mozilla/5.0 (compatible; JikeSpider; +http://shoulu.jike.com/spider.html)"
10.30.72.4 - - [13/Aug/2013:12:44:18 -0400] "GET /form.php HTTP/1.1" 200 51801 "http://hwcollectorsconvention.com/purchaseticketshere.html" "Mozilla/5.0 (Windows NT 6.1) AppleWebKit/537.36 (KHTML, like Gecko) Chrome/28.0.1500.95 Safari/537.36"
66.249.72.87 - - [13/Aug/2013:22:37:58 -0400] "GET /robots.txt HTTP/1.1" 200 25 "-" "Mozilla/5.0 (compatible; Googlebot/2.1; +http://www.google.com/bot.html)"
221.232.62.19 - - [13/Aug/2013:06:57:41 -0400] "GET / HTTP/1.1" 200 9780 "-" "Mozilla/4.0 (compatible; MSIE 6.0; Windows NT 5.1; SV1;)"
221.232.62.19 - - [13/Aug/2013:06:59:46 -0400] "GET /member/index_do.php?fmdo=user&dopost=regnew HTTP/1.1" 404 575 "http://www.hwcollectorsnationals.com/" "Mozilla/4.0 (compatible; MSIE 6.0; Windows NT 5.1; SV1;)"
68.83.131.184 - - [13/Aug/2013:09:14:53 -0400] "GET /scripts/1custom.css HTTP/1.1" 200 1143 "http://www.hwcollectorsnationals.com/" "Mozilla/5.0 (Windows NT 5.1) AppleWebKit/537.36 (KHTML, like Gecko) Chrome/28.0.1500.95 Safari/537.36"
68.83.131.184 - - [13/Aug/2013:09:14:53 -0400] "GET /images/header-overlay-end.gif HTTP/1.1" 200 161 "http://www.hwcollectorsnationals.com/" "Mozilla/5.0 (Windows NT 5.1) AppleWebKit/537.36 (KHTML, like Gecko) Chrome/28.0.1500.95 Safari/537.36"
68.83.131.184 - - [13/Aug/2013:09:14:53 -0400] "GET /images/navcrnr_ll.png HTTP/1.1" 200 286 "http://www.hwcollectorsnationals.com/" "Mozilla/5.0 (Windows NT 5.1) AppleWebKit/537.36 (KHTML, like Gecko) Chrome/28.0.1500.95 Safari/537.36"
220.161.98.174 - - [13/Aug/2013:17:28:08 -0400] "GET /facebook.html HTTP/1.0" 200 215 "http://www.hwcollectorsnationals.com/facebook.html" "Mozilla/4.0 (compatible; MSIE 6.0; Windows NT 5.1; SV1; .NET CLR 2.0.50727)"
157.55.35.77 - - [13/Aug/2013:19:03:13 -0400] "GET /images/Preliminary_Schedule_of_Events_AB.doc HTTP/1.1" 200 34816 "-" "Mozilla/5.0 (compatible; bingbot/2.0; +http://www.bing.com/bingbot.htm)"
221.232.62.19 - - [13/Aug/2013:06:57:38 -0400] "GET /index.php?app=home&mod=public&act=register HTTP/1.1" 404 575 "http://www.hwcollectorsnationals.com/" "Mozilla/5.0 (Windows NT 5.1; rv:6.0.2) Gecko/20100101 Firefox/6.0.2"
157.55.35.77 - - [13/Aug/2013:05:41:03 -0400] "GET /scripts/photoalbum.js HTTP/1.1" 200 62481 "-" "Mozilla/5.0 (compatible; bingbot/2.0; +http://www.bing.com/bingbot.htm)"
72.199.140.79 - - [13/Aug/2013:13:59:16 -0400] "GET /scripts/template.css HTTP/1.1" 200 8354 "http://hwcollectorsnationals.com/" "Mozilla/5.0 (Windows NT 6.1; WOW64; rv:12.0) Gecko/20100101 Firefox/12.0"