0byt3m1n1
Path:
/
data
/
0
/
0
/
86
/
58
/
86221
/
meta
/
87570
/
logs
/
[
Home
]
File: x-access_log.2013-08-19
157.55.33.22 - - [19/Aug/2013:00:09:18 -0400] "GET /form.php HTTP/1.1" 200 51801 "-" "Mozilla/5.0 (compatible; bingbot/2.0; +http://www.bing.com/bingbot.htm)"
157.55.32.105 - - [19/Aug/2013:01:03:12 -0400] "GET /robots.txt HTTP/1.1" 200 25 "-" "Mozilla/5.0 (compatible; bingbot/2.0; +http://www.bing.com/bingbot.htm)"
100.43.83.154 - - [19/Aug/2013:12:40:31 -0400] "GET /images/220_DSC01126.JPG HTTP/1.1" 304 - "-" "Mozilla/5.0 (compatible; YandexImages/3.0; +http://yandex.com/bots)"
208.115.111.69 - - [19/Aug/2013:13:17:57 -0400] "GET /messageboard.html HTTP/1.1" 200 185 "-" "Mozilla/5.0 (compatible; Ezooms/1.0; ezooms.bot@gmail.com)"
199.30.25.116 - - [19/Aug/2013:20:28:00 -0400] "GET /images/nav-divider.png HTTP/1.1" 200 171 "http://hwcollectorsnationals.com/overflowhotel.html" "Mozilla/5.0 (Windows NT 6.1; WOW64) AppleWebKit/534+ (KHTML, like Gecko) BingPreview/1.0b"
100.43.83.154 - - [19/Aug/2013:20:44:08 -0400] "GET /images/220_DSC01126.JPG HTTP/1.1" 304 - "-" "Mozilla/5.0 (compatible; YandexImages/3.0; +http://yandex.com/bots)"
100.43.83.154 - - [19/Aug/2013:03:44:16 -0400] "GET /robots.txt HTTP/1.1" 200 25 "-" "Mozilla/5.0 (compatible; YandexBot/3.0; +http://yandex.com/bots)"
142.4.96.194 - - [19/Aug/2013:22:30:02 -0400] "GET /form.php HTTP/1.0" 200 51801 "http://hwcollectorsnationals.com/form.php" "Mozilla/5.0 (Windows; U; Windows NT 6.1; en-US) AppleWebKit/533.4 (KHTML, like Gecko) Iron/5.0.381.0 Chrome/5.0.381 Safari/533.4"
100.43.83.154 - - [19/Aug/2013:10:16:18 -0400] "GET /images/220_DSC01424.JPG HTTP/1.1" 304 - "-" "Mozilla/5.0 (compatible; YandexImages/3.0; +http://yandex.com/bots)"
66.249.75.87 - - [19/Aug/2013:18:48:31 -0400] "GET /scripts/print.css HTTP/1.1" 200 8383 "-" "Mozilla/5.0 (compatible; Googlebot/2.1; +http://www.google.com/bot.html)"
75.139.129.94 - - [19/Aug/2013:13:29:23 -0400] "GET /scripts/user.js HTTP/1.1" 200 23762 "http://www.hwcollectorsnationals.com/sundaytoyshow.html" "Mozilla/5.0 (compatible; MSIE 10.0; Windows NT 6.2; WOW64; Trident/6.0)"
75.139.129.94 - - [19/Aug/2013:13:29:23 -0400] "GET /images/header-overlay-alt.png HTTP/1.1" 200 3414 "http://www.hwcollectorsnationals.com/sundaytoyshow.html" "Mozilla/5.0 (compatible; MSIE 10.0; Windows NT 6.2; WOW64; Trident/6.0)"
75.139.129.94 - - [19/Aug/2013:13:29:23 -0400] "GET /images/navcrnr_ll.png HTTP/1.1" 200 286 "http://www.hwcollectorsnationals.com/sundaytoyshow.html" "Mozilla/5.0 (compatible; MSIE 10.0; Windows NT 6.2; WOW64; Trident/6.0)"
46.119.118.152 - - [19/Aug/2013:07:11:48 -0400] "GET / HTTP/1.1" 200 9780 "http://muznachas-service.ru/" "Mozilla/4.0 (compatible; MSIE 6.0; Windows NT 5.2; Win64; AMD64)"
10.30.72.4 - - [19/Aug/2013:13:26:57 -0400] "GET /form.php HTTP/1.1" 200 51801 "http://www.hwcollectorsconvention.com/purchaseticketshere.html" "Mozilla/5.0 (Windows NT 6.2; WOW64) AppleWebKit/537.36 (KHTML, like Gecko) Chrome/28.0.1500.95 Safari/537.36"
199.30.25.116 - - [19/Aug/2013:20:27:55 -0400] "GET /images/header-overlay-alt.png HTTP/1.1" 200 3414 "http://hwcollectorsnationals.com/overflowhotel.html" "Mozilla/5.0 (Windows NT 6.1; WOW64) AppleWebKit/534+ (KHTML, like Gecko) BingPreview/1.0b"
65.55.215.41 - - [19/Aug/2013:10:10:30 -0400] "GET /robots.txt HTTP/1.1" 200 25 "-" "msnbot-media/1.1 (+http://search.msn.com/msnbot.htm)"
208.115.111.69 - - [19/Aug/2013:05:16:42 -0400] "GET /sundaytoyshow.html HTTP/1.1" 200 8702 "-" "Mozilla/5.0 (compatible; Ezooms/1.0; ezooms.bot@gmail.com)"
157.55.33.22 - - [19/Aug/2013:14:52:08 -0400] "GET /home.html HTTP/1.1" 200 9780 "-" "Mozilla/5.0 (compatible; bingbot/2.0; +http://www.bing.com/bingbot.htm)"
142.4.96.194 - - [19/Aug/2013:22:29:55 -0400] "GET /form.php HTTP/1.0" 200 51801 "http://hwcollectorsnationals.com/form.php" "Opera/9.80 (Windows NT 5.1) Presto/2.12.388 Version/12.10"
75.179.149.144 - - [19/Aug/2013:11:22:55 -0400] "GET /images/header-overlay-end.gif HTTP/1.1" 200 161 "http://www.hwcollectorsnationals.com/scripts/template.css" "Mozilla/5.0 (Windows NT 6.1; WOW64; rv:21.0) Gecko/20100101 Firefox/21.0"
100.43.83.154 - - [19/Aug/2013:00:32:56 -0400] "GET /images/220_IMG_6616edited.jpg HTTP/1.1" 304 - "-" "Mozilla/5.0 (compatible; YandexImages/3.0; +http://yandex.com/bots)"
124.160.161.207 - - [19/Aug/2013:01:21:06 -0400] "GET /robots.txt HTTP/1.1" 200 25 "http://www.hwcollectorsnationals.com/" "Mozilla/5.0 (compatible; MSIE 8.0; Windows NT 6.1)"
66.249.75.87 - - [19/Aug/2013:02:30:16 -0400] "GET /pages/1/index.htm HTTP/1.1" 404 575 "-" "Mozilla/5.0 (compatible; Googlebot/2.1; +http://www.google.com/bot.html)"
157.55.33.22 - - [19/Aug/2013:19:22:14 -0400] "GET /images/Bingo_2013_Nats_APPROVED_10.29.12.doc HTTP/1.1" 200 32256 "-" "Mozilla/5.0 (compatible; bingbot/2.0; +http://www.bing.com/bingbot.htm)"
124.26.153.49 - - [19/Aug/2013:04:22:15 -0400] "GET /scripts/photoalbum.js HTTP/1.1" 200 62481 "http://www.hwcollectorsnationals.com/" "Mozilla/5.0 (Windows NT 6.1; WOW64; rv:23.0) Gecko/20100101 Firefox/23.0"
124.26.153.49 - - [19/Aug/2013:04:22:16 -0400] "GET /images/Fotolia_5429963_X.jpg HTTP/1.1" 200 7961 "http://www.hwcollectorsnationals.com/scripts/website.css" "Mozilla/5.0 (Windows NT 6.1; WOW64; rv:23.0) Gecko/20100101 Firefox/23.0"
124.26.153.49 - - [19/Aug/2013:04:22:16 -0400] "GET /images/footer-wide.jpg HTTP/1.1" 200 2145 "http://www.hwcollectorsnationals.com/scripts/template.css" "Mozilla/5.0 (Windows NT 6.1; WOW64; rv:23.0) Gecko/20100101 Firefox/23.0"
124.26.153.49 - - [19/Aug/2013:04:22:17 -0400] "GET /favicon.ico HTTP/1.1" 404 575 "-" "Mozilla/5.0 (Windows NT 6.1; WOW64; rv:23.0) Gecko/20100101 Firefox/23.0"
124.26.153.49 - - [19/Aug/2013:04:22:17 -0400] "GET /favicon.ico HTTP/1.1" 404 575 "-" "Mozilla/5.0 (Windows NT 6.1; WOW64; rv:23.0) Gecko/20100101 Firefox/23.0"
99.105.108.168 - - [19/Aug/2013:16:21:46 -0400] "GET /scripts/website.css HTTP/1.1" 200 1923 "http://www.hwcollectorsnationals.com/" "Mozilla/4.0 (compatible; MSIE 7.0; Windows NT 6.1; WOW64; Trident/6.0; SLCC2; .NET CLR 2.0.50727; .NET CLR 3.5.30729; .NET CLR 3.0.30729; Media Center PC 6.0; MALN; .NET4.0C; InfoPath.2; McAfee)"
99.105.108.168 - - [19/Aug/2013:16:21:46 -0400] "GET /scripts/1custom.css HTTP/1.1" 200 1143 "http://www.hwcollectorsnationals.com/" "Mozilla/4.0 (compatible; MSIE 7.0; Windows NT 6.1; WOW64; Trident/6.0; SLCC2; .NET CLR 2.0.50727; .NET CLR 3.5.30729; .NET CLR 3.0.30729; Media Center PC 6.0; MALN; .NET4.0C; InfoPath.2; McAfee)"
65.55.215.90 - - [19/Aug/2013:18:04:46 -0400] "GET /robots.txt HTTP/1.1" 200 25 "-" "msnbot-media/1.1 (+http://search.msn.com/msnbot.htm)"
65.55.215.90 - - [19/Aug/2013:18:04:47 -0400] "GET /images/220_DSC01120edited.jpg HTTP/1.1" 200 7742 "-" "msnbot-media/1.1 (+http://search.msn.com/msnbot.htm)"
142.4.96.194 - - [19/Aug/2013:21:47:59 -0400] "GET /form.php HTTP/1.0" 200 51801 "http://hwcollectorsnationals.com/form.php" "Mozilla/5.0 (Macintosh; Intel Mac OS X 10_5_8) AppleWebKit/534.50.2 (KHTML, like Gecko) Version/5.0.6 Safari/533.22.3"
65.55.215.41 - - [19/Aug/2013:10:10:30 -0400] "GET /images/220_DSC01112edited.jpg HTTP/1.1" 200 5941 "-" "msnbot-media/1.1 (+http://search.msn.com/msnbot.htm)"
10.30.72.4 - - [19/Aug/2013:19:14:54 -0400] "GET /form.php HTTP/1.1" 200 51801 "https://secure.netsolhost.com/hwcollectorsnationals.com/form.php?&mail=success" "Mozilla/5.0 (Windows NT 6.3; WOW64; Trident/7.0; MDDCJS; rv:11.0) like Gecko"
199.30.20.18 - - [19/Aug/2013:23:44:18 -0400] "GET /images/220_DSC01111edited.jpg HTTP/1.1" 200 6206 "-" "msnbot-media/1.1 (+http://search.msn.com/msnbot.htm)"
174.129.181.33 - - [19/Aug/2013:03:46:29 -0400] "GET / HTTP/1.1" 200 9780 "-" "Mozilla/5.0 (Windows; U; Windows NT 6.0; en-US; rv:1.9.2.3) Gecko/20100401 Firefox/3.6.3 GTB6 (.NET CLR 3.5.30729)"
10.30.72.4 - - [19/Aug/2013:00:07:35 -0400] "GET /form.php HTTP/1.1" 200 51801 "-" "Mozilla/5.0 (compatible; Googlebot/2.1; +http://www.google.com/bot.html)"
108.59.8.70 - - [19/Aug/2013:01:51:59 -0400] "GET / HTTP/1.0" 200 9780 "-" "Mozilla/5.0 (compatible; MJ12bot/v1.4.3; http://www.majestic12.co.uk/bot.php?+)"
220.181.89.190 - - [19/Aug/2013:12:06:33 -0400] "GET /souvenircharitycars.html HTTP/1.1" 304 - "-" "Sogou web spider/4.0(+http://www.sogou.com/docs/help/webmasters.htm#07)"
10.30.72.4 - - [19/Aug/2013:13:39:40 -0400] "GET /form.php?&mail=success HTTP/1.1" 200 1050 "https://secure.netsolhost.com/hwcollectorsnationals.com/form.php" "Mozilla/5.0 (Windows NT 6.2; WOW64) AppleWebKit/537.36 (KHTML, like Gecko) Chrome/28.0.1500.95 Safari/537.36"
65.55.215.34 - - [19/Aug/2013:14:26:39 -0400] "GET /images/220_DSC01432.JPG HTTP/1.1" 200 6736 "-" "msnbot-media/1.1 (+http://search.msn.com/msnbot.htm)"
99.105.108.168 - - [19/Aug/2013:16:21:51 -0400] "GET /scripts/photoalbum.js HTTP/1.1" 200 62481 "http://www.hwcollectorsnationals.com/" "Mozilla/4.0 (compatible; MSIE 7.0; Windows NT 6.1; WOW64; Trident/6.0; SLCC2; .NET CLR 2.0.50727; .NET CLR 3.5.30729; .NET CLR 3.0.30729; Media Center PC 6.0; MALN; .NET4.0C; InfoPath.2; McAfee)"
99.105.108.168 - - [19/Aug/2013:16:21:52 -0400] "GET /images/header-overlay-alt.png HTTP/1.1" 200 3414 "http://www.hwcollectorsnationals.com/" "Mozilla/4.0 (compatible; MSIE 7.0; Windows NT 6.1; WOW64; Trident/6.0; SLCC2; .NET CLR 2.0.50727; .NET CLR 3.5.30729; .NET CLR 3.0.30729; Media Center PC 6.0; MALN; .NET4.0C; InfoPath.2; McAfee)"
99.105.108.168 - - [19/Aug/2013:16:21:52 -0400] "GET /images/header-overlay-end.gif HTTP/1.1" 200 161 "http://www.hwcollectorsnationals.com/" "Mozilla/4.0 (compatible; MSIE 7.0; Windows NT 6.1; WOW64; Trident/6.0; SLCC2; .NET CLR 2.0.50727; .NET CLR 3.5.30729; .NET CLR 3.0.30729; Media Center PC 6.0; MALN; .NET4.0C; InfoPath.2; McAfee)"
99.105.108.168 - - [19/Aug/2013:16:21:52 -0400] "GET /images/navcrnr_lr.png HTTP/1.1" 200 293 "http://www.hwcollectorsnationals.com/" "Mozilla/4.0 (compatible; MSIE 7.0; Windows NT 6.1; WOW64; Trident/6.0; SLCC2; .NET CLR 2.0.50727; .NET CLR 3.5.30729; .NET CLR 3.0.30729; Media Center PC 6.0; MALN; .NET4.0C; InfoPath.2; McAfee)"
66.249.75.87 - - [19/Aug/2013:18:48:31 -0400] "GET /scripts/icwebsiteelement.css HTTP/1.1" 200 8132 "-" "Mozilla/5.0 (compatible; Googlebot/2.1; +http://www.google.com/bot.html)"
199.30.16.54 - - [19/Aug/2013:22:12:18 -0400] "GET /images/220_DSC01423.JPG HTTP/1.1" 200 6531 "-" "msnbot-media/1.1 (+http://search.msn.com/msnbot.htm)"
220.181.89.190 - - [19/Aug/2013:12:06:54 -0400] "GET /robots.txt HTTP/1.1" 200 25 "-" "Sogou web spider/4.0"
75.179.149.144 - - [19/Aug/2013:11:23:41 -0400] "GET /messageboard.html HTTP/1.1" 200 185 "http://www.hwcollectorsnationals.com/" "Mozilla/5.0 (Windows NT 6.1; WOW64; rv:21.0) Gecko/20100101 Firefox/21.0"
100.43.83.154 - - [19/Aug/2013:18:11:49 -0400] "GET /images/220_DSC01120edited.jpg HTTP/1.1" 304 - "-" "Mozilla/5.0 (compatible; YandexImages/3.0; +http://yandex.com/bots)"
98.137.207.218 - - [19/Aug/2013:18:26:24 -0400] "GET /scripts/photoalbum.js HTTP/1.1" 200 62481 "http://hwcollectorsnationals.com/" "Mozilla/5.0 (compatible; Yahoo! Slurp/3.0; http://help.yahoo.com/help/us/ysearch/slurp) NOT Firefox/3.5"
98.137.207.218 - - [19/Aug/2013:18:26:24 -0400] "GET /images/Fotolia_5429963_X.jpg HTTP/1.1" 200 7961 "http://hwcollectorsnationals.com/scripts/website.css" "Mozilla/5.0 (compatible; Yahoo! Slurp/3.0; http://help.yahoo.com/help/us/ysearch/slurp) NOT Firefox/3.5"
98.137.207.218 - - [19/Aug/2013:18:26:24 -0400] "GET /images/nav-divider.png HTTP/1.1" 200 171 "http://hwcollectorsnationals.com/scripts/template.css" "Mozilla/5.0 (compatible; Yahoo! Slurp/3.0; http://help.yahoo.com/help/us/ysearch/slurp) NOT Firefox/3.5"
98.137.207.218 - - [19/Aug/2013:18:26:24 -0400] "GET / HTTP/1.1" 200 9780 "-" "Mozilla/5.0 (compatible; Yahoo! Slurp/3.0; http://help.yahoo.com/help/us/ysearch/slurp) NOT Firefox/3.5"
98.137.207.218 - - [19/Aug/2013:18:26:24 -0400] "GET /scripts/ic_globals_published.js HTTP/1.1" 200 566 "http://hwcollectorsnationals.com/" "Mozilla/5.0 (compatible; Yahoo! Slurp/3.0; http://help.yahoo.com/help/us/ysearch/slurp) NOT Firefox/3.5"
98.137.207.218 - - [19/Aug/2013:18:26:24 -0400] "GET /scripts/1custom.css HTTP/1.1" 200 1143 "http://hwcollectorsnationals.com/" "Mozilla/5.0 (compatible; Yahoo! Slurp/3.0; http://help.yahoo.com/help/us/ysearch/slurp) NOT Firefox/3.5"
98.137.207.218 - - [19/Aug/2013:18:26:24 -0400] "GET /images/header-overlay-alt.png HTTP/1.1" 200 3414 "http://hwcollectorsnationals.com/scripts/template.css" "Mozilla/5.0 (compatible; Yahoo! Slurp/3.0; http://help.yahoo.com/help/us/ysearch/slurp) NOT Firefox/3.5"
98.137.207.218 - - [19/Aug/2013:18:26:24 -0400] "GET /images/navcrnr_ur.png HTTP/1.1" 200 348 "http://hwcollectorsnationals.com/scripts/template.css" "Mozilla/5.0 (compatible; Yahoo! Slurp/3.0; http://help.yahoo.com/help/us/ysearch/slurp) NOT Firefox/3.5"
10.30.72.4 - - [19/Aug/2013:18:54:31 -0400] "GET /form.php HTTP/1.1" 200 51801 "http://hwcollectorsconvention.com/purchaseticketshere.html" "Mozilla/5.0 (Windows NT 6.3; WOW64; Trident/7.0; MDDCJS; rv:11.0) like Gecko"
157.55.33.22 - - [19/Aug/2013:19:20:01 -0400] "GET /robots.txt HTTP/1.1" 200 25 "-" "Mozilla/5.0 (compatible; bingbot/2.0; +http://www.bing.com/bingbot.htm)"
199.30.25.116 - - [19/Aug/2013:20:28:04 -0400] "GET /images/footer-wide.jpg HTTP/1.1" 200 2145 "http://hwcollectorsnationals.com/overflowhotel.html" "Mozilla/5.0 (Windows NT 6.1; WOW64) AppleWebKit/534+ (KHTML, like Gecko) BingPreview/1.0b"
10.30.72.4 - - [19/Aug/2013:21:35:26 -0400] "GET /form.php HTTP/1.1" 200 51801 "-" "Mozilla/5.0 (Windows NT 6.1) AppleWebKit/537.36 (KHTML, like Gecko) Chrome/28.0.1500.95 Safari/537.36"
10.30.72.4 - - [19/Aug/2013:00:02:29 -0400] "GET /form.php HTTP/1.1" 200 51801 "http://www.hwcollectorsconvention.com/purchaseticketshere.html" "Mozilla/5.0 (compatible; MSIE 9.0; Windows NT 6.1; WOW64; Trident/5.0)"
10.30.72.4 - - [19/Aug/2013:01:14:50 -0400] "GET /form.php HTTP/1.1" 200 51801 "http://www.hwcollectorsconvention.com/purchaseticketshere.html" "Mozilla/5.0 (Linux; U; Android 2.3.6; en-us; HUAWEI-M920 Build/GINGERBREAD) AppleWebKit/533.1 (KHTML, like Gecko) Version/4.0 Mobile Safari/533.1"
46.119.118.152 - - [19/Aug/2013:07:11:47 -0400] "GET / HTTP/1.1" 200 9780 "http://muznachas-service.ru/" "Mozilla/4.0 (compatible; MSIE 6.0; Windows NT 5.2; Win64; AMD64)"
91.207.9.226 - - [19/Aug/2013:07:28:39 -0400] "GET / HTTP/1.1" 200 9780 "http://roomgirls.ru/" "Mozilla/4.0 (compatible; MSIE 6.0; Windows NT 5.1; .NET CLR 1.1.4322; FDM)"
10.30.72.4 - - [19/Aug/2013:13:41:29 -0400] "POST /form_mail.php HTTP/1.1" 302 3 "https://secure.netsolhost.com/hwcollectorsnationals.com/form.php" "Mozilla/5.0 (Windows NT 6.2; WOW64) AppleWebKit/537.36 (KHTML, like Gecko) Chrome/28.0.1500.95 Safari/537.36"
10.30.72.4 - - [19/Aug/2013:11:06:52 -0400] "POST /form_mail.php HTTP/1.1" 302 3 "https://secure.netsolhost.com/hwcollectorsnationals.com/form.php" "Mozilla/4.0 (compatible; MSIE 8.0; Windows NT 5.1; Trident/4.0; GTB7.5; .NET CLR 1.1.4322; .NET CLR 2.0.50727; .NET CLR 3.0.4506.2152; .NET CLR 3.5.30729)"
75.179.149.144 - - [19/Aug/2013:11:22:55 -0400] "GET /images/header-overlay-alt.png HTTP/1.1" 200 3414 "http://www.hwcollectorsnationals.com/scripts/template.css" "Mozilla/5.0 (Windows NT 6.1; WOW64; rv:21.0) Gecko/20100101 Firefox/21.0"
75.179.149.144 - - [19/Aug/2013:11:22:55 -0400] "GET /images/navcrnr_ll.png HTTP/1.1" 200 286 "http://www.hwcollectorsnationals.com/scripts/template.css" "Mozilla/5.0 (Windows NT 6.1; WOW64; rv:21.0) Gecko/20100101 Firefox/21.0"
99.105.108.168 - - [19/Aug/2013:16:21:46 -0400] "GET / HTTP/1.1" 200 9780 "-" "Mozilla/4.0 (compatible; MSIE 7.0; Windows NT 6.1; WOW64; Trident/6.0; SLCC2; .NET CLR 2.0.50727; .NET CLR 3.5.30729; .NET CLR 3.0.30729; Media Center PC 6.0; MALN; .NET4.0C; InfoPath.2; McAfee)"
99.105.108.168 - - [19/Aug/2013:16:21:46 -0400] "GET /scripts/print.css HTTP/1.1" 200 8383 "http://www.hwcollectorsnationals.com/" "Mozilla/4.0 (compatible; MSIE 7.0; Windows NT 6.1; WOW64; Trident/6.0; SLCC2; .NET CLR 2.0.50727; .NET CLR 3.5.30729; .NET CLR 3.0.30729; Media Center PC 6.0; MALN; .NET4.0C; InfoPath.2; McAfee)"
99.105.108.168 - - [19/Aug/2013:16:21:46 -0400] "GET /scripts/icwebsiteelement.css HTTP/1.1" 200 8132 "http://www.hwcollectorsnationals.com/" "Mozilla/4.0 (compatible; MSIE 7.0; Windows NT 6.1; WOW64; Trident/6.0; SLCC2; .NET CLR 2.0.50727; .NET CLR 3.5.30729; .NET CLR 3.0.30729; Media Center PC 6.0; MALN; .NET4.0C; InfoPath.2; McAfee)"
99.105.108.168 - - [19/Aug/2013:16:21:52 -0400] "GET /images/nav-divider.png HTTP/1.1" 200 171 "http://www.hwcollectorsnationals.com/" "Mozilla/4.0 (compatible; MSIE 7.0; Windows NT 6.1; WOW64; Trident/6.0; SLCC2; .NET CLR 2.0.50727; .NET CLR 3.5.30729; .NET CLR 3.0.30729; Media Center PC 6.0; MALN; .NET4.0C; InfoPath.2; McAfee)"
46.119.118.152 - - [19/Aug/2013:07:11:43 -0400] "GET / HTTP/1.1" 200 9780 "http://muznachas-service.ru/" "Mozilla/4.0 (compatible; MSIE 6.0; Windows NT 5.2; Win64; AMD64)"
100.43.83.154 - - [19/Aug/2013:07:19:10 -0400] "GET /images/220_DSC01116edited.jpg HTTP/1.1" 304 - "-" "Mozilla/5.0 (compatible; YandexImages/3.0; +http://yandex.com/bots)"
199.30.25.116 - - [19/Aug/2013:20:27:54 -0400] "GET /scripts/15custom.css HTTP/1.1" 200 1142 "http://hwcollectorsnationals.com/overflowhotel.html" "Mozilla/5.0 (Windows NT 6.1; WOW64) AppleWebKit/534+ (KHTML, like Gecko) BingPreview/1.0b"
199.30.25.116 - - [19/Aug/2013:20:27:55 -0400] "GET /images/accent-mask.gif HTTP/1.1" 200 734 "http://hwcollectorsnationals.com/overflowhotel.html" "Mozilla/5.0 (Windows NT 6.1; WOW64) AppleWebKit/534+ (KHTML, like Gecko) BingPreview/1.0b"
208.115.111.69 - - [19/Aug/2013:21:16:17 -0400] "GET /souvenircharitycars.html HTTP/1.1" 200 20380 "-" "Mozilla/5.0 (compatible; Ezooms/1.0; ezooms.bot@gmail.com)"
157.56.93.150 - - [19/Aug/2013:19:28:12 -0400] "GET /scripts/photoalbum.js HTTP/1.1" 200 62481 "-" "Mozilla/5.0 (compatible; bingbot/2.0; +http://www.bing.com/bingbot.htm)"
199.30.25.116 - - [19/Aug/2013:20:28:00 -0400] "GET /images/navcrnr_ul.png HTTP/1.1" 200 322 "http://hwcollectorsnationals.com/overflowhotel.html" "Mozilla/5.0 (Windows NT 6.1; WOW64) AppleWebKit/534+ (KHTML, like Gecko) BingPreview/1.0b"
66.249.75.208 - - [19/Aug/2013:14:53:19 -0400] "GET /robots.txt HTTP/1.1" 200 25 "-" "Mozilla/5.0 (compatible; Googlebot/2.1; +http://www.google.com/bot.html)"
124.26.153.49 - - [19/Aug/2013:04:22:15 -0400] "GET /scripts/user.js HTTP/1.1" 200 23762 "http://www.hwcollectorsnationals.com/" "Mozilla/5.0 (Windows NT 6.1; WOW64; rv:23.0) Gecko/20100101 Firefox/23.0"
124.26.153.49 - - [19/Aug/2013:04:22:16 -0400] "GET /images/accent-mask.gif HTTP/1.1" 200 734 "http://www.hwcollectorsnationals.com/scripts/template.css" "Mozilla/5.0 (Windows NT 6.1; WOW64; rv:23.0) Gecko/20100101 Firefox/23.0"
124.26.153.49 - - [19/Aug/2013:04:22:16 -0400] "GET /images/navcrnr_ur.png HTTP/1.1" 200 348 "http://www.hwcollectorsnationals.com/scripts/template.css" "Mozilla/5.0 (Windows NT 6.1; WOW64; rv:23.0) Gecko/20100101 Firefox/23.0"
157.55.33.22 - - [19/Aug/2013:12:34:11 -0400] "GET /robots.txt HTTP/1.1" 200 25 "-" "Mozilla/5.0 (compatible; bingbot/2.0; +http://www.bing.com/bingbot.htm)"
10.30.72.4 - - [19/Aug/2013:13:39:39 -0400] "POST /form_mail.php HTTP/1.1" 302 3 "https://secure.netsolhost.com/hwcollectorsnationals.com/form.php" "Mozilla/5.0 (Windows NT 6.2; WOW64) AppleWebKit/537.36 (KHTML, like Gecko) Chrome/28.0.1500.95 Safari/537.36"
217.73.208.104 - - [19/Aug/2013:18:13:18 -0400] "GET / HTTP/1.1" 200 9780 "-" "Mozilla/5.0 (compatible; IstellaBot/1.10.2 +http://www.tiscali.it/)"
98.137.207.218 - - [19/Aug/2013:18:26:24 -0400] "GET /scripts/template.css HTTP/1.1" 200 8354 "http://hwcollectorsnationals.com/" "Mozilla/5.0 (compatible; Yahoo! Slurp/3.0; http://help.yahoo.com/help/us/ysearch/slurp) NOT Firefox/3.5"
98.137.207.218 - - [19/Aug/2013:18:26:24 -0400] "GET /images/nav-button-overlay.png HTTP/1.1" 200 197 "http://hwcollectorsnationals.com/scripts/template.css" "Mozilla/5.0 (compatible; Yahoo! Slurp/3.0; http://help.yahoo.com/help/us/ysearch/slurp) NOT Firefox/3.5"
199.30.25.116 - - [19/Aug/2013:20:27:55 -0400] "GET /images/header-overlay-end.gif HTTP/1.1" 200 161 "http://hwcollectorsnationals.com/overflowhotel.html" "Mozilla/5.0 (Windows NT 6.1; WOW64) AppleWebKit/534+ (KHTML, like Gecko) BingPreview/1.0b"
199.30.25.116 - - [19/Aug/2013:20:28:00 -0400] "GET /images/navcrnr_ll.png HTTP/1.1" 200 286 "http://hwcollectorsnationals.com/overflowhotel.html" "Mozilla/5.0 (Windows NT 6.1; WOW64) AppleWebKit/534+ (KHTML, like Gecko) BingPreview/1.0b"
91.207.9.226 - - [19/Aug/2013:07:27:52 -0400] "GET / HTTP/1.1" 200 9780 "http://www.remstart.ru/" "Mozilla/4.0 (compatible; MSIE 6.0; Windows NT 5.2; SV1; .NET CLR 1.1.4322; .NET CLR 2.0.50727)"
100.43.83.154 - - [19/Aug/2013:09:33:16 -0400] "GET /images/220_DSC01120edited.jpg HTTP/1.1" 304 - "-" "Mozilla/5.0 (compatible; YandexImages/3.0; +http://yandex.com/bots)"
46.118.126.194 - - [19/Aug/2013:12:57:09 -0400] "GET / HTTP/1.1" 200 9780 "http://www.vmk-logistics.ru/" "Mozilla/4.0 (compatible; MSIE 6.0; Windows NT 5.2; Win64; AMD64)"
220.181.108.163 - - [19/Aug/2013:18:38:54 -0400] "GET / HTTP/1.1" 304 - "-" "Mozilla/5.0 (compatible; Baiduspider/2.0; +http://www.baidu.com/search/spider.html)"
75.139.129.94 - - [19/Aug/2013:13:29:23 -0400] "GET /scripts/website.css HTTP/1.1" 200 1923 "http://www.hwcollectorsnationals.com/sundaytoyshow.html" "Mozilla/5.0 (compatible; MSIE 10.0; Windows NT 6.2; WOW64; Trident/6.0)"
75.139.129.94 - - [19/Aug/2013:13:29:23 -0400] "GET /scripts/icwebsiteelement.css HTTP/1.1" 200 8132 "http://www.hwcollectorsnationals.com/sundaytoyshow.html" "Mozilla/5.0 (compatible; MSIE 10.0; Windows NT 6.2; WOW64; Trident/6.0)"
75.139.129.94 - - [19/Aug/2013:13:29:23 -0400] "GET /images/Fotolia_5429963_X.jpg HTTP/1.1" 200 7961 "http://www.hwcollectorsnationals.com/sundaytoyshow.html" "Mozilla/5.0 (compatible; MSIE 10.0; Windows NT 6.2; WOW64; Trident/6.0)"
66.249.75.87 - - [19/Aug/2013:01:53:02 -0400] "GET /robots.txt HTTP/1.1" 200 25 "-" "Mozilla/5.0 (compatible; Googlebot/2.1; +http://www.google.com/bot.html)"
91.236.74.95 - - [19/Aug/2013:01:53:30 -0400] "GET /messageboard.html HTTP/1.0" 200 185 "http://www.hwcollectorsnationals.com/messageboard.html" "Mozilla/5.0 (Windows; U; Windows NT 6.1; en-US) AppleWebKit/534.10 (KHTML, like Gecko) Chrome/8.0.552.224 Safari/534.10"
75.139.129.94 - - [19/Aug/2013:13:19:33 -0400] "GET /scripts/user.js HTTP/1.1" 200 23762 "http://hwcollectorsnationals.com/" "Mozilla/5.0 (compatible; MSIE 10.0; Windows NT 6.2; WOW64; Trident/6.0)"
75.139.129.94 - - [19/Aug/2013:13:19:33 -0400] "GET /images/nav-divider.png HTTP/1.1" 200 171 "http://hwcollectorsnationals.com/" "Mozilla/5.0 (compatible; MSIE 10.0; Windows NT 6.2; WOW64; Trident/6.0)"
75.139.129.94 - - [19/Aug/2013:13:19:33 -0400] "GET /images/Fotolia_5429963_X.jpg HTTP/1.1" 200 7961 "http://hwcollectorsnationals.com/" "Mozilla/5.0 (compatible; MSIE 10.0; Windows NT 6.2; WOW64; Trident/6.0)"
75.139.129.94 - - [19/Aug/2013:13:19:33 -0400] "GET /images/footer-wide.jpg HTTP/1.1" 200 2145 "http://hwcollectorsnationals.com/" "Mozilla/5.0 (compatible; MSIE 10.0; Windows NT 6.2; WOW64; Trident/6.0)"
75.139.129.94 - - [19/Aug/2013:13:19:36 -0400] "GET /favicon.ico HTTP/1.1" 404 575 "-" "Mozilla/5.0 (compatible; MSIE 10.0; Windows NT 6.2; Win64; x64; Trident/6.0)"
10.30.72.4 - - [19/Aug/2013:13:33:04 -0400] "GET /form.php HTTP/1.1" 200 51801 "http://www.hwcollectorsconvention.com/purchaseticketshere.html" "Mozilla/5.0 (Windows NT 6.2; WOW64) AppleWebKit/537.36 (KHTML, like Gecko) Chrome/28.0.1500.95 Safari/537.36"
75.139.129.94 - - [19/Aug/2013:13:29:23 -0400] "GET /sundaytoyshow.html HTTP/1.1" 200 8702 "http://www.bing.com/search?q=hotwheelscollectors.com&pc=HPDTDFJS&mkt=en-us&scope=&pq=hotwheels&sc=8-9&sp=2&qs=AS&sk=AS1&first=55&FORM=PERE3" "Mozilla/5.0 (compatible; MSIE 10.0; Windows NT 6.2; WOW64; Trident/6.0)"
75.139.129.94 - - [19/Aug/2013:13:29:23 -0400] "GET /scripts/8custom.css HTTP/1.1" 200 1142 "http://www.hwcollectorsnationals.com/sundaytoyshow.html" "Mozilla/5.0 (compatible; MSIE 10.0; Windows NT 6.2; WOW64; Trident/6.0)"
75.139.129.94 - - [19/Aug/2013:13:29:23 -0400] "GET /images/header-overlay-end.gif HTTP/1.1" 200 161 "http://www.hwcollectorsnationals.com/sundaytoyshow.html" "Mozilla/5.0 (compatible; MSIE 10.0; Windows NT 6.2; WOW64; Trident/6.0)"
66.249.75.208 - - [19/Aug/2013:14:53:19 -0400] "GET /nationalssouvenircars.html HTTP/1.1" 304 - "-" "Mozilla/5.0 (iPhone; U; CPU iPhone OS 4_1 like Mac OS X; en-us) AppleWebKit/532.9 (KHTML, like Gecko) Version/4.0.5 Mobile/8B117 Safari/6531.22.7 (compatible; Googlebot-Mobile/2.1; +http://www.google.com/bot.html)"
91.207.9.226 - - [19/Aug/2013:07:27:54 -0400] "GET / HTTP/1.1" 200 9780 "http://www.remstart.ru/" "Mozilla/4.0 (compatible; MSIE 6.0; Windows NT 5.2; SV1; .NET CLR 1.1.4322; .NET CLR 2.0.50727)"
10.30.72.4 - - [19/Aug/2013:15:13:04 -0400] "GET /form.php HTTP/1.1" 200 51801 "http://hwcollectorsconvention.com/purchaseticketshere.html" "Mozilla/5.0 (compatible; MSIE 9.0; Windows NT 6.1; Trident/5.0)"
10.30.72.4 - - [19/Aug/2013:17:29:54 -0400] "GET /form.php HTTP/1.1" 503 323 "http://hwcollectorsconvention.com/purchaseticketshere.html" "Mozilla/5.0 (Windows NT 6.1; rv:22.0) Gecko/20100101 Firefox/22.0"
66.249.75.208 - - [19/Aug/2013:19:32:18 -0400] "GET / HTTP/1.1" 200 9780 "-" "Mozilla/5.0 (compatible; Googlebot/2.1; +http://www.google.com/bot.html)"
46.118.126.194 - - [19/Aug/2013:23:12:37 -0400] "GET / HTTP/1.1" 200 9780 "http://golden-praga.ru/" "Mozilla/4.0 (compatible; MSIE 6.0; Windows NT 5.2; Win64; AMD64)"
109.120.157.179 - - [19/Aug/2013:16:16:29 -0400] "GET / HTTP/1.1" 200 9780 "http://bowlingadvisor.com/" "Mozilla/5.0 (compatible; Add Catalog/2.1;)"
98.137.207.218 - - [19/Aug/2013:18:26:24 -0400] "GET /scripts/user.js HTTP/1.1" 200 23762 "http://hwcollectorsnationals.com/" "Mozilla/5.0 (compatible; Yahoo! Slurp/3.0; http://help.yahoo.com/help/us/ysearch/slurp) NOT Firefox/3.5"
98.137.207.218 - - [19/Aug/2013:18:26:24 -0400] "GET /images/accent-mask.gif HTTP/1.1" 200 734 "http://hwcollectorsnationals.com/scripts/template.css" "Mozilla/5.0 (compatible; Yahoo! Slurp/3.0; http://help.yahoo.com/help/us/ysearch/slurp) NOT Firefox/3.5"
98.137.207.218 - - [19/Aug/2013:18:26:24 -0400] "GET /images/navcrnr_lr.png HTTP/1.1" 200 293 "http://hwcollectorsnationals.com/scripts/template.css" "Mozilla/5.0 (compatible; Yahoo! Slurp/3.0; http://help.yahoo.com/help/us/ysearch/slurp) NOT Firefox/3.5"
75.179.149.144 - - [19/Aug/2013:11:22:55 -0400] "GET /images/accent-mask.gif HTTP/1.1" 200 734 "http://www.hwcollectorsnationals.com/scripts/template.css" "Mozilla/5.0 (Windows NT 6.1; WOW64; rv:21.0) Gecko/20100101 Firefox/21.0"
75.179.149.144 - - [19/Aug/2013:11:22:55 -0400] "GET /images/navcrnr_ur.png HTTP/1.1" 200 348 "http://www.hwcollectorsnationals.com/scripts/template.css" "Mozilla/5.0 (Windows NT 6.1; WOW64; rv:21.0) Gecko/20100101 Firefox/21.0"
220.181.89.190 - - [19/Aug/2013:12:38:42 -0400] "GET /souvenircharitycars.html HTTP/1.1" 304 - "-" "Sogou web spider/4.0(+http://www.sogou.com/docs/help/webmasters.htm#07)"
10.30.72.4 - - [19/Aug/2013:13:40:00 -0400] "GET /form.php HTTP/1.1" 200 51801 "http://www.hwcollectorsconvention.com/purchaseticketshere.html" "Mozilla/5.0 (Windows NT 6.2; WOW64) AppleWebKit/537.36 (KHTML, like Gecko) Chrome/28.0.1500.95 Safari/537.36"
66.249.75.87 - - [19/Aug/2013:14:52:49 -0400] "GET /robots.txt HTTP/1.1" 200 25 "-" "Mozilla/5.0 (compatible; Googlebot/2.1; +http://www.google.com/bot.html)"
66.249.75.87 - - [19/Aug/2013:14:52:49 -0400] "GET /souvenircharitycars.html HTTP/1.1" 304 - "-" "Mozilla/5.0 (iPhone; U; CPU iPhone OS 4_1 like Mac OS X; en-us) AppleWebKit/532.9 (KHTML, like Gecko) Version/4.0.5 Mobile/8B117 Safari/6531.22.7 (compatible; Googlebot-Mobile/2.1; +http://www.google.com/bot.html)"
124.26.153.49 - - [19/Aug/2013:04:22:15 -0400] "GET /scripts/template.css HTTP/1.1" 200 8354 "http://www.hwcollectorsnationals.com/" "Mozilla/5.0 (Windows NT 6.1; WOW64; rv:23.0) Gecko/20100101 Firefox/23.0"
124.26.153.49 - - [19/Aug/2013:04:22:15 -0400] "GET /scripts/print.css HTTP/1.1" 200 8383 "http://www.hwcollectorsnationals.com/" "Mozilla/5.0 (Windows NT 6.1; WOW64; rv:23.0) Gecko/20100101 Firefox/23.0"
124.26.153.49 - - [19/Aug/2013:04:22:16 -0400] "GET /images/nav-button-overlay.png HTTP/1.1" 200 197 "http://www.hwcollectorsnationals.com/scripts/template.css" "Mozilla/5.0 (Windows NT 6.1; WOW64; rv:23.0) Gecko/20100101 Firefox/23.0"
124.26.153.49 - - [19/Aug/2013:04:22:16 -0400] "GET /images/header-overlay-end.gif HTTP/1.1" 200 161 "http://www.hwcollectorsnationals.com/scripts/template.css" "Mozilla/5.0 (Windows NT 6.1; WOW64; rv:23.0) Gecko/20100101 Firefox/23.0"
124.26.153.49 - - [19/Aug/2013:04:22:16 -0400] "GET /images/navcrnr_ll.png HTTP/1.1" 200 286 "http://www.hwcollectorsnationals.com/scripts/template.css" "Mozilla/5.0 (Windows NT 6.1; WOW64; rv:23.0) Gecko/20100101 Firefox/23.0"
124.26.153.49 - - [19/Aug/2013:04:22:16 -0400] "GET /images/navcrnr_lr.png HTTP/1.1" 200 293 "http://www.hwcollectorsnationals.com/scripts/template.css" "Mozilla/5.0 (Windows NT 6.1; WOW64; rv:23.0) Gecko/20100101 Firefox/23.0"
99.105.108.168 - - [19/Aug/2013:16:21:52 -0400] "GET /images/navcrnr_ll.png HTTP/1.1" 200 286 "http://www.hwcollectorsnationals.com/" "Mozilla/4.0 (compatible; MSIE 7.0; Windows NT 6.1; WOW64; Trident/6.0; SLCC2; .NET CLR 2.0.50727; .NET CLR 3.5.30729; .NET CLR 3.0.30729; Media Center PC 6.0; MALN; .NET4.0C; InfoPath.2; McAfee)"
98.137.207.218 - - [19/Aug/2013:18:26:24 -0400] "GET /scripts/print.css HTTP/1.1" 200 8383 "http://hwcollectorsnationals.com/" "Mozilla/5.0 (compatible; Yahoo! Slurp/3.0; http://help.yahoo.com/help/us/ysearch/slurp) NOT Firefox/3.5"
98.137.207.218 - - [19/Aug/2013:18:26:24 -0400] "GET /images/header-overlay-end.gif HTTP/1.1" 200 161 "http://hwcollectorsnationals.com/scripts/template.css" "Mozilla/5.0 (compatible; Yahoo! Slurp/3.0; http://help.yahoo.com/help/us/ysearch/slurp) NOT Firefox/3.5"
98.137.207.218 - - [19/Aug/2013:18:26:24 -0400] "GET /images/footer-wide.jpg HTTP/1.1" 200 2145 "http://hwcollectorsnationals.com/scripts/template.css" "Mozilla/5.0 (compatible; Yahoo! Slurp/3.0; http://help.yahoo.com/help/us/ysearch/slurp) NOT Firefox/3.5"
66.249.75.87 - - [19/Aug/2013:18:46:31 -0400] "GET / HTTP/1.1" 200 9780 "-" "Mozilla/5.0 (compatible; Googlebot/2.1; +http://www.google.com/bot.html)"
10.30.72.4 - - [19/Aug/2013:19:04:38 -0400] "GET /form.php HTTP/1.1" 200 51801 "http://hwcollectorsconvention.com/purchaseticketshere.html" "Mozilla/5.0 (Windows NT 6.0) AppleWebKit/537.36 (KHTML, like Gecko) Chrome/28.0.1500.95 Safari/537.36"
75.139.129.94 - - [19/Aug/2013:13:19:33 -0400] "GET / HTTP/1.1" 200 9780 "http://www.bing.com/search?q=hotwheelscollectors.com&pc=HPDTDFJS&mkt=en-us&scope=&pq=hotwheels&sc=8-9&sp=2&qs=AS&sk=AS1&first=27&FORM=PERE1" "Mozilla/5.0 (compatible; MSIE 10.0; Windows NT 6.2; WOW64; Trident/6.0)"
75.139.129.94 - - [19/Aug/2013:13:19:33 -0400] "GET /images/navcrnr_ll.png HTTP/1.1" 200 286 "http://hwcollectorsnationals.com/" "Mozilla/5.0 (compatible; MSIE 10.0; Windows NT 6.2; WOW64; Trident/6.0)"
75.139.129.94 - - [19/Aug/2013:13:19:33 -0400] "GET /images/header-overlay-end.gif HTTP/1.1" 200 161 "http://hwcollectorsnationals.com/" "Mozilla/5.0 (compatible; MSIE 10.0; Windows NT 6.2; WOW64; Trident/6.0)"
91.236.74.95 - - [19/Aug/2013:03:59:21 -0400] "GET /messageboard.html HTTP/1.0" 200 185 "http://www.hwcollectorsnationals.com/messageboard.html" "Mozilla/5.0 (Windows NT 5.2; rv:17.0) Gecko/20100101 Firefox/17.0"
217.69.133.4 - - [19/Aug/2013:15:08:52 -0400] "GET /robots.txt HTTP/1.0" 200 25 "-" "Mozilla/5.0 (compatible; Linux x86_64; Mail.RU_Bot/2.0; +http://go.mail.ru/help/robots)"
100.43.83.154 - - [19/Aug/2013:16:11:51 -0400] "GET /robots.txt HTTP/1.1" 200 25 "-" "Mozilla/5.0 (compatible; YandexBot/3.0; +http://yandex.com/bots)"
100.43.83.154 - - [19/Aug/2013:16:11:53 -0400] "GET /images/220_DSC01112edited.jpg HTTP/1.1" 304 - "-" "Mozilla/5.0 (compatible; YandexImages/3.0; +http://yandex.com/bots)"
100.43.83.154 - - [19/Aug/2013:17:35:14 -0400] "GET /images/220_IMG_6617edited.jpg HTTP/1.1" 304 - "-" "Mozilla/5.0 (compatible; YandexImages/3.0; +http://yandex.com/bots)"
10.30.72.4 - - [19/Aug/2013:19:10:02 -0400] "GET /form.php?&mail=success HTTP/1.1" 200 1050 "https://secure.netsolhost.com/hwcollectorsnationals.com/form.php" "Mozilla/5.0 (Windows NT 6.3; WOW64; Trident/7.0; MDDCJS; rv:11.0) like Gecko"
157.55.34.98 - - [19/Aug/2013:21:14:36 -0400] "GET / HTTP/1.1" 200 9780 "-" "Mozilla/5.0 (compatible; bingbot/2.0; +http://www.bing.com/bingbot.htm)"
100.43.83.154 - - [19/Aug/2013:08:00:45 -0400] "GET /images/220_DSC01432.JPG HTTP/1.1" 304 - "-" "Mozilla/5.0 (compatible; YandexImages/3.0; +http://yandex.com/bots)"
10.30.72.4 - - [19/Aug/2013:13:28:30 -0400] "GET /form.php HTTP/1.1" 200 51801 "http://www.hwcollectorsconvention.com/purchaseticketshere.html" "Mozilla/5.0 (Windows NT 6.2; WOW64) AppleWebKit/537.36 (KHTML, like Gecko) Chrome/28.0.1500.95 Safari/537.36"
46.119.118.152 - - [19/Aug/2013:12:56:17 -0400] "GET / HTTP/1.1" 200 9780 "http://www.tvspirit.net/" "Mozilla/4.0 (compatible; MSIE 6.0; Windows NT 5.1; SV1)"
75.139.129.94 - - [19/Aug/2013:13:29:23 -0400] "GET /scripts/ic_globals_published.js HTTP/1.1" 200 566 "http://www.hwcollectorsnationals.com/sundaytoyshow.html" "Mozilla/5.0 (compatible; MSIE 10.0; Windows NT 6.2; WOW64; Trident/6.0)"
75.139.129.94 - - [19/Aug/2013:13:29:23 -0400] "GET /scripts/print.css HTTP/1.1" 200 8383 "http://www.hwcollectorsnationals.com/sundaytoyshow.html" "Mozilla/5.0 (compatible; MSIE 10.0; Windows NT 6.2; WOW64; Trident/6.0)"
75.139.129.94 - - [19/Aug/2013:13:29:23 -0400] "GET /images/navcrnr_ul.png HTTP/1.1" 200 322 "http://www.hwcollectorsnationals.com/sundaytoyshow.html" "Mozilla/5.0 (compatible; MSIE 10.0; Windows NT 6.2; WOW64; Trident/6.0)"
75.139.129.94 - - [19/Aug/2013:13:29:23 -0400] "GET /images/navcrnr_ur.png HTTP/1.1" 200 348 "http://www.hwcollectorsnationals.com/sundaytoyshow.html" "Mozilla/5.0 (compatible; MSIE 10.0; Windows NT 6.2; WOW64; Trident/6.0)"
176.31.3.254 - - [19/Aug/2013:10:27:06 -0400] "GET /form.php HTTP/1.0" 200 51801 "http://hwcollectorsnationals.com/" "Mozilla/5.0 (Macintosh; Intel Mac OS X 10_7_5) AppleWebKit/537.36 (KHTML, like Gecko) Chrome/28.0.1500.71 Safari/537.36"
99.105.108.168 - - [19/Aug/2013:16:21:52 -0400] "GET /favicon.ico HTTP/1.1" 404 575 "-" "Mozilla/4.0 (compatible; MSIE 7.0; Windows NT 6.1; Win64; x64; Trident/6.0; .NET CLR 2.0.50727; SLCC2; .NET CLR 3.5.30729; .NET CLR 3.0.30729; Media Center PC 6.0; MALN; .NET4.0C; McAfee)"
157.55.33.22 - - [19/Aug/2013:19:09:55 -0400] "GET /robots.txt HTTP/1.1" 200 25 "-" "Mozilla/5.0 (compatible; bingbot/2.0; +http://www.bing.com/bingbot.htm)"
124.26.153.49 - - [19/Aug/2013:04:22:15 -0400] "GET /scripts/website.css HTTP/1.1" 200 1923 "http://www.hwcollectorsnationals.com/" "Mozilla/5.0 (Windows NT 6.1; WOW64; rv:23.0) Gecko/20100101 Firefox/23.0"
124.26.153.49 - - [19/Aug/2013:04:22:15 -0400] "GET /scripts/icwebsiteelement.css HTTP/1.1" 200 8132 "http://www.hwcollectorsnationals.com/" "Mozilla/5.0 (Windows NT 6.1; WOW64; rv:23.0) Gecko/20100101 Firefox/23.0"
124.26.153.49 - - [19/Aug/2013:04:22:16 -0400] "GET /images/navcrnr_ul.png HTTP/1.1" 200 322 "http://www.hwcollectorsnationals.com/scripts/template.css" "Mozilla/5.0 (Windows NT 6.1; WOW64; rv:23.0) Gecko/20100101 Firefox/23.0"
99.105.108.168 - - [19/Aug/2013:16:21:52 -0400] "GET /images/navcrnr_ul.png HTTP/1.1" 200 322 "http://www.hwcollectorsnationals.com/" "Mozilla/4.0 (compatible; MSIE 7.0; Windows NT 6.1; WOW64; Trident/6.0; SLCC2; .NET CLR 2.0.50727; .NET CLR 3.5.30729; .NET CLR 3.0.30729; Media Center PC 6.0; MALN; .NET4.0C; InfoPath.2; McAfee)"
199.30.16.54 - - [19/Aug/2013:22:12:18 -0400] "GET /robots.txt HTTP/1.1" 200 25 "-" "msnbot-media/1.1 (+http://search.msn.com/msnbot.htm)"
46.229.160.208 - - [19/Aug/2013:00:47:22 -0400] "GET /images/Transient_Vendors_application.pdf HTTP/1.1" 200 27910 "-" "Mozilla/4.0 (compatible; MSIE 7.0; Windows NT 5.1)"
108.59.8.70 - - [19/Aug/2013:01:51:57 -0400] "GET /robots.txt HTTP/1.0" 200 25 "-" "Mozilla/5.0 (compatible; MJ12bot/v1.4.3; http://www.majestic12.co.uk/bot.php?+)"
193.43.252.252 - - [19/Aug/2013:13:56:04 -0400] "GET / HTTP/1.0" 200 9780 "http://getfilesme.com/" "Mozilla/4.0 (compatible; MSIE 6.0; Windows NT 5.1)"
124.26.153.49 - - [19/Aug/2013:04:22:14 -0400] "GET / HTTP/1.1" 200 9780 "-" "Mozilla/5.0 (Windows NT 6.1; WOW64; rv:23.0) Gecko/20100101 Firefox/23.0"
124.26.153.49 - - [19/Aug/2013:04:22:15 -0400] "GET /scripts/ic_globals_published.js HTTP/1.1" 200 566 "http://www.hwcollectorsnationals.com/" "Mozilla/5.0 (Windows NT 6.1; WOW64; rv:23.0) Gecko/20100101 Firefox/23.0"
124.26.153.49 - - [19/Aug/2013:04:22:15 -0400] "GET /scripts/1custom.css HTTP/1.1" 200 1143 "http://www.hwcollectorsnationals.com/" "Mozilla/5.0 (Windows NT 6.1; WOW64; rv:23.0) Gecko/20100101 Firefox/23.0"
124.26.153.49 - - [19/Aug/2013:04:22:16 -0400] "GET /images/header-overlay-alt.png HTTP/1.1" 200 3414 "http://www.hwcollectorsnationals.com/scripts/template.css" "Mozilla/5.0 (Windows NT 6.1; WOW64; rv:23.0) Gecko/20100101 Firefox/23.0"
124.26.153.49 - - [19/Aug/2013:04:22:16 -0400] "GET /images/nav-divider.png HTTP/1.1" 200 171 "http://www.hwcollectorsnationals.com/scripts/template.css" "Mozilla/5.0 (Windows NT 6.1; WOW64; rv:23.0) Gecko/20100101 Firefox/23.0"
5.10.83.67 - - [19/Aug/2013:08:08:36 -0400] "GET /robots.txt HTTP/1.1" 200 25 "-" "Mozilla/5.0 (compatible; AhrefsBot/5.0; +http://ahrefs.com/robot/)"
10.30.72.4 - - [19/Aug/2013:16:11:57 -0400] "GET /form.php?&mail=success HTTP/1.1" 200 1050 "https://secure.netsolhost.com/hwcollectorsnationals.com/form.php" "Mozilla/5.0 (Macintosh; Intel Mac OS X 10_8_4) AppleWebKit/536.30.1 (KHTML, like Gecko) Version/6.0.5 Safari/536.30.1"
10.30.72.4 - - [19/Aug/2013:17:28:16 -0400] "GET /form.php HTTP/1.1" 200 51801 "http://hwcollectorsconvention.com/purchaseticketshere.html" "Mozilla/5.0 (Windows NT 6.1; rv:22.0) Gecko/20100101 Firefox/22.0"
217.73.208.104 - - [19/Aug/2013:18:13:13 -0400] "GET /robots.txt HTTP/1.1" 200 25 "-" "Mozilla/5.0 (compatible; IstellaBot/1.10.2 +http://www.tiscali.it/)"
208.115.111.69 - - [19/Aug/2013:20:19:40 -0400] "GET /robots.txt HTTP/1.1" 200 25 "-" "Mozilla/5.0 (compatible; Ezooms/1.0; ezooms.bot@gmail.com)"
220.181.89.190 - - [19/Aug/2013:23:44:37 -0400] "GET / HTTP/1.1" 304 - "-" "Sogou web spider/4.0(+http://www.sogou.com/docs/help/webmasters.htm#07)"
46.118.126.194 - - [19/Aug/2013:12:57:09 -0400] "GET / HTTP/1.1" 200 9780 "http://www.auto-loker.ru/" "Mozilla/4.0 (compatible; MSIE 6.0; Windows NT 5.2; Win64; AMD64)"
217.73.208.104 - - [19/Aug/2013:13:34:45 -0400] "GET / HTTP/1.1" 200 9780 "-" "Mozilla/5.0 (compatible; IstellaBot/1.10.2 +http://www.tiscali.it/)"
199.30.25.116 - - [19/Aug/2013:20:28:04 -0400] "GET /images/navcrnr_lr.png HTTP/1.1" 200 293 "http://hwcollectorsnationals.com/overflowhotel.html" "Mozilla/5.0 (Windows NT 6.1; WOW64) AppleWebKit/534+ (KHTML, like Gecko) BingPreview/1.0b"
199.30.25.116 - - [19/Aug/2013:20:28:04 -0400] "GET /scripts/print.css HTTP/1.1" 200 8383 "http://hwcollectorsnationals.com/overflowhotel.html" "Mozilla/5.0 (Windows NT 6.1; WOW64) AppleWebKit/534+ (KHTML, like Gecko) BingPreview/1.0b"
100.43.83.154 - - [19/Aug/2013:20:49:44 -0400] "GET /images/220_IMG_6618edited.jpg HTTP/1.1" 304 - "-" "Mozilla/5.0 (compatible; YandexImages/3.0; +http://yandex.com/bots)"
180.76.5.185 - - [19/Aug/2013:13:20:29 -0400] "GET / HTTP/1.1" 304 - "-" "Mozilla/5.0 (compatible; Baiduspider/2.0; +http://www.baidu.com/search/spider.html)"
5.10.83.67 - - [19/Aug/2013:08:08:35 -0400] "GET /robots.txt HTTP/1.1" 200 25 "-" "Mozilla/5.0 (compatible; AhrefsBot/5.0; +http://ahrefs.com/robot/)"
100.43.83.154 - - [19/Aug/2013:10:26:32 -0400] "GET /images/220_IMG_6618edited.jpg HTTP/1.1" 304 - "-" "Mozilla/5.0 (compatible; YandexImages/3.0; +http://yandex.com/bots)"
75.179.149.144 - - [19/Aug/2013:11:22:55 -0400] "GET /images/navcrnr_ul.png HTTP/1.1" 200 322 "http://www.hwcollectorsnationals.com/scripts/template.css" "Mozilla/5.0 (Windows NT 6.1; WOW64; rv:21.0) Gecko/20100101 Firefox/21.0"
75.179.149.144 - - [19/Aug/2013:11:22:55 -0400] "GET /images/footer-wide.jpg HTTP/1.1" 200 2145 "http://www.hwcollectorsnationals.com/scripts/template.css" "Mozilla/5.0 (Windows NT 6.1; WOW64; rv:21.0) Gecko/20100101 Firefox/21.0"
10.30.72.4 - - [19/Aug/2013:11:48:00 -0400] "GET /form.php HTTP/1.1" 200 51801 "-" "Mozilla/5.0 (compatible; bingbot/2.0; +http://www.bing.com/bingbot.htm)"
99.105.108.168 - - [19/Aug/2013:16:21:46 -0400] "GET /scripts/ic_globals_published.js HTTP/1.1" 200 566 "http://www.hwcollectorsnationals.com/" "Mozilla/4.0 (compatible; MSIE 7.0; Windows NT 6.1; WOW64; Trident/6.0; SLCC2; .NET CLR 2.0.50727; .NET CLR 3.5.30729; .NET CLR 3.0.30729; Media Center PC 6.0; MALN; .NET4.0C; InfoPath.2; McAfee)"
99.105.108.168 - - [19/Aug/2013:16:21:52 -0400] "GET /images/nav-button-overlay.png HTTP/1.1" 200 197 "http://www.hwcollectorsnationals.com/" "Mozilla/4.0 (compatible; MSIE 7.0; Windows NT 6.1; WOW64; Trident/6.0; SLCC2; .NET CLR 2.0.50727; .NET CLR 3.5.30729; .NET CLR 3.0.30729; Media Center PC 6.0; MALN; .NET4.0C; InfoPath.2; McAfee)"
99.105.108.168 - - [19/Aug/2013:16:21:52 -0400] "GET /images/footer-wide.jpg HTTP/1.1" 200 2145 "http://www.hwcollectorsnationals.com/" "Mozilla/4.0 (compatible; MSIE 7.0; Windows NT 6.1; WOW64; Trident/6.0; SLCC2; .NET CLR 2.0.50727; .NET CLR 3.5.30729; .NET CLR 3.0.30729; Media Center PC 6.0; MALN; .NET4.0C; InfoPath.2; McAfee)"
98.137.207.218 - - [19/Aug/2013:18:26:24 -0400] "GET /scripts/website.css HTTP/1.1" 200 1923 "http://hwcollectorsnationals.com/" "Mozilla/5.0 (compatible; Yahoo! Slurp/3.0; http://help.yahoo.com/help/us/ysearch/slurp) NOT Firefox/3.5"
98.137.207.218 - - [19/Aug/2013:18:26:24 -0400] "GET /scripts/icwebsiteelement.css HTTP/1.1" 200 8132 "http://hwcollectorsnationals.com/" "Mozilla/5.0 (compatible; Yahoo! Slurp/3.0; http://help.yahoo.com/help/us/ysearch/slurp) NOT Firefox/3.5"
98.137.207.218 - - [19/Aug/2013:18:26:24 -0400] "GET /images/navcrnr_ul.png HTTP/1.1" 200 322 "http://hwcollectorsnationals.com/scripts/template.css" "Mozilla/5.0 (compatible; Yahoo! Slurp/3.0; http://help.yahoo.com/help/us/ysearch/slurp) NOT Firefox/3.5"
98.137.207.218 - - [19/Aug/2013:18:26:24 -0400] "GET /images/navcrnr_ll.png HTTP/1.1" 200 286 "http://hwcollectorsnationals.com/scripts/template.css" "Mozilla/5.0 (compatible; Yahoo! Slurp/3.0; http://help.yahoo.com/help/us/ysearch/slurp) NOT Firefox/3.5"
157.55.33.22 - - [19/Aug/2013:19:28:30 -0400] "GET /scripts/template.css HTTP/1.1" 200 8354 "-" "Mozilla/5.0 (compatible; bingbot/2.0; +http://www.bing.com/bingbot.htm)"
100.43.83.154 - - [19/Aug/2013:21:05:31 -0400] "GET /images/220_DSC01123edited.jpg HTTP/1.1" 304 - "-" "Mozilla/5.0 (compatible; YandexImages/3.0; +http://yandex.com/bots)"
123.125.71.84 - - [19/Aug/2013:06:21:08 -0400] "GET /robots.txt HTTP/1.1" 200 25 "-" "Mozilla/5.0 (compatible; Baiduspider/2.0; +http://www.baidu.com/search/spider.html)"
75.179.149.144 - - [19/Aug/2013:11:22:53 -0400] "GET / HTTP/1.1" 200 9780 "http://www.hotwheelscollectors.com/collecting/sitesofinterest/" "Mozilla/5.0 (Windows NT 6.1; WOW64; rv:21.0) Gecko/20100101 Firefox/21.0"
75.179.149.144 - - [19/Aug/2013:11:22:54 -0400] "GET /scripts/ic_globals_published.js HTTP/1.1" 200 566 "http://www.hwcollectorsnationals.com/" "Mozilla/5.0 (Windows NT 6.1; WOW64; rv:21.0) Gecko/20100101 Firefox/21.0"
75.179.149.144 - - [19/Aug/2013:11:22:54 -0400] "GET /scripts/user.js HTTP/1.1" 200 23762 "http://www.hwcollectorsnationals.com/" "Mozilla/5.0 (Windows NT 6.1; WOW64; rv:21.0) Gecko/20100101 Firefox/21.0"
75.179.149.144 - - [19/Aug/2013:11:22:54 -0400] "GET /scripts/photoalbum.js HTTP/1.1" 200 62481 "http://www.hwcollectorsnationals.com/" "Mozilla/5.0 (Windows NT 6.1; WOW64; rv:21.0) Gecko/20100101 Firefox/21.0"
75.179.149.144 - - [19/Aug/2013:11:22:54 -0400] "GET /scripts/template.css HTTP/1.1" 200 8354 "http://www.hwcollectorsnationals.com/" "Mozilla/5.0 (Windows NT 6.1; WOW64; rv:21.0) Gecko/20100101 Firefox/21.0"
75.179.149.144 - - [19/Aug/2013:11:22:54 -0400] "GET /scripts/website.css HTTP/1.1" 200 1923 "http://www.hwcollectorsnationals.com/" "Mozilla/5.0 (Windows NT 6.1; WOW64; rv:21.0) Gecko/20100101 Firefox/21.0"
75.179.149.144 - - [19/Aug/2013:11:22:54 -0400] "GET /scripts/print.css HTTP/1.1" 200 8383 "http://www.hwcollectorsnationals.com/" "Mozilla/5.0 (Windows NT 6.1; WOW64; rv:21.0) Gecko/20100101 Firefox/21.0"
75.179.149.144 - - [19/Aug/2013:11:22:54 -0400] "GET /scripts/1custom.css HTTP/1.1" 200 1143 "http://www.hwcollectorsnationals.com/" "Mozilla/5.0 (Windows NT 6.1; WOW64; rv:21.0) Gecko/20100101 Firefox/21.0"
75.179.149.144 - - [19/Aug/2013:11:22:54 -0400] "GET /scripts/icwebsiteelement.css HTTP/1.1" 200 8132 "http://www.hwcollectorsnationals.com/" "Mozilla/5.0 (Windows NT 6.1; WOW64; rv:21.0) Gecko/20100101 Firefox/21.0"
75.179.149.144 - - [19/Aug/2013:11:22:55 -0400] "GET /images/Fotolia_5429963_X.jpg HTTP/1.1" 200 7961 "http://www.hwcollectorsnationals.com/scripts/website.css" "Mozilla/5.0 (Windows NT 6.1; WOW64; rv:21.0) Gecko/20100101 Firefox/21.0"
75.179.149.144 - - [19/Aug/2013:11:22:55 -0400] "GET /images/nav-divider.png HTTP/1.1" 200 171 "http://www.hwcollectorsnationals.com/scripts/template.css" "Mozilla/5.0 (Windows NT 6.1; WOW64; rv:21.0) Gecko/20100101 Firefox/21.0"
75.179.149.144 - - [19/Aug/2013:11:22:56 -0400] "GET /favicon.ico HTTP/1.1" 404 575 "-" "Mozilla/5.0 (Windows NT 6.1; WOW64; rv:21.0) Gecko/20100101 Firefox/21.0"
100.43.83.154 - - [19/Aug/2013:12:06:31 -0400] "GET /images/220_IMG_6617edited.jpg HTTP/1.1" 304 - "-" "Mozilla/5.0 (compatible; YandexImages/3.0; +http://yandex.com/bots)"
157.55.33.22 - - [19/Aug/2013:14:50:04 -0400] "GET /robots.txt HTTP/1.1" 200 25 "-" "Mozilla/5.0 (compatible; bingbot/2.0; +http://www.bing.com/bingbot.htm)"
199.30.20.18 - - [19/Aug/2013:23:44:18 -0400] "GET /robots.txt HTTP/1.1" 200 25 "-" "msnbot-media/1.1 (+http://search.msn.com/msnbot.htm)"
10.30.72.4 - - [19/Aug/2013:00:54:52 -0400] "GET /form.php HTTP/1.1" 200 51801 "http://www.hwcollectorsconvention.com/purchaseticketshere.html" "Mozilla/4.0 (compatible; MSIE 8.0; Windows NT 5.1; Trident/4.0; GTB7.5; .NET CLR 1.1.4322; .NET CLR 2.0.50727; .NET CLR 3.0.4506.2152; .NET CLR 3.5.30729)"
142.4.96.194 - - [19/Aug/2013:22:29:48 -0400] "GET /form.php HTTP/1.0" 200 51801 "http://hwcollectorsnationals.com/form.php" "Mozilla/5.0 (Windows NT 6.2; WOW64; rv:16.0) Gecko/20100101 Firefox/16.0"
199.58.86.209 - - [19/Aug/2013:23:13:19 -0400] "GET /robots.txt HTTP/1.0" 200 25 "-" "Mozilla/5.0 (compatible; MJ12bot/v1.4.3; http://www.majestic12.co.uk/bot.php?+)"
10.30.72.4 - - [19/Aug/2013:16:11:56 -0400] "POST /form_mail.php HTTP/1.1" 302 3 "https://secure.netsolhost.com/hwcollectorsnationals.com/form.php" "Mozilla/5.0 (Macintosh; Intel Mac OS X 10_8_4) AppleWebKit/536.30.1 (KHTML, like Gecko) Version/6.0.5 Safari/536.30.1"
65.55.215.34 - - [19/Aug/2013:14:26:39 -0400] "GET /robots.txt HTTP/1.1" 200 25 "-" "msnbot-media/1.1 (+http://search.msn.com/msnbot.htm)"
10.30.72.4 - - [19/Aug/2013:19:10:00 -0400] "POST /form_mail.php HTTP/1.1" 302 3 "https://secure.netsolhost.com/hwcollectorsnationals.com/form.php" "Mozilla/5.0 (Windows NT 6.3; WOW64; Trident/7.0; MDDCJS; rv:11.0) like Gecko"
109.120.157.179 - - [19/Aug/2013:16:16:30 -0400] "GET / HTTP/1.1" 200 9780 "http://bowlingadvisor.com/" "Mozilla/5.0 (compatible; Add Catalog/2.1;)"
46.118.126.194 - - [19/Aug/2013:12:57:09 -0400] "GET / HTTP/1.1" 200 9780 "http://www.auto-loker.ru/" "Mozilla/4.0 (compatible; MSIE 6.0; Windows NT 5.2; Win64; AMD64)"
208.115.111.69 - - [19/Aug/2013:04:20:07 -0400] "GET /robots.txt HTTP/1.1" 200 25 "-" "Mozilla/5.0 (compatible; Ezooms/1.0; ezooms.bot@gmail.com)"
91.207.9.226 - - [19/Aug/2013:07:28:40 -0400] "GET / HTTP/1.1" 200 9780 "http://roomgirls.ru/" "Mozilla/4.0 (compatible; MSIE 6.0; Windows NT 5.1; .NET CLR 1.1.4322; FDM)"
75.179.149.144 - - [19/Aug/2013:11:22:55 -0400] "GET /images/nav-button-overlay.png HTTP/1.1" 200 197 "http://www.hwcollectorsnationals.com/scripts/template.css" "Mozilla/5.0 (Windows NT 6.1; WOW64; rv:21.0) Gecko/20100101 Firefox/21.0"
75.179.149.144 - - [19/Aug/2013:11:22:55 -0400] "GET /images/navcrnr_lr.png HTTP/1.1" 200 293 "http://www.hwcollectorsnationals.com/scripts/template.css" "Mozilla/5.0 (Windows NT 6.1; WOW64; rv:21.0) Gecko/20100101 Firefox/21.0"
66.249.75.87 - - [19/Aug/2013:01:53:03 -0400] "GET /images/RegForm.pdf HTTP/1.1" 200 96291 "-" "Mozilla/5.0 (compatible; Googlebot/2.1; +http://www.google.com/bot.html)"
99.105.108.168 - - [19/Aug/2013:16:21:46 -0400] "GET /scripts/user.js HTTP/1.1" 200 23762 "http://www.hwcollectorsnationals.com/" "Mozilla/4.0 (compatible; MSIE 7.0; Windows NT 6.1; WOW64; Trident/6.0; SLCC2; .NET CLR 2.0.50727; .NET CLR 3.5.30729; .NET CLR 3.0.30729; Media Center PC 6.0; MALN; .NET4.0C; InfoPath.2; McAfee)"
75.139.129.94 - - [19/Aug/2013:13:29:24 -0400] "GET /favicon.ico HTTP/1.1" 404 575 "-" "Mozilla/5.0 (compatible; MSIE 10.0; Windows NT 6.2; Win64; x64; Trident/6.0)"
10.30.72.4 - - [19/Aug/2013:21:17:55 -0400] "GET /form.php HTTP/1.1" 200 51801 "http://hwcollectorsconvention.com/purchaseticketshere.html" "Mozilla/5.0 (Windows NT 6.1; WOW64) AppleWebKit/537.36 (KHTML, like Gecko) Chrome/28.0.1500.95 Safari/537.36"
199.58.86.209 - - [19/Aug/2013:23:13:20 -0400] "GET / HTTP/1.0" 200 9780 "-" "Mozilla/5.0 (compatible; MJ12bot/v1.4.3; http://www.majestic12.co.uk/bot.php?+)"
199.30.25.116 - - [19/Aug/2013:20:27:54 -0400] "GET /scripts/website.css HTTP/1.1" 200 1923 "http://hwcollectorsnationals.com/overflowhotel.html" "Mozilla/5.0 (Windows NT 6.1; WOW64) AppleWebKit/534+ (KHTML, like Gecko) BingPreview/1.0b"
