199.30.25.116 - - [19/Aug/2013:20:27:55 -0400] "GET /images/Fotolia_5429963_X.jpg HTTP/1.1" 200 7961 "http://hwcollectorsnationals.com/overflowhotel.html" "Mozilla/5.0 (Windows NT 6.1; WOW64) AppleWebKit/534+ (KHTML, like Gecko) BingPreview/1.0b"
199.30.25.116 - - [19/Aug/2013:20:27:55 -0400] "GET /images/nav-button-overlay.png HTTP/1.1" 200 197 "http://hwcollectorsnationals.com/overflowhotel.html" "Mozilla/5.0 (Windows NT 6.1; WOW64) AppleWebKit/534+ (KHTML, like Gecko) BingPreview/1.0b"
75.139.129.94 - - [19/Aug/2013:13:19:33 -0400] "GET /scripts/ic_globals_published.js HTTP/1.1" 200 566 "http://hwcollectorsnationals.com/" "Mozilla/5.0 (compatible; MSIE 10.0; Windows NT 6.2; WOW64; Trident/6.0)"
75.139.129.94 - - [19/Aug/2013:13:19:33 -0400] "GET /scripts/print.css HTTP/1.1" 200 8383 "http://hwcollectorsnationals.com/" "Mozilla/5.0 (compatible; MSIE 10.0; Windows NT 6.2; WOW64; Trident/6.0)"
75.139.129.94 - - [19/Aug/2013:13:19:33 -0400] "GET /scripts/icwebsiteelement.css HTTP/1.1" 200 8132 "http://hwcollectorsnationals.com/" "Mozilla/5.0 (compatible; MSIE 10.0; Windows NT 6.2; WOW64; Trident/6.0)"
75.139.129.94 - - [19/Aug/2013:13:19:33 -0400] "GET /images/navcrnr_ur.png HTTP/1.1" 200 348 "http://hwcollectorsnationals.com/" "Mozilla/5.0 (compatible; MSIE 10.0; Windows NT 6.2; WOW64; Trident/6.0)"
221.232.63.251 - - [19/Aug/2013:14:57:11 -0400] "GET /messageboard.html HTTP/1.1" 200 185 "-" "Mozilla/4.0 (compatible; MSIE 6.0; Windows NT 5.1; SV1;)"
100.43.83.154 - - [19/Aug/2013:07:51:26 -0400] "GET /images/220_DSC01112edited.jpg HTTP/1.1" 304 - "-" "Mozilla/5.0 (compatible; YandexImages/3.0; +http://yandex.com/bots)"
46.119.118.152 - - [19/Aug/2013:12:56:15 -0400] "GET / HTTP/1.1" 200 9780 "http://www.tvspirit.net/" "Mozilla/4.0 (compatible; MSIE 6.0; Windows NT 5.1; SV1)"
142.4.112.209 - - [19/Aug/2013:00:26:07 -0400] "GET /messageboard.html HTTP/1.1" 200 185 "-" "Mozilla/4.0 (compatible; MSIE 6.0; Windows NT 5.1; SV1)"
157.56.93.150 - - [19/Aug/2013:06:24:27 -0400] "GET /images/Sizzlers.pdf HTTP/1.1" 200 89360 "-" "Mozilla/5.0 (compatible; bingbot/2.0; +http://www.bing.com/bingbot.htm)"
91.207.9.226 - - [19/Aug/2013:07:28:41 -0400] "GET / HTTP/1.1" 200 9780 "http://roomgirls.ru/" "Mozilla/4.0 (compatible; MSIE 6.0; Windows NT 5.1; .NET CLR 1.1.4322; FDM)"
157.55.32.105 - - [19/Aug/2013:01:03:39 -0400] "GET / HTTP/1.1" 200 9780 "-" "Mozilla/5.0 (compatible; bingbot/2.0; +http://www.bing.com/bingbot.htm)"
157.55.33.22 - - [19/Aug/2013:19:26:31 -0400] "GET /overflowhotel.html HTTP/1.1" 200 10797 "-" "Mozilla/5.0 (compatible; bingbot/2.0; +http://www.bing.com/bingbot.htm)"
46.118.126.194 - - [19/Aug/2013:23:12:32 -0400] "GET / HTTP/1.1" 200 9780 "http://golden-praga.ru/" "Mozilla/4.0 (compatible; MSIE 6.0; Windows NT 5.2; Win64; AMD64)"
46.119.118.152 - - [19/Aug/2013:12:56:16 -0400] "GET / HTTP/1.1" 200 9780 "http://www.tvspirit.net/" "Mozilla/4.0 (compatible; MSIE 6.0; Windows NT 5.1; SV1)"
75.139.129.94 - - [19/Aug/2013:13:19:33 -0400] "GET /scripts/template.css HTTP/1.1" 200 8354 "http://hwcollectorsnationals.com/" "Mozilla/5.0 (compatible; MSIE 10.0; Windows NT 6.2; WOW64; Trident/6.0)"
75.139.129.94 - - [19/Aug/2013:13:19:33 -0400] "GET /scripts/photoalbum.js HTTP/1.1" 200 62481 "http://hwcollectorsnationals.com/" "Mozilla/5.0 (compatible; MSIE 10.0; Windows NT 6.2; WOW64; Trident/6.0)"
75.139.129.94 - - [19/Aug/2013:13:19:33 -0400] "GET /images/nav-button-overlay.png HTTP/1.1" 200 197 "http://hwcollectorsnationals.com/" "Mozilla/5.0 (compatible; MSIE 10.0; Windows NT 6.2; WOW64; Trident/6.0)"
75.139.129.94 - - [19/Aug/2013:13:19:33 -0400] "GET /images/navcrnr_lr.png HTTP/1.1" 200 293 "http://hwcollectorsnationals.com/" "Mozilla/5.0 (compatible; MSIE 10.0; Windows NT 6.2; WOW64; Trident/6.0)"
75.139.129.94 - - [19/Aug/2013:13:19:33 -0400] "GET /images/header-overlay-alt.png HTTP/1.1" 200 3414 "http://hwcollectorsnationals.com/" "Mozilla/5.0 (compatible; MSIE 10.0; Windows NT 6.2; WOW64; Trident/6.0)"
10.30.72.4 - - [19/Aug/2013:13:41:30 -0400] "GET /form.php?&mail=success HTTP/1.1" 200 1050 "https://secure.netsolhost.com/hwcollectorsnationals.com/form.php" "Mozilla/5.0 (Windows NT 6.2; WOW64) AppleWebKit/537.36 (KHTML, like Gecko) Chrome/28.0.1500.95 Safari/537.36"
123.125.71.54 - - [19/Aug/2013:22:36:02 -0400] "GET / HTTP/1.1" 304 - "-" "Mozilla/5.0 (compatible; Baiduspider/2.0; +http://www.baidu.com/search/spider.html)"
114.166.127.135 - - [19/Aug/2013:03:48:07 -0400] "GET / HTTP/1.1" 200 9780 "-" "Mozilla/4.0 (compatible; MSIE 6.0; Windows NT 5.1; SV1; .NET CLR 1.1.4322)"
75.139.129.94 - - [19/Aug/2013:13:19:33 -0400] "GET /scripts/website.css HTTP/1.1" 200 1923 "http://hwcollectorsnationals.com/" "Mozilla/5.0 (compatible; MSIE 10.0; Windows NT 6.2; WOW64; Trident/6.0)"
75.139.129.94 - - [19/Aug/2013:13:19:33 -0400] "GET /scripts/1custom.css HTTP/1.1" 200 1143 "http://hwcollectorsnationals.com/" "Mozilla/5.0 (compatible; MSIE 10.0; Windows NT 6.2; WOW64; Trident/6.0)"
75.139.129.94 - - [19/Aug/2013:13:19:33 -0400] "GET /images/navcrnr_ul.png HTTP/1.1" 200 322 "http://hwcollectorsnationals.com/" "Mozilla/5.0 (compatible; MSIE 10.0; Windows NT 6.2; WOW64; Trident/6.0)"
75.139.129.94 - - [19/Aug/2013:13:19:33 -0400] "GET /images/accent-mask.gif HTTP/1.1" 200 734 "http://hwcollectorsnationals.com/" "Mozilla/5.0 (compatible; MSIE 10.0; Windows NT 6.2; WOW64; Trident/6.0)"
10.30.72.4 - - [19/Aug/2013:11:06:52 -0400] "GET /form.php?&mail=success HTTP/1.1" 200 1050 "https://secure.netsolhost.com/hwcollectorsnationals.com/form.php" "Mozilla/4.0 (compatible; MSIE 8.0; Windows NT 5.1; Trident/4.0; GTB7.5; .NET CLR 1.1.4322; .NET CLR 2.0.50727; .NET CLR 3.0.4506.2152; .NET CLR 3.5.30729)"
100.43.83.154 - - [19/Aug/2013:21:16:18 -0400] "GET /images/220_DSC01424.JPG HTTP/1.1" 304 - "-" "Mozilla/5.0 (compatible; YandexImages/3.0; +http://yandex.com/bots)"
66.249.75.87 - - [19/Aug/2013:18:48:39 -0400] "GET /scripts/1custom.css HTTP/1.1" 200 1143 "-" "Mozilla/5.0 (compatible; Googlebot/2.1; +http://www.google.com/bot.html)"
65.55.215.107 - - [19/Aug/2013:19:38:10 -0400] "GET /robots.txt HTTP/1.1" 200 25 "-" "msnbot-media/1.1 (+http://search.msn.com/msnbot.htm)"
46.118.126.194 - - [19/Aug/2013:12:57:11 -0400] "GET / HTTP/1.1" 200 9780 "http://www.vmk-logistics.ru/" "Mozilla/4.0 (compatible; MSIE 6.0; Windows NT 5.2; Win64; AMD64)"
75.139.129.94 - - [19/Aug/2013:13:29:23 -0400] "GET /scripts/template.css HTTP/1.1" 200 8354 "http://www.hwcollectorsnationals.com/sundaytoyshow.html" "Mozilla/5.0 (compatible; MSIE 10.0; Windows NT 6.2; WOW64; Trident/6.0)"
75.139.129.94 - - [19/Aug/2013:13:29:23 -0400] "GET /scripts/photoalbum.js HTTP/1.1" 200 62481 "http://www.hwcollectorsnationals.com/sundaytoyshow.html" "Mozilla/5.0 (compatible; MSIE 10.0; Windows NT 6.2; WOW64; Trident/6.0)"
75.139.129.94 - - [19/Aug/2013:13:29:23 -0400] "GET /images/accent-mask.gif HTTP/1.1" 200 734 "http://www.hwcollectorsnationals.com/sundaytoyshow.html" "Mozilla/5.0 (compatible; MSIE 10.0; Windows NT 6.2; WOW64; Trident/6.0)"
75.139.129.94 - - [19/Aug/2013:13:29:23 -0400] "GET /images/nav-button-overlay.png HTTP/1.1" 200 197 "http://www.hwcollectorsnationals.com/sundaytoyshow.html" "Mozilla/5.0 (compatible; MSIE 10.0; Windows NT 6.2; WOW64; Trident/6.0)"
75.139.129.94 - - [19/Aug/2013:13:29:23 -0400] "GET /images/nav-divider.png HTTP/1.1" 200 171 "http://www.hwcollectorsnationals.com/sundaytoyshow.html" "Mozilla/5.0 (compatible; MSIE 10.0; Windows NT 6.2; WOW64; Trident/6.0)"
75.139.129.94 - - [19/Aug/2013:13:29:23 -0400] "GET /images/navcrnr_lr.png HTTP/1.1" 200 293 "http://www.hwcollectorsnationals.com/sundaytoyshow.html" "Mozilla/5.0 (compatible; MSIE 10.0; Windows NT 6.2; WOW64; Trident/6.0)"
75.139.129.94 - - [19/Aug/2013:13:29:23 -0400] "GET /images/footer-wide.jpg HTTP/1.1" 200 2145 "http://www.hwcollectorsnationals.com/sundaytoyshow.html" "Mozilla/5.0 (compatible; MSIE 10.0; Windows NT 6.2; WOW64; Trident/6.0)"
208.115.111.69 - - [19/Aug/2013:12:20:35 -0400] "GET /robots.txt HTTP/1.1" 200 25 "-" "Mozilla/5.0 (compatible; Ezooms/1.0; ezooms.bot@gmail.com)"
75.139.129.94 - - [19/Aug/2013:13:19:33 -0400] "GET /favicon.ico HTTP/1.1" 404 575 "-" "Mozilla/5.0 (compatible; MSIE 10.0; Windows NT 6.2; Win64; x64; Trident/6.0)"
66.249.75.87 - - [19/Aug/2013:18:48:36 -0400] "GET /scripts/template.css HTTP/1.1" 200 8354 "-" "Mozilla/5.0 (compatible; Googlebot/2.1; +http://www.google.com/bot.html)"
100.43.83.154 - - [19/Aug/2013:19:51:37 -0400] "GET /images/220_DSC01432.JPG HTTP/1.1" 304 - "-" "Mozilla/5.0 (compatible; YandexImages/3.0; +http://yandex.com/bots)"
10.30.72.4 - - [19/Aug/2013:01:23:06 -0400] "GET /form.php HTTP/1.1" 200 51801 "http://www.hwcollectorsconvention.com/purchaseticketshere.html" "Mozilla/5.0 (Linux; U; Android 2.3.6; en-us; HUAWEI-M920 Build/GINGERBREAD) AppleWebKit/533.1 (KHTML, like Gecko) Version/4.0 Mobile Safari/533.1"
188.134.65.101 - - [19/Aug/2013:08:31:19 -0400] "GET /wp-login.php HTTP/1.1" 404 575 "http://hwcollectorsnationals.com/wp-login.php" "Mozilla/5.0 (Windows; U; Windows NT 6.1; rv:16.0.1) Gecko/20121011 Firefox/16.0.1"
10.30.72.4 - - [19/Aug/2013:16:06:31 -0400] "GET /form.php HTTP/1.1" 200 51801 "http://hwcollectorsconvention.com/purchaseticketshere.html" "Mozilla/5.0 (Macintosh; Intel Mac OS X 10_8_4) AppleWebKit/536.30.1 (KHTML, like Gecko) Version/6.0.5 Safari/536.30.1"
10.30.72.4 - - [19/Aug/2013:13:26:04 -0400] "GET /form.php HTTP/1.1" 200 51801 "http://www.hwcollectorsconvention.com/purchaseticketshere.html" "Mozilla/5.0 (Windows NT 6.2; WOW64) AppleWebKit/537.36 (KHTML, like Gecko) Chrome/28.0.1500.95 Safari/537.36"
193.43.252.252 - - [19/Aug/2013:13:56:03 -0400] "GET / HTTP/1.0" 200 9780 "http://getfilesme.com/" "Mozilla/4.0 (compatible; MSIE 6.0; Windows NT 5.1; SV1; .NET CLR 1.1.4322)"
10.30.72.4 - - [19/Aug/2013:15:06:13 -0400] "GET /form.php HTTP/1.1" 200 51801 "http://www.hwcollectorsconvention.com/purchaseticketshere.html" "Mozilla/5.0 (Windows NT 6.1) AppleWebKit/537.36 (KHTML, like Gecko) Chrome/28.0.1500.95 Safari/537.36"
65.55.215.107 - - [19/Aug/2013:19:38:10 -0400] "GET /images/220_DSC01116edited.jpg HTTP/1.1" 200 6387 "-" "msnbot-media/1.1 (+http://search.msn.com/msnbot.htm)"
180.76.5.143 - - [19/Aug/2013:19:49:41 -0400] "GET /ourspecialguests.html HTTP/1.1" 304 - "-" "Mozilla/5.0 (compatible; Baiduspider/2.0; +http://www.baidu.com/search/spider.html)"
217.73.208.104 - - [19/Aug/2013:13:34:39 -0400] "GET /robots.txt HTTP/1.1" 200 25 "-" "Mozilla/5.0 (compatible; IstellaBot/1.10.2 +http://www.tiscali.it/)"
46.118.126.194 - - [19/Aug/2013:12:57:10 -0400] "GET / HTTP/1.1" 200 9780 "http://www.vmk-logistics.ru/" "Mozilla/4.0 (compatible; MSIE 6.0; Windows NT 5.2; Win64; AMD64)"
193.43.252.252 - - [19/Aug/2013:13:56:04 -0400] "GET / HTTP/1.0" 200 9780 "http://getfilesme.com/" "Mozilla/4.0 (compatible; MSIE 6.0; Windows NT 5.1; FREE; .NET CLR 1.1.4322)"
10.30.72.4 - - [19/Aug/2013:01:11:43 -0400] "GET /form.php HTTP/1.1" 200 51801 "http://www.hwcollectorsconvention.com/purchaseticketshere.html" "Mozilla/5.0 (Linux; U; Android 2.3.6; en-us; HUAWEI-M920 Build/GINGERBREAD) AppleWebKit/533.1 (KHTML, like Gecko) Version/4.0 Mobile Safari/533.1"
10.30.72.4 - - [19/Aug/2013:01:14:27 -0400] "GET /form.php HTTP/1.1" 200 51801 "http://www.hwcollectorsconvention.com/purchaseticketshere.html" "Mozilla/5.0 (Linux; U; Android 2.3.6; en-us; HUAWEI-M920 Build/GINGERBREAD) AppleWebKit/533.1 (KHTML, like Gecko) Version/4.0 Mobile Safari/533.1"
100.43.83.154 - - [19/Aug/2013:01:40:31 -0400] "GET /images/220_DSC01423.JPG HTTP/1.1" 304 - "-" "Mozilla/5.0 (compatible; YandexImages/3.0; +http://yandex.com/bots)"
46.118.126.194 - - [19/Aug/2013:12:57:10 -0400] "GET / HTTP/1.1" 200 9780 "http://www.auto-loker.ru/" "Mozilla/4.0 (compatible; MSIE 6.0; Windows NT 5.2; Win64; AMD64)"
99.105.108.168 - - [19/Aug/2013:16:21:51 -0400] "GET /scripts/template.css HTTP/1.1" 200 8354 "http://www.hwcollectorsnationals.com/" "Mozilla/4.0 (compatible; MSIE 7.0; Windows NT 6.1; WOW64; Trident/6.0; SLCC2; .NET CLR 2.0.50727; .NET CLR 3.5.30729; .NET CLR 3.0.30729; Media Center PC 6.0; MALN; .NET4.0C; InfoPath.2; McAfee)"
99.105.108.168 - - [19/Aug/2013:16:21:52 -0400] "GET /images/accent-mask.gif HTTP/1.1" 200 734 "http://www.hwcollectorsnationals.com/" "Mozilla/4.0 (compatible; MSIE 7.0; Windows NT 6.1; WOW64; Trident/6.0; SLCC2; .NET CLR 2.0.50727; .NET CLR 3.5.30729; .NET CLR 3.0.30729; Media Center PC 6.0; MALN; .NET4.0C; InfoPath.2; McAfee)"
99.105.108.168 - - [19/Aug/2013:16:21:52 -0400] "GET /images/Fotolia_5429963_X.jpg HTTP/1.1" 200 7961 "http://www.hwcollectorsnationals.com/" "Mozilla/4.0 (compatible; MSIE 7.0; Windows NT 6.1; WOW64; Trident/6.0; SLCC2; .NET CLR 2.0.50727; .NET CLR 3.5.30729; .NET CLR 3.0.30729; Media Center PC 6.0; MALN; .NET4.0C; InfoPath.2; McAfee)"
99.105.108.168 - - [19/Aug/2013:16:21:52 -0400] "GET /images/navcrnr_ur.png HTTP/1.1" 200 348 "http://www.hwcollectorsnationals.com/" "Mozilla/4.0 (compatible; MSIE 7.0; Windows NT 6.1; WOW64; Trident/6.0; SLCC2; .NET CLR 2.0.50727; .NET CLR 3.5.30729; .NET CLR 3.0.30729; Media Center PC 6.0; MALN; .NET4.0C; InfoPath.2; McAfee)"
100.43.83.154 - - [19/Aug/2013:16:16:04 -0400] "GET /images/750_Convoy2_2.14.jpg HTTP/1.1" 200 38398 "-" "Mozilla/5.0 (compatible; YandexImages/3.0; +http://yandex.com/bots)"
157.56.93.150 - - [19/Aug/2013:06:20:53 -0400] "GET /robots.txt HTTP/1.1" 200 25 "-" "Mozilla/5.0 (compatible; bingbot/2.0; +http://www.bing.com/bingbot.htm)"
157.55.33.22 - - [19/Aug/2013:12:38:10 -0400] "GET /images/Poker_2013_Nats_APPROVED_10.29.12.doc HTTP/1.1" 200 26112 "-" "Mozilla/5.0 (compatible; bingbot/2.0; +http://www.bing.com/bingbot.htm)"
66.249.75.87 - - [19/Aug/2013:18:48:33 -0400] "GET /scripts/website.css HTTP/1.1" 200 1923 "-" "Mozilla/5.0 (compatible; Googlebot/2.1; +http://www.google.com/bot.html)"
199.30.25.116 - - [19/Aug/2013:20:28:00 -0400] "GET /images/navcrnr_ur.png HTTP/1.1" 200 348 "http://hwcollectorsnationals.com/overflowhotel.html" "Mozilla/5.0 (Windows NT 6.1; WOW64) AppleWebKit/534+ (KHTML, like Gecko) BingPreview/1.0b"
10.30.72.4 - - [19/Aug/2013:20:31:59 -0400] "GET /form.php HTTP/1.1" 200 51801 "http://hwcollectorsconvention.com/purchaseticketshere.html" "Mozilla/5.0 (Windows NT 6.3; WOW64; Trident/7.0; MDDCJS; rv:11.0) like Gecko"
100.43.83.154 - - [19/Aug/2013:09:07:13 -0400] "GET /images/220_DSC01123edited.jpg HTTP/1.1" 304 - "-" "Mozilla/5.0 (compatible; YandexImages/3.0; +http://yandex.com/bots)"