0byt3m1n1
Path:
/
data
/
0
/
0
/
88
/
128
/
88780
/
meta
/
90160
/
logs
/
[
Home
]
File: x-access_log.2013-08-12
80.248.176.136 - - [12/Aug/2013:07:46:02 -0400] "GET / HTTP/1.1" 200 5107 "-" "Jakarta Commons-HttpClient/3.0.1"
206.188.199.46 - - [12/Aug/2013:09:19:38 -0400] "GET / HTTP/1.1" 200 5107 "-" "Jakarta Commons-HttpClient/3.0.1"
205.178.190.97 - - [12/Aug/2013:19:55:03 -0400] "GET / HTTP/1.1" 200 5107 "-" "Jakarta Commons-HttpClient/3.0.1"
70.243.68.68 - - [12/Aug/2013:15:51:32 -0400] "GET /images/7sstruths/7sstruths_pen_01.jpg HTTP/1.1" 200 5429 "http://www.horizonstar.com/presenter.html" "Mozilla/5.0 (compatible; MSIE 9.0; Windows NT 6.1; Win64; x64; Trident/5.0)"
70.243.68.68 - - [12/Aug/2013:15:51:33 -0400] "GET /images/7sstruths/7sstruths_pen_08.jpg HTTP/1.1" 200 1087 "http://www.horizonstar.com/presenter.html" "Mozilla/5.0 (compatible; MSIE 9.0; Windows NT 6.1; Win64; x64; Trident/5.0)"
70.243.68.68 - - [12/Aug/2013:15:51:33 -0400] "GET /images/7sstruths/7sstruths_pen_14.jpg HTTP/1.1" 200 868 "http://www.horizonstar.com/presenter.html" "Mozilla/5.0 (compatible; MSIE 9.0; Windows NT 6.1; Win64; x64; Trident/5.0)"
70.243.68.68 - - [12/Aug/2013:15:51:33 -0400] "GET /images/7sstruths/7sstruths_pen_19.jpg HTTP/1.1" 200 14229 "http://www.horizonstar.com/presenter.html" "Mozilla/5.0 (compatible; MSIE 9.0; Windows NT 6.1; Win64; x64; Trident/5.0)"
70.243.68.68 - - [12/Aug/2013:15:51:34 -0400] "GET /images/7sstruths/7sstruths2_17.jpg HTTP/1.1" 304 - "http://www.horizonstar.com/presenter.html" "Mozilla/5.0 (compatible; MSIE 9.0; Windows NT 6.1; Win64; x64; Trident/5.0)"
70.243.68.68 - - [12/Aug/2013:15:51:57 -0400] "GET /images/7sstruths/7sstruths_01.jpg HTTP/1.1" 304 - "http://www.horizonstar.com/all_about.html" "Mozilla/5.0 (compatible; MSIE 9.0; Windows NT 6.1; Win64; x64; Trident/5.0)"
70.243.68.68 - - [12/Aug/2013:15:51:57 -0400] "GET /images/7sstruths/7sstruths_08.jpg HTTP/1.1" 304 - "http://www.horizonstar.com/all_about.html" "Mozilla/5.0 (compatible; MSIE 9.0; Windows NT 6.1; Win64; x64; Trident/5.0)"
70.243.68.68 - - [12/Aug/2013:15:51:57 -0400] "GET /images/7sstruths/7sstruths_14.jpg HTTP/1.1" 304 - "http://www.horizonstar.com/all_about.html" "Mozilla/5.0 (compatible; MSIE 9.0; Windows NT 6.1; Win64; x64; Trident/5.0)"
70.243.68.68 - - [12/Aug/2013:15:51:57 -0400] "GET /images/7sstruths/7sstruths_19.jpg HTTP/1.1" 304 - "http://www.horizonstar.com/all_about.html" "Mozilla/5.0 (compatible; MSIE 9.0; Windows NT 6.1; Win64; x64; Trident/5.0)"
70.243.68.68 - - [12/Aug/2013:15:51:58 -0400] "GET /images/7sstruths/7sstruths2_15.jpg HTTP/1.1" 304 - "http://www.horizonstar.com/all_about.html" "Mozilla/5.0 (compatible; MSIE 9.0; Windows NT 6.1; Win64; x64; Trident/5.0)"
70.243.68.68 - - [12/Aug/2013:15:51:59 -0400] "GET /images/7sstruths/7sstruths_17.jpg HTTP/1.1" 304 - "http://www.horizonstar.com/all_about.html" "Mozilla/5.0 (compatible; MSIE 9.0; Windows NT 6.1; Win64; x64; Trident/5.0)"
206.188.199.46 - - [12/Aug/2013:12:19:16 -0400] "GET / HTTP/1.1" 200 5107 "-" "Jakarta Commons-HttpClient/3.0.1"
70.243.68.68 - - [12/Aug/2013:15:51:21 -0400] "GET /all_about.html HTTP/1.1" 200 12990 "http://www.horizonstar.com/" "Mozilla/5.0 (compatible; MSIE 9.0; Windows NT 6.1; Win64; x64; Trident/5.0)"
70.243.68.68 - - [12/Aug/2013:15:51:22 -0400] "GET /images/7sstruths/7sstruths_06.jpg HTTP/1.1" 200 2931 "http://www.horizonstar.com/all_about.html" "Mozilla/5.0 (compatible; MSIE 9.0; Windows NT 6.1; Win64; x64; Trident/5.0)"
70.243.68.68 - - [12/Aug/2013:15:51:22 -0400] "GET /images/7sstruths/7sstruths_04.jpg HTTP/1.1" 200 5597 "http://www.horizonstar.com/all_about.html" "Mozilla/5.0 (compatible; MSIE 9.0; Windows NT 6.1; Win64; x64; Trident/5.0)"
70.243.68.68 - - [12/Aug/2013:15:51:22 -0400] "GET /images/7sstruths/7sstruths_12.jpg HTTP/1.1" 200 3778 "http://www.horizonstar.com/all_about.html" "Mozilla/5.0 (compatible; MSIE 9.0; Windows NT 6.1; Win64; x64; Trident/5.0)"
70.243.68.68 - - [12/Aug/2013:15:51:22 -0400] "GET /images/7sstruths/7sstruths_18.jpg HTTP/1.1" 200 3440 "http://www.horizonstar.com/all_about.html" "Mozilla/5.0 (compatible; MSIE 9.0; Windows NT 6.1; Win64; x64; Trident/5.0)"
70.243.68.68 - - [12/Aug/2013:15:51:22 -0400] "GET /images/7sstruths/7sstruths_23.jpg HTTP/1.1" 200 1704 "http://www.horizonstar.com/all_about.html" "Mozilla/5.0 (compatible; MSIE 9.0; Windows NT 6.1; Win64; x64; Trident/5.0)"
70.243.68.68 - - [12/Aug/2013:15:51:24 -0400] "GET /images/7sstruths/7sstruths2_16.jpg HTTP/1.1" 200 3670 "http://www.horizonstar.com/all_about.html" "Mozilla/5.0 (compatible; MSIE 9.0; Windows NT 6.1; Win64; x64; Trident/5.0)"
70.243.68.68 - - [12/Aug/2013:15:51:32 -0400] "GET /presenter.html HTTP/1.1" 200 13004 "http://www.horizonstar.com/all_about.html" "Mozilla/5.0 (compatible; MSIE 9.0; Windows NT 6.1; Win64; x64; Trident/5.0)"
70.243.68.68 - - [12/Aug/2013:15:51:32 -0400] "GET /images/7sstruths/7sstruths_04.jpg HTTP/1.1" 304 - "http://www.horizonstar.com/presenter.html" "Mozilla/5.0 (compatible; MSIE 9.0; Windows NT 6.1; Win64; x64; Trident/5.0)"
70.243.68.68 - - [12/Aug/2013:15:51:32 -0400] "GET /images/7sstruths/7sstruths_pen_09.jpg HTTP/1.1" 200 4359 "http://www.horizonstar.com/presenter.html" "Mozilla/5.0 (compatible; MSIE 9.0; Windows NT 6.1; Win64; x64; Trident/5.0)"
70.243.68.68 - - [12/Aug/2013:15:51:33 -0400] "GET /images/7sstruths/7sstruths_pen_13.jpg HTTP/1.1" 200 3466 "http://www.horizonstar.com/presenter.html" "Mozilla/5.0 (compatible; MSIE 9.0; Windows NT 6.1; Win64; x64; Trident/5.0)"
70.243.68.68 - - [12/Aug/2013:15:51:33 -0400] "GET /images/7sstruths/7sstruths_18.jpg HTTP/1.1" 304 - "http://www.horizonstar.com/presenter.html" "Mozilla/5.0 (compatible; MSIE 9.0; Windows NT 6.1; Win64; x64; Trident/5.0)"
70.243.68.68 - - [12/Aug/2013:15:51:33 -0400] "GET /images/7sstruths/7sstruths_21.jpg HTTP/1.1" 304 - "http://www.horizonstar.com/presenter.html" "Mozilla/5.0 (compatible; MSIE 9.0; Windows NT 6.1; Win64; x64; Trident/5.0)"
70.243.68.68 - - [12/Aug/2013:15:51:33 -0400] "GET /images/7sstruths/7sstruths2_16.jpg HTTP/1.1" 304 - "http://www.horizonstar.com/presenter.html" "Mozilla/5.0 (compatible; MSIE 9.0; Windows NT 6.1; Win64; x64; Trident/5.0)"
70.243.68.68 - - [12/Aug/2013:15:51:54 -0400] "GET /images/7sstruths/7sstruths_news_01.jpg HTTP/1.1" 200 5370 "http://www.horizonstar.com/the_truth.html" "Mozilla/5.0 (compatible; MSIE 9.0; Windows NT 6.1; Win64; x64; Trident/5.0)"
70.243.68.68 - - [12/Aug/2013:15:51:54 -0400] "GET /images/7sstruths/7sstruths_12.jpg HTTP/1.1" 304 - "http://www.horizonstar.com/the_truth.html" "Mozilla/5.0 (compatible; MSIE 9.0; Windows NT 6.1; Win64; x64; Trident/5.0)"
70.243.68.68 - - [12/Aug/2013:15:51:55 -0400] "GET /images/7sstruths/7sstruths_news_19.jpg HTTP/1.1" 200 21336 "http://www.horizonstar.com/the_truth.html" "Mozilla/5.0 (compatible; MSIE 9.0; Windows NT 6.1; Win64; x64; Trident/5.0)"
70.243.68.68 - - [12/Aug/2013:15:51:56 -0400] "GET /all_about.html HTTP/1.1" 304 - "http://www.horizonstar.com/the_truth.html" "Mozilla/5.0 (compatible; MSIE 9.0; Windows NT 6.1; Win64; x64; Trident/5.0)"
70.243.68.68 - - [12/Aug/2013:15:51:57 -0400] "GET /images/7sstruths/7sstruths_04.jpg HTTP/1.1" 304 - "http://www.horizonstar.com/all_about.html" "Mozilla/5.0 (compatible; MSIE 9.0; Windows NT 6.1; Win64; x64; Trident/5.0)"
69.36.45.65 - - [12/Aug/2013:10:47:08 -0400] "GET / HTTP/1.1" 200 5107 "-" "Jakarta Commons-HttpClient/3.0.1"
70.243.68.68 - - [12/Aug/2013:15:51:22 -0400] "GET /GeneratedItems/CSScriptLib.js HTTP/1.1" 200 97868 "http://www.horizonstar.com/all_about.html" "Mozilla/5.0 (compatible; MSIE 9.0; Windows NT 6.1; Win64; x64; Trident/5.0)"
206.188.199.46 - - [12/Aug/2013:14:59:28 -0400] "GET / HTTP/1.1" 200 5107 "-" "Jakarta Commons-HttpClient/3.0.1"
69.36.45.65 - - [12/Aug/2013:02:14:59 -0400] "GET / HTTP/1.1" 200 5107 "-" "Jakarta Commons-HttpClient/3.0.1"
70.243.68.68 - - [12/Aug/2013:15:51:57 -0400] "GET /images/7sstruths/7sstruths_04.jpg HTTP/1.1" 304 - "http://www.horizonstar.com/all_about.html" "Mozilla/5.0 (compatible; MSIE 9.0; Windows NT 6.1; Win64; x64; Trident/5.0)"
70.243.68.68 - - [12/Aug/2013:15:51:57 -0400] "GET /images/7sstruths/7sstruths_06.jpg HTTP/1.1" 304 - "http://www.horizonstar.com/all_about.html" "Mozilla/5.0 (compatible; MSIE 9.0; Windows NT 6.1; Win64; x64; Trident/5.0)"
70.243.68.68 - - [12/Aug/2013:15:51:57 -0400] "GET /images/7sstruths/7sstruths_12.jpg HTTP/1.1" 304 - "http://www.horizonstar.com/all_about.html" "Mozilla/5.0 (compatible; MSIE 9.0; Windows NT 6.1; Win64; x64; Trident/5.0)"
70.243.68.68 - - [12/Aug/2013:15:51:57 -0400] "GET /images/7sstruths/7sstruths_17.jpg HTTP/1.1" 304 - "http://www.horizonstar.com/all_about.html" "Mozilla/5.0 (compatible; MSIE 9.0; Windows NT 6.1; Win64; x64; Trident/5.0)"
70.243.68.68 - - [12/Aug/2013:15:51:58 -0400] "GET /images/7sstruths/7sstruths_23.jpg HTTP/1.1" 304 - "http://www.horizonstar.com/all_about.html" "Mozilla/5.0 (compatible; MSIE 9.0; Windows NT 6.1; Win64; x64; Trident/5.0)"
70.243.68.68 - - [12/Aug/2013:15:51:59 -0400] "GET /images/7sstruths/7sstruths_15.jpg HTTP/1.1" 304 - "http://www.horizonstar.com/all_about.html" "Mozilla/5.0 (compatible; MSIE 9.0; Windows NT 6.1; Win64; x64; Trident/5.0)"
70.243.68.68 - - [12/Aug/2013:15:52:01 -0400] "GET /images/7sstruths/7sstruths_17.jpg HTTP/1.1" 304 - "http://www.horizonstar.com/all_about.html" "Mozilla/5.0 (compatible; MSIE 9.0; Windows NT 6.1; Win64; x64; Trident/5.0)"
80.248.176.136 - - [12/Aug/2013:17:19:18 -0400] "GET / HTTP/1.1" 200 5107 "-" "Jakarta Commons-HttpClient/3.0.1"
70.243.68.68 - - [12/Aug/2013:15:51:57 -0400] "GET /images/7sstruths/7sstruths_02.jpg HTTP/1.1" 304 - "http://www.horizonstar.com/all_about.html" "Mozilla/5.0 (compatible; MSIE 9.0; Windows NT 6.1; Win64; x64; Trident/5.0)"
70.243.68.68 - - [12/Aug/2013:15:51:57 -0400] "GET /images/7sstruths/7sstruths_07.jpg HTTP/1.1" 304 - "http://www.horizonstar.com/all_about.html" "Mozilla/5.0 (compatible; MSIE 9.0; Windows NT 6.1; Win64; x64; Trident/5.0)"
70.243.68.68 - - [12/Aug/2013:15:51:57 -0400] "GET /images/7sstruths/7sstruths_13.jpg HTTP/1.1" 304 - "http://www.horizonstar.com/all_about.html" "Mozilla/5.0 (compatible; MSIE 9.0; Windows NT 6.1; Win64; x64; Trident/5.0)"
70.243.68.68 - - [12/Aug/2013:15:51:57 -0400] "GET /images/7sstruths/7sstruths_18.jpg HTTP/1.1" 304 - "http://www.horizonstar.com/all_about.html" "Mozilla/5.0 (compatible; MSIE 9.0; Windows NT 6.1; Win64; x64; Trident/5.0)"
70.243.68.68 - - [12/Aug/2013:15:51:58 -0400] "GET /images/7sstruths_bkgd.jpg HTTP/1.1" 304 - "http://www.horizonstar.com/all_about.html" "Mozilla/5.0 (compatible; MSIE 9.0; Windows NT 6.1; Win64; x64; Trident/5.0)"
70.243.68.68 - - [12/Aug/2013:15:51:59 -0400] "GET /images/7sstruths/7sstruths_16.jpg HTTP/1.1" 304 - "http://www.horizonstar.com/all_about.html" "Mozilla/5.0 (compatible; MSIE 9.0; Windows NT 6.1; Win64; x64; Trident/5.0)"
206.188.199.46 - - [12/Aug/2013:06:14:00 -0400] "GET / HTTP/1.1" 200 5107 "-" "Jakarta Commons-HttpClient/3.0.1"
69.36.45.65 - - [12/Aug/2013:04:29:10 -0400] "GET / HTTP/1.1" 200 5107 "-" "Jakarta Commons-HttpClient/3.0.1"
69.36.45.65 - - [12/Aug/2013:21:19:31 -0400] "GET / HTTP/1.1" 200 5107 "-" "Jakarta Commons-HttpClient/3.0.1"
80.248.176.136 - - [12/Aug/2013:22:48:00 -0400] "GET / HTTP/1.1" 200 5107 "-" "Jakarta Commons-HttpClient/3.0.1"
66.249.75.14 - - [12/Aug/2013:06:00:13 -0400] "GET /images/7sstruths/7sstruths_pen_03.jpg HTTP/1.1" 304 - "-" "Googlebot-Image/1.0"
70.243.68.68 - - [12/Aug/2013:15:51:22 -0400] "GET /images/7sstruths_bkgd.css HTTP/1.1" 200 130 "http://www.horizonstar.com/all_about.html" "Mozilla/5.0 (compatible; MSIE 9.0; Windows NT 6.1; Win64; x64; Trident/5.0)"
70.243.68.68 - - [12/Aug/2013:15:51:22 -0400] "GET /images/7sstruths/7sstruths_08.jpg HTTP/1.1" 200 1213 "http://www.horizonstar.com/all_about.html" "Mozilla/5.0 (compatible; MSIE 9.0; Windows NT 6.1; Win64; x64; Trident/5.0)"
70.243.68.68 - - [12/Aug/2013:15:51:22 -0400] "GET /images/7sstruths/7sstruths_10.jpg HTTP/1.1" 200 3940 "http://www.horizonstar.com/all_about.html" "Mozilla/5.0 (compatible; MSIE 9.0; Windows NT 6.1; Win64; x64; Trident/5.0)"
70.243.68.68 - - [12/Aug/2013:15:51:22 -0400] "GET /images/7sstruths/7sstruths_15.jpg HTTP/1.1" 200 3717 "http://www.horizonstar.com/all_about.html" "Mozilla/5.0 (compatible; MSIE 9.0; Windows NT 6.1; Win64; x64; Trident/5.0)"
70.243.68.68 - - [12/Aug/2013:15:51:22 -0400] "GET /images/7sstruths/7sstruths_21.jpg HTTP/1.1" 200 2511 "http://www.horizonstar.com/all_about.html" "Mozilla/5.0 (compatible; MSIE 9.0; Windows NT 6.1; Win64; x64; Trident/5.0)"
70.243.68.68 - - [12/Aug/2013:15:51:24 -0400] "GET /images/7sstruths_bkgd.jpg HTTP/1.1" 200 15966 "http://www.horizonstar.com/all_about.html" "Mozilla/5.0 (compatible; MSIE 9.0; Windows NT 6.1; Win64; x64; Trident/5.0)"
66.249.75.14 - - [12/Aug/2013:22:44:47 -0400] "GET /robots.txt HTTP/1.1" 404 575 "-" "Mozilla/5.0 (compatible; Googlebot/2.1; +http://www.google.com/bot.html)"
66.249.75.14 - - [12/Aug/2013:22:44:47 -0400] "GET / HTTP/1.1" 200 5107 "-" "Mozilla/5.0 (iPhone; U; CPU iPhone OS 4_1 like Mac OS X; en-us) AppleWebKit/532.9 (KHTML, like Gecko) Version/4.0.5 Mobile/8B117 Safari/6531.22.7 (compatible; Googlebot-Mobile/2.1; +http://www.google.com/bot.html)"
70.243.68.68 - - [12/Aug/2013:15:51:03 -0400] "GET /images/horizon7.css HTTP/1.1" 200 125 "http://www.horizonstar.com/" "Mozilla/5.0 (compatible; MSIE 9.0; Windows NT 6.1; Win64; x64; Trident/5.0)"
70.243.68.68 - - [12/Aug/2013:15:51:32 -0400] "GET /images/7sstruths/7sstruths_17.jpg HTTP/1.1" 304 - "http://www.horizonstar.com/all_about.html" "Mozilla/5.0 (compatible; MSIE 9.0; Windows NT 6.1; Win64; x64; Trident/5.0)"
70.243.68.68 - - [12/Aug/2013:15:51:02 -0400] "GET / HTTP/1.1" 200 5107 "-" "Mozilla/5.0 (compatible; MSIE 9.0; Windows NT 6.1; Win64; x64; Trident/5.0)"
70.243.68.68 - - [12/Aug/2013:15:51:03 -0400] "GET /images/horizon7.jpg HTTP/1.1" 200 112668 "http://www.horizonstar.com/" "Mozilla/5.0 (compatible; MSIE 9.0; Windows NT 6.1; Win64; x64; Trident/5.0)"
70.243.68.68 - - [12/Aug/2013:15:51:32 -0400] "GET /GeneratedItems/CSScriptLib.js HTTP/1.1" 304 - "http://www.horizonstar.com/presenter.html" "Mozilla/5.0 (compatible; MSIE 9.0; Windows NT 6.1; Win64; x64; Trident/5.0)"
66.249.75.14 - - [12/Aug/2013:10:22:13 -0400] "GET /images/7sstruths/7sstruths_02.jpg HTTP/1.1" 304 - "-" "Googlebot-Image/1.0"
199.21.99.117 - - [12/Aug/2013:10:29:55 -0400] "GET / HTTP/1.1" 200 5107 "-" "Mozilla/5.0 (compatible; YandexBot/3.0; +http://yandex.com/bots)"
75.125.251.186 - - [12/Aug/2013:02:14:59 -0400] "GET / HTTP/1.1" 200 5107 "-" "Jakarta Commons-HttpClient/3.0.1"
87.244.141.29 - - [12/Aug/2013:18:50:35 -0400] "HEAD /?author=1 HTTP/1.1" 200 - "-" "Mozilla/5.0 (compatible; Googlebot/2.1; +http://www.google.com/bot.html)"
70.243.68.68 - - [12/Aug/2013:15:51:32 -0400] "GET /images/7sstruths/7sstruths_pen_02.jpg HTTP/1.1" 200 1622 "http://www.horizonstar.com/presenter.html" "Mozilla/5.0 (compatible; MSIE 9.0; Windows NT 6.1; Win64; x64; Trident/5.0)"
70.243.68.68 - - [12/Aug/2013:15:51:32 -0400] "GET /images/7sstruths/7sstruths_pen_03.jpg HTTP/1.1" 200 4550 "http://www.horizonstar.com/presenter.html" "Mozilla/5.0 (compatible; MSIE 9.0; Windows NT 6.1; Win64; x64; Trident/5.0)"
70.243.68.68 - - [12/Aug/2013:15:51:33 -0400] "GET /images/7sstruths/7sstruths_11.jpg HTTP/1.1" 304 - "http://www.horizonstar.com/presenter.html" "Mozilla/5.0 (compatible; MSIE 9.0; Windows NT 6.1; Win64; x64; Trident/5.0)"
70.243.68.68 - - [12/Aug/2013:15:51:33 -0400] "GET /images/7sstruths/7sstruths_16.jpg HTTP/1.1" 304 - "http://www.horizonstar.com/presenter.html" "Mozilla/5.0 (compatible; MSIE 9.0; Windows NT 6.1; Win64; x64; Trident/5.0)"
70.243.68.68 - - [12/Aug/2013:15:51:33 -0400] "GET /images/36x18.gif HTTP/1.1" 304 - "http://www.horizonstar.com/presenter.html" "Mozilla/5.0 (compatible; MSIE 9.0; Windows NT 6.1; Win64; x64; Trident/5.0)"
70.243.68.68 - - [12/Aug/2013:15:51:33 -0400] "GET /images/7sstruths/7sstruths_22.jpg HTTP/1.1" 304 - "http://www.horizonstar.com/presenter.html" "Mozilla/5.0 (compatible; MSIE 9.0; Windows NT 6.1; Win64; x64; Trident/5.0)"
70.243.68.68 - - [12/Aug/2013:15:51:34 -0400] "GET /images/7sstruths/7sstruths2_18.jpg HTTP/1.1" 304 - "http://www.horizonstar.com/presenter.html" "Mozilla/5.0 (compatible; MSIE 9.0; Windows NT 6.1; Win64; x64; Trident/5.0)"
80.248.176.136 - - [12/Aug/2013:10:47:28 -0400] "GET / HTTP/1.1" 200 5107 "-" "Jakarta Commons-HttpClient/3.0.1"
80.248.176.136 - - [12/Aug/2013:10:47:48 -0400] "GET / HTTP/1.1" 200 5107 "-" "Jakarta Commons-HttpClient/3.0.1"
206.188.199.46 - - [12/Aug/2013:21:19:31 -0400] "GET / HTTP/1.1" 200 5107 "-" "Jakarta Commons-HttpClient/3.0.1"
80.248.176.136 - - [12/Aug/2013:19:55:03 -0400] "GET / HTTP/1.1" 200 5107 "-" "Jakarta Commons-HttpClient/3.0.1"
206.188.199.46 - - [12/Aug/2013:19:55:03 -0400] "GET / HTTP/1.1" 200 5107 "-" "Jakarta Commons-HttpClient/3.0.1"
75.125.251.186 - - [12/Aug/2013:21:19:34 -0400] "GET / HTTP/1.1" 200 5107 "-" "Jakarta Commons-HttpClient/3.0.1"
80.248.176.136 - - [12/Aug/2013:02:14:59 -0400] "GET / HTTP/1.1" 200 5107 "-" "Jakarta Commons-HttpClient/3.0.1"
199.21.99.117 - - [12/Aug/2013:10:29:37 -0400] "GET /robots.txt HTTP/1.1" 404 575 "-" "Mozilla/5.0 (compatible; YandexBot/3.0; +http://yandex.com/bots)"
199.21.99.117 - - [12/Aug/2013:10:29:39 -0400] "GET / HTTP/1.1" 200 5107 "-" "Mozilla/5.0 (compatible; YandexBot/3.0; +http://yandex.com/bots)"
75.125.251.186 - - [12/Aug/2013:10:47:08 -0400] "GET / HTTP/1.1" 200 5107 "-" "Jakarta Commons-HttpClient/3.0.1"
69.36.45.65 - - [12/Aug/2013:07:46:02 -0400] "GET / HTTP/1.1" 200 5107 "-" "Jakarta Commons-HttpClient/3.0.1"
75.125.251.186 - - [12/Aug/2013:17:19:18 -0400] "GET / HTTP/1.1" 200 5107 "-" "Jakarta Commons-HttpClient/3.0.1"
69.36.45.65 - - [12/Aug/2013:18:33:15 -0400] "GET / HTTP/1.1" 200 5107 "-" "Jakarta Commons-HttpClient/3.0.1"
70.243.68.68 - - [12/Aug/2013:15:51:22 -0400] "GET /images/7sstruths/7sstruths_05.jpg HTTP/1.1" 200 2631 "http://www.horizonstar.com/all_about.html" "Mozilla/5.0 (compatible; MSIE 9.0; Windows NT 6.1; Win64; x64; Trident/5.0)"
70.243.68.68 - - [12/Aug/2013:15:51:22 -0400] "GET /images/7sstruths/7sstruths_02.jpg HTTP/1.1" 200 1655 "http://www.horizonstar.com/all_about.html" "Mozilla/5.0 (compatible; MSIE 9.0; Windows NT 6.1; Win64; x64; Trident/5.0)"
70.243.68.68 - - [12/Aug/2013:15:51:22 -0400] "GET /images/7sstruths/7sstruths_11.jpg HTTP/1.1" 200 3444 "http://www.horizonstar.com/all_about.html" "Mozilla/5.0 (compatible; MSIE 9.0; Windows NT 6.1; Win64; x64; Trident/5.0)"
70.243.68.68 - - [12/Aug/2013:15:51:22 -0400] "GET /images/7sstruths/7sstruths_17.jpg HTTP/1.1" 200 2969 "http://www.horizonstar.com/all_about.html" "Mozilla/5.0 (compatible; MSIE 9.0; Windows NT 6.1; Win64; x64; Trident/5.0)"
70.243.68.68 - - [12/Aug/2013:15:51:22 -0400] "GET /images/7sstruths/7sstruths_22.jpg HTTP/1.1" 200 8591 "http://www.horizonstar.com/all_about.html" "Mozilla/5.0 (compatible; MSIE 9.0; Windows NT 6.1; Win64; x64; Trident/5.0)"
70.243.68.68 - - [12/Aug/2013:15:51:24 -0400] "GET /images/7sstruths/7sstruths2_15.jpg HTTP/1.1" 200 3935 "http://www.horizonstar.com/all_about.html" "Mozilla/5.0 (compatible; MSIE 9.0; Windows NT 6.1; Win64; x64; Trident/5.0)"
80.248.176.136 - - [12/Aug/2013:14:59:29 -0400] "GET / HTTP/1.1" 200 5107 "-" "Jakarta Commons-HttpClient/3.0.1"
66.249.75.14 - - [12/Aug/2013:15:17:01 -0400] "GET /images/7sstruths/7sstruths_10.jpg HTTP/1.1" 304 - "-" "Googlebot-Image/1.0"
70.243.68.68 - - [12/Aug/2013:15:51:21 -0400] "GET /GeneratedItems/CSScriptLib.js HTTP/1.1" 200 97868 "http://www.horizonstar.com/all_about.html" "Mozilla/5.0 (compatible; MSIE 9.0; Windows NT 6.1; Win64; x64; Trident/5.0)"
70.243.68.68 - - [12/Aug/2013:15:51:22 -0400] "GET /images/7sstruths/7sstruths_01.jpg HTTP/1.1" 200 5349 "http://www.horizonstar.com/all_about.html" "Mozilla/5.0 (compatible; MSIE 9.0; Windows NT 6.1; Win64; x64; Trident/5.0)"
70.243.68.68 - - [12/Aug/2013:15:51:22 -0400] "GET /images/7sstruths/7sstruths_07.jpg HTTP/1.1" 200 3142 "http://www.horizonstar.com/all_about.html" "Mozilla/5.0 (compatible; MSIE 9.0; Windows NT 6.1; Win64; x64; Trident/5.0)"
70.243.68.68 - - [12/Aug/2013:15:51:22 -0400] "GET /images/7sstruths/7sstruths_13.jpg HTTP/1.1" 200 3740 "http://www.horizonstar.com/all_about.html" "Mozilla/5.0 (compatible; MSIE 9.0; Windows NT 6.1; Win64; x64; Trident/5.0)"
70.243.68.68 - - [12/Aug/2013:15:51:22 -0400] "GET /images/7sstruths/7sstruths_19.jpg HTTP/1.1" 200 19689 "http://www.horizonstar.com/all_about.html" "Mozilla/5.0 (compatible; MSIE 9.0; Windows NT 6.1; Win64; x64; Trident/5.0)"
70.243.68.68 - - [12/Aug/2013:15:51:24 -0400] "GET /images/7sstruths/7sstruths2_17.jpg HTTP/1.1" 200 3136 "http://www.horizonstar.com/all_about.html" "Mozilla/5.0 (compatible; MSIE 9.0; Windows NT 6.1; Win64; x64; Trident/5.0)"
70.243.68.68 - - [12/Aug/2013:15:51:54 -0400] "GET /images/7sstruths/7sstruths_news_03.jpg HTTP/1.1" 200 4547 "http://www.horizonstar.com/the_truth.html" "Mozilla/5.0 (compatible; MSIE 9.0; Windows NT 6.1; Win64; x64; Trident/5.0)"
70.243.68.68 - - [12/Aug/2013:15:51:54 -0400] "GET /images/7sstruths/7sstruths_news_14.jpg HTTP/1.1" 200 864 "http://www.horizonstar.com/the_truth.html" "Mozilla/5.0 (compatible; MSIE 9.0; Windows NT 6.1; Win64; x64; Trident/5.0)"
70.243.68.68 - - [12/Aug/2013:15:51:55 -0400] "GET /images/36x18.gif HTTP/1.1" 304 - "http://www.horizonstar.com/the_truth.html" "Mozilla/5.0 (compatible; MSIE 9.0; Windows NT 6.1; Win64; x64; Trident/5.0)"
70.243.68.68 - - [12/Aug/2013:15:51:55 -0400] "GET /images/7sstruths/7sstruths2_16.jpg HTTP/1.1" 304 - "http://www.horizonstar.com/the_truth.html" "Mozilla/5.0 (compatible; MSIE 9.0; Windows NT 6.1; Win64; x64; Trident/5.0)"
70.243.68.68 - - [12/Aug/2013:15:51:57 -0400] "GET /GeneratedItems/CSScriptLib.js HTTP/1.1" 304 - "http://www.horizonstar.com/all_about.html" "Mozilla/5.0 (compatible; MSIE 9.0; Windows NT 6.1; Win64; x64; Trident/5.0)"
69.36.45.65 - - [12/Aug/2013:13:42:16 -0400] "GET / HTTP/1.1" 200 5107 "-" "Jakarta Commons-HttpClient/3.0.1"
69.36.45.65 - - [12/Aug/2013:14:59:29 -0400] "GET / HTTP/1.1" 200 5107 "-" "Jakarta Commons-HttpClient/3.0.1"
67.211.200.121 - - [12/Aug/2013:05:30:32 -0400] "GET /reality_fog.html HTTP/1.0" 200 13798 "-" "Mozilla/5.0 (X11; Ubuntu; Linux x86_64; rv:22.0) Gecko/20100101 Firefox/22.0 support@google.com"
69.36.45.65 - - [12/Aug/2013:06:13:59 -0400] "GET / HTTP/1.1" 200 5107 "-" "Jakarta Commons-HttpClient/3.0.1"
70.243.68.68 - - [12/Aug/2013:15:51:57 -0400] "GET /images/7sstruths_bkgd.css HTTP/1.1" 304 - "http://www.horizonstar.com/all_about.html" "Mozilla/5.0 (compatible; MSIE 9.0; Windows NT 6.1; Win64; x64; Trident/5.0)"
70.243.68.68 - - [12/Aug/2013:15:51:57 -0400] "GET /images/7sstruths/7sstruths_05.jpg HTTP/1.1" 304 - "http://www.horizonstar.com/all_about.html" "Mozilla/5.0 (compatible; MSIE 9.0; Windows NT 6.1; Win64; x64; Trident/5.0)"
75.125.251.186 - - [12/Aug/2013:16:11:24 -0400] "GET / HTTP/1.1" 200 5107 "-" "Jakarta Commons-HttpClient/3.0.1"
80.248.176.136 - - [12/Aug/2013:21:19:31 -0400] "GET / HTTP/1.1" 200 5107 "-" "Jakarta Commons-HttpClient/3.0.1"
205.178.190.97 - - [12/Aug/2013:12:19:16 -0400] "GET / HTTP/1.1" 200 5107 "-" "Jakarta Commons-HttpClient/3.0.1"
38.109.44.252 - - [12/Aug/2013:12:38:40 -0400] "GET / HTTP/1.0" 200 5107 "-" "Mozilla/5.0 (Windows; U; Windows NT 6.0; en-GB; rv:1.9.2.24) Gecko/20111103 Firefox/3.6.24"
205.178.190.97 - - [12/Aug/2013:13:42:20 -0400] "GET / HTTP/1.1" 200 5107 "-" "Jakarta Commons-HttpClient/3.0.1"
80.248.176.136 - - [12/Aug/2013:13:42:20 -0400] "GET / HTTP/1.1" 200 5107 "-" "Jakarta Commons-HttpClient/3.0.1"
206.188.199.46 - - [12/Aug/2013:13:42:49 -0400] "GET / HTTP/1.1" 200 5107 "-" "Jakarta Commons-HttpClient/3.0.1"
70.243.68.68 - - [12/Aug/2013:15:51:04 -0400] "GET /images/star_icon.jpg HTTP/1.1" 200 4494 "-" "Mozilla/5.0 (compatible; MSIE 9.0; Windows NT 6.1; Win64; x64; Trident/5.0)"
70.243.68.68 - - [12/Aug/2013:15:51:53 -0400] "GET /images/7sstruths/7sstruths_pen_15.jpg HTTP/1.1" 304 - "http://www.horizonstar.com/presenter.html" "Mozilla/5.0 (compatible; MSIE 9.0; Windows NT 6.1; Win64; x64; Trident/5.0)"
70.243.68.68 - - [12/Aug/2013:15:51:54 -0400] "GET /GeneratedItems/CSScriptLib.js HTTP/1.1" 304 - "http://www.horizonstar.com/the_truth.html" "Mozilla/5.0 (compatible; MSIE 9.0; Windows NT 6.1; Win64; x64; Trident/5.0)"
70.243.68.68 - - [12/Aug/2013:15:51:54 -0400] "GET /images/7sstruths/7sstruths_04.jpg HTTP/1.1" 304 - "http://www.horizonstar.com/the_truth.html" "Mozilla/5.0 (compatible; MSIE 9.0; Windows NT 6.1; Win64; x64; Trident/5.0)"
70.243.68.68 - - [12/Aug/2013:15:51:54 -0400] "GET /images/7sstruths/7sstruths_06.jpg HTTP/1.1" 304 - "http://www.horizonstar.com/the_truth.html" "Mozilla/5.0 (compatible; MSIE 9.0; Windows NT 6.1; Win64; x64; Trident/5.0)"
70.243.68.68 - - [12/Aug/2013:15:51:54 -0400] "GET /images/7sstruths/7sstruths_10.jpg HTTP/1.1" 304 - "http://www.horizonstar.com/the_truth.html" "Mozilla/5.0 (compatible; MSIE 9.0; Windows NT 6.1; Win64; x64; Trident/5.0)"
70.243.68.68 - - [12/Aug/2013:15:51:54 -0400] "GET /images/7sstruths/7sstruths_16.jpg HTTP/1.1" 304 - "http://www.horizonstar.com/the_truth.html" "Mozilla/5.0 (compatible; MSIE 9.0; Windows NT 6.1; Win64; x64; Trident/5.0)"
70.243.68.68 - - [12/Aug/2013:15:51:55 -0400] "GET /images/7sstruths/7sstruths_22.jpg HTTP/1.1" 304 - "http://www.horizonstar.com/the_truth.html" "Mozilla/5.0 (compatible; MSIE 9.0; Windows NT 6.1; Win64; x64; Trident/5.0)"
70.243.68.68 - - [12/Aug/2013:15:51:55 -0400] "GET /images/7sstruths/7sstruths2_18.jpg HTTP/1.1" 304 - "http://www.horizonstar.com/the_truth.html" "Mozilla/5.0 (compatible; MSIE 9.0; Windows NT 6.1; Win64; x64; Trident/5.0)"
70.243.68.68 - - [12/Aug/2013:15:51:57 -0400] "GET /images/7sstruths/7sstruths_01.jpg HTTP/1.1" 304 - "http://www.horizonstar.com/all_about.html" "Mozilla/5.0 (compatible; MSIE 9.0; Windows NT 6.1; Win64; x64; Trident/5.0)"
206.188.199.46 - - [12/Aug/2013:17:19:18 -0400] "GET / HTTP/1.1" 200 5107 "-" "Jakarta Commons-HttpClient/3.0.1"
206.188.199.46 - - [12/Aug/2013:13:42:56 -0400] "GET / HTTP/1.1" 200 5107 "-" "Jakarta Commons-HttpClient/3.0.1"
205.178.190.97 - - [12/Aug/2013:21:19:31 -0400] "GET / HTTP/1.1" 200 5107 "-" "Jakarta Commons-HttpClient/3.0.1"
67.211.200.121 - - [12/Aug/2013:00:24:33 -0400] "GET /robots.txt HTTP/1.0" 404 575 "-" "Mozilla/5.0 (X11; Ubuntu; Linux x86_64; rv:22.0) Gecko/20100101 Firefox/22.0 (support@google.com)"
205.178.190.97 - - [12/Aug/2013:04:29:10 -0400] "GET / HTTP/1.1" 200 5107 "-" "Jakarta Commons-HttpClient/3.0.1"
199.21.99.117 - - [12/Aug/2013:10:29:34 -0400] "GET /robots.txt HTTP/1.1" 404 575 "-" "Mozilla/5.0 (compatible; YandexBot/3.0; +http://yandex.com/bots)"
199.21.99.117 - - [12/Aug/2013:10:29:36 -0400] "GET / HTTP/1.1" 200 5107 "-" "Mozilla/5.0 (compatible; YandexBot/3.0; +http://yandex.com/bots)"
70.243.68.68 - - [12/Aug/2013:15:51:22 -0400] "GET /images/7sstruths/7sstruths_03.jpg HTTP/1.1" 200 4545 "http://www.horizonstar.com/all_about.html" "Mozilla/5.0 (compatible; MSIE 9.0; Windows NT 6.1; Win64; x64; Trident/5.0)"
70.243.68.68 - - [12/Aug/2013:15:51:22 -0400] "GET /images/7sstruths/7sstruths_09.jpg HTTP/1.1" 200 4355 "http://www.horizonstar.com/all_about.html" "Mozilla/5.0 (compatible; MSIE 9.0; Windows NT 6.1; Win64; x64; Trident/5.0)"
70.243.68.68 - - [12/Aug/2013:15:51:22 -0400] "GET /images/7sstruths/7sstruths_14.jpg HTTP/1.1" 200 991 "http://www.horizonstar.com/all_about.html" "Mozilla/5.0 (compatible; MSIE 9.0; Windows NT 6.1; Win64; x64; Trident/5.0)"
70.243.68.68 - - [12/Aug/2013:15:51:22 -0400] "GET /images/36x18.gif HTTP/1.1" 200 64 "http://www.horizonstar.com/all_about.html" "Mozilla/5.0 (compatible; MSIE 9.0; Windows NT 6.1; Win64; x64; Trident/5.0)"
70.243.68.68 - - [12/Aug/2013:15:51:23 -0400] "GET /images/7sstruths/7sstruths_16.jpg HTTP/1.1" 200 3436 "http://www.horizonstar.com/all_about.html" "Mozilla/5.0 (compatible; MSIE 9.0; Windows NT 6.1; Win64; x64; Trident/5.0)"
70.243.68.68 - - [12/Aug/2013:15:51:24 -0400] "GET /images/7sstruths/7sstruths2_18.jpg HTTP/1.1" 200 3631 "http://www.horizonstar.com/all_about.html" "Mozilla/5.0 (compatible; MSIE 9.0; Windows NT 6.1; Win64; x64; Trident/5.0)"
70.243.68.68 - - [12/Aug/2013:15:51:24 -0400] "GET /images/star_icon.jpg HTTP/1.1" 200 4494 "-" "Mozilla/5.0 (compatible; MSIE 9.0; Windows NT 6.1; Win64; x64; Trident/5.0)"
205.178.190.97 - - [12/Aug/2013:22:47:59 -0400] "GET / HTTP/1.1" 200 5107 "-" "Jakarta Commons-HttpClient/3.0.1"
46.165.197.141 - - [12/Aug/2013:02:02:49 -0400] "GET / HTTP/1.0" 200 5107 "-" "Mozilla/5.0 (compatible; MJ12bot/v1.4.3; http://www.majestic12.co.uk/bot.php?+)"
205.178.190.97 - - [12/Aug/2013:02:14:59 -0400] "GET / HTTP/1.1" 200 5107 "-" "Jakarta Commons-HttpClient/3.0.1"
70.243.68.68 - - [12/Aug/2013:15:51:03 -0400] "GET /images/horizon7.css HTTP/1.1" 200 125 "http://www.horizonstar.com/" "Mozilla/5.0 (compatible; MSIE 9.0; Windows NT 6.1; Win64; x64; Trident/5.0)"
75.125.251.186 - - [12/Aug/2013:07:46:02 -0400] "GET / HTTP/1.1" 200 5107 "-" "Jakarta Commons-HttpClient/3.0.1"
75.125.251.186 - - [12/Aug/2013:14:59:29 -0400] "GET / HTTP/1.1" 200 5107 "-" "Jakarta Commons-HttpClient/3.0.1"
70.243.68.68 - - [12/Aug/2013:15:51:54 -0400] "GET /images/7sstruths/7sstruths_news_02.jpg HTTP/1.1" 200 1590 "http://www.horizonstar.com/the_truth.html" "Mozilla/5.0 (compatible; MSIE 9.0; Windows NT 6.1; Win64; x64; Trident/5.0)"
70.243.68.68 - - [12/Aug/2013:15:51:54 -0400] "GET /images/7sstruths/7sstruths_news_07.jpg HTTP/1.1" 200 3117 "http://www.horizonstar.com/the_truth.html" "Mozilla/5.0 (compatible; MSIE 9.0; Windows NT 6.1; Win64; x64; Trident/5.0)"
70.243.68.68 - - [12/Aug/2013:15:51:54 -0400] "GET /images/7sstruths/7sstruths_11.jpg HTTP/1.1" 304 - "http://www.horizonstar.com/the_truth.html" "Mozilla/5.0 (compatible; MSIE 9.0; Windows NT 6.1; Win64; x64; Trident/5.0)"
70.243.68.68 - - [12/Aug/2013:15:51:54 -0400] "GET /images/7sstruths/7sstruths_17.jpg HTTP/1.1" 304 - "http://www.horizonstar.com/the_truth.html" "Mozilla/5.0 (compatible; MSIE 9.0; Windows NT 6.1; Win64; x64; Trident/5.0)"
70.243.68.68 - - [12/Aug/2013:15:51:55 -0400] "GET /images/7sstruths/7sstruths_23.jpg HTTP/1.1" 304 - "http://www.horizonstar.com/the_truth.html" "Mozilla/5.0 (compatible; MSIE 9.0; Windows NT 6.1; Win64; x64; Trident/5.0)"
70.243.68.68 - - [12/Aug/2013:15:51:55 -0400] "GET /images/7sstruths/7sstruths_news2_15.jpg HTTP/1.1" 200 3946 "http://www.horizonstar.com/the_truth.html" "Mozilla/5.0 (compatible; MSIE 9.0; Windows NT 6.1; Win64; x64; Trident/5.0)"
70.243.68.68 - - [12/Aug/2013:15:51:57 -0400] "GET /images/7sstruths/7sstruths_02.jpg HTTP/1.1" 304 - "http://www.horizonstar.com/all_about.html" "Mozilla/5.0 (compatible; MSIE 9.0; Windows NT 6.1; Win64; x64; Trident/5.0)"
205.178.190.97 - - [12/Aug/2013:16:11:24 -0400] "GET / HTTP/1.1" 200 5107 "-" "Jakarta Commons-HttpClient/3.0.1"
69.36.45.65 - - [12/Aug/2013:22:48:00 -0400] "GET / HTTP/1.1" 200 5107 "-" "Jakarta Commons-HttpClient/3.0.1"
75.125.251.186 - - [12/Aug/2013:09:19:38 -0400] "GET / HTTP/1.1" 200 5107 "-" "Jakarta Commons-HttpClient/3.0.1"
206.188.199.46 - - [12/Aug/2013:22:47:59 -0400] "GET / HTTP/1.1" 200 5107 "-" "Jakarta Commons-HttpClient/3.0.1"
75.125.251.186 - - [12/Aug/2013:22:48:00 -0400] "GET / HTTP/1.1" 200 5107 "-" "Jakarta Commons-HttpClient/3.0.1"
70.243.68.68 - - [12/Aug/2013:15:51:52 -0400] "GET /images/7sstruths/7sstruths_17.jpg HTTP/1.1" 304 - "http://www.horizonstar.com/presenter.html" "Mozilla/5.0 (compatible; MSIE 9.0; Windows NT 6.1; Win64; x64; Trident/5.0)"
70.243.68.68 - - [12/Aug/2013:15:51:54 -0400] "GET /GeneratedItems/CSScriptLib.js HTTP/1.1" 304 - "http://www.horizonstar.com/the_truth.html" "Mozilla/5.0 (compatible; MSIE 9.0; Windows NT 6.1; Win64; x64; Trident/5.0)"
66.249.75.14 - - [12/Aug/2013:02:06:52 -0400] "GET /robots.txt HTTP/1.1" 404 575 "-" "Mozilla/5.0 (compatible; Googlebot/2.1; +http://www.google.com/bot.html)"
123.125.71.52 - - [12/Aug/2013:20:45:40 -0400] "GET /robots.txt HTTP/1.1" 404 575 "-" "Mozilla/5.0 (compatible; Baiduspider/2.0; +http://www.baidu.com/search/spider.html)"
206.188.199.46 - - [12/Aug/2013:02:14:59 -0400] "GET / HTTP/1.1" 200 5107 "-" "Jakarta Commons-HttpClient/3.0.1"
75.125.251.186 - - [12/Aug/2013:18:33:15 -0400] "GET / HTTP/1.1" 200 5107 "-" "Jakarta Commons-HttpClient/3.0.1"
205.178.190.97 - - [12/Aug/2013:10:47:10 -0400] "GET / HTTP/1.1" 200 5107 "-" "Jakarta Commons-HttpClient/3.0.1"
75.125.251.186 - - [12/Aug/2013:12:19:23 -0400] "GET / HTTP/1.1" 200 5107 "-" "Jakarta Commons-HttpClient/3.0.1"
70.243.68.68 - - [12/Aug/2013:15:51:32 -0400] "GET /images/7sstruths/7sstruths_05.jpg HTTP/1.1" 304 - "http://www.horizonstar.com/presenter.html" "Mozilla/5.0 (compatible; MSIE 9.0; Windows NT 6.1; Win64; x64; Trident/5.0)"
70.243.68.68 - - [12/Aug/2013:15:51:32 -0400] "GET /images/7sstruths/7sstruths_pen_07.jpg HTTP/1.1" 200 3146 "http://www.horizonstar.com/presenter.html" "Mozilla/5.0 (compatible; MSIE 9.0; Windows NT 6.1; Win64; x64; Trident/5.0)"
70.243.68.68 - - [12/Aug/2013:15:51:33 -0400] "GET /images/7sstruths/7sstruths_12.jpg HTTP/1.1" 304 - "http://www.horizonstar.com/presenter.html" "Mozilla/5.0 (compatible; MSIE 9.0; Windows NT 6.1; Win64; x64; Trident/5.0)"
70.243.68.68 - - [12/Aug/2013:15:51:33 -0400] "GET /images/7sstruths/7sstruths_17.jpg HTTP/1.1" 304 - "http://www.horizonstar.com/presenter.html" "Mozilla/5.0 (compatible; MSIE 9.0; Windows NT 6.1; Win64; x64; Trident/5.0)"
70.243.68.68 - - [12/Aug/2013:15:51:33 -0400] "GET /images/rod_orr.jpg HTTP/1.1" 200 8040 "http://www.horizonstar.com/presenter.html" "Mozilla/5.0 (compatible; MSIE 9.0; Windows NT 6.1; Win64; x64; Trident/5.0)"
70.243.68.68 - - [12/Aug/2013:15:51:33 -0400] "GET /images/7sstruths_bkgd.jpg HTTP/1.1" 304 - "http://www.horizonstar.com/presenter.html" "Mozilla/5.0 (compatible; MSIE 9.0; Windows NT 6.1; Win64; x64; Trident/5.0)"
205.178.190.97 - - [12/Aug/2013:18:33:15 -0400] "GET / HTTP/1.1" 200 5107 "-" "Jakarta Commons-HttpClient/3.0.1"
75.125.251.186 - - [12/Aug/2013:19:55:03 -0400] "GET / HTTP/1.1" 200 5107 "-" "Jakarta Commons-HttpClient/3.0.1"
199.21.99.117 - - [12/Aug/2013:10:29:50 -0400] "GET / HTTP/1.1" 200 5107 "-" "Mozilla/5.0 (compatible; YandexBot/3.0; +http://yandex.com/bots)"
70.243.68.68 - - [12/Aug/2013:15:51:54 -0400] "GET /images/7sstruths_bkgd.css HTTP/1.1" 304 - "http://www.horizonstar.com/the_truth.html" "Mozilla/5.0 (compatible; MSIE 9.0; Windows NT 6.1; Win64; x64; Trident/5.0)"
70.243.68.68 - - [12/Aug/2013:15:51:54 -0400] "GET /images/7sstruths/7sstruths_news_08.jpg HTTP/1.1" 200 1083 "http://www.horizonstar.com/the_truth.html" "Mozilla/5.0 (compatible; MSIE 9.0; Windows NT 6.1; Win64; x64; Trident/5.0)"
70.243.68.68 - - [12/Aug/2013:15:51:54 -0400] "GET /images/7sstruths/7sstruths_news_13.jpg HTTP/1.1" 200 3488 "http://www.horizonstar.com/the_truth.html" "Mozilla/5.0 (compatible; MSIE 9.0; Windows NT 6.1; Win64; x64; Trident/5.0)"
70.243.68.68 - - [12/Aug/2013:15:51:55 -0400] "GET /images/7sstruths/7sstruths_18.jpg HTTP/1.1" 304 - "http://www.horizonstar.com/the_truth.html" "Mozilla/5.0 (compatible; MSIE 9.0; Windows NT 6.1; Win64; x64; Trident/5.0)"
70.243.68.68 - - [12/Aug/2013:15:51:55 -0400] "GET /images/7sstruths_bkgd.jpg HTTP/1.1" 304 - "http://www.horizonstar.com/the_truth.html" "Mozilla/5.0 (compatible; MSIE 9.0; Windows NT 6.1; Win64; x64; Trident/5.0)"
70.243.68.68 - - [12/Aug/2013:15:51:56 -0400] "GET /images/7sstruths/7sstruths_16.jpg HTTP/1.1" 304 - "http://www.horizonstar.com/the_truth.html" "Mozilla/5.0 (compatible; MSIE 9.0; Windows NT 6.1; Win64; x64; Trident/5.0)"
70.243.68.68 - - [12/Aug/2013:15:51:57 -0400] "GET /images/7sstruths/7sstruths_03.jpg HTTP/1.1" 304 - "http://www.horizonstar.com/all_about.html" "Mozilla/5.0 (compatible; MSIE 9.0; Windows NT 6.1; Win64; x64; Trident/5.0)"
70.243.68.68 - - [12/Aug/2013:15:51:57 -0400] "GET /images/7sstruths/7sstruths_03.jpg HTTP/1.1" 304 - "http://www.horizonstar.com/all_about.html" "Mozilla/5.0 (compatible; MSIE 9.0; Windows NT 6.1; Win64; x64; Trident/5.0)"
70.243.68.68 - - [12/Aug/2013:15:51:57 -0400] "GET /images/7sstruths/7sstruths_09.jpg HTTP/1.1" 304 - "http://www.horizonstar.com/all_about.html" "Mozilla/5.0 (compatible; MSIE 9.0; Windows NT 6.1; Win64; x64; Trident/5.0)"
70.243.68.68 - - [12/Aug/2013:15:51:57 -0400] "GET /images/7sstruths/7sstruths_15.jpg HTTP/1.1" 304 - "http://www.horizonstar.com/all_about.html" "Mozilla/5.0 (compatible; MSIE 9.0; Windows NT 6.1; Win64; x64; Trident/5.0)"
70.243.68.68 - - [12/Aug/2013:15:51:57 -0400] "GET /images/36x18.gif HTTP/1.1" 304 - "http://www.horizonstar.com/all_about.html" "Mozilla/5.0 (compatible; MSIE 9.0; Windows NT 6.1; Win64; x64; Trident/5.0)"
70.243.68.68 - - [12/Aug/2013:15:51:58 -0400] "GET /images/7sstruths/7sstruths2_16.jpg HTTP/1.1" 304 - "http://www.horizonstar.com/all_about.html" "Mozilla/5.0 (compatible; MSIE 9.0; Windows NT 6.1; Win64; x64; Trident/5.0)"
70.243.68.68 - - [12/Aug/2013:15:52:00 -0400] "GET /images/7sstruths/7sstruths_15.jpg HTTP/1.1" 304 - "http://www.horizonstar.com/all_about.html" "Mozilla/5.0 (compatible; MSIE 9.0; Windows NT 6.1; Win64; x64; Trident/5.0)"
80.248.176.136 - - [12/Aug/2013:18:33:15 -0400] "GET / HTTP/1.1" 200 5107 "-" "Jakarta Commons-HttpClient/3.0.1"
69.36.45.65 - - [12/Aug/2013:19:55:03 -0400] "GET / HTTP/1.1" 200 5107 "-" "Jakarta Commons-HttpClient/3.0.1"
206.188.199.46 - - [12/Aug/2013:04:29:10 -0400] "GET / HTTP/1.1" 200 5107 "-" "Jakarta Commons-HttpClient/3.0.1"
54.221.28.189 - - [12/Aug/2013:06:46:42 -0400] "HEAD / HTTP/1.1" 200 - "-" "python-requests/1.1.0 CPython/2.7.4 Linux/3.8.0-19-generic"
70.243.68.68 - - [12/Aug/2013:15:51:57 -0400] "GET /GeneratedItems/CSScriptLib.js HTTP/1.1" 304 - "http://www.horizonstar.com/all_about.html" "Mozilla/5.0 (compatible; MSIE 9.0; Windows NT 6.1; Win64; x64; Trident/5.0)"
70.243.68.68 - - [12/Aug/2013:15:51:57 -0400] "GET /images/7sstruths/7sstruths_10.jpg HTTP/1.1" 304 - "http://www.horizonstar.com/all_about.html" "Mozilla/5.0 (compatible; MSIE 9.0; Windows NT 6.1; Win64; x64; Trident/5.0)"
70.243.68.68 - - [12/Aug/2013:15:51:57 -0400] "GET /images/7sstruths/7sstruths_16.jpg HTTP/1.1" 304 - "http://www.horizonstar.com/all_about.html" "Mozilla/5.0 (compatible; MSIE 9.0; Windows NT 6.1; Win64; x64; Trident/5.0)"
70.243.68.68 - - [12/Aug/2013:15:51:58 -0400] "GET /images/7sstruths/7sstruths_21.jpg HTTP/1.1" 304 - "http://www.horizonstar.com/all_about.html" "Mozilla/5.0 (compatible; MSIE 9.0; Windows NT 6.1; Win64; x64; Trident/5.0)"
70.243.68.68 - - [12/Aug/2013:15:51:58 -0400] "GET /images/7sstruths/7sstruths2_17.jpg HTTP/1.1" 304 - "http://www.horizonstar.com/all_about.html" "Mozilla/5.0 (compatible; MSIE 9.0; Windows NT 6.1; Win64; x64; Trident/5.0)"
75.125.251.186 - - [12/Aug/2013:04:29:11 -0400] "GET / HTTP/1.1" 200 5107 "-" "Jakarta Commons-HttpClient/3.0.1"
206.188.199.46 - - [12/Aug/2013:18:33:15 -0400] "GET / HTTP/1.1" 200 5107 "-" "Jakarta Commons-HttpClient/3.0.1"
66.249.75.14 - - [12/Aug/2013:03:28:53 -0400] "GET /images/horizonstar/horizonstar_sun_07.jpg HTTP/1.1" 304 - "-" "Googlebot-Image/1.0"
69.36.45.65 - - [12/Aug/2013:09:19:38 -0400] "GET / HTTP/1.1" 200 5107 "-" "Jakarta Commons-HttpClient/3.0.1"
75.125.251.186 - - [12/Aug/2013:13:42:16 -0400] "GET / HTTP/1.1" 200 5107 "-" "Jakarta Commons-HttpClient/3.0.1"
70.243.68.68 - - [12/Aug/2013:15:51:49 -0400] "GET /images/7sstruths/7sstruths_pen_15.jpg HTTP/1.1" 304 - "http://www.horizonstar.com/presenter.html" "Mozilla/5.0 (compatible; MSIE 9.0; Windows NT 6.1; Win64; x64; Trident/5.0)"
70.243.68.68 - - [12/Aug/2013:15:51:51 -0400] "GET /images/7sstruths/7sstruths_16.jpg HTTP/1.1" 304 - "http://www.horizonstar.com/presenter.html" "Mozilla/5.0 (compatible; MSIE 9.0; Windows NT 6.1; Win64; x64; Trident/5.0)"
70.243.68.68 - - [12/Aug/2013:15:51:52 -0400] "GET /images/7sstruths/7sstruths_17.jpg HTTP/1.1" 304 - "http://www.horizonstar.com/presenter.html" "Mozilla/5.0 (compatible; MSIE 9.0; Windows NT 6.1; Win64; x64; Trident/5.0)"
70.243.68.68 - - [12/Aug/2013:15:51:52 -0400] "GET /images/7sstruths/7sstruths_18.jpg HTTP/1.1" 304 - "http://www.horizonstar.com/presenter.html" "Mozilla/5.0 (compatible; MSIE 9.0; Windows NT 6.1; Win64; x64; Trident/5.0)"
70.243.68.68 - - [12/Aug/2013:15:51:54 -0400] "GET /the_truth.html HTTP/1.1" 200 14932 "http://www.horizonstar.com/presenter.html" "Mozilla/5.0 (compatible; MSIE 9.0; Windows NT 6.1; Win64; x64; Trident/5.0)"
70.243.68.68 - - [12/Aug/2013:15:51:54 -0400] "GET /images/7sstruths/7sstruths_05.jpg HTTP/1.1" 304 - "http://www.horizonstar.com/the_truth.html" "Mozilla/5.0 (compatible; MSIE 9.0; Windows NT 6.1; Win64; x64; Trident/5.0)"
70.243.68.68 - - [12/Aug/2013:15:51:54 -0400] "GET /images/7sstruths/7sstruths_news_09.jpg HTTP/1.1" 200 4356 "http://www.horizonstar.com/the_truth.html" "Mozilla/5.0 (compatible; MSIE 9.0; Windows NT 6.1; Win64; x64; Trident/5.0)"
70.243.68.68 - - [12/Aug/2013:15:51:54 -0400] "GET /images/7sstruths/7sstruths_news_15.jpg HTTP/1.1" 200 3735 "http://www.horizonstar.com/the_truth.html" "Mozilla/5.0 (compatible; MSIE 9.0; Windows NT 6.1; Win64; x64; Trident/5.0)"
70.243.68.68 - - [12/Aug/2013:15:51:55 -0400] "GET /images/7sstruths/7sstruths_21.jpg HTTP/1.1" 304 - "http://www.horizonstar.com/the_truth.html" "Mozilla/5.0 (compatible; MSIE 9.0; Windows NT 6.1; Win64; x64; Trident/5.0)"
70.243.68.68 - - [12/Aug/2013:15:51:55 -0400] "GET /images/7sstruths/7sstruths2_17.jpg HTTP/1.1" 304 - "http://www.horizonstar.com/the_truth.html" "Mozilla/5.0 (compatible; MSIE 9.0; Windows NT 6.1; Win64; x64; Trident/5.0)"
70.243.68.68 - - [12/Aug/2013:15:51:57 -0400] "GET /images/7sstruths_bkgd.css HTTP/1.1" 304 - "http://www.horizonstar.com/all_about.html" "Mozilla/5.0 (compatible; MSIE 9.0; Windows NT 6.1; Win64; x64; Trident/5.0)"
205.178.190.97 - - [12/Aug/2013:17:19:18 -0400] "GET / HTTP/1.1" 200 5107 "-" "Jakarta Commons-HttpClient/3.0.1"
70.243.68.68 - - [12/Aug/2013:15:51:32 -0400] "GET /images/7sstruths_bkgd.css HTTP/1.1" 304 - "http://www.horizonstar.com/presenter.html" "Mozilla/5.0 (compatible; MSIE 9.0; Windows NT 6.1; Win64; x64; Trident/5.0)"
70.243.68.68 - - [12/Aug/2013:15:51:32 -0400] "GET /images/7sstruths/7sstruths_06.jpg HTTP/1.1" 304 - "http://www.horizonstar.com/presenter.html" "Mozilla/5.0 (compatible; MSIE 9.0; Windows NT 6.1; Win64; x64; Trident/5.0)"
70.243.68.68 - - [12/Aug/2013:15:51:33 -0400] "GET /images/7sstruths/7sstruths_10.jpg HTTP/1.1" 304 - "http://www.horizonstar.com/presenter.html" "Mozilla/5.0 (compatible; MSIE 9.0; Windows NT 6.1; Win64; x64; Trident/5.0)"
70.243.68.68 - - [12/Aug/2013:15:51:33 -0400] "GET /images/7sstruths/7sstruths_pen_15.jpg HTTP/1.1" 200 3728 "http://www.horizonstar.com/presenter.html" "Mozilla/5.0 (compatible; MSIE 9.0; Windows NT 6.1; Win64; x64; Trident/5.0)"
70.243.68.68 - - [12/Aug/2013:15:51:33 -0400] "GET /images/7sstruths/7sstruths_23.jpg HTTP/1.1" 304 - "http://www.horizonstar.com/presenter.html" "Mozilla/5.0 (compatible; MSIE 9.0; Windows NT 6.1; Win64; x64; Trident/5.0)"
70.243.68.68 - - [12/Aug/2013:15:51:34 -0400] "GET /images/7sstruths/7sstruths_pen2_15.jpg HTTP/1.1" 200 3935 "http://www.horizonstar.com/presenter.html" "Mozilla/5.0 (compatible; MSIE 9.0; Windows NT 6.1; Win64; x64; Trident/5.0)"
206.188.199.46 - - [12/Aug/2013:16:11:24 -0400] "GET / HTTP/1.1" 200 5107 "-" "Jakarta Commons-HttpClient/3.0.1"
80.248.176.136 - - [12/Aug/2013:04:29:11 -0400] "GET / HTTP/1.1" 200 5107 "-" "Jakarta Commons-HttpClient/3.0.1"
75.125.251.186 - - [12/Aug/2013:06:14:00 -0400] "GET / HTTP/1.1" 200 5107 "-" "Jakarta Commons-HttpClient/3.0.1"
205.178.190.97 - - [12/Aug/2013:09:19:38 -0400] "GET / HTTP/1.1" 200 5107 "-" "Jakarta Commons-HttpClient/3.0.1"
80.248.176.136 - - [12/Aug/2013:12:19:16 -0400] "GET / HTTP/1.1" 200 5107 "-" "Jakarta Commons-HttpClient/3.0.1"
205.178.190.97 - - [12/Aug/2013:07:46:02 -0400] "GET / HTTP/1.1" 200 5107 "-" "Jakarta Commons-HttpClient/3.0.1"
69.36.45.65 - - [12/Aug/2013:17:19:18 -0400] "GET / HTTP/1.1" 200 5107 "-" "Jakarta Commons-HttpClient/3.0.1"
67.211.200.121 - - [12/Aug/2013:00:24:34 -0400] "GET /who_we_are.html HTTP/1.0" 200 13197 "-" "Mozilla/5.0 (X11; Ubuntu; Linux x86_64; rv:22.0) Gecko/20100101 Firefox/22.0 support@google.com"
67.211.200.121 - - [12/Aug/2013:05:30:32 -0400] "GET /robots.txt HTTP/1.0" 404 575 "-" "Mozilla/5.0 (X11; Ubuntu; Linux x86_64; rv:22.0) Gecko/20100101 Firefox/22.0 (support@google.com)"
206.188.199.46 - - [12/Aug/2013:07:46:01 -0400] "GET / HTTP/1.1" 200 5107 "-" "Jakarta Commons-HttpClient/3.0.1"
70.243.68.68 - - [12/Aug/2013:15:51:57 -0400] "GET /images/7sstruths/7sstruths_11.jpg HTTP/1.1" 304 - "http://www.horizonstar.com/all_about.html" "Mozilla/5.0 (compatible; MSIE 9.0; Windows NT 6.1; Win64; x64; Trident/5.0)"
70.243.68.68 - - [12/Aug/2013:15:51:58 -0400] "GET /images/7sstruths/7sstruths_22.jpg HTTP/1.1" 304 - "http://www.horizonstar.com/all_about.html" "Mozilla/5.0 (compatible; MSIE 9.0; Windows NT 6.1; Win64; x64; Trident/5.0)"
70.243.68.68 - - [12/Aug/2013:15:51:58 -0400] "GET /images/7sstruths/7sstruths2_18.jpg HTTP/1.1" 304 - "http://www.horizonstar.com/all_about.html" "Mozilla/5.0 (compatible; MSIE 9.0; Windows NT 6.1; Win64; x64; Trident/5.0)"
205.178.190.97 - - [12/Aug/2013:06:14:00 -0400] "GET / HTTP/1.1" 200 5107 "-" "Jakarta Commons-HttpClient/3.0.1"
46.165.197.141 - - [12/Aug/2013:02:02:48 -0400] "GET /robots.txt HTTP/1.0" 404 575 "-" "Mozilla/5.0 (compatible; MJ12bot/v1.4.3; http://www.majestic12.co.uk/bot.php?+)"
206.188.199.46 - - [12/Aug/2013:10:47:08 -0400] "GET / HTTP/1.1" 200 5107 "-" "Jakarta Commons-HttpClient/3.0.1"
66.249.75.14 - - [12/Aug/2013:05:08:46 -0400] "GET /robots.txt HTTP/1.1" 404 575 "-" "Mozilla/5.0 (compatible; Googlebot/2.1; +http://www.google.com/bot.html)"
66.249.75.14 - - [12/Aug/2013:05:08:46 -0400] "GET /images/horizonstar/horizonstar_fog_02.jpg HTTP/1.1" 304 - "-" "Googlebot-Image/1.0"
80.248.176.136 - - [12/Aug/2013:06:14:00 -0400] "GET / HTTP/1.1" 200 5107 "-" "Jakarta Commons-HttpClient/3.0.1"
80.248.176.136 - - [12/Aug/2013:16:11:24 -0400] "GET / HTTP/1.1" 200 5107 "-" "Jakarta Commons-HttpClient/3.0.1"
80.248.176.136 - - [12/Aug/2013:09:19:38 -0400] "GET / HTTP/1.1" 200 5107 "-" "Jakarta Commons-HttpClient/3.0.1"
205.178.190.97 - - [12/Aug/2013:14:59:28 -0400] "GET / HTTP/1.1" 200 5107 "-" "Jakarta Commons-HttpClient/3.0.1"
69.36.45.65 - - [12/Aug/2013:16:11:24 -0400] "GET / HTTP/1.1" 200 5107 "-" "Jakarta Commons-HttpClient/3.0.1"
69.36.45.65 - - [12/Aug/2013:12:19:16 -0400] "GET / HTTP/1.1" 200 5107 "-" "Jakarta Commons-HttpClient/3.0.1"