0byt3m1n1
Path:
/
data
/
0
/
0
/
88
/
128
/
88780
/
meta
/
90160
/
logs
/
[
Home
]
File: x-access_log.2013-08-13
37.140.141.23 - - [13/Aug/2013:16:25:53 -0400] "GET /images/horizonstar/horizonstar_12.jpg HTTP/1.1" 200 2421 "-" "Mozilla/5.0 (compatible; YandexImages/3.0; +http://yandex.com/bots)"
206.188.199.46 - - [13/Aug/2013:17:31:28 -0400] "GET / HTTP/1.1" 200 5107 "-" "Jakarta Commons-HttpClient/3.0.1"
80.248.176.136 - - [13/Aug/2013:17:31:29 -0400] "GET / HTTP/1.1" 200 5107 "-" "Jakarta Commons-HttpClient/3.0.1"
157.55.33.146 - - [13/Aug/2013:11:05:01 -0400] "GET /images/horizonstar/horizonstar_12.jpg HTTP/1.1" 200 2421 "-" "Mozilla/5.0 (compatible; bingbot/2.0; +http://www.bing.com/bingbot.htm)"
37.140.141.23 - - [13/Aug/2013:21:48:42 -0400] "GET /images/7sstruths/7sstruths_19.jpg HTTP/1.1" 200 19689 "-" "Mozilla/5.0 (compatible; YandexImages/3.0; +http://yandex.com/bots)"
1.202.218.26 - - [13/Aug/2013:14:12:55 -0400] "GET /robots.txt HTTP/1.1" 404 575 "-" "Mozilla/5.0 ()"
220.181.108.186 - - [13/Aug/2013:01:31:10 -0400] "GET /GeneratedItems/CSScriptLib.js HTTP/1.1" 200 97868 "http://www.horizonstar.com/who_we_are.html" "Mozilla/5.0 (X11; U; Linux x86_64; en-US; rv:1.9) Gecko Minefield/3.0"
157.55.33.146 - - [13/Aug/2013:11:05:02 -0400] "GET /images/horizonstar/horizonstar_05.jpg HTTP/1.1" 200 1337 "-" "Mozilla/5.0 (compatible; bingbot/2.0; +http://www.bing.com/bingbot.htm)"
157.55.35.37 - - [13/Aug/2013:11:05:31 -0400] "GET /images/horizonstar/horizonstar_road_07.jpg HTTP/1.1" 200 1160 "-" "Mozilla/5.0 (compatible; bingbot/2.0; +http://www.bing.com/bingbot.htm)"
37.140.141.23 - - [13/Aug/2013:22:58:23 -0400] "GET /images/7sstruths/7sstruths_13.jpg HTTP/1.1" 200 3740 "-" "Mozilla/5.0 (compatible; YandexImages/3.0; +http://yandex.com/bots)"
37.140.141.23 - - [13/Aug/2013:18:19:59 -0400] "GET /images/horizonstar/horizonstar_sun_07.jpg HTTP/1.1" 200 1183 "-" "Mozilla/5.0 (compatible; YandexImages/3.0; +http://yandex.com/bots)"
37.140.141.23 - - [13/Aug/2013:13:37:56 -0400] "GET /images/7sstruths/7sstruths_news_15.jpg HTTP/1.1" 200 3735 "-" "Mozilla/5.0 (compatible; YandexImages/3.0; +http://yandex.com/bots)"
66.249.75.14 - - [13/Aug/2013:04:55:50 -0400] "GET /all_about.html HTTP/1.1" 304 - "-" "Mozilla/5.0 (iPhone; U; CPU iPhone OS 4_1 like Mac OS X; en-us) AppleWebKit/532.9 (KHTML, like Gecko) Version/4.0.5 Mobile/8B117 Safari/6531.22.7 (compatible; Googlebot-Mobile/2.1; +http://www.google.com/bot.html)"
69.36.45.65 - - [13/Aug/2013:07:34:24 -0400] "GET / HTTP/1.1" 200 5107 "-" "Jakarta Commons-HttpClient/3.0.1"
69.36.45.65 - - [13/Aug/2013:08:53:56 -0400] "GET / HTTP/1.1" 200 5107 "-" "Jakarta Commons-HttpClient/3.0.1"
37.140.141.23 - - [13/Aug/2013:16:55:43 -0400] "GET /images/7sstruths/7sstruths_news_14.jpg HTTP/1.1" 200 864 "-" "Mozilla/5.0 (compatible; YandexImages/3.0; +http://yandex.com/bots)"
75.125.251.186 - - [13/Aug/2013:02:47:17 -0400] "GET / HTTP/1.1" 200 5107 "-" "Jakarta Commons-HttpClient/3.0.1"
69.36.45.65 - - [13/Aug/2013:02:47:17 -0400] "GET / HTTP/1.1" 200 5107 "-" "Jakarta Commons-HttpClient/3.0.1"
37.140.141.23 - - [13/Aug/2013:22:11:07 -0400] "GET /images/horizonstar/horizonstar_19.jpg HTTP/1.1" 200 28385 "-" "Mozilla/5.0 (compatible; YandexImages/3.0; +http://yandex.com/bots)"
37.140.141.23 - - [13/Aug/2013:13:34:55 -0400] "GET /images/7sstruths/7sstruths_pen_09.jpg HTTP/1.1" 200 4359 "-" "Mozilla/5.0 (compatible; YandexImages/3.0; +http://yandex.com/bots)"
37.140.141.23 - - [13/Aug/2013:15:47:32 -0400] "GET /images/36x18.gif HTTP/1.1" 200 64 "-" "Mozilla/5.0 (compatible; YandexImages/3.0; +http://yandex.com/bots)"
69.36.45.65 - - [13/Aug/2013:17:31:28 -0400] "GET / HTTP/1.1" 200 5107 "-" "Jakarta Commons-HttpClient/3.0.1"
37.140.141.23 - - [13/Aug/2013:14:01:25 -0400] "GET /images/7sstruths/7sstruths_pen_14.jpg HTTP/1.1" 200 868 "-" "Mozilla/5.0 (compatible; YandexImages/3.0; +http://yandex.com/bots)"
37.140.141.23 - - [13/Aug/2013:14:56:44 -0400] "GET /images/rod_orr.jpg HTTP/1.1" 200 8040 "-" "Mozilla/5.0 (compatible; YandexImages/3.0; +http://yandex.com/bots)"
66.249.75.14 - - [13/Aug/2013:01:56:34 -0400] "GET /robots.txt HTTP/1.1" 404 575 "-" "Mozilla/5.0 (compatible; Googlebot/2.1; +http://www.google.com/bot.html)"
178.77.126.55 - - [13/Aug/2013:10:24:06 -0400] "GET /robots.txt HTTP/1.1" 404 575 "-" "Mozilla/5.0 (compatible; CareerBot/1.1; +http://www.career-x.de/bot.html)"
178.77.126.55 - - [13/Aug/2013:10:24:06 -0400] "GET / HTTP/1.1" 200 5107 "-" "Mozilla/5.0 (compatible; CareerBot/1.1; +http://www.career-x.de/bot.html)"
80.248.176.136 - - [13/Aug/2013:10:59:53 -0400] "GET / HTTP/1.1" 200 5107 "-" "Jakarta Commons-HttpClient/3.0.1"
157.55.33.146 - - [13/Aug/2013:11:04:50 -0400] "GET /images/horizonstar/horizonstar_09.jpg HTTP/1.1" 200 2145 "-" "Mozilla/5.0 (compatible; bingbot/2.0; +http://www.bing.com/bingbot.htm)"
206.188.199.46 - - [13/Aug/2013:15:55:16 -0400] "GET / HTTP/1.1" 200 5107 "-" "Jakarta Commons-HttpClient/3.0.1"
206.188.199.46 - - [13/Aug/2013:07:34:24 -0400] "GET / HTTP/1.1" 200 5107 "-" "Jakarta Commons-HttpClient/3.0.1"
69.36.45.65 - - [13/Aug/2013:06:00:46 -0400] "GET / HTTP/1.1" 200 5107 "-" "Jakarta Commons-HttpClient/3.0.1"
80.248.176.136 - - [13/Aug/2013:02:47:17 -0400] "GET / HTTP/1.1" 200 5107 "-" "Jakarta Commons-HttpClient/3.0.1"
37.140.141.23 - - [13/Aug/2013:19:04:05 -0400] "GET /images/horizonstar/horizonstar_road_13.jpg HTTP/1.1" 200 1446 "-" "Mozilla/5.0 (compatible; YandexImages/3.0; +http://yandex.com/bots)"
206.188.199.46 - - [13/Aug/2013:09:58:55 -0400] "GET / HTTP/1.1" 200 5107 "-" "Jakarta Commons-HttpClient/3.0.1"
157.55.32.162 - - [13/Aug/2013:11:03:49 -0400] "GET /images/horizonstar/horizonstar_11.jpg HTTP/1.1" 200 2044 "-" "Mozilla/5.0 (compatible; bingbot/2.0; +http://www.bing.com/bingbot.htm)"
206.188.199.46 - - [13/Aug/2013:12:05:53 -0400] "GET / HTTP/1.1" 200 5107 "-" "Jakarta Commons-HttpClient/3.0.1"
66.249.72.136 - - [13/Aug/2013:20:08:24 -0400] "GET /images/horizon7.css HTTP/1.1" 200 125 "-" "Mozilla/5.0 (compatible; Googlebot/2.1; +http://www.google.com/bot.html)"
75.125.251.186 - - [13/Aug/2013:10:59:53 -0400] "GET / HTTP/1.1" 200 5107 "-" "Jakarta Commons-HttpClient/3.0.1"
37.140.141.23 - - [13/Aug/2013:20:11:10 -0400] "GET /images/horizonstar/horizonstar_07.jpg HTTP/1.1" 200 2418 "-" "Mozilla/5.0 (compatible; YandexImages/3.0; +http://yandex.com/bots)"
75.125.251.186 - - [13/Aug/2013:06:00:46 -0400] "GET / HTTP/1.1" 200 5107 "-" "Jakarta Commons-HttpClient/3.0.1"
205.178.190.97 - - [13/Aug/2013:08:53:56 -0400] "GET / HTTP/1.1" 200 5107 "-" "Jakarta Commons-HttpClient/3.0.1"
69.36.45.65 - - [13/Aug/2013:10:59:52 -0400] "GET / HTTP/1.1" 200 5107 "-" "Jakarta Commons-HttpClient/3.0.1"
37.140.141.23 - - [13/Aug/2013:23:31:04 -0400] "GET /images/7sstruths/7sstruths_04.jpg HTTP/1.1" 200 5597 "-" "Mozilla/5.0 (compatible; YandexImages/3.0; +http://yandex.com/bots)"
69.36.45.65 - - [13/Aug/2013:19:14:33 -0400] "GET / HTTP/1.1" 200 5107 "-" "Jakarta Commons-HttpClient/3.0.1"
80.248.176.136 - - [13/Aug/2013:08:53:56 -0400] "GET / HTTP/1.1" 200 5107 "-" "Jakarta Commons-HttpClient/3.0.1"
205.178.190.97 - - [13/Aug/2013:10:59:52 -0400] "GET / HTTP/1.1" 200 5107 "-" "Jakarta Commons-HttpClient/3.0.1"
205.178.190.97 - - [13/Aug/2013:13:11:33 -0400] "GET / HTTP/1.1" 200 5107 "-" "Jakarta Commons-HttpClient/3.0.1"
37.140.141.23 - - [13/Aug/2013:16:05:22 -0400] "GET /images/horizonstar/horizonstar_03.jpg HTTP/1.1" 200 1870 "-" "Mozilla/5.0 (compatible; YandexImages/3.0; +http://yandex.com/bots)"
75.125.251.186 - - [13/Aug/2013:00:40:32 -0400] "GET / HTTP/1.1" 200 5107 "-" "Jakarta Commons-HttpClient/3.0.1"
80.248.176.136 - - [13/Aug/2013:00:40:32 -0400] "GET / HTTP/1.1" 200 5107 "-" "Jakarta Commons-HttpClient/3.0.1"
75.125.251.186 - - [13/Aug/2013:07:34:25 -0400] "GET / HTTP/1.1" 200 5107 "-" "Jakarta Commons-HttpClient/3.0.1"
69.36.45.65 - - [13/Aug/2013:13:11:33 -0400] "GET / HTTP/1.1" 200 5107 "-" "Jakarta Commons-HttpClient/3.0.1"
75.125.251.186 - - [13/Aug/2013:13:11:33 -0400] "GET / HTTP/1.1" 200 5107 "-" "Jakarta Commons-HttpClient/3.0.1"
80.248.176.136 - - [13/Aug/2013:13:11:33 -0400] "GET / HTTP/1.1" 200 5107 "-" "Jakarta Commons-HttpClient/3.0.1"
75.125.251.186 - - [13/Aug/2013:19:14:33 -0400] "GET / HTTP/1.1" 200 5107 "-" "Jakarta Commons-HttpClient/3.0.1"
80.248.176.136 - - [13/Aug/2013:07:34:25 -0400] "GET / HTTP/1.1" 200 5107 "-" "Jakarta Commons-HttpClient/3.0.1"
157.55.32.49 - - [13/Aug/2013:11:04:24 -0400] "GET /images/horizonstar/horizonstar_road_08.jpg HTTP/1.1" 200 1733 "-" "Mozilla/5.0 (compatible; bingbot/2.0; +http://www.bing.com/bingbot.htm)"
37.140.141.23 - - [13/Aug/2013:14:31:22 -0400] "GET /images/7sstruths/7sstruths_pen_03.jpg HTTP/1.1" 200 4550 "-" "Mozilla/5.0 (compatible; YandexImages/3.0; +http://yandex.com/bots)"
37.140.141.23 - - [13/Aug/2013:14:35:45 -0400] "GET /images/7sstruths/7sstruths_23.jpg HTTP/1.1" 200 1704 "-" "Mozilla/5.0 (compatible; YandexImages/3.0; +http://yandex.com/bots)"
206.188.199.46 - - [13/Aug/2013:02:47:17 -0400] "GET / HTTP/1.1" 200 5107 "-" "Jakarta Commons-HttpClient/3.0.1"
206.188.199.46 - - [13/Aug/2013:00:40:32 -0400] "GET / HTTP/1.1" 200 5107 "-" "Jakarta Commons-HttpClient/3.0.1"
37.140.141.23 - - [13/Aug/2013:16:15:21 -0400] "GET /images/horizonstar/horizonstar_17.jpg HTTP/1.1" 200 2459 "-" "Mozilla/5.0 (compatible; YandexImages/3.0; +http://yandex.com/bots)"
37.140.141.23 - - [13/Aug/2013:19:15:05 -0400] "GET /images/horizonstar/horizonstar_fog_07.jpg HTTP/1.1" 200 1516 "-" "Mozilla/5.0 (compatible; YandexImages/3.0; +http://yandex.com/bots)"
37.140.141.23 - - [13/Aug/2013:14:43:59 -0400] "GET /images/horizonstar/horizonstar_sun_08.jpg HTTP/1.1" 200 1699 "-" "Mozilla/5.0 (compatible; YandexImages/3.0; +http://yandex.com/bots)"
1.202.218.26 - - [13/Aug/2013:14:12:56 -0400] "HEAD / HTTP/1.1" 200 - "-" "Mozilla/5.0 (compatible; JikeSpider; +http://shoulu.jike.com/spider.html)"
205.178.190.97 - - [13/Aug/2013:00:40:32 -0400] "GET / HTTP/1.1" 200 5107 "-" "Jakarta Commons-HttpClient/3.0.1"
37.140.141.23 - - [13/Aug/2013:15:26:41 -0400] "GET /images/horizonstar/horizonstar_23.jpg HTTP/1.1" 200 2303 "-" "Mozilla/5.0 (compatible; YandexImages/3.0; +http://yandex.com/bots)"
37.140.141.23 - - [13/Aug/2013:16:33:52 -0400] "GET /images/horizonstar/horizonstar_road_19.jpg HTTP/1.1" 200 15256 "-" "Mozilla/5.0 (compatible; YandexImages/3.0; +http://yandex.com/bots)"
37.140.141.23 - - [13/Aug/2013:18:36:25 -0400] "GET /images/7sstruths/7sstruths_news_07.jpg HTTP/1.1" 200 3117 "-" "Mozilla/5.0 (compatible; YandexImages/3.0; +http://yandex.com/bots)"
206.188.199.46 - - [13/Aug/2013:20:56:41 -0400] "GET / HTTP/1.1" 200 5107 "-" "Jakarta Commons-HttpClient/3.0.1"
206.188.199.46 - - [13/Aug/2013:22:45:39 -0400] "GET / HTTP/1.1" 200 5107 "-" "Jakarta Commons-HttpClient/3.0.1"
69.36.45.65 - - [13/Aug/2013:22:45:39 -0400] "GET / HTTP/1.1" 200 5107 "-" "Jakarta Commons-HttpClient/3.0.1"
37.140.141.23 - - [13/Aug/2013:15:12:14 -0400] "GET /images/horizonstar/horizonstar_08.jpg HTTP/1.1" 200 1783 "-" "Mozilla/5.0 (compatible; YandexImages/3.0; +http://yandex.com/bots)"
206.188.199.46 - - [13/Aug/2013:13:11:33 -0400] "GET / HTTP/1.1" 200 5107 "-" "Jakarta Commons-HttpClient/3.0.1"
37.140.141.23 - - [13/Aug/2013:21:15:44 -0400] "GET /images/horizonstar/horizonstar_18.jpg HTTP/1.1" 200 3035 "-" "Mozilla/5.0 (compatible; YandexImages/3.0; +http://yandex.com/bots)"
37.140.141.23 - - [13/Aug/2013:22:47:18 -0400] "GET /images/7sstruths/7sstruths_pen_13.jpg HTTP/1.1" 200 3466 "-" "Mozilla/5.0 (compatible; YandexImages/3.0; +http://yandex.com/bots)"
80.248.176.136 - - [13/Aug/2013:12:05:49 -0400] "GET / HTTP/1.1" 200 5107 "-" "Jakarta Commons-HttpClient/3.0.1"
37.140.141.23 - - [13/Aug/2013:13:47:40 -0400] "GET /images/horizonstar/horizonstar_15.jpg HTTP/1.1" 200 2421 "-" "Mozilla/5.0 (compatible; YandexImages/3.0; +http://yandex.com/bots)"
37.140.141.23 - - [13/Aug/2013:13:30:02 -0400] "GET /images/horizonstar/horizonstar_01.jpg HTTP/1.1" 200 4276 "-" "Mozilla/5.0 (compatible; YandexImages/3.0; +http://yandex.com/bots)"
180.76.5.98 - - [13/Aug/2013:20:35:31 -0400] "GET /robots.txt HTTP/1.1" 404 575 "-" "Mozilla/5.0 (Windows NT 5.1; rv:6.0.2) Gecko/20100101 Firefox/6.0.2"
75.125.251.186 - - [13/Aug/2013:20:56:41 -0400] "GET / HTTP/1.1" 200 5107 "-" "Jakarta Commons-HttpClient/3.0.1"
37.140.141.23 - - [13/Aug/2013:17:51:28 -0400] "GET /images/7sstruths/7sstruths_22.jpg HTTP/1.1" 200 8591 "-" "Mozilla/5.0 (compatible; YandexImages/3.0; +http://yandex.com/bots)"
206.188.199.46 - - [13/Aug/2013:06:00:46 -0400] "GET / HTTP/1.1" 200 5107 "-" "Jakarta Commons-HttpClient/3.0.1"
205.178.190.97 - - [13/Aug/2013:22:45:39 -0400] "GET / HTTP/1.1" 200 5107 "-" "Jakarta Commons-HttpClient/3.0.1"
66.249.72.14 - - [13/Aug/2013:23:36:37 -0400] "GET /robots.txt HTTP/1.1" 404 575 "-" "Mozilla/5.0 (compatible; Googlebot/2.1; +http://www.google.com/bot.html)"
66.249.72.14 - - [13/Aug/2013:23:36:37 -0400] "GET /who_we_are.html HTTP/1.1" 304 - "-" "SAMSUNG-SGH-E250/1.0 Profile/MIDP-2.0 Configuration/CLDC-1.1 UP.Browser/6.2.3.3.c.1.101 (GUI) MMP/2.0 (compatible; Googlebot-Mobile/2.1; +http://www.google.com/bot.html)"
69.36.45.65 - - [13/Aug/2013:12:05:49 -0400] "GET / HTTP/1.1" 200 5107 "-" "Jakarta Commons-HttpClient/3.0.1"
37.140.141.23 - - [13/Aug/2013:14:25:47 -0400] "GET /images/7sstruths/7sstruths_05.jpg HTTP/1.1" 200 2631 "-" "Mozilla/5.0 (compatible; YandexImages/3.0; +http://yandex.com/bots)"
220.181.89.174 - - [13/Aug/2013:11:02:56 -0400] "GET / HTTP/1.1" 304 - "-" "Sogou web spider/4.0(+http://www.sogou.com/docs/help/webmasters.htm#07)"
37.140.141.23 - - [13/Aug/2013:16:40:32 -0400] "GET /images/7sstruths/7sstruths_road_02.jpg HTTP/1.1" 200 1589 "-" "Mozilla/5.0 (compatible; YandexImages/3.0; +http://yandex.com/bots)"
37.140.141.23 - - [13/Aug/2013:19:35:53 -0400] "GET /images/7sstruths/7sstruths_15.jpg HTTP/1.1" 200 3717 "-" "Mozilla/5.0 (compatible; YandexImages/3.0; +http://yandex.com/bots)"
180.76.5.20 - - [13/Aug/2013:07:43:39 -0400] "GET /reality_fog.html HTTP/1.1" 200 13798 "-" "Mozilla/5.0 (compatible; Baiduspider/2.0; +http://www.baidu.com/search/spider.html)"
75.125.251.186 - - [13/Aug/2013:17:31:28 -0400] "GET / HTTP/1.1" 200 5107 "-" "Jakarta Commons-HttpClient/3.0.1"
157.55.33.146 - - [13/Aug/2013:05:40:55 -0400] "GET /robots.txt HTTP/1.1" 404 575 "-" "Mozilla/5.0 (compatible; bingbot/2.0; +http://www.bing.com/bingbot.htm)"
66.249.72.136 - - [13/Aug/2013:20:02:25 -0400] "GET /robots.txt HTTP/1.1" 404 575 "-" "Mozilla/5.0 (compatible; Googlebot/2.1; +http://www.google.com/bot.html)"
66.249.75.14 - - [13/Aug/2013:14:22:06 -0400] "GET /robots.txt HTTP/1.1" 404 575 "-" "Mozilla/5.0 (compatible; Googlebot/2.1; +http://www.google.com/bot.html)"
75.125.251.186 - - [13/Aug/2013:14:25:43 -0400] "GET / HTTP/1.1" 200 5107 "-" "Jakarta Commons-HttpClient/3.0.1"
157.55.32.162 - - [13/Aug/2013:10:36:02 -0400] "GET /robots.txt HTTP/1.1" 404 575 "-" "Mozilla/5.0 (compatible; bingbot/2.0; +http://www.bing.com/bingbot.htm)"
206.188.199.46 - - [13/Aug/2013:10:59:52 -0400] "GET / HTTP/1.1" 200 5107 "-" "Jakarta Commons-HttpClient/3.0.1"
37.140.141.23 - - [13/Aug/2013:18:06:48 -0400] "GET /images/horizonstar/horizonstar_sun_01.jpg HTTP/1.1" 200 3850 "-" "Mozilla/5.0 (compatible; YandexImages/3.0; +http://yandex.com/bots)"
80.248.176.136 - - [13/Aug/2013:20:56:41 -0400] "GET / HTTP/1.1" 200 5107 "-" "Jakarta Commons-HttpClient/3.0.1"
37.140.141.23 - - [13/Aug/2013:23:42:56 -0400] "GET /images/horizonstar/horizonstar_road_02.jpg HTTP/1.1" 200 3687 "-" "Mozilla/5.0 (compatible; YandexImages/3.0; +http://yandex.com/bots)"
37.140.141.23 - - [13/Aug/2013:14:13:32 -0400] "GET /images/horizonstar/horizonstar_05.jpg HTTP/1.1" 200 1337 "-" "Mozilla/5.0 (compatible; YandexImages/3.0; +http://yandex.com/bots)"
66.249.75.14 - - [13/Aug/2013:14:22:06 -0400] "GET /presenter.html HTTP/1.1" 304 - "-" "Mozilla/5.0 (iPhone; U; CPU iPhone OS 4_1 like Mac OS X; en-us) AppleWebKit/532.9 (KHTML, like Gecko) Version/4.0.5 Mobile/8B117 Safari/6531.22.7 (compatible; Googlebot-Mobile/2.1; +http://www.google.com/bot.html)"
69.36.45.65 - - [13/Aug/2013:20:56:41 -0400] "GET / HTTP/1.1" 200 5107 "-" "Jakarta Commons-HttpClient/3.0.1"
69.36.45.65 - - [13/Aug/2013:09:58:55 -0400] "GET / HTTP/1.1" 200 5107 "-" "Jakarta Commons-HttpClient/3.0.1"
37.140.141.23 - - [13/Aug/2013:15:59:18 -0400] "GET /images/horizonstar/horizonstar_flower_01.jpg HTTP/1.1" 200 4205 "-" "Mozilla/5.0 (compatible; YandexImages/3.0; +http://yandex.com/bots)"
80.248.176.136 - - [13/Aug/2013:22:45:41 -0400] "GET / HTTP/1.1" 200 5107 "-" "Jakarta Commons-HttpClient/3.0.1"
37.140.141.23 - - [13/Aug/2013:23:09:03 -0400] "GET /images/horizonstar/horizonstar_flower_07.jpg HTTP/1.1" 200 1798 "-" "Mozilla/5.0 (compatible; YandexImages/3.0; +http://yandex.com/bots)"
37.140.141.23 - - [13/Aug/2013:15:41:16 -0400] "GET /images/horizonstar/horizonstar_06.jpg HTTP/1.1" 200 3507 "-" "Mozilla/5.0 (compatible; YandexImages/3.0; +http://yandex.com/bots)"
75.125.251.186 - - [13/Aug/2013:15:55:16 -0400] "GET / HTTP/1.1" 200 5107 "-" "Jakarta Commons-HttpClient/3.0.1"
37.140.141.23 - - [13/Aug/2013:13:54:12 -0400] "GET /images/horizonstar/horizonstar_21.jpg HTTP/1.1" 200 2032 "-" "Mozilla/5.0 (compatible; YandexImages/3.0; +http://yandex.com/bots)"
80.248.176.136 - - [13/Aug/2013:14:25:43 -0400] "GET / HTTP/1.1" 200 5107 "-" "Jakarta Commons-HttpClient/3.0.1"
157.55.33.146 - - [13/Aug/2013:11:04:57 -0400] "GET /images/horizonstar/horizonstar_14.jpg HTTP/1.0" 200 2252 "-" "Mozilla/5.0 (compatible; bingbot/2.0; +http://www.bing.com/bingbot.htm)"
5.9.149.166 - - [13/Aug/2013:09:46:37 -0400] "GET / HTTP/1.1" 200 5107 "-" "Mozilla/4.0 (compatible; MSIE 5.5; Windows NT)"
206.188.199.46 - - [13/Aug/2013:14:25:43 -0400] "GET / HTTP/1.1" 200 5107 "-" "Jakarta Commons-HttpClient/3.0.1"
37.140.141.23 - - [13/Aug/2013:18:12:53 -0400] "GET /images/7sstruths/7sstruths_road_19.jpg HTTP/1.1" 200 11485 "-" "Mozilla/5.0 (compatible; YandexImages/3.0; +http://yandex.com/bots)"
123.125.71.89 - - [13/Aug/2013:01:31:03 -0400] "GET /who_we_are.html HTTP/1.1" 200 13197 "-" "Mozilla/5.0 (compatible; Baiduspider/2.0; +http://www.baidu.com/search/spider.html)"
37.140.141.23 - - [13/Aug/2013:16:09:06 -0400] "GET /images/horizonstar/horizonstar_sun_02.jpg HTTP/1.1" 200 3685 "-" "Mozilla/5.0 (compatible; YandexImages/3.0; +http://yandex.com/bots)"
37.140.141.23 - - [13/Aug/2013:16:46:26 -0400] "GET /images/horizonstar/horizonstar_fog_19.jpg HTTP/1.1" 200 12744 "-" "Mozilla/5.0 (compatible; YandexImages/3.0; +http://yandex.com/bots)"
157.55.32.49 - - [13/Aug/2013:11:04:22 -0400] "GET /images/horizonstar/horizonstar_04.jpg HTTP/1.1" 200 2127 "-" "Mozilla/5.0 (compatible; bingbot/2.0; +http://www.bing.com/bingbot.htm)"
205.178.190.97 - - [13/Aug/2013:17:31:28 -0400] "GET / HTTP/1.1" 200 5107 "-" "Jakarta Commons-HttpClient/3.0.1"
37.140.141.23 - - [13/Aug/2013:17:42:36 -0400] "GET /images/7sstruths/7sstruths_pen_02.jpg HTTP/1.1" 200 1622 "-" "Mozilla/5.0 (compatible; YandexImages/3.0; +http://yandex.com/bots)"
37.140.141.23 - - [13/Aug/2013:22:34:11 -0400] "GET /images/7sstruths/7sstruths_pen_15.jpg HTTP/1.1" 200 3728 "-" "Mozilla/5.0 (compatible; YandexImages/3.0; +http://yandex.com/bots)"
80.248.176.136 - - [13/Aug/2013:06:00:46 -0400] "GET / HTTP/1.1" 200 5107 "-" "Jakarta Commons-HttpClient/3.0.1"
37.140.141.23 - - [13/Aug/2013:15:36:13 -0400] "GET /images/7sstruths/7sstruths_07.jpg HTTP/1.1" 200 3142 "-" "Mozilla/5.0 (compatible; YandexImages/3.0; +http://yandex.com/bots)"
199.30.25.116 - - [13/Aug/2013:12:05:03 -0400] "GET /images/horizonstar/horizonstar2_15.jpg HTTP/1.1" 200 2651 "http://www.horizonstar.com/getting_started.html" "Mozilla/5.0 (Windows NT 6.1; WOW64) AppleWebKit/534+ (KHTML, like Gecko) BingPreview/1.0b"
157.55.33.146 - - [13/Aug/2013:11:04:51 -0400] "GET /images/horizonstar/horizonstar_03.jpg HTTP/1.1" 200 1870 "-" "Mozilla/5.0 (compatible; bingbot/2.0; +http://www.bing.com/bingbot.htm)"
157.55.35.37 - - [13/Aug/2013:11:05:30 -0400] "GET /images/horizonstar/horizonstar_10.jpg HTTP/1.1" 200 2436 "-" "Mozilla/5.0 (compatible; bingbot/2.0; +http://www.bing.com/bingbot.htm)"
37.140.141.23 - - [13/Aug/2013:13:41:47 -0400] "GET /images/7sstruths/7sstruths_news_03.jpg HTTP/1.1" 200 4547 "-" "Mozilla/5.0 (compatible; YandexImages/3.0; +http://yandex.com/bots)"
205.178.190.97 - - [13/Aug/2013:09:58:55 -0400] "GET / HTTP/1.1" 200 5107 "-" "Jakarta Commons-HttpClient/3.0.1"
37.140.141.23 - - [13/Aug/2013:19:24:18 -0400] "GET /images/7sstruths/7sstruths_17.jpg HTTP/1.1" 200 2969 "-" "Mozilla/5.0 (compatible; YandexImages/3.0; +http://yandex.com/bots)"
37.140.141.23 - - [13/Aug/2013:20:34:48 -0400] "GET /images/7sstruths/7sstruths_10.jpg HTTP/1.1" 200 3940 "-" "Mozilla/5.0 (compatible; YandexImages/3.0; +http://yandex.com/bots)"
157.55.32.162 - - [13/Aug/2013:11:03:33 -0400] "GET /getting_started.html HTTP/1.1" 200 13303 "-" "Mozilla/5.0 (compatible; bingbot/2.0; +http://www.bing.com/bingbot.htm)"
157.55.32.49 - - [13/Aug/2013:11:04:11 -0400] "GET /images/horizonstar/horizonstar_15.jpg HTTP/1.1" 200 2421 "-" "Mozilla/5.0 (compatible; bingbot/2.0; +http://www.bing.com/bingbot.htm)"
157.55.32.49 - - [13/Aug/2013:11:04:19 -0400] "GET /images/horizonstar/horizonstar_road_13.jpg HTTP/1.1" 200 1446 "-" "Mozilla/5.0 (compatible; bingbot/2.0; +http://www.bing.com/bingbot.htm)"
157.55.32.49 - - [13/Aug/2013:11:04:21 -0400] "GET /images/36x18.gif HTTP/1.1" 200 64 "-" "Mozilla/5.0 (compatible; bingbot/2.0; +http://www.bing.com/bingbot.htm)"
157.55.32.162 - - [13/Aug/2013:11:06:10 -0400] "GET /images/horizonstar/horizonstar_17.jpg HTTP/1.1" 200 2459 "-" "Mozilla/5.0 (compatible; bingbot/2.0; +http://www.bing.com/bingbot.htm)"
37.140.141.23 - - [13/Aug/2013:15:03:18 -0400] "GET /images/horizonstar/horizonstar_sun_19.jpg HTTP/1.1" 200 18592 "-" "Mozilla/5.0 (compatible; YandexImages/3.0; +http://yandex.com/bots)"
205.178.190.97 - - [13/Aug/2013:15:55:16 -0400] "GET / HTTP/1.1" 200 5107 "-" "Jakarta Commons-HttpClient/3.0.1"
69.36.45.65 - - [13/Aug/2013:15:55:16 -0400] "GET / HTTP/1.1" 200 5107 "-" "Jakarta Commons-HttpClient/3.0.1"
199.30.25.116 - - [13/Aug/2013:12:04:59 -0400] "GET /images/horizonstar_bkgd.css HTTP/1.1" 200 130 "http://www.horizonstar.com/getting_started.html" "Mozilla/5.0 (Windows NT 6.1; WOW64) AppleWebKit/534+ (KHTML, like Gecko) BingPreview/1.0b"
199.30.25.116 - - [13/Aug/2013:12:05:00 -0400] "GET /images/horizonstar_bkgd.jpg HTTP/1.1" 200 14483 "http://www.horizonstar.com/getting_started.html" "Mozilla/5.0 (Windows NT 6.1; WOW64) AppleWebKit/534+ (KHTML, like Gecko) BingPreview/1.0b"
199.30.25.116 - - [13/Aug/2013:12:05:00 -0400] "GET /images/horizonstar/horizonstar2_14.jpg HTTP/1.1" 200 2462 "http://www.horizonstar.com/getting_started.html" "Mozilla/5.0 (Windows NT 6.1; WOW64) AppleWebKit/534+ (KHTML, like Gecko) BingPreview/1.0b"
199.30.25.116 - - [13/Aug/2013:12:05:00 -0400] "GET /images/horizonstar/horizonstar2_18.jpg HTTP/1.1" 200 3356 "http://www.horizonstar.com/getting_started.html" "Mozilla/5.0 (Windows NT 6.1; WOW64) AppleWebKit/534+ (KHTML, like Gecko) BingPreview/1.0b"
37.140.141.23 - - [13/Aug/2013:18:46:53 -0400] "GET /images/horizonstar/horizonstar_fog_13.jpg HTTP/1.1" 200 1811 "-" "Mozilla/5.0 (compatible; YandexImages/3.0; +http://yandex.com/bots)"
37.140.141.23 - - [13/Aug/2013:19:58:06 -0400] "GET /images/7sstruths/7sstruths_news_13.jpg HTTP/1.1" 200 3488 "-" "Mozilla/5.0 (compatible; YandexImages/3.0; +http://yandex.com/bots)"
66.249.72.136 - - [13/Aug/2013:20:02:25 -0400] "GET / HTTP/1.1" 200 5107 "-" "Mozilla/5.0 (compatible; Googlebot/2.1; +http://www.google.com/bot.html)"
205.178.190.97 - - [13/Aug/2013:14:25:43 -0400] "GET / HTTP/1.1" 200 5107 "-" "Jakarta Commons-HttpClient/3.0.1"
37.140.141.23 - - [13/Aug/2013:14:39:53 -0400] "GET /images/7sstruths/7sstruths_road_01.jpg HTTP/1.1" 200 5573 "-" "Mozilla/5.0 (compatible; YandexImages/3.0; +http://yandex.com/bots)"
80.248.176.136 - - [13/Aug/2013:09:58:56 -0400] "GET / HTTP/1.1" 200 5107 "-" "Jakarta Commons-HttpClient/3.0.1"
157.55.33.146 - - [13/Aug/2013:11:05:31 -0400] "GET /images/horizonstar_bkgd.css HTTP/1.1" 200 130 "-" "Mozilla/5.0 (compatible; bingbot/2.0; +http://www.bing.com/bingbot.htm)"
37.140.141.23 - - [13/Aug/2013:15:17:21 -0400] "GET /images/horizonstar/horizonstar_22.jpg HTTP/1.1" 200 5387 "-" "Mozilla/5.0 (compatible; YandexImages/3.0; +http://yandex.com/bots)"
199.30.25.116 - - [13/Aug/2013:12:05:00 -0400] "GET /images/horizonstar/horizonstar2_16.jpg HTTP/1.1" 200 3119 "http://www.horizonstar.com/getting_started.html" "Mozilla/5.0 (Windows NT 6.1; WOW64) AppleWebKit/534+ (KHTML, like Gecko) BingPreview/1.0b"
199.21.99.117 - - [13/Aug/2013:12:57:45 -0400] "GET / HTTP/1.1" 200 5107 "-" "Mozilla/5.0 (compatible; YandexBot/3.0; +http://yandex.com/bots)"
37.140.141.23 - - [13/Aug/2013:14:19:14 -0400] "GET /images/7sstruths/7sstruths_16.jpg HTTP/1.1" 200 3436 "-" "Mozilla/5.0 (compatible; YandexImages/3.0; +http://yandex.com/bots)"
37.140.141.23 - - [13/Aug/2013:15:31:56 -0400] "GET /images/7sstruths/7sstruths_pen_19.jpg HTTP/1.1" 200 14229 "-" "Mozilla/5.0 (compatible; YandexImages/3.0; +http://yandex.com/bots)"
37.140.141.23 - - [13/Aug/2013:15:54:52 -0400] "GET /images/horizonstar/horizonstar_14.jpg HTTP/1.1" 200 2252 "-" "Mozilla/5.0 (compatible; YandexImages/3.0; +http://yandex.com/bots)"
80.248.176.136 - - [13/Aug/2013:15:55:16 -0400] "GET / HTTP/1.1" 200 5107 "-" "Jakarta Commons-HttpClient/3.0.1"
37.140.141.23 - - [13/Aug/2013:22:22:47 -0400] "GET /images/7sstruths/7sstruths_road_07.jpg HTTP/1.1" 200 3188 "-" "Mozilla/5.0 (compatible; YandexImages/3.0; +http://yandex.com/bots)"
157.55.32.49 - - [13/Aug/2013:11:04:20 -0400] "GET /images/horizonstar/horizonstar_road_02.jpg HTTP/1.1" 200 3687 "-" "Mozilla/5.0 (compatible; bingbot/2.0; +http://www.bing.com/bingbot.htm)"
37.140.141.23 - - [13/Aug/2013:17:01:58 -0400] "GET /images/horizonstar/horizonstar_fog_08.jpg HTTP/1.1" 200 1678 "-" "Mozilla/5.0 (compatible; YandexImages/3.0; +http://yandex.com/bots)"
80.248.176.136 - - [13/Aug/2013:19:14:33 -0400] "GET / HTTP/1.1" 200 5107 "-" "Jakarta Commons-HttpClient/3.0.1"
37.140.141.23 - - [13/Aug/2013:13:25:06 -0400] "GET /robots.txt HTTP/1.1" 404 575 "-" "Mozilla/5.0 (compatible; YandexImages/3.0; +http://yandex.com/bots)"
37.140.141.23 - - [13/Aug/2013:13:57:42 -0400] "GET /images/horizonstar/horizonstar_flower_08.jpg HTTP/1.1" 200 1771 "-" "Mozilla/5.0 (compatible; YandexImages/3.0; +http://yandex.com/bots)"
206.188.199.46 - - [13/Aug/2013:19:14:33 -0400] "GET / HTTP/1.1" 200 5107 "-" "Jakarta Commons-HttpClient/3.0.1"
37.140.141.23 - - [13/Aug/2013:19:48:23 -0400] "GET /images/horizonstar/horizonstar_04.jpg HTTP/1.1" 200 2127 "-" "Mozilla/5.0 (compatible; YandexImages/3.0; +http://yandex.com/bots)"
37.140.141.23 - - [13/Aug/2013:20:24:20 -0400] "GET /images/7sstruths/7sstruths_road_03.jpg HTTP/1.1" 200 4549 "-" "Mozilla/5.0 (compatible; YandexImages/3.0; +http://yandex.com/bots)"
37.140.141.23 - - [13/Aug/2013:20:45:22 -0400] "GET /images/horizonstar/horizonstar_11.jpg HTTP/1.1" 200 2044 "-" "Mozilla/5.0 (compatible; YandexImages/3.0; +http://yandex.com/bots)"
157.55.33.146 - - [13/Aug/2013:05:43:07 -0400] "GET / HTTP/1.1" 304 - "-" "Mozilla/5.0 (compatible; bingbot/2.0; +http://www.bing.com/bingbot.htm)"
205.178.190.97 - - [13/Aug/2013:07:34:24 -0400] "GET / HTTP/1.1" 200 5107 "-" "Jakarta Commons-HttpClient/3.0.1"
157.55.35.37 - - [13/Aug/2013:11:05:32 -0400] "GET /images/horizonstar/horizonstar_road_01.jpg HTTP/1.1" 200 3824 "-" "Mozilla/5.0 (compatible; bingbot/2.0; +http://www.bing.com/bingbot.htm)"
157.55.35.37 - - [13/Aug/2013:11:05:33 -0400] "GET /images/horizonstar/horizonstar_16.jpg HTTP/1.1" 200 2782 "-" "Mozilla/5.0 (compatible; bingbot/2.0; +http://www.bing.com/bingbot.htm)"
75.125.251.186 - - [13/Aug/2013:22:45:39 -0400] "GET / HTTP/1.1" 200 5107 "-" "Jakarta Commons-HttpClient/3.0.1"
205.178.190.97 - - [13/Aug/2013:12:05:49 -0400] "GET / HTTP/1.1" 200 5107 "-" "Jakarta Commons-HttpClient/3.0.1"
37.140.141.23 - - [13/Aug/2013:14:49:53 -0400] "GET /images/7sstruths/7sstruths_news_02.jpg HTTP/1.1" 200 1590 "-" "Mozilla/5.0 (compatible; YandexImages/3.0; +http://yandex.com/bots)"
37.140.141.23 - - [13/Aug/2013:23:53:50 -0400] "GET /images/7sstruths/7sstruths_road_13.jpg HTTP/1.1" 200 3612 "-" "Mozilla/5.0 (compatible; YandexImages/3.0; +http://yandex.com/bots)"
37.140.141.23 - - [13/Aug/2013:18:41:31 -0400] "GET /images/7sstruths/7sstruths_21.jpg HTTP/1.1" 200 2511 "-" "Mozilla/5.0 (compatible; YandexImages/3.0; +http://yandex.com/bots)"
5.9.149.166 - - [13/Aug/2013:09:46:32 -0400] "GET /robots.txt HTTP/1.1" 404 575 "-" "Mozilla/4.0 (compatible; MSIE 5.5; Windows NT)"
37.140.141.23 - - [13/Aug/2013:15:07:58 -0400] "GET /images/7sstruths/7sstruths_news_08.jpg HTTP/1.1" 200 1083 "-" "Mozilla/5.0 (compatible; YandexImages/3.0; +http://yandex.com/bots)"
37.140.141.23 - - [13/Aug/2013:16:18:36 -0400] "GET /images/7sstruths/7sstruths_02.jpg HTTP/1.1" 200 1655 "-" "Mozilla/5.0 (compatible; YandexImages/3.0; +http://yandex.com/bots)"
205.178.190.97 - - [13/Aug/2013:06:00:46 -0400] "GET / HTTP/1.1" 200 5107 "-" "Jakarta Commons-HttpClient/3.0.1"
37.140.141.23 - - [13/Aug/2013:14:06:42 -0400] "GET /images/horizonstar/horizonstar_16.jpg HTTP/1.1" 200 2782 "-" "Mozilla/5.0 (compatible; YandexImages/3.0; +http://yandex.com/bots)"
37.140.141.23 - - [13/Aug/2013:18:27:36 -0400] "GET /images/horizonstar/horizonstar_09.jpg HTTP/1.1" 200 2145 "-" "Mozilla/5.0 (compatible; YandexImages/3.0; +http://yandex.com/bots)"
37.140.141.23 - - [13/Aug/2013:18:52:34 -0400] "GET /images/horizonstar/horizonstar_fog_01.jpg HTTP/1.1" 200 4038 "-" "Mozilla/5.0 (compatible; YandexImages/3.0; +http://yandex.com/bots)"
38.100.21.69 - - [13/Aug/2013:20:14:54 -0400] "GET / HTTP/1.1" 200 5107 "-" "Mozilla/4.0 (compatible; MSIE 7.0; Windows NT 5.2)"
38.100.21.69 - - [13/Aug/2013:20:14:55 -0400] "GET /images/horizon7.css HTTP/1.1" 200 125 "-" "Mozilla/4.0 (compatible; MSIE 7.0; Windows NT 5.2)"
38.100.21.69 - - [13/Aug/2013:20:14:55 -0400] "GET /all_about.html HTTP/1.1" 200 12990 "-" "Mozilla/4.0 (compatible; MSIE 7.0; Windows NT 5.2)"
38.100.21.69 - - [13/Aug/2013:20:14:55 -0400] "GET /who_we_are.html HTTP/1.1" 200 13197 "-" "Mozilla/4.0 (compatible; MSIE 7.0; Windows NT 5.2)"
38.100.21.69 - - [13/Aug/2013:20:14:56 -0400] "GET /images/7sstruths_bkgd.css HTTP/1.1" 200 130 "-" "Mozilla/4.0 (compatible; MSIE 7.0; Windows NT 5.2)"
38.100.21.69 - - [13/Aug/2013:20:14:56 -0400] "GET /presenter.html HTTP/1.1" 200 13004 "-" "Mozilla/4.0 (compatible; MSIE 7.0; Windows NT 5.2)"
38.100.21.69 - - [13/Aug/2013:20:14:58 -0400] "GET /the_truth.html HTTP/1.1" 200 14932 "-" "Mozilla/4.0 (compatible; MSIE 7.0; Windows NT 5.2)"
38.100.21.69 - - [13/Aug/2013:20:14:58 -0400] "GET /getting_started7.html HTTP/1.1" 200 12097 "-" "Mozilla/4.0 (compatible; MSIE 7.0; Windows NT 5.2)"
38.100.21.69 - - [13/Aug/2013:20:14:58 -0400] "GET /images/horizonstar_bkgd.css HTTP/1.1" 200 130 "-" "Mozilla/4.0 (compatible; MSIE 7.0; Windows NT 5.2)"
38.100.21.69 - - [13/Aug/2013:20:14:58 -0400] "GET /reality_fog.html HTTP/1.1" 200 13798 "-" "Mozilla/4.0 (compatible; MSIE 7.0; Windows NT 5.2)"
38.100.21.69 - - [13/Aug/2013:20:14:58 -0400] "GET /getting_started.html HTTP/1.1" 200 13303 "-" "Mozilla/4.0 (compatible; MSIE 7.0; Windows NT 5.2)"
205.178.190.97 - - [13/Aug/2013:20:56:41 -0400] "GET / HTTP/1.1" 200 5107 "-" "Jakarta Commons-HttpClient/3.0.1"
123.151.148.156 - - [13/Aug/2013:09:01:50 -0400] "GET /n0r0zph95olui1mv.html HTTP/1.1" 404 575 "http://horizonstar.com/" "Mozilla/5.0 (compatible; Sosospider/2.0; +http://help.soso.com/webspider.htm)"
75.125.251.186 - - [13/Aug/2013:09:58:55 -0400] "GET / HTTP/1.1" 200 5107 "-" "Jakarta Commons-HttpClient/3.0.1"
66.249.75.14 - - [13/Aug/2013:06:51:50 -0400] "GET /images/horizonstar/horizonstar_sun_19.jpg HTTP/1.1" 304 - "-" "Googlebot-Image/1.0"
37.140.141.23 - - [13/Aug/2013:21:27:04 -0400] "GET /images/7sstruths/7sstruths_11.jpg HTTP/1.1" 200 3444 "-" "Mozilla/5.0 (compatible; YandexImages/3.0; +http://yandex.com/bots)"
69.36.45.65 - - [13/Aug/2013:14:25:43 -0400] "GET / HTTP/1.1" 200 5107 "-" "Jakarta Commons-HttpClient/3.0.1"
157.55.33.146 - - [13/Aug/2013:11:05:03 -0400] "GET /images/horizonstar/horizonstar_18.jpg HTTP/1.1" 200 3035 "-" "Mozilla/5.0 (compatible; bingbot/2.0; +http://www.bing.com/bingbot.htm)"
220.181.89.174 - - [13/Aug/2013:11:41:35 -0400] "GET / HTTP/1.1" 304 - "-" "Sogou web spider/4.0(+http://www.sogou.com/docs/help/webmasters.htm#07)"
206.188.199.46 - - [13/Aug/2013:08:53:56 -0400] "GET / HTTP/1.1" 200 5107 "-" "Jakarta Commons-HttpClient/3.0.1"
69.36.45.65 - - [13/Aug/2013:00:40:32 -0400] "GET / HTTP/1.1" 200 5107 "-" "Jakarta Commons-HttpClient/3.0.1"
37.140.141.23 - - [13/Aug/2013:18:58:18 -0400] "GET /images/7sstruths/7sstruths_06.jpg HTTP/1.1" 200 2931 "-" "Mozilla/5.0 (compatible; YandexImages/3.0; +http://yandex.com/bots)"
205.178.190.97 - - [13/Aug/2013:19:14:33 -0400] "GET / HTTP/1.1" 200 5107 "-" "Jakarta Commons-HttpClient/3.0.1"
37.140.141.23 - - [13/Aug/2013:17:58:15 -0400] "GET /images/horizonstar/horizonstar_10.jpg HTTP/1.1" 200 2436 "-" "Mozilla/5.0 (compatible; YandexImages/3.0; +http://yandex.com/bots)"
157.55.32.162 - - [13/Aug/2013:11:06:16 -0400] "GET /images/horizonstar/horizonstar_06.jpg HTTP/1.0" 200 3507 "-" "Mozilla/5.0 (compatible; bingbot/2.0; +http://www.bing.com/bingbot.htm)"
66.249.75.14 - - [13/Aug/2013:01:56:34 -0400] "GET /who_we_are.html HTTP/1.1" 304 - "-" "Mozilla/5.0 (iPhone; U; CPU iPhone OS 4_1 like Mac OS X; en-us) AppleWebKit/532.9 (KHTML, like Gecko) Version/4.0.5 Mobile/8B117 Safari/6531.22.7 (compatible; Googlebot-Mobile/2.1; +http://www.google.com/bot.html)"
199.30.25.116 - - [13/Aug/2013:12:05:00 -0400] "GET /images/horizonstar/horizonstar2_17.jpg HTTP/1.1" 200 2711 "http://www.horizonstar.com/getting_started.html" "Mozilla/5.0 (Windows NT 6.1; WOW64) AppleWebKit/534+ (KHTML, like Gecko) BingPreview/1.0b"
199.21.99.117 - - [13/Aug/2013:12:57:33 -0400] "GET / HTTP/1.1" 200 5107 "-" "Mozilla/5.0 (compatible; YandexBot/3.0; +http://yandex.com/bots)"
37.140.141.23 - - [13/Aug/2013:17:11:44 -0400] "GET /images/7sstruths/7sstruths_09.jpg HTTP/1.1" 200 4355 "-" "Mozilla/5.0 (compatible; YandexImages/3.0; +http://yandex.com/bots)"
220.181.89.174 - - [13/Aug/2013:11:03:25 -0400] "GET /robots.txt HTTP/1.1" 404 575 "-" "Sogou web spider/4.0"
205.178.190.97 - - [13/Aug/2013:02:47:17 -0400] "GET / HTTP/1.1" 200 5107 "-" "Jakarta Commons-HttpClient/3.0.1"
75.125.251.186 - - [13/Aug/2013:08:53:56 -0400] "GET / HTTP/1.1" 200 5107 "-" "Jakarta Commons-HttpClient/3.0.1"
37.140.141.23 - - [13/Aug/2013:17:18:23 -0400] "GET /images/horizonstar/horizonstar_road_07.jpg HTTP/1.1" 200 1160 "-" "Mozilla/5.0 (compatible; YandexImages/3.0; +http://yandex.com/bots)"
37.140.141.23 - - [13/Aug/2013:17:23:28 -0400] "GET /images/7sstruths/7sstruths_14.jpg HTTP/1.1" 200 991 "-" "Mozilla/5.0 (compatible; YandexImages/3.0; +http://yandex.com/bots)"
37.140.141.23 - - [13/Aug/2013:22:00:02 -0400] "GET /images/7sstruths/7sstruths_pen_07.jpg HTTP/1.1" 200 3146 "-" "Mozilla/5.0 (compatible; YandexImages/3.0; +http://yandex.com/bots)"
37.140.141.23 - - [13/Aug/2013:21:37:37 -0400] "GET /images/horizonstar/horizonstar_road_08.jpg HTTP/1.1" 200 1733 "-" "Mozilla/5.0 (compatible; YandexImages/3.0; +http://yandex.com/bots)"
37.140.141.23 - - [13/Aug/2013:17:31:50 -0400] "GET /images/7sstruths/7sstruths_pen_01.jpg HTTP/1.1" 200 5429 "-" "Mozilla/5.0 (compatible; YandexImages/3.0; +http://yandex.com/bots)"
157.55.32.49 - - [13/Aug/2013:11:04:18 -0400] "GET /GeneratedItems/CSScriptLib.js HTTP/1.1" 200 97868 "-" "Mozilla/5.0 (compatible; bingbot/2.0; +http://www.bing.com/bingbot.htm)"
124.89.102.41 - - [13/Aug/2013:08:53:42 -0400] "GET /robots.txt HTTP/1.1" 404 575 "http://www.horizonstar.com/" "Mozilla/5.0 (compatible; MSIE 8.0; Windows NT 6.1)"
75.125.251.186 - - [13/Aug/2013:12:05:49 -0400] "GET / HTTP/1.1" 200 5107 "-" "Jakarta Commons-HttpClient/3.0.1"
199.21.99.117 - - [13/Aug/2013:12:57:44 -0400] "GET / HTTP/1.1" 200 5107 "-" "Mozilla/5.0 (compatible; YandexBot/3.0; +http://yandex.com/bots)"
37.140.141.23 - - [13/Aug/2013:20:56:32 -0400] "GET /images/horizonstar/horizonstar_road_01.jpg HTTP/1.1" 200 3824 "-" "Mozilla/5.0 (compatible; YandexImages/3.0; +http://yandex.com/bots)"
37.140.141.23 - - [13/Aug/2013:21:06:32 -0400] "GET /images/horizonstar/horizonstar_flower_02.jpg HTTP/1.1" 200 3682 "-" "Mozilla/5.0 (compatible; YandexImages/3.0; +http://yandex.com/bots)"
66.249.75.14 - - [13/Aug/2013:04:36:18 -0400] "GET /who_we_are.html HTTP/1.1" 200 13197 "-" "Mozilla/5.0 (compatible; Googlebot/2.1; +http://www.google.com/bot.html)"
199.21.99.117 - - [13/Aug/2013:12:57:30 -0400] "GET /robots.txt HTTP/1.1" 404 575 "-" "Mozilla/5.0 (compatible; YandexBot/3.0; +http://yandex.com/bots)"
199.21.99.117 - - [13/Aug/2013:12:57:31 -0400] "GET /robots.txt HTTP/1.1" 404 575 "-" "Mozilla/5.0 (compatible; YandexBot/3.0; +http://yandex.com/bots)"
199.21.99.117 - - [13/Aug/2013:12:57:32 -0400] "GET / HTTP/1.1" 200 5107 "-" "Mozilla/5.0 (compatible; YandexBot/3.0; +http://yandex.com/bots)"
157.55.32.49 - - [13/Aug/2013:11:04:23 -0400] "GET /images/horizonstar/horizonstar_road_19.jpg HTTP/1.1" 200 15256 "-" "Mozilla/5.0 (compatible; bingbot/2.0; +http://www.bing.com/bingbot.htm)"
1.202.218.26 - - [13/Aug/2013:14:12:57 -0400] "GET / HTTP/1.1" 200 5107 "-" "Mozilla/5.0 (compatible; JikeSpider; +http://shoulu.jike.com/spider.html)"
37.140.141.23 - - [13/Aug/2013:16:50:35 -0400] "GET /images/7sstruths/7sstruths_road_15.jpg HTTP/1.1" 200 3735 "-" "Mozilla/5.0 (compatible; YandexImages/3.0; +http://yandex.com/bots)"
37.140.141.23 - - [13/Aug/2013:23:19:10 -0400] "GET /images/horizonstar/horizonstar_02.jpg HTTP/1.1" 200 3698 "-" "Mozilla/5.0 (compatible; YandexImages/3.0; +http://yandex.com/bots)"
37.140.141.23 - - [13/Aug/2013:13:51:38 -0400] "GET /images/7sstruths/7sstruths_12.jpg HTTP/1.1" 200 3778 "-" "Mozilla/5.0 (compatible; YandexImages/3.0; +http://yandex.com/bots)"