0byt3m1n1
Path:
/
data
/
0
/
0
/
88
/
128
/
88780
/
meta
/
90160
/
logs
/
[
Home
]
File: x-access_log.2013-08-19
75.125.251.186 - - [19/Aug/2013:02:03:39 -0400] "GET / HTTP/1.1" 200 5107 "-" "Jakarta Commons-HttpClient/3.0.1"
199.21.99.117 - - [19/Aug/2013:12:18:23 -0400] "GET / HTTP/1.1" 200 5107 "-" "Mozilla/5.0 (compatible; YandexBot/3.0; +http://yandex.com/bots)"
80.248.176.136 - - [19/Aug/2013:19:36:42 -0400] "GET / HTTP/1.1" 200 5107 "-" "Jakarta Commons-HttpClient/3.0.1"
157.56.229.189 - - [19/Aug/2013:19:51:48 -0400] "GET / HTTP/1.1" 200 5107 "-" "Mozilla/5.0 (compatible; bingbot/2.0; +http://www.bing.com/bingbot.htm)"
66.249.75.14 - - [19/Aug/2013:10:47:25 -0400] "GET /presenter.html HTTP/1.1" 304 - "-" "Mozilla/5.0 (iPhone; U; CPU iPhone OS 4_1 like Mac OS X; en-us) AppleWebKit/532.9 (KHTML, like Gecko) Version/4.0.5 Mobile/8B117 Safari/6531.22.7 (compatible; Googlebot-Mobile/2.1; +http://www.google.com/bot.html)"
174.229.75.166 - - [19/Aug/2013:07:47:08 -0400] "GET /images/7sstruths/7sstruths_pen_08.jpg HTTP/1.1" 200 1087 "http://www.horizonstar.com/presenter.html" "Mozilla/5.0 (Linux; U; Android 2.3.6; en-us; LG-L38C Build/GRK39F) AppleWebKit/533.1 (KHTML, like Gecko) Version/4.0 Mobile Safari/533.1 MMS/LG-Android-MMS-V1.0/1.2"
174.229.75.166 - - [19/Aug/2013:07:47:08 -0400] "GET /images/7sstruths/7sstruths_pen_19.jpg HTTP/1.1" 200 14229 "http://www.horizonstar.com/presenter.html" "Mozilla/5.0 (Linux; U; Android 2.3.6; en-us; LG-L38C Build/GRK39F) AppleWebKit/533.1 (KHTML, like Gecko) Version/4.0 Mobile Safari/533.1 MMS/LG-Android-MMS-V1.0/1.2"
174.229.75.166 - - [19/Aug/2013:07:47:08 -0400] "GET /images/7sstruths/7sstruths_pen2_15.jpg HTTP/1.1" 200 3935 "http://www.horizonstar.com/presenter.html" "Mozilla/5.0 (Linux; U; Android 2.3.6; en-us; LG-L38C Build/GRK39F) AppleWebKit/533.1 (KHTML, like Gecko) Version/4.0 Mobile Safari/533.1 MMS/LG-Android-MMS-V1.0/1.2"
217.69.133.60 - - [19/Aug/2013:06:17:54 -0400] "GET /robots.txt HTTP/1.0" 404 575 "-" "Mozilla/5.0 (compatible; Linux x86_64; Mail.RU_Bot/2.0; +http://go.mail.ru/help/robots)"
174.229.75.166 - - [19/Aug/2013:07:46:52 -0400] "GET /images/7sstruths/7sstruths2_17.jpg HTTP/1.1" 200 3136 "http://www.horizonstar.com/getting_started7.html" "Mozilla/5.0 (Linux; U; Android 2.3.6; en-us; LG-L38C Build/GRK39F) AppleWebKit/533.1 (KHTML, like Gecko) Version/4.0 Mobile Safari/533.1 MMS/LG-Android-MMS-V1.0/1.2"
205.178.190.97 - - [19/Aug/2013:04:21:14 -0400] "GET / HTTP/1.1" 200 5107 "-" "Jakarta Commons-HttpClient/3.0.1"
174.229.75.166 - - [19/Aug/2013:07:47:08 -0400] "GET /images/7sstruths/7sstruths_pen_03.jpg HTTP/1.1" 200 4550 "http://www.horizonstar.com/presenter.html" "Mozilla/5.0 (Linux; U; Android 2.3.6; en-us; LG-L38C Build/GRK39F) AppleWebKit/533.1 (KHTML, like Gecko) Version/4.0 Mobile Safari/533.1 MMS/LG-Android-MMS-V1.0/1.2"
174.229.75.166 - - [19/Aug/2013:07:47:08 -0400] "GET /images/7sstruths/7sstruths_pen_09.jpg HTTP/1.1" 200 4359 "http://www.horizonstar.com/presenter.html" "Mozilla/5.0 (Linux; U; Android 2.3.6; en-us; LG-L38C Build/GRK39F) AppleWebKit/533.1 (KHTML, like Gecko) Version/4.0 Mobile Safari/533.1 MMS/LG-Android-MMS-V1.0/1.2"
76.92.201.205 - - [19/Aug/2013:17:09:26 -0400] "GET /images/7sstruths/7sstruths_05.jpg HTTP/1.1" 200 2631 "http://www.horizonstar.com/presenter.html" "Mozilla/5.0 (Windows NT 6.1; WOW64) AppleWebKit/537.36 (KHTML, like Gecko) Chrome/28.0.1500.95 Safari/537.36"
76.92.201.205 - - [19/Aug/2013:17:09:26 -0400] "GET /images/7sstruths/7sstruths_10.jpg HTTP/1.1" 200 3940 "http://www.horizonstar.com/presenter.html" "Mozilla/5.0 (Windows NT 6.1; WOW64) AppleWebKit/537.36 (KHTML, like Gecko) Chrome/28.0.1500.95 Safari/537.36"
76.92.201.205 - - [19/Aug/2013:17:09:26 -0400] "GET /images/7sstruths/7sstruths_pen_14.jpg HTTP/1.1" 200 868 "http://www.horizonstar.com/presenter.html" "Mozilla/5.0 (Windows NT 6.1; WOW64) AppleWebKit/537.36 (KHTML, like Gecko) Chrome/28.0.1500.95 Safari/537.36"
76.92.201.205 - - [19/Aug/2013:17:09:26 -0400] "GET /images/36x18.gif HTTP/1.1" 200 64 "http://www.horizonstar.com/presenter.html" "Mozilla/5.0 (Windows NT 6.1; WOW64) AppleWebKit/537.36 (KHTML, like Gecko) Chrome/28.0.1500.95 Safari/537.36"
76.92.201.205 - - [19/Aug/2013:17:09:26 -0400] "GET /images/7sstruths/7sstruths_22.jpg HTTP/1.1" 200 8591 "http://www.horizonstar.com/presenter.html" "Mozilla/5.0 (Windows NT 6.1; WOW64) AppleWebKit/537.36 (KHTML, like Gecko) Chrome/28.0.1500.95 Safari/537.36"
76.92.201.205 - - [19/Aug/2013:17:09:26 -0400] "GET /images/7sstruths/7sstruths2_16.jpg HTTP/1.1" 200 3670 "http://www.horizonstar.com/presenter.html" "Mozilla/5.0 (Windows NT 6.1; WOW64) AppleWebKit/537.36 (KHTML, like Gecko) Chrome/28.0.1500.95 Safari/537.36"
80.248.176.136 - - [19/Aug/2013:17:29:46 -0400] "GET / HTTP/1.1" 200 5107 "-" "Jakarta Commons-HttpClient/3.0.1"
206.188.199.46 - - [19/Aug/2013:22:59:57 -0400] "GET / HTTP/1.1" 200 5107 "-" "Jakarta Commons-HttpClient/3.0.1"
174.229.75.166 - - [19/Aug/2013:07:47:08 -0400] "GET /images/7sstruths/7sstruths_pen_02.jpg HTTP/1.1" 200 1622 "http://www.horizonstar.com/presenter.html" "Mozilla/5.0 (Linux; U; Android 2.3.6; en-us; LG-L38C Build/GRK39F) AppleWebKit/533.1 (KHTML, like Gecko) Version/4.0 Mobile Safari/533.1 MMS/LG-Android-MMS-V1.0/1.2"
69.36.45.65 - - [19/Aug/2013:10:59:52 -0400] "GET / HTTP/1.1" 200 5107 "-" "Jakarta Commons-HttpClient/3.0.1"
69.36.45.65 - - [19/Aug/2013:16:18:22 -0400] "GET / HTTP/1.1" 200 5107 "-" "Jakarta Commons-HttpClient/3.0.1"
69.36.45.65 - - [19/Aug/2013:17:29:46 -0400] "GET / HTTP/1.1" 200 5107 "-" "Jakarta Commons-HttpClient/3.0.1"
75.125.251.186 - - [19/Aug/2013:04:21:14 -0400] "GET / HTTP/1.1" 200 5107 "-" "Jakarta Commons-HttpClient/3.0.1"
174.229.75.166 - - [19/Aug/2013:07:46:48 -0400] "GET /images/7sstruths/7sstruths_road_03.jpg HTTP/1.1" 200 4549 "http://www.horizonstar.com/getting_started7.html" "Mozilla/5.0 (Linux; U; Android 2.3.6; en-us; LG-L38C Build/GRK39F) AppleWebKit/533.1 (KHTML, like Gecko) Version/4.0 Mobile Safari/533.1 MMS/LG-Android-MMS-V1.0/1.2"
174.229.75.166 - - [19/Aug/2013:07:46:48 -0400] "GET /images/7sstruths/7sstruths_road_14.jpg HTTP/1.1" 200 861 "http://www.horizonstar.com/getting_started7.html" "Mozilla/5.0 (Linux; U; Android 2.3.6; en-us; LG-L38C Build/GRK39F) AppleWebKit/533.1 (KHTML, like Gecko) Version/4.0 Mobile Safari/533.1 MMS/LG-Android-MMS-V1.0/1.2"
174.229.75.166 - - [19/Aug/2013:07:46:49 -0400] "GET /images/7sstruths/7sstruths_18.jpg HTTP/1.1" 200 3440 "http://www.horizonstar.com/getting_started7.html" "Mozilla/5.0 (Linux; U; Android 2.3.6; en-us; LG-L38C Build/GRK39F) AppleWebKit/533.1 (KHTML, like Gecko) Version/4.0 Mobile Safari/533.1 MMS/LG-Android-MMS-V1.0/1.2"
174.229.75.166 - - [19/Aug/2013:07:46:49 -0400] "GET /images/7sstruths/7sstruths_road_19.jpg HTTP/1.1" 200 11485 "http://www.horizonstar.com/getting_started7.html" "Mozilla/5.0 (Linux; U; Android 2.3.6; en-us; LG-L38C Build/GRK39F) AppleWebKit/533.1 (KHTML, like Gecko) Version/4.0 Mobile Safari/533.1 MMS/LG-Android-MMS-V1.0/1.2"
174.229.75.166 - - [19/Aug/2013:07:46:49 -0400] "GET /images/36x18.gif HTTP/1.1" 200 64 "http://www.horizonstar.com/getting_started7.html" "Mozilla/5.0 (Linux; U; Android 2.3.6; en-us; LG-L38C Build/GRK39F) AppleWebKit/533.1 (KHTML, like Gecko) Version/4.0 Mobile Safari/533.1 MMS/LG-Android-MMS-V1.0/1.2"
75.125.251.186 - - [19/Aug/2013:19:36:42 -0400] "GET / HTTP/1.1" 200 5107 "-" "Jakarta Commons-HttpClient/3.0.1"
75.125.251.186 - - [19/Aug/2013:14:56:58 -0400] "GET / HTTP/1.1" 200 5107 "-" "Jakarta Commons-HttpClient/3.0.1"
80.248.176.136 - - [19/Aug/2013:20:44:58 -0400] "GET / HTTP/1.1" 200 5107 "-" "Jakarta Commons-HttpClient/3.0.1"
65.55.215.62 - - [19/Aug/2013:06:41:30 -0400] "GET /robots.txt HTTP/1.1" 404 575 "-" "msnbot-media/1.1 (+http://search.msn.com/msnbot.htm)"
174.229.75.166 - - [19/Aug/2013:07:46:52 -0400] "GET /images/7sstruths/7sstruths_road2_15.jpg HTTP/1.1" 200 3953 "http://www.horizonstar.com/getting_started7.html" "Mozilla/5.0 (Linux; U; Android 2.3.6; en-us; LG-L38C Build/GRK39F) AppleWebKit/533.1 (KHTML, like Gecko) Version/4.0 Mobile Safari/533.1 MMS/LG-Android-MMS-V1.0/1.2"
182.118.22.215 - - [19/Aug/2013:16:19:32 -0400] "GET /robots.txt HTTP/1.1" 404 575 "http://www.horizonstar.com/robots.txt" "Mozilla/5.0 (Windows; U; Windows NT 5.1; zh-CN; rv:1.8.0.11) Firefox/1.5.0.11; 360Spider"
205.178.190.97 - - [19/Aug/2013:17:29:46 -0400] "GET / HTTP/1.1" 200 5107 "-" "Jakarta Commons-HttpClient/3.0.1"
75.125.251.186 - - [19/Aug/2013:17:29:46 -0400] "GET / HTTP/1.1" 200 5107 "-" "Jakarta Commons-HttpClient/3.0.1"
75.125.251.186 - - [19/Aug/2013:06:09:50 -0400] "GET / HTTP/1.1" 200 5107 "-" "Jakarta Commons-HttpClient/3.0.1"
182.118.22.209 - - [19/Aug/2013:18:13:57 -0400] "GET / HTTP/1.1" 200 5107 "http://www.horizonstar.com/" "Mozilla/5.0 (Windows; U; Windows NT 5.1; zh-CN; rv:1.8.0.11) Firefox/1.5.0.11; 360Spider"
157.56.229.189 - - [19/Aug/2013:19:48:07 -0400] "GET /robots.txt HTTP/1.1" 404 575 "-" "Mozilla/5.0 (compatible; bingbot/2.0; +http://www.bing.com/bingbot.htm)"
76.92.201.205 - - [19/Aug/2013:17:09:26 -0400] "GET /images/7sstruths/7sstruths_04.jpg HTTP/1.1" 200 5597 "http://www.horizonstar.com/presenter.html" "Mozilla/5.0 (Windows NT 6.1; WOW64) AppleWebKit/537.36 (KHTML, like Gecko) Chrome/28.0.1500.95 Safari/537.36"
76.92.201.205 - - [19/Aug/2013:17:09:26 -0400] "GET /images/7sstruths/7sstruths_11.jpg HTTP/1.1" 200 3444 "http://www.horizonstar.com/presenter.html" "Mozilla/5.0 (Windows NT 6.1; WOW64) AppleWebKit/537.36 (KHTML, like Gecko) Chrome/28.0.1500.95 Safari/537.36"
76.92.201.205 - - [19/Aug/2013:17:09:26 -0400] "GET /images/7sstruths/7sstruths_16.jpg HTTP/1.1" 200 3436 "http://www.horizonstar.com/presenter.html" "Mozilla/5.0 (Windows NT 6.1; WOW64) AppleWebKit/537.36 (KHTML, like Gecko) Chrome/28.0.1500.95 Safari/537.36"
76.92.201.205 - - [19/Aug/2013:17:09:26 -0400] "GET /images/7sstruths_bkgd.jpg HTTP/1.1" 200 15966 "http://www.horizonstar.com/presenter.html" "Mozilla/5.0 (Windows NT 6.1; WOW64) AppleWebKit/537.36 (KHTML, like Gecko) Chrome/28.0.1500.95 Safari/537.36"
76.92.201.205 - - [19/Aug/2013:17:09:26 -0400] "GET /images/7sstruths/7sstruths_pen2_15.jpg HTTP/1.1" 200 3935 "http://www.horizonstar.com/presenter.html" "Mozilla/5.0 (Windows NT 6.1; WOW64) AppleWebKit/537.36 (KHTML, like Gecko) Chrome/28.0.1500.95 Safari/537.36"
76.92.201.205 - - [19/Aug/2013:17:09:26 -0400] "GET /favicon.ico HTTP/1.1" 404 575 "-" "Mozilla/5.0 (Windows NT 6.1; WOW64) AppleWebKit/537.36 (KHTML, like Gecko) Chrome/28.0.1500.95 Safari/537.36"
80.248.176.136 - - [19/Aug/2013:04:21:14 -0400] "GET / HTTP/1.1" 200 5107 "-" "Jakarta Commons-HttpClient/3.0.1"
205.178.190.97 - - [19/Aug/2013:22:59:57 -0400] "GET / HTTP/1.1" 200 5107 "-" "Jakarta Commons-HttpClient/3.0.1"
205.178.190.97 - - [19/Aug/2013:10:59:52 -0400] "GET / HTTP/1.1" 200 5107 "-" "Jakarta Commons-HttpClient/3.0.1"
205.178.190.97 - - [19/Aug/2013:13:15:13 -0400] "GET / HTTP/1.1" 200 5107 "-" "Jakarta Commons-HttpClient/3.0.1"
205.178.190.97 - - [19/Aug/2013:21:51:06 -0400] "GET / HTTP/1.1" 200 5107 "-" "Jakarta Commons-HttpClient/3.0.1"
75.125.251.186 - - [19/Aug/2013:22:59:57 -0400] "GET / HTTP/1.1" 200 5107 "-" "Jakarta Commons-HttpClient/3.0.1"
76.92.201.205 - - [19/Aug/2013:17:09:26 -0400] "GET /images/7sstruths_bkgd.css HTTP/1.1" 200 130 "http://www.horizonstar.com/presenter.html" "Mozilla/5.0 (Windows NT 6.1; WOW64) AppleWebKit/537.36 (KHTML, like Gecko) Chrome/28.0.1500.95 Safari/537.36"
76.92.201.205 - - [19/Aug/2013:17:09:26 -0400] "GET /images/7sstruths/7sstruths_pen_03.jpg HTTP/1.1" 200 4550 "http://www.horizonstar.com/presenter.html" "Mozilla/5.0 (Windows NT 6.1; WOW64) AppleWebKit/537.36 (KHTML, like Gecko) Chrome/28.0.1500.95 Safari/537.36"
76.92.201.205 - - [19/Aug/2013:17:09:26 -0400] "GET /images/7sstruths/7sstruths_pen_08.jpg HTTP/1.1" 200 1087 "http://www.horizonstar.com/presenter.html" "Mozilla/5.0 (Windows NT 6.1; WOW64) AppleWebKit/537.36 (KHTML, like Gecko) Chrome/28.0.1500.95 Safari/537.36"
76.92.201.205 - - [19/Aug/2013:17:09:26 -0400] "GET /images/7sstruths/7sstruths_pen_15.jpg HTTP/1.1" 200 3728 "http://www.horizonstar.com/presenter.html" "Mozilla/5.0 (Windows NT 6.1; WOW64) AppleWebKit/537.36 (KHTML, like Gecko) Chrome/28.0.1500.95 Safari/537.36"
76.92.201.205 - - [19/Aug/2013:17:09:26 -0400] "GET /images/rod_orr.jpg HTTP/1.1" 200 8040 "http://www.horizonstar.com/presenter.html" "Mozilla/5.0 (Windows NT 6.1; WOW64) AppleWebKit/537.36 (KHTML, like Gecko) Chrome/28.0.1500.95 Safari/537.36"
193.43.252.252 - - [19/Aug/2013:06:39:51 -0400] "GET / HTTP/1.0" 200 5107 "http://getfilesme.com/" "Mozilla/5.0 (Windows NT 5.1; U; en) Opera 8.00"
205.178.190.97 - - [19/Aug/2013:08:11:40 -0400] "GET / HTTP/1.1" 200 5107 "-" "Jakarta Commons-HttpClient/3.0.1"
69.36.45.65 - - [19/Aug/2013:08:11:40 -0400] "GET / HTTP/1.1" 200 5107 "-" "Jakarta Commons-HttpClient/3.0.1"
80.248.176.136 - - [19/Aug/2013:16:18:22 -0400] "GET / HTTP/1.1" 200 5107 "-" "Jakarta Commons-HttpClient/3.0.1"
69.36.45.65 - - [19/Aug/2013:21:51:06 -0400] "GET / HTTP/1.1" 200 5107 "-" "Jakarta Commons-HttpClient/3.0.1"
206.188.199.46 - - [19/Aug/2013:19:36:42 -0400] "GET / HTTP/1.1" 200 5107 "-" "Jakarta Commons-HttpClient/3.0.1"
174.229.75.166 - - [19/Aug/2013:07:46:48 -0400] "GET /images/7sstruths/7sstruths_road_01.jpg HTTP/1.1" 200 5573 "http://www.horizonstar.com/getting_started7.html" "Mozilla/5.0 (Linux; U; Android 2.3.6; en-us; LG-L38C Build/GRK39F) AppleWebKit/533.1 (KHTML, like Gecko) Version/4.0 Mobile Safari/533.1 MMS/LG-Android-MMS-V1.0/1.2"
69.36.45.65 - - [19/Aug/2013:02:03:39 -0400] "GET / HTTP/1.1" 200 5107 "-" "Jakarta Commons-HttpClient/3.0.1"
222.217.68.181 - - [19/Aug/2013:02:21:52 -0400] "GET /images/horizon7.css HTTP/1.1" 200 125 "http://www.horizonstar.com/" "Mozilla/4.0 (compatible; MSIE 8.0; Windows NT 5.1; Trident/4.0; .NET CLR 2.0.50727; .NET CLR 3.0.4506.2152; .NET CLR 3.5.30729)"
222.217.68.181 - - [19/Aug/2013:02:21:53 -0400] "GET /images/star_icon.jpg HTTP/1.1" 200 4494 "-" "Mozilla/4.0 (compatible; MSIE 8.0; Windows NT 5.1; Trident/4.0; .NET CLR 2.0.50727; .NET CLR 3.0.4506.2152; .NET CLR 3.5.30729)"
76.92.201.205 - - [19/Aug/2013:17:09:26 -0400] "GET /images/7sstruths/7sstruths_pen_01.jpg HTTP/1.1" 200 5429 "http://www.horizonstar.com/presenter.html" "Mozilla/5.0 (Windows NT 6.1; WOW64) AppleWebKit/537.36 (KHTML, like Gecko) Chrome/28.0.1500.95 Safari/537.36"
76.92.201.205 - - [19/Aug/2013:17:09:26 -0400] "GET /images/7sstruths/7sstruths_pen_07.jpg HTTP/1.1" 200 3146 "http://www.horizonstar.com/presenter.html" "Mozilla/5.0 (Windows NT 6.1; WOW64) AppleWebKit/537.36 (KHTML, like Gecko) Chrome/28.0.1500.95 Safari/537.36"
76.92.201.205 - - [19/Aug/2013:17:09:26 -0400] "GET /images/7sstruths/7sstruths_12.jpg HTTP/1.1" 200 3778 "http://www.horizonstar.com/presenter.html" "Mozilla/5.0 (Windows NT 6.1; WOW64) AppleWebKit/537.36 (KHTML, like Gecko) Chrome/28.0.1500.95 Safari/537.36"
76.92.201.205 - - [19/Aug/2013:17:09:26 -0400] "GET /images/7sstruths/7sstruths_17.jpg HTTP/1.1" 200 2969 "http://www.horizonstar.com/presenter.html" "Mozilla/5.0 (Windows NT 6.1; WOW64) AppleWebKit/537.36 (KHTML, like Gecko) Chrome/28.0.1500.95 Safari/537.36"
76.92.201.205 - - [19/Aug/2013:17:09:26 -0400] "GET /images/7sstruths/7sstruths_23.jpg HTTP/1.1" 200 1704 "http://www.horizonstar.com/presenter.html" "Mozilla/5.0 (Windows NT 6.1; WOW64) AppleWebKit/537.36 (KHTML, like Gecko) Chrome/28.0.1500.95 Safari/537.36"
76.92.201.205 - - [19/Aug/2013:17:09:26 -0400] "GET /images/7sstruths/7sstruths2_17.jpg HTTP/1.1" 200 3136 "http://www.horizonstar.com/presenter.html" "Mozilla/5.0 (Windows NT 6.1; WOW64) AppleWebKit/537.36 (KHTML, like Gecko) Chrome/28.0.1500.95 Safari/537.36"
205.178.190.97 - - [19/Aug/2013:20:44:57 -0400] "GET / HTTP/1.1" 200 5107 "-" "Jakarta Commons-HttpClient/3.0.1"
75.125.251.186 - - [19/Aug/2013:21:51:06 -0400] "GET / HTTP/1.1" 200 5107 "-" "Jakarta Commons-HttpClient/3.0.1"
206.188.199.46 - - [19/Aug/2013:06:09:50 -0400] "GET / HTTP/1.1" 200 5107 "-" "Jakarta Commons-HttpClient/3.0.1"
206.188.199.46 - - [19/Aug/2013:08:11:40 -0400] "GET / HTTP/1.1" 200 5107 "-" "Jakarta Commons-HttpClient/3.0.1"
205.178.190.97 - - [19/Aug/2013:18:33:43 -0400] "GET / HTTP/1.1" 200 5107 "-" "Jakarta Commons-HttpClient/3.0.1"
69.36.45.65 - - [19/Aug/2013:13:15:13 -0400] "GET / HTTP/1.1" 200 5107 "-" "Jakarta Commons-HttpClient/3.0.1"
206.188.199.46 - - [19/Aug/2013:21:51:06 -0400] "GET / HTTP/1.1" 200 5107 "-" "Jakarta Commons-HttpClient/3.0.1"
80.248.176.136 - - [19/Aug/2013:21:51:06 -0400] "GET / HTTP/1.1" 200 5107 "-" "Jakarta Commons-HttpClient/3.0.1"
66.249.75.14 - - [19/Aug/2013:10:47:20 -0400] "GET /robots.txt HTTP/1.1" 404 575 "-" "Mozilla/5.0 (compatible; Googlebot/2.1; +http://www.google.com/bot.html)"
174.229.75.166 - - [19/Aug/2013:07:46:48 -0400] "GET /GeneratedItems/CSScriptLib.js HTTP/1.1" 200 97868 "http://www.horizonstar.com/getting_started7.html" "Mozilla/5.0 (Linux; U; Android 2.3.6; en-us; LG-L38C Build/GRK39F) AppleWebKit/533.1 (KHTML, like Gecko) Version/4.0 Mobile Safari/533.1 MMS/LG-Android-MMS-V1.0/1.2"
174.229.75.166 - - [19/Aug/2013:07:46:48 -0400] "GET /images/7sstruths/7sstruths_road_07.jpg HTTP/1.1" 200 3188 "http://www.horizonstar.com/getting_started7.html" "Mozilla/5.0 (Linux; U; Android 2.3.6; en-us; LG-L38C Build/GRK39F) AppleWebKit/533.1 (KHTML, like Gecko) Version/4.0 Mobile Safari/533.1 MMS/LG-Android-MMS-V1.0/1.2"
174.229.75.166 - - [19/Aug/2013:07:46:49 -0400] "GET /images/7sstruths/7sstruths_21.jpg HTTP/1.1" 200 2511 "http://www.horizonstar.com/getting_started7.html" "Mozilla/5.0 (Linux; U; Android 2.3.6; en-us; LG-L38C Build/GRK39F) AppleWebKit/533.1 (KHTML, like Gecko) Version/4.0 Mobile Safari/533.1 MMS/LG-Android-MMS-V1.0/1.2"
174.229.75.166 - - [19/Aug/2013:07:46:49 -0400] "GET /images/7sstruths/7sstruths_22.jpg HTTP/1.1" 200 8591 "http://www.horizonstar.com/getting_started7.html" "Mozilla/5.0 (Linux; U; Android 2.3.6; en-us; LG-L38C Build/GRK39F) AppleWebKit/533.1 (KHTML, like Gecko) Version/4.0 Mobile Safari/533.1 MMS/LG-Android-MMS-V1.0/1.2"
174.229.75.166 - - [19/Aug/2013:07:46:49 -0400] "GET /images/7sstruths/7sstruths_23.jpg HTTP/1.1" 200 1704 "http://www.horizonstar.com/getting_started7.html" "Mozilla/5.0 (Linux; U; Android 2.3.6; en-us; LG-L38C Build/GRK39F) AppleWebKit/533.1 (KHTML, like Gecko) Version/4.0 Mobile Safari/533.1 MMS/LG-Android-MMS-V1.0/1.2"
174.229.75.166 - - [19/Aug/2013:07:47:08 -0400] "GET /images/7sstruths/7sstruths_pen_07.jpg HTTP/1.1" 200 3146 "http://www.horizonstar.com/presenter.html" "Mozilla/5.0 (Linux; U; Android 2.3.6; en-us; LG-L38C Build/GRK39F) AppleWebKit/533.1 (KHTML, like Gecko) Version/4.0 Mobile Safari/533.1 MMS/LG-Android-MMS-V1.0/1.2"
80.248.176.136 - - [19/Aug/2013:08:11:40 -0400] "GET / HTTP/1.1" 200 5107 "-" "Jakarta Commons-HttpClient/3.0.1"
206.188.199.46 - - [19/Aug/2013:13:15:13 -0400] "GET / HTTP/1.1" 200 5107 "-" "Jakarta Commons-HttpClient/3.0.1"
174.229.75.166 - - [19/Aug/2013:07:46:48 -0400] "GET /images/7sstruths/7sstruths_05.jpg HTTP/1.1" 200 2631 "http://www.horizonstar.com/getting_started7.html" "Mozilla/5.0 (Linux; U; Android 2.3.6; en-us; LG-L38C Build/GRK39F) AppleWebKit/533.1 (KHTML, like Gecko) Version/4.0 Mobile Safari/533.1 MMS/LG-Android-MMS-V1.0/1.2"
174.229.75.166 - - [19/Aug/2013:07:46:48 -0400] "GET /images/7sstruths/7sstruths_11.jpg HTTP/1.1" 200 3444 "http://www.horizonstar.com/getting_started7.html" "Mozilla/5.0 (Linux; U; Android 2.3.6; en-us; LG-L38C Build/GRK39F) AppleWebKit/533.1 (KHTML, like Gecko) Version/4.0 Mobile Safari/533.1 MMS/LG-Android-MMS-V1.0/1.2"
174.229.75.166 - - [19/Aug/2013:07:46:48 -0400] "GET /images/7sstruths/7sstruths_12.jpg HTTP/1.1" 200 3778 "http://www.horizonstar.com/getting_started7.html" "Mozilla/5.0 (Linux; U; Android 2.3.6; en-us; LG-L38C Build/GRK39F) AppleWebKit/533.1 (KHTML, like Gecko) Version/4.0 Mobile Safari/533.1 MMS/LG-Android-MMS-V1.0/1.2"
174.229.75.166 - - [19/Aug/2013:07:46:48 -0400] "GET /images/7sstruths/7sstruths_road_13.jpg HTTP/1.1" 200 3612 "http://www.horizonstar.com/getting_started7.html" "Mozilla/5.0 (Linux; U; Android 2.3.6; en-us; LG-L38C Build/GRK39F) AppleWebKit/533.1 (KHTML, like Gecko) Version/4.0 Mobile Safari/533.1 MMS/LG-Android-MMS-V1.0/1.2"
205.178.190.97 - - [19/Aug/2013:06:09:50 -0400] "GET / HTTP/1.1" 200 5107 "-" "Jakarta Commons-HttpClient/3.0.1"
76.92.201.205 - - [19/Aug/2013:17:09:25 -0400] "GET /presenter.html HTTP/1.1" 200 13004 "http://search.pch.com/search?q=roderick%20orr&start=21" "Mozilla/5.0 (Windows NT 6.1; WOW64) AppleWebKit/537.36 (KHTML, like Gecko) Chrome/28.0.1500.95 Safari/537.36"
76.92.201.205 - - [19/Aug/2013:17:09:26 -0400] "GET /images/7sstruths/7sstruths_pen_02.jpg HTTP/1.1" 200 1622 "http://www.horizonstar.com/presenter.html" "Mozilla/5.0 (Windows NT 6.1; WOW64) AppleWebKit/537.36 (KHTML, like Gecko) Chrome/28.0.1500.95 Safari/537.36"
76.92.201.205 - - [19/Aug/2013:17:09:26 -0400] "GET /images/7sstruths/7sstruths_06.jpg HTTP/1.1" 200 2931 "http://www.horizonstar.com/presenter.html" "Mozilla/5.0 (Windows NT 6.1; WOW64) AppleWebKit/537.36 (KHTML, like Gecko) Chrome/28.0.1500.95 Safari/537.36"
76.92.201.205 - - [19/Aug/2013:17:09:26 -0400] "GET /images/7sstruths/7sstruths_pen_09.jpg HTTP/1.1" 200 4359 "http://www.horizonstar.com/presenter.html" "Mozilla/5.0 (Windows NT 6.1; WOW64) AppleWebKit/537.36 (KHTML, like Gecko) Chrome/28.0.1500.95 Safari/537.36"
76.92.201.205 - - [19/Aug/2013:17:09:26 -0400] "GET /images/7sstruths/7sstruths_pen_13.jpg HTTP/1.1" 200 3466 "http://www.horizonstar.com/presenter.html" "Mozilla/5.0 (Windows NT 6.1; WOW64) AppleWebKit/537.36 (KHTML, like Gecko) Chrome/28.0.1500.95 Safari/537.36"
76.92.201.205 - - [19/Aug/2013:17:09:26 -0400] "GET /images/7sstruths/7sstruths_pen_19.jpg HTTP/1.1" 200 14229 "http://www.horizonstar.com/presenter.html" "Mozilla/5.0 (Windows NT 6.1; WOW64) AppleWebKit/537.36 (KHTML, like Gecko) Chrome/28.0.1500.95 Safari/537.36"
76.92.201.205 - - [19/Aug/2013:17:09:26 -0400] "GET /images/7sstruths/7sstruths_21.jpg HTTP/1.1" 200 2511 "http://www.horizonstar.com/presenter.html" "Mozilla/5.0 (Windows NT 6.1; WOW64) AppleWebKit/537.36 (KHTML, like Gecko) Chrome/28.0.1500.95 Safari/537.36"
76.92.201.205 - - [19/Aug/2013:17:09:26 -0400] "GET /images/7sstruths/7sstruths2_18.jpg HTTP/1.1" 200 3631 "http://www.horizonstar.com/presenter.html" "Mozilla/5.0 (Windows NT 6.1; WOW64) AppleWebKit/537.36 (KHTML, like Gecko) Chrome/28.0.1500.95 Safari/537.36"
205.178.190.97 - - [19/Aug/2013:19:36:41 -0400] "GET / HTTP/1.1" 200 5107 "-" "Jakarta Commons-HttpClient/3.0.1"
174.229.75.166 - - [19/Aug/2013:07:46:47 -0400] "GET /getting_started7.html HTTP/1.1" 200 12097 "-" "Mozilla/5.0 (Linux; U; Android 2.3.6; en-us; LG-L38C Build/GRK39F) AppleWebKit/533.1 (KHTML, like Gecko) Version/4.0 Mobile Safari/533.1 MMS/LG-Android-MMS-V1.0/1.2"
174.229.75.166 - - [19/Aug/2013:07:46:48 -0400] "GET /images/7sstruths/7sstruths_road_15.jpg HTTP/1.1" 200 3735 "http://www.horizonstar.com/getting_started7.html" "Mozilla/5.0 (Linux; U; Android 2.3.6; en-us; LG-L38C Build/GRK39F) AppleWebKit/533.1 (KHTML, like Gecko) Version/4.0 Mobile Safari/533.1 MMS/LG-Android-MMS-V1.0/1.2"
174.229.75.166 - - [19/Aug/2013:07:46:48 -0400] "GET /images/7sstruths/7sstruths_16.jpg HTTP/1.1" 200 3436 "http://www.horizonstar.com/getting_started7.html" "Mozilla/5.0 (Linux; U; Android 2.3.6; en-us; LG-L38C Build/GRK39F) AppleWebKit/533.1 (KHTML, like Gecko) Version/4.0 Mobile Safari/533.1 MMS/LG-Android-MMS-V1.0/1.2"
174.229.75.166 - - [19/Aug/2013:07:46:49 -0400] "GET /images/7sstruths/7sstruths_17.jpg HTTP/1.1" 200 2969 "http://www.horizonstar.com/getting_started7.html" "Mozilla/5.0 (Linux; U; Android 2.3.6; en-us; LG-L38C Build/GRK39F) AppleWebKit/533.1 (KHTML, like Gecko) Version/4.0 Mobile Safari/533.1 MMS/LG-Android-MMS-V1.0/1.2"
174.229.75.166 - - [19/Aug/2013:07:46:52 -0400] "GET /images/7sstruths_bkgd.jpg HTTP/1.1" 200 15966 "http://www.horizonstar.com/getting_started7.html" "Mozilla/5.0 (Linux; U; Android 2.3.6; en-us; LG-L38C Build/GRK39F) AppleWebKit/533.1 (KHTML, like Gecko) Version/4.0 Mobile Safari/533.1 MMS/LG-Android-MMS-V1.0/1.2"
174.229.75.166 - - [19/Aug/2013:07:46:52 -0400] "GET /images/star_icon.jpg HTTP/1.1" 200 4494 "http://www.horizonstar.com/getting_started7.html" "Mozilla/5.0 (Linux; U; Android 2.3.6; en-us; LG-L38C Build/GRK39F) AppleWebKit/533.1 (KHTML, like Gecko) Version/4.0 Mobile Safari/533.1 MMS/LG-Android-MMS-V1.0/1.2"
75.125.251.186 - - [19/Aug/2013:08:11:40 -0400] "GET / HTTP/1.1" 200 5107 "-" "Jakarta Commons-HttpClient/3.0.1"
75.125.251.186 - - [19/Aug/2013:16:18:22 -0400] "GET / HTTP/1.1" 200 5107 "-" "Jakarta Commons-HttpClient/3.0.1"
69.36.45.65 - - [19/Aug/2013:19:36:42 -0400] "GET / HTTP/1.1" 200 5107 "-" "Jakarta Commons-HttpClient/3.0.1"
208.115.113.88 - - [19/Aug/2013:02:46:01 -0400] "GET /robots.txt HTTP/1.1" 404 575 "-" "Mozilla/5.0 (compatible; Ezooms/1.0; ezooms.bot@gmail.com)"
199.21.99.117 - - [19/Aug/2013:12:18:13 -0400] "GET /robots.txt HTTP/1.1" 404 575 "-" "Mozilla/5.0 (compatible; YandexBot/3.0; +http://yandex.com/bots)"
199.21.99.117 - - [19/Aug/2013:12:18:14 -0400] "GET /robots.txt HTTP/1.1" 404 575 "-" "Mozilla/5.0 (compatible; YandexBot/3.0; +http://yandex.com/bots)"
199.21.99.117 - - [19/Aug/2013:12:18:15 -0400] "GET / HTTP/1.1" 200 5107 "-" "Mozilla/5.0 (compatible; YandexBot/3.0; +http://yandex.com/bots)"
174.229.75.166 - - [19/Aug/2013:07:46:48 -0400] "GET /images/7sstruths/7sstruths_road_02.jpg HTTP/1.1" 200 1589 "http://www.horizonstar.com/getting_started7.html" "Mozilla/5.0 (Linux; U; Android 2.3.6; en-us; LG-L38C Build/GRK39F) AppleWebKit/533.1 (KHTML, like Gecko) Version/4.0 Mobile Safari/533.1 MMS/LG-Android-MMS-V1.0/1.2"
69.36.45.65 - - [19/Aug/2013:06:09:50 -0400] "GET / HTTP/1.1" 200 5107 "-" "Jakarta Commons-HttpClient/3.0.1"
80.248.176.136 - - [19/Aug/2013:06:09:50 -0400] "GET / HTTP/1.1" 200 5107 "-" "Jakarta Commons-HttpClient/3.0.1"
80.248.176.136 - - [19/Aug/2013:10:59:53 -0400] "GET / HTTP/1.1" 200 5107 "-" "Jakarta Commons-HttpClient/3.0.1"
75.125.251.186 - - [19/Aug/2013:18:33:43 -0400] "GET / HTTP/1.1" 200 5107 "-" "Jakarta Commons-HttpClient/3.0.1"
205.178.190.97 - - [19/Aug/2013:14:56:57 -0400] "GET / HTTP/1.1" 200 5107 "-" "Jakarta Commons-HttpClient/3.0.1"
206.188.199.46 - - [19/Aug/2013:14:56:57 -0400] "GET / HTTP/1.1" 200 5107 "-" "Jakarta Commons-HttpClient/3.0.1"
208.115.113.88 - - [19/Aug/2013:03:39:20 -0400] "GET /getting_started7.html HTTP/1.1" 200 12097 "-" "Mozilla/5.0 (compatible; Ezooms/1.0; ezooms.bot@gmail.com)"
206.188.199.46 - - [19/Aug/2013:04:21:14 -0400] "GET / HTTP/1.1" 200 5107 "-" "Jakarta Commons-HttpClient/3.0.1"
206.188.199.46 - - [19/Aug/2013:20:44:57 -0400] "GET / HTTP/1.1" 200 5107 "-" "Jakarta Commons-HttpClient/3.0.1"
65.55.215.62 - - [19/Aug/2013:06:41:30 -0400] "GET /images/7sstruths/7sstruths_pen_19.jpg HTTP/1.1" 200 14229 "-" "msnbot-media/1.1 (+http://search.msn.com/msnbot.htm)"
174.229.75.166 - - [19/Aug/2013:07:45:51 -0400] "GET /images/horizon7.css HTTP/1.1" 200 125 "http://horizonstar.com/" "Mozilla/5.0 (Linux; U; Android 2.3.6; en-us; LG-L38C Build/GRK39F) AppleWebKit/533.1 (KHTML, like Gecko) Version/4.0 Mobile Safari/533.1 MMS/LG-Android-MMS-V1.0/1.2"
69.36.45.65 - - [19/Aug/2013:04:21:14 -0400] "GET / HTTP/1.1" 200 5107 "-" "Jakarta Commons-HttpClient/3.0.1"
206.188.199.46 - - [19/Aug/2013:18:33:43 -0400] "GET / HTTP/1.1" 200 5107 "-" "Jakarta Commons-HttpClient/3.0.1"
80.248.176.136 - - [19/Aug/2013:02:03:39 -0400] "GET / HTTP/1.1" 200 5107 "-" "Jakarta Commons-HttpClient/3.0.1"
206.188.199.46 - - [19/Aug/2013:16:18:21 -0400] "GET / HTTP/1.1" 200 5107 "-" "Jakarta Commons-HttpClient/3.0.1"
206.188.199.46 - - [19/Aug/2013:17:29:46 -0400] "GET / HTTP/1.1" 200 5107 "-" "Jakarta Commons-HttpClient/3.0.1"
69.36.45.65 - - [19/Aug/2013:18:33:43 -0400] "GET / HTTP/1.1" 200 5107 "-" "Jakarta Commons-HttpClient/3.0.1"
75.125.251.186 - - [19/Aug/2013:20:44:58 -0400] "GET / HTTP/1.1" 200 5107 "-" "Jakarta Commons-HttpClient/3.0.1"
174.229.75.166 - - [19/Aug/2013:07:47:07 -0400] "GET /presenter.html HTTP/1.1" 200 13004 "http://www.horizonstar.com/getting_started7.html" "Mozilla/5.0 (Linux; U; Android 2.3.6; en-us; LG-L38C Build/GRK39F) AppleWebKit/533.1 (KHTML, like Gecko) Version/4.0 Mobile Safari/533.1 MMS/LG-Android-MMS-V1.0/1.2"
174.229.75.166 - - [19/Aug/2013:07:47:08 -0400] "GET /images/7sstruths/7sstruths_pen_13.jpg HTTP/1.1" 200 3466 "http://www.horizonstar.com/presenter.html" "Mozilla/5.0 (Linux; U; Android 2.3.6; en-us; LG-L38C Build/GRK39F) AppleWebKit/533.1 (KHTML, like Gecko) Version/4.0 Mobile Safari/533.1 MMS/LG-Android-MMS-V1.0/1.2"
174.229.75.166 - - [19/Aug/2013:07:47:08 -0400] "GET /images/rod_orr.jpg HTTP/1.1" 200 8040 "http://www.horizonstar.com/presenter.html" "Mozilla/5.0 (Linux; U; Android 2.3.6; en-us; LG-L38C Build/GRK39F) AppleWebKit/533.1 (KHTML, like Gecko) Version/4.0 Mobile Safari/533.1 MMS/LG-Android-MMS-V1.0/1.2"
75.125.251.186 - - [19/Aug/2013:10:59:52 -0400] "GET / HTTP/1.1" 200 5107 "-" "Jakarta Commons-HttpClient/3.0.1"
80.248.176.136 - - [19/Aug/2013:14:56:58 -0400] "GET / HTTP/1.1" 200 5107 "-" "Jakarta Commons-HttpClient/3.0.1"
205.178.190.97 - - [19/Aug/2013:16:18:21 -0400] "GET / HTTP/1.1" 200 5107 "-" "Jakarta Commons-HttpClient/3.0.1"
80.248.176.136 - - [19/Aug/2013:18:33:43 -0400] "GET / HTTP/1.1" 200 5107 "-" "Jakarta Commons-HttpClient/3.0.1"
69.36.45.65 - - [19/Aug/2013:20:44:58 -0400] "GET / HTTP/1.1" 200 5107 "-" "Jakarta Commons-HttpClient/3.0.1"
174.229.75.166 - - [19/Aug/2013:07:46:48 -0400] "GET /images/7sstruths/7sstruths_04.jpg HTTP/1.1" 200 5597 "http://www.horizonstar.com/getting_started7.html" "Mozilla/5.0 (Linux; U; Android 2.3.6; en-us; LG-L38C Build/GRK39F) AppleWebKit/533.1 (KHTML, like Gecko) Version/4.0 Mobile Safari/533.1 MMS/LG-Android-MMS-V1.0/1.2"
174.229.75.166 - - [19/Aug/2013:07:46:51 -0400] "GET /images/7sstruths_bkgd.css HTTP/1.1" 200 130 "http://www.horizonstar.com/getting_started7.html" "Mozilla/5.0 (Linux; U; Android 2.3.6; en-us; LG-L38C Build/GRK39F) AppleWebKit/533.1 (KHTML, like Gecko) Version/4.0 Mobile Safari/533.1 MMS/LG-Android-MMS-V1.0/1.2"
174.229.75.166 - - [19/Aug/2013:07:47:08 -0400] "GET /images/7sstruths/7sstruths_pen_15.jpg HTTP/1.1" 200 3728 "http://www.horizonstar.com/presenter.html" "Mozilla/5.0 (Linux; U; Android 2.3.6; en-us; LG-L38C Build/GRK39F) AppleWebKit/533.1 (KHTML, like Gecko) Version/4.0 Mobile Safari/533.1 MMS/LG-Android-MMS-V1.0/1.2"
80.248.176.136 - - [19/Aug/2013:13:15:13 -0400] "GET / HTTP/1.1" 200 5107 "-" "Jakarta Commons-HttpClient/3.0.1"
69.36.45.65 - - [19/Aug/2013:14:56:57 -0400] "GET / HTTP/1.1" 200 5107 "-" "Jakarta Commons-HttpClient/3.0.1"
206.188.199.46 - - [19/Aug/2013:02:03:39 -0400] "GET / HTTP/1.1" 200 5107 "-" "Jakarta Commons-HttpClient/3.0.1"
205.178.190.76 - - [19/Aug/2013:00:46:39 -0400] "GET / HTTP/1.0" 200 5107 "-" "Mozilla/4.0 (compatible; MSIE 6.0; Windows NT 5.1; SV1; .NET CLR 1.1.4322; .NET CLR 2.0.50727; InfoPath.1)"
174.229.75.166 - - [19/Aug/2013:07:47:08 -0400] "GET /images/7sstruths/7sstruths_pen_14.jpg HTTP/1.1" 200 868 "http://www.horizonstar.com/presenter.html" "Mozilla/5.0 (Linux; U; Android 2.3.6; en-us; LG-L38C Build/GRK39F) AppleWebKit/533.1 (KHTML, like Gecko) Version/4.0 Mobile Safari/533.1 MMS/LG-Android-MMS-V1.0/1.2"
205.178.190.76 - - [19/Aug/2013:05:26:03 -0400] "GET / HTTP/1.0" 200 5107 "-" "Mozilla/4.0 (compatible; MSIE 6.0; Windows NT 5.1; SV1; .NET CLR 1.1.4322; .NET CLR 2.0.50727; InfoPath.1)"
208.115.113.88 - - [19/Aug/2013:15:45:40 -0400] "GET /who_we_are.html HTTP/1.1" 200 13197 "-" "Mozilla/5.0 (compatible; Ezooms/1.0; ezooms.bot@gmail.com)"
208.115.113.88 - - [19/Aug/2013:14:48:54 -0400] "GET /robots.txt HTTP/1.1" 404 575 "-" "Mozilla/5.0 (compatible; Ezooms/1.0; ezooms.bot@gmail.com)"
205.178.190.97 - - [19/Aug/2013:02:03:39 -0400] "GET / HTTP/1.1" 200 5107 "-" "Jakarta Commons-HttpClient/3.0.1"
193.43.252.252 - - [19/Aug/2013:06:39:52 -0400] "GET / HTTP/1.0" 200 5107 "http://getfilesme.com/" "Mozilla/4.0 (compatible; MSIE 6.0; Windows NT 5.1; SV1)"
193.43.252.252 - - [19/Aug/2013:06:40:12 -0400] "GET / HTTP/1.0" 200 5107 "http://getfilesme.com/" "Mozilla/4.0 (compatible; MSIE 6.0; Windows NT 5.1; ru) Opera 8.01"
174.229.75.166 - - [19/Aug/2013:07:46:48 -0400] "GET /images/7sstruths/7sstruths_06.jpg HTTP/1.1" 200 2931 "http://www.horizonstar.com/getting_started7.html" "Mozilla/5.0 (Linux; U; Android 2.3.6; en-us; LG-L38C Build/GRK39F) AppleWebKit/533.1 (KHTML, like Gecko) Version/4.0 Mobile Safari/533.1 MMS/LG-Android-MMS-V1.0/1.2"
174.229.75.166 - - [19/Aug/2013:07:46:48 -0400] "GET /images/7sstruths/7sstruths_road_08.jpg HTTP/1.1" 200 1086 "http://www.horizonstar.com/getting_started7.html" "Mozilla/5.0 (Linux; U; Android 2.3.6; en-us; LG-L38C Build/GRK39F) AppleWebKit/533.1 (KHTML, like Gecko) Version/4.0 Mobile Safari/533.1 MMS/LG-Android-MMS-V1.0/1.2"
174.229.75.166 - - [19/Aug/2013:07:46:48 -0400] "GET /images/7sstruths/7sstruths_road_09.jpg HTTP/1.1" 200 4357 "http://www.horizonstar.com/getting_started7.html" "Mozilla/5.0 (Linux; U; Android 2.3.6; en-us; LG-L38C Build/GRK39F) AppleWebKit/533.1 (KHTML, like Gecko) Version/4.0 Mobile Safari/533.1 MMS/LG-Android-MMS-V1.0/1.2"
174.229.75.166 - - [19/Aug/2013:07:46:48 -0400] "GET /images/7sstruths/7sstruths_10.jpg HTTP/1.1" 200 3940 "http://www.horizonstar.com/getting_started7.html" "Mozilla/5.0 (Linux; U; Android 2.3.6; en-us; LG-L38C Build/GRK39F) AppleWebKit/533.1 (KHTML, like Gecko) Version/4.0 Mobile Safari/533.1 MMS/LG-Android-MMS-V1.0/1.2"
76.92.201.205 - - [19/Aug/2013:17:09:26 -0400] "GET /GeneratedItems/CSScriptLib.js HTTP/1.1" 200 97868 "http://www.horizonstar.com/presenter.html" "Mozilla/5.0 (Windows NT 6.1; WOW64) AppleWebKit/537.36 (KHTML, like Gecko) Chrome/28.0.1500.95 Safari/537.36"
76.92.201.205 - - [19/Aug/2013:17:09:26 -0400] "GET /images/7sstruths/7sstruths_18.jpg HTTP/1.1" 200 3440 "http://www.horizonstar.com/presenter.html" "Mozilla/5.0 (Windows NT 6.1; WOW64) AppleWebKit/537.36 (KHTML, like Gecko) Chrome/28.0.1500.95 Safari/537.36"
206.188.199.46 - - [19/Aug/2013:10:59:52 -0400] "GET / HTTP/1.1" 200 5107 "-" "Jakarta Commons-HttpClient/3.0.1"
188.134.65.101 - - [19/Aug/2013:08:06:49 -0400] "GET /wp-login.php HTTP/1.1" 404 575 "http://horizonstar.com/wp-login.php" "Mozilla/5.0 (Windows; U; Windows NT 5.1; WOW64; rv:15.0) Gecko/20121011 Firefox/15.0.1"
75.125.251.186 - - [19/Aug/2013:13:15:13 -0400] "GET / HTTP/1.1" 200 5107 "-" "Jakarta Commons-HttpClient/3.0.1"
80.248.176.136 - - [19/Aug/2013:22:59:57 -0400] "GET / HTTP/1.1" 200 5107 "-" "Jakarta Commons-HttpClient/3.0.1"
174.229.75.166 - - [19/Aug/2013:07:45:51 -0400] "GET / HTTP/1.1" 200 5107 "-" "Mozilla/5.0 (Linux; U; Android 2.3.6; en-us; LG-L38C Build/GRK39F) AppleWebKit/533.1 (KHTML, like Gecko) Version/4.0 Mobile Safari/533.1 MMS/LG-Android-MMS-V1.0/1.2"
174.229.75.166 - - [19/Aug/2013:07:45:52 -0400] "GET /images/horizon7.jpg HTTP/1.1" 200 112668 "http://horizonstar.com/" "Mozilla/5.0 (Linux; U; Android 2.3.6; en-us; LG-L38C Build/GRK39F) AppleWebKit/533.1 (KHTML, like Gecko) Version/4.0 Mobile Safari/533.1 MMS/LG-Android-MMS-V1.0/1.2"
174.229.75.166 - - [19/Aug/2013:07:45:53 -0400] "GET /images/star_icon.jpg HTTP/1.1" 200 4494 "http://horizonstar.com/" "Mozilla/5.0 (Linux; U; Android 2.3.6; en-us; LG-L38C Build/GRK39F) AppleWebKit/533.1 (KHTML, like Gecko) Version/4.0 Mobile Safari/533.1 MMS/LG-Android-MMS-V1.0/1.2"
174.229.75.166 - - [19/Aug/2013:07:47:08 -0400] "GET /images/7sstruths/7sstruths_pen_01.jpg HTTP/1.1" 200 5429 "http://www.horizonstar.com/presenter.html" "Mozilla/5.0 (Linux; U; Android 2.3.6; en-us; LG-L38C Build/GRK39F) AppleWebKit/533.1 (KHTML, like Gecko) Version/4.0 Mobile Safari/533.1 MMS/LG-Android-MMS-V1.0/1.2"
174.229.75.166 - - [19/Aug/2013:07:46:52 -0400] "GET /images/7sstruths/7sstruths2_18.jpg HTTP/1.1" 200 3631 "http://www.horizonstar.com/getting_started7.html" "Mozilla/5.0 (Linux; U; Android 2.3.6; en-us; LG-L38C Build/GRK39F) AppleWebKit/533.1 (KHTML, like Gecko) Version/4.0 Mobile Safari/533.1 MMS/LG-Android-MMS-V1.0/1.2"
69.36.45.65 - - [19/Aug/2013:22:59:57 -0400] "GET / HTTP/1.1" 200 5107 "-" "Jakarta Commons-HttpClient/3.0.1"
199.21.99.117 - - [19/Aug/2013:12:18:16 -0400] "GET / HTTP/1.1" 200 5107 "-" "Mozilla/5.0 (compatible; YandexBot/3.0; +http://yandex.com/bots)"
199.21.99.117 - - [19/Aug/2013:12:18:21 -0400] "GET / HTTP/1.1" 200 5107 "-" "Mozilla/5.0 (compatible; YandexBot/3.0; +http://yandex.com/bots)"
174.229.75.166 - - [19/Aug/2013:07:46:52 -0400] "GET /images/7sstruths/7sstruths2_16.jpg HTTP/1.1" 200 3670 "http://www.horizonstar.com/getting_started7.html" "Mozilla/5.0 (Linux; U; Android 2.3.6; en-us; LG-L38C Build/GRK39F) AppleWebKit/533.1 (KHTML, like Gecko) Version/4.0 Mobile Safari/533.1 MMS/LG-Android-MMS-V1.0/1.2"
222.217.68.181 - - [19/Aug/2013:02:21:51 -0400] "GET / HTTP/1.1" 200 5107 "http://www.gwwl.com.cn/product/supply.asp" "Mozilla/4.0 (compatible; MSIE 8.0; Windows NT 5.1; Trident/4.0; .NET CLR 2.0.50727; .NET CLR 3.0.4506.2152; .NET CLR 3.5.30729)"
222.217.68.181 - - [19/Aug/2013:02:21:52 -0400] "GET /images/horizon7.jpg HTTP/1.1" 200 112668 "http://www.horizonstar.com/" "Mozilla/4.0 (compatible; MSIE 8.0; Windows NT 5.1; Trident/4.0; .NET CLR 2.0.50727; .NET CLR 3.0.4506.2152; .NET CLR 3.5.30729)"