0byt3m1n1
Path:
/
data
/
0
/
0
/
88
/
128
/
88780
/
meta
/
90160
/
logs
/
[
Home
]
File: x-access_log.2014-06-20
206.188.199.46 - - [20/Jun/2014:09:13:18 -0400] "GET / HTTP/1.1" 200 5107 "-" "Jakarta Commons-HttpClient/3.0.1"
162.210.196.97 - - [20/Jun/2014:09:14:33 -0400] "GET / HTTP/1.0" 200 5107 "-" "Mozilla/5.0 (compatible; MJ12bot/v1.4.5; http://www.majestic12.co.uk/bot.php?+)"
75.125.251.186 - - [20/Jun/2014:03:11:19 -0400] "GET / HTTP/1.1" 200 5107 "-" "Jakarta Commons-HttpClient/3.0.1"
206.188.199.46 - - [20/Jun/2014:13:08:10 -0400] "GET / HTTP/1.1" 200 5107 "-" "Jakarta Commons-HttpClient/3.0.1"
209.17.114.75 - - [20/Jun/2014:17:13:19 -0400] "GET / HTTP/1.1" 200 5107 "-" "Jakarta Commons-HttpClient/3.0.1"
166.78.124.69 - - [20/Jun/2014:19:12:50 -0400] "GET / HTTP/1.1" 200 5107 "-" "Jakarta Commons-HttpClient/3.0.1"
75.125.251.186 - - [20/Jun/2014:19:12:50 -0400] "GET / HTTP/1.1" 200 5107 "-" "Jakarta Commons-HttpClient/3.0.1"
166.78.124.69 - - [20/Jun/2014:22:08:14 -0400] "GET / HTTP/1.1" 200 5107 "-" "Jakarta Commons-HttpClient/3.0.1"
80.248.176.136 - - [20/Jun/2014:23:08:30 -0400] "GET / HTTP/1.1" 200 5107 "-" "Jakarta Commons-HttpClient/3.0.1"
209.17.114.75 - - [20/Jun/2014:08:17:40 -0400] "GET / HTTP/1.1" 200 5107 "-" "Jakarta Commons-HttpClient/3.0.1"
75.125.251.186 - - [20/Jun/2014:09:13:18 -0400] "GET / HTTP/1.1" 200 5107 "-" "Jakarta Commons-HttpClient/3.0.1"
198.143.130.90 - - [20/Jun/2014:04:38:18 -0400] "GET /getting_started7.html HTTP/1.1" 200 12097 "-" "Mozilla/5.0 (compatible; BLEXBot/1.0; +http://webmeup-crawler.com/)"
75.125.251.186 - - [20/Jun/2014:06:14:03 -0400] "GET / HTTP/1.1" 200 5107 "-" "Jakarta Commons-HttpClient/3.0.1"
166.78.124.69 - - [20/Jun/2014:23:08:30 -0400] "GET / HTTP/1.1" 200 5107 "-" "Jakarta Commons-HttpClient/3.0.1"
206.188.199.46 - - [20/Jun/2014:07:12:02 -0400] "GET / HTTP/1.1" 200 5107 "-" "Jakarta Commons-HttpClient/3.0.1"
80.248.176.136 - - [20/Jun/2014:06:14:03 -0400] "GET / HTTP/1.1" 200 5107 "-" "Jakarta Commons-HttpClient/3.0.1"
180.153.206.17 - - [20/Jun/2014:08:50:09 -0400] "GET / HTTP/1.1" 200 5107 "-" "Mozilla/4.0"
198.143.130.90 - - [20/Jun/2014:04:37:43 -0400] "GET /reality_fog.html HTTP/1.1" 200 13798 "-" "Mozilla/5.0 (compatible; BLEXBot/1.0; +http://webmeup-crawler.com/)"
166.78.124.69 - - [20/Jun/2014:06:14:03 -0400] "GET / HTTP/1.1" 200 5107 "-" "Jakarta Commons-HttpClient/3.0.1"
100.43.85.3 - - [20/Jun/2014:18:29:58 -0400] "GET / HTTP/1.1" 200 5107 "-" "Mozilla/5.0 (compatible; YandexBot/3.0; +http://yandex.com/bots)"
66.249.64.227 - - [20/Jun/2014:23:10:10 -0400] "GET /robots.txt HTTP/1.1" 404 575 "-" "Mozilla/5.0 (compatible; Googlebot/2.1; +http://www.google.com/bot.html)"
66.249.64.232 - - [20/Jun/2014:23:10:10 -0400] "GET /images/horizonstar/horizonstar_01.jpg HTTP/1.1" 304 - "-" "Googlebot-Image/1.0"
180.252.156.123 - - [20/Jun/2014:10:42:59 -0400] "GET /images/horizon7.css HTTP/1.1" 200 125 "http://horizonstar.com/" "Mozilla/5.0 (Windows NT 6.1; WOW64) AppleWebKit/537.36 (KHTML, like Gecko) Chrome/32.0.1700.107 Safari/537.36"
198.143.130.90 - - [20/Jun/2014:04:37:30 -0400] "GET /who_we_are.html HTTP/1.1" 200 13197 "-" "Mozilla/5.0 (compatible; BLEXBot/1.0; +http://webmeup-crawler.com/)"
198.143.130.90 - - [20/Jun/2014:04:37:33 -0400] "GET /all_about.html HTTP/1.1" 200 12990 "-" "Mozilla/5.0 (compatible; BLEXBot/1.0; +http://webmeup-crawler.com/)"
198.143.130.90 - - [20/Jun/2014:04:37:36 -0400] "GET /who_we_are.html HTTP/1.1" 200 13197 "-" "Mozilla/5.0 (compatible; BLEXBot/1.0; +http://webmeup-crawler.com/)"
198.143.130.90 - - [20/Jun/2014:04:37:46 -0400] "GET /need_us.html HTTP/1.1" 200 13868 "-" "Mozilla/5.0 (compatible; BLEXBot/1.0; +http://webmeup-crawler.com/)"
80.248.176.136 - - [20/Jun/2014:20:08:07 -0400] "GET / HTTP/1.1" 200 5107 "-" "Jakarta Commons-HttpClient/3.0.1"
75.125.251.186 - - [20/Jun/2014:10:13:40 -0400] "GET / HTTP/1.1" 200 5107 "-" "Jakarta Commons-HttpClient/3.0.1"
80.248.176.136 - - [20/Jun/2014:11:11:34 -0400] "GET / HTTP/1.1" 200 5107 "-" "Jakarta Commons-HttpClient/3.0.1"
206.188.199.46 - - [20/Jun/2014:03:11:18 -0400] "GET / HTTP/1.1" 200 5107 "-" "Jakarta Commons-HttpClient/3.0.1"
37.58.100.131 - - [20/Jun/2014:21:33:47 -0400] "GET /who_we_are.html HTTP/1.1" 200 13197 "-" "Mozilla/5.0 (compatible; AhrefsBot/5.0; +http://ahrefs.com/robot/)"
166.78.124.69 - - [20/Jun/2014:11:11:34 -0400] "GET / HTTP/1.1" 200 5107 "-" "Jakarta Commons-HttpClient/3.0.1"
75.125.251.186 - - [20/Jun/2014:00:09:38 -0400] "GET / HTTP/1.1" 200 5107 "-" "Jakarta Commons-HttpClient/3.0.1"
75.125.251.186 - - [20/Jun/2014:02:12:41 -0400] "GET / HTTP/1.1" 200 5107 "-" "Jakarta Commons-HttpClient/3.0.1"
206.188.199.46 - - [20/Jun/2014:18:08:19 -0400] "GET / HTTP/1.1" 200 5107 "-" "Jakarta Commons-HttpClient/3.0.1"
209.17.114.75 - - [20/Jun/2014:12:08:25 -0400] "GET / HTTP/1.1" 200 5107 "-" "Jakarta Commons-HttpClient/3.0.1"
80.248.176.136 - - [20/Jun/2014:16:16:15 -0400] "GET / HTTP/1.1" 200 5107 "-" "Jakarta Commons-HttpClient/3.0.1"
100.43.85.3 - - [20/Jun/2014:18:29:52 -0400] "GET / HTTP/1.1" 200 5107 "-" "Mozilla/5.0 (compatible; YandexBot/3.0; +http://yandex.com/bots)"
209.17.114.75 - - [20/Jun/2014:00:09:38 -0400] "GET / HTTP/1.1" 200 5107 "-" "Jakarta Commons-HttpClient/3.0.1"
206.188.199.46 - - [20/Jun/2014:04:10:24 -0400] "GET / HTTP/1.1" 200 5107 "-" "Jakarta Commons-HttpClient/3.0.1"
198.143.130.90 - - [20/Jun/2014:04:37:27 -0400] "GET / HTTP/1.1" 200 5107 "-" "Mozilla/5.0 (compatible; BLEXBot/1.0; +http://webmeup-crawler.com/)"
206.188.199.46 - - [20/Jun/2014:05:17:30 -0400] "GET / HTTP/1.1" 200 5107 "-" "Jakarta Commons-HttpClient/3.0.1"
209.17.114.75 - - [20/Jun/2014:14:10:04 -0400] "GET / HTTP/1.1" 200 5107 "-" "Jakarta Commons-HttpClient/3.0.1"
75.125.251.186 - - [20/Jun/2014:15:17:35 -0400] "GET / HTTP/1.1" 200 5107 "-" "Jakarta Commons-HttpClient/3.0.1"
75.125.251.186 - - [20/Jun/2014:21:08:22 -0400] "GET / HTTP/1.1" 200 5107 "-" "Jakarta Commons-HttpClient/3.0.1"
166.78.124.69 - - [20/Jun/2014:02:12:41 -0400] "GET / HTTP/1.1" 200 5107 "-" "Jakarta Commons-HttpClient/3.0.1"
206.188.199.46 - - [20/Jun/2014:06:14:02 -0400] "GET / HTTP/1.1" 200 5107 "-" "Jakarta Commons-HttpClient/3.0.1"
209.17.114.75 - - [20/Jun/2014:18:08:19 -0400] "GET / HTTP/1.1" 200 5107 "-" "Jakarta Commons-HttpClient/3.0.1"
123.125.71.99 - - [20/Jun/2014:18:21:31 -0400] "GET /images/horizonstar/horizonstar_flower_02.jpg HTTP/1.1" 200 3682 "-" "Baiduspider-image+(+http://www.baidu.com/search/spider.htm)\\nReferer: http://image.baidu.com/i?ct=503316480&z=0&tn=baiduimagedetail"
75.125.251.186 - - [20/Jun/2014:20:08:06 -0400] "GET / HTTP/1.1" 200 5107 "-" "Jakarta Commons-HttpClient/3.0.1"
80.248.176.136 - - [20/Jun/2014:08:17:40 -0400] "GET / HTTP/1.1" 200 5107 "-" "Jakarta Commons-HttpClient/3.0.1"
75.125.251.186 - - [20/Jun/2014:11:11:34 -0400] "GET / HTTP/1.1" 200 5107 "-" "Jakarta Commons-HttpClient/3.0.1"
209.17.114.75 - - [20/Jun/2014:04:10:24 -0400] "GET / HTTP/1.1" 200 5107 "-" "Jakarta Commons-HttpClient/3.0.1"
206.188.199.46 - - [20/Jun/2014:19:12:50 -0400] "GET / HTTP/1.1" 200 5107 "-" "Jakarta Commons-HttpClient/3.0.1"
54.196.216.9 - - [20/Jun/2014:23:45:55 -0400] "GET /images/horizonstar/horizonstar_flower_19.jpg HTTP/1.0" 200 22055 "-" "SCFCrawler/Nutch-1.8 (Image Crawler for StolenCameraFinder.com; http://www.stolencamerafinder.com/; crawler@stolencamerafinder.com)"
180.252.156.123 - - [20/Jun/2014:10:42:58 -0400] "GET / HTTP/1.1" 200 5107 "http://semalt.semalt.com/crawler.php?u=http://horizonstar.com" "Mozilla/5.0 (Windows NT 6.1; WOW64) AppleWebKit/537.36 (KHTML, like Gecko) Chrome/32.0.1700.107 Safari/537.36"
180.252.156.123 - - [20/Jun/2014:10:42:59 -0400] "GET /images/horizon7.jpg HTTP/1.1" 200 112668 "http://horizonstar.com/" "Mozilla/5.0 (Windows NT 6.1; WOW64) AppleWebKit/537.36 (KHTML, like Gecko) Chrome/32.0.1700.107 Safari/537.36"
80.248.176.136 - - [20/Jun/2014:12:08:25 -0400] "GET / HTTP/1.1" 200 5107 "-" "Jakarta Commons-HttpClient/3.0.1"
206.188.199.46 - - [20/Jun/2014:01:16:24 -0400] "GET / HTTP/1.1" 200 5107 "-" "Jakarta Commons-HttpClient/3.0.1"
198.143.130.90 - - [20/Jun/2014:04:37:59 -0400] "GET /getting_started7.html HTTP/1.1" 200 12097 "-" "Mozilla/5.0 (compatible; BLEXBot/1.0; +http://webmeup-crawler.com/)"
80.248.176.136 - - [20/Jun/2014:02:12:41 -0400] "GET / HTTP/1.1" 200 5107 "-" "Jakarta Commons-HttpClient/3.0.1"
166.78.124.69 - - [20/Jun/2014:04:10:24 -0400] "GET / HTTP/1.1" 200 5107 "-" "Jakarta Commons-HttpClient/3.0.1"
166.78.124.69 - - [20/Jun/2014:15:17:35 -0400] "GET / HTTP/1.1" 200 5107 "-" "Jakarta Commons-HttpClient/3.0.1"
80.248.176.136 - - [20/Jun/2014:17:13:19 -0400] "GET / HTTP/1.1" 200 5107 "-" "Jakarta Commons-HttpClient/3.0.1"
80.248.176.136 - - [20/Jun/2014:05:17:30 -0400] "GET / HTTP/1.1" 200 5107 "-" "Jakarta Commons-HttpClient/3.0.1"
80.248.176.136 - - [20/Jun/2014:07:12:02 -0400] "GET / HTTP/1.1" 200 5107 "-" "Jakarta Commons-HttpClient/3.0.1"
166.78.124.69 - - [20/Jun/2014:08:17:40 -0400] "GET / HTTP/1.1" 200 5107 "-" "Jakarta Commons-HttpClient/3.0.1"
166.78.124.69 - - [20/Jun/2014:10:13:40 -0400] "GET / HTTP/1.1" 200 5107 "-" "Jakarta Commons-HttpClient/3.0.1"
198.143.130.90 - - [20/Jun/2014:04:37:55 -0400] "GET /the_truth.html HTTP/1.1" 200 14932 "-" "Mozilla/5.0 (compatible; BLEXBot/1.0; +http://webmeup-crawler.com/)"
166.78.124.69 - - [20/Jun/2014:05:17:30 -0400] "GET / HTTP/1.1" 200 5107 "-" "Jakarta Commons-HttpClient/3.0.1"
75.125.251.186 - - [20/Jun/2014:05:17:31 -0400] "GET / HTTP/1.1" 200 5107 "-" "Jakarta Commons-HttpClient/3.0.1"
206.188.199.46 - - [20/Jun/2014:14:10:04 -0400] "GET / HTTP/1.1" 200 5107 "-" "Jakarta Commons-HttpClient/3.0.1"
37.58.100.131 - - [20/Jun/2014:01:07:38 -0400] "GET / HTTP/1.1" 200 5107 "-" "Mozilla/5.0 (compatible; AhrefsBot/5.0; +http://ahrefs.com/robot/)"
100.43.85.3 - - [20/Jun/2014:18:29:59 -0400] "GET / HTTP/1.1" 200 5107 "-" "Mozilla/5.0 (compatible; YandexBot/3.0; +http://yandex.com/bots)"
166.78.124.69 - - [20/Jun/2014:12:08:25 -0400] "GET / HTTP/1.1" 200 5107 "-" "Jakarta Commons-HttpClient/3.0.1"
80.248.176.136 - - [20/Jun/2014:03:11:18 -0400] "GET / HTTP/1.1" 200 5107 "-" "Jakarta Commons-HttpClient/3.0.1"
75.125.251.186 - - [20/Jun/2014:16:16:14 -0400] "GET / HTTP/1.1" 200 5107 "-" "Jakarta Commons-HttpClient/3.0.1"
162.210.196.97 - - [20/Jun/2014:09:14:27 -0400] "GET /robots.txt HTTP/1.0" 404 575 "-" "Mozilla/5.0 (compatible; MJ12bot/v1.4.5; http://www.majestic12.co.uk/bot.php?+)"
80.248.176.136 - - [20/Jun/2014:10:13:36 -0400] "GET / HTTP/1.1" 200 5107 "-" "Jakarta Commons-HttpClient/3.0.1"
100.43.85.3 - - [20/Jun/2014:18:29:49 -0400] "GET / HTTP/1.1" 200 5107 "-" "Mozilla/5.0 (compatible; YandexBot/3.0; +http://yandex.com/bots)"
80.248.176.136 - - [20/Jun/2014:19:12:46 -0400] "GET / HTTP/1.1" 200 5107 "-" "Jakarta Commons-HttpClient/3.0.1"
75.125.251.186 - - [20/Jun/2014:04:10:24 -0400] "GET / HTTP/1.1" 200 5107 "-" "Jakarta Commons-HttpClient/3.0.1"
198.143.130.90 - - [20/Jun/2014:04:38:14 -0400] "GET /getting_started.html HTTP/1.1" 200 13303 "-" "Mozilla/5.0 (compatible; BLEXBot/1.0; +http://webmeup-crawler.com/)"
206.188.199.46 - - [20/Jun/2014:15:17:34 -0400] "GET / HTTP/1.1" 200 5107 "-" "Jakarta Commons-HttpClient/3.0.1"
75.125.251.186 - - [20/Jun/2014:07:12:02 -0400] "GET / HTTP/1.1" 200 5107 "-" "Jakarta Commons-HttpClient/3.0.1"
166.78.124.69 - - [20/Jun/2014:01:16:25 -0400] "GET / HTTP/1.1" 200 5107 "-" "Jakarta Commons-HttpClient/3.0.1"
209.17.114.75 - - [20/Jun/2014:03:11:18 -0400] "GET / HTTP/1.1" 200 5107 "-" "Jakarta Commons-HttpClient/3.0.1"
80.248.176.136 - - [20/Jun/2014:18:08:20 -0400] "GET / HTTP/1.1" 200 5107 "-" "Jakarta Commons-HttpClient/3.0.1"
206.188.199.46 - - [20/Jun/2014:20:08:06 -0400] "GET / HTTP/1.1" 200 5107 "-" "Jakarta Commons-HttpClient/3.0.1"
80.248.176.136 - - [20/Jun/2014:09:13:19 -0400] "GET / HTTP/1.1" 200 5107 "-" "Jakarta Commons-HttpClient/3.0.1"
206.188.199.46 - - [20/Jun/2014:11:11:33 -0400] "GET / HTTP/1.1" 200 5107 "-" "Jakarta Commons-HttpClient/3.0.1"
80.248.176.136 - - [20/Jun/2014:00:09:38 -0400] "GET / HTTP/1.1" 200 5107 "-" "Jakarta Commons-HttpClient/3.0.1"
157.55.39.196 - - [20/Jun/2014:02:55:32 -0400] "GET /robots.txt HTTP/1.1" 404 575 "-" "Mozilla/5.0 (compatible; bingbot/2.0; +http://www.bing.com/bingbot.htm)"
166.78.124.69 - - [20/Jun/2014:14:10:04 -0400] "GET / HTTP/1.1" 200 5107 "-" "Jakarta Commons-HttpClient/3.0.1"
75.125.251.186 - - [20/Jun/2014:14:10:31 -0400] "GET / HTTP/1.1" 200 5107 "-" "Jakarta Commons-HttpClient/3.0.1"
206.188.199.46 - - [20/Jun/2014:17:13:19 -0400] "GET / HTTP/1.1" 200 5107 "-" "Jakarta Commons-HttpClient/3.0.1"
166.78.124.69 - - [20/Jun/2014:21:08:22 -0400] "GET / HTTP/1.1" 200 5107 "-" "Jakarta Commons-HttpClient/3.0.1"
198.143.130.90 - - [20/Jun/2014:04:37:24 -0400] "GET /robots.txt HTTP/1.1" 404 575 "-" "Mozilla/5.0 (compatible; BLEXBot/1.0; +http://webmeup-crawler.com/)"
198.143.130.90 - - [20/Jun/2014:04:37:24 -0400] "GET / HTTP/1.1" 200 5107 "-" "Mozilla/5.0 (compatible; BLEXBot/1.0; +http://webmeup-crawler.com/)"
209.17.114.75 - - [20/Jun/2014:05:17:30 -0400] "GET / HTTP/1.1" 200 5107 "-" "Jakarta Commons-HttpClient/3.0.1"
206.188.199.46 - - [20/Jun/2014:10:13:40 -0400] "GET / HTTP/1.1" 200 5107 "-" "Jakarta Commons-HttpClient/3.0.1"
209.17.114.75 - - [20/Jun/2014:01:16:24 -0400] "GET / HTTP/1.1" 200 5107 "-" "Jakarta Commons-HttpClient/3.0.1"
198.143.130.90 - - [20/Jun/2014:04:38:21 -0400] "GET /presenter.html HTTP/1.1" 200 13004 "-" "Mozilla/5.0 (compatible; BLEXBot/1.0; +http://webmeup-crawler.com/)"
209.17.114.75 - - [20/Jun/2014:19:12:50 -0400] "GET / HTTP/1.1" 200 5107 "-" "Jakarta Commons-HttpClient/3.0.1"
209.17.114.75 - - [20/Jun/2014:20:08:06 -0400] "GET / HTTP/1.1" 200 5107 "-" "Jakarta Commons-HttpClient/3.0.1"
208.115.111.72 - - [20/Jun/2014:12:51:06 -0400] "GET /robots.txt HTTP/1.1" 404 575 "-" "Mozilla/5.0 (compatible; DotBot/1.1; http://www.opensiteexplorer.org/dotbot, help@moz.com)"
166.78.124.69 - - [20/Jun/2014:03:11:19 -0400] "GET / HTTP/1.1" 200 5107 "-" "Jakarta Commons-HttpClient/3.0.1"
198.143.130.90 - - [20/Jun/2014:04:38:05 -0400] "GET /how_works.html HTTP/1.1" 200 15134 "-" "Mozilla/5.0 (compatible; BLEXBot/1.0; +http://webmeup-crawler.com/)"
80.248.176.136 - - [20/Jun/2014:14:10:05 -0400] "GET / HTTP/1.1" 200 5107 "-" "Jakarta Commons-HttpClient/3.0.1"
206.188.199.46 - - [20/Jun/2014:21:08:22 -0400] "GET / HTTP/1.1" 200 5107 "-" "Jakarta Commons-HttpClient/3.0.1"
166.78.124.69 - - [20/Jun/2014:07:12:02 -0400] "GET / HTTP/1.1" 200 5107 "-" "Jakarta Commons-HttpClient/3.0.1"
198.143.130.90 - - [20/Jun/2014:04:37:39 -0400] "GET /all_about.html HTTP/1.1" 200 12990 "-" "Mozilla/5.0 (compatible; BLEXBot/1.0; +http://webmeup-crawler.com/)"
198.143.130.90 - - [20/Jun/2014:04:38:24 -0400] "GET /the_truth.html HTTP/1.1" 200 14932 "-" "Mozilla/5.0 (compatible; BLEXBot/1.0; +http://webmeup-crawler.com/)"
209.17.114.75 - - [20/Jun/2014:06:14:02 -0400] "GET / HTTP/1.1" 200 5107 "-" "Jakarta Commons-HttpClient/3.0.1"
205.237.88.142 - - [20/Jun/2014:06:36:34 -0400] "GET / HTTP/1.0" 200 5107 "-" "=Mozilla/5.0 (Windows; U; Windows NT 6.1; en-US) AppleWebKit/534.16 (KHTML, like Gecko) Chrome/10.0.648.204 Safari/534.16"
75.125.251.186 - - [20/Jun/2014:01:16:25 -0400] "GET / HTTP/1.1" 200 5107 "-" "Jakarta Commons-HttpClient/3.0.1"
72.167.131.78 - - [20/Jun/2014:16:06:54 -0400] "GET /manager/ht.access HTTP/1.1" 404 575 "-" "-"
66.249.67.55 - - [20/Jun/2014:10:32:12 -0400] "GET /robots.txt HTTP/1.1" 404 575 "-" "Mozilla/5.0 (compatible; Googlebot/2.1; +http://www.google.com/bot.html)"
66.249.67.55 - - [20/Jun/2014:10:32:12 -0400] "GET /images/horizonstar/horizonstar_12.jpg HTTP/1.1" 304 - "-" "Googlebot-Image/1.0"
206.188.199.46 - - [20/Jun/2014:12:08:25 -0400] "GET / HTTP/1.1" 200 5107 "-" "Jakarta Commons-HttpClient/3.0.1"
75.125.251.186 - - [20/Jun/2014:12:08:25 -0400] "GET / HTTP/1.1" 200 5107 "-" "Jakarta Commons-HttpClient/3.0.1"
80.248.176.136 - - [20/Jun/2014:15:17:35 -0400] "GET / HTTP/1.1" 200 5107 "-" "Jakarta Commons-HttpClient/3.0.1"
75.125.251.186 - - [20/Jun/2014:08:16:47 -0400] "GET / HTTP/1.1" 200 5107 "-" "Jakarta Commons-HttpClient/3.0.1"
209.17.114.75 - - [20/Jun/2014:10:12:47 -0400] "GET / HTTP/1.1" 200 5107 "-" "Jakarta Commons-HttpClient/3.0.1"
75.125.251.186 - - [20/Jun/2014:13:07:17 -0400] "GET / HTTP/1.1" 200 5107 "-" "Jakarta Commons-HttpClient/3.0.1"
206.188.199.46 - - [20/Jun/2014:02:11:48 -0400] "GET / HTTP/1.1" 200 5107 "-" "Jakarta Commons-HttpClient/3.0.1"
80.248.176.136 - - [20/Jun/2014:04:09:33 -0400] "GET / HTTP/1.1" 200 5107 "-" "Jakarta Commons-HttpClient/3.0.1"
206.188.199.46 - - [20/Jun/2014:16:15:21 -0400] "GET / HTTP/1.1" 200 5107 "-" "Jakarta Commons-HttpClient/3.0.1"
75.125.251.186 - - [20/Jun/2014:22:07:21 -0400] "GET / HTTP/1.1" 200 5107 "-" "Jakarta Commons-HttpClient/3.0.1"
209.17.114.75 - - [20/Jun/2014:23:07:36 -0400] "GET / HTTP/1.1" 200 5107 "-" "Jakarta Commons-HttpClient/3.0.1"
206.188.199.46 - - [20/Jun/2014:23:07:36 -0400] "GET / HTTP/1.1" 200 5107 "-" "Jakarta Commons-HttpClient/3.0.1"
206.188.199.46 - - [20/Jun/2014:08:17:51 -0400] "GET / HTTP/1.1" 200 5107 "-" "Jakarta Commons-HttpClient/3.0.1"
166.78.124.69 - - [20/Jun/2014:09:13:30 -0400] "GET / HTTP/1.1" 200 5107 "-" "Jakarta Commons-HttpClient/3.0.1"
206.188.199.46 - - [20/Jun/2014:22:08:25 -0400] "GET / HTTP/1.1" 200 5107 "-" "Jakarta Commons-HttpClient/3.0.1"
80.248.176.136 - - [20/Jun/2014:22:08:26 -0400] "GET / HTTP/1.1" 200 5107 "-" "Jakarta Commons-HttpClient/3.0.1"
206.188.199.46 - - [20/Jun/2014:00:09:38 -0400] "GET / HTTP/1.1" 200 5107 "-" "Jakarta Commons-HttpClient/3.0.1"
166.78.124.69 - - [20/Jun/2014:00:09:38 -0400] "GET / HTTP/1.1" 200 5107 "-" "Jakarta Commons-HttpClient/3.0.1"
80.248.176.136 - - [20/Jun/2014:21:08:23 -0400] "GET / HTTP/1.1" 200 5107 "-" "Jakarta Commons-HttpClient/3.0.1"
166.78.124.69 - - [20/Jun/2014:13:08:10 -0400] "GET / HTTP/1.1" 200 5107 "-" "Jakarta Commons-HttpClient/3.0.1"
75.125.251.186 - - [20/Jun/2014:18:08:20 -0400] "GET / HTTP/1.1" 200 5107 "-" "Jakarta Commons-HttpClient/3.0.1"
209.17.114.75 - - [20/Jun/2014:21:08:22 -0400] "GET / HTTP/1.1" 200 5107 "-" "Jakarta Commons-HttpClient/3.0.1"
130.211.149.172 - - [20/Jun/2014:10:32:48 -0400] "GET / HTTP/1.0" 200 5107 "-" "NerdyBot"
209.17.114.75 - - [20/Jun/2014:11:11:33 -0400] "GET / HTTP/1.1" 200 5107 "-" "Jakarta Commons-HttpClient/3.0.1"
80.248.176.136 - - [20/Jun/2014:13:08:10 -0400] "GET / HTTP/1.1" 200 5107 "-" "Jakarta Commons-HttpClient/3.0.1"
208.115.111.72 - - [20/Jun/2014:14:14:54 -0400] "GET /getting_started7.html HTTP/1.1" 200 12097 "-" "Mozilla/5.0 (compatible; DotBot/1.1; http://www.opensiteexplorer.org/dotbot, help@moz.com)"
80.248.176.136 - - [20/Jun/2014:01:16:25 -0400] "GET / HTTP/1.1" 200 5107 "-" "Jakarta Commons-HttpClient/3.0.1"
166.78.124.69 - - [20/Jun/2014:20:08:06 -0400] "GET / HTTP/1.1" 200 5107 "-" "Jakarta Commons-HttpClient/3.0.1"
198.143.130.90 - - [20/Jun/2014:04:37:52 -0400] "GET /how_works.html HTTP/1.1" 200 15134 "-" "Mozilla/5.0 (compatible; BLEXBot/1.0; +http://webmeup-crawler.com/)"
100.43.85.3 - - [20/Jun/2014:18:29:50 -0400] "GET /robots.txt HTTP/1.1" 404 575 "-" "Mozilla/5.0 (compatible; YandexBot/3.0; +http://yandex.com/bots)"
100.43.85.3 - - [20/Jun/2014:18:29:50 -0400] "GET /robots.txt HTTP/1.1" 404 575 "-" "Mozilla/5.0 (compatible; YandexBot/3.0; +http://yandex.com/bots)"
54.196.216.9 - - [20/Jun/2014:23:45:55 -0400] "GET /robots.txt HTTP/1.0" 404 575 "-" "SCFCrawler/Nutch-1.8 (Image Crawler for StolenCameraFinder.com; http://www.stolencamerafinder.com/; crawler@stolencamerafinder.com)"
166.78.124.69 - - [20/Jun/2014:18:08:15 -0400] "GET / HTTP/1.1" 200 5107 "-" "Jakarta Commons-HttpClient/3.0.1"
209.17.114.75 - - [20/Jun/2014:07:11:28 -0400] "GET / HTTP/1.1" 200 5107 "-" "Jakarta Commons-HttpClient/3.0.1"
209.17.114.75 - - [20/Jun/2014:09:12:44 -0400] "GET / HTTP/1.1" 200 5107 "-" "Jakarta Commons-HttpClient/3.0.1"
166.78.124.69 - - [20/Jun/2014:16:15:40 -0400] "GET / HTTP/1.1" 200 5107 "-" "Jakarta Commons-HttpClient/3.0.1"
209.17.114.75 - - [20/Jun/2014:13:08:08 -0400] "GET / HTTP/1.1" 200 5107 "-" "Jakarta Commons-HttpClient/3.0.1"
180.76.6.147 - - [20/Jun/2014:14:01:35 -0400] "GET /GeneratedItems/CSScriptLib.js HTTP/1.1" 200 97868 "-" "Mozilla/5.0 (compatible; Baiduspider/2.0; +http://www.baidu.com/search/spider.html)"
198.143.130.90 - - [20/Jun/2014:04:38:00 -0400] "GET /presenter.html HTTP/1.1" 200 13004 "-" "Mozilla/5.0 (compatible; BLEXBot/1.0; +http://webmeup-crawler.com/)"
198.143.130.90 - - [20/Jun/2014:04:38:06 -0400] "GET /need_us.html HTTP/1.1" 200 13868 "-" "Mozilla/5.0 (compatible; BLEXBot/1.0; +http://webmeup-crawler.com/)"
179.159.137.102 - - [20/Jun/2014:09:36:44 -0400] "GET / HTTP/1.1" 200 5107 "http://semalt.semalt.com/crawler.php?u=http://horizonstar.com" "Mozilla/5.0 (Windows NT 6.1; WOW64) AppleWebKit/537.36 (KHTML, like Gecko) Chrome/32.0.1700.107 Safari/537.36"
179.159.137.102 - - [20/Jun/2014:09:36:44 -0400] "GET /images/horizon7.css HTTP/1.1" 200 125 "http://horizonstar.com/" "Mozilla/5.0 (Windows NT 6.1; WOW64) AppleWebKit/537.36 (KHTML, like Gecko) Chrome/32.0.1700.107 Safari/537.36"
179.159.137.102 - - [20/Jun/2014:09:36:44 -0400] "GET /images/horizon7.jpg HTTP/1.1" 200 112668 "http://horizonstar.com/" "Mozilla/5.0 (Windows NT 6.1; WOW64) AppleWebKit/537.36 (KHTML, like Gecko) Chrome/32.0.1700.107 Safari/537.36"
207.102.138.158 - - [20/Jun/2014:10:09:16 -0400] "HEAD / HTTP/1.1" 200 - "-" "Mozilla/5.0 (Windows NT 6.1; WOW64) AppleWebKit/537.11 (KHTML, like Gecko) Chrome/23.0.1271.95 Safari/537.11"
157.55.39.196 - - [20/Jun/2014:02:55:14 -0400] "GET / HTTP/1.1" 200 5107 "-" "Mozilla/5.0 (compatible; bingbot/2.0; +http://www.bing.com/bingbot.htm)"
209.17.114.75 - - [20/Jun/2014:15:17:12 -0400] "GET / HTTP/1.1" 200 5107 "-" "Jakarta Commons-HttpClient/3.0.1"
209.17.114.75 - - [20/Jun/2014:16:15:51 -0400] "GET / HTTP/1.1" 200 5107 "-" "Jakarta Commons-HttpClient/3.0.1"
166.78.124.69 - - [20/Jun/2014:17:12:56 -0400] "GET / HTTP/1.1" 200 5107 "-" "Jakarta Commons-HttpClient/3.0.1"
209.17.114.75 - - [20/Jun/2014:22:07:51 -0400] "GET / HTTP/1.1" 200 5107 "-" "Jakarta Commons-HttpClient/3.0.1"
75.125.251.186 - - [20/Jun/2014:23:08:07 -0400] "GET / HTTP/1.1" 200 5107 "-" "Jakarta Commons-HttpClient/3.0.1"
209.17.114.75 - - [20/Jun/2014:02:11:58 -0400] "GET / HTTP/1.1" 200 5107 "-" "Jakarta Commons-HttpClient/3.0.1"
75.125.251.186 - - [20/Jun/2014:17:12:36 -0400] "GET / HTTP/1.1" 200 5107 "-" "Jakarta Commons-HttpClient/3.0.1"