0byt3m1n1
Path:
/
data
/
0
/
0
/
88
/
77
/
88892
/
meta
/
90272
/
logs
/
[
Home
]
File: x-access_log.2013-08-13
157.56.92.175 - - [13/Aug/2013:03:33:30 -0400] "GET /scripts/ic_globals_published.js HTTP/1.1" 200 566 "-" "Mozilla/5.0 (compatible; bingbot/2.0; +http://www.bing.com/bingbot.htm)"
199.30.24.35 - - [13/Aug/2013:04:32:08 -0400] "GET /scripts/14custom.css HTTP/1.1" 200 1620 "http://www.moondanceart.com/information.html" "Mozilla/5.0 (Windows NT 6.1; WOW64) AppleWebKit/534+ (KHTML, like Gecko) BingPreview/1.0b"
157.55.32.28 - - [13/Aug/2013:08:11:51 -0400] "GET / HTTP/1.1" 200 6451 "-" "Mozilla/5.0 (compatible; bingbot/2.0; +http://www.bing.com/bingbot.htm)"
66.249.75.205 - - [13/Aug/2013:00:17:38 -0400] "GET /scripts/icwebsiteelement.css HTTP/1.1" 200 8132 "-" "Mozilla/5.0 (compatible; Googlebot/2.1; +http://www.google.com/bot.html)"
220.181.108.174 - - [13/Aug/2013:16:27:31 -0400] "GET /scripts/user.js HTTP/1.1" 200 23762 "http://moondanceart.com/femalefiguresii.html" "Mozilla/5.0 (X11; U; Linux x86_64; en-US; rv:1.9) Gecko Minefield/3.0"
66.249.75.113 - - [13/Aug/2013:16:35:29 -0400] "GET /robots.txt HTTP/1.1" 200 25 "-" "Mozilla/5.0 (compatible; Googlebot/2.1; +http://www.google.com/bot.html)"
66.249.75.194 - - [13/Aug/2013:02:03:11 -0400] "GET /robots.txt HTTP/1.1" 200 25 "-" "Mozilla/5.0 (compatible; Googlebot/2.1; +http://www.google.com/bot.html)"
66.249.75.194 - - [13/Aug/2013:02:03:11 -0400] "GET /images/324_Dreamscape.jpg HTTP/1.1" 304 - "-" "Googlebot-Image/1.0"
100.43.83.137 - - [13/Aug/2013:11:26:03 -0400] "GET / HTTP/1.1" 200 6451 "-" "Mozilla/5.0 (compatible; YandexBot/3.0; +http://yandex.com/bots)"
157.56.92.175 - - [13/Aug/2013:03:08:03 -0400] "GET /artiststatement.html HTTP/1.1" 200 10457 "-" "Mozilla/5.0 (compatible; bingbot/2.0; +http://www.bing.com/bingbot.htm)"
69.181.8.66 - - [13/Aug/2013:16:26:41 -0400] "GET /scripts/26custom.css HTTP/1.1" 200 1814 "http://cwgelbaum.com/exhibitions.html" "Mozilla/5.0 (Macintosh; Intel Mac OS X 10_8_4) AppleWebKit/536.30.1 (KHTML, like Gecko) Version/6.0.5 Safari/536.30.1"
69.181.8.66 - - [13/Aug/2013:16:26:41 -0400] "GET /exhibitions.html HTTP/1.1" 200 15606 "-" "Mozilla/5.0 (Macintosh; Intel Mac OS X 10_8_4) AppleWebKit/536.30.1 (KHTML, like Gecko) Version/6.0.5 Safari/536.30.1"
69.181.8.66 - - [13/Aug/2013:16:26:42 -0400] "GET /images/ic_049_corner_bottom_m_wide.gif HTTP/1.1" 200 170 "http://cwgelbaum.com/exhibitions.html" "Mozilla/5.0 (Macintosh; Intel Mac OS X 10_8_4) AppleWebKit/536.30.1 (KHTML, like Gecko) Version/6.0.5 Safari/536.30.1"
69.181.8.66 - - [13/Aug/2013:16:26:42 -0400] "GET /scripts/print.css HTTP/1.1" 200 - "http://cwgelbaum.com/exhibitions.html" "Mozilla/5.0 (Macintosh; Intel Mac OS X 10_8_4) AppleWebKit/536.30.1 (KHTML, like Gecko) Version/6.0.5 Safari/536.30.1"
37.140.165.206 - - [13/Aug/2013:22:28:47 -0400] "GET /images/360_DreamingOfMyEgyptianHorse72.jpg HTTP/1.1" 304 - "-" "Mozilla/5.0 (compatible; YandexImages/3.0; +http://yandex.com/bots)"
69.181.8.66 - - [13/Aug/2013:03:07:06 -0400] "GET /scripts/website.css HTTP/1.1" 200 1805 "http://cwgelbaum.com/exhibitions.html" "Mozilla/5.0 (Macintosh; Intel Mac OS X 10_8_4) AppleWebKit/536.30.1 (KHTML, like Gecko) Version/6.0.5 Safari/536.30.1"
69.181.8.66 - - [13/Aug/2013:03:07:07 -0400] "GET /images/ic_049_corner_bottom_w_wide.gif HTTP/1.1" 200 188 "http://cwgelbaum.com/exhibitions.html" "Mozilla/5.0 (Macintosh; Intel Mac OS X 10_8_4) AppleWebKit/536.30.1 (KHTML, like Gecko) Version/6.0.5 Safari/536.30.1"
157.55.33.113 - - [13/Aug/2013:03:30:51 -0400] "GET /abouttheartist.html HTTP/1.1" 200 8397 "-" "Mozilla/5.0 (compatible; bingbot/2.0; +http://www.bing.com/bingbot.htm)"
157.55.33.113 - - [13/Aug/2013:03:30:52 -0400] "GET /information.html HTTP/1.1" 200 7722 "-" "Mozilla/5.0 (compatible; bingbot/2.0; +http://www.bing.com/bingbot.htm)"
37.140.165.206 - - [13/Aug/2013:21:05:24 -0400] "GET /robots.txt HTTP/1.1" 200 25 "-" "Mozilla/5.0 (compatible; YandexImages/3.0; +http://yandex.com/bots)"
66.249.75.194 - - [13/Aug/2013:00:50:25 -0400] "GET /images/322_2009.06.26-Swimmer-Pool.jpg HTTP/1.1" 304 - "-" "Googlebot-Image/1.0"
199.30.20.20 - - [13/Aug/2013:05:58:06 -0400] "GET /images/photoalbum/button_photoLast.jpg HTTP/1.1" 200 637 "-" "msnbot-media/1.1 (+http://search.msn.com/msnbot.htm)"
69.181.8.66 - - [13/Aug/2013:16:26:41 -0400] "GET /scripts/icwebsiteelement.css HTTP/1.1" 200 8132 "http://cwgelbaum.com/exhibitions.html" "Mozilla/5.0 (Macintosh; Intel Mac OS X 10_8_4) AppleWebKit/536.30.1 (KHTML, like Gecko) Version/6.0.5 Safari/536.30.1"
199.30.24.35 - - [13/Aug/2013:04:32:08 -0400] "GET /scripts/template.css HTTP/1.1" 200 9483 "http://www.moondanceart.com/information.html" "Mozilla/5.0 (Windows NT 6.1; WOW64) AppleWebKit/534+ (KHTML, like Gecko) BingPreview/1.0b"
199.30.24.35 - - [13/Aug/2013:04:32:08 -0400] "GET /scripts/icwebsiteelement.css HTTP/1.1" 200 8132 "http://www.moondanceart.com/information.html" "Mozilla/5.0 (Windows NT 6.1; WOW64) AppleWebKit/534+ (KHTML, like Gecko) BingPreview/1.0b"
157.55.35.94 - - [13/Aug/2013:23:28:50 -0400] "GET / HTTP/1.1" 304 - "-" "Mozilla/5.0 (compatible; bingbot/2.0; +http://www.bing.com/bingbot.htm)"
180.76.5.195 - - [13/Aug/2013:12:48:52 -0400] "GET /robots.txt HTTP/1.1" 200 25 "-" "Mozilla/5.0 (Windows NT 5.1; rv:6.0.2) Gecko/20100101 Firefox/6.0.2"
66.249.75.113 - - [13/Aug/2013:16:35:29 -0400] "GET /femalefiguresi.html HTTP/1.1" 200 16987 "-" "Mozilla/5.0 (iPhone; U; CPU iPhone OS 4_1 like Mac OS X; en-us) AppleWebKit/532.9 (KHTML, like Gecko) Version/4.0.5 Mobile/8B117 Safari/6531.22.7 (compatible; Googlebot-Mobile/2.1; +http://www.google.com/bot.html)"
69.181.8.66 - - [13/Aug/2013:03:07:06 -0400] "GET /scripts/26.css HTTP/1.1" 200 858 "http://cwgelbaum.com/exhibitions.html" "Mozilla/5.0 (Macintosh; Intel Mac OS X 10_8_4) AppleWebKit/536.30.1 (KHTML, like Gecko) Version/6.0.5 Safari/536.30.1"
69.181.8.66 - - [13/Aug/2013:03:07:07 -0400] "GET /images/ic_049_corner_bottom_s.gif HTTP/1.1" 200 120 "http://cwgelbaum.com/exhibitions.html" "Mozilla/5.0 (Macintosh; Intel Mac OS X 10_8_4) AppleWebKit/536.30.1 (KHTML, like Gecko) Version/6.0.5 Safari/536.30.1"
184.154.48.82 - - [13/Aug/2013:01:49:47 -0400] "GET /robots.txt HTTP/1.0" 200 25 "-" "Mozilla/5.0 (compatible; MJ12bot/v1.4.3; http://www.majestic12.co.uk/bot.php?+)"
180.76.6.36 - - [13/Aug/2013:05:00:56 -0400] "GET /femalefiguresii.html HTTP/1.1" 200 17856 "-" "Mozilla/5.0 (compatible; Baiduspider/2.0; +http://www.baidu.com/search/spider.html)"
66.249.75.113 - - [13/Aug/2013:07:27:37 -0400] "GET /inthenews.html HTTP/1.1" 200 13514 "-" "Mozilla/5.0 (iPhone; U; CPU iPhone OS 4_1 like Mac OS X; en-us) AppleWebKit/532.9 (KHTML, like Gecko) Version/4.0.5 Mobile/8B117 Safari/6531.22.7 (compatible; Googlebot-Mobile/2.1; +http://www.google.com/bot.html)"
173.199.115.3 - - [13/Aug/2013:00:59:25 -0400] "GET /femalefiguresii.html HTTP/1.1" 200 17856 "-" "Mozilla/5.0 (compatible; AhrefsBot/4.0; +http://ahrefs.com/robot/)"
69.197.128.26 - - [13/Aug/2013:02:03:35 -0400] "GET /information/gicle%C3%A9s.html HTTP/1.0" 200 7953 "-" "Mozilla/5.0 (compatible; MJ12bot/v1.4.3; http://www.majestic12.co.uk/bot.php?+)"
100.43.83.137 - - [13/Aug/2013:11:25:53 -0400] "GET / HTTP/1.1" 200 6451 "-" "Mozilla/5.0 (compatible; YandexBot/3.0; +http://yandex.com/bots)"
69.181.8.66 - - [13/Aug/2013:16:26:41 -0400] "GET /scripts/26.css HTTP/1.1" 200 858 "http://cwgelbaum.com/exhibitions.html" "Mozilla/5.0 (Macintosh; Intel Mac OS X 10_8_4) AppleWebKit/536.30.1 (KHTML, like Gecko) Version/6.0.5 Safari/536.30.1"
157.55.33.113 - - [13/Aug/2013:03:31:04 -0400] "GET /scripts/user.js HTTP/1.1" 200 23762 "-" "Mozilla/5.0 (compatible; bingbot/2.0; +http://www.bing.com/bingbot.htm)"
220.181.108.144 - - [13/Aug/2013:16:27:32 -0400] "GET /scripts/photoalbum.js HTTP/1.1" 200 62481 "http://moondanceart.com/femalefiguresii.html" "Mozilla/5.0 (X11; U; Linux x86_64; en-US; rv:1.9) Gecko Minefield/3.0"
180.76.5.147 - - [13/Aug/2013:17:10:30 -0400] "GET /dreamscapesii.html HTTP/1.1" 200 16291 "-" "Mozilla/5.0 (compatible; Baiduspider/2.0; +http://www.baidu.com/search/spider.html)"
69.181.8.66 - - [13/Aug/2013:03:07:06 -0400] "GET /scripts/26custom.css HTTP/1.1" 200 1814 "http://cwgelbaum.com/exhibitions.html" "Mozilla/5.0 (Macintosh; Intel Mac OS X 10_8_4) AppleWebKit/536.30.1 (KHTML, like Gecko) Version/6.0.5 Safari/536.30.1"
69.181.8.66 - - [13/Aug/2013:03:07:07 -0400] "GET /images/ic_049_corner_top_m_wide.gif HTTP/1.1" 200 169 "http://cwgelbaum.com/exhibitions.html" "Mozilla/5.0 (Macintosh; Intel Mac OS X 10_8_4) AppleWebKit/536.30.1 (KHTML, like Gecko) Version/6.0.5 Safari/536.30.1"
157.56.92.175 - - [13/Aug/2013:03:07:58 -0400] "GET /bibliography.html HTTP/1.1" 200 15378 "-" "Mozilla/5.0 (compatible; bingbot/2.0; +http://www.bing.com/bingbot.htm)"
199.30.24.35 - - [13/Aug/2013:04:32:08 -0400] "GET /scripts/user.js HTTP/1.1" 200 23762 "http://www.moondanceart.com/information.html" "Mozilla/5.0 (Windows NT 6.1; WOW64) AppleWebKit/534+ (KHTML, like Gecko) BingPreview/1.0b"
199.30.24.35 - - [13/Aug/2013:04:32:09 -0400] "GET /images/ic_049_body_bg.gif HTTP/1.1" 200 5519 "http://www.moondanceart.com/information.html" "Mozilla/5.0 (Windows NT 6.1; WOW64) AppleWebKit/534+ (KHTML, like Gecko) BingPreview/1.0b"
66.249.75.194 - - [13/Aug/2013:00:30:03 -0400] "GET /images/457_2001-WD-FNCC-Cover.jpg HTTP/1.1" 304 - "-" "Googlebot-Image/1.0"
218.30.103.152 - - [13/Aug/2013:13:35:44 -0400] "GET /robots.txt HTTP/1.1" 200 25 "-" "Sogou web spider/4.0"
157.55.33.113 - - [13/Aug/2013:06:55:42 -0400] "GET /femalefiguresii.html HTTP/1.1" 304 - "-" "Mozilla/5.0 (compatible; bingbot/2.0; +http://www.bing.com/bingbot.htm)"
157.55.32.28 - - [13/Aug/2013:08:11:02 -0400] "GET /robots.txt HTTP/1.1" 200 25 "-" "Mozilla/5.0 (compatible; bingbot/2.0; +http://www.bing.com/bingbot.htm)"
199.30.20.20 - - [13/Aug/2013:05:58:06 -0400] "GET /robots.txt HTTP/1.1" 200 25 "-" "msnbot-media/1.1 (+http://search.msn.com/msnbot.htm)"
66.249.75.205 - - [13/Aug/2013:00:17:27 -0400] "GET /scripts/template.css HTTP/1.1" 200 9483 "-" "Mozilla/5.0 (compatible; Googlebot/2.1; +http://www.google.com/bot.html)"
199.21.99.114 - - [13/Aug/2013:11:25:18 -0400] "GET / HTTP/1.1" 200 6451 "-" "Mozilla/5.0 (compatible; YandexBot/3.0; +http://yandex.com/bots)"
157.56.92.176 - - [13/Aug/2013:03:31:31 -0400] "GET /scripts/print.css HTTP/1.1" 200 - "-" "Mozilla/5.0 (compatible; bingbot/2.0; +http://www.bing.com/bingbot.htm)"
157.55.34.175 - - [13/Aug/2013:03:32:50 -0400] "GET /scripts/photoalbum.js HTTP/1.1" 200 62481 "-" "Mozilla/5.0 (compatible; bingbot/2.0; +http://www.bing.com/bingbot.htm)"
180.76.5.179 - - [13/Aug/2013:12:11:28 -0400] "GET /scripts/20custom.css HTTP/1.1" 200 1381 "-" "Mozilla/5.0 (compatible; Baiduspider/2.0; +http://www.baidu.com/search/spider.html)"
66.249.75.205 - - [13/Aug/2013:00:17:55 -0400] "GET /scripts/25custom.css HTTP/1.1" 200 1142 "-" "Mozilla/5.0 (compatible; Googlebot/2.1; +http://www.google.com/bot.html)"
220.181.108.171 - - [13/Aug/2013:16:27:29 -0400] "GET /scripts/ic_globals_published.js HTTP/1.1" 200 566 "http://moondanceart.com/femalefiguresii.html" "Mozilla/5.0 (X11; U; Linux x86_64; en-US; rv:1.9) Gecko Minefield/3.0"
180.76.5.138 - - [13/Aug/2013:12:49:18 -0400] "GET / HTTP/1.1" 200 6451 "-" "Mozilla/5.0 (compatible; Baiduspider/2.0; +http://www.baidu.com/search/spider.html)"
157.55.33.113 - - [13/Aug/2013:06:34:11 -0400] "GET /robots.txt HTTP/1.1" 200 25 "-" "Mozilla/5.0 (compatible; bingbot/2.0; +http://www.bing.com/bingbot.htm)"
69.197.128.26 - - [13/Aug/2013:02:03:32 -0400] "GET /gicle%C3%A9s.html HTTP/1.0" 200 9551 "-" "Mozilla/5.0 (compatible; MJ12bot/v1.4.3; http://www.majestic12.co.uk/bot.php?+)"
66.249.75.205 - - [13/Aug/2013:00:06:40 -0400] "GET /robots.txt HTTP/1.1" 200 25 "-" "Mozilla/5.0 (compatible; Googlebot/2.1; +http://www.google.com/bot.html)"
66.249.75.113 - - [13/Aug/2013:01:27:36 -0400] "GET /contact.html HTTP/1.1" 304 - "-" "Mozilla/5.0 (iPhone; U; CPU iPhone OS 4_1 like Mac OS X; en-us) AppleWebKit/532.9 (KHTML, like Gecko) Version/4.0.5 Mobile/8B117 Safari/6531.22.7 (compatible; Googlebot-Mobile/2.1; +http://www.google.com/bot.html)"
199.30.24.35 - - [13/Aug/2013:04:32:08 -0400] "GET /scripts/website.css HTTP/1.1" 200 1805 "http://www.moondanceart.com/information.html" "Mozilla/5.0 (Windows NT 6.1; WOW64) AppleWebKit/534+ (KHTML, like Gecko) BingPreview/1.0b"
69.197.128.26 - - [13/Aug/2013:02:03:27 -0400] "GET /robots.txt HTTP/1.0" 200 25 "-" "Mozilla/5.0 (compatible; MJ12bot/v1.4.3; http://www.majestic12.co.uk/bot.php?+)"
66.249.75.205 - - [13/Aug/2013:00:06:40 -0400] "GET / HTTP/1.1" 200 6451 "-" "Mozilla/5.0 (compatible; Googlebot/2.1; +http://www.google.com/bot.html)"
69.181.8.66 - - [13/Aug/2013:03:07:06 -0400] "GET /exhibitions.html HTTP/1.1" 200 15606 "-" "Mozilla/5.0 (Macintosh; Intel Mac OS X 10_8_4) AppleWebKit/536.30.1 (KHTML, like Gecko) Version/6.0.5 Safari/536.30.1"
69.181.8.66 - - [13/Aug/2013:03:07:07 -0400] "GET /images/ic_049_corner_top_w_wide.gif HTTP/1.1" 200 187 "http://cwgelbaum.com/exhibitions.html" "Mozilla/5.0 (Macintosh; Intel Mac OS X 10_8_4) AppleWebKit/536.30.1 (KHTML, like Gecko) Version/6.0.5 Safari/536.30.1"
199.21.99.114 - - [13/Aug/2013:11:25:08 -0400] "GET / HTTP/1.1" 200 6451 "-" "Mozilla/5.0 (compatible; YandexBot/3.0; +http://yandex.com/bots)"
173.199.115.3 - - [13/Aug/2013:04:28:35 -0400] "GET /exhibitions.html HTTP/1.1" 200 15606 "-" "Mozilla/5.0 (compatible; AhrefsBot/4.0; +http://ahrefs.com/robot/)"
69.181.8.66 - - [13/Aug/2013:03:07:06 -0400] "GET /scripts/icwebsiteelement.css HTTP/1.1" 200 8132 "http://cwgelbaum.com/exhibitions.html" "Mozilla/5.0 (Macintosh; Intel Mac OS X 10_8_4) AppleWebKit/536.30.1 (KHTML, like Gecko) Version/6.0.5 Safari/536.30.1"
69.181.8.66 - - [13/Aug/2013:03:07:07 -0400] "GET /images/300_Artist-At-Work-72.jpg HTTP/1.1" 200 32575 "http://cwgelbaum.com/exhibitions.html" "Mozilla/5.0 (Macintosh; Intel Mac OS X 10_8_4) AppleWebKit/536.30.1 (KHTML, like Gecko) Version/6.0.5 Safari/536.30.1"
157.55.33.113 - - [13/Aug/2013:03:30:53 -0400] "GET /archivalprints.html HTTP/1.1" 200 9013 "-" "Mozilla/5.0 (compatible; bingbot/2.0; +http://www.bing.com/bingbot.htm)"
199.21.99.114 - - [13/Aug/2013:11:25:13 -0400] "GET / HTTP/1.1" 200 6451 "-" "Mozilla/5.0 (compatible; YandexBot/3.0; +http://yandex.com/bots)"
100.43.83.137 - - [13/Aug/2013:11:25:43 -0400] "GET /robots.txt HTTP/1.1" 200 25 "-" "Mozilla/5.0 (compatible; YandexBot/3.0; +http://yandex.com/bots)"
100.43.83.137 - - [13/Aug/2013:11:25:43 -0400] "GET /robots.txt HTTP/1.1" 200 25 "-" "Mozilla/5.0 (compatible; YandexBot/3.0; +http://yandex.com/bots)"
100.43.83.137 - - [13/Aug/2013:11:25:45 -0400] "GET / HTTP/1.1" 200 6451 "-" "Mozilla/5.0 (compatible; YandexBot/3.0; +http://yandex.com/bots)"
184.154.48.82 - - [13/Aug/2013:01:49:49 -0400] "GET / HTTP/1.0" 200 6451 "-" "Mozilla/5.0 (compatible; MJ12bot/v1.4.3; http://www.majestic12.co.uk/bot.php?+)"
157.55.35.94 - - [13/Aug/2013:23:28:15 -0400] "GET /robots.txt HTTP/1.1" 200 25 "-" "Mozilla/5.0 (compatible; bingbot/2.0; +http://www.bing.com/bingbot.htm)"
100.43.83.137 - - [13/Aug/2013:11:25:46 -0400] "GET / HTTP/1.1" 200 6451 "-" "Mozilla/5.0 (compatible; YandexBot/3.0; +http://yandex.com/bots)"
157.55.34.175 - - [13/Aug/2013:03:07:12 -0400] "GET /artwork.html HTTP/1.1" 200 7624 "-" "Mozilla/5.0 (compatible; bingbot/2.0; +http://www.bing.com/bingbot.htm)"
69.181.8.66 - - [13/Aug/2013:03:07:10 -0400] "GET /scripts/print.css HTTP/1.1" 200 - "http://cwgelbaum.com/exhibitions.html" "Mozilla/5.0 (Macintosh; Intel Mac OS X 10_8_4) AppleWebKit/536.30.1 (KHTML, like Gecko) Version/6.0.5 Safari/536.30.1"
69.181.8.66 - - [13/Aug/2013:16:26:41 -0400] "GET /scripts/website.css HTTP/1.1" 200 1805 "http://cwgelbaum.com/exhibitions.html" "Mozilla/5.0 (Macintosh; Intel Mac OS X 10_8_4) AppleWebKit/536.30.1 (KHTML, like Gecko) Version/6.0.5 Safari/536.30.1"
123.125.71.114 - - [13/Aug/2013:16:27:23 -0400] "GET /femalefiguresii.html HTTP/1.1" 200 17856 "-" "Mozilla/5.0 (compatible; Baiduspider/2.0; +http://www.baidu.com/search/spider.html)"
66.249.75.205 - - [13/Aug/2013:00:17:45 -0400] "GET /scripts/website.css HTTP/1.1" 200 1805 "-" "Mozilla/5.0 (compatible; Googlebot/2.1; +http://www.google.com/bot.html)"
157.55.34.175 - - [13/Aug/2013:03:07:13 -0400] "GET /contact.html HTTP/1.1" 200 8305 "-" "Mozilla/5.0 (compatible; bingbot/2.0; +http://www.bing.com/bingbot.htm)"
199.21.99.114 - - [13/Aug/2013:11:25:01 -0400] "GET /robots.txt HTTP/1.1" 200 25 "-" "Mozilla/5.0 (compatible; YandexBot/3.0; +http://yandex.com/bots)"
199.21.99.114 - - [13/Aug/2013:11:25:03 -0400] "GET /robots.txt HTTP/1.1" 200 25 "-" "Mozilla/5.0 (compatible; YandexBot/3.0; +http://yandex.com/bots)"
199.21.99.114 - - [13/Aug/2013:11:25:03 -0400] "GET / HTTP/1.1" 200 6451 "-" "Mozilla/5.0 (compatible; YandexBot/3.0; +http://yandex.com/bots)"
67.215.248.238 - - [13/Aug/2013:15:48:08 -0400] "GET / HTTP/1.0" 200 6451 "-" "Mozilla/5.0 (X11; U; Linux i686; en-US; rv:1.9.0.3) Gecko/2008092510 Firefox/3.0.3"
66.249.75.113 - - [13/Aug/2013:00:00:13 -0400] "GET /publications.html HTTP/1.1" 304 - "-" "SAMSUNG-SGH-E250/1.0 Profile/MIDP-2.0 Configuration/CLDC-1.1 UP.Browser/6.2.3.3.c.1.101 (GUI) MMP/2.0 (compatible; Googlebot-Mobile/2.1; +http://www.google.com/bot.html)"
173.199.115.3 - - [13/Aug/2013:02:10:45 -0400] "GET /exhibitions.html HTTP/1.1" 200 15606 "-" "Mozilla/5.0 (compatible; AhrefsBot/4.0; +http://ahrefs.com/robot/)"
157.55.33.113 - - [13/Aug/2013:02:46:09 -0400] "GET /robots.txt HTTP/1.1" 200 25 "-" "Mozilla/5.0 (compatible; bingbot/2.0; +http://www.bing.com/bingbot.htm)"