0byt3m1n1
Path:
/
data
/
0
/
0
/
88
/
77
/
88892
/
meta
/
90272
/
logs
/
[
Home
]
File: x-access_log.2013-08-18
180.76.5.191 - - [18/Aug/2013:13:27:06 -0400] "GET / HTTP/1.1" 200 6451 "-" "Mozilla/5.0 (compatible; Baiduspider/2.0; +http://www.baidu.com/search/spider.html)"
65.55.215.89 - - [18/Aug/2013:00:56:20 -0400] "GET /images/photoalbum/button_photoSpeed4.jpg HTTP/1.1" 200 506 "-" "msnbot-media/1.1 (+http://search.msn.com/msnbot.htm)"
199.30.20.14 - - [18/Aug/2013:15:13:34 -0400] "GET /images/photoalbum/button_photoLast.jpg HTTP/1.1" 200 637 "-" "msnbot-media/1.1 (+http://search.msn.com/msnbot.htm)"
199.21.99.114 - - [18/Aug/2013:07:52:20 -0400] "GET /images/627_Ashbrook-Place-Studio-2012-09.jpg HTTP/1.1" 304 - "-" "Mozilla/5.0 (compatible; YandexImages/3.0; +http://yandex.com/bots)"
69.181.8.66 - - [18/Aug/2013:15:48:04 -0400] "GET /images/ic_049_corner_bottom_w_wide.gif HTTP/1.1" 200 188 "http://cwgelbaum.com/exhibitions.html" "Mozilla/5.0 (Macintosh; Intel Mac OS X 10_8_4) AppleWebKit/536.30.1 (KHTML, like Gecko) Version/6.0.5 Safari/536.30.1"
69.181.8.66 - - [18/Aug/2013:15:48:04 -0400] "GET /images/ic_049_corner_bottom_s.gif HTTP/1.1" 200 120 "http://cwgelbaum.com/exhibitions.html" "Mozilla/5.0 (Macintosh; Intel Mac OS X 10_8_4) AppleWebKit/536.30.1 (KHTML, like Gecko) Version/6.0.5 Safari/536.30.1"
157.56.92.175 - - [18/Aug/2013:11:42:15 -0400] "GET /robots.txt HTTP/1.1" 200 25 "-" "Mozilla/5.0 (compatible; bingbot/2.0; +http://www.bing.com/bingbot.htm)"
37.140.165.206 - - [18/Aug/2013:03:51:33 -0400] "GET /images/300_Artist-At-Work-72.jpg HTTP/1.1" 304 - "-" "Mozilla/5.0 (compatible; YandexImages/3.0; +http://yandex.com/bots)"
69.181.8.66 - - [18/Aug/2013:15:48:00 -0400] "GET /scripts/ic_globals_published.js HTTP/1.1" 200 566 "http://cwgelbaum.com/exhibitions.html" "Mozilla/5.0 (Macintosh; Intel Mac OS X 10_8_4) AppleWebKit/536.30.1 (KHTML, like Gecko) Version/6.0.5 Safari/536.30.1"
173.208.150.250 - - [18/Aug/2013:02:12:03 -0400] "GET /robots.txt HTTP/1.0" 200 25 "-" "Mozilla/5.0 (compatible; MJ12bot/v1.4.3; http://www.majestic12.co.uk/bot.php?+)"
65.55.215.89 - - [18/Aug/2013:06:40:37 -0400] "GET /images/photoalbum/button_photoSpeed1_ON.jpg HTTP/1.1" 200 476 "-" "msnbot-media/1.1 (+http://search.msn.com/msnbot.htm)"
37.140.165.206 - - [18/Aug/2013:07:08:20 -0400] "GET /images/500_IMG_0971-Its-A-Jungle-In-Here-web.jpg HTTP/1.1" 304 - "-" "Mozilla/5.0 (compatible; YandexImages/3.0; +http://yandex.com/bots)"
37.140.165.206 - - [18/Aug/2013:07:44:48 -0400] "GET /images/294_2011-John-Muir-Turtle.jpg HTTP/1.1" 304 - "-" "Mozilla/5.0 (compatible; YandexImages/3.0; +http://yandex.com/bots)"
208.167.230.59 - - [18/Aug/2013:21:07:24 -0400] "GET /femalefiguresiii.html HTTP/1.1" 200 17267 "-" "Mozilla/5.0 (compatible; AhrefsBot/4.0; +http://ahrefs.com/robot/)"
206.253.226.18 - - [18/Aug/2013:01:36:50 -0400] "HEAD /images/400_Dive-In-for-web.jpg HTTP/1.1" 200 - "-" "Mozilla/5.0 (compatible; oBot/2.3.1; http://filterdb.iss.net/crawler/)"
69.181.8.66 - - [18/Aug/2013:15:48:00 -0400] "GET /scripts/user.js HTTP/1.1" 200 23762 "http://cwgelbaum.com/exhibitions.html" "Mozilla/5.0 (Macintosh; Intel Mac OS X 10_8_4) AppleWebKit/536.30.1 (KHTML, like Gecko) Version/6.0.5 Safari/536.30.1"
157.55.34.175 - - [18/Aug/2013:15:51:49 -0400] "GET /robots.txt HTTP/1.1" 200 25 "-" "Mozilla/5.0 (compatible; bingbot/2.0; +http://www.bing.com/bingbot.htm)"
98.210.78.172 - - [18/Aug/2013:16:05:21 -0400] "GET /scripts/user.js HTTP/1.1" 200 23762 "http://cwgelbaum.com/exhibitions.html" "Mozilla/5.0 (Windows NT 6.2; WOW64) AppleWebKit/537.36 (KHTML, like Gecko) Chrome/28.0.1500.95 Safari/537.36"
218.30.103.152 - - [18/Aug/2013:09:13:05 -0400] "GET /robots.txt HTTP/1.1" 200 25 "-" "Sogou web spider/4.0"
37.140.165.206 - - [18/Aug/2013:03:10:23 -0400] "GET /images/338_Carla_at_DeYoung-B.jpg HTTP/1.1" 304 - "-" "Mozilla/5.0 (compatible; YandexImages/3.0; +http://yandex.com/bots)"
157.55.33.113 - - [18/Aug/2013:23:34:43 -0400] "GET /abouttheartist.html HTTP/1.1" 200 8397 "-" "Mozilla/5.0 (compatible; bingbot/2.0; +http://www.bing.com/bingbot.htm)"
98.210.78.172 - - [18/Aug/2013:16:05:21 -0400] "GET /scripts/ic_globals_published.js HTTP/1.1" 200 566 "http://cwgelbaum.com/exhibitions.html" "Mozilla/5.0 (Windows NT 6.2; WOW64) AppleWebKit/537.36 (KHTML, like Gecko) Chrome/28.0.1500.95 Safari/537.36"
98.210.78.172 - - [18/Aug/2013:16:05:21 -0400] "GET /scripts/26.css HTTP/1.1" 200 858 "http://cwgelbaum.com/exhibitions.html" "Mozilla/5.0 (Windows NT 6.2; WOW64) AppleWebKit/537.36 (KHTML, like Gecko) Chrome/28.0.1500.95 Safari/537.36"
98.210.78.172 - - [18/Aug/2013:16:05:21 -0400] "GET /scripts/icwebsiteelement.css HTTP/1.1" 200 8132 "http://cwgelbaum.com/exhibitions.html" "Mozilla/5.0 (Windows NT 6.2; WOW64) AppleWebKit/537.36 (KHTML, like Gecko) Chrome/28.0.1500.95 Safari/537.36"
65.55.215.109 - - [18/Aug/2013:16:49:19 -0400] "GET /images/photoalbum/button_photoFirst.jpg HTTP/1.1" 200 637 "-" "msnbot-media/1.1 (+http://search.msn.com/msnbot.htm)"
206.253.226.18 - - [18/Aug/2013:01:36:49 -0400] "GET /robots.txt HTTP/1.1" 200 25 "-" "Mozilla/5.0 (compatible; oBot/2.3.1; http://filterdb.iss.net/crawler/)"
206.253.226.18 - - [18/Aug/2013:01:36:50 -0400] "HEAD /images/600_Giclee-sample-lotus-crop.jpg HTTP/1.1" 200 - "-" "Mozilla/5.0 (compatible; oBot/2.3.1; http://filterdb.iss.net/crawler/)"
208.167.230.59 - - [18/Aug/2013:04:35:38 -0400] "GET /archivalprints.html HTTP/1.1" 200 9013 "-" "Mozilla/5.0 (compatible; AhrefsBot/4.0; +http://ahrefs.com/robot/)"
180.76.6.227 - - [18/Aug/2013:10:38:12 -0400] "GET /scripts/template.css HTTP/1.1" 200 9483 "-" "Mozilla/5.0 (compatible; Baiduspider/2.0; +http://www.baidu.com/search/spider.html)"
69.181.8.66 - - [18/Aug/2013:15:48:04 -0400] "GET /images/ic_049_corner_bottom_m_wide.gif HTTP/1.1" 200 170 "http://cwgelbaum.com/exhibitions.html" "Mozilla/5.0 (Macintosh; Intel Mac OS X 10_8_4) AppleWebKit/536.30.1 (KHTML, like Gecko) Version/6.0.5 Safari/536.30.1"
66.249.75.113 - - [18/Aug/2013:21:24:39 -0400] "GET /robots.txt HTTP/1.1" 200 25 "-" "Mozilla/5.0 (compatible; Googlebot/2.1; +http://www.google.com/bot.html)"
66.249.75.194 - - [18/Aug/2013:09:40:14 -0400] "GET /images/291_Pearl-72dpi.jpg HTTP/1.1" 200 28962 "-" "Googlebot-Image/1.0"
157.56.92.175 - - [18/Aug/2013:11:42:45 -0400] "GET / HTTP/1.1" 200 6451 "-" "Mozilla/5.0 (compatible; bingbot/2.0; +http://www.bing.com/bingbot.htm)"
66.249.75.113 - - [18/Aug/2013:21:24:39 -0400] "GET /femalefiguresi.html HTTP/1.1" 304 - "-" "Mozilla/5.0 (iPhone; U; CPU iPhone OS 4_1 like Mac OS X; en-us) AppleWebKit/532.9 (KHTML, like Gecko) Version/4.0.5 Mobile/8B117 Safari/6531.22.7 (compatible; Googlebot-Mobile/2.1; +http://www.google.com/bot.html)"
157.56.92.175 - - [18/Aug/2013:00:01:33 -0400] "GET /robots.txt HTTP/1.1" 200 25 "-" "Mozilla/5.0 (compatible; bingbot/2.0; +http://www.bing.com/bingbot.htm)"
69.181.8.66 - - [18/Aug/2013:15:48:00 -0400] "GET /exhibitions.html HTTP/1.1" 200 15606 "-" "Mozilla/5.0 (Macintosh; Intel Mac OS X 10_8_4) AppleWebKit/536.30.1 (KHTML, like Gecko) Version/6.0.5 Safari/536.30.1"
69.181.8.66 - - [18/Aug/2013:15:48:00 -0400] "GET /scripts/icwebsiteelement.css HTTP/1.1" 200 8132 "http://cwgelbaum.com/exhibitions.html" "Mozilla/5.0 (Macintosh; Intel Mac OS X 10_8_4) AppleWebKit/536.30.1 (KHTML, like Gecko) Version/6.0.5 Safari/536.30.1"
208.115.111.68 - - [18/Aug/2013:18:06:58 -0400] "GET /bibliography.html HTTP/1.1" 200 15378 "-" "Mozilla/5.0 (compatible; Ezooms/1.0; ezooms.bot@gmail.com)"
208.167.230.59 - - [18/Aug/2013:10:07:33 -0400] "GET /femalefiguresi.html HTTP/1.1" 200 16987 "-" "Mozilla/5.0 (compatible; AhrefsBot/4.0; +http://ahrefs.com/robot/)"
208.115.113.84 - - [18/Aug/2013:19:05:42 -0400] "GET /bibliography.html HTTP/1.1" 200 15378 "-" "Mozilla/5.0 (compatible; Ezooms/1.0; ezooms.bot@gmail.com)"
208.167.230.59 - - [18/Aug/2013:16:07:39 -0400] "GET /artiststatement.html HTTP/1.1" 200 10457 "-" "Mozilla/5.0 (compatible; AhrefsBot/4.0; +http://ahrefs.com/robot/)"
208.167.230.59 - - [18/Aug/2013:17:20:48 -0400] "GET /femalefiguresiii.html HTTP/1.1" 200 17267 "-" "Mozilla/5.0 (compatible; AhrefsBot/4.0; +http://ahrefs.com/robot/)"
199.21.99.114 - - [18/Aug/2013:17:21:35 -0400] "GET /images/423_Giclee-sample-turtle.jpg HTTP/1.1" 304 - "-" "Mozilla/5.0 (compatible; YandexImages/3.0; +http://yandex.com/bots)"
66.249.75.113 - - [18/Aug/2013:08:25:48 -0400] "GET /femalefiguresiii.html HTTP/1.1" 304 - "-" "Mozilla/5.0 (iPhone; U; CPU iPhone OS 4_1 like Mac OS X; en-us) AppleWebKit/532.9 (KHTML, like Gecko) Version/4.0.5 Mobile/8B117 Safari/6531.22.7 (compatible; Googlebot-Mobile/2.1; +http://www.google.com/bot.html)"
206.253.226.18 - - [18/Aug/2013:01:36:50 -0400] "HEAD /images/338_Carla_at_DeYoung-B.jpg HTTP/1.1" 200 - "-" "Mozilla/5.0 (compatible; oBot/2.3.1; http://filterdb.iss.net/crawler/)"
199.21.99.114 - - [18/Aug/2013:07:14:10 -0400] "GET /robots.txt HTTP/1.1" 200 25 "-" "Mozilla/5.0 (compatible; YandexBot/3.0; +http://yandex.com/bots)"
199.21.99.114 - - [18/Aug/2013:07:14:12 -0400] "GET /dreamscapesii.html HTTP/1.1" 200 16291 "-" "Mozilla/5.0 (compatible; YandexBot/3.0; +http://yandex.com/bots)"
37.140.165.206 - - [18/Aug/2013:02:54:20 -0400] "GET /images/294_2011-John-Muir-lobby-giclees.jpg HTTP/1.1" 304 - "-" "Mozilla/5.0 (compatible; YandexImages/3.0; +http://yandex.com/bots)"
65.55.215.109 - - [18/Aug/2013:16:49:19 -0400] "GET /robots.txt HTTP/1.1" 200 25 "-" "msnbot-media/1.1 (+http://search.msn.com/msnbot.htm)"
65.55.215.89 - - [18/Aug/2013:00:56:20 -0400] "GET /robots.txt HTTP/1.1" 200 25 "-" "msnbot-media/1.1 (+http://search.msn.com/msnbot.htm)"
218.30.103.152 - - [18/Aug/2013:09:34:55 -0400] "GET / HTTP/1.1" 304 - "-" "Sogou web spider/4.0(+http://www.sogou.com/docs/help/webmasters.htm#07)"
206.253.226.18 - - [18/Aug/2013:01:36:51 -0400] "HEAD /images/294_Wren-color-72.jpg HTTP/1.1" 200 - "-" "Mozilla/5.0 (compatible; oBot/2.3.1; http://filterdb.iss.net/crawler/)"
37.140.165.206 - - [18/Aug/2013:02:37:47 -0400] "GET /robots.txt HTTP/1.1" 200 25 "-" "Mozilla/5.0 (compatible; YandexImages/3.0; +http://yandex.com/bots)"
37.140.165.206 - - [18/Aug/2013:06:11:00 -0400] "GET /images/360_DreamingOfMyEgyptianHorse72.jpg HTTP/1.1" 304 - "-" "Mozilla/5.0 (compatible; YandexImages/3.0; +http://yandex.com/bots)"
208.167.230.59 - - [18/Aug/2013:08:34:39 -0400] "GET /dreamscapesii.html HTTP/1.1" 200 16291 "-" "Mozilla/5.0 (compatible; AhrefsBot/4.0; +http://ahrefs.com/robot/)"
69.181.8.66 - - [18/Aug/2013:15:48:04 -0400] "GET /images/ic_049_corner_top_m_wide.gif HTTP/1.1" 200 169 "http://cwgelbaum.com/exhibitions.html" "Mozilla/5.0 (Macintosh; Intel Mac OS X 10_8_4) AppleWebKit/536.30.1 (KHTML, like Gecko) Version/6.0.5 Safari/536.30.1"
37.140.165.206 - - [18/Aug/2013:04:53:02 -0400] "GET /images/600_Giclee-sample-turtle.jpg HTTP/1.1" 304 - "-" "Mozilla/5.0 (compatible; YandexImages/3.0; +http://yandex.com/bots)"
206.253.226.18 - - [18/Aug/2013:01:36:50 -0400] "HEAD /images/294_Yvette-color-72.jpg HTTP/1.1" 200 - "-" "Mozilla/5.0 (compatible; oBot/2.3.1; http://filterdb.iss.net/crawler/)"
98.210.78.172 - - [18/Aug/2013:16:05:20 -0400] "GET /exhibitions.html HTTP/1.1" 200 15606 "http://www.google.com/url?sa=f&rct=j&url=http://cwgelbaum.com/exhibitions.html&q=art+studio+by+chow+the+restaurant+in+lafayette+ca&ei=_igRUr4v5ZvKAfLvgFA&usg=AFQjCNEvsGtGPw5wuCFsPBy2cER5oX7lKw" "Mozilla/5.0 (Windows NT 6.2; WOW64) AppleWebKit/537.36 (KHTML, like Gecko) Chrome/28.0.1500.95 Safari/537.36"
98.210.78.172 - - [18/Aug/2013:16:05:21 -0400] "GET /images/300_Artist-At-Work-72.jpg HTTP/1.1" 200 32575 "http://cwgelbaum.com/exhibitions.html" "Mozilla/5.0 (Windows NT 6.2; WOW64) AppleWebKit/537.36 (KHTML, like Gecko) Chrome/28.0.1500.95 Safari/537.36"
199.21.99.114 - - [18/Aug/2013:19:50:22 -0400] "GET /robots.txt HTTP/1.1" 200 25 "-" "Mozilla/5.0 (compatible; YandexBot/3.0; +http://yandex.com/bots)"
157.55.34.175 - - [18/Aug/2013:16:06:25 -0400] "GET /dreamscapesi.html HTTP/1.1" 304 - "-" "Mozilla/5.0 (compatible; bingbot/2.0; +http://www.bing.com/bingbot.htm)"
157.56.92.175 - - [18/Aug/2013:23:01:12 -0400] "GET /robots.txt HTTP/1.1" 200 25 "-" "Mozilla/5.0 (compatible; bingbot/2.0; +http://www.bing.com/bingbot.htm)"
157.56.92.175 - - [18/Aug/2013:05:59:57 -0400] "GET /robots.txt HTTP/1.1" 200 25 "-" "Mozilla/5.0 (compatible; bingbot/2.0; +http://www.bing.com/bingbot.htm)"
69.181.8.66 - - [18/Aug/2013:15:48:04 -0400] "GET /scripts/26.css HTTP/1.1" 200 858 "http://cwgelbaum.com/exhibitions.html" "Mozilla/5.0 (Macintosh; Intel Mac OS X 10_8_4) AppleWebKit/536.30.1 (KHTML, like Gecko) Version/6.0.5 Safari/536.30.1"
69.181.8.66 - - [18/Aug/2013:15:48:04 -0400] "GET /images/ic_049_corner_top_w_wide.gif HTTP/1.1" 200 187 "http://cwgelbaum.com/exhibitions.html" "Mozilla/5.0 (Macintosh; Intel Mac OS X 10_8_4) AppleWebKit/536.30.1 (KHTML, like Gecko) Version/6.0.5 Safari/536.30.1"
69.181.8.66 - - [18/Aug/2013:15:48:04 -0400] "GET /scripts/print.css HTTP/1.1" 200 - "http://cwgelbaum.com/exhibitions.html" "Mozilla/5.0 (Macintosh; Intel Mac OS X 10_8_4) AppleWebKit/536.30.1 (KHTML, like Gecko) Version/6.0.5 Safari/536.30.1"
98.210.78.172 - - [18/Aug/2013:16:05:21 -0400] "GET /scripts/photoalbum.js HTTP/1.1" 200 62481 "http://cwgelbaum.com/exhibitions.html" "Mozilla/5.0 (Windows NT 6.2; WOW64) AppleWebKit/537.36 (KHTML, like Gecko) Chrome/28.0.1500.95 Safari/537.36"
208.167.230.59 - - [18/Aug/2013:05:02:06 -0400] "GET /exhibitions.html HTTP/1.1" 200 15606 "-" "Mozilla/5.0 (compatible; AhrefsBot/4.0; +http://ahrefs.com/robot/)"
157.56.92.175 - - [18/Aug/2013:18:18:52 -0400] "GET /robots.txt HTTP/1.1" 200 25 "-" "Mozilla/5.0 (compatible; bingbot/2.0; +http://www.bing.com/bingbot.htm)"
157.56.92.175 - - [18/Aug/2013:23:01:37 -0400] "GET / HTTP/1.1" 200 6451 "-" "Mozilla/5.0 (compatible; bingbot/2.0; +http://www.bing.com/bingbot.htm)"
69.181.8.66 - - [18/Aug/2013:15:48:04 -0400] "GET /images/ic_049_corner_top_s.gif HTTP/1.1" 200 120 "http://cwgelbaum.com/exhibitions.html" "Mozilla/5.0 (Macintosh; Intel Mac OS X 10_8_4) AppleWebKit/536.30.1 (KHTML, like Gecko) Version/6.0.5 Safari/536.30.1"
208.115.113.84 - - [18/Aug/2013:17:33:55 -0400] "GET /robots.txt HTTP/1.1" 200 25 "-" "Mozilla/5.0 (compatible; Ezooms/1.0; ezooms.bot@gmail.com)"
218.30.103.152 - - [18/Aug/2013:09:12:44 -0400] "GET / HTTP/1.1" 304 - "-" "Sogou web spider/4.0(+http://www.sogou.com/docs/help/webmasters.htm#07)"
199.30.20.14 - - [18/Aug/2013:15:13:34 -0400] "GET /robots.txt HTTP/1.1" 200 25 "-" "msnbot-media/1.1 (+http://search.msn.com/msnbot.htm)"
98.210.78.172 - - [18/Aug/2013:16:05:21 -0400] "GET /scripts/template.css HTTP/1.1" 200 9483 "http://cwgelbaum.com/exhibitions.html" "Mozilla/5.0 (Windows NT 6.2; WOW64) AppleWebKit/537.36 (KHTML, like Gecko) Chrome/28.0.1500.95 Safari/537.36"
157.56.92.175 - - [18/Aug/2013:06:00:22 -0400] "GET / HTTP/1.1" 200 6451 "-" "Mozilla/5.0 (compatible; bingbot/2.0; +http://www.bing.com/bingbot.htm)"
123.125.71.71 - - [18/Aug/2013:07:18:24 -0400] "GET /scripts/website.css HTTP/1.1" 200 1805 "-" "Mozilla/5.0 (compatible; Baiduspider/2.0; +http://www.baidu.com/search/spider.html)"
202.46.61.159 - - [18/Aug/2013:21:28:11 -0400] "GET /scripts/'+src+' HTTP/1.1" 404 575 "-" "Mozilla/5.0 (Windows; U; Windows NT 5.1; zh-CN; rv:1.9.1.2) Firefox/3.5.2"
199.21.99.114 - - [18/Aug/2013:10:58:42 -0400] "GET /images/423_Giclee-sample-turtle.jpg HTTP/1.1" 304 - "-" "Mozilla/5.0 (compatible; YandexImages/3.0; +http://yandex.com/bots)"
173.208.150.250 - - [18/Aug/2013:02:12:05 -0400] "GET /publications.html HTTP/1.0" 200 17410 "-" "Mozilla/5.0 (compatible; MJ12bot/v1.4.3; http://www.majestic12.co.uk/bot.php?+)"
157.55.33.113 - - [18/Aug/2013:17:24:57 -0400] "GET /robots.txt HTTP/1.1" 200 25 "-" "Mozilla/5.0 (compatible; bingbot/2.0; +http://www.bing.com/bingbot.htm)"
65.55.215.89 - - [18/Aug/2013:06:40:37 -0400] "GET /robots.txt HTTP/1.1" 200 25 "-" "msnbot-media/1.1 (+http://search.msn.com/msnbot.htm)"
37.140.165.206 - - [18/Aug/2013:05:27:02 -0400] "GET /images/228_Babe-72dpi.jpg HTTP/1.1" 304 - "-" "Mozilla/5.0 (compatible; YandexImages/3.0; +http://yandex.com/bots)"
208.115.111.68 - - [18/Aug/2013:15:23:06 -0400] "GET /robots.txt HTTP/1.1" 200 25 "-" "Mozilla/5.0 (compatible; Ezooms/1.0; ezooms.bot@gmail.com)"
157.55.33.113 - - [18/Aug/2013:17:25:31 -0400] "GET /artwork/paintingsacrylicii.html HTTP/1.1" 304 - "-" "Mozilla/5.0 (compatible; bingbot/2.0; +http://www.bing.com/bingbot.htm)"
37.140.165.206 - - [18/Aug/2013:04:17:14 -0400] "GET /images/500_Tessa-72dpi.jpg HTTP/1.1" 304 - "-" "Mozilla/5.0 (compatible; YandexImages/3.0; +http://yandex.com/bots)"
98.210.78.172 - - [18/Aug/2013:16:05:21 -0400] "GET /scripts/website.css HTTP/1.1" 200 1805 "http://cwgelbaum.com/exhibitions.html" "Mozilla/5.0 (Windows NT 6.2; WOW64) AppleWebKit/537.36 (KHTML, like Gecko) Chrome/28.0.1500.95 Safari/537.36"
98.210.78.172 - - [18/Aug/2013:16:05:21 -0400] "GET /scripts/26custom.css HTTP/1.1" 200 1814 "http://cwgelbaum.com/exhibitions.html" "Mozilla/5.0 (Windows NT 6.2; WOW64) AppleWebKit/537.36 (KHTML, like Gecko) Chrome/28.0.1500.95 Safari/537.36"
37.140.165.206 - - [18/Aug/2013:03:29:27 -0400] "GET /images/627_Ashbrook-Place-Studio-2012-09.jpg HTTP/1.1" 304 - "-" "Mozilla/5.0 (compatible; YandexImages/3.0; +http://yandex.com/bots)"
208.167.230.59 - - [18/Aug/2013:10:05:36 -0400] "GET / HTTP/1.1" 200 6451 "-" "Mozilla/5.0 (compatible; AhrefsBot/4.0; +http://ahrefs.com/robot/)"
66.249.75.194 - - [18/Aug/2013:08:46:46 -0400] "GET /robots.txt HTTP/1.1" 200 25 "-" "Mozilla/5.0 (compatible; Googlebot/2.1; +http://www.google.com/bot.html)"
66.249.75.194 - - [18/Aug/2013:08:46:46 -0400] "GET /artwork/femalefigureseries.html HTTP/1.1" 200 15142 "-" "Mozilla/5.0 (compatible; Googlebot/2.1; +http://www.google.com/bot.html)"
157.56.92.175 - - [18/Aug/2013:00:02:04 -0400] "GET / HTTP/1.1" 200 6451 "-" "Mozilla/5.0 (compatible; bingbot/2.0; +http://www.bing.com/bingbot.htm)"
157.56.92.175 - - [18/Aug/2013:18:20:10 -0400] "GET / HTTP/1.1" 200 6451 "-" "Mozilla/5.0 (compatible; bingbot/2.0; +http://www.bing.com/bingbot.htm)"
165.83.47.253 - - [18/Aug/2013:19:33:59 -0400] "GET /images/294_2011-John-Muir-Turtle.jpg HTTP/1.1" 200 9436 "http://www.bing.com/images/search?q=John+Muir+Family&FORM=RESTAB" "Mozilla/4.0 (compatible; MSIE 8.0; Windows NT 6.1; WOW64; Trident/4.0; SLCC2; .NET CLR 2.0.50727; .NET CLR 3.5.30729; .NET CLR 3.0.30729; Media Center PC 6.0; InfoPath.3)"
69.181.8.66 - - [18/Aug/2013:15:48:00 -0400] "GET /scripts/26custom.css HTTP/1.1" 200 1814 "http://cwgelbaum.com/exhibitions.html" "Mozilla/5.0 (Macintosh; Intel Mac OS X 10_8_4) AppleWebKit/536.30.1 (KHTML, like Gecko) Version/6.0.5 Safari/536.30.1"
66.249.75.113 - - [18/Aug/2013:08:25:48 -0400] "GET /robots.txt HTTP/1.1" 200 25 "-" "Mozilla/5.0 (compatible; Googlebot/2.1; +http://www.google.com/bot.html)"
157.55.33.113 - - [18/Aug/2013:23:33:48 -0400] "GET /robots.txt HTTP/1.1" 200 25 "-" "Mozilla/5.0 (compatible; bingbot/2.0; +http://www.bing.com/bingbot.htm)"