66.249.64.221 - - [20/Jun/2014:04:01:46 -0400] "GET / HTTP/1.1" 304 - "-" "Mozilla/5.0 (compatible; Googlebot/2.1; +http://www.google.com/bot.html)"
98.177.226.208 - - [20/Jun/2014:14:38:41 -0400] "GET / HTTP/1.1" 200 6451 "-" "Healthbot/Health_and_Longevity_Project_(HealthHaven.com)"
67.188.161.76 - - [20/Jun/2014:14:45:10 -0400] "GET /artiststatement.html HTTP/1.1" 200 10457 "http://cwgelbaum.com/" "Mozilla/5.0 (iPad; CPU OS 5_1_1 like Mac OS X) AppleWebKit/534.46 (KHTML, like Gecko) Version/5.1 Mobile/9B206 Safari/7534.48.3"
67.188.161.76 - - [20/Jun/2014:14:47:25 -0400] "GET /scripts/20custom.css HTTP/1.1" 200 1381 "http://cwgelbaum.com/bibliography.html" "Mozilla/5.0 (iPad; CPU OS 5_1_1 like Mac OS X) AppleWebKit/534.46 (KHTML, like Gecko) Version/5.1 Mobile/9B206 Safari/7534.48.3"
67.188.161.76 - - [20/Jun/2014:14:47:25 -0400] "GET /images/625_2012-Winter-Lafayette-Gallery-postcard.jpg HTTP/1.1" 200 50603 "http://cwgelbaum.com/bibliography.html" "Mozilla/5.0 (iPad; CPU OS 5_1_1 like Mac OS X) AppleWebKit/534.46 (KHTML, like Gecko) Version/5.1 Mobile/9B206 Safari/7534.48.3"
67.188.161.76 - - [20/Jun/2014:14:47:25 -0400] "GET /images/533_2011-05-05-Walnut-Creek-Journal.jpg HTTP/1.1" 200 35554 "http://cwgelbaum.com/bibliography.html" "Mozilla/5.0 (iPad; CPU OS 5_1_1 like Mac OS X) AppleWebKit/534.46 (KHTML, like Gecko) Version/5.1 Mobile/9B206 Safari/7534.48.3"
67.188.161.76 - - [20/Jun/2014:14:47:26 -0400] "GET /images/458_2009-04-BayAreaNewsGroup.jpg HTTP/1.1" 200 54998 "http://cwgelbaum.com/bibliography.html" "Mozilla/5.0 (iPad; CPU OS 5_1_1 like Mac OS X) AppleWebKit/534.46 (KHTML, like Gecko) Version/5.1 Mobile/9B206 Safari/7534.48.3"
67.188.161.76 - - [20/Jun/2014:14:47:26 -0400] "GET /images/380_2006-Diablo-Datebook.jpg HTTP/1.1" 200 37908 "http://cwgelbaum.com/bibliography.html" "Mozilla/5.0 (iPad; CPU OS 5_1_1 like Mac OS X) AppleWebKit/534.46 (KHTML, like Gecko) Version/5.1 Mobile/9B206 Safari/7534.48.3"
207.46.13.9 - - [20/Jun/2014:08:34:27 -0400] "GET /scripts/website.css HTTP/1.1" 200 1805 "-" "Mozilla/5.0 (compatible; bingbot/2.0; +http://www.bing.com/bingbot.htm)"
67.188.161.76 - - [20/Jun/2014:14:44:57 -0400] "GET /images/ic_049_corner_top_m_wide.gif HTTP/1.1" 200 169 "http://cwgelbaum.com/" "Mozilla/5.0 (iPad; CPU OS 5_1_1 like Mac OS X) AppleWebKit/534.46 (KHTML, like Gecko) Version/5.1 Mobile/9B206 Safari/7534.48.3"
67.188.161.76 - - [20/Jun/2014:14:45:37 -0400] "GET /images/photoalbum/detail_close.jpg HTTP/1.1" 200 1095 "http://cwgelbaum.com/femalefiguresi.html" "Mozilla/5.0 (iPad; CPU OS 5_1_1 like Mac OS X) AppleWebKit/534.46 (KHTML, like Gecko) Version/5.1 Mobile/9B206 Safari/7534.48.3"
67.188.161.76 - - [20/Jun/2014:14:45:38 -0400] "GET /images/216_Wren-color-72.jpg HTTP/1.1" 200 13566 "http://cwgelbaum.com/femalefiguresi.html" "Mozilla/5.0 (iPad; CPU OS 5_1_1 like Mac OS X) AppleWebKit/534.46 (KHTML, like Gecko) Version/5.1 Mobile/9B206 Safari/7534.48.3"
67.188.161.76 - - [20/Jun/2014:14:45:38 -0400] "GET /images/214_Irene-color-72.jpg HTTP/1.1" 200 15349 "http://cwgelbaum.com/femalefiguresi.html" "Mozilla/5.0 (iPad; CPU OS 5_1_1 like Mac OS X) AppleWebKit/534.46 (KHTML, like Gecko) Version/5.1 Mobile/9B206 Safari/7534.48.3"
67.188.161.76 - - [20/Jun/2014:14:45:38 -0400] "GET /images/230_Sun-Babe-72dpi.jpg HTTP/1.1" 200 12202 "http://cwgelbaum.com/femalefiguresi.html" "Mozilla/5.0 (iPad; CPU OS 5_1_1 like Mac OS X) AppleWebKit/534.46 (KHTML, like Gecko) Version/5.1 Mobile/9B206 Safari/7534.48.3"
67.188.161.76 - - [20/Jun/2014:14:45:38 -0400] "GET /images/213_Girl-with-Green-Hair-72.jpg HTTP/1.1" 200 23309 "http://cwgelbaum.com/femalefiguresi.html" "Mozilla/5.0 (iPad; CPU OS 5_1_1 like Mac OS X) AppleWebKit/534.46 (KHTML, like Gecko) Version/5.1 Mobile/9B206 Safari/7534.48.3"
67.188.161.76 - - [20/Jun/2014:14:45:38 -0400] "GET /images/107_Girl-with-Green-Hair-72.jpg HTTP/1.1" 200 7924 "http://cwgelbaum.com/femalefiguresi.html" "Mozilla/5.0 (iPad; CPU OS 5_1_1 like Mac OS X) AppleWebKit/534.46 (KHTML, like Gecko) Version/5.1 Mobile/9B206 Safari/7534.48.3"
67.188.161.76 - - [20/Jun/2014:14:45:38 -0400] "GET /images/387_Red-Suit-72.jpg HTTP/1.1" 200 24312 "http://cwgelbaum.com/femalefiguresi.html" "Mozilla/5.0 (iPad; CPU OS 5_1_1 like Mac OS X) AppleWebKit/534.46 (KHTML, like Gecko) Version/5.1 Mobile/9B206 Safari/7534.48.3"
67.188.161.76 - - [20/Jun/2014:14:46:56 -0400] "GET /images/600_2005-Arts-Div-FNCC-Cover.jpg HTTP/1.1" 200 49745 "http://cwgelbaum.com/publications.html" "Mozilla/5.0 (iPad; CPU OS 5_1_1 like Mac OS X) AppleWebKit/534.46 (KHTML, like Gecko) Version/5.1 Mobile/9B206 Safari/7534.48.3"
67.188.161.76 - - [20/Jun/2014:14:46:56 -0400] "GET /images/480_2005-Arts-Div-FNCC-Cover.jpg HTTP/1.1" 200 33640 "http://cwgelbaum.com/publications.html" "Mozilla/5.0 (iPad; CPU OS 5_1_1 like Mac OS X) AppleWebKit/534.46 (KHTML, like Gecko) Version/5.1 Mobile/9B206 Safari/7534.48.3"
67.188.161.76 - - [20/Jun/2014:14:46:57 -0400] "GET /images/315_2002-ICAP-Cover.jpg HTTP/1.1" 200 30845 "http://cwgelbaum.com/publications.html" "Mozilla/5.0 (iPad; CPU OS 5_1_1 like Mac OS X) AppleWebKit/534.46 (KHTML, like Gecko) Version/5.1 Mobile/9B206 Safari/7534.48.3"
67.188.161.76 - - [20/Jun/2014:14:46:57 -0400] "GET /images/365_2001-WD-FNCC-Cover.jpg HTTP/1.1" 200 49144 "http://cwgelbaum.com/publications.html" "Mozilla/5.0 (iPad; CPU OS 5_1_1 like Mac OS X) AppleWebKit/534.46 (KHTML, like Gecko) Version/5.1 Mobile/9B206 Safari/7534.48.3"
67.188.161.76 - - [20/Jun/2014:14:46:57 -0400] "GET /images/464_2003-ArtsDiv-FNCC-Cover.jpg HTTP/1.1" 200 46324 "http://cwgelbaum.com/publications.html" "Mozilla/5.0 (iPad; CPU OS 5_1_1 like Mac OS X) AppleWebKit/534.46 (KHTML, like Gecko) Version/5.1 Mobile/9B206 Safari/7534.48.3"
67.188.161.76 - - [20/Jun/2014:14:46:57 -0400] "GET /images/428_2003-JavaArt-coffee-sleeve.jpg HTTP/1.1" 200 44797 "http://cwgelbaum.com/publications.html" "Mozilla/5.0 (iPad; CPU OS 5_1_1 like Mac OS X) AppleWebKit/534.46 (KHTML, like Gecko) Version/5.1 Mobile/9B206 Safari/7534.48.3"
67.188.161.76 - - [20/Jun/2014:14:46:57 -0400] "GET /images/188_2003-ArtsDiv-FNCC-Cover.jpg HTTP/1.1" 200 11746 "http://cwgelbaum.com/publications.html" "Mozilla/5.0 (iPad; CPU OS 5_1_1 like Mac OS X) AppleWebKit/534.46 (KHTML, like Gecko) Version/5.1 Mobile/9B206 Safari/7534.48.3"
67.188.161.76 - - [20/Jun/2014:14:46:57 -0400] "GET /images/371_2003-ArtsDiv-FNCC-Cover.jpg HTTP/1.1" 200 32887 "http://cwgelbaum.com/publications.html" "Mozilla/5.0 (iPad; CPU OS 5_1_1 like Mac OS X) AppleWebKit/534.46 (KHTML, like Gecko) Version/5.1 Mobile/9B206 Safari/7534.48.3"
67.188.161.76 - - [20/Jun/2014:14:47:25 -0400] "GET /images/294_2012-Winter-Lafayette-Gallery-postcard.jpg HTTP/1.1" 200 15250 "http://cwgelbaum.com/bibliography.html" "Mozilla/5.0 (iPad; CPU OS 5_1_1 like Mac OS X) AppleWebKit/534.46 (KHTML, like Gecko) Version/5.1 Mobile/9B206 Safari/7534.48.3"
67.188.161.76 - - [20/Jun/2014:14:47:25 -0400] "GET /images/261_2011-05-05-Walnut-Creek-Journal.jpg HTTP/1.1" 200 10028 "http://cwgelbaum.com/bibliography.html" "Mozilla/5.0 (iPad; CPU OS 5_1_1 like Mac OS X) AppleWebKit/534.46 (KHTML, like Gecko) Version/5.1 Mobile/9B206 Safari/7534.48.3"
67.188.161.76 - - [20/Jun/2014:14:47:25 -0400] "GET /images/528_2007-12-23-Herald-News.jpg HTTP/1.1" 200 94072 "http://cwgelbaum.com/bibliography.html" "Mozilla/5.0 (iPad; CPU OS 5_1_1 like Mac OS X) AppleWebKit/534.46 (KHTML, like Gecko) Version/5.1 Mobile/9B206 Safari/7534.48.3"
67.188.161.76 - - [20/Jun/2014:14:47:25 -0400] "GET /images/600_2005-01-CCTimes.jpg HTTP/1.1" 200 56155 "http://cwgelbaum.com/bibliography.html" "Mozilla/5.0 (iPad; CPU OS 5_1_1 like Mac OS X) AppleWebKit/534.46 (KHTML, like Gecko) Version/5.1 Mobile/9B206 Safari/7534.48.3"
67.188.161.76 - - [20/Jun/2014:14:47:26 -0400] "GET /images/365_2004-SanRamon-exhibit.jpg HTTP/1.1" 200 36316 "http://cwgelbaum.com/bibliography.html" "Mozilla/5.0 (iPad; CPU OS 5_1_1 like Mac OS X) AppleWebKit/534.46 (KHTML, like Gecko) Version/5.1 Mobile/9B206 Safari/7534.48.3"
67.188.161.76 - - [20/Jun/2014:14:47:26 -0400] "GET /images/461_2004-Laf-Art-and-Wine-article.jpg HTTP/1.1" 200 91590 "http://cwgelbaum.com/bibliography.html" "Mozilla/5.0 (iPad; CPU OS 5_1_1 like Mac OS X) AppleWebKit/534.46 (KHTML, like Gecko) Version/5.1 Mobile/9B206 Safari/7534.48.3"
67.188.161.76 - - [20/Jun/2014:14:47:27 -0400] "GET /images/208_2003-12-05-CCTimes.jpg HTTP/1.1" 200 19309 "http://cwgelbaum.com/bibliography.html" "Mozilla/5.0 (iPad; CPU OS 5_1_1 like Mac OS X) AppleWebKit/534.46 (KHTML, like Gecko) Version/5.1 Mobile/9B206 Safari/7534.48.3"
67.188.161.76 - - [20/Jun/2014:14:47:27 -0400] "GET /images/340_2003-12-05-CCTimes.jpg HTTP/1.1" 200 45755 "http://cwgelbaum.com/bibliography.html" "Mozilla/5.0 (iPad; CPU OS 5_1_1 like Mac OS X) AppleWebKit/534.46 (KHTML, like Gecko) Version/5.1 Mobile/9B206 Safari/7534.48.3"
67.188.161.76 - - [20/Jun/2014:14:46:02 -0400] "GET /scripts/22custom.css HTTP/1.1" 200 1330 "http://cwgelbaum.com/femalefiguresii.html" "Mozilla/5.0 (iPad; CPU OS 5_1_1 like Mac OS X) AppleWebKit/534.46 (KHTML, like Gecko) Version/5.1 Mobile/9B206 Safari/7534.48.3"
67.188.161.76 - - [20/Jun/2014:14:46:03 -0400] "GET /images/215_Bella-crop-72.jpg HTTP/1.1" 200 13112 "http://cwgelbaum.com/femalefiguresii.html" "Mozilla/5.0 (iPad; CPU OS 5_1_1 like Mac OS X) AppleWebKit/534.46 (KHTML, like Gecko) Version/5.1 Mobile/9B206 Safari/7534.48.3"
67.188.161.76 - - [20/Jun/2014:14:46:03 -0400] "GET /images/216_Eleanor-72.jpg HTTP/1.1" 200 14116 "http://cwgelbaum.com/femalefiguresii.html" "Mozilla/5.0 (iPad; CPU OS 5_1_1 like Mac OS X) AppleWebKit/534.46 (KHTML, like Gecko) Version/5.1 Mobile/9B206 Safari/7534.48.3"
67.188.161.76 - - [20/Jun/2014:14:46:03 -0400] "GET /images/217_Hilary-72.jpg HTTP/1.1" 200 14750 "http://cwgelbaum.com/femalefiguresii.html" "Mozilla/5.0 (iPad; CPU OS 5_1_1 like Mac OS X) AppleWebKit/534.46 (KHTML, like Gecko) Version/5.1 Mobile/9B206 Safari/7534.48.3"
67.188.161.76 - - [20/Jun/2014:14:46:03 -0400] "GET /images/109_Irene-72.jpg HTTP/1.1" 200 4153 "http://cwgelbaum.com/femalefiguresii.html" "Mozilla/5.0 (iPad; CPU OS 5_1_1 like Mac OS X) AppleWebKit/534.46 (KHTML, like Gecko) Version/5.1 Mobile/9B206 Safari/7534.48.3"
67.188.161.76 - - [20/Jun/2014:14:46:03 -0400] "GET /images/109_Louise-72.jpg HTTP/1.1" 200 4208 "http://cwgelbaum.com/femalefiguresii.html" "Mozilla/5.0 (iPad; CPU OS 5_1_1 like Mac OS X) AppleWebKit/534.46 (KHTML, like Gecko) Version/5.1 Mobile/9B206 Safari/7534.48.3"
67.188.161.76 - - [20/Jun/2014:14:46:03 -0400] "GET /images/216_Mona-72.jpg HTTP/1.1" 200 13425 "http://cwgelbaum.com/femalefiguresii.html" "Mozilla/5.0 (iPad; CPU OS 5_1_1 like Mac OS X) AppleWebKit/534.46 (KHTML, like Gecko) Version/5.1 Mobile/9B206 Safari/7534.48.3"
67.188.161.76 - - [20/Jun/2014:14:46:04 -0400] "GET /images/109_Unity-72.jpg HTTP/1.1" 200 3817 "http://cwgelbaum.com/femalefiguresii.html" "Mozilla/5.0 (iPad; CPU OS 5_1_1 like Mac OS X) AppleWebKit/534.46 (KHTML, like Gecko) Version/5.1 Mobile/9B206 Safari/7534.48.3"
67.188.161.76 - - [20/Jun/2014:14:46:04 -0400] "GET /images/218_Valerie-72.jpg HTTP/1.1" 200 10798 "http://cwgelbaum.com/femalefiguresii.html" "Mozilla/5.0 (iPad; CPU OS 5_1_1 like Mac OS X) AppleWebKit/534.46 (KHTML, like Gecko) Version/5.1 Mobile/9B206 Safari/7534.48.3"
67.188.161.76 - - [20/Jun/2014:14:46:04 -0400] "GET /images/215_Zenobia-72.jpg HTTP/1.1" 200 12527 "http://cwgelbaum.com/femalefiguresii.html" "Mozilla/5.0 (iPad; CPU OS 5_1_1 like Mac OS X) AppleWebKit/534.46 (KHTML, like Gecko) Version/5.1 Mobile/9B206 Safari/7534.48.3"
216.172.56.37 - - [20/Jun/2014:18:55:58 -0400] "GET / HTTP/1.1" 200 6451 "http://privhosting.com/" "Mozilla/5.0 (compatible; MSIE 10.0; Windows NT 6.1; WOW64; Trident/6.0)"
67.188.161.76 - - [20/Jun/2014:14:46:16 -0400] "GET /femalefiguresiii.html HTTP/1.1" 200 17267 "http://cwgelbaum.com/femalefiguresii.html" "Mozilla/5.0 (iPad; CPU OS 5_1_1 like Mac OS X) AppleWebKit/534.46 (KHTML, like Gecko) Version/5.1 Mobile/9B206 Safari/7534.48.3"
67.188.161.76 - - [20/Jun/2014:14:46:16 -0400] "GET /images/230_Mona-monotype-72.jpg HTTP/1.1" 200 24474 "http://cwgelbaum.com/femalefiguresiii.html" "Mozilla/5.0 (iPad; CPU OS 5_1_1 like Mac OS X) AppleWebKit/534.46 (KHTML, like Gecko) Version/5.1 Mobile/9B206 Safari/7534.48.3"
67.188.161.76 - - [20/Jun/2014:14:46:23 -0400] "GET /dreamscapesi.html HTTP/1.1" 200 16551 "http://cwgelbaum.com/femalefiguresiii.html" "Mozilla/5.0 (iPad; CPU OS 5_1_1 like Mac OS X) AppleWebKit/534.46 (KHTML, like Gecko) Version/5.1 Mobile/9B206 Safari/7534.48.3"
67.188.161.76 - - [20/Jun/2014:14:46:23 -0400] "GET /images/298_The_Gatherer.jpg HTTP/1.1" 200 30383 "http://cwgelbaum.com/dreamscapesi.html" "Mozilla/5.0 (iPad; CPU OS 5_1_1 like Mac OS X) AppleWebKit/534.46 (KHTML, like Gecko) Version/5.1 Mobile/9B206 Safari/7534.48.3"
67.188.161.76 - - [20/Jun/2014:14:46:23 -0400] "GET /images/321_LotusDream-I.jpg HTTP/1.1" 200 18304 "http://cwgelbaum.com/dreamscapesi.html" "Mozilla/5.0 (iPad; CPU OS 5_1_1 like Mac OS X) AppleWebKit/534.46 (KHTML, like Gecko) Version/5.1 Mobile/9B206 Safari/7534.48.3"
67.188.161.76 - - [20/Jun/2014:14:46:24 -0400] "GET /images/298_HappyBirthdayInParis-web.jpg HTTP/1.1" 200 28706 "http://cwgelbaum.com/dreamscapesi.html" "Mozilla/5.0 (iPad; CPU OS 5_1_1 like Mac OS X) AppleWebKit/534.46 (KHTML, like Gecko) Version/5.1 Mobile/9B206 Safari/7534.48.3"
67.188.161.76 - - [20/Jun/2014:14:46:24 -0400] "GET /images/108_HappyBirthdayInParis-web.jpg HTTP/1.1" 200 5690 "http://cwgelbaum.com/dreamscapesi.html" "Mozilla/5.0 (iPad; CPU OS 5_1_1 like Mac OS X) AppleWebKit/534.46 (KHTML, like Gecko) Version/5.1 Mobile/9B206 Safari/7534.48.3"
67.188.161.76 - - [20/Jun/2014:14:46:24 -0400] "GET /images/194_RememberingParis-72dpi.jpg HTTP/1.1" 200 8396 "http://cwgelbaum.com/dreamscapesi.html" "Mozilla/5.0 (iPad; CPU OS 5_1_1 like Mac OS X) AppleWebKit/534.46 (KHTML, like Gecko) Version/5.1 Mobile/9B206 Safari/7534.48.3"
67.188.161.76 - - [20/Jun/2014:14:46:24 -0400] "GET /images/400_A_Quiet_Afternoon.jpg HTTP/1.1" 200 30237 "http://cwgelbaum.com/dreamscapesi.html" "Mozilla/5.0 (iPad; CPU OS 5_1_1 like Mac OS X) AppleWebKit/534.46 (KHTML, like Gecko) Version/5.1 Mobile/9B206 Safari/7534.48.3"
67.188.161.76 - - [20/Jun/2014:14:47:25 -0400] "GET /images/503_2012-02-15-LamorindaWeekly.jpg HTTP/1.1" 200 32456 "http://cwgelbaum.com/bibliography.html" "Mozilla/5.0 (iPad; CPU OS 5_1_1 like Mac OS X) AppleWebKit/534.46 (KHTML, like Gecko) Version/5.1 Mobile/9B206 Safari/7534.48.3"
67.188.161.76 - - [20/Jun/2014:14:47:25 -0400] "GET /images/464_2011-05-06-ContraCostaTimes-TimeOut.jpg HTTP/1.1" 200 64271 "http://cwgelbaum.com/bibliography.html" "Mozilla/5.0 (iPad; CPU OS 5_1_1 like Mac OS X) AppleWebKit/534.46 (KHTML, like Gecko) Version/5.1 Mobile/9B206 Safari/7534.48.3"
67.188.161.76 - - [20/Jun/2014:14:47:25 -0400] "GET /images/422_2007-12-23-Herald-News.jpg HTTP/1.1" 200 59751 "http://cwgelbaum.com/bibliography.html" "Mozilla/5.0 (iPad; CPU OS 5_1_1 like Mac OS X) AppleWebKit/534.46 (KHTML, like Gecko) Version/5.1 Mobile/9B206 Safari/7534.48.3"
67.188.161.76 - - [20/Jun/2014:14:47:26 -0400] "GET /images/480_2005-01-CCTimes.jpg HTTP/1.1" 200 36117 "http://cwgelbaum.com/bibliography.html" "Mozilla/5.0 (iPad; CPU OS 5_1_1 like Mac OS X) AppleWebKit/534.46 (KHTML, like Gecko) Version/5.1 Mobile/9B206 Safari/7534.48.3"
61.135.189.174 - - [20/Jun/2014:19:40:40 -0400] "GET /robots.txt HTTP/1.1" 200 25 "-" "Sogou web spider/4.0(+http://www.sogou.com/docs/help/webmasters.htm#07)"
174.129.228.67 - - [20/Jun/2014:03:31:31 -0400] "GET /robots.txt HTTP/1.0" 200 25 "-" "ia_archiver (+http://www.alexa.com/site/help/webmasters; crawler@alexa.com)"
67.188.161.76 - - [20/Jun/2014:15:22:25 -0400] "GET /images/photoalbum/button_photoNext.jpg HTTP/1.1" 200 662 "http://cwgelbaum.com/bibliography.html" "Mozilla/5.0 (iPad; CPU OS 5_1_1 like Mac OS X) AppleWebKit/534.46 (KHTML, like Gecko) Version/5.1 Mobile/9B206 Safari/7534.48.3"
67.188.161.76 - - [20/Jun/2014:15:22:25 -0400] "GET /images/294_2012-Winter-Lafayette-Gallery-postcard.jpg HTTP/1.1" 200 15250 "http://cwgelbaum.com/bibliography.html" "Mozilla/5.0 (iPad; CPU OS 5_1_1 like Mac OS X) AppleWebKit/534.46 (KHTML, like Gecko) Version/5.1 Mobile/9B206 Safari/7534.48.3"
67.188.161.76 - - [20/Jun/2014:15:22:26 -0400] "GET /images/261_2011-05-05-Walnut-Creek-Journal.jpg HTTP/1.1" 200 10028 "http://cwgelbaum.com/bibliography.html" "Mozilla/5.0 (iPad; CPU OS 5_1_1 like Mac OS X) AppleWebKit/534.46 (KHTML, like Gecko) Version/5.1 Mobile/9B206 Safari/7534.48.3"
67.188.161.76 - - [20/Jun/2014:15:22:26 -0400] "GET /images/258_2007-12-23-Herald-News.jpg HTTP/1.1" 200 23816 "http://cwgelbaum.com/bibliography.html" "Mozilla/5.0 (iPad; CPU OS 5_1_1 like Mac OS X) AppleWebKit/534.46 (KHTML, like Gecko) Version/5.1 Mobile/9B206 Safari/7534.48.3"
67.188.161.76 - - [20/Jun/2014:15:22:26 -0400] "GET /images/380_2006-Diablo-Datebook.jpg HTTP/1.1" 200 37908 "http://cwgelbaum.com/bibliography.html" "Mozilla/5.0 (iPad; CPU OS 5_1_1 like Mac OS X) AppleWebKit/534.46 (KHTML, like Gecko) Version/5.1 Mobile/9B206 Safari/7534.48.3"
67.188.161.76 - - [20/Jun/2014:15:22:26 -0400] "GET /images/294_2005-01-CCTimes.jpg HTTP/1.1" 200 16691 "http://cwgelbaum.com/bibliography.html" "Mozilla/5.0 (iPad; CPU OS 5_1_1 like Mac OS X) AppleWebKit/534.46 (KHTML, like Gecko) Version/5.1 Mobile/9B206 Safari/7534.48.3"
67.188.161.76 - - [20/Jun/2014:15:22:26 -0400] "GET /images/480_2005-01-CCTimes.jpg HTTP/1.1" 200 36117 "http://cwgelbaum.com/bibliography.html" "Mozilla/5.0 (iPad; CPU OS 5_1_1 like Mac OS X) AppleWebKit/534.46 (KHTML, like Gecko) Version/5.1 Mobile/9B206 Safari/7534.48.3"
67.188.161.76 - - [20/Jun/2014:15:22:26 -0400] "GET /images/457_2004-SanRamon-exhibit.jpg HTTP/1.1" 200 55406 "http://cwgelbaum.com/bibliography.html" "Mozilla/5.0 (iPad; CPU OS 5_1_1 like Mac OS X) AppleWebKit/534.46 (KHTML, like Gecko) Version/5.1 Mobile/9B206 Safari/7534.48.3"
67.188.161.76 - - [20/Jun/2014:15:22:26 -0400] "GET /images/223_2004-SanRamon-exhibit.jpg HTTP/1.1" 200 15801 "http://cwgelbaum.com/bibliography.html" "Mozilla/5.0 (iPad; CPU OS 5_1_1 like Mac OS X) AppleWebKit/534.46 (KHTML, like Gecko) Version/5.1 Mobile/9B206 Safari/7534.48.3"
67.188.161.76 - - [20/Jun/2014:15:22:27 -0400] "GET /images/365_2004-SanRamon-exhibit.jpg HTTP/1.1" 200 36316 "http://cwgelbaum.com/bibliography.html" "Mozilla/5.0 (iPad; CPU OS 5_1_1 like Mac OS X) AppleWebKit/534.46 (KHTML, like Gecko) Version/5.1 Mobile/9B206 Safari/7534.48.3"
67.188.161.76 - - [20/Jun/2014:15:22:27 -0400] "GET /images/233_2006-Diablo-Datebook.jpg HTTP/1.1" 200 17043 "http://cwgelbaum.com/bibliography.html" "Mozilla/5.0 (iPad; CPU OS 5_1_1 like Mac OS X) AppleWebKit/534.46 (KHTML, like Gecko) Version/5.1 Mobile/9B206 Safari/7534.48.3"
108.59.8.80 - - [20/Jun/2014:10:55:22 -0400] "GET /robots.txt HTTP/1.0" 200 25 "-" "Mozilla/5.0 (compatible; MJ12bot/v1.4.5; http://www.majestic12.co.uk/bot.php?+)"
67.188.161.76 - - [20/Jun/2014:15:22:25 -0400] "GET /images/photoalbum/button_photoLast.jpg HTTP/1.1" 200 637 "http://cwgelbaum.com/bibliography.html" "Mozilla/5.0 (iPad; CPU OS 5_1_1 like Mac OS X) AppleWebKit/534.46 (KHTML, like Gecko) Version/5.1 Mobile/9B206 Safari/7534.48.3"
67.188.161.76 - - [20/Jun/2014:15:22:25 -0400] "GET /images/480_2012-Winter-Lafayette-Gallery-postcard.jpg HTTP/1.1" 200 33206 "http://cwgelbaum.com/bibliography.html" "Mozilla/5.0 (iPad; CPU OS 5_1_1 like Mac OS X) AppleWebKit/534.46 (KHTML, like Gecko) Version/5.1 Mobile/9B206 Safari/7534.48.3"
67.188.161.76 - - [20/Jun/2014:15:22:26 -0400] "GET /images/426_2011-05-05-Walnut-Creek-Journal.jpg HTTP/1.1" 200 22724 "http://cwgelbaum.com/bibliography.html" "Mozilla/5.0 (iPad; CPU OS 5_1_1 like Mac OS X) AppleWebKit/534.46 (KHTML, like Gecko) Version/5.1 Mobile/9B206 Safari/7534.48.3"
67.188.161.76 - - [20/Jun/2014:15:22:26 -0400] "GET /images/422_2007-12-23-Herald-News.jpg HTTP/1.1" 200 59751 "http://cwgelbaum.com/bibliography.html" "Mozilla/5.0 (iPad; CPU OS 5_1_1 like Mac OS X) AppleWebKit/534.46 (KHTML, like Gecko) Version/5.1 Mobile/9B206 Safari/7534.48.3"
67.188.161.76 - - [20/Jun/2014:15:22:27 -0400] "GET /images/600_2005-01-CCTimes.jpg HTTP/1.1" 200 56155 "http://cwgelbaum.com/bibliography.html" "Mozilla/5.0 (iPad; CPU OS 5_1_1 like Mac OS X) AppleWebKit/534.46 (KHTML, like Gecko) Version/5.1 Mobile/9B206 Safari/7534.48.3"
180.76.6.16 - - [20/Jun/2014:23:00:54 -0400] "GET /scripts/website.css HTTP/1.1" 200 1805 "-" "Mozilla/5.0 (compatible; Baiduspider/2.0; +http://www.baidu.com/search/spider.html)"
108.59.8.80 - - [20/Jun/2014:10:55:20 -0400] "GET /robots.txt HTTP/1.0" 200 25 "-" "Mozilla/5.0 (compatible; MJ12bot/v1.4.5; http://www.majestic12.co.uk/bot.php?+)"
67.188.161.76 - - [20/Jun/2014:14:44:57 -0400] "GET /scripts/ic_globals_published.js HTTP/1.1" 200 566 "http://cwgelbaum.com/" "Mozilla/5.0 (iPad; CPU OS 5_1_1 like Mac OS X) AppleWebKit/534.46 (KHTML, like Gecko) Version/5.1 Mobile/9B206 Safari/7534.48.3"
67.188.161.76 - - [20/Jun/2014:14:44:58 -0400] "GET /images/ic_049_corner_top_w_wide.gif HTTP/1.1" 200 187 "http://cwgelbaum.com/" "Mozilla/5.0 (iPad; CPU OS 5_1_1 like Mac OS X) AppleWebKit/534.46 (KHTML, like Gecko) Version/5.1 Mobile/9B206 Safari/7534.48.3"
67.188.161.76 - - [20/Jun/2014:14:44:58 -0400] "GET /images/ic_049_corner_bottom_m_wide.gif HTTP/1.1" 200 170 "http://cwgelbaum.com/" "Mozilla/5.0 (iPad; CPU OS 5_1_1 like Mac OS X) AppleWebKit/534.46 (KHTML, like Gecko) Version/5.1 Mobile/9B206 Safari/7534.48.3"
67.188.161.76 - - [20/Jun/2014:14:44:58 -0400] "GET /scripts/print.css HTTP/1.1" 200 - "http://cwgelbaum.com/" "Mozilla/5.0 (iPad; CPU OS 5_1_1 like Mac OS X) AppleWebKit/534.46 (KHTML, like Gecko) Version/5.1 Mobile/9B206 Safari/7534.48.3"
180.76.5.28 - - [20/Jun/2014:07:43:10 -0400] "GET /scripts/'+src+' HTTP/1.1" 404 575 "-" "Mozilla/5.0 (compatible; Baiduspider/2.0; +http://www.baidu.com/search/spider.html)"
157.55.39.50 - - [20/Jun/2014:05:05:26 -0400] "GET /exhibitions.html HTTP/1.1" 200 18203 "-" "Mozilla/5.0 (compatible; bingbot/2.0; +http://www.bing.com/bingbot.htm)"
67.188.161.76 - - [20/Jun/2014:14:44:57 -0400] "GET /scripts/template.css HTTP/1.1" 200 9483 "http://cwgelbaum.com/" "Mozilla/5.0 (iPad; CPU OS 5_1_1 like Mac OS X) AppleWebKit/534.46 (KHTML, like Gecko) Version/5.1 Mobile/9B206 Safari/7534.48.3"
67.188.161.76 - - [20/Jun/2014:14:44:58 -0400] "GET /images/ic_049_corner_top_s.gif HTTP/1.1" 200 120 "http://cwgelbaum.com/" "Mozilla/5.0 (iPad; CPU OS 5_1_1 like Mac OS X) AppleWebKit/534.46 (KHTML, like Gecko) Version/5.1 Mobile/9B206 Safari/7534.48.3"
67.188.161.76 - - [20/Jun/2014:14:46:56 -0400] "GET /scripts/19custom.css HTTP/1.1" 200 2006 "http://cwgelbaum.com/publications.html" "Mozilla/5.0 (iPad; CPU OS 5_1_1 like Mac OS X) AppleWebKit/534.46 (KHTML, like Gecko) Version/5.1 Mobile/9B206 Safari/7534.48.3"
67.188.161.76 - - [20/Jun/2014:14:46:57 -0400] "GET /images/379_2006-2007-SanRamon-cover.jpg HTTP/1.1" 200 33713 "http://cwgelbaum.com/publications.html" "Mozilla/5.0 (iPad; CPU OS 5_1_1 like Mac OS X) AppleWebKit/534.46 (KHTML, like Gecko) Version/5.1 Mobile/9B206 Safari/7534.48.3"
67.188.161.76 - - [20/Jun/2014:14:46:57 -0400] "GET /images/363_2004-WD-FNCC-cover.jpg HTTP/1.1" 200 32553 "http://cwgelbaum.com/publications.html" "Mozilla/5.0 (iPad; CPU OS 5_1_1 like Mac OS X) AppleWebKit/534.46 (KHTML, like Gecko) Version/5.1 Mobile/9B206 Safari/7534.48.3"
67.188.161.76 - - [20/Jun/2014:14:46:57 -0400] "GET /images/388_2002-2003-SanRamon-cover.jpg HTTP/1.1" 200 39089 "http://cwgelbaum.com/publications.html" "Mozilla/5.0 (iPad; CPU OS 5_1_1 like Mac OS X) AppleWebKit/534.46 (KHTML, like Gecko) Version/5.1 Mobile/9B206 Safari/7534.48.3"
67.188.161.76 - - [20/Jun/2014:14:46:58 -0400] "GET /images/535_2003-JavaArt-Art-on-the-Town.jpg HTTP/1.1" 200 65623 "http://cwgelbaum.com/publications.html" "Mozilla/5.0 (iPad; CPU OS 5_1_1 like Mac OS X) AppleWebKit/534.46 (KHTML, like Gecko) Version/5.1 Mobile/9B206 Safari/7534.48.3"
67.188.161.76 - - [20/Jun/2014:14:46:58 -0400] "GET /images/217_2003-JavaArt-Art-on-the-Town.jpg HTTP/1.1" 200 15768 "http://cwgelbaum.com/publications.html" "Mozilla/5.0 (iPad; CPU OS 5_1_1 like Mac OS X) AppleWebKit/534.46 (KHTML, like Gecko) Version/5.1 Mobile/9B206 Safari/7534.48.3"
67.188.161.76 - - [20/Jun/2014:14:46:06 -0400] "GET /scripts/22.css HTTP/1.1" 200 857 "http://cwgelbaum.com/femalefiguresii.html" "Mozilla/5.0 (iPad; CPU OS 5_1_1 like Mac OS X) AppleWebKit/534.46 (KHTML, like Gecko) Version/5.1 Mobile/9B206 Safari/7534.48.3"
67.188.161.76 - - [20/Jun/2014:14:46:07 -0400] "GET /images/107_Annemarie-72.jpg HTTP/1.1" 200 4225 "http://cwgelbaum.com/femalefiguresii.html" "Mozilla/5.0 (iPad; CPU OS 5_1_1 like Mac OS X) AppleWebKit/534.46 (KHTML, like Gecko) Version/5.1 Mobile/9B206 Safari/7534.48.3"
67.188.161.76 - - [20/Jun/2014:14:46:07 -0400] "GET /images/106_Diana-72.jpg HTTP/1.1" 200 5120 "http://cwgelbaum.com/femalefiguresii.html" "Mozilla/5.0 (iPad; CPU OS 5_1_1 like Mac OS X) AppleWebKit/534.46 (KHTML, like Gecko) Version/5.1 Mobile/9B206 Safari/7534.48.3"
67.188.161.76 - - [20/Jun/2014:14:46:07 -0400] "GET /images/216_Frances-72.jpg HTTP/1.1" 200 11749 "http://cwgelbaum.com/femalefiguresii.html" "Mozilla/5.0 (iPad; CPU OS 5_1_1 like Mac OS X) AppleWebKit/534.46 (KHTML, like Gecko) Version/5.1 Mobile/9B206 Safari/7534.48.3"
67.188.161.76 - - [20/Jun/2014:14:46:07 -0400] "GET /images/214_Georgina-72.jpg HTTP/1.1" 200 15109 "http://cwgelbaum.com/femalefiguresii.html" "Mozilla/5.0 (iPad; CPU OS 5_1_1 like Mac OS X) AppleWebKit/534.46 (KHTML, like Gecko) Version/5.1 Mobile/9B206 Safari/7534.48.3"
67.188.161.76 - - [20/Jun/2014:14:46:07 -0400] "GET /images/217_Irene-72.jpg HTTP/1.1" 200 13425 "http://cwgelbaum.com/femalefiguresii.html" "Mozilla/5.0 (iPad; CPU OS 5_1_1 like Mac OS X) AppleWebKit/534.46 (KHTML, like Gecko) Version/5.1 Mobile/9B206 Safari/7534.48.3"
67.188.161.76 - - [20/Jun/2014:14:46:07 -0400] "GET /images/217_Jill-72.jpg HTTP/1.1" 200 13006 "http://cwgelbaum.com/femalefiguresii.html" "Mozilla/5.0 (iPad; CPU OS 5_1_1 like Mac OS X) AppleWebKit/534.46 (KHTML, like Gecko) Version/5.1 Mobile/9B206 Safari/7534.48.3"
67.188.161.76 - - [20/Jun/2014:14:46:07 -0400] "GET /images/215_KIimberly-72.jpg HTTP/1.1" 200 10878 "http://cwgelbaum.com/femalefiguresii.html" "Mozilla/5.0 (iPad; CPU OS 5_1_1 like Mac OS X) AppleWebKit/534.46 (KHTML, like Gecko) Version/5.1 Mobile/9B206 Safari/7534.48.3"
67.188.161.76 - - [20/Jun/2014:14:46:07 -0400] "GET /images/109_Naomi-72.jpg HTTP/1.1" 200 4888 "http://cwgelbaum.com/femalefiguresii.html" "Mozilla/5.0 (iPad; CPU OS 5_1_1 like Mac OS X) AppleWebKit/534.46 (KHTML, like Gecko) Version/5.1 Mobile/9B206 Safari/7534.48.3"
67.188.161.76 - - [20/Jun/2014:14:46:07 -0400] "GET /images/108_Raina-72.jpg HTTP/1.1" 200 4239 "http://cwgelbaum.com/femalefiguresii.html" "Mozilla/5.0 (iPad; CPU OS 5_1_1 like Mac OS X) AppleWebKit/534.46 (KHTML, like Gecko) Version/5.1 Mobile/9B206 Safari/7534.48.3"
67.188.161.76 - - [20/Jun/2014:14:46:07 -0400] "GET /images/216_Sophie-72.jpg HTTP/1.1" 200 11172 "http://cwgelbaum.com/femalefiguresii.html" "Mozilla/5.0 (iPad; CPU OS 5_1_1 like Mac OS X) AppleWebKit/534.46 (KHTML, like Gecko) Version/5.1 Mobile/9B206 Safari/7534.48.3"
67.188.161.76 - - [20/Jun/2014:14:46:08 -0400] "GET /images/216_Wren-72.jpg HTTP/1.1" 200 12674 "http://cwgelbaum.com/femalefiguresii.html" "Mozilla/5.0 (iPad; CPU OS 5_1_1 like Mac OS X) AppleWebKit/534.46 (KHTML, like Gecko) Version/5.1 Mobile/9B206 Safari/7534.48.3"
67.188.161.76 - - [20/Jun/2014:14:46:08 -0400] "GET /images/109_Wren-72.jpg HTTP/1.1" 200 4243 "http://cwgelbaum.com/femalefiguresii.html" "Mozilla/5.0 (iPad; CPU OS 5_1_1 like Mac OS X) AppleWebKit/534.46 (KHTML, like Gecko) Version/5.1 Mobile/9B206 Safari/7534.48.3"
67.188.161.76 - - [20/Jun/2014:14:46:08 -0400] "GET /images/109_Xanthe-72.jpg HTTP/1.1" 200 4048 "http://cwgelbaum.com/femalefiguresii.html" "Mozilla/5.0 (iPad; CPU OS 5_1_1 like Mac OS X) AppleWebKit/534.46 (KHTML, like Gecko) Version/5.1 Mobile/9B206 Safari/7534.48.3"
67.188.161.76 - - [20/Jun/2014:14:46:08 -0400] "GET /images/108_Zenobia-72.jpg HTTP/1.1" 200 4124 "http://cwgelbaum.com/femalefiguresii.html" "Mozilla/5.0 (iPad; CPU OS 5_1_1 like Mac OS X) AppleWebKit/534.46 (KHTML, like Gecko) Version/5.1 Mobile/9B206 Safari/7534.48.3"
67.188.161.76 - - [20/Jun/2014:14:46:34 -0400] "GET /scripts/26.css HTTP/1.1" 200 858 "http://cwgelbaum.com/exhibitions.html" "Mozilla/5.0 (iPad; CPU OS 5_1_1 like Mac OS X) AppleWebKit/534.46 (KHTML, like Gecko) Version/5.1 Mobile/9B206 Safari/7534.48.3"
61.135.189.174 - - [20/Jun/2014:19:41:17 -0400] "GET / HTTP/1.1" 200 6451 "-" "Sogou web spider/4.0(+http://www.sogou.com/docs/help/webmasters.htm#07)"
192.99.147.201 - - [20/Jun/2014:13:50:10 -0400] "GET /femalefiguresiii.html\r HTTP/1.1" 200 17267 "-" "Mozilla/5.0 (compatible; MSIE 10.0; Windows NT 6.1; Trident/6.0)"
67.188.161.76 - - [20/Jun/2014:14:44:57 -0400] "GET /scripts/website.css HTTP/1.1" 200 1805 "http://cwgelbaum.com/" "Mozilla/5.0 (iPad; CPU OS 5_1_1 like Mac OS X) AppleWebKit/534.46 (KHTML, like Gecko) Version/5.1 Mobile/9B206 Safari/7534.48.3"
67.188.161.76 - - [20/Jun/2014:14:44:58 -0400] "GET /images/ic_049_corner_bottom_s.gif HTTP/1.1" 200 120 "http://cwgelbaum.com/" "Mozilla/5.0 (iPad; CPU OS 5_1_1 like Mac OS X) AppleWebKit/534.46 (KHTML, like Gecko) Version/5.1 Mobile/9B206 Safari/7534.48.3"
67.188.161.76 - - [20/Jun/2014:14:46:34 -0400] "GET /scripts/26custom.css HTTP/1.1" 200 1814 "http://cwgelbaum.com/exhibitions.html" "Mozilla/5.0 (iPad; CPU OS 5_1_1 like Mac OS X) AppleWebKit/534.46 (KHTML, like Gecko) Version/5.1 Mobile/9B206 Safari/7534.48.3"
67.188.161.76 - - [20/Jun/2014:14:46:34 -0400] "GET /images/300_Artist-At-Work-2011-web-IMG_1245.jpg HTTP/1.1" 200 43594 "http://cwgelbaum.com/exhibitions.html" "Mozilla/5.0 (iPad; CPU OS 5_1_1 like Mac OS X) AppleWebKit/534.46 (KHTML, like Gecko) Version/5.1 Mobile/9B206 Safari/7534.48.3"
157.55.39.190 - - [20/Jun/2014:19:19:11 -0400] "GET /information.html HTTP/1.1" 304 - "-" "Mozilla/5.0 (compatible; bingbot/2.0; +http://www.bing.com/bingbot.htm)"
180.76.5.152 - - [20/Jun/2014:00:21:39 -0400] "GET / HTTP/1.1" 200 6451 "-" "Mozilla/5.0 (compatible; Baiduspider/2.0; +http://www.baidu.com/search/spider.html)"
67.188.161.76 - - [20/Jun/2014:14:44:59 -0400] "GET /scripts/user.js HTTP/1.1" 200 23762 "http://cwgelbaum.com/" "Mozilla/5.0 (iPad; CPU OS 5_1_1 like Mac OS X) AppleWebKit/534.46 (KHTML, like Gecko) Version/5.1 Mobile/9B206 Safari/7534.48.3"
67.188.161.76 - - [20/Jun/2014:14:45:00 -0400] "GET /images/ic_049_corner_bottom_w_wide.gif HTTP/1.1" 200 188 "http://cwgelbaum.com/" "Mozilla/5.0 (iPad; CPU OS 5_1_1 like Mac OS X) AppleWebKit/534.46 (KHTML, like Gecko) Version/5.1 Mobile/9B206 Safari/7534.48.3"
157.55.39.49 - - [20/Jun/2014:05:36:49 -0400] "GET /exhibitions.html HTTP/1.1" 200 18203 "-" "Mozilla/5.0 (compatible; bingbot/2.0; +http://www.bing.com/bingbot.htm)"
157.55.39.50 - - [20/Jun/2014:21:06:16 -0400] "GET /exhibitions.html HTTP/1.1" 200 18203 "-" "Mozilla/5.0 (compatible; bingbot/2.0; +http://www.bing.com/bingbot.htm)"
64.246.165.10 - - [20/Jun/2014:09:06:14 -0400] "GET /robots.txt HTTP/1.0" 200 25 "-" "Mozilla/5.0 (Windows; U; Windows NT 5.1; en; rv:1.9.0.13) Gecko/2009073022 Firefox/3.5.2 (.NET CLR 3.5.30729) SurveyBot/2.3 (DomainTools)"
130.211.190.128 - - [20/Jun/2014:10:01:17 -0400] "GET / HTTP/1.0" 200 6451 "-" "NerdyBot"
94.242.222.44 - - [20/Jun/2014:04:57:50 -0400] "GET /home.html HTTP/1.1" 200 6451 "-" "Mozilla/4.0 (compatible; MSIE 8.0; Windows NT 6.1; Trident/4.0)"
208.109.181.63 - - [20/Jun/2014:15:10:52 -0400] "GET /manager/ht.access HTTP/1.1" 404 575 "-" "-"
67.188.161.76 - - [20/Jun/2014:14:44:56 -0400] "GET / HTTP/1.1" 200 6451 "http://www.google.com/url?sa=t&rct=j&q=carla%20gelbaum%20artist&source=web&cd=6&ved=0CDQQFjAF&url=http%3A%2F%2Fcwgelbaum.com%2F&ei=AIGkU4_FI46BogTY1IGAAg&usg=AFQjCNHYqcFNTA_5C9vFE4S-OZhvbxUNXQ&bvm=bv.69411363,d.cGU" "Mozilla/5.0 (iPad; CPU OS 5_1_1 like Mac OS X) AppleWebKit/534.46 (KHTML, like Gecko) Version/5.1 Mobile/9B206 Safari/7534.48.3"
67.188.161.76 - - [20/Jun/2014:14:44:56 -0400] "GET /scripts/25custom.css HTTP/1.1" 200 1142 "http://cwgelbaum.com/" "Mozilla/5.0 (iPad; CPU OS 5_1_1 like Mac OS X) AppleWebKit/534.46 (KHTML, like Gecko) Version/5.1 Mobile/9B206 Safari/7534.48.3"
67.188.161.76 - - [20/Jun/2014:14:44:56 -0400] "GET /scripts/icwebsiteelement.css HTTP/1.1" 200 8132 "http://cwgelbaum.com/" "Mozilla/5.0 (iPad; CPU OS 5_1_1 like Mac OS X) AppleWebKit/534.46 (KHTML, like Gecko) Version/5.1 Mobile/9B206 Safari/7534.48.3"
67.188.161.76 - - [20/Jun/2014:14:44:58 -0400] "GET /images/ic_049_body_bg_wide.gif HTTP/1.1" 200 4934 "http://cwgelbaum.com/" "Mozilla/5.0 (iPad; CPU OS 5_1_1 like Mac OS X) AppleWebKit/534.46 (KHTML, like Gecko) Version/5.1 Mobile/9B206 Safari/7534.48.3"
67.188.161.76 - - [20/Jun/2014:14:46:07 -0400] "GET /images/209_Chloe-72.jpg HTTP/1.1" 200 11281 "http://cwgelbaum.com/femalefiguresii.html" "Mozilla/5.0 (iPad; CPU OS 5_1_1 like Mac OS X) AppleWebKit/534.46 (KHTML, like Gecko) Version/5.1 Mobile/9B206 Safari/7534.48.3"
67.188.161.76 - - [20/Jun/2014:14:46:07 -0400] "GET /images/215_Quinn-72.jpg HTTP/1.1" 200 10168 "http://cwgelbaum.com/femalefiguresii.html" "Mozilla/5.0 (iPad; CPU OS 5_1_1 like Mac OS X) AppleWebKit/534.46 (KHTML, like Gecko) Version/5.1 Mobile/9B206 Safari/7534.48.3"
67.188.161.76 - - [20/Jun/2014:14:46:08 -0400] "GET /images/108_Quinn-72.jpg HTTP/1.1" 200 3620 "http://cwgelbaum.com/femalefiguresii.html" "Mozilla/5.0 (iPad; CPU OS 5_1_1 like Mac OS X) AppleWebKit/534.46 (KHTML, like Gecko) Version/5.1 Mobile/9B206 Safari/7534.48.3"
67.188.161.76 - - [20/Jun/2014:14:46:08 -0400] "GET /images/215_Raina-72.jpg HTTP/1.1" 200 12038 "http://cwgelbaum.com/femalefiguresii.html" "Mozilla/5.0 (iPad; CPU OS 5_1_1 like Mac OS X) AppleWebKit/534.46 (KHTML, like Gecko) Version/5.1 Mobile/9B206 Safari/7534.48.3"
67.188.161.76 - - [20/Jun/2014:14:46:24 -0400] "GET /images/194_DreamingOfMyEgyptianHorse72.jpg HTTP/1.1" 200 7756 "http://cwgelbaum.com/dreamscapesi.html" "Mozilla/5.0 (iPad; CPU OS 5_1_1 like Mac OS X) AppleWebKit/534.46 (KHTML, like Gecko) Version/5.1 Mobile/9B206 Safari/7534.48.3"
67.188.161.76 - - [20/Jun/2014:14:46:24 -0400] "GET /images/321_LotusDream-III.jpg HTTP/1.1" 200 23665 "http://cwgelbaum.com/dreamscapesi.html" "Mozilla/5.0 (iPad; CPU OS 5_1_1 like Mac OS X) AppleWebKit/534.46 (KHTML, like Gecko) Version/5.1 Mobile/9B206 Safari/7534.48.3"
67.188.161.76 - - [20/Jun/2014:14:46:25 -0400] "GET /images/116_Paris_and_me.jpg HTTP/1.1" 200 5126 "http://cwgelbaum.com/dreamscapesi.html" "Mozilla/5.0 (iPad; CPU OS 5_1_1 like Mac OS X) AppleWebKit/534.46 (KHTML, like Gecko) Version/5.1 Mobile/9B206 Safari/7534.48.3"
67.188.161.76 - - [20/Jun/2014:14:46:25 -0400] "GET /images/194_Saturday_Morning.jpg HTTP/1.1" 200 7890 "http://cwgelbaum.com/dreamscapesi.html" "Mozilla/5.0 (iPad; CPU OS 5_1_1 like Mac OS X) AppleWebKit/534.46 (KHTML, like Gecko) Version/5.1 Mobile/9B206 Safari/7534.48.3"
67.188.161.76 - - [20/Jun/2014:14:46:25 -0400] "GET /images/480_Saturday_Morning.jpg HTTP/1.1" 200 31872 "http://cwgelbaum.com/dreamscapesi.html" "Mozilla/5.0 (iPad; CPU OS 5_1_1 like Mac OS X) AppleWebKit/534.46 (KHTML, like Gecko) Version/5.1 Mobile/9B206 Safari/7534.48.3"
67.188.161.76 - - [20/Jun/2014:14:46:25 -0400] "GET /images/144_Forever-2003.jpg HTTP/1.1" 200 6042 "http://cwgelbaum.com/dreamscapesi.html" "Mozilla/5.0 (iPad; CPU OS 5_1_1 like Mac OS X) AppleWebKit/534.46 (KHTML, like Gecko) Version/5.1 Mobile/9B206 Safari/7534.48.3"
157.55.39.49 - - [20/Jun/2014:01:54:42 -0400] "GET /exhibitions.html HTTP/1.1" 200 18203 "-" "Mozilla/5.0 (compatible; bingbot/2.0; +http://www.bing.com/bingbot.htm)"
67.188.161.76 - - [20/Jun/2014:14:46:17 -0400] "GET /images/224_Annemarie-monotype-72.jpg HTTP/1.1" 200 20943 "http://cwgelbaum.com/femalefiguresiii.html" "Mozilla/5.0 (iPad; CPU OS 5_1_1 like Mac OS X) AppleWebKit/534.46 (KHTML, like Gecko) Version/5.1 Mobile/9B206 Safari/7534.48.3"
67.188.161.76 - - [20/Jun/2014:14:46:18 -0400] "GET /images/105_2009.06.25-Swimmer_I.jpg HTTP/1.1" 200 5705 "http://cwgelbaum.com/femalefiguresiii.html" "Mozilla/5.0 (iPad; CPU OS 5_1_1 like Mac OS X) AppleWebKit/534.46 (KHTML, like Gecko) Version/5.1 Mobile/9B206 Safari/7534.48.3"
67.188.161.76 - - [20/Jun/2014:14:46:18 -0400] "GET /images/105_2009.06.25-Swimmer_with_Hat.jpg HTTP/1.1" 200 5088 "http://cwgelbaum.com/femalefiguresiii.html" "Mozilla/5.0 (iPad; CPU OS 5_1_1 like Mac OS X) AppleWebKit/534.46 (KHTML, like Gecko) Version/5.1 Mobile/9B206 Safari/7534.48.3"
67.188.161.76 - - [20/Jun/2014:14:46:18 -0400] "GET /images/322_2009.07.07_swimmer-back_I.jpg HTTP/1.1" 200 31479 "http://cwgelbaum.com/femalefiguresiii.html" "Mozilla/5.0 (iPad; CPU OS 5_1_1 like Mac OS X) AppleWebKit/534.46 (KHTML, like Gecko) Version/5.1 Mobile/9B206 Safari/7534.48.3"
67.188.161.76 - - [20/Jun/2014:14:46:18 -0400] "GET /images/322_2009.07.08_swimmer-back_II.jpg HTTP/1.1" 200 36523 "http://cwgelbaum.com/femalefiguresiii.html" "Mozilla/5.0 (iPad; CPU OS 5_1_1 like Mac OS X) AppleWebKit/534.46 (KHTML, like Gecko) Version/5.1 Mobile/9B206 Safari/7534.48.3"
67.188.161.76 - - [20/Jun/2014:14:46:18 -0400] "GET /images/190_Red-Suit-I-72dpi.jpg HTTP/1.1" 200 11777 "http://cwgelbaum.com/femalefiguresiii.html" "Mozilla/5.0 (iPad; CPU OS 5_1_1 like Mac OS X) AppleWebKit/534.46 (KHTML, like Gecko) Version/5.1 Mobile/9B206 Safari/7534.48.3"
67.188.161.76 - - [20/Jun/2014:14:46:19 -0400] "GET /images/94_Red-Suit-IV-72dpi.jpg HTTP/1.1" 200 4162 "http://cwgelbaum.com/femalefiguresiii.html" "Mozilla/5.0 (iPad; CPU OS 5_1_1 like Mac OS X) AppleWebKit/534.46 (KHTML, like Gecko) Version/5.1 Mobile/9B206 Safari/7534.48.3"
67.188.161.76 - - [20/Jun/2014:14:47:25 -0400] "GET /bibliography.html HTTP/1.1" 200 15378 "http://cwgelbaum.com/publications.html" "Mozilla/5.0 (iPad; CPU OS 5_1_1 like Mac OS X) AppleWebKit/534.46 (KHTML, like Gecko) Version/5.1 Mobile/9B206 Safari/7534.48.3"
67.188.161.76 - - [20/Jun/2014:14:47:25 -0400] "GET /images/360_2012-fall-Laf-gallery-emailer.jpg HTTP/1.1" 200 19522 "http://cwgelbaum.com/bibliography.html" "Mozilla/5.0 (iPad; CPU OS 5_1_1 like Mac OS X) AppleWebKit/534.46 (KHTML, like Gecko) Version/5.1 Mobile/9B206 Safari/7534.48.3"
67.188.161.76 - - [20/Jun/2014:14:47:25 -0400] "GET /images/294_2012-02-15-LamorindaWeekly.jpg HTTP/1.1" 200 12604 "http://cwgelbaum.com/bibliography.html" "Mozilla/5.0 (iPad; CPU OS 5_1_1 like Mac OS X) AppleWebKit/534.46 (KHTML, like Gecko) Version/5.1 Mobile/9B206 Safari/7534.48.3"
67.188.161.76 - - [20/Jun/2014:14:47:26 -0400] "GET /images/227_2011-05-06-ContraCostaTimes-TimeOut.jpg HTTP/1.1" 200 15963 "http://cwgelbaum.com/bibliography.html" "Mozilla/5.0 (iPad; CPU OS 5_1_1 like Mac OS X) AppleWebKit/534.46 (KHTML, like Gecko) Version/5.1 Mobile/9B206 Safari/7534.48.3"
67.188.161.76 - - [20/Jun/2014:14:47:26 -0400] "GET /images/371_2011-05-06-ContraCostaTimes-TimeOut.jpg HTTP/1.1" 200 39704 "http://cwgelbaum.com/bibliography.html" "Mozilla/5.0 (iPad; CPU OS 5_1_1 like Mac OS X) AppleWebKit/534.46 (KHTML, like Gecko) Version/5.1 Mobile/9B206 Safari/7534.48.3"
67.188.161.76 - - [20/Jun/2014:14:47:26 -0400] "GET /images/573_2009-04-BayAreaNewsGroup.jpg HTTP/1.1" 200 86588 "http://cwgelbaum.com/bibliography.html" "Mozilla/5.0 (iPad; CPU OS 5_1_1 like Mac OS X) AppleWebKit/534.46 (KHTML, like Gecko) Version/5.1 Mobile/9B206 Safari/7534.48.3"
67.188.161.76 - - [20/Jun/2014:14:47:26 -0400] "GET /images/476_2006-Diablo-Datebook.jpg HTTP/1.1" 200 57919 "http://cwgelbaum.com/bibliography.html" "Mozilla/5.0 (iPad; CPU OS 5_1_1 like Mac OS X) AppleWebKit/534.46 (KHTML, like Gecko) Version/5.1 Mobile/9B206 Safari/7534.48.3"
67.188.161.76 - - [20/Jun/2014:14:47:26 -0400] "GET /images/457_2004-SanRamon-exhibit.jpg HTTP/1.1" 200 55406 "http://cwgelbaum.com/bibliography.html" "Mozilla/5.0 (iPad; CPU OS 5_1_1 like Mac OS X) AppleWebKit/534.46 (KHTML, like Gecko) Version/5.1 Mobile/9B206 Safari/7534.48.3"
67.188.161.76 - - [20/Jun/2014:14:47:26 -0400] "GET /images/223_2004-SanRamon-exhibit.jpg HTTP/1.1" 200 15801 "http://cwgelbaum.com/bibliography.html" "Mozilla/5.0 (iPad; CPU OS 5_1_1 like Mac OS X) AppleWebKit/534.46 (KHTML, like Gecko) Version/5.1 Mobile/9B206 Safari/7534.48.3"
67.188.161.76 - - [20/Jun/2014:14:47:27 -0400] "GET /images/480_2003-ContraCostaSunArticle.jpg HTTP/1.1" 200 58329 "http://cwgelbaum.com/bibliography.html" "Mozilla/5.0 (iPad; CPU OS 5_1_1 like Mac OS X) AppleWebKit/534.46 (KHTML, like Gecko) Version/5.1 Mobile/9B206 Safari/7534.48.3"
67.188.161.76 - - [20/Jun/2014:14:47:28 -0400] "GET /images/426_2003-12-05-CCTimes.jpg HTTP/1.1" 200 70421 "http://cwgelbaum.com/bibliography.html" "Mozilla/5.0 (iPad; CPU OS 5_1_1 like Mac OS X) AppleWebKit/534.46 (KHTML, like Gecko) Version/5.1 Mobile/9B206 Safari/7534.48.3"
157.55.39.50 - - [20/Jun/2014:02:25:11 -0400] "GET /exhibitions.html HTTP/1.1" 200 18203 "-" "Mozilla/5.0 (compatible; bingbot/2.0; +http://www.bing.com/bingbot.htm)"
157.55.39.189 - - [20/Jun/2014:16:38:55 -0400] "GET /information.html HTTP/1.1" 304 - "-" "Mozilla/5.0 (compatible; bingbot/2.0; +http://www.bing.com/bingbot.htm)"
67.188.161.76 - - [20/Jun/2014:14:45:10 -0400] "GET /scripts/24custom.css HTTP/1.1" 200 1043 "http://cwgelbaum.com/artiststatement.html" "Mozilla/5.0 (iPad; CPU OS 5_1_1 like Mac OS X) AppleWebKit/534.46 (KHTML, like Gecko) Version/5.1 Mobile/9B206 Safari/7534.48.3"
67.188.161.76 - - [20/Jun/2014:14:45:10 -0400] "GET /images/294_IMG_1026-Brunch-at-Britas-web.jpg HTTP/1.1" 200 39515 "http://cwgelbaum.com/artiststatement.html" "Mozilla/5.0 (iPad; CPU OS 5_1_1 like Mac OS X) AppleWebKit/534.46 (KHTML, like Gecko) Version/5.1 Mobile/9B206 Safari/7534.48.3"
67.188.161.76 - - [20/Jun/2014:14:46:18 -0400] "GET /images/113_Zenobia-monotype-72.jpg HTTP/1.1" 200 7282 "http://cwgelbaum.com/femalefiguresiii.html" "Mozilla/5.0 (iPad; CPU OS 5_1_1 like Mac OS X) AppleWebKit/534.46 (KHTML, like Gecko) Version/5.1 Mobile/9B206 Safari/7534.48.3"
67.188.161.76 - - [20/Jun/2014:14:46:18 -0400] "GET /images/322_2009.06.28-swimmer-ocean.jpg HTTP/1.1" 200 35330 "http://cwgelbaum.com/femalefiguresiii.html" "Mozilla/5.0 (iPad; CPU OS 5_1_1 like Mac OS X) AppleWebKit/534.46 (KHTML, like Gecko) Version/5.1 Mobile/9B206 Safari/7534.48.3"
67.188.161.76 - - [20/Jun/2014:14:46:18 -0400] "GET /images/117_2009.07.01_Swimmer-chair-B.jpg HTTP/1.1" 200 6478 "http://cwgelbaum.com/femalefiguresiii.html" "Mozilla/5.0 (iPad; CPU OS 5_1_1 like Mac OS X) AppleWebKit/534.46 (KHTML, like Gecko) Version/5.1 Mobile/9B206 Safari/7534.48.3"
67.188.161.76 - - [20/Jun/2014:14:46:18 -0400] "GET /images/117_2009.06.30_Swimmer_III.jpg HTTP/1.1" 200 5598 "http://cwgelbaum.com/femalefiguresiii.html" "Mozilla/5.0 (iPad; CPU OS 5_1_1 like Mac OS X) AppleWebKit/534.46 (KHTML, like Gecko) Version/5.1 Mobile/9B206 Safari/7534.48.3"
67.188.161.76 - - [20/Jun/2014:14:46:18 -0400] "GET /images/117_2009.06.25-Swimmer_seated.jpg HTTP/1.1" 200 6910 "http://cwgelbaum.com/femalefiguresiii.html" "Mozilla/5.0 (iPad; CPU OS 5_1_1 like Mac OS X) AppleWebKit/534.46 (KHTML, like Gecko) Version/5.1 Mobile/9B206 Safari/7534.48.3"
67.188.161.76 - - [20/Jun/2014:14:46:18 -0400] "GET /images/117_2009.06.26-Swimmer-Pool.jpg HTTP/1.1" 200 5518 "http://cwgelbaum.com/femalefiguresiii.html" "Mozilla/5.0 (iPad; CPU OS 5_1_1 like Mac OS X) AppleWebKit/534.46 (KHTML, like Gecko) Version/5.1 Mobile/9B206 Safari/7534.48.3"
67.188.161.76 - - [20/Jun/2014:14:46:18 -0400] "GET /images/217_Red-Suit-II-72dpi.jpg HTTP/1.1" 200 14377 "http://cwgelbaum.com/femalefiguresiii.html" "Mozilla/5.0 (iPad; CPU OS 5_1_1 like Mac OS X) AppleWebKit/534.46 (KHTML, like Gecko) Version/5.1 Mobile/9B206 Safari/7534.48.3"
67.188.161.76 - - [20/Jun/2014:14:46:19 -0400] "GET /images/221_Red-Suit-III-72dpi.jpg HTTP/1.1" 200 15889 "http://cwgelbaum.com/femalefiguresiii.html" "Mozilla/5.0 (iPad; CPU OS 5_1_1 like Mac OS X) AppleWebKit/534.46 (KHTML, like Gecko) Version/5.1 Mobile/9B206 Safari/7534.48.3"
67.188.161.76 - - [20/Jun/2014:14:46:19 -0400] "GET /images/111_Red-Suit-III-72dpi.jpg HTTP/1.1" 200 5203 "http://cwgelbaum.com/femalefiguresiii.html" "Mozilla/5.0 (iPad; CPU OS 5_1_1 like Mac OS X) AppleWebKit/534.46 (KHTML, like Gecko) Version/5.1 Mobile/9B206 Safari/7534.48.3"
67.188.161.76 - - [20/Jun/2014:14:46:19 -0400] "GET /images/94_Red-Suit-V-72dpi.jpg HTTP/1.1" 200 4869 "http://cwgelbaum.com/femalefiguresiii.html" "Mozilla/5.0 (iPad; CPU OS 5_1_1 like Mac OS X) AppleWebKit/534.46 (KHTML, like Gecko) Version/5.1 Mobile/9B206 Safari/7534.48.3"
157.55.39.50 - - [20/Jun/2014:01:24:32 -0400] "GET /exhibitions.html HTTP/1.1" 200 18203 "-" "Mozilla/5.0 (compatible; bingbot/2.0; +http://www.bing.com/bingbot.htm)"
67.188.161.76 - - [20/Jun/2014:14:46:34 -0400] "GET /exhibitions.html HTTP/1.1" 200 18203 "http://cwgelbaum.com/dreamscapesi.html" "Mozilla/5.0 (iPad; CPU OS 5_1_1 like Mac OS X) AppleWebKit/534.46 (KHTML, like Gecko) Version/5.1 Mobile/9B206 Safari/7534.48.3"
183.60.213.114 - - [20/Jun/2014:02:45:29 -0400] "GET /dreamscapesi.html HTTP/1.1" 200 16551 "-" "Mozilla/5.0 (compatible; EasouSpider; +http://www.easou.com/search/spider.html)"
62.212.73.211 - - [20/Jun/2014:09:14:17 -0400] "GET /robots.txt HTTP/1.0" 200 25 "-" "Mozilla/5.0 (compatible; MJ12bot/v1.4.5; http://www.majestic12.co.uk/bot.php?+)"
67.188.161.76 - - [20/Jun/2014:14:46:13 -0400] "GET /scripts/6.css HTTP/1.1" 200 857 "http://cwgelbaum.com/femalefiguresiii.html" "Mozilla/5.0 (iPad; CPU OS 5_1_1 like Mac OS X) AppleWebKit/534.46 (KHTML, like Gecko) Version/5.1 Mobile/9B206 Safari/7534.48.3"
67.188.161.76 - - [20/Jun/2014:14:46:13 -0400] "GET /images/116_Mona-monotype-72.jpg HTTP/1.1" 200 7598 "http://cwgelbaum.com/femalefiguresiii.html" "Mozilla/5.0 (iPad; CPU OS 5_1_1 like Mac OS X) AppleWebKit/534.46 (KHTML, like Gecko) Version/5.1 Mobile/9B206 Safari/7534.48.3"
67.188.161.76 - - [20/Jun/2014:14:46:13 -0400] "GET /images/113_Bella-monotype-72.jpg HTTP/1.1" 200 7373 "http://cwgelbaum.com/femalefiguresiii.html" "Mozilla/5.0 (iPad; CPU OS 5_1_1 like Mac OS X) AppleWebKit/534.46 (KHTML, like Gecko) Version/5.1 Mobile/9B206 Safari/7534.48.3"
67.188.161.76 - - [20/Jun/2014:14:46:13 -0400] "GET /images/113_Tessa-monotype-72.jpg HTTP/1.1" 200 6987 "http://cwgelbaum.com/femalefiguresiii.html" "Mozilla/5.0 (iPad; CPU OS 5_1_1 like Mac OS X) AppleWebKit/534.46 (KHTML, like Gecko) Version/5.1 Mobile/9B206 Safari/7534.48.3"
67.188.161.76 - - [20/Jun/2014:14:46:13 -0400] "GET /images/224_Tessa-monotype-72.jpg HTTP/1.1" 200 21745 "http://cwgelbaum.com/femalefiguresiii.html" "Mozilla/5.0 (iPad; CPU OS 5_1_1 like Mac OS X) AppleWebKit/534.46 (KHTML, like Gecko) Version/5.1 Mobile/9B206 Safari/7534.48.3"
67.188.161.76 - - [20/Jun/2014:14:46:13 -0400] "GET /images/224_Bella-monotype-72.jpg HTTP/1.1" 200 22848 "http://cwgelbaum.com/femalefiguresiii.html" "Mozilla/5.0 (iPad; CPU OS 5_1_1 like Mac OS X) AppleWebKit/534.46 (KHTML, like Gecko) Version/5.1 Mobile/9B206 Safari/7534.48.3"
67.188.161.76 - - [20/Jun/2014:14:46:14 -0400] "GET /images/322_2009.06.29-Red_dress.jpg HTTP/1.1" 200 42399 "http://cwgelbaum.com/femalefiguresiii.html" "Mozilla/5.0 (iPad; CPU OS 5_1_1 like Mac OS X) AppleWebKit/534.46 (KHTML, like Gecko) Version/5.1 Mobile/9B206 Safari/7534.48.3"
67.188.161.76 - - [20/Jun/2014:14:46:14 -0400] "GET /images/110_2009.06.26-Swimmer_II_.jpg HTTP/1.1" 200 6510 "http://cwgelbaum.com/femalefiguresiii.html" "Mozilla/5.0 (iPad; CPU OS 5_1_1 like Mac OS X) AppleWebKit/534.46 (KHTML, like Gecko) Version/5.1 Mobile/9B206 Safari/7534.48.3"
67.188.161.76 - - [20/Jun/2014:14:46:14 -0400] "GET /images/188_Red-Suit-V-72dpi.jpg HTTP/1.1" 200 15693 "http://cwgelbaum.com/femalefiguresiii.html" "Mozilla/5.0 (iPad; CPU OS 5_1_1 like Mac OS X) AppleWebKit/534.46 (KHTML, like Gecko) Version/5.1 Mobile/9B206 Safari/7534.48.3"
220.181.108.85 - - [20/Jun/2014:00:55:49 -0400] "GET /femalefiguresii.html HTTP/1.1" 200 17856 "-" "Mozilla/5.0 (compatible; Baiduspider/2.0; +http://www.baidu.com/search/spider.html)"
157.55.39.50 - - [20/Jun/2014:04:15:08 -0400] "GET /exhibitions.html HTTP/1.1" 200 18203 "-" "Mozilla/5.0 (compatible; bingbot/2.0; +http://www.bing.com/bingbot.htm)"
157.55.39.186 - - [20/Jun/2014:14:03:00 -0400] "GET /robots.txt HTTP/1.1" 200 25 "-" "Mozilla/5.0 (compatible; bingbot/2.0; +http://www.bing.com/bingbot.htm)"
157.55.39.50 - - [20/Jun/2014:08:33:32 -0400] "GET /contact.html HTTP/1.1" 200 8305 "-" "Mozilla/5.0 (compatible; bingbot/2.0; +http://www.bing.com/bingbot.htm)"
130.211.137.203 - - [20/Jun/2014:10:30:55 -0400] "GET / HTTP/1.0" 200 6451 "-" "NerdyBot"
108.59.8.80 - - [20/Jun/2014:10:55:21 -0400] "GET / HTTP/1.0" 200 6451 "-" "Mozilla/5.0 (compatible; MJ12bot/v1.4.5; http://www.majestic12.co.uk/bot.php?+)"
180.76.5.143 - - [20/Jun/2014:13:12:47 -0400] "GET /dreamscapesi.html HTTP/1.1" 200 16551 "-" "Mozilla/5.0 (compatible; Baiduspider/2.0; +http://www.baidu.com/search/spider.html)"
67.188.161.76 - - [20/Jun/2014:14:46:15 -0400] "GET /images/113_Annemarie-monotype-72.jpg HTTP/1.1" 200 6880 "http://cwgelbaum.com/femalefiguresiii.html" "Mozilla/5.0 (iPad; CPU OS 5_1_1 like Mac OS X) AppleWebKit/534.46 (KHTML, like Gecko) Version/5.1 Mobile/9B206 Safari/7534.48.3"
67.188.161.76 - - [20/Jun/2014:14:46:16 -0400] "GET /images/114_Pearl-monotype-72.jpg HTTP/1.1" 200 7458 "http://cwgelbaum.com/femalefiguresiii.html" "Mozilla/5.0 (iPad; CPU OS 5_1_1 like Mac OS X) AppleWebKit/534.46 (KHTML, like Gecko) Version/5.1 Mobile/9B206 Safari/7534.48.3"
67.188.161.76 - - [20/Jun/2014:14:46:16 -0400] "GET /images/114_Yvette-monotype-72.jpg HTTP/1.1" 200 7623 "http://cwgelbaum.com/femalefiguresiii.html" "Mozilla/5.0 (iPad; CPU OS 5_1_1 like Mac OS X) AppleWebKit/534.46 (KHTML, like Gecko) Version/5.1 Mobile/9B206 Safari/7534.48.3"
