0byt3m1n1
Path:
/
data
/
0
/
0
/
91
/
53
/
91868
/
meta
/
93265
/
logs
/
[
Home
]
File: x-access_log.2013-08-12
71.232.79.28 - - [12/Aug/2013:19:05:32 -0400] "GET /scripts/3custom.css HTTP/1.1" 200 17358 "http://www.bostonbravessoftball.com/scheduleresults.html" "Mozilla/5.0 (iPhone; CPU iPhone OS 6_1_4 like Mac OS X) AppleWebKit/536.26 (KHTML, like Gecko) Version/6.0 Mobile/10B350 Safari/8536.25"
76.19.114.191 - - [12/Aug/2013:21:54:00 -0400] "GET /images/ic_069_accent_cover_wide.png HTTP/1.1" 200 22874 "http://www.bostonbravessoftball.com/" "Mozilla/5.0 (iPhone; CPU iPhone OS 6_1_4 like Mac OS X) AppleWebKit/536.26 (KHTML, like Gecko) Version/6.0 Mobile/10B350 Safari/8536.25"
66.249.75.179 - - [12/Aug/2013:12:00:23 -0400] "GET /index.html HTTP/1.1" 200 33017 "-" "Mozilla/5.0 (compatible; Googlebot/2.1; +http://www.google.com/bot.html)"
54.208.112.146 - - [12/Aug/2013:01:20:24 -0400] "GET / HTTP/1.1" 403 660 "-" "Mozilla/5.0 (Macintosh; Intel Mac OS X 10.6; rv:15.0) Gecko/20100101 Firefox/15.0.1"
70.192.3.30 - - [12/Aug/2013:16:03:24 -0400] "GET /scripts/website.css HTTP/1.1" 200 1740 "http://www.bostonbravessoftball.com/" "Mozilla/5.0 (compatible; MSIE 10.0; Windows Phone 8.0; Trident/6.0; IEMobile/10.0; ARM; Touch; HTC; HTC6990LVW)"
70.192.3.30 - - [12/Aug/2013:16:03:24 -0400] "GET /images/513_rhapsody-4.jpg HTTP/1.1" 304 - "http://www.bostonbravessoftball.com/" "Mozilla/5.0 (compatible; MSIE 10.0; Windows Phone 8.0; Trident/6.0; IEMobile/10.0; ARM; Touch; HTC; HTC6990LVW)"
66.249.75.179 - - [12/Aug/2013:09:33:10 -0400] "GET /scripts/template.css HTTP/1.1" 200 5434 "-" "Mozilla/5.0 (compatible; Googlebot/2.1; +http://www.google.com/bot.html)"
95.211.224.28 - - [12/Aug/2013:11:11:20 -0400] "GET /images/Softball_Rules_2011.pdf\r HTTP/1.1" 200 37456 "-" "Mozilla/5.0 (Windows NT 5.1) AppleWebKit/537.22 (KHTML, like Gecko) Chrome/25.0.1364.172 Safari/537.22"
95.211.224.28 - - [12/Aug/2013:11:07:04 -0400] "GET /images/Softball_Rules_2011.pdf\r HTTP/1.1" 200 37456 "-" "Mozilla/5.0 (Windows NT 5.1) AppleWebKit/537.22 (KHTML, like Gecko) Chrome/25.0.1364.172 Safari/537.22"
130.185.109.243 - - [12/Aug/2013:01:12:07 -0400] "GET /robots.txt HTTP/1.1" 404 575 "-" "PagesInventory (robot http://www.pagesinvenotry.com)"
70.192.8.104 - - [12/Aug/2013:20:52:22 -0400] "GET /scripts/website.css HTTP/1.1" 200 1740 "http://www.bostonbravessoftball.com/" "Mozilla/5.0 (Linux; Android 4.1.2; XT907 Build/9.8.1Q-78) AppleWebKit/537.31 (KHTML, like Gecko) Chrome/26.0.1410.58 Mobile Safari/537.31"
70.192.8.104 - - [12/Aug/2013:20:52:22 -0400] "GET /scripts/template.css HTTP/1.1" 200 5434 "http://www.bostonbravessoftball.com/" "Mozilla/5.0 (Linux; Android 4.1.2; XT907 Build/9.8.1Q-78) AppleWebKit/537.31 (KHTML, like Gecko) Chrome/26.0.1410.58 Mobile Safari/537.31"
70.192.8.104 - - [12/Aug/2013:20:52:23 -0400] "GET /images/513_rhapsody-4.jpg HTTP/1.1" 200 47712 "http://www.bostonbravessoftball.com/" "Mozilla/5.0 (Linux; Android 4.1.2; XT907 Build/9.8.1Q-78) AppleWebKit/537.31 (KHTML, like Gecko) Chrome/26.0.1410.58 Mobile Safari/537.31"
70.192.8.104 - - [12/Aug/2013:20:52:23 -0400] "GET /images/386_100_3998.jpg HTTP/1.1" 200 21822 "http://www.bostonbravessoftball.com/" "Mozilla/5.0 (Linux; Android 4.1.2; XT907 Build/9.8.1Q-78) AppleWebKit/537.31 (KHTML, like Gecko) Chrome/26.0.1410.58 Mobile Safari/537.31"
70.192.8.104 - - [12/Aug/2013:20:52:24 -0400] "GET /scripts/print.css HTTP/1.1" 200 - "http://www.bostonbravessoftball.com/" "Mozilla/5.0 (Linux; Android 4.1.2; XT907 Build/9.8.1Q-78) AppleWebKit/537.31 (KHTML, like Gecko) Chrome/26.0.1410.58 Mobile Safari/537.31"
70.192.8.104 - - [12/Aug/2013:20:52:26 -0400] "GET /favicon.ico HTTP/1.1" 404 575 "-" "Mozilla/5.0 (Linux; Android 4.1.2; XT907 Build/9.8.1Q-78) AppleWebKit/537.31 (KHTML, like Gecko) Chrome/26.0.1410.58 Mobile Safari/537.31"
70.192.8.104 - - [12/Aug/2013:20:52:27 -0400] "GET /apple-touch-icon-precomposed.png HTTP/1.1" 404 575 "-" "Mozilla/5.0 (Linux; Android 4.1.2; XT907 Build/9.8.1Q-78) AppleWebKit/537.31 (KHTML, like Gecko) Chrome/26.0.1410.58 Mobile Safari/537.31"
70.192.8.104 - - [12/Aug/2013:20:52:27 -0400] "GET /apple-touch-icon.png HTTP/1.1" 404 575 "-" "Mozilla/5.0 (Linux; Android 4.1.2; XT907 Build/9.8.1Q-78) AppleWebKit/537.31 (KHTML, like Gecko) Chrome/26.0.1410.58 Mobile Safari/537.31"
70.192.8.104 - - [12/Aug/2013:20:54:18 -0400] "GET /favicon.ico HTTP/1.1" 404 575 "-" "Mozilla/5.0 (Linux; Android 4.1.2; XT907 Build/9.8.1Q-78) AppleWebKit/537.31 (KHTML, like Gecko) Chrome/26.0.1410.58 Mobile Safari/537.31"
70.192.8.104 - - [12/Aug/2013:20:54:19 -0400] "GET /apple-touch-icon-precomposed.png HTTP/1.1" 404 575 "-" "Mozilla/5.0 (Linux; Android 4.1.2; XT907 Build/9.8.1Q-78) AppleWebKit/537.31 (KHTML, like Gecko) Chrome/26.0.1410.58 Mobile Safari/537.31"
70.192.8.104 - - [12/Aug/2013:20:54:19 -0400] "GET /apple-touch-icon.png HTTP/1.1" 404 575 "-" "Mozilla/5.0 (Linux; Android 4.1.2; XT907 Build/9.8.1Q-78) AppleWebKit/537.31 (KHTML, like Gecko) Chrome/26.0.1410.58 Mobile Safari/537.31"
70.192.8.104 - - [12/Aug/2013:20:54:19 -0400] "GET /favicon.ico HTTP/1.1" 404 575 "-" "Mozilla/5.0 (Linux; Android 4.1.2; XT907 Build/9.8.1Q-78) AppleWebKit/537.31 (KHTML, like Gecko) Chrome/26.0.1410.58 Mobile Safari/537.31"
66.249.75.107 - - [12/Aug/2013:15:12:43 -0400] "GET / HTTP/1.1" 200 3048 "-" "Mozilla/5.0 (iPhone; U; CPU iPhone OS 4_1 like Mac OS X; en-us) AppleWebKit/532.9 (KHTML, like Gecko) Version/4.0.5 Mobile/8B117 Safari/6531.22.7 (compatible; Googlebot-Mobile/2.1; +http://www.google.com/bot.html)"
86.123.244.192 - - [12/Aug/2013:15:42:31 -0400] "GET / HTTP/1.1" 200 33017 "-" "Java/1.6.0_04"
86.123.244.192 - - [12/Aug/2013:15:42:32 -0400] "GET /contactcommish.html HTTP/1.1" 200 22049 "-" "Java/1.6.0_04"
86.123.244.192 - - [12/Aug/2013:15:42:32 -0400] "GET /home.html HTTP/1.1" 200 33017 "-" "Java/1.6.0_04"
86.123.244.192 - - [12/Aug/2013:15:42:34 -0400] "GET /playoffs.html HTTP/1.1" 200 32263 "-" "Java/1.6.0_04"
86.123.244.192 - - [12/Aug/2013:15:42:35 -0400] "GET /rules.html HTTP/1.1" 200 44414 "-" "Java/1.6.0_04"
86.123.244.192 - - [12/Aug/2013:15:42:36 -0400] "GET /scheduleresults.html HTTP/1.1" 200 49267 "-" "Java/1.6.0_04"
86.123.244.192 - - [12/Aug/2013:15:42:42 -0400] "GET /https://twitter.com/BBravesSoftball HTTP/1.1" 404 575 "-" "Java/1.6.0_04"
76.19.114.191 - - [12/Aug/2013:21:53:50 -0400] "GET /scripts/photoalbum.js HTTP/1.1" 200 62481 "http://www.bostonbravessoftball.com/" "Mozilla/5.0 (iPhone; CPU iPhone OS 6_1_4 like Mac OS X) AppleWebKit/536.26 (KHTML, like Gecko) Version/6.0 Mobile/10B350 Safari/8536.25"
71.232.34.4 - - [12/Aug/2013:19:25:37 -0400] "GET /scripts/website.css HTTP/1.1" 200 1740 "http://www.bostonbravessoftball.com/" "Mozilla/5.0 (Windows NT 6.1; WOW64) AppleWebKit/537.36 (KHTML, like Gecko) Chrome/28.0.1500.95 Safari/537.36"
71.232.34.4 - - [12/Aug/2013:19:25:37 -0400] "GET /scripts/photoalbum.js HTTP/1.1" 200 62481 "http://www.bostonbravessoftball.com/" "Mozilla/5.0 (Windows NT 6.1; WOW64) AppleWebKit/537.36 (KHTML, like Gecko) Chrome/28.0.1500.95 Safari/537.36"
71.232.34.4 - - [12/Aug/2013:19:25:38 -0400] "GET /images/041101_1976_1073_asls.jpg HTTP/1.1" 200 9302 "http://www.bostonbravessoftball.com/" "Mozilla/5.0 (Windows NT 6.1; WOW64) AppleWebKit/537.36 (KHTML, like Gecko) Chrome/28.0.1500.95 Safari/537.36"
98.216.9.104 - - [12/Aug/2013:09:19:50 -0400] "GET /scripts/photoalbum.js HTTP/1.1" 206 1 "http://bostonbravessoftball.com/" "Mozilla/5.0 (Macintosh; Intel Mac OS X 10_6_8) AppleWebKit/537.36 (KHTML, like Gecko) Chrome/28.0.1500.95 Safari/537.36"
98.216.9.104 - - [12/Aug/2013:09:19:50 -0400] "GET /images/386_100_3998.jpg HTTP/1.1" 200 21822 "http://bostonbravessoftball.com/" "Mozilla/5.0 (Macintosh; Intel Mac OS X 10_6_8) AppleWebKit/537.36 (KHTML, like Gecko) Chrome/28.0.1500.95 Safari/537.36"
70.192.3.30 - - [12/Aug/2013:16:05:49 -0400] "GET /scripts/2custom.css HTTP/1.1" 200 3499 "http://www.bostonbravessoftball.com/playoffs.html" "Mozilla/5.0 (compatible; MSIE 10.0; Windows Phone 8.0; Trident/6.0; IEMobile/10.0; ARM; Touch; HTC; HTC6990LVW)"
4.59.85.66 - - [12/Aug/2013:12:04:30 -0400] "GET /scripts/photoalbum.js HTTP/1.1" 200 62481 "http://bostonbravessoftball.com/" "Mozilla/5.0 (compatible; MSIE 10.0; Windows NT 6.1; WOW64; Trident/6.0)"
71.232.79.28 - - [12/Aug/2013:19:05:40 -0400] "GET /scripts/2custom.css HTTP/1.1" 200 3499 "http://www.bostonbravessoftball.com/playoffs.html" "Mozilla/5.0 (iPhone; CPU iPhone OS 6_1_4 like Mac OS X) AppleWebKit/536.26 (KHTML, like Gecko) Version/6.0 Mobile/10B350 Safari/8536.25"
71.232.34.4 - - [12/Aug/2013:19:25:37 -0400] "GET /scripts/1custom.css HTTP/1.1" 200 4186 "http://www.bostonbravessoftball.com/" "Mozilla/5.0 (Windows NT 6.1; WOW64) AppleWebKit/537.36 (KHTML, like Gecko) Chrome/28.0.1500.95 Safari/537.36"
71.232.34.4 - - [12/Aug/2013:19:25:38 -0400] "GET /images/386_100_3998.jpg HTTP/1.1" 200 21822 "http://www.bostonbravessoftball.com/" "Mozilla/5.0 (Windows NT 6.1; WOW64) AppleWebKit/537.36 (KHTML, like Gecko) Chrome/28.0.1500.95 Safari/537.36"
71.232.34.4 - - [12/Aug/2013:19:25:40 -0400] "GET /playoffs.html HTTP/1.1" 200 32263 "http://www.bostonbravessoftball.com/" "Mozilla/5.0 (Windows NT 6.1; WOW64) AppleWebKit/537.36 (KHTML, like Gecko) Chrome/28.0.1500.95 Safari/537.36"
71.232.34.4 - - [12/Aug/2013:19:25:40 -0400] "GET /scripts/2custom.css HTTP/1.1" 200 3499 "http://www.bostonbravessoftball.com/playoffs.html" "Mozilla/5.0 (Windows NT 6.1; WOW64) AppleWebKit/537.36 (KHTML, like Gecko) Chrome/28.0.1500.95 Safari/537.36"
71.232.34.4 - - [12/Aug/2013:19:25:40 -0400] "GET /images/041101_1976_1073_asls.jpg HTTP/1.1" 206 1 "http://www.bostonbravessoftball.com/playoffs.html" "Mozilla/5.0 (Windows NT 6.1; WOW64) AppleWebKit/537.36 (KHTML, like Gecko) Chrome/28.0.1500.95 Safari/537.36"
71.232.34.4 - - [12/Aug/2013:19:25:40 -0400] "GET /images/041101_1976_1073_asls.jpg HTTP/1.1" 206 2002 "http://www.bostonbravessoftball.com/playoffs.html" "Mozilla/5.0 (Windows NT 6.1; WOW64) AppleWebKit/537.36 (KHTML, like Gecko) Chrome/28.0.1500.95 Safari/537.36"
74.94.189.65 - - [12/Aug/2013:15:26:12 -0400] "GET /scripts/website.css HTTP/1.1" 200 1740 "http://www.bostonbravessoftball.com/" "Mozilla/5.0 (Windows NT 6.1; WOW64) AppleWebKit/537.36 (KHTML, like Gecko) Chrome/28.0.1500.95 Safari/537.36"
74.94.189.65 - - [12/Aug/2013:15:26:13 -0400] "GET /images/ic_069_accent_cover_wide.png HTTP/1.1" 200 22874 "http://www.bostonbravessoftball.com/" "Mozilla/5.0 (Windows NT 6.1; WOW64) AppleWebKit/537.36 (KHTML, like Gecko) Chrome/28.0.1500.95 Safari/537.36"
98.229.31.127 - - [12/Aug/2013:17:38:54 -0400] "GET /scripts/photoalbum.js HTTP/1.1" 200 62481 "http://bostonbravessoftball.com/scheduleresults.html" "Mozilla/5.0 (Windows NT 6.1; WOW64) AppleWebKit/537.36 (KHTML, like Gecko) Chrome/28.0.1500.95 Safari/537.36"
98.229.31.127 - - [12/Aug/2013:17:38:55 -0400] "GET /scripts/print.css HTTP/1.1" 200 - "http://bostonbravessoftball.com/scheduleresults.html" "Mozilla/5.0 (Windows NT 6.1; WOW64) AppleWebKit/537.36 (KHTML, like Gecko) Chrome/28.0.1500.95 Safari/537.36"
76.19.114.191 - - [12/Aug/2013:21:53:50 -0400] "GET /scripts/template.css HTTP/1.1" 200 5434 "http://www.bostonbravessoftball.com/" "Mozilla/5.0 (iPhone; CPU iPhone OS 6_1_4 like Mac OS X) AppleWebKit/536.26 (KHTML, like Gecko) Version/6.0 Mobile/10B350 Safari/8536.25"
4.59.85.66 - - [12/Aug/2013:12:04:30 -0400] "GET /scripts/ic_globals_published.js HTTP/1.1" 200 566 "http://bostonbravessoftball.com/" "Mozilla/5.0 (compatible; MSIE 10.0; Windows NT 6.1; WOW64; Trident/6.0)"
4.59.85.66 - - [12/Aug/2013:12:04:30 -0400] "GET /scripts/template.css HTTP/1.1" 200 5434 "http://bostonbravessoftball.com/" "Mozilla/5.0 (compatible; MSIE 10.0; Windows NT 6.1; WOW64; Trident/6.0)"
71.232.79.28 - - [12/Aug/2013:19:06:11 -0400] "GET /playoffs.html HTTP/1.1" 200 32263 "http://www.bostonbravessoftball.com/playoffs.html" "Mozilla/5.0 (iPhone; CPU iPhone OS 6_1_4 like Mac OS X) AppleWebKit/536.26 (KHTML, like Gecko) Version/6.0 Mobile/10B350 Safari/8536.25"
98.216.9.104 - - [12/Aug/2013:09:19:55 -0400] "GET /favicon.ico HTTP/1.1" 404 575 "-" "Mozilla/5.0 (Macintosh; Intel Mac OS X 10_6_8) AppleWebKit/537.36 (KHTML, like Gecko) Chrome/28.0.1500.95 Safari/537.36"
95.211.224.28 - - [12/Aug/2013:11:10:44 -0400] "GET /images/Softball_Rules_2011.pdf\r HTTP/1.1" 200 37456 "-" "Mozilla/5.0 (Windows NT 5.1) AppleWebKit/537.22 (KHTML, like Gecko) Chrome/25.0.1364.172 Safari/537.22"
71.232.34.4 - - [12/Aug/2013:19:25:37 -0400] "GET /scripts/icwebsiteelement.css HTTP/1.1" 200 8132 "http://www.bostonbravessoftball.com/" "Mozilla/5.0 (Windows NT 6.1; WOW64) AppleWebKit/537.36 (KHTML, like Gecko) Chrome/28.0.1500.95 Safari/537.36"
71.232.34.4 - - [12/Aug/2013:19:25:38 -0400] "GET /images/215_IMG_5080-001.JPG HTTP/1.1" 200 14139 "http://www.bostonbravessoftball.com/" "Mozilla/5.0 (Windows NT 6.1; WOW64) AppleWebKit/537.36 (KHTML, like Gecko) Chrome/28.0.1500.95 Safari/537.36"
71.232.34.4 - - [12/Aug/2013:19:25:40 -0400] "GET /favicon.ico HTTP/1.1" 404 575 "-" "Mozilla/5.0 (Windows NT 6.1; WOW64) AppleWebKit/537.36 (KHTML, like Gecko) Chrome/28.0.1500.95 Safari/537.36"
71.232.34.4 - - [12/Aug/2013:19:25:43 -0400] "GET /favicon.ico HTTP/1.1" 404 575 "-" "Mozilla/5.0 (Windows NT 6.1; WOW64) AppleWebKit/537.36 (KHTML, like Gecko) Chrome/28.0.1500.95 Safari/537.36"
70.192.8.104 - - [12/Aug/2013:20:54:18 -0400] "GET /apple-touch-icon-precomposed.png HTTP/1.1" 404 575 "-" "Mozilla/5.0 (Linux; Android 4.1.2; XT907 Build/9.8.1Q-78) AppleWebKit/537.31 (KHTML, like Gecko) Chrome/26.0.1410.58 Mobile Safari/537.31"
70.192.8.104 - - [12/Aug/2013:20:54:19 -0400] "GET /favicon.ico HTTP/1.1" 404 575 "-" "Mozilla/5.0 (Linux; Android 4.1.2; XT907 Build/9.8.1Q-78) AppleWebKit/537.31 (KHTML, like Gecko) Chrome/26.0.1410.58 Mobile Safari/537.31"
70.192.8.104 - - [12/Aug/2013:20:54:19 -0400] "GET /apple-touch-icon-precomposed.png HTTP/1.1" 404 575 "-" "Mozilla/5.0 (Linux; Android 4.1.2; XT907 Build/9.8.1Q-78) AppleWebKit/537.31 (KHTML, like Gecko) Chrome/26.0.1410.58 Mobile Safari/537.31"
70.192.8.104 - - [12/Aug/2013:20:54:19 -0400] "GET /apple-touch-icon.png HTTP/1.1" 404 575 "-" "Mozilla/5.0 (Linux; Android 4.1.2; XT907 Build/9.8.1Q-78) AppleWebKit/537.31 (KHTML, like Gecko) Chrome/26.0.1410.58 Mobile Safari/537.31"
199.21.99.74 - - [12/Aug/2013:07:52:05 -0400] "GET / HTTP/1.1" 200 33017 "-" "Mozilla/5.0 (compatible; YandexBot/3.0; +http://yandex.com/bots)"
70.192.3.30 - - [12/Aug/2013:16:03:24 -0400] "GET /scripts/user.js HTTP/1.1" 200 23762 "http://www.bostonbravessoftball.com/" "Mozilla/5.0 (compatible; MSIE 10.0; Windows Phone 8.0; Trident/6.0; IEMobile/10.0; ARM; Touch; HTC; HTC6990LVW)"
98.216.9.104 - - [12/Aug/2013:09:20:56 -0400] "GET /playoffs.html HTTP/1.1" 200 32263 "http://bostonbravessoftball.com/" "Mozilla/5.0 (Macintosh; Intel Mac OS X 10_6_8) AppleWebKit/537.36 (KHTML, like Gecko) Chrome/28.0.1500.95 Safari/537.36"
98.216.9.104 - - [12/Aug/2013:09:20:57 -0400] "GET /favicon.ico HTTP/1.1" 404 575 "-" "Mozilla/5.0 (Macintosh; Intel Mac OS X 10_6_8) AppleWebKit/537.36 (KHTML, like Gecko) Chrome/28.0.1500.95 Safari/537.36"
208.54.36.223 - - [12/Aug/2013:11:29:43 -0400] "GET /rules.html HTTP/1.1" 200 44414 "http://www.bostonbravessoftball.com/" "Mozilla/5.0 (iPhone; CPU iPhone OS 6_1_4 like Mac OS X) AppleWebKit/536.26 (KHTML, like Gecko) Version/6.0 Mobile/10B350 Safari/8536.25"
98.216.9.104 - - [12/Aug/2013:09:19:50 -0400] "GET /scripts/user.js HTTP/1.1" 304 - "http://bostonbravessoftball.com/" "Mozilla/5.0 (Macintosh; Intel Mac OS X 10_6_8) AppleWebKit/537.36 (KHTML, like Gecko) Chrome/28.0.1500.95 Safari/537.36"
98.216.9.104 - - [12/Aug/2013:09:19:50 -0400] "GET /scripts/print.css HTTP/1.1" 200 - "http://bostonbravessoftball.com/" "Mozilla/5.0 (Macintosh; Intel Mac OS X 10_6_8) AppleWebKit/537.36 (KHTML, like Gecko) Chrome/28.0.1500.95 Safari/537.36"
98.216.9.104 - - [12/Aug/2013:09:19:50 -0400] "GET /images/ic_069_accent_cover_wide.png HTTP/1.1" 200 22874 "http://bostonbravessoftball.com/" "Mozilla/5.0 (Macintosh; Intel Mac OS X 10_6_8) AppleWebKit/537.36 (KHTML, like Gecko) Chrome/28.0.1500.95 Safari/537.36"
66.249.75.179 - - [12/Aug/2013:01:38:48 -0400] "GET /images/Softball_Rules_2009.pdf HTTP/1.1" 304 - "-" "Mozilla/5.0 (compatible; Googlebot/2.1; +http://www.google.com/bot.html)"
65.55.24.238 - - [12/Aug/2013:13:48:52 -0400] "GET /home.html HTTP/1.1" 200 33017 "-" "Mozilla/5.0 (compatible; bingbot/2.0; +http://www.bing.com/bingbot.htm)"
98.118.29.101 - - [12/Aug/2013:16:48:05 -0400] "GET /scripts/user.js HTTP/1.1" 200 23762 "http://www.bostonbravessoftball.com/" "Mozilla/5.0 (Windows NT 6.1; WOW64) AppleWebKit/537.36 (KHTML, like Gecko) Chrome/28.0.1500.72 Safari/537.36"
98.118.29.101 - - [12/Aug/2013:16:48:05 -0400] "GET /scripts/icwebsiteelement.css HTTP/1.1" 200 8132 "http://www.bostonbravessoftball.com/" "Mozilla/5.0 (Windows NT 6.1; WOW64) AppleWebKit/537.36 (KHTML, like Gecko) Chrome/28.0.1500.72 Safari/537.36"
98.118.29.101 - - [12/Aug/2013:16:48:07 -0400] "GET /images/513_rhapsody-4.jpg HTTP/1.1" 200 47712 "http://www.bostonbravessoftball.com/" "Mozilla/5.0 (Windows NT 6.1; WOW64) AppleWebKit/537.36 (KHTML, like Gecko) Chrome/28.0.1500.72 Safari/537.36"
71.232.34.4 - - [12/Aug/2013:19:25:52 -0400] "GET /images/513_rhapsody-4.jpg HTTP/1.1" 206 1 "http://www.bostonbravessoftball.com/" "Mozilla/5.0 (Windows NT 6.1; WOW64) AppleWebKit/537.36 (KHTML, like Gecko) Chrome/28.0.1500.95 Safari/537.36"
71.232.34.4 - - [12/Aug/2013:19:25:52 -0400] "GET /images/513_rhapsody-4.jpg HTTP/1.1" 206 3264 "http://www.bostonbravessoftball.com/" "Mozilla/5.0 (Windows NT 6.1; WOW64) AppleWebKit/537.36 (KHTML, like Gecko) Chrome/28.0.1500.95 Safari/537.36"
71.232.34.4 - - [12/Aug/2013:19:25:53 -0400] "GET /favicon.ico HTTP/1.1" 404 575 "-" "Mozilla/5.0 (Windows NT 6.1; WOW64) AppleWebKit/537.36 (KHTML, like Gecko) Chrome/28.0.1500.95 Safari/537.36"
71.232.34.4 - - [12/Aug/2013:19:25:54 -0400] "GET /scheduleresults.html HTTP/1.1" 200 49267 "http://www.bostonbravessoftball.com/" "Mozilla/5.0 (Windows NT 6.1; WOW64) AppleWebKit/537.36 (KHTML, like Gecko) Chrome/28.0.1500.95 Safari/537.36"
71.232.34.4 - - [12/Aug/2013:19:25:54 -0400] "GET /scripts/3custom.css HTTP/1.1" 200 17358 "http://www.bostonbravessoftball.com/scheduleresults.html" "Mozilla/5.0 (Windows NT 6.1; WOW64) AppleWebKit/537.36 (KHTML, like Gecko) Chrome/28.0.1500.95 Safari/537.36"
70.192.8.104 - - [12/Aug/2013:20:52:22 -0400] "GET /scripts/user.js HTTP/1.1" 200 23762 "http://www.bostonbravessoftball.com/" "Mozilla/5.0 (Linux; Android 4.1.2; XT907 Build/9.8.1Q-78) AppleWebKit/537.31 (KHTML, like Gecko) Chrome/26.0.1410.58 Mobile Safari/537.31"
70.192.8.104 - - [12/Aug/2013:20:52:23 -0400] "GET /images/ic_069_accent_cover_wide.png HTTP/1.1" 200 22874 "http://www.bostonbravessoftball.com/" "Mozilla/5.0 (Linux; Android 4.1.2; XT907 Build/9.8.1Q-78) AppleWebKit/537.31 (KHTML, like Gecko) Chrome/26.0.1410.58 Mobile Safari/537.31"
70.192.8.104 - - [12/Aug/2013:20:52:26 -0400] "GET /apple-touch-icon-precomposed.png HTTP/1.1" 404 575 "-" "Mozilla/5.0 (Linux; Android 4.1.2; XT907 Build/9.8.1Q-78) AppleWebKit/537.31 (KHTML, like Gecko) Chrome/26.0.1410.58 Mobile Safari/537.31"
70.192.8.104 - - [12/Aug/2013:20:52:26 -0400] "GET /apple-touch-icon.png HTTP/1.1" 404 575 "-" "Mozilla/5.0 (Linux; Android 4.1.2; XT907 Build/9.8.1Q-78) AppleWebKit/537.31 (KHTML, like Gecko) Chrome/26.0.1410.58 Mobile Safari/537.31"
70.192.8.104 - - [12/Aug/2013:20:52:27 -0400] "GET /favicon.ico HTTP/1.1" 404 575 "-" "Mozilla/5.0 (Linux; Android 4.1.2; XT907 Build/9.8.1Q-78) AppleWebKit/537.31 (KHTML, like Gecko) Chrome/26.0.1410.58 Mobile Safari/537.31"
71.232.79.28 - - [12/Aug/2013:19:05:40 -0400] "GET /playoffs.html HTTP/1.1" 200 32263 "http://www.bostonbravessoftball.com/" "Mozilla/5.0 (iPhone; CPU iPhone OS 6_1_4 like Mac OS X) AppleWebKit/536.26 (KHTML, like Gecko) Version/6.0 Mobile/10B350 Safari/8536.25"
71.232.34.4 - - [12/Aug/2013:19:25:37 -0400] "GET /scripts/template.css HTTP/1.1" 200 5434 "http://www.bostonbravessoftball.com/" "Mozilla/5.0 (Windows NT 6.1; WOW64) AppleWebKit/537.36 (KHTML, like Gecko) Chrome/28.0.1500.95 Safari/537.36"
66.249.75.73 - - [12/Aug/2013:20:44:24 -0400] "GET /scripts/website.css HTTP/1.1" 200 1740 "-" "Mozilla/5.0 (compatible; Googlebot/2.1; +http://www.google.com/bot.html)"
76.19.114.191 - - [12/Aug/2013:21:54:44 -0400] "GET /scheduleresults.html HTTP/1.1" 200 49267 "http://www.bostonbravessoftball.com/" "Mozilla/5.0 (iPhone; CPU iPhone OS 6_1_4 like Mac OS X) AppleWebKit/536.26 (KHTML, like Gecko) Version/6.0 Mobile/10B350 Safari/8536.25"
76.19.114.191 - - [12/Aug/2013:21:54:46 -0400] "GET /images/doc_pdf.gif HTTP/1.1" 200 1002 "http://www.bostonbravessoftball.com/scheduleresults.html" "Mozilla/5.0 (iPhone; CPU iPhone OS 6_1_4 like Mac OS X) AppleWebKit/536.26 (KHTML, like Gecko) Version/6.0 Mobile/10B350 Safari/8536.25"
5.9.149.166 - - [12/Aug/2013:15:53:03 -0400] "GET / HTTP/1.1" 200 3048 "-" "Mozilla/4.0 (compatible; MSIE 5.5; Windows NT)"
77.78.109.73 - - [12/Aug/2013:16:01:19 -0400] "GET / HTTP/1.1" 200 3048 "http://www.pagesinventory.com/domain/www.frutman.com.html" "Mozilla/5.0 (Windows; U; Windows NT 5.1; cs; rv:1.9.0.11) Gecko/2009060215 Firefox/3.0.11"
98.118.29.101 - - [12/Aug/2013:16:48:06 -0400] "GET /scripts/1custom.css HTTP/1.1" 200 4186 "http://www.bostonbravessoftball.com/" "Mozilla/5.0 (Windows NT 6.1; WOW64) AppleWebKit/537.36 (KHTML, like Gecko) Chrome/28.0.1500.72 Safari/537.36"
98.118.29.101 - - [12/Aug/2013:16:48:07 -0400] "GET /scripts/ic_globals_published.js HTTP/1.1" 200 566 "http://www.bostonbravessoftball.com/" "Mozilla/5.0 (Windows NT 6.1; WOW64) AppleWebKit/537.36 (KHTML, like Gecko) Chrome/28.0.1500.72 Safari/537.36"
98.118.29.101 - - [12/Aug/2013:16:48:07 -0400] "GET /scripts/print.css HTTP/1.1" 200 - "http://www.bostonbravessoftball.com/" "Mozilla/5.0 (Windows NT 6.1; WOW64) AppleWebKit/537.36 (KHTML, like Gecko) Chrome/28.0.1500.72 Safari/537.36"
98.118.29.101 - - [12/Aug/2013:16:48:07 -0400] "GET /images/041101_1976_1073_asls.jpg HTTP/1.1" 200 9302 "http://www.bostonbravessoftball.com/" "Mozilla/5.0 (Windows NT 6.1; WOW64) AppleWebKit/537.36 (KHTML, like Gecko) Chrome/28.0.1500.72 Safari/537.36"
208.54.36.223 - - [12/Aug/2013:11:29:09 -0400] "GET / HTTP/1.1" 200 33017 "https://www.google.com/" "Mozilla/5.0 (iPhone; CPU iPhone OS 6_1_4 like Mac OS X) AppleWebKit/536.26 (KHTML, like Gecko) Version/6.0 Mobile/10B350 Safari/8536.25"
208.54.36.223 - - [12/Aug/2013:11:29:10 -0400] "GET /images/215_IMG_5080-001.JPG HTTP/1.1" 200 14139 "http://www.bostonbravessoftball.com/" "Mozilla/5.0 (iPhone; CPU iPhone OS 6_1_4 like Mac OS X) AppleWebKit/536.26 (KHTML, like Gecko) Version/6.0 Mobile/10B350 Safari/8536.25"
208.54.36.223 - - [12/Aug/2013:11:29:10 -0400] "GET /scripts/print.css HTTP/1.1" 200 - "http://www.bostonbravessoftball.com/" "Mozilla/5.0 (iPhone; CPU iPhone OS 6_1_4 like Mac OS X) AppleWebKit/536.26 (KHTML, like Gecko) Version/6.0 Mobile/10B350 Safari/8536.25"
54.208.112.146 - - [12/Aug/2013:01:20:24 -0400] "GET / HTTP/1.1" 403 660 "-" "Mozilla/5.0 (Macintosh; Intel Mac OS X 10.6; rv:15.0) Gecko/20100101 Firefox/15.0.1"
54.208.112.146 - - [12/Aug/2013:01:20:24 -0400] "GET / HTTP/1.1" 403 660 "-" "Mozilla/5.0 (Macintosh; Intel Mac OS X 10.6; rv:15.0) Gecko/20100101 Firefox/15.0.1"
66.249.75.107 - - [12/Aug/2013:02:37:06 -0400] "GET /robots.txt HTTP/1.1" 404 575 "-" "Mozilla/5.0 (compatible; Googlebot/2.1; +http://www.google.com/bot.html)"
46.242.25.172 - - [12/Aug/2013:19:20:51 -0400] "HEAD / HTTP/1.0" 403 - "-" "Mozilla/4.73 [en] (X11; U; Linux 2.2.15 i686)"
173.199.119.35 - - [12/Aug/2013:19:24:12 -0400] "GET /davenport-gap-shelter HTTP/1.1" 404 575 "-" "Mozilla/5.0 (compatible; AhrefsBot/4.0; +http://ahrefs.com/robot/)"
70.192.8.104 - - [12/Aug/2013:21:25:32 -0400] "GET /apple-touch-icon-precomposed.png HTTP/1.1" 404 575 "-" "Mozilla/5.0 (Linux; Android 4.1.2; XT907 Build/9.8.1Q-78) AppleWebKit/537.31 (KHTML, like Gecko) Chrome/26.0.1410.58 Mobile Safari/537.31"
70.192.8.104 - - [12/Aug/2013:21:25:32 -0400] "GET /apple-touch-icon-precomposed.png HTTP/1.1" 404 575 "-" "Mozilla/5.0 (Linux; Android 4.1.2; XT907 Build/9.8.1Q-78) AppleWebKit/537.31 (KHTML, like Gecko) Chrome/26.0.1410.58 Mobile Safari/537.31"
70.192.8.104 - - [12/Aug/2013:21:25:32 -0400] "GET /favicon.ico HTTP/1.1" 404 575 "-" "Mozilla/5.0 (Linux; Android 4.1.2; XT907 Build/9.8.1Q-78) AppleWebKit/537.31 (KHTML, like Gecko) Chrome/26.0.1410.58 Mobile Safari/537.31"
74.94.189.65 - - [12/Aug/2013:15:26:12 -0400] "GET /scripts/user.js HTTP/1.1" 200 23762 "http://www.bostonbravessoftball.com/" "Mozilla/5.0 (Windows NT 6.1; WOW64) AppleWebKit/537.36 (KHTML, like Gecko) Chrome/28.0.1500.95 Safari/537.36"
74.94.189.65 - - [12/Aug/2013:15:26:13 -0400] "GET /scripts/print.css HTTP/1.1" 200 - "http://www.bostonbravessoftball.com/" "Mozilla/5.0 (Windows NT 6.1; WOW64) AppleWebKit/537.36 (KHTML, like Gecko) Chrome/28.0.1500.95 Safari/537.36"
98.118.29.101 - - [12/Aug/2013:16:48:05 -0400] "GET /scripts/photoalbum.js HTTP/1.1" 200 62481 "http://www.bostonbravessoftball.com/" "Mozilla/5.0 (Windows NT 6.1; WOW64) AppleWebKit/537.36 (KHTML, like Gecko) Chrome/28.0.1500.72 Safari/537.36"
98.118.29.101 - - [12/Aug/2013:16:48:07 -0400] "GET /images/386_100_3998.jpg HTTP/1.1" 200 21822 "http://www.bostonbravessoftball.com/" "Mozilla/5.0 (Windows NT 6.1; WOW64) AppleWebKit/537.36 (KHTML, like Gecko) Chrome/28.0.1500.72 Safari/537.36"
4.59.85.66 - - [12/Aug/2013:12:04:30 -0400] "GET /scripts/1custom.css HTTP/1.1" 200 4186 "http://bostonbravessoftball.com/" "Mozilla/5.0 (compatible; MSIE 10.0; Windows NT 6.1; WOW64; Trident/6.0)"
4.59.85.66 - - [12/Aug/2013:12:04:30 -0400] "GET /images/ic_069_accent_cover_wide.png HTTP/1.1" 200 22874 "http://bostonbravessoftball.com/" "Mozilla/5.0 (compatible; MSIE 10.0; Windows NT 6.1; WOW64; Trident/6.0)"
74.94.189.65 - - [12/Aug/2013:15:27:46 -0400] "GET /favicon.ico HTTP/1.1" 404 575 "-" "Mozilla/5.0 (Windows NT 6.1; WOW64) AppleWebKit/537.36 (KHTML, like Gecko) Chrome/28.0.1500.95 Safari/537.36"
74.94.189.65 - - [12/Aug/2013:15:27:49 -0400] "GET /favicon.ico HTTP/1.1" 404 575 "-" "Mozilla/5.0 (Windows NT 6.1; WOW64) AppleWebKit/537.36 (KHTML, like Gecko) Chrome/28.0.1500.95 Safari/537.36"
204.236.207.11 - - [12/Aug/2013:17:33:41 -0400] "GET /Wedding/index.htm HTTP/1.1" 200 8249 "-" "Mozilla/5.0 (compatible; linkdexbot/2.0; +http://www.linkdex.com/about/bots/)"
66.249.75.73 - - [12/Aug/2013:09:29:56 -0400] "GET / HTTP/1.1" 200 33017 "-" "Mozilla/5.0 (compatible; Googlebot/2.1; +http://www.google.com/bot.html)"
66.249.75.179 - - [12/Aug/2013:10:07:15 -0400] "GET / HTTP/1.1" 200 33017 "-" "DoCoMo/2.0 N905i(c100;TB;W24H16) (compatible; Googlebot-Mobile/2.1; +http://www.google.com/bot.html)"
130.185.109.239 - - [12/Aug/2013:04:24:57 -0400] "GET / HTTP/1.1" 403 660 "-" "PagesInventory (robot +http://www.pagesinventory.com)"
199.21.99.74 - - [12/Aug/2013:06:47:38 -0400] "GET / HTTP/1.1" 200 33017 "-" "Mozilla/5.0 (compatible; YandexBot/3.0; +http://yandex.com/bots)"
4.59.85.66 - - [12/Aug/2013:12:04:43 -0400] "GET /playoffs.html HTTP/1.1" 200 32263 "http://bostonbravessoftball.com/" "Mozilla/5.0 (compatible; MSIE 10.0; Windows NT 6.1; WOW64; Trident/6.0)"
4.59.85.66 - - [12/Aug/2013:12:04:43 -0400] "GET /scripts/2custom.css HTTP/1.1" 200 3499 "http://bostonbravessoftball.com/playoffs.html" "Mozilla/5.0 (compatible; MSIE 10.0; Windows NT 6.1; WOW64; Trident/6.0)"
130.185.109.239 - - [12/Aug/2013:17:24:03 -0400] "GET / HTTP/1.1" 403 660 "-" "PagesInventory (robot +http://www.pagesinventory.com)"
76.19.114.191 - - [12/Aug/2013:21:53:55 -0400] "GET /images/386_100_3998.jpg HTTP/1.1" 200 21822 "http://www.bostonbravessoftball.com/" "Mozilla/5.0 (iPhone; CPU iPhone OS 6_1_4 like Mac OS X) AppleWebKit/536.26 (KHTML, like Gecko) Version/6.0 Mobile/10B350 Safari/8536.25"
199.21.99.74 - - [12/Aug/2013:07:52:04 -0400] "GET / HTTP/1.1" 200 33017 "-" "Mozilla/5.0 (compatible; YandexBot/3.0; +http://yandex.com/bots)"
70.192.3.30 - - [12/Aug/2013:16:03:24 -0400] "GET /scripts/1custom.css HTTP/1.1" 200 4186 "http://www.bostonbravessoftball.com/" "Mozilla/5.0 (compatible; MSIE 10.0; Windows Phone 8.0; Trident/6.0; IEMobile/10.0; ARM; Touch; HTC; HTC6990LVW)"
70.192.3.30 - - [12/Aug/2013:16:03:24 -0400] "GET /images/215_IMG_5080-001.JPG HTTP/1.1" 304 - "http://www.bostonbravessoftball.com/" "Mozilla/5.0 (compatible; MSIE 10.0; Windows Phone 8.0; Trident/6.0; IEMobile/10.0; ARM; Touch; HTC; HTC6990LVW)"
157.55.34.166 - - [12/Aug/2013:05:21:33 -0400] "GET /robots.txt HTTP/1.1" 200 25 "-" "Mozilla/5.0 (compatible; bingbot/2.0; +http://www.bing.com/bingbot.htm)"
98.216.9.104 - - [12/Aug/2013:09:19:50 -0400] "GET /scripts/1custom.css HTTP/1.1" 304 - "http://bostonbravessoftball.com/" "Mozilla/5.0 (Macintosh; Intel Mac OS X 10_6_8) AppleWebKit/537.36 (KHTML, like Gecko) Chrome/28.0.1500.95 Safari/537.36"
98.216.9.104 - - [12/Aug/2013:09:19:50 -0400] "GET /images/215_IMG_5080-001.JPG HTTP/1.1" 200 14139 "http://bostonbravessoftball.com/" "Mozilla/5.0 (Macintosh; Intel Mac OS X 10_6_8) AppleWebKit/537.36 (KHTML, like Gecko) Chrome/28.0.1500.95 Safari/537.36"
98.216.9.104 - - [12/Aug/2013:09:20:56 -0400] "GET /scripts/2custom.css HTTP/1.1" 200 3499 "http://bostonbravessoftball.com/playoffs.html" "Mozilla/5.0 (Macintosh; Intel Mac OS X 10_6_8) AppleWebKit/537.36 (KHTML, like Gecko) Chrome/28.0.1500.95 Safari/537.36"
76.19.114.191 - - [12/Aug/2013:21:53:50 -0400] "GET / HTTP/1.1" 200 33017 "-" "Mozilla/5.0 (iPhone; CPU iPhone OS 6_1_4 like Mac OS X) AppleWebKit/536.26 (KHTML, like Gecko) Version/6.0 Mobile/10B350 Safari/8536.25"
220.181.89.166 - - [12/Aug/2013:01:03:54 -0400] "GET /robots.txt HTTP/1.1" 200 25 "-" "Sogou web spider/4.0"
54.211.22.202 - - [12/Aug/2013:07:13:51 -0400] "HEAD / HTTP/1.1" 403 - "-" "python-requests/1.1.0 CPython/2.7.4 Linux/3.8.0-19-generic"
157.55.34.177 - - [12/Aug/2013:13:52:22 -0400] "GET / HTTP/1.1" 200 33017 "-" "Mozilla/5.0 (compatible; bingbot/2.0; +http://www.bing.com/bingbot.htm)"
70.192.3.30 - - [12/Aug/2013:16:06:43 -0400] "GET /scripts/3custom.css HTTP/1.1" 200 17358 "http://www.bostonbravessoftball.com/scheduleresults.html" "Mozilla/5.0 (compatible; MSIE 10.0; Windows Phone 8.0; Trident/6.0; IEMobile/10.0; ARM; Touch; HTC; HTC6990LVW)"
98.229.31.127 - - [12/Aug/2013:17:38:54 -0400] "GET /scripts/user.js HTTP/1.1" 200 23762 "http://bostonbravessoftball.com/scheduleresults.html" "Mozilla/5.0 (Windows NT 6.1; WOW64) AppleWebKit/537.36 (KHTML, like Gecko) Chrome/28.0.1500.95 Safari/537.36"
66.249.75.73 - - [12/Aug/2013:20:44:22 -0400] "GET /scripts/icwebsiteelement.css HTTP/1.1" 200 8132 "-" "Mozilla/5.0 (compatible; Googlebot/2.1; +http://www.google.com/bot.html)"
208.54.36.223 - - [12/Aug/2013:11:29:10 -0400] "GET /scripts/website.css HTTP/1.1" 200 1740 "http://www.bostonbravessoftball.com/" "Mozilla/5.0 (iPhone; CPU iPhone OS 6_1_4 like Mac OS X) AppleWebKit/536.26 (KHTML, like Gecko) Version/6.0 Mobile/10B350 Safari/8536.25"
208.54.36.223 - - [12/Aug/2013:11:29:51 -0400] "GET /playoffs.html HTTP/1.1" 200 32263 "http://www.bostonbravessoftball.com/" "Mozilla/5.0 (iPhone; CPU iPhone OS 6_1_4 like Mac OS X) AppleWebKit/536.26 (KHTML, like Gecko) Version/6.0 Mobile/10B350 Safari/8536.25"
76.19.114.191 - - [12/Aug/2013:21:53:56 -0400] "GET /images/513_rhapsody-4.jpg HTTP/1.1" 200 47712 "http://www.bostonbravessoftball.com/" "Mozilla/5.0 (iPhone; CPU iPhone OS 6_1_4 like Mac OS X) AppleWebKit/536.26 (KHTML, like Gecko) Version/6.0 Mobile/10B350 Safari/8536.25"
4.59.85.66 - - [12/Aug/2013:12:04:30 -0400] "GET /scripts/icwebsiteelement.css HTTP/1.1" 200 8132 "http://bostonbravessoftball.com/" "Mozilla/5.0 (compatible; MSIE 10.0; Windows NT 6.1; WOW64; Trident/6.0)"
70.192.3.30 - - [12/Aug/2013:16:05:49 -0400] "GET /playoffs.html HTTP/1.1" 200 32263 "http://www.bostonbravessoftball.com/" "Mozilla/5.0 (compatible; MSIE 10.0; Windows Phone 8.0; Trident/6.0; IEMobile/10.0; ARM; Touch; HTC; HTC6990LVW)"
70.192.3.30 - - [12/Aug/2013:16:06:42 -0400] "GET /scheduleresults.html HTTP/1.1" 200 49267 "http://www.bostonbravessoftball.com/playoffs.html" "Mozilla/5.0 (compatible; MSIE 10.0; Windows Phone 8.0; Trident/6.0; IEMobile/10.0; ARM; Touch; HTC; HTC6990LVW)"
70.192.8.104 - - [12/Aug/2013:20:52:21 -0400] "GET / HTTP/1.1" 200 33017 "http://www.google.com/search?ei=-YIJUvfQEcnk4APcsYCoBQ&q=peckers+boston+softball&oq=peckers+boston+softball&gs_l=mobile-gws-serp.12...17603.26255.0.28012.8.8.0.0.0.0.392.1531.0j6j1j1.8.0....0...1c.1.24.mobile-gws-serp..7.1.168.4upgS1uYBAc" "Mozilla/5.0 (Linux; Android 4.1.2; XT907 Build/9.8.1Q-78) AppleWebKit/537.31 (KHTML, like Gecko) Chrome/26.0.1410.58 Mobile Safari/537.31"
70.192.8.104 - - [12/Aug/2013:20:52:22 -0400] "GET /scripts/1custom.css HTTP/1.1" 200 4186 "http://www.bostonbravessoftball.com/" "Mozilla/5.0 (Linux; Android 4.1.2; XT907 Build/9.8.1Q-78) AppleWebKit/537.31 (KHTML, like Gecko) Chrome/26.0.1410.58 Mobile Safari/537.31"
70.192.8.104 - - [12/Aug/2013:20:52:22 -0400] "GET /scripts/photoalbum.js HTTP/1.1" 200 62481 "http://www.bostonbravessoftball.com/" "Mozilla/5.0 (Linux; Android 4.1.2; XT907 Build/9.8.1Q-78) AppleWebKit/537.31 (KHTML, like Gecko) Chrome/26.0.1410.58 Mobile Safari/537.31"
70.192.8.104 - - [12/Aug/2013:20:52:23 -0400] "GET /images/041101_1976_1073_asls.jpg HTTP/1.1" 200 9302 "http://www.bostonbravessoftball.com/" "Mozilla/5.0 (Linux; Android 4.1.2; XT907 Build/9.8.1Q-78) AppleWebKit/537.31 (KHTML, like Gecko) Chrome/26.0.1410.58 Mobile Safari/537.31"
70.192.8.104 - - [12/Aug/2013:20:52:26 -0400] "GET /apple-touch-icon-precomposed.png HTTP/1.1" 404 575 "-" "Mozilla/5.0 (Linux; Android 4.1.2; XT907 Build/9.8.1Q-78) AppleWebKit/537.31 (KHTML, like Gecko) Chrome/26.0.1410.58 Mobile Safari/537.31"
74.94.189.65 - - [12/Aug/2013:15:26:12 -0400] "GET /scripts/template.css HTTP/1.1" 200 5434 "http://www.bostonbravessoftball.com/" "Mozilla/5.0 (Windows NT 6.1; WOW64) AppleWebKit/537.36 (KHTML, like Gecko) Chrome/28.0.1500.95 Safari/537.36"
70.192.8.104 - - [12/Aug/2013:21:25:32 -0400] "GET /apple-touch-icon.png HTTP/1.1" 404 575 "-" "Mozilla/5.0 (Linux; Android 4.1.2; XT907 Build/9.8.1Q-78) AppleWebKit/537.31 (KHTML, like Gecko) Chrome/26.0.1410.58 Mobile Safari/537.31"
70.192.8.104 - - [12/Aug/2013:21:25:33 -0400] "GET /apple-touch-icon.png HTTP/1.1" 404 575 "-" "Mozilla/5.0 (Linux; Android 4.1.2; XT907 Build/9.8.1Q-78) AppleWebKit/537.31 (KHTML, like Gecko) Chrome/26.0.1410.58 Mobile Safari/537.31"
98.216.9.104 - - [12/Aug/2013:09:19:50 -0400] "GET /scripts/website.css HTTP/1.1" 304 - "http://bostonbravessoftball.com/" "Mozilla/5.0 (Macintosh; Intel Mac OS X 10_6_8) AppleWebKit/537.36 (KHTML, like Gecko) Chrome/28.0.1500.95 Safari/537.36"
98.216.9.104 - - [12/Aug/2013:09:19:50 -0400] "GET /images/041101_1976_1073_asls.jpg HTTP/1.1" 200 9302 "http://bostonbravessoftball.com/" "Mozilla/5.0 (Macintosh; Intel Mac OS X 10_6_8) AppleWebKit/537.36 (KHTML, like Gecko) Chrome/28.0.1500.95 Safari/537.36"
123.125.71.78 - - [12/Aug/2013:10:27:36 -0400] "GET /robots.txt HTTP/1.1" 200 25 "-" "Mozilla/5.0 (compatible; Baiduspider/2.0; +http://www.baidu.com/search/spider.html)"
199.21.99.74 - - [12/Aug/2013:07:51:58 -0400] "GET / HTTP/1.1" 200 33017 "-" "Mozilla/5.0 (compatible; YandexBot/3.0; +http://yandex.com/bots)"
71.232.34.4 - - [12/Aug/2013:19:25:37 -0400] "GET /scripts/ic_globals_published.js HTTP/1.1" 200 566 "http://www.bostonbravessoftball.com/" "Mozilla/5.0 (Windows NT 6.1; WOW64) AppleWebKit/537.36 (KHTML, like Gecko) Chrome/28.0.1500.95 Safari/537.36"
71.232.34.4 - - [12/Aug/2013:19:25:37 -0400] "GET /scripts/user.js HTTP/1.1" 200 23762 "http://www.bostonbravessoftball.com/" "Mozilla/5.0 (Windows NT 6.1; WOW64) AppleWebKit/537.36 (KHTML, like Gecko) Chrome/28.0.1500.95 Safari/537.36"
71.232.34.4 - - [12/Aug/2013:19:25:38 -0400] "GET /scripts/print.css HTTP/1.1" 200 - "http://www.bostonbravessoftball.com/" "Mozilla/5.0 (Windows NT 6.1; WOW64) AppleWebKit/537.36 (KHTML, like Gecko) Chrome/28.0.1500.95 Safari/537.36"
71.232.34.4 - - [12/Aug/2013:19:25:38 -0400] "GET /images/513_rhapsody-4.jpg HTTP/1.1" 200 47712 "http://www.bostonbravessoftball.com/" "Mozilla/5.0 (Windows NT 6.1; WOW64) AppleWebKit/537.36 (KHTML, like Gecko) Chrome/28.0.1500.95 Safari/537.36"
208.54.36.223 - - [12/Aug/2013:11:29:10 -0400] "GET /scripts/photoalbum.js HTTP/1.1" 200 62481 "http://www.bostonbravessoftball.com/" "Mozilla/5.0 (iPhone; CPU iPhone OS 6_1_4 like Mac OS X) AppleWebKit/536.26 (KHTML, like Gecko) Version/6.0 Mobile/10B350 Safari/8536.25"
208.54.36.223 - - [12/Aug/2013:11:29:10 -0400] "GET /images/513_rhapsody-4.jpg HTTP/1.1" 200 47712 "http://www.bostonbravessoftball.com/" "Mozilla/5.0 (iPhone; CPU iPhone OS 6_1_4 like Mac OS X) AppleWebKit/536.26 (KHTML, like Gecko) Version/6.0 Mobile/10B350 Safari/8536.25"
66.249.75.179 - - [12/Aug/2013:17:38:33 -0400] "GET /home.html HTTP/1.1" 304 - "-" "Mozilla/5.0 (compatible; Googlebot/2.1; +http://www.google.com/bot.html)"
71.232.79.28 - - [12/Aug/2013:19:04:37 -0400] "GET /scripts/template.css HTTP/1.1" 200 5434 "http://www.bostonbravessoftball.com/" "Mozilla/5.0 (iPhone; CPU iPhone OS 6_1_4 like Mac OS X) AppleWebKit/536.26 (KHTML, like Gecko) Version/6.0 Mobile/10B350 Safari/8536.25"
76.19.114.191 - - [12/Aug/2013:21:53:38 -0400] "GET /images/Softball_Rules_2009.pdf HTTP/1.1" 200 40041 "https://www.google.com/" "Mozilla/5.0 (iPhone; CPU iPhone OS 6_1_4 like Mac OS X) AppleWebKit/536.26 (KHTML, like Gecko) Version/6.0 Mobile/10B350 Safari/8536.25"
76.19.114.191 - - [12/Aug/2013:21:53:55 -0400] "GET /images/215_IMG_5080-001.JPG HTTP/1.1" 200 14139 "http://www.bostonbravessoftball.com/" "Mozilla/5.0 (iPhone; CPU iPhone OS 6_1_4 like Mac OS X) AppleWebKit/536.26 (KHTML, like Gecko) Version/6.0 Mobile/10B350 Safari/8536.25"
208.54.36.223 - - [12/Aug/2013:11:29:52 -0400] "GET /scripts/2custom.css HTTP/1.1" 200 3499 "http://www.bostonbravessoftball.com/playoffs.html" "Mozilla/5.0 (iPhone; CPU iPhone OS 6_1_4 like Mac OS X) AppleWebKit/536.26 (KHTML, like Gecko) Version/6.0 Mobile/10B350 Safari/8536.25"
70.192.3.30 - - [12/Aug/2013:16:03:27 -0400] "GET /scripts/template.css HTTP/1.1" 200 5434 "http://www.bostonbravessoftball.com/" "Mozilla/5.0 (compatible; MSIE 10.0; Windows Phone 8.0; Trident/6.0; IEMobile/10.0; ARM; Touch; HTC; HTC6990LVW)"
70.192.3.30 - - [12/Aug/2013:16:03:28 -0400] "GET /images/041101_1976_1073_asls.jpg HTTP/1.1" 200 9302 "http://www.bostonbravessoftball.com/" "Mozilla/5.0 (compatible; MSIE 10.0; Windows Phone 8.0; Trident/6.0; IEMobile/10.0; ARM; Touch; HTC; HTC6990LVW)"
70.192.3.30 - - [12/Aug/2013:16:07:21 -0400] "GET /home.html HTTP/1.1" 200 33017 "http://www.bostonbravessoftball.com/home.html" "Mozilla/5.0 (compatible; MSIE 10.0; Windows Phone 8.0; Trident/6.0; IEMobile/10.0; ARM; Touch; HTC; HTC6990LVW)"
98.229.31.127 - - [12/Aug/2013:17:38:58 -0400] "GET /scripts/website.css HTTP/1.1" 200 1740 "http://bostonbravessoftball.com/scheduleresults.html" "Mozilla/5.0 (Windows NT 6.1; WOW64) AppleWebKit/537.36 (KHTML, like Gecko) Chrome/28.0.1500.95 Safari/537.36"
98.229.31.127 - - [12/Aug/2013:17:38:58 -0400] "GET /images/041101_1976_1073_asls.jpg HTTP/1.1" 200 9302 "http://bostonbravessoftball.com/scheduleresults.html" "Mozilla/5.0 (Windows NT 6.1; WOW64) AppleWebKit/537.36 (KHTML, like Gecko) Chrome/28.0.1500.95 Safari/537.36"
10.30.72.4 - - [12/Aug/2013:04:45:28 -0400] "GET /newspaper-article-layout-word-611.jpg HTTP/1.1" 404 575 "-" "Mozilla/4.0 (compatible; MSIE 6.0; Windows NT 5.2; SV1; .NET CLR 2.0.50727; InfoPath.1)"
66.249.75.179 - - [12/Aug/2013:09:33:58 -0400] "GET /scripts/website.css HTTP/1.1" 200 1740 "-" "Mozilla/5.0 (compatible; Googlebot/2.1; +http://www.google.com/bot.html)"
76.19.114.191 - - [12/Aug/2013:21:53:50 -0400] "GET /scripts/icwebsiteelement.css HTTP/1.1" 200 8132 "http://www.bostonbravessoftball.com/" "Mozilla/5.0 (iPhone; CPU iPhone OS 6_1_4 like Mac OS X) AppleWebKit/536.26 (KHTML, like Gecko) Version/6.0 Mobile/10B350 Safari/8536.25"
10.30.72.4 - - [12/Aug/2013:14:55:21 -0400] "GET /newspaper-article-layout-word-611.jpg HTTP/1.1" 404 575 "-" "Mozilla/4.0 (compatible; MSIE 6.0; Windows NT 5.2; SV1; .NET CLR 2.0.50727; InfoPath.1)"
5.9.149.166 - - [12/Aug/2013:15:53:01 -0400] "GET /robots.txt HTTP/1.1" 404 575 "-" "Mozilla/4.0 (compatible; MSIE 5.5; Windows NT)"
98.118.29.101 - - [12/Aug/2013:16:48:27 -0400] "GET /scheduleresults.html HTTP/1.1" 200 49267 "http://www.bostonbravessoftball.com/" "Mozilla/5.0 (Windows NT 6.1; WOW64) AppleWebKit/537.36 (KHTML, like Gecko) Chrome/28.0.1500.72 Safari/537.36"
98.118.29.101 - - [12/Aug/2013:16:48:27 -0400] "GET /scripts/3custom.css HTTP/1.1" 200 17358 "http://www.bostonbravessoftball.com/scheduleresults.html" "Mozilla/5.0 (Windows NT 6.1; WOW64) AppleWebKit/537.36 (KHTML, like Gecko) Chrome/28.0.1500.72 Safari/537.36"
98.118.29.101 - - [12/Aug/2013:16:48:28 -0400] "GET /scripts/2custom.css HTTP/1.1" 200 3499 "http://www.bostonbravessoftball.com/playoffs.html" "Mozilla/5.0 (Windows NT 6.1; WOW64) AppleWebKit/537.36 (KHTML, like Gecko) Chrome/28.0.1500.72 Safari/537.36"
98.118.29.101 - - [12/Aug/2013:16:48:28 -0400] "GET /favicon.ico HTTP/1.1" 404 575 "-" "Mozilla/5.0 (Windows NT 6.1; WOW64) AppleWebKit/537.36 (KHTML, like Gecko) Chrome/28.0.1500.72 Safari/537.36"
157.55.34.166 - - [12/Aug/2013:05:22:14 -0400] "GET /dr-simmons-tallahassee HTTP/1.1" 404 575 "-" "Mozilla/5.0 (compatible; bingbot/2.0; +http://www.bing.com/bingbot.htm)"
76.19.114.191 - - [12/Aug/2013:21:54:00 -0400] "GET /scripts/ic_globals_published.js HTTP/1.1" 200 566 "http://www.bostonbravessoftball.com/" "Mozilla/5.0 (iPhone; CPU iPhone OS 6_1_4 like Mac OS X) AppleWebKit/536.26 (KHTML, like Gecko) Version/6.0 Mobile/10B350 Safari/8536.25"
76.19.114.191 - - [12/Aug/2013:21:54:00 -0400] "GET /images/041101_1976_1073_asls.jpg HTTP/1.1" 200 9302 "http://www.bostonbravessoftball.com/" "Mozilla/5.0 (iPhone; CPU iPhone OS 6_1_4 like Mac OS X) AppleWebKit/536.26 (KHTML, like Gecko) Version/6.0 Mobile/10B350 Safari/8536.25"
76.19.114.191 - - [12/Aug/2013:21:54:01 -0400] "GET /scripts/print.css HTTP/1.1" 200 - "http://www.bostonbravessoftball.com/" "Mozilla/5.0 (iPhone; CPU iPhone OS 6_1_4 like Mac OS X) AppleWebKit/536.26 (KHTML, like Gecko) Version/6.0 Mobile/10B350 Safari/8536.25"
70.192.3.30 - - [12/Aug/2013:16:03:24 -0400] "GET /scripts/ic_globals_published.js HTTP/1.1" 200 566 "http://www.bostonbravessoftball.com/" "Mozilla/5.0 (compatible; MSIE 10.0; Windows Phone 8.0; Trident/6.0; IEMobile/10.0; ARM; Touch; HTC; HTC6990LVW)"
70.192.3.30 - - [12/Aug/2013:16:03:24 -0400] "GET /scripts/photoalbum.js HTTP/1.1" 200 62481 "http://www.bostonbravessoftball.com/" "Mozilla/5.0 (compatible; MSIE 10.0; Windows Phone 8.0; Trident/6.0; IEMobile/10.0; ARM; Touch; HTC; HTC6990LVW)"
71.232.34.4 - - [12/Aug/2013:19:25:28 -0400] "GET / HTTP/1.1" 200 33017 "https://www.google.com/" "Mozilla/5.0 (Windows NT 6.1; WOW64) AppleWebKit/537.36 (KHTML, like Gecko) Chrome/28.0.1500.95 Safari/537.36"
71.232.34.4 - - [12/Aug/2013:19:25:38 -0400] "GET /images/ic_069_accent_cover_wide.png HTTP/1.1" 200 22874 "http://www.bostonbravessoftball.com/" "Mozilla/5.0 (Windows NT 6.1; WOW64) AppleWebKit/537.36 (KHTML, like Gecko) Chrome/28.0.1500.95 Safari/537.36"
66.249.75.107 - - [12/Aug/2013:15:12:41 -0400] "GET /robots.txt HTTP/1.1" 404 575 "-" "Mozilla/5.0 (compatible; Googlebot/2.1; +http://www.google.com/bot.html)"
65.55.24.238 - - [12/Aug/2013:15:57:41 -0400] "GET /images/softball_schedule_2013_5_.pdf HTTP/1.1" 200 29822 "-" "Mozilla/5.0 (compatible; bingbot/2.0; +http://www.bing.com/bingbot.htm)"
208.54.36.223 - - [12/Aug/2013:11:29:44 -0400] "GET /scripts/5custom.css HTTP/1.1" 200 1477 "http://www.bostonbravessoftball.com/rules.html" "Mozilla/5.0 (iPhone; CPU iPhone OS 6_1_4 like Mac OS X) AppleWebKit/536.26 (KHTML, like Gecko) Version/6.0 Mobile/10B350 Safari/8536.25"
208.54.36.223 - - [12/Aug/2013:11:29:44 -0400] "GET /images/doc_pdf.gif HTTP/1.1" 200 1002 "http://www.bostonbravessoftball.com/rules.html" "Mozilla/5.0 (iPhone; CPU iPhone OS 6_1_4 like Mac OS X) AppleWebKit/536.26 (KHTML, like Gecko) Version/6.0 Mobile/10B350 Safari/8536.25"
71.232.34.4 - - [12/Aug/2013:19:25:54 -0400] "GET /images/doc_pdf.gif HTTP/1.1" 200 1002 "http://www.bostonbravessoftball.com/scheduleresults.html" "Mozilla/5.0 (Windows NT 6.1; WOW64) AppleWebKit/537.36 (KHTML, like Gecko) Chrome/28.0.1500.95 Safari/537.36"
71.232.34.4 - - [12/Aug/2013:19:25:55 -0400] "GET /favicon.ico HTTP/1.1" 404 575 "-" "Mozilla/5.0 (Windows NT 6.1; WOW64) AppleWebKit/537.36 (KHTML, like Gecko) Chrome/28.0.1500.95 Safari/537.36"
4.59.85.66 - - [12/Aug/2013:12:04:47 -0400] "GET /favicon.ico HTTP/1.1" 404 575 "-" "Mozilla/5.0 (compatible; MSIE 10.0; Windows NT 6.1; WOW64; Trident/6.0)"
76.19.114.191 - - [12/Aug/2013:21:53:50 -0400] "GET /scripts/1custom.css HTTP/1.1" 200 4186 "http://www.bostonbravessoftball.com/" "Mozilla/5.0 (iPhone; CPU iPhone OS 6_1_4 like Mac OS X) AppleWebKit/536.26 (KHTML, like Gecko) Version/6.0 Mobile/10B350 Safari/8536.25"
66.249.75.179 - - [12/Aug/2013:00:17:34 -0400] "GET /images/Softball-Schedule-2008.pdf HTTP/1.1" 304 - "-" "Mozilla/5.0 (compatible; Googlebot/2.1; +http://www.google.com/bot.html)"
66.249.75.179 - - [12/Aug/2013:12:00:17 -0400] "GET /pages/5/ HTTP/1.1" 200 119 "-" "Mozilla/5.0 (compatible; Googlebot/2.1; +http://www.google.com/bot.html)"
4.59.85.66 - - [12/Aug/2013:12:04:30 -0400] "GET / HTTP/1.1" 200 33017 "-" "Mozilla/5.0 (compatible; MSIE 10.0; Windows NT 6.1; WOW64; Trident/6.0)"
4.59.85.66 - - [12/Aug/2013:12:04:30 -0400] "GET /scripts/user.js HTTP/1.1" 200 23762 "http://bostonbravessoftball.com/" "Mozilla/5.0 (compatible; MSIE 10.0; Windows NT 6.1; WOW64; Trident/6.0)"
4.59.85.66 - - [12/Aug/2013:12:04:30 -0400] "GET /scripts/website.css HTTP/1.1" 200 1740 "http://bostonbravessoftball.com/" "Mozilla/5.0 (compatible; MSIE 10.0; Windows NT 6.1; WOW64; Trident/6.0)"
98.118.29.101 - - [12/Aug/2013:16:48:27 -0400] "GET /images/doc_pdf.gif HTTP/1.1" 200 1002 "http://www.bostonbravessoftball.com/scheduleresults.html" "Mozilla/5.0 (Windows NT 6.1; WOW64) AppleWebKit/537.36 (KHTML, like Gecko) Chrome/28.0.1500.72 Safari/537.36"
98.118.29.101 - - [12/Aug/2013:16:48:27 -0400] "GET /favicon.ico HTTP/1.1" 404 575 "-" "Mozilla/5.0 (Windows NT 6.1; WOW64) AppleWebKit/537.36 (KHTML, like Gecko) Chrome/28.0.1500.72 Safari/537.36"
98.118.29.101 - - [12/Aug/2013:16:48:27 -0400] "GET /playoffs.html HTTP/1.1" 200 32263 "http://www.bostonbravessoftball.com/scheduleresults.html" "Mozilla/5.0 (Windows NT 6.1; WOW64) AppleWebKit/537.36 (KHTML, like Gecko) Chrome/28.0.1500.72 Safari/537.36"
76.19.114.191 - - [12/Aug/2013:21:55:06 -0400] "GET /rules.html HTTP/1.1" 200 44414 "http://www.bostonbravessoftball.com/scheduleresults.html" "Mozilla/5.0 (iPhone; CPU iPhone OS 6_1_4 like Mac OS X) AppleWebKit/536.26 (KHTML, like Gecko) Version/6.0 Mobile/10B350 Safari/8536.25"
4.59.85.66 - - [12/Aug/2013:12:04:30 -0400] "GET /images/513_rhapsody-4.jpg HTTP/1.1" 200 47712 "http://bostonbravessoftball.com/" "Mozilla/5.0 (compatible; MSIE 10.0; Windows NT 6.1; WOW64; Trident/6.0)"
65.55.24.238 - - [12/Aug/2013:15:56:38 -0400] "GET /robots.txt HTTP/1.1" 200 25 "-" "Mozilla/5.0 (compatible; bingbot/2.0; +http://www.bing.com/bingbot.htm)"
98.229.31.127 - - [12/Aug/2013:17:38:54 -0400] "GET /scripts/ic_globals_published.js HTTP/1.1" 200 566 "http://bostonbravessoftball.com/scheduleresults.html" "Mozilla/5.0 (Windows NT 6.1; WOW64) AppleWebKit/537.36 (KHTML, like Gecko) Chrome/28.0.1500.95 Safari/537.36"
98.229.31.127 - - [12/Aug/2013:17:38:54 -0400] "GET /scripts/template.css HTTP/1.1" 200 5434 "http://bostonbravessoftball.com/scheduleresults.html" "Mozilla/5.0 (Windows NT 6.1; WOW64) AppleWebKit/537.36 (KHTML, like Gecko) Chrome/28.0.1500.95 Safari/537.36"
98.229.31.127 - - [12/Aug/2013:17:38:54 -0400] "GET /scripts/3custom.css HTTP/1.1" 200 17358 "http://bostonbravessoftball.com/scheduleresults.html" "Mozilla/5.0 (Windows NT 6.1; WOW64) AppleWebKit/537.36 (KHTML, like Gecko) Chrome/28.0.1500.95 Safari/537.36"
98.229.31.127 - - [12/Aug/2013:17:38:54 -0400] "GET /scripts/icwebsiteelement.css HTTP/1.1" 200 8132 "http://bostonbravessoftball.com/scheduleresults.html" "Mozilla/5.0 (Windows NT 6.1; WOW64) AppleWebKit/537.36 (KHTML, like Gecko) Chrome/28.0.1500.95 Safari/537.36"
54.211.58.60 - - [12/Aug/2013:06:03:54 -0400] "HEAD / HTTP/1.1" 200 - "-" "python-requests/1.1.0 CPython/2.7.4 Linux/3.8.0-19-generic"
54.221.28.189 - - [12/Aug/2013:03:02:46 -0400] "HEAD / HTTP/1.1" 200 - "-" "python-requests/1.1.0 CPython/2.7.4 Linux/3.8.0-19-generic"
66.249.75.179 - - [12/Aug/2013:13:47:57 -0400] "GET /pages/5 HTTP/1.1" 301 252 "-" "Mozilla/5.0 (compatible; Googlebot/2.1; +http://www.google.com/bot.html)"
71.232.79.28 - - [12/Aug/2013:19:04:37 -0400] "GET /scripts/photoalbum.js HTTP/1.1" 200 62481 "http://www.bostonbravessoftball.com/" "Mozilla/5.0 (iPhone; CPU iPhone OS 6_1_4 like Mac OS X) AppleWebKit/536.26 (KHTML, like Gecko) Version/6.0 Mobile/10B350 Safari/8536.25"
71.232.79.28 - - [12/Aug/2013:19:04:37 -0400] "GET /images/513_rhapsody-4.jpg HTTP/1.1" 200 47712 "http://www.bostonbravessoftball.com/" "Mozilla/5.0 (iPhone; CPU iPhone OS 6_1_4 like Mac OS X) AppleWebKit/536.26 (KHTML, like Gecko) Version/6.0 Mobile/10B350 Safari/8536.25"
76.19.114.191 - - [12/Aug/2013:21:55:07 -0400] "GET /scripts/5custom.css HTTP/1.1" 200 1477 "http://www.bostonbravessoftball.com/rules.html" "Mozilla/5.0 (iPhone; CPU iPhone OS 6_1_4 like Mac OS X) AppleWebKit/536.26 (KHTML, like Gecko) Version/6.0 Mobile/10B350 Safari/8536.25"
208.54.36.223 - - [12/Aug/2013:11:29:10 -0400] "GET /scripts/user.js HTTP/1.1" 200 23762 "http://www.bostonbravessoftball.com/" "Mozilla/5.0 (iPhone; CPU iPhone OS 6_1_4 like Mac OS X) AppleWebKit/536.26 (KHTML, like Gecko) Version/6.0 Mobile/10B350 Safari/8536.25"
