208.54.36.223 - - [12/Aug/2013:11:29:10 -0400] "GET /images/041101_1976_1073_asls.jpg HTTP/1.1" 200 9302 "http://www.bostonbravessoftball.com/" "Mozilla/5.0 (iPhone; CPU iPhone OS 6_1_4 like Mac OS X) AppleWebKit/536.26 (KHTML, like Gecko) Version/6.0 Mobile/10B350 Safari/8536.25"
74.94.189.65 - - [12/Aug/2013:15:26:25 -0400] "GET /images/doc_pdf.gif HTTP/1.1" 200 1002 "http://www.bostonbravessoftball.com/scheduleresults.html" "Mozilla/5.0 (Windows NT 6.1; WOW64) AppleWebKit/537.36 (KHTML, like Gecko) Chrome/28.0.1500.95 Safari/537.36"
74.94.189.65 - - [12/Aug/2013:15:26:25 -0400] "GET /favicon.ico HTTP/1.1" 404 575 "-" "Mozilla/5.0 (Windows NT 6.1; WOW64) AppleWebKit/537.36 (KHTML, like Gecko) Chrome/28.0.1500.95 Safari/537.36"
71.232.79.28 - - [12/Aug/2013:19:04:36 -0400] "GET / HTTP/1.1" 200 33017 "https://www.google.com/" "Mozilla/5.0 (iPhone; CPU iPhone OS 6_1_4 like Mac OS X) AppleWebKit/536.26 (KHTML, like Gecko) Version/6.0 Mobile/10B350 Safari/8536.25"
71.232.79.28 - - [12/Aug/2013:19:04:37 -0400] "GET /scripts/1custom.css HTTP/1.1" 200 4186 "http://www.bostonbravessoftball.com/" "Mozilla/5.0 (iPhone; CPU iPhone OS 6_1_4 like Mac OS X) AppleWebKit/536.26 (KHTML, like Gecko) Version/6.0 Mobile/10B350 Safari/8536.25"
71.232.79.28 - - [12/Aug/2013:19:04:37 -0400] "GET /scripts/icwebsiteelement.css HTTP/1.1" 200 8132 "http://www.bostonbravessoftball.com/" "Mozilla/5.0 (iPhone; CPU iPhone OS 6_1_4 like Mac OS X) AppleWebKit/536.26 (KHTML, like Gecko) Version/6.0 Mobile/10B350 Safari/8536.25"
71.232.79.28 - - [12/Aug/2013:19:04:37 -0400] "GET /images/215_IMG_5080-001.JPG HTTP/1.1" 200 14139 "http://www.bostonbravessoftball.com/" "Mozilla/5.0 (iPhone; CPU iPhone OS 6_1_4 like Mac OS X) AppleWebKit/536.26 (KHTML, like Gecko) Version/6.0 Mobile/10B350 Safari/8536.25"
71.232.79.28 - - [12/Aug/2013:19:04:37 -0400] "GET /images/ic_069_accent_cover_wide.png HTTP/1.1" 200 22874 "http://www.bostonbravessoftball.com/" "Mozilla/5.0 (iPhone; CPU iPhone OS 6_1_4 like Mac OS X) AppleWebKit/536.26 (KHTML, like Gecko) Version/6.0 Mobile/10B350 Safari/8536.25"
71.232.79.28 - - [12/Aug/2013:19:04:38 -0400] "GET /scripts/print.css HTTP/1.1" 200 - "http://www.bostonbravessoftball.com/" "Mozilla/5.0 (iPhone; CPU iPhone OS 6_1_4 like Mac OS X) AppleWebKit/536.26 (KHTML, like Gecko) Version/6.0 Mobile/10B350 Safari/8536.25"
220.181.108.119 - - [12/Aug/2013:19:36:28 -0400] "GET / HTTP/1.1" 304 - "-" "Mozilla/5.0 (compatible; Baiduspider/2.0; +http://www.baidu.com/search/spider.html)"
76.19.114.191 - - [12/Aug/2013:21:53:50 -0400] "GET /scripts/website.css HTTP/1.1" 200 1740 "http://www.bostonbravessoftball.com/" "Mozilla/5.0 (iPhone; CPU iPhone OS 6_1_4 like Mac OS X) AppleWebKit/536.26 (KHTML, like Gecko) Version/6.0 Mobile/10B350 Safari/8536.25"
66.249.75.107 - - [12/Aug/2013:02:37:06 -0400] "GET /tickets/default.htm HTTP/1.1" 304 - "-" "Mozilla/5.0 (iPhone; U; CPU iPhone OS 4_1 like Mac OS X; en-us) AppleWebKit/532.9 (KHTML, like Gecko) Version/4.0.5 Mobile/8B117 Safari/6531.22.7 (compatible; Googlebot-Mobile/2.1; +http://www.google.com/bot.html)"
199.21.99.74 - - [12/Aug/2013:07:51:58 -0400] "GET / HTTP/1.1" 200 33017 "-" "Mozilla/5.0 (compatible; YandexBot/3.0; +http://yandex.com/bots)"
198.50.172.40 - - [12/Aug/2013:12:53:16 -0400] "GET / HTTP/1.1" 200 33017 "-" "Mozilla/5.0 (X11; Linux i686; rv:6.0) Gecko/20100101 Firefox/6.0"
86.123.244.192 - - [12/Aug/2013:15:42:40 -0400] "GET /scripts/photoalbum.js HTTP/1.1" 200 62481 "-" "Java/1.6.0_04"
86.123.244.192 - - [12/Aug/2013:15:42:41 -0400] "GET /scripts/user.js HTTP/1.1" 200 23762 "-" "Java/1.6.0_04"
74.94.189.65 - - [12/Aug/2013:15:26:12 -0400] "GET /scripts/1custom.css HTTP/1.1" 200 4186 "http://www.bostonbravessoftball.com/" "Mozilla/5.0 (Windows NT 6.1; WOW64) AppleWebKit/537.36 (KHTML, like Gecko) Chrome/28.0.1500.95 Safari/537.36"
74.94.189.65 - - [12/Aug/2013:15:26:13 -0400] "GET /images/041101_1976_1073_asls.jpg HTTP/1.1" 200 9302 "http://www.bostonbravessoftball.com/" "Mozilla/5.0 (Windows NT 6.1; WOW64) AppleWebKit/537.36 (KHTML, like Gecko) Chrome/28.0.1500.95 Safari/537.36"
86.123.244.192 - - [12/Aug/2013:15:42:42 -0400] "GET /scripts/'+src+' HTTP/1.1" 404 575 "-" "Java/1.6.0_04"
220.181.108.174 - - [12/Aug/2013:12:31:38 -0400] "GET / HTTP/1.1" 403 660 "-" "Mozilla/5.0 (compatible; Baiduspider/2.0; +http://www.baidu.com/search/spider.html)"
220.181.89.166 - - [12/Aug/2013:14:21:30 -0400] "GET / HTTP/1.1" 304 - "-" "Sogou web spider/4.0(+http://www.sogou.com/docs/help/webmasters.htm#07)"
71.232.79.28 - - [12/Aug/2013:19:04:37 -0400] "GET /scripts/website.css HTTP/1.1" 200 1740 "http://www.bostonbravessoftball.com/" "Mozilla/5.0 (iPhone; CPU iPhone OS 6_1_4 like Mac OS X) AppleWebKit/536.26 (KHTML, like Gecko) Version/6.0 Mobile/10B350 Safari/8536.25"
198.50.171.244 - - [12/Aug/2013:09:28:31 -0400] "GET / HTTP/1.1" 200 33017 "-" "Mozilla/5.0 (X11; Linux i686; rv:6.0) Gecko/20100101 Firefox/6.0"
208.54.36.223 - - [12/Aug/2013:11:29:10 -0400] "GET /scripts/template.css HTTP/1.1" 200 5434 "http://www.bostonbravessoftball.com/" "Mozilla/5.0 (iPhone; CPU iPhone OS 6_1_4 like Mac OS X) AppleWebKit/536.26 (KHTML, like Gecko) Version/6.0 Mobile/10B350 Safari/8536.25"
208.54.36.223 - - [12/Aug/2013:11:29:10 -0400] "GET /images/ic_069_accent_cover_wide.png HTTP/1.1" 200 22874 "http://www.bostonbravessoftball.com/" "Mozilla/5.0 (iPhone; CPU iPhone OS 6_1_4 like Mac OS X) AppleWebKit/536.26 (KHTML, like Gecko) Version/6.0 Mobile/10B350 Safari/8536.25"
74.94.189.65 - - [12/Aug/2013:15:26:16 -0400] "GET /favicon.ico HTTP/1.1" 404 575 "-" "Mozilla/5.0 (Windows NT 6.1; WOW64) AppleWebKit/537.36 (KHTML, like Gecko) Chrome/28.0.1500.95 Safari/537.36"
157.55.32.152 - - [12/Aug/2013:13:48:21 -0400] "GET /rules.html HTTP/1.1" 200 44414 "-" "Mozilla/5.0 (compatible; bingbot/2.0; +http://www.bing.com/bingbot.htm)"
71.232.79.28 - - [12/Aug/2013:19:04:37 -0400] "GET /scripts/ic_globals_published.js HTTP/1.1" 200 566 "http://www.bostonbravessoftball.com/" "Mozilla/5.0 (iPhone; CPU iPhone OS 6_1_4 like Mac OS X) AppleWebKit/536.26 (KHTML, like Gecko) Version/6.0 Mobile/10B350 Safari/8536.25"
71.232.79.28 - - [12/Aug/2013:19:04:37 -0400] "GET /images/386_100_3998.jpg HTTP/1.1" 200 21822 "http://www.bostonbravessoftball.com/" "Mozilla/5.0 (iPhone; CPU iPhone OS 6_1_4 like Mac OS X) AppleWebKit/536.26 (KHTML, like Gecko) Version/6.0 Mobile/10B350 Safari/8536.25"
70.192.3.30 - - [12/Aug/2013:16:03:28 -0400] "GET /images/ic_069_accent_cover_wide.png HTTP/1.1" 200 22874 "http://www.bostonbravessoftball.com/" "Mozilla/5.0 (compatible; MSIE 10.0; Windows Phone 8.0; Trident/6.0; IEMobile/10.0; ARM; Touch; HTC; HTC6990LVW)"
4.59.85.66 - - [12/Aug/2013:12:04:30 -0400] "GET /images/386_100_3998.jpg HTTP/1.1" 200 21822 "http://bostonbravessoftball.com/" "Mozilla/5.0 (compatible; MSIE 10.0; Windows NT 6.1; WOW64; Trident/6.0)"
208.54.36.223 - - [12/Aug/2013:11:29:10 -0400] "GET /scripts/ic_globals_published.js HTTP/1.1" 200 566 "http://www.bostonbravessoftball.com/" "Mozilla/5.0 (iPhone; CPU iPhone OS 6_1_4 like Mac OS X) AppleWebKit/536.26 (KHTML, like Gecko) Version/6.0 Mobile/10B350 Safari/8536.25"
208.54.36.223 - - [12/Aug/2013:11:29:10 -0400] "GET /scripts/1custom.css HTTP/1.1" 200 4186 "http://www.bostonbravessoftball.com/" "Mozilla/5.0 (iPhone; CPU iPhone OS 6_1_4 like Mac OS X) AppleWebKit/536.26 (KHTML, like Gecko) Version/6.0 Mobile/10B350 Safari/8536.25"
208.54.36.223 - - [12/Aug/2013:11:29:10 -0400] "GET /scripts/icwebsiteelement.css HTTP/1.1" 200 8132 "http://www.bostonbravessoftball.com/" "Mozilla/5.0 (iPhone; CPU iPhone OS 6_1_4 like Mac OS X) AppleWebKit/536.26 (KHTML, like Gecko) Version/6.0 Mobile/10B350 Safari/8536.25"
208.54.36.223 - - [12/Aug/2013:11:29:10 -0400] "GET /images/386_100_3998.jpg HTTP/1.1" 200 21822 "http://www.bostonbravessoftball.com/" "Mozilla/5.0 (iPhone; CPU iPhone OS 6_1_4 like Mac OS X) AppleWebKit/536.26 (KHTML, like Gecko) Version/6.0 Mobile/10B350 Safari/8536.25"
71.232.79.28 - - [12/Aug/2013:19:05:32 -0400] "GET /scheduleresults.html HTTP/1.1" 200 49267 "http://www.bostonbravessoftball.com/" "Mozilla/5.0 (iPhone; CPU iPhone OS 6_1_4 like Mac OS X) AppleWebKit/536.26 (KHTML, like Gecko) Version/6.0 Mobile/10B350 Safari/8536.25"
71.232.79.28 - - [12/Aug/2013:19:05:33 -0400] "GET /images/doc_pdf.gif HTTP/1.1" 200 1002 "http://www.bostonbravessoftball.com/scheduleresults.html" "Mozilla/5.0 (iPhone; CPU iPhone OS 6_1_4 like Mac OS X) AppleWebKit/536.26 (KHTML, like Gecko) Version/6.0 Mobile/10B350 Safari/8536.25"
70.192.8.104 - - [12/Aug/2013:20:54:15 -0400] "GET /home.html HTTP/1.1" 200 33017 "http://www.bostonbravessoftball.com/" "Mozilla/5.0 (Linux; Android 4.1.2; XT907 Build/9.8.1Q-78) AppleWebKit/537.31 (KHTML, like Gecko) Chrome/26.0.1410.58 Mobile Safari/537.31"
66.249.75.73 - - [12/Aug/2013:08:27:31 -0400] "GET /robots.txt HTTP/1.1" 200 25 "-" "Mozilla/5.0 (compatible; Googlebot/2.1; +http://www.google.com/bot.html)"
66.249.75.73 - - [12/Aug/2013:08:27:31 -0400] "GET / HTTP/1.1" 200 33017 "-" "DoCoMo/2.0 N905i(c100;TB;W24H16) (compatible; Googlebot-Mobile/2.1; +http://www.google.com/bot.html)"
70.192.8.104 - - [12/Aug/2013:21:25:32 -0400] "GET /favicon.ico HTTP/1.1" 404 575 "-" "Mozilla/5.0 (Linux; Android 4.1.2; XT907 Build/9.8.1Q-78) AppleWebKit/537.31 (KHTML, like Gecko) Chrome/26.0.1410.58 Mobile Safari/537.31"
70.192.8.104 - - [12/Aug/2013:21:25:32 -0400] "GET /favicon.ico HTTP/1.1" 404 575 "-" "Mozilla/5.0 (Linux; Android 4.1.2; XT907 Build/9.8.1Q-78) AppleWebKit/537.31 (KHTML, like Gecko) Chrome/26.0.1410.58 Mobile Safari/537.31"
70.192.8.104 - - [12/Aug/2013:21:25:32 -0400] "GET /apple-touch-icon-precomposed.png HTTP/1.1" 404 575 "-" "Mozilla/5.0 (Linux; Android 4.1.2; XT907 Build/9.8.1Q-78) AppleWebKit/537.31 (KHTML, like Gecko) Chrome/26.0.1410.58 Mobile Safari/537.31"
157.55.34.177 - - [12/Aug/2013:13:44:42 -0400] "GET /robots.txt HTTP/1.1" 200 25 "-" "Mozilla/5.0 (compatible; bingbot/2.0; +http://www.bing.com/bingbot.htm)"
74.94.189.65 - - [12/Aug/2013:15:26:12 -0400] "GET / HTTP/1.1" 200 33017 "-" "Mozilla/5.0 (Windows NT 6.1; WOW64) AppleWebKit/537.36 (KHTML, like Gecko) Chrome/28.0.1500.95 Safari/537.36"
74.94.189.65 - - [12/Aug/2013:15:26:12 -0400] "GET /scripts/ic_globals_published.js HTTP/1.1" 200 566 "http://www.bostonbravessoftball.com/" "Mozilla/5.0 (Windows NT 6.1; WOW64) AppleWebKit/537.36 (KHTML, like Gecko) Chrome/28.0.1500.95 Safari/537.36"
74.94.189.65 - - [12/Aug/2013:15:26:12 -0400] "GET /scripts/icwebsiteelement.css HTTP/1.1" 200 8132 "http://www.bostonbravessoftball.com/" "Mozilla/5.0 (Windows NT 6.1; WOW64) AppleWebKit/537.36 (KHTML, like Gecko) Chrome/28.0.1500.95 Safari/537.36"
74.94.189.65 - - [12/Aug/2013:15:26:13 -0400] "GET /images/215_IMG_5080-001.JPG HTTP/1.1" 200 14139 "http://www.bostonbravessoftball.com/" "Mozilla/5.0 (Windows NT 6.1; WOW64) AppleWebKit/537.36 (KHTML, like Gecko) Chrome/28.0.1500.95 Safari/537.36"
98.216.9.104 - - [12/Aug/2013:09:19:50 -0400] "GET /scripts/template.css HTTP/1.1" 304 - "http://bostonbravessoftball.com/" "Mozilla/5.0 (Macintosh; Intel Mac OS X 10_6_8) AppleWebKit/537.36 (KHTML, like Gecko) Chrome/28.0.1500.95 Safari/537.36"
66.249.75.179 - - [12/Aug/2013:09:25:15 -0400] "GET / HTTP/1.1" 200 33017 "-" "Mozilla/5.0 (compatible; Googlebot/2.1; +http://www.google.com/bot.html)"
74.94.189.65 - - [12/Aug/2013:15:26:24 -0400] "GET /scheduleresults.html HTTP/1.1" 200 49267 "http://www.bostonbravessoftball.com/" "Mozilla/5.0 (Windows NT 6.1; WOW64) AppleWebKit/537.36 (KHTML, like Gecko) Chrome/28.0.1500.95 Safari/537.36"
74.94.189.65 - - [12/Aug/2013:15:26:25 -0400] "GET /scripts/3custom.css HTTP/1.1" 200 17358 "http://www.bostonbravessoftball.com/scheduleresults.html" "Mozilla/5.0 (Windows NT 6.1; WOW64) AppleWebKit/537.36 (KHTML, like Gecko) Chrome/28.0.1500.95 Safari/537.36"
70.192.3.30 - - [12/Aug/2013:16:06:43 -0400] "GET /images/doc_pdf.gif HTTP/1.1" 200 1002 "http://www.bostonbravessoftball.com/scheduleresults.html" "Mozilla/5.0 (compatible; MSIE 10.0; Windows Phone 8.0; Trident/6.0; IEMobile/10.0; ARM; Touch; HTC; HTC6990LVW)"
66.249.75.107 - - [12/Aug/2013:16:40:30 -0400] "GET /home.html HTTP/1.1" 304 - "-" "Mozilla/5.0 (iPhone; U; CPU iPhone OS 4_1 like Mac OS X; en-us) AppleWebKit/532.9 (KHTML, like Gecko) Version/4.0.5 Mobile/8B117 Safari/6531.22.7 (compatible; Googlebot-Mobile/2.1; +http://www.google.com/bot.html)"
204.236.207.11 - - [12/Aug/2013:17:33:41 -0400] "GET /robots.txt HTTP/1.1" 404 575 "-" "Mozilla/5.0 (compatible; linkdexbot/2.0; +http://www.linkdex.com/about/bots/)"
130.185.109.243 - - [12/Aug/2013:01:12:07 -0400] "GET / HTTP/1.1" 200 3048 "-" "PagesInventory (robot +http://www.pagesinventory.com)"
220.181.89.166 - - [12/Aug/2013:15:00:19 -0400] "GET / HTTP/1.1" 304 - "-" "Sogou web spider/4.0(+http://www.sogou.com/docs/help/webmasters.htm#07)"
74.94.189.65 - - [12/Aug/2013:15:26:12 -0400] "GET /scripts/photoalbum.js HTTP/1.1" 200 62481 "http://www.bostonbravessoftball.com/" "Mozilla/5.0 (Windows NT 6.1; WOW64) AppleWebKit/537.36 (KHTML, like Gecko) Chrome/28.0.1500.95 Safari/537.36"
74.94.189.65 - - [12/Aug/2013:15:26:13 -0400] "GET /images/513_rhapsody-4.jpg HTTP/1.1" 200 47712 "http://www.bostonbravessoftball.com/" "Mozilla/5.0 (Windows NT 6.1; WOW64) AppleWebKit/537.36 (KHTML, like Gecko) Chrome/28.0.1500.95 Safari/537.36"
74.94.189.65 - - [12/Aug/2013:15:26:13 -0400] "GET /images/386_100_3998.jpg HTTP/1.1" 200 21822 "http://www.bostonbravessoftball.com/" "Mozilla/5.0 (Windows NT 6.1; WOW64) AppleWebKit/537.36 (KHTML, like Gecko) Chrome/28.0.1500.95 Safari/537.36"
86.123.244.192 - - [12/Aug/2013:15:42:40 -0400] "GET /page5.html HTTP/1.1" 404 575 "-" "Java/1.6.0_04"
204.236.207.11 - - [12/Aug/2013:17:33:42 -0400] "GET /robots.txt HTTP/1.1" 404 575 "-" "Mozilla/5.0 (compatible; linkdexbot/2.0; +http://www.linkdex.com/about/bots/)"
71.232.79.28 - - [12/Aug/2013:19:04:37 -0400] "GET /scripts/user.js HTTP/1.1" 200 23762 "http://www.bostonbravessoftball.com/" "Mozilla/5.0 (iPhone; CPU iPhone OS 6_1_4 like Mac OS X) AppleWebKit/536.26 (KHTML, like Gecko) Version/6.0 Mobile/10B350 Safari/8536.25"
71.232.79.28 - - [12/Aug/2013:19:04:37 -0400] "GET /images/041101_1976_1073_asls.jpg HTTP/1.1" 200 9302 "http://www.bostonbravessoftball.com/" "Mozilla/5.0 (iPhone; CPU iPhone OS 6_1_4 like Mac OS X) AppleWebKit/536.26 (KHTML, like Gecko) Version/6.0 Mobile/10B350 Safari/8536.25"
70.192.8.104 - - [12/Aug/2013:20:52:22 -0400] "GET /scripts/icwebsiteelement.css HTTP/1.1" 200 8132 "http://www.bostonbravessoftball.com/" "Mozilla/5.0 (Linux; Android 4.1.2; XT907 Build/9.8.1Q-78) AppleWebKit/537.31 (KHTML, like Gecko) Chrome/26.0.1410.58 Mobile Safari/537.31"
70.192.8.104 - - [12/Aug/2013:20:52:23 -0400] "GET /images/215_IMG_5080-001.JPG HTTP/1.1" 200 14139 "http://www.bostonbravessoftball.com/" "Mozilla/5.0 (Linux; Android 4.1.2; XT907 Build/9.8.1Q-78) AppleWebKit/537.31 (KHTML, like Gecko) Chrome/26.0.1410.58 Mobile Safari/537.31"
70.192.8.104 - - [12/Aug/2013:20:52:26 -0400] "GET /favicon.ico HTTP/1.1" 404 575 "-" "Mozilla/5.0 (Linux; Android 4.1.2; XT907 Build/9.8.1Q-78) AppleWebKit/537.31 (KHTML, like Gecko) Chrome/26.0.1410.58 Mobile Safari/537.31"
199.21.99.74 - - [12/Aug/2013:06:47:40 -0400] "GET / HTTP/1.1" 200 33017 "-" "Mozilla/5.0 (compatible; YandexBot/3.0; +http://yandex.com/bots)"
66.249.75.73 - - [12/Aug/2013:10:44:51 -0400] "GET /scripts/1custom.css HTTP/1.1" 200 4186 "-" "Mozilla/5.0 (compatible; Googlebot/2.1; +http://www.google.com/bot.html)"
4.59.85.66 - - [12/Aug/2013:12:04:30 -0400] "GET /images/215_IMG_5080-001.JPG HTTP/1.1" 200 14139 "http://bostonbravessoftball.com/" "Mozilla/5.0 (compatible; MSIE 10.0; Windows NT 6.1; WOW64; Trident/6.0)"
4.59.85.66 - - [12/Aug/2013:12:04:30 -0400] "GET /images/041101_1976_1073_asls.jpg HTTP/1.1" 200 9302 "http://bostonbravessoftball.com/" "Mozilla/5.0 (compatible; MSIE 10.0; Windows NT 6.1; WOW64; Trident/6.0)"
69.162.141.252 - - [12/Aug/2013:12:59:18 -0400] "GET / HTTP/1.0" 403 660 "-" "Mozilla/5.0 (Windows; U; Windows NT 6.0; en-US; rv:1.9.0.12) Gecko/2009070611 Firefox/3.0.12 GTB5 (.NET CLR 3.5.30729)"
66.39.199.243 - - [12/Aug/2013:13:03:49 -0400] "GET / HTTP/1.0" 200 3048 "-" "Mozilla/5.0 (X11; U; Linux i686; en-US; rv:1.9.0.10) Gecko/2009042708 Fedora/3.0.10-1.fc10 Firefox/3.0.10"
123.125.71.87 - - [12/Aug/2013:03:40:41 -0400] "GET /robots.txt HTTP/1.1" 404 575 "-" "Mozilla/5.0 (compatible; Baiduspider/2.0; +http://www.baidu.com/search/spider.html)"
98.118.29.101 - - [12/Aug/2013:16:48:05 -0400] "GET / HTTP/1.1" 200 33017 "https://www.google.com/" "Mozilla/5.0 (Windows NT 6.1; WOW64) AppleWebKit/537.36 (KHTML, like Gecko) Chrome/28.0.1500.72 Safari/537.36"
98.118.29.101 - - [12/Aug/2013:16:48:05 -0400] "GET /scripts/website.css HTTP/1.1" 200 1740 "http://www.bostonbravessoftball.com/" "Mozilla/5.0 (Windows NT 6.1; WOW64) AppleWebKit/537.36 (KHTML, like Gecko) Chrome/28.0.1500.72 Safari/537.36"
98.118.29.101 - - [12/Aug/2013:16:48:07 -0400] "GET /images/215_IMG_5080-001.JPG HTTP/1.1" 200 14139 "http://www.bostonbravessoftball.com/" "Mozilla/5.0 (Windows NT 6.1; WOW64) AppleWebKit/537.36 (KHTML, like Gecko) Chrome/28.0.1500.72 Safari/537.36"
98.118.29.101 - - [12/Aug/2013:16:48:09 -0400] "GET /favicon.ico HTTP/1.1" 404 575 "-" "Mozilla/5.0 (Windows NT 6.1; WOW64) AppleWebKit/537.36 (KHTML, like Gecko) Chrome/28.0.1500.72 Safari/537.36"
98.229.31.127 - - [12/Aug/2013:17:38:54 -0400] "GET /scheduleresults.html HTTP/1.1" 200 49267 "https://www.google.com/" "Mozilla/5.0 (Windows NT 6.1; WOW64) AppleWebKit/537.36 (KHTML, like Gecko) Chrome/28.0.1500.95 Safari/537.36"
98.229.31.127 - - [12/Aug/2013:17:38:55 -0400] "GET /images/doc_pdf.gif HTTP/1.1" 200 1002 "http://bostonbravessoftball.com/scheduleresults.html" "Mozilla/5.0 (Windows NT 6.1; WOW64) AppleWebKit/537.36 (KHTML, like Gecko) Chrome/28.0.1500.95 Safari/537.36"
98.229.31.127 - - [12/Aug/2013:17:38:58 -0400] "GET /images/ic_069_accent_cover_wide.png HTTP/1.1" 200 22874 "http://bostonbravessoftball.com/scheduleresults.html" "Mozilla/5.0 (Windows NT 6.1; WOW64) AppleWebKit/537.36 (KHTML, like Gecko) Chrome/28.0.1500.95 Safari/537.36"
98.229.31.127 - - [12/Aug/2013:17:38:59 -0400] "GET /favicon.ico HTTP/1.1" 404 575 "-" "Mozilla/5.0 (Windows NT 6.1; WOW64) AppleWebKit/537.36 (KHTML, like Gecko) Chrome/28.0.1500.95 Safari/537.36"
180.76.5.65 - - [12/Aug/2013:13:28:03 -0400] "GET /robots.txt HTTP/1.1" 200 25 "-" "Mozilla/5.0 (Windows NT 5.1; rv:6.0.2) Gecko/20100101 Firefox/6.0.2"
76.19.114.191 - - [12/Aug/2013:21:53:50 -0400] "GET /scripts/user.js HTTP/1.1" 200 23762 "http://www.bostonbravessoftball.com/" "Mozilla/5.0 (iPhone; CPU iPhone OS 6_1_4 like Mac OS X) AppleWebKit/536.26 (KHTML, like Gecko) Version/6.0 Mobile/10B350 Safari/8536.25"
70.192.8.104 - - [12/Aug/2013:20:52:22 -0400] "GET /scripts/ic_globals_published.js HTTP/1.1" 200 566 "http://www.bostonbravessoftball.com/" "Mozilla/5.0 (Linux; Android 4.1.2; XT907 Build/9.8.1Q-78) AppleWebKit/537.31 (KHTML, like Gecko) Chrome/26.0.1410.58 Mobile Safari/537.31"
112.125.20.41 - - [12/Aug/2013:05:10:39 -0400] "GET / HTTP/1.1" 200 33017 "-" "Mozilla/5.0 (compatible; WangIDSpider/1.0; +http://www.wangid.com/spider.html)"
70.192.3.30 - - [12/Aug/2013:16:03:23 -0400] "GET / HTTP/1.1" 200 33017 "-" "Mozilla/5.0 (compatible; MSIE 10.0; Windows Phone 8.0; Trident/6.0; IEMobile/10.0; ARM; Touch; HTC; HTC6990LVW)"
70.192.3.30 - - [12/Aug/2013:16:03:24 -0400] "GET /scripts/icwebsiteelement.css HTTP/1.1" 200 8132 "http://www.bostonbravessoftball.com/" "Mozilla/5.0 (compatible; MSIE 10.0; Windows Phone 8.0; Trident/6.0; IEMobile/10.0; ARM; Touch; HTC; HTC6990LVW)"
98.118.29.101 - - [12/Aug/2013:16:48:05 -0400] "GET /scripts/template.css HTTP/1.1" 200 5434 "http://www.bostonbravessoftball.com/" "Mozilla/5.0 (Windows NT 6.1; WOW64) AppleWebKit/537.36 (KHTML, like Gecko) Chrome/28.0.1500.72 Safari/537.36"
98.118.29.101 - - [12/Aug/2013:16:48:07 -0400] "GET /images/ic_069_accent_cover_wide.png HTTP/1.1" 200 22874 "http://www.bostonbravessoftball.com/" "Mozilla/5.0 (Windows NT 6.1; WOW64) AppleWebKit/537.36 (KHTML, like Gecko) Chrome/28.0.1500.72 Safari/537.36"
98.216.9.104 - - [12/Aug/2013:09:19:49 -0400] "GET / HTTP/1.1" 304 - "-" "Mozilla/5.0 (Macintosh; Intel Mac OS X 10_6_8) AppleWebKit/537.36 (KHTML, like Gecko) Chrome/28.0.1500.95 Safari/537.36"
98.216.9.104 - - [12/Aug/2013:09:19:50 -0400] "GET /scripts/ic_globals_published.js HTTP/1.1" 304 - "http://bostonbravessoftball.com/" "Mozilla/5.0 (Macintosh; Intel Mac OS X 10_6_8) AppleWebKit/537.36 (KHTML, like Gecko) Chrome/28.0.1500.95 Safari/537.36"
98.216.9.104 - - [12/Aug/2013:09:19:50 -0400] "GET /scripts/icwebsiteelement.css HTTP/1.1" 304 - "http://bostonbravessoftball.com/" "Mozilla/5.0 (Macintosh; Intel Mac OS X 10_6_8) AppleWebKit/537.36 (KHTML, like Gecko) Chrome/28.0.1500.95 Safari/537.36"
98.216.9.104 - - [12/Aug/2013:09:19:50 -0400] "GET /scripts/photoalbum.js HTTP/1.1" 206 1665 "http://bostonbravessoftball.com/" "Mozilla/5.0 (Macintosh; Intel Mac OS X 10_6_8) AppleWebKit/537.36 (KHTML, like Gecko) Chrome/28.0.1500.95 Safari/537.36"
98.216.9.104 - - [12/Aug/2013:09:19:50 -0400] "GET /images/513_rhapsody-4.jpg HTTP/1.1" 200 47712 "http://bostonbravessoftball.com/" "Mozilla/5.0 (Macintosh; Intel Mac OS X 10_6_8) AppleWebKit/537.36 (KHTML, like Gecko) Chrome/28.0.1500.95 Safari/537.36"
180.76.5.139 - - [12/Aug/2013:11:34:05 -0400] "GET /Frame/frame.html HTTP/1.1" 200 17596 "-" "Mozilla/5.0 (compatible; Baiduspider/2.0; +http://www.baidu.com/search/spider.html)"
130.185.109.239 - - [12/Aug/2013:04:24:57 -0400] "GET /robots.txt HTTP/1.1" 404 575 "-" "PagesInventory (robot http://www.pagesinvenotry.com)"
157.55.34.177 - - [12/Aug/2013:13:52:25 -0400] "GET /playoffs.html HTTP/1.1" 200 32263 "-" "Mozilla/5.0 (compatible; bingbot/2.0; +http://www.bing.com/bingbot.htm)"
74.94.189.65 - - [12/Aug/2013:15:26:42 -0400] "GET /playoffs.html HTTP/1.1" 200 32263 "http://www.bostonbravessoftball.com/scheduleresults.html" "Mozilla/5.0 (Windows NT 6.1; WOW64) AppleWebKit/537.36 (KHTML, like Gecko) Chrome/28.0.1500.95 Safari/537.36"
74.94.189.65 - - [12/Aug/2013:15:26:42 -0400] "GET /scripts/2custom.css HTTP/1.1" 200 3499 "http://www.bostonbravessoftball.com/playoffs.html" "Mozilla/5.0 (Windows NT 6.1; WOW64) AppleWebKit/537.36 (KHTML, like Gecko) Chrome/28.0.1500.95 Safari/537.36"
74.94.189.65 - - [12/Aug/2013:15:26:42 -0400] "GET /favicon.ico HTTP/1.1" 404 575 "-" "Mozilla/5.0 (Windows NT 6.1; WOW64) AppleWebKit/537.36 (KHTML, like Gecko) Chrome/28.0.1500.95 Safari/537.36"