0byt3m1n1
Path:
/
data
/
0
/
0
/
91
/
53
/
91868
/
meta
/
93265
/
logs
/
[
Home
]
File: x-access_log.2013-08-13
199.21.99.74 - - [13/Aug/2013:10:23:33 -0400] "GET / HTTP/1.1" 200 33017 "-" "Mozilla/5.0 (compatible; YandexBot/3.0; +http://yandex.com/bots)"
173.199.119.35 - - [13/Aug/2013:05:39:27 -0400] "GET /home.html HTTP/1.1" 200 33017 "-" "Mozilla/5.0 (compatible; AhrefsBot/4.0; +http://ahrefs.com/robot/)"
173.199.119.35 - - [13/Aug/2013:00:12:00 -0400] "GET /double-walled-box HTTP/1.1" 404 575 "-" "Mozilla/5.0 (compatible; AhrefsBot/4.0; +http://ahrefs.com/robot/)"
209.117.38.242 - - [13/Aug/2013:12:09:21 -0400] "GET /scripts/icwebsiteelement.css HTTP/1.1" 304 - "http://www.bostonbravessoftball.com/" "Mozilla/5.0 (Windows NT 6.1; WOW64) AppleWebKit/537.36 (KHTML, like Gecko) Chrome/28.0.1500.95 Safari/537.36"
209.117.38.242 - - [13/Aug/2013:12:09:27 -0400] "GET /images/ic_069_accent_cover_wide.png HTTP/1.1" 304 - "http://www.bostonbravessoftball.com/" "Mozilla/5.0 (Windows NT 6.1; WOW64) AppleWebKit/537.36 (KHTML, like Gecko) Chrome/28.0.1500.95 Safari/537.36"
209.117.47.248 - - [13/Aug/2013:05:37:32 -0400] "GET /scripts/template.css HTTP/1.1" 304 - "http://www.bostonbravessoftball.com/" "Mozilla/5.0 (iPhone; CPU iPhone OS 6_1_4 like Mac OS X) AppleWebKit/536.26 (KHTML, like Gecko) Version/6.0 Mobile/10B350 Safari/8536.25"
123.151.148.163 - - [13/Aug/2013:00:59:33 -0400] "GET / HTTP/1.1" 200 33017 "http://bostonbravessoftball.com/" "Mozilla/5.0 (compatible; Sosospider/2.0; +http://help.soso.com/webspider.htm)"
202.46.53.97 - - [13/Aug/2013:22:24:44 -0400] "GET /index2_files/filelist.xml HTTP/1.1" 404 575 "-" "Mozilla/5.0 (Windows; U; Windows NT 5.1; zh-CN; rv:1.9.1.2) Firefox/3.5.2"
180.76.5.151 - - [13/Aug/2013:12:30:28 -0400] "GET / HTTP/1.1" 200 3048 "-" "Mozilla/5.0 (compatible; Baiduspider/2.0; +http://www.baidu.com/search/spider.html)"
64.61.60.42 - - [13/Aug/2013:09:14:10 -0400] "GET / HTTP/1.1" 200 33017 "http://www.bostonbravessoftball.com/" "Mozilla/5.0 (Windows NT 6.1; WOW64; rv:22.0) Gecko/20100101 Firefox/22.0"
64.61.60.42 - - [13/Aug/2013:09:14:10 -0400] "GET /favicon.ico HTTP/1.1" 404 575 "-" "Mozilla/5.0 (Windows NT 6.1; WOW64; rv:22.0) Gecko/20100101 Firefox/22.0"
64.61.60.42 - - [13/Aug/2013:09:14:12 -0400] "GET /images/215_IMG_5080-001.JPG HTTP/1.1" 200 14139 "http://www.bostonbravessoftball.com/" "Mozilla/5.0 (Windows NT 6.1; WOW64; rv:22.0) Gecko/20100101 Firefox/22.0"
209.117.38.242 - - [13/Aug/2013:10:36:27 -0400] "GET /favicon.ico HTTP/1.1" 404 575 "-" "Mozilla/5.0 (Windows NT 6.1; WOW64) AppleWebKit/537.36 (KHTML, like Gecko) Chrome/28.0.1500.95 Safari/537.36"
209.117.38.242 - - [13/Aug/2013:10:36:28 -0400] "GET /scheduleresults.html HTTP/1.1" 200 49267 "http://www.bostonbravessoftball.com/" "Mozilla/5.0 (Windows NT 6.1; WOW64) AppleWebKit/537.36 (KHTML, like Gecko) Chrome/28.0.1500.95 Safari/537.36"
209.117.38.242 - - [13/Aug/2013:10:36:30 -0400] "GET /favicon.ico HTTP/1.1" 404 575 "-" "Mozilla/5.0 (Windows NT 6.1; WOW64) AppleWebKit/537.36 (KHTML, like Gecko) Chrome/28.0.1500.95 Safari/537.36"
209.117.38.242 - - [13/Aug/2013:10:42:28 -0400] "GET /playoffs.html HTTP/1.1" 200 32263 "http://www.bostonbravessoftball.com/scheduleresults.html" "Mozilla/5.0 (Windows NT 6.1; WOW64) AppleWebKit/537.36 (KHTML, like Gecko) Chrome/28.0.1500.95 Safari/537.36"
134.242.92.1 - - [13/Aug/2013:11:38:28 -0400] "GET /scripts/photoalbum.js HTTP/1.1" 200 62481 "http://www.bostonbravessoftball.com/" "Mozilla/5.0 (Windows NT 6.1; WOW64) AppleWebKit/537.36 (KHTML, like Gecko) Chrome/28.0.1500.95 Safari/537.36"
134.242.92.1 - - [13/Aug/2013:11:38:28 -0400] "GET /images/041101_1976_1073_asls.jpg HTTP/1.1" 200 9302 "http://www.bostonbravessoftball.com/" "Mozilla/5.0 (Windows NT 6.1; WOW64) AppleWebKit/537.36 (KHTML, like Gecko) Chrome/28.0.1500.95 Safari/537.36"
134.242.92.1 - - [13/Aug/2013:11:38:28 -0400] "GET /images/513_rhapsody-4.jpg HTTP/1.1" 304 - "http://www.bostonbravessoftball.com/" "Mozilla/5.0 (Windows NT 6.1; WOW64) AppleWebKit/537.36 (KHTML, like Gecko) Chrome/28.0.1500.95 Safari/537.36"
180.76.5.136 - - [13/Aug/2013:13:10:45 -0400] "GET / HTTP/1.1" 304 - "-" "Mozilla/5.0 (compatible; Baiduspider/2.0; +http://www.baidu.com/search/spider.html)"
209.117.47.248 - - [13/Aug/2013:05:37:39 -0400] "GET /scripts/2custom.css HTTP/1.1" 304 - "http://www.bostonbravessoftball.com/playoffs.html" "Mozilla/5.0 (iPhone; CPU iPhone OS 6_1_4 like Mac OS X) AppleWebKit/536.26 (KHTML, like Gecko) Version/6.0 Mobile/10B350 Safari/8536.25"
96.233.31.32 - - [13/Aug/2013:17:17:00 -0400] "GET /scripts/user.js HTTP/1.1" 304 - "http://www.bostonbravessoftball.com/playoffs.html" "Mozilla/5.0 (iPhone; CPU iPhone OS 6_1_4 like Mac OS X) AppleWebKit/536.26 (KHTML, like Gecko) Version/6.0 Mobile/10B350 Safari/8536.25"
209.117.38.242 - - [13/Aug/2013:13:20:27 -0400] "GET /scripts/1custom.css HTTP/1.1" 304 - "http://www.bostonbravessoftball.com/home.html" "Mozilla/5.0 (Windows NT 6.1; WOW64) AppleWebKit/537.36 (KHTML, like Gecko) Chrome/28.0.1500.95 Safari/537.36"
209.117.38.242 - - [13/Aug/2013:13:20:27 -0400] "GET /images/513_rhapsody-4.jpg HTTP/1.1" 304 - "http://www.bostonbravessoftball.com/home.html" "Mozilla/5.0 (Windows NT 6.1; WOW64) AppleWebKit/537.36 (KHTML, like Gecko) Chrome/28.0.1500.95 Safari/537.36"
66.249.75.73 - - [13/Aug/2013:14:58:25 -0400] "GET /robots.txt HTTP/1.1" 200 25 "-" "Mozilla/5.0 (compatible; Googlebot/2.1; +http://www.google.com/bot.html)"
115.112.156.210 - - [13/Aug/2013:01:19:04 -0400] "GET /Resume.doc HTTP/1.1" 200 46080 "-" "-"
199.21.99.74 - - [13/Aug/2013:02:59:32 -0400] "GET / HTTP/1.1" 200 33017 "-" "Mozilla/5.0 (compatible; YandexBot/3.0; +http://yandex.com/bots)"
37.59.50.71 - - [13/Aug/2013:06:03:20 -0400] "GET / HTTP/1.1" 200 3048 "-" "Mozilla/5.0 (Windows NT 6.1; WOW64; en-US;) AppleWebKit/537.36 (KHTML, like Gecko) Chrome/28.0.1500.95 Safari/537.36"
173.199.119.35 - - [13/Aug/2013:08:27:24 -0400] "GET /contactcommish.html HTTP/1.1" 200 22049 "-" "Mozilla/5.0 (compatible; AhrefsBot/4.0; +http://ahrefs.com/robot/)"
64.61.60.42 - - [13/Aug/2013:09:14:10 -0400] "GET /scripts/website.css HTTP/1.1" 200 1740 "http://www.bostonbravessoftball.com/" "Mozilla/5.0 (Windows NT 6.1; WOW64; rv:22.0) Gecko/20100101 Firefox/22.0"
64.61.60.42 - - [13/Aug/2013:09:14:10 -0400] "GET /scripts/icwebsiteelement.css HTTP/1.1" 200 8132 "http://www.bostonbravessoftball.com/" "Mozilla/5.0 (Windows NT 6.1; WOW64; rv:22.0) Gecko/20100101 Firefox/22.0"
64.61.60.42 - - [13/Aug/2013:09:14:12 -0400] "GET /images/041101_1976_1073_asls.jpg HTTP/1.1" 200 9302 "http://www.bostonbravessoftball.com/scripts/website.css" "Mozilla/5.0 (Windows NT 6.1; WOW64; rv:22.0) Gecko/20100101 Firefox/22.0"
209.117.38.242 - - [13/Aug/2013:12:09:21 -0400] "GET /images/513_rhapsody-4.jpg HTTP/1.1" 304 - "http://www.bostonbravessoftball.com/home.html" "Mozilla/5.0 (Windows NT 6.1; WOW64) AppleWebKit/537.36 (KHTML, like Gecko) Chrome/28.0.1500.95 Safari/537.36"
209.117.38.242 - - [13/Aug/2013:10:36:22 -0400] "GET /scripts/ic_globals_published.js HTTP/1.1" 200 566 "http://www.bostonbravessoftball.com/" "Mozilla/5.0 (Windows NT 6.1; WOW64) AppleWebKit/537.36 (KHTML, like Gecko) Chrome/28.0.1500.95 Safari/537.36"
209.117.38.242 - - [13/Aug/2013:10:36:23 -0400] "GET /scripts/user.js HTTP/1.1" 200 23762 "http://www.bostonbravessoftball.com/" "Mozilla/5.0 (Windows NT 6.1; WOW64) AppleWebKit/537.36 (KHTML, like Gecko) Chrome/28.0.1500.95 Safari/537.36"
209.117.38.242 - - [13/Aug/2013:10:36:24 -0400] "GET /scripts/print.css HTTP/1.1" 200 - "http://www.bostonbravessoftball.com/" "Mozilla/5.0 (Windows NT 6.1; WOW64) AppleWebKit/537.36 (KHTML, like Gecko) Chrome/28.0.1500.95 Safari/537.36"
209.117.38.242 - - [13/Aug/2013:10:36:24 -0400] "GET /images/513_rhapsody-4.jpg HTTP/1.1" 200 47712 "http://www.bostonbravessoftball.com/" "Mozilla/5.0 (Windows NT 6.1; WOW64) AppleWebKit/537.36 (KHTML, like Gecko) Chrome/28.0.1500.95 Safari/537.36"
96.233.31.32 - - [13/Aug/2013:17:17:00 -0400] "GET /scripts/photoalbum.js HTTP/1.1" 304 - "http://www.bostonbravessoftball.com/playoffs.html" "Mozilla/5.0 (iPhone; CPU iPhone OS 6_1_4 like Mac OS X) AppleWebKit/536.26 (KHTML, like Gecko) Version/6.0 Mobile/10B350 Safari/8536.25"
108.59.8.70 - - [13/Aug/2013:06:51:02 -0400] "GET /robots.txt HTTP/1.0" 200 25 "-" "Mozilla/5.0 (compatible; MJ12bot/v1.4.3; http://www.majestic12.co.uk/bot.php?+)"
199.21.99.74 - - [13/Aug/2013:10:23:24 -0400] "GET / HTTP/1.1" 200 33017 "-" "Mozilla/5.0 (compatible; YandexBot/3.0; +http://yandex.com/bots)"
209.117.38.242 - - [13/Aug/2013:10:42:31 -0400] "GET /scripts/2custom.css HTTP/1.1" 200 3499 "http://www.bostonbravessoftball.com/playoffs.html" "Mozilla/5.0 (Windows NT 6.1; WOW64) AppleWebKit/537.36 (KHTML, like Gecko) Chrome/28.0.1500.95 Safari/537.36"
209.117.38.242 - - [13/Aug/2013:10:42:32 -0400] "GET /favicon.ico HTTP/1.1" 404 575 "-" "Mozilla/5.0 (Windows NT 6.1; WOW64) AppleWebKit/537.36 (KHTML, like Gecko) Chrome/28.0.1500.95 Safari/537.36"
134.242.92.1 - - [13/Aug/2013:11:38:28 -0400] "GET /scripts/website.css HTTP/1.1" 200 1740 "http://www.bostonbravessoftball.com/" "Mozilla/5.0 (Windows NT 6.1; WOW64) AppleWebKit/537.36 (KHTML, like Gecko) Chrome/28.0.1500.95 Safari/537.36"
88.190.57.92 - - [13/Aug/2013:13:34:32 -0400] "GET /scripts/user.js HTTP/1.1" 200 23762 "http://www.bostonbravessoftball.com/" "Mozilla/5.0 (X11; Linux x86_64) AppleWebKit/534.34 (KHTML, like Gecko) Qt/4.8.1 Safari/534.34"
108.59.8.70 - - [13/Aug/2013:06:51:03 -0400] "GET / HTTP/1.0" 200 33017 "-" "Mozilla/5.0 (compatible; MJ12bot/v1.4.3; http://www.majestic12.co.uk/bot.php?+)"
209.117.38.242 - - [13/Aug/2013:13:20:27 -0400] "GET /scripts/photoalbum.js HTTP/1.1" 304 - "http://www.bostonbravessoftball.com/home.html" "Mozilla/5.0 (Windows NT 6.1; WOW64) AppleWebKit/537.36 (KHTML, like Gecko) Chrome/28.0.1500.95 Safari/537.36"
209.117.38.242 - - [13/Aug/2013:13:20:27 -0400] "GET /images/386_100_3998.jpg HTTP/1.1" 304 - "http://www.bostonbravessoftball.com/home.html" "Mozilla/5.0 (Windows NT 6.1; WOW64) AppleWebKit/537.36 (KHTML, like Gecko) Chrome/28.0.1500.95 Safari/537.36"
38.100.21.63 - - [13/Aug/2013:18:55:03 -0400] "GET / HTTP/1.1" 200 33017 "-" "Mozilla/4.0 (compatible; MSIE 7.0; Windows NT 5.2)"
38.100.21.63 - - [13/Aug/2013:18:55:03 -0400] "GET /scheduleresults.html HTTP/1.1" 200 49267 "-" "Mozilla/4.0 (compatible; MSIE 7.0; Windows NT 5.2)"
38.100.21.63 - - [13/Aug/2013:18:55:03 -0400] "GET /scripts/icwebsiteelement.css HTTP/1.1" 200 8132 "-" "Mozilla/4.0 (compatible; MSIE 7.0; Windows NT 5.2)"
38.100.21.63 - - [13/Aug/2013:18:55:03 -0400] "GET /scripts/1custom.css HTTP/1.1" 200 4186 "-" "Mozilla/4.0 (compatible; MSIE 7.0; Windows NT 5.2)"
38.100.21.63 - - [13/Aug/2013:18:55:04 -0400] "GET /home.html HTTP/1.1" 200 33017 "-" "Mozilla/4.0 (compatible; MSIE 7.0; Windows NT 5.2)"
38.100.21.63 - - [13/Aug/2013:18:55:04 -0400] "GET /contactcommish.html HTTP/1.1" 200 22049 "-" "Mozilla/4.0 (compatible; MSIE 7.0; Windows NT 5.2)"
38.100.21.63 - - [13/Aug/2013:18:55:04 -0400] "GET /scripts/template.css HTTP/1.1" 200 5434 "-" "Mozilla/4.0 (compatible; MSIE 7.0; Windows NT 5.2)"
38.100.21.63 - - [13/Aug/2013:18:55:04 -0400] "GET /playoffs.html HTTP/1.1" 200 32263 "-" "Mozilla/4.0 (compatible; MSIE 7.0; Windows NT 5.2)"
38.100.21.63 - - [13/Aug/2013:18:55:04 -0400] "GET /scripts/print.css HTTP/1.1" 200 - "-" "Mozilla/4.0 (compatible; MSIE 7.0; Windows NT 5.2)"
38.100.21.63 - - [13/Aug/2013:18:55:04 -0400] "GET /scripts/website.css HTTP/1.1" 200 1740 "-" "Mozilla/4.0 (compatible; MSIE 7.0; Windows NT 5.2)"
38.100.21.63 - - [13/Aug/2013:18:55:04 -0400] "GET /rules.html HTTP/1.1" 200 44414 "-" "Mozilla/4.0 (compatible; MSIE 7.0; Windows NT 5.2)"
123.125.71.89 - - [13/Aug/2013:15:47:57 -0400] "GET / HTTP/1.1" 304 - "-" "Mozilla/5.0 (compatible; Baiduspider/2.0; +http://www.baidu.com/search/spider.html)"
220.181.108.145 - - [13/Aug/2013:06:00:08 -0400] "GET /Frame/frame_files/filelist.xml HTTP/1.1" 404 575 "-" "Mozilla/5.0 (compatible; Baiduspider/2.0; +http://www.baidu.com/search/spider.html)"
209.117.38.242 - - [13/Aug/2013:10:36:28 -0400] "GET /images/doc_pdf.gif HTTP/1.1" 200 1002 "http://www.bostonbravessoftball.com/scheduleresults.html" "Mozilla/5.0 (Windows NT 6.1; WOW64) AppleWebKit/537.36 (KHTML, like Gecko) Chrome/28.0.1500.95 Safari/537.36"
209.117.38.242 - - [13/Aug/2013:11:01:46 -0400] "GET /home.html HTTP/1.1" 200 33017 "http://www.bostonbravessoftball.com/playoffs.html" "Mozilla/5.0 (Windows NT 6.1; WOW64) AppleWebKit/537.36 (KHTML, like Gecko) Chrome/28.0.1500.95 Safari/537.36"
209.117.38.242 - - [13/Aug/2013:11:01:48 -0400] "GET /favicon.ico HTTP/1.1" 404 575 "-" "Mozilla/5.0 (Windows NT 6.1; WOW64) AppleWebKit/537.36 (KHTML, like Gecko) Chrome/28.0.1500.95 Safari/537.36"
64.61.60.42 - - [13/Aug/2013:09:14:10 -0400] "GET /favicon.ico HTTP/1.1" 404 575 "-" "Mozilla/5.0 (Windows NT 6.1; WOW64; rv:22.0) Gecko/20100101 Firefox/22.0"
64.61.60.42 - - [13/Aug/2013:09:14:10 -0400] "GET /scripts/ic_globals_published.js HTTP/1.1" 200 566 "http://www.bostonbravessoftball.com/" "Mozilla/5.0 (Windows NT 6.1; WOW64; rv:22.0) Gecko/20100101 Firefox/22.0"
64.61.60.42 - - [13/Aug/2013:09:14:10 -0400] "GET /scripts/print.css HTTP/1.1" 200 - "http://www.bostonbravessoftball.com/" "Mozilla/5.0 (Windows NT 6.1; WOW64; rv:22.0) Gecko/20100101 Firefox/22.0"
64.61.60.42 - - [13/Aug/2013:09:14:10 -0400] "GET /scripts/1custom.css HTTP/1.1" 200 4186 "http://www.bostonbravessoftball.com/" "Mozilla/5.0 (Windows NT 6.1; WOW64; rv:22.0) Gecko/20100101 Firefox/22.0"
112.125.20.41 - - [13/Aug/2013:15:33:54 -0400] "GET / HTTP/1.1" 200 33017 "-" "Mozilla/5.0 (compatible; WangIDSpider/1.0; +http://www.wangid.com/spider.html)"
88.190.57.92 - - [13/Aug/2013:13:34:32 -0400] "GET /scripts/ic_globals_published.js HTTP/1.1" 200 566 "http://www.bostonbravessoftball.com/" "Mozilla/5.0 (X11; Linux x86_64) AppleWebKit/534.34 (KHTML, like Gecko) Qt/4.8.1 Safari/534.34"
209.117.38.242 - - [13/Aug/2013:12:09:21 -0400] "GET /images/215_IMG_5080-001.JPG HTTP/1.1" 304 - "http://www.bostonbravessoftball.com/home.html" "Mozilla/5.0 (Windows NT 6.1; WOW64) AppleWebKit/537.36 (KHTML, like Gecko) Chrome/28.0.1500.95 Safari/537.36"
183.60.212.137 - - [13/Aug/2013:14:01:28 -0400] "GET /robots.txt HTTP/1.1" 200 25 "-" "Mozilla/5.0 (compatible; EasouSpider; +http://www.easou.com/search/spider.html)"
199.21.99.74 - - [13/Aug/2013:02:59:31 -0400] "GET / HTTP/1.1" 200 33017 "-" "Mozilla/5.0 (compatible; YandexBot/3.0; +http://yandex.com/bots)"
202.46.53.79 - - [13/Aug/2013:16:42:35 -0400] "GET /Frame/frame_files/filelist.xml HTTP/1.1" 404 575 "-" "Mozilla/5.0 (Windows NT 5.1; rv:6.0.2) Gecko/20100101 Firefox/6.0.2"
209.117.38.242 - - [13/Aug/2013:10:36:23 -0400] "GET /scripts/icwebsiteelement.css HTTP/1.1" 200 8132 "http://www.bostonbravessoftball.com/" "Mozilla/5.0 (Windows NT 6.1; WOW64) AppleWebKit/537.36 (KHTML, like Gecko) Chrome/28.0.1500.95 Safari/537.36"
209.117.38.242 - - [13/Aug/2013:10:36:24 -0400] "GET /images/ic_069_accent_cover_wide.png HTTP/1.1" 200 22874 "http://www.bostonbravessoftball.com/" "Mozilla/5.0 (Windows NT 6.1; WOW64) AppleWebKit/537.36 (KHTML, like Gecko) Chrome/28.0.1500.95 Safari/537.36"
209.117.38.242 - - [13/Aug/2013:12:09:27 -0400] "GET /images/041101_1976_1073_asls.jpg HTTP/1.1" 304 - "http://www.bostonbravessoftball.com/" "Mozilla/5.0 (Windows NT 6.1; WOW64) AppleWebKit/537.36 (KHTML, like Gecko) Chrome/28.0.1500.95 Safari/537.36"
209.117.38.242 - - [13/Aug/2013:12:09:29 -0400] "GET /favicon.ico HTTP/1.1" 404 575 "-" "Mozilla/5.0 (Windows NT 6.1; WOW64) AppleWebKit/537.36 (KHTML, like Gecko) Chrome/28.0.1500.95 Safari/537.36"
173.199.119.35 - - [13/Aug/2013:08:29:41 -0400] "GET /?3e3ea140 HTTP/1.1" 200 33017 "-" "Mozilla/5.0 (compatible; AhrefsBot/4.0; +http://ahrefs.com/robot/)"
209.117.38.242 - - [13/Aug/2013:10:36:22 -0400] "GET / HTTP/1.1" 200 33017 "-" "Mozilla/5.0 (Windows NT 6.1; WOW64) AppleWebKit/537.36 (KHTML, like Gecko) Chrome/28.0.1500.95 Safari/537.36"
209.117.38.242 - - [13/Aug/2013:10:36:23 -0400] "GET /scripts/photoalbum.js HTTP/1.1" 200 62481 "http://www.bostonbravessoftball.com/" "Mozilla/5.0 (Windows NT 6.1; WOW64) AppleWebKit/537.36 (KHTML, like Gecko) Chrome/28.0.1500.95 Safari/537.36"
209.117.38.242 - - [13/Aug/2013:10:36:24 -0400] "GET /images/041101_1976_1073_asls.jpg HTTP/1.1" 200 9302 "http://www.bostonbravessoftball.com/" "Mozilla/5.0 (Windows NT 6.1; WOW64) AppleWebKit/537.36 (KHTML, like Gecko) Chrome/28.0.1500.95 Safari/537.36"
209.117.38.242 - - [13/Aug/2013:13:20:27 -0400] "GET /scripts/template.css HTTP/1.1" 304 - "http://www.bostonbravessoftball.com/" "Mozilla/5.0 (Windows NT 6.1; WOW64) AppleWebKit/537.36 (KHTML, like Gecko) Chrome/28.0.1500.95 Safari/537.36"
209.117.38.242 - - [13/Aug/2013:13:20:27 -0400] "GET /images/215_IMG_5080-001.JPG HTTP/1.1" 304 - "http://www.bostonbravessoftball.com/home.html" "Mozilla/5.0 (Windows NT 6.1; WOW64) AppleWebKit/537.36 (KHTML, like Gecko) Chrome/28.0.1500.95 Safari/537.36"
199.21.99.74 - - [13/Aug/2013:02:59:42 -0400] "GET / HTTP/1.1" 200 33017 "-" "Mozilla/5.0 (compatible; YandexBot/3.0; +http://yandex.com/bots)"
209.117.38.242 - - [13/Aug/2013:13:20:27 -0400] "GET /scripts/user.js HTTP/1.1" 304 - "http://www.bostonbravessoftball.com/home.html" "Mozilla/5.0 (Windows NT 6.1; WOW64) AppleWebKit/537.36 (KHTML, like Gecko) Chrome/28.0.1500.95 Safari/537.36"
209.117.38.242 - - [13/Aug/2013:13:20:27 -0400] "GET /scripts/print.css HTTP/1.1" 304 - "http://www.bostonbravessoftball.com/" "Mozilla/5.0 (Windows NT 6.1; WOW64) AppleWebKit/537.36 (KHTML, like Gecko) Chrome/28.0.1500.95 Safari/537.36"
64.61.60.42 - - [13/Aug/2013:09:14:10 -0400] "GET /scripts/user.js HTTP/1.1" 200 23762 "http://www.bostonbravessoftball.com/" "Mozilla/5.0 (Windows NT 6.1; WOW64; rv:22.0) Gecko/20100101 Firefox/22.0"
64.61.60.42 - - [13/Aug/2013:09:14:10 -0400] "GET /scripts/template.css HTTP/1.1" 200 5434 "http://www.bostonbravessoftball.com/" "Mozilla/5.0 (Windows NT 6.1; WOW64; rv:22.0) Gecko/20100101 Firefox/22.0"
64.61.60.42 - - [13/Aug/2013:09:14:12 -0400] "GET /images/386_100_3998.jpg HTTP/1.1" 200 21822 "http://www.bostonbravessoftball.com/" "Mozilla/5.0 (Windows NT 6.1; WOW64; rv:22.0) Gecko/20100101 Firefox/22.0"
64.61.60.42 - - [13/Aug/2013:09:14:12 -0400] "GET /images/ic_069_accent_cover_wide.png HTTP/1.1" 200 22874 "http://www.bostonbravessoftball.com/scripts/template.css" "Mozilla/5.0 (Windows NT 6.1; WOW64; rv:22.0) Gecko/20100101 Firefox/22.0"
209.117.38.242 - - [13/Aug/2013:12:09:21 -0400] "GET /scripts/website.css HTTP/1.1" 304 - "http://www.bostonbravessoftball.com/" "Mozilla/5.0 (Windows NT 6.1; WOW64) AppleWebKit/537.36 (KHTML, like Gecko) Chrome/28.0.1500.95 Safari/537.36"
134.242.92.1 - - [13/Aug/2013:11:38:28 -0400] "GET /scripts/ic_globals_published.js HTTP/1.1" 200 566 "http://www.bostonbravessoftball.com/" "Mozilla/5.0 (Windows NT 6.1; WOW64) AppleWebKit/537.36 (KHTML, like Gecko) Chrome/28.0.1500.95 Safari/537.36"
134.242.92.1 - - [13/Aug/2013:11:38:28 -0400] "GET /scripts/icwebsiteelement.css HTTP/1.1" 200 8132 "http://www.bostonbravessoftball.com/" "Mozilla/5.0 (Windows NT 6.1; WOW64) AppleWebKit/537.36 (KHTML, like Gecko) Chrome/28.0.1500.95 Safari/537.36"
209.117.38.242 - - [13/Aug/2013:11:03:06 -0400] "GET /favicon.ico HTTP/1.1" 404 575 "-" "Mozilla/5.0 (Windows NT 6.1; WOW64) AppleWebKit/537.36 (KHTML, like Gecko) Chrome/28.0.1500.95 Safari/537.36"
209.117.38.242 - - [13/Aug/2013:11:03:06 -0400] "GET /favicon.ico HTTP/1.1" 404 575 "-" "Mozilla/5.0 (Windows NT 6.1; WOW64) AppleWebKit/537.36 (KHTML, like Gecko) Chrome/28.0.1500.95 Safari/537.36"
209.117.38.242 - - [13/Aug/2013:11:03:06 -0400] "GET /favicon.ico HTTP/1.1" 404 575 "-" "Mozilla/5.0 (Windows NT 6.1; WOW64) AppleWebKit/537.36 (KHTML, like Gecko) Chrome/28.0.1500.95 Safari/537.36"
209.117.38.242 - - [13/Aug/2013:11:03:07 -0400] "GET /favicon.ico HTTP/1.1" 404 575 "-" "Mozilla/5.0 (Windows NT 6.1; WOW64) AppleWebKit/537.36 (KHTML, like Gecko) Chrome/28.0.1500.95 Safari/537.36"
96.233.31.32 - - [13/Aug/2013:17:17:00 -0400] "GET /scripts/icwebsiteelement.css HTTP/1.1" 304 - "http://www.bostonbravessoftball.com/playoffs.html" "Mozilla/5.0 (iPhone; CPU iPhone OS 6_1_4 like Mac OS X) AppleWebKit/536.26 (KHTML, like Gecko) Version/6.0 Mobile/10B350 Safari/8536.25"
66.249.75.73 - - [13/Aug/2013:14:58:25 -0400] "GET / HTTP/1.1" 200 33017 "-" "Mozilla/5.0 (iPhone; U; CPU iPhone OS 4_1 like Mac OS X; en-us) AppleWebKit/532.9 (KHTML, like Gecko) Version/4.0.5 Mobile/8B117 Safari/6531.22.7 (compatible; Googlebot-Mobile/2.1; +http://www.google.com/bot.html)"
199.21.99.74 - - [13/Aug/2013:03:00:57 -0400] "GET / HTTP/1.1" 200 33017 "-" "Mozilla/5.0 (compatible; YandexBot/3.0; +http://yandex.com/bots)"
209.117.47.248 - - [13/Aug/2013:05:37:32 -0400] "GET /scripts/website.css HTTP/1.1" 304 - "http://www.bostonbravessoftball.com/" "Mozilla/5.0 (iPhone; CPU iPhone OS 6_1_4 like Mac OS X) AppleWebKit/536.26 (KHTML, like Gecko) Version/6.0 Mobile/10B350 Safari/8536.25"
134.242.92.1 - - [13/Aug/2013:11:38:28 -0400] "GET / HTTP/1.1" 200 33017 "-" "Mozilla/5.0 (Windows NT 6.1; WOW64) AppleWebKit/537.36 (KHTML, like Gecko) Chrome/28.0.1500.95 Safari/537.36"
134.242.92.1 - - [13/Aug/2013:11:38:28 -0400] "GET /scripts/user.js HTTP/1.1" 200 23762 "http://www.bostonbravessoftball.com/" "Mozilla/5.0 (Windows NT 6.1; WOW64) AppleWebKit/537.36 (KHTML, like Gecko) Chrome/28.0.1500.95 Safari/537.36"
209.117.47.248 - - [13/Aug/2013:05:37:32 -0400] "GET / HTTP/1.1" 304 - "http://www.bostonbravessoftball.com/" "Mozilla/5.0 (iPhone; CPU iPhone OS 6_1_4 like Mac OS X) AppleWebKit/536.26 (KHTML, like Gecko) Version/6.0 Mobile/10B350 Safari/8536.25"
209.117.47.248 - - [13/Aug/2013:05:37:32 -0400] "GET /scripts/user.js HTTP/1.1" 304 - "http://www.bostonbravessoftball.com/" "Mozilla/5.0 (iPhone; CPU iPhone OS 6_1_4 like Mac OS X) AppleWebKit/536.26 (KHTML, like Gecko) Version/6.0 Mobile/10B350 Safari/8536.25"
209.117.47.248 - - [13/Aug/2013:05:37:32 -0400] "GET /images/041101_1976_1073_asls.jpg HTTP/1.1" 304 - "http://www.bostonbravessoftball.com/" "Mozilla/5.0 (iPhone; CPU iPhone OS 6_1_4 like Mac OS X) AppleWebKit/536.26 (KHTML, like Gecko) Version/6.0 Mobile/10B350 Safari/8536.25"
209.117.47.248 - - [13/Aug/2013:05:37:32 -0400] "GET /scripts/photoalbum.js HTTP/1.1" 304 - "http://www.bostonbravessoftball.com/" "Mozilla/5.0 (iPhone; CPU iPhone OS 6_1_4 like Mac OS X) AppleWebKit/536.26 (KHTML, like Gecko) Version/6.0 Mobile/10B350 Safari/8536.25"
209.117.47.248 - - [13/Aug/2013:05:37:32 -0400] "GET /images/ic_069_accent_cover_wide.png HTTP/1.1" 304 - "http://www.bostonbravessoftball.com/" "Mozilla/5.0 (iPhone; CPU iPhone OS 6_1_4 like Mac OS X) AppleWebKit/536.26 (KHTML, like Gecko) Version/6.0 Mobile/10B350 Safari/8536.25"
202.46.61.82 - - [13/Aug/2013:12:45:22 -0400] "GET / HTTP/1.1" 200 3048 "-" "Mozilla/5.0 (Windows NT 5.1; rv:6.0.2) Gecko/20100101 Firefox/6.0.2"
199.21.99.74 - - [13/Aug/2013:10:23:27 -0400] "GET / HTTP/1.1" 200 33017 "-" "Mozilla/5.0 (compatible; YandexBot/3.0; +http://yandex.com/bots)"
209.117.38.242 - - [13/Aug/2013:10:36:22 -0400] "GET /scripts/template.css HTTP/1.1" 200 5434 "http://www.bostonbravessoftball.com/" "Mozilla/5.0 (Windows NT 6.1; WOW64) AppleWebKit/537.36 (KHTML, like Gecko) Chrome/28.0.1500.95 Safari/537.36"
209.117.38.242 - - [13/Aug/2013:10:36:22 -0400] "GET /scripts/website.css HTTP/1.1" 200 1740 "http://www.bostonbravessoftball.com/" "Mozilla/5.0 (Windows NT 6.1; WOW64) AppleWebKit/537.36 (KHTML, like Gecko) Chrome/28.0.1500.95 Safari/537.36"
209.117.38.242 - - [13/Aug/2013:10:36:24 -0400] "GET /images/386_100_3998.jpg HTTP/1.1" 200 21822 "http://www.bostonbravessoftball.com/" "Mozilla/5.0 (Windows NT 6.1; WOW64) AppleWebKit/537.36 (KHTML, like Gecko) Chrome/28.0.1500.95 Safari/537.36"
209.117.38.242 - - [13/Aug/2013:13:20:27 -0400] "GET /home.html HTTP/1.1" 304 - "http://www.bostonbravessoftball.com/home.html" "Mozilla/5.0 (Windows NT 6.1; WOW64) AppleWebKit/537.36 (KHTML, like Gecko) Chrome/28.0.1500.95 Safari/537.36"
209.117.38.242 - - [13/Aug/2013:13:20:27 -0400] "GET /scripts/ic_globals_published.js HTTP/1.1" 304 - "http://www.bostonbravessoftball.com/home.html" "Mozilla/5.0 (Windows NT 6.1; WOW64) AppleWebKit/537.36 (KHTML, like Gecko) Chrome/28.0.1500.95 Safari/537.36"
209.117.38.242 - - [13/Aug/2013:13:20:27 -0400] "GET /scripts/icwebsiteelement.css HTTP/1.1" 304 - "http://www.bostonbravessoftball.com/" "Mozilla/5.0 (Windows NT 6.1; WOW64) AppleWebKit/537.36 (KHTML, like Gecko) Chrome/28.0.1500.95 Safari/537.36"
209.117.38.242 - - [13/Aug/2013:13:20:27 -0400] "GET /images/ic_069_accent_cover_wide.png HTTP/1.1" 304 - "http://www.bostonbravessoftball.com/" "Mozilla/5.0 (Windows NT 6.1; WOW64) AppleWebKit/537.36 (KHTML, like Gecko) Chrome/28.0.1500.95 Safari/537.36"
209.117.38.242 - - [13/Aug/2013:13:20:29 -0400] "GET /favicon.ico HTTP/1.1" 404 575 "-" "Mozilla/5.0 (Windows NT 6.1; WOW64) AppleWebKit/537.36 (KHTML, like Gecko) Chrome/28.0.1500.95 Safari/537.36"
209.117.47.248 - - [13/Aug/2013:05:37:32 -0400] "GET /scripts/icwebsiteelement.css HTTP/1.1" 304 - "http://www.bostonbravessoftball.com/" "Mozilla/5.0 (iPhone; CPU iPhone OS 6_1_4 like Mac OS X) AppleWebKit/536.26 (KHTML, like Gecko) Version/6.0 Mobile/10B350 Safari/8536.25"
209.117.38.242 - - [13/Aug/2013:10:36:28 -0400] "GET /scripts/3custom.css HTTP/1.1" 200 17358 "http://www.bostonbravessoftball.com/scheduleresults.html" "Mozilla/5.0 (Windows NT 6.1; WOW64) AppleWebKit/537.36 (KHTML, like Gecko) Chrome/28.0.1500.95 Safari/537.36"
96.233.31.32 - - [13/Aug/2013:17:17:00 -0400] "GET /playoffs.html HTTP/1.1" 200 32263 "-" "Mozilla/5.0 (iPhone; CPU iPhone OS 6_1_4 like Mac OS X) AppleWebKit/536.26 (KHTML, like Gecko) Version/6.0 Mobile/10B350 Safari/8536.25"
96.233.31.32 - - [13/Aug/2013:17:17:02 -0400] "GET /images/041101_1976_1073_asls.jpg HTTP/1.1" 304 - "http://www.bostonbravessoftball.com/playoffs.html" "Mozilla/5.0 (iPhone; CPU iPhone OS 6_1_4 like Mac OS X) AppleWebKit/536.26 (KHTML, like Gecko) Version/6.0 Mobile/10B350 Safari/8536.25"
96.233.31.32 - - [13/Aug/2013:17:17:02 -0400] "GET /scripts/print.css HTTP/1.1" 200 - "http://www.bostonbravessoftball.com/playoffs.html" "Mozilla/5.0 (iPhone; CPU iPhone OS 6_1_4 like Mac OS X) AppleWebKit/536.26 (KHTML, like Gecko) Version/6.0 Mobile/10B350 Safari/8536.25"
54.224.130.128 - - [13/Aug/2013:21:12:26 -0400] "GET / HTTP/1.1" 200 3048 "-" "Mozilla/5.0 (compatible; linkdexbot/2.0; +http://www.linkdex.com/about/bots/)"
66.249.75.73 - - [13/Aug/2013:16:58:45 -0400] "GET /rules.html HTTP/1.1" 304 - "-" "Mozilla/5.0 (iPhone; U; CPU iPhone OS 4_1 like Mac OS X; en-us) AppleWebKit/532.9 (KHTML, like Gecko) Version/4.0.5 Mobile/8B117 Safari/6531.22.7 (compatible; Googlebot-Mobile/2.1; +http://www.google.com/bot.html)"
199.21.99.74 - - [13/Aug/2013:02:59:28 -0400] "GET /robots.txt HTTP/1.1" 200 25 "-" "Mozilla/5.0 (compatible; YandexBot/3.0; +http://yandex.com/bots)"
199.21.99.74 - - [13/Aug/2013:02:59:29 -0400] "GET /robots.txt HTTP/1.1" 200 25 "-" "Mozilla/5.0 (compatible; YandexBot/3.0; +http://yandex.com/bots)"
199.21.99.74 - - [13/Aug/2013:10:23:30 -0400] "GET / HTTP/1.1" 200 33017 "-" "Mozilla/5.0 (compatible; YandexBot/3.0; +http://yandex.com/bots)"
96.233.31.32 - - [13/Aug/2013:17:17:00 -0400] "GET /scripts/ic_globals_published.js HTTP/1.1" 304 - "http://www.bostonbravessoftball.com/playoffs.html" "Mozilla/5.0 (iPhone; CPU iPhone OS 6_1_4 like Mac OS X) AppleWebKit/536.26 (KHTML, like Gecko) Version/6.0 Mobile/10B350 Safari/8536.25"
96.233.31.32 - - [13/Aug/2013:17:17:01 -0400] "GET /scripts/template.css HTTP/1.1" 304 - "http://www.bostonbravessoftball.com/playoffs.html" "Mozilla/5.0 (iPhone; CPU iPhone OS 6_1_4 like Mac OS X) AppleWebKit/536.26 (KHTML, like Gecko) Version/6.0 Mobile/10B350 Safari/8536.25"
96.233.31.32 - - [13/Aug/2013:17:17:01 -0400] "GET /scripts/2custom.css HTTP/1.1" 304 - "http://www.bostonbravessoftball.com/playoffs.html" "Mozilla/5.0 (iPhone; CPU iPhone OS 6_1_4 like Mac OS X) AppleWebKit/536.26 (KHTML, like Gecko) Version/6.0 Mobile/10B350 Safari/8536.25"
96.233.31.32 - - [13/Aug/2013:17:17:02 -0400] "GET /images/ic_069_accent_cover_wide.png HTTP/1.1" 304 - "http://www.bostonbravessoftball.com/playoffs.html" "Mozilla/5.0 (iPhone; CPU iPhone OS 6_1_4 like Mac OS X) AppleWebKit/536.26 (KHTML, like Gecko) Version/6.0 Mobile/10B350 Safari/8536.25"
202.46.49.184 - - [13/Aug/2013:12:45:23 -0400] "GET /home.html HTTP/1.1" 200 841 "-" "Mozilla/5.0 (Windows NT 5.1; rv:6.0.2) Gecko/20100101 Firefox/6.0.2"
209.117.38.242 - - [13/Aug/2013:13:20:27 -0400] "GET /scripts/website.css HTTP/1.1" 304 - "http://www.bostonbravessoftball.com/" "Mozilla/5.0 (Windows NT 6.1; WOW64) AppleWebKit/537.36 (KHTML, like Gecko) Chrome/28.0.1500.95 Safari/537.36"
209.117.38.242 - - [13/Aug/2013:13:20:27 -0400] "GET /images/041101_1976_1073_asls.jpg HTTP/1.1" 304 - "http://www.bostonbravessoftball.com/" "Mozilla/5.0 (Windows NT 6.1; WOW64) AppleWebKit/537.36 (KHTML, like Gecko) Chrome/28.0.1500.95 Safari/537.36"
66.249.75.73 - - [13/Aug/2013:06:05:47 -0400] "GET /scripts/template.css HTTP/1.1" 200 5434 "-" "Mozilla/5.0 (compatible; Googlebot/2.1; +http://www.google.com/bot.html)"
64.61.60.42 - - [13/Aug/2013:09:14:10 -0400] "GET /scripts/photoalbum.js HTTP/1.1" 200 62481 "http://www.bostonbravessoftball.com/" "Mozilla/5.0 (Windows NT 6.1; WOW64; rv:22.0) Gecko/20100101 Firefox/22.0"
64.61.60.42 - - [13/Aug/2013:09:14:12 -0400] "GET /images/513_rhapsody-4.jpg HTTP/1.1" 200 47712 "http://www.bostonbravessoftball.com/" "Mozilla/5.0 (Windows NT 6.1; WOW64; rv:22.0) Gecko/20100101 Firefox/22.0"
209.117.38.242 - - [13/Aug/2013:10:36:22 -0400] "GET /scripts/1custom.css HTTP/1.1" 200 4186 "http://www.bostonbravessoftball.com/" "Mozilla/5.0 (Windows NT 6.1; WOW64) AppleWebKit/537.36 (KHTML, like Gecko) Chrome/28.0.1500.95 Safari/537.36"
209.117.38.242 - - [13/Aug/2013:10:36:24 -0400] "GET /images/215_IMG_5080-001.JPG HTTP/1.1" 200 14139 "http://www.bostonbravessoftball.com/" "Mozilla/5.0 (Windows NT 6.1; WOW64) AppleWebKit/537.36 (KHTML, like Gecko) Chrome/28.0.1500.95 Safari/537.36"
88.190.57.92 - - [13/Aug/2013:13:34:32 -0400] "GET /scripts/photoalbum.js HTTP/1.1" 200 62481 "http://www.bostonbravessoftball.com/" "Mozilla/5.0 (X11; Linux x86_64) AppleWebKit/534.34 (KHTML, like Gecko) Qt/4.8.1 Safari/534.34"
66.249.75.73 - - [13/Aug/2013:01:34:47 -0400] "GET /playoffs.html HTTP/1.1" 304 - "-" "Mozilla/5.0 (iPhone; U; CPU iPhone OS 4_1 like Mac OS X; en-us) AppleWebKit/532.9 (KHTML, like Gecko) Version/4.0.5 Mobile/8B117 Safari/6531.22.7 (compatible; Googlebot-Mobile/2.1; +http://www.google.com/bot.html)"
10.30.72.4 - - [13/Aug/2013:21:13:02 -0400] "GET /newspaper-article-layout-word-611.jpg HTTP/1.1" 404 575 "-" "Mozilla/4.0 (compatible; MSIE 6.0; Windows NT 5.2; SV1; .NET CLR 2.0.50727; InfoPath.1)"
209.117.47.248 - - [13/Aug/2013:05:37:39 -0400] "GET /playoffs.html HTTP/1.1" 200 32263 "http://www.bostonbravessoftball.com/" "Mozilla/5.0 (iPhone; CPU iPhone OS 6_1_4 like Mac OS X) AppleWebKit/536.26 (KHTML, like Gecko) Version/6.0 Mobile/10B350 Safari/8536.25"
202.46.50.126 - - [13/Aug/2013:12:45:22 -0400] "GET /Frame/frame.html HTTP/1.1" 200 17596 "-" "Mozilla/5.0 (Windows NT 5.1; rv:6.0.2) Gecko/20100101 Firefox/6.0.2"
66.249.75.73 - - [13/Aug/2013:06:47:33 -0400] "GET /images/Softball_Rules_2011.pdf HTTP/1.1" 200 37456 "-" "Mozilla/5.0 (iPhone; U; CPU iPhone OS 4_1 like Mac OS X; en-us) AppleWebKit/532.9 (KHTML, like Gecko) Version/4.0.5 Mobile/8B117 Safari/6531.22.7 (compatible; Googlebot-Mobile/2.1; +http://www.google.com/bot.html)"
180.76.5.189 - - [13/Aug/2013:04:37:39 -0400] "GET /index2_files/filelist.xml HTTP/1.1" 404 575 "-" "Mozilla/5.0 (compatible; Baiduspider/2.0; +http://www.baidu.com/search/spider.html)"
209.117.47.248 - - [13/Aug/2013:05:37:32 -0400] "GET /scripts/1custom.css HTTP/1.1" 304 - "http://www.bostonbravessoftball.com/" "Mozilla/5.0 (iPhone; CPU iPhone OS 6_1_4 like Mac OS X) AppleWebKit/536.26 (KHTML, like Gecko) Version/6.0 Mobile/10B350 Safari/8536.25"
209.117.47.248 - - [13/Aug/2013:05:37:32 -0400] "GET /scripts/ic_globals_published.js HTTP/1.1" 304 - "http://www.bostonbravessoftball.com/" "Mozilla/5.0 (iPhone; CPU iPhone OS 6_1_4 like Mac OS X) AppleWebKit/536.26 (KHTML, like Gecko) Version/6.0 Mobile/10B350 Safari/8536.25"
134.242.92.1 - - [13/Aug/2013:11:38:28 -0400] "GET /scripts/1custom.css HTTP/1.1" 200 4186 "http://www.bostonbravessoftball.com/" "Mozilla/5.0 (Windows NT 6.1; WOW64) AppleWebKit/537.36 (KHTML, like Gecko) Chrome/28.0.1500.95 Safari/537.36"
134.242.92.1 - - [13/Aug/2013:11:38:28 -0400] "GET /images/ic_069_accent_cover_wide.png HTTP/1.1" 200 22874 "http://www.bostonbravessoftball.com/" "Mozilla/5.0 (Windows NT 6.1; WOW64) AppleWebKit/537.36 (KHTML, like Gecko) Chrome/28.0.1500.95 Safari/537.36"
134.242.92.1 - - [13/Aug/2013:11:38:28 -0400] "GET /images/215_IMG_5080-001.JPG HTTP/1.1" 304 - "http://www.bostonbravessoftball.com/" "Mozilla/5.0 (Windows NT 6.1; WOW64) AppleWebKit/537.36 (KHTML, like Gecko) Chrome/28.0.1500.95 Safari/537.36"
134.242.92.1 - - [13/Aug/2013:11:38:29 -0400] "GET /favicon.ico HTTP/1.1" 404 575 "-" "Mozilla/5.0 (Windows NT 6.1; WOW64) AppleWebKit/537.36 (KHTML, like Gecko) Chrome/28.0.1500.95 Safari/537.36"
134.242.92.1 - - [13/Aug/2013:11:38:29 -0400] "GET /favicon.ico HTTP/1.1" 404 575 "-" "Mozilla/5.0 (Windows NT 6.1; WOW64) AppleWebKit/537.36 (KHTML, like Gecko) Chrome/28.0.1500.95 Safari/537.36"
134.242.92.1 - - [13/Aug/2013:11:38:31 -0400] "GET /favicon.ico HTTP/1.1" 404 575 "-" "Mozilla/5.0 (Windows NT 6.1; WOW64) AppleWebKit/537.36 (KHTML, like Gecko) Chrome/28.0.1500.95 Safari/537.36"
134.242.92.1 - - [13/Aug/2013:11:38:31 -0400] "GET /favicon.ico HTTP/1.1" 404 575 "-" "Mozilla/5.0 (Windows NT 6.1; WOW64) AppleWebKit/537.36 (KHTML, like Gecko) Chrome/28.0.1500.95 Safari/537.36"
173.199.119.35 - - [13/Aug/2013:12:45:02 -0400] "GET / HTTP/1.1" 200 33017 "-" "Mozilla/5.0 (compatible; AhrefsBot/4.0; +http://ahrefs.com/robot/)"
134.242.92.1 - - [13/Aug/2013:11:38:28 -0400] "GET /scripts/template.css HTTP/1.1" 200 5434 "http://www.bostonbravessoftball.com/" "Mozilla/5.0 (Windows NT 6.1; WOW64) AppleWebKit/537.36 (KHTML, like Gecko) Chrome/28.0.1500.95 Safari/537.36"
123.125.71.89 - - [13/Aug/2013:04:51:38 -0400] "GET / HTTP/1.1" 403 660 "-" "Mozilla/5.0 (compatible; Baiduspider/2.0; +http://www.baidu.com/search/spider.html)"
209.117.38.242 - - [13/Aug/2013:12:09:21 -0400] "GET /home.html HTTP/1.1" 304 - "http://www.bostonbravessoftball.com/home.html" "Mozilla/5.0 (Windows NT 6.1; WOW64) AppleWebKit/537.36 (KHTML, like Gecko) Chrome/28.0.1500.95 Safari/537.36"
209.117.38.242 - - [13/Aug/2013:12:09:21 -0400] "GET /scripts/template.css HTTP/1.1" 304 - "http://www.bostonbravessoftball.com/" "Mozilla/5.0 (Windows NT 6.1; WOW64) AppleWebKit/537.36 (KHTML, like Gecko) Chrome/28.0.1500.95 Safari/537.36"
209.117.38.242 - - [13/Aug/2013:12:09:21 -0400] "GET /scripts/1custom.css HTTP/1.1" 304 - "http://www.bostonbravessoftball.com/home.html" "Mozilla/5.0 (Windows NT 6.1; WOW64) AppleWebKit/537.36 (KHTML, like Gecko) Chrome/28.0.1500.95 Safari/537.36"
209.117.38.242 - - [13/Aug/2013:12:09:22 -0400] "GET /images/386_100_3998.jpg HTTP/1.1" 304 - "http://www.bostonbravessoftball.com/home.html" "Mozilla/5.0 (Windows NT 6.1; WOW64) AppleWebKit/537.36 (KHTML, like Gecko) Chrome/28.0.1500.95 Safari/537.36"
209.117.38.242 - - [13/Aug/2013:12:09:22 -0400] "GET /scripts/print.css HTTP/1.1" 304 - "http://www.bostonbravessoftball.com/" "Mozilla/5.0 (Windows NT 6.1; WOW64) AppleWebKit/537.36 (KHTML, like Gecko) Chrome/28.0.1500.95 Safari/537.36"
88.190.57.92 - - [13/Aug/2013:13:34:32 -0400] "GET / HTTP/1.1" 200 33017 "http://www.bostonbravessoftball.com/" "Mozilla/5.0 (X11; Linux x86_64) AppleWebKit/534.34 (KHTML, like Gecko) Qt/4.8.1 Safari/534.34"
88.190.57.92 - - [13/Aug/2013:13:34:33 -0400] "GET /images/215_IMG_5080-001.JPG HTTP/1.1" 200 14139 "http://www.bostonbravessoftball.com/" "Mozilla/5.0 (X11; Linux x86_64) AppleWebKit/534.34 (KHTML, like Gecko) Qt/4.8.1 Safari/534.34"
96.233.31.32 - - [13/Aug/2013:17:17:00 -0400] "GET /scripts/website.css HTTP/1.1" 304 - "http://www.bostonbravessoftball.com/playoffs.html" "Mozilla/5.0 (iPhone; CPU iPhone OS 6_1_4 like Mac OS X) AppleWebKit/536.26 (KHTML, like Gecko) Version/6.0 Mobile/10B350 Safari/8536.25"