0byt3m1n1
Path:
/
data
/
0
/
0
/
91
/
53
/
91868
/
meta
/
93265
/
logs
/
[
Home
]
File: x-access_log.2013-08-18
173.70.141.147 - - [18/Aug/2013:07:12:43 -0400] "GET /robots.txt HTTP/1.1" 404 575 "-" "panscient.com"
188.143.234.127 - - [18/Aug/2013:04:32:51 -0400] "GET /tickets/default.htm HTTP/1.1" 200 249779 "-" "Mozilla/4.0 (compatible; MSIE 6.0; Windows NT 5.1; SV1)"
123.125.71.56 - - [18/Aug/2013:03:38:11 -0400] "GET /home.html HTTP/1.1" 200 841 "-" "Mozilla/5.0 (compatible; Baiduspider/2.0; +http://www.baidu.com/search/spider.html)"
37.9.53.248 - - [18/Aug/2013:21:42:35 -0400] "GET /wp-login.php HTTP/1.0" 403 214 "-" "Mozilla/5.0 (Windows NT 6.1; rv:19.0) Gecko/20100101 Firefox/19.0"
183.60.213.60 - - [18/Aug/2013:03:30:56 -0400] "GET / HTTP/1.1" 200 33017 "-" "Mozilla/5.0 (compatible; EasouSpider; +http://www.easou.com/search/spider.html)"
180.76.5.159 - - [18/Aug/2013:10:43:38 -0400] "GET /scripts/3custom.css HTTP/1.1" 200 17358 "-" "Mozilla/5.0 (compatible; Baiduspider/2.0; +http://www.baidu.com/search/spider.html)"
173.199.114.51 - - [18/Aug/2013:11:13:19 -0400] "GET /flam-chen HTTP/1.1" 404 575 "-" "Mozilla/5.0 (compatible; AhrefsBot/4.0; +http://ahrefs.com/robot/)"
98.137.207.136 - - [18/Aug/2013:08:39:46 -0400] "GET /scripts/website.css HTTP/1.1" 200 1740 "http://www.bostonbravessoftball.com/scheduleresults.html" "Mozilla/5.0 (compatible; Yahoo! Slurp/3.0; http://help.yahoo.com/help/us/ysearch/slurp) NOT Firefox/3.5"
98.137.207.136 - - [18/Aug/2013:08:39:46 -0400] "GET /images/doc_pdf.gif HTTP/1.1" 200 1002 "http://www.bostonbravessoftball.com/scheduleresults.html" "Mozilla/5.0 (compatible; Yahoo! Slurp/3.0; http://help.yahoo.com/help/us/ysearch/slurp) NOT Firefox/3.5"
220.181.89.166 - - [18/Aug/2013:17:57:17 -0400] "GET / HTTP/1.1" 304 - "-" "Sogou web spider/4.0(+http://www.sogou.com/docs/help/webmasters.htm#07)"
98.137.207.136 - - [18/Aug/2013:08:39:46 -0400] "GET /scripts/user.js HTTP/1.1" 200 23762 "http://www.bostonbravessoftball.com/scheduleresults.html" "Mozilla/5.0 (compatible; Yahoo! Slurp/3.0; http://help.yahoo.com/help/us/ysearch/slurp) NOT Firefox/3.5"
98.137.207.136 - - [18/Aug/2013:08:39:49 -0400] "GET /images/ic_069_accent_cover_wide.png HTTP/1.1" 200 22874 "http://www.bostonbravessoftball.com/scripts/template.css" "Mozilla/5.0 (compatible; Yahoo! Slurp/3.0; http://help.yahoo.com/help/us/ysearch/slurp) NOT Firefox/3.5"
174.226.65.55 - - [18/Aug/2013:14:30:33 -0400] "GET /scripts/ic_globals_published.js HTTP/1.1" 200 566 "http://bostonbravessoftball.com/scheduleresults.html" "Mozilla/5.0 (iPhone; CPU iPhone OS 5_1_1 like Mac OS X) AppleWebKit/534.46 (KHTML, like Gecko) Version/5.1 Mobile/9B206 Safari/7534.48.3"
174.226.65.55 - - [18/Aug/2013:14:30:33 -0400] "GET /scripts/photoalbum.js HTTP/1.1" 200 62481 "http://bostonbravessoftball.com/scheduleresults.html" "Mozilla/5.0 (iPhone; CPU iPhone OS 5_1_1 like Mac OS X) AppleWebKit/534.46 (KHTML, like Gecko) Version/5.1 Mobile/9B206 Safari/7534.48.3"
174.226.65.55 - - [18/Aug/2013:14:30:36 -0400] "GET /images/doc_pdf.gif HTTP/1.1" 200 1002 "http://bostonbravessoftball.com/scheduleresults.html" "Mozilla/5.0 (iPhone; CPU iPhone OS 5_1_1 like Mac OS X) AppleWebKit/534.46 (KHTML, like Gecko) Version/5.1 Mobile/9B206 Safari/7534.48.3"
174.226.65.55 - - [18/Aug/2013:14:30:36 -0400] "GET /images/ic_069_accent_cover_wide.png HTTP/1.1" 200 22874 "http://bostonbravessoftball.com/scheduleresults.html" "Mozilla/5.0 (iPhone; CPU iPhone OS 5_1_1 like Mac OS X) AppleWebKit/534.46 (KHTML, like Gecko) Version/5.1 Mobile/9B206 Safari/7534.48.3"
94.23.202.64 - - [18/Aug/2013:22:24:29 -0400] "GET /scripts/photoalbum.js HTTP/1.1" 200 62481 "http://www.bostonbravessoftball.com/" "Mozilla/5.0 (X11; Linux x86_64) AppleWebKit/534.34 (KHTML, like Gecko) Qt/4.8.1 Safari/534.34"
220.181.108.157 - - [18/Aug/2013:15:36:30 -0400] "GET / HTTP/1.1" 304 - "-" "Mozilla/5.0 (compatible; Baiduspider/2.0; +http://www.baidu.com/search/spider.html)"
70.192.8.170 - - [18/Aug/2013:07:09:47 -0400] "GET /scripts/template.css HTTP/1.1" 200 5434 "http://www.bostonbravessoftball.com/" "Mozilla/5.0 (iPhone; CPU iPhone OS 6_1_4 like Mac OS X) AppleWebKit/536.26 (KHTML, like Gecko) Version/6.0 Mobile/10B350 Safari/8536.25"
70.192.8.170 - - [18/Aug/2013:07:09:48 -0400] "GET /images/ic_069_accent_cover_wide.png HTTP/1.1" 200 22874 "http://www.bostonbravessoftball.com/" "Mozilla/5.0 (iPhone; CPU iPhone OS 6_1_4 like Mac OS X) AppleWebKit/536.26 (KHTML, like Gecko) Version/6.0 Mobile/10B350 Safari/8536.25"
183.60.213.19 - - [18/Aug/2013:02:48:12 -0400] "GET /robots.txt HTTP/1.1" 200 25 "-" "Mozilla/5.0 (compatible; EasouSpider; +http://www.easou.com/search/spider.html)"
123.125.71.46 - - [18/Aug/2013:03:38:07 -0400] "GET / HTTP/1.1" 200 3048 "-" "Mozilla/5.0 (compatible; Baiduspider/2.0; +http://www.baidu.com/search/spider.html)"
37.9.53.248 - - [18/Aug/2013:21:42:35 -0400] "GET /administrator/index.php HTTP/1.0" 403 225 "-" "Mozilla/5.0 (Windows NT 6.1; rv:19.0) Gecko/20100101 Firefox/19.0"
98.137.207.136 - - [18/Aug/2013:08:39:49 -0400] "GET /scripts/photoalbum.js HTTP/1.1" 200 62481 "http://www.bostonbravessoftball.com/scheduleresults.html" "Mozilla/5.0 (compatible; Yahoo! Slurp/3.0; http://help.yahoo.com/help/us/ysearch/slurp) NOT Firefox/3.5"
98.137.207.136 - - [18/Aug/2013:08:39:49 -0400] "GET /images/041101_1976_1073_asls.jpg HTTP/1.1" 200 9302 "http://www.bostonbravessoftball.com/scripts/website.css" "Mozilla/5.0 (compatible; Yahoo! Slurp/3.0; http://help.yahoo.com/help/us/ysearch/slurp) NOT Firefox/3.5"
37.9.53.248 - - [18/Aug/2013:21:42:37 -0400] "GET /admin.php HTTP/1.0" 403 211 "-" "Mozilla/5.0 (Windows NT 6.1; rv:19.0) Gecko/20100101 Firefox/19.0"
176.31.14.30 - - [18/Aug/2013:19:24:01 -0400] "GET / HTTP/1.1" 200 33017 "-" "Mozilla/5.0 (Windows; I; Windows NT 5.1; en; rv:1.9.2.13) Gecko/20100101 Firefox/4.0"
220.181.108.97 - - [18/Aug/2013:03:41:52 -0400] "GET /home.html HTTP/1.1" 200 841 "-" "Mozilla/5.0 (compatible; Baiduspider/2.0; +http://www.baidu.com/search/spider.html)"
5.10.83.33 - - [18/Aug/2013:04:38:31 -0400] "GET /robots.txt HTTP/1.1" 200 25 "-" "Mozilla/5.0 (compatible; AhrefsBot/5.0; +http://ahrefs.com/robot/)"
220.181.89.166 - - [18/Aug/2013:17:57:17 -0400] "GET /robots.txt HTTP/1.1" 200 25 "-" "Sogou web spider/4.0"
98.137.207.136 - - [18/Aug/2013:08:39:46 -0400] "GET /scheduleresults.html HTTP/1.1" 200 49267 "-" "Mozilla/5.0 (compatible; Yahoo! Slurp/3.0; http://help.yahoo.com/help/us/ysearch/slurp) NOT Firefox/3.5"
98.137.207.136 - - [18/Aug/2013:08:39:46 -0400] "GET /scripts/ic_globals_published.js HTTP/1.1" 200 566 "http://www.bostonbravessoftball.com/scheduleresults.html" "Mozilla/5.0 (compatible; Yahoo! Slurp/3.0; http://help.yahoo.com/help/us/ysearch/slurp) NOT Firefox/3.5"
98.137.207.136 - - [18/Aug/2013:08:39:46 -0400] "GET /scripts/3custom.css HTTP/1.1" 200 17358 "http://www.bostonbravessoftball.com/scheduleresults.html" "Mozilla/5.0 (compatible; Yahoo! Slurp/3.0; http://help.yahoo.com/help/us/ysearch/slurp) NOT Firefox/3.5"
98.137.207.136 - - [18/Aug/2013:08:39:46 -0400] "GET /scripts/icwebsiteelement.css HTTP/1.1" 200 8132 "http://www.bostonbravessoftball.com/scheduleresults.html" "Mozilla/5.0 (compatible; Yahoo! Slurp/3.0; http://help.yahoo.com/help/us/ysearch/slurp) NOT Firefox/3.5"
70.192.8.170 - - [18/Aug/2013:07:09:47 -0400] "GET /scripts/ic_globals_published.js HTTP/1.1" 200 566 "http://www.bostonbravessoftball.com/" "Mozilla/5.0 (iPhone; CPU iPhone OS 6_1_4 like Mac OS X) AppleWebKit/536.26 (KHTML, like Gecko) Version/6.0 Mobile/10B350 Safari/8536.25"
70.192.8.170 - - [18/Aug/2013:07:09:48 -0400] "GET /scripts/1custom.css HTTP/1.1" 200 4186 "http://www.bostonbravessoftball.com/" "Mozilla/5.0 (iPhone; CPU iPhone OS 6_1_4 like Mac OS X) AppleWebKit/536.26 (KHTML, like Gecko) Version/6.0 Mobile/10B350 Safari/8536.25"
70.192.8.170 - - [18/Aug/2013:07:09:48 -0400] "GET /scripts/icwebsiteelement.css HTTP/1.1" 200 8132 "http://www.bostonbravessoftball.com/" "Mozilla/5.0 (iPhone; CPU iPhone OS 6_1_4 like Mac OS X) AppleWebKit/536.26 (KHTML, like Gecko) Version/6.0 Mobile/10B350 Safari/8536.25"
70.192.8.170 - - [18/Aug/2013:07:09:48 -0400] "GET /images/386_100_3998.jpg HTTP/1.1" 200 21822 "http://www.bostonbravessoftball.com/" "Mozilla/5.0 (iPhone; CPU iPhone OS 6_1_4 like Mac OS X) AppleWebKit/536.26 (KHTML, like Gecko) Version/6.0 Mobile/10B350 Safari/8536.25"
94.23.202.64 - - [18/Aug/2013:22:24:28 -0400] "GET / HTTP/1.1" 200 33017 "-" "Mozilla/5.0 (X11; Linux x86_64) AppleWebKit/534.34 (KHTML, like Gecko) Qt/4.8.1 Safari/534.34"
94.23.202.64 - - [18/Aug/2013:22:24:29 -0400] "GET /images/215_IMG_5080-001.JPG HTTP/1.1" 200 14139 "http://www.bostonbravessoftball.com/" "Mozilla/5.0 (X11; Linux x86_64) AppleWebKit/534.34 (KHTML, like Gecko) Qt/4.8.1 Safari/534.34"
66.249.75.179 - - [18/Aug/2013:08:53:18 -0400] "GET /scripts/1custom.css HTTP/1.1" 200 4186 "-" "Mozilla/5.0 (compatible; Googlebot/2.1; +http://www.google.com/bot.html)"
94.23.202.64 - - [18/Aug/2013:22:24:29 -0400] "GET /scripts/ic_globals_published.js HTTP/1.1" 200 566 "http://www.bostonbravessoftball.com/" "Mozilla/5.0 (X11; Linux x86_64) AppleWebKit/534.34 (KHTML, like Gecko) Qt/4.8.1 Safari/534.34"
180.76.5.48 - - [18/Aug/2013:15:24:13 -0400] "GET /images/softball_schedule_2013_5_.pdf HTTP/1.1" 200 29822 "-" "Mozilla/5.0 (compatible; Baiduspider/2.0; +http://www.baidu.com/search/spider.html)"
123.125.71.33 - - [18/Aug/2013:03:38:10 -0400] "GET /Frame/frame.html HTTP/1.1" 200 17596 "-" "Mozilla/5.0 (compatible; Baiduspider/2.0; +http://www.baidu.com/search/spider.html)"
220.181.108.101 - - [18/Aug/2013:03:41:51 -0400] "GET /Frame/frame.html HTTP/1.1" 200 17596 "-" "Mozilla/5.0 (compatible; Baiduspider/2.0; +http://www.baidu.com/search/spider.html)"
180.76.5.193 - - [18/Aug/2013:04:15:30 -0400] "GET /scripts/5custom.css HTTP/1.1" 200 1477 "-" "Mozilla/5.0 (compatible; Baiduspider/2.0; +http://www.baidu.com/search/spider.html)"
98.137.207.136 - - [18/Aug/2013:08:39:46 -0400] "GET /scripts/template.css HTTP/1.1" 200 5434 "http://www.bostonbravessoftball.com/scheduleresults.html" "Mozilla/5.0 (compatible; Yahoo! Slurp/3.0; http://help.yahoo.com/help/us/ysearch/slurp) NOT Firefox/3.5"
66.249.75.179 - - [18/Aug/2013:08:48:47 -0400] "GET / HTTP/1.1" 200 33017 "-" "Mozilla/5.0 (compatible; Googlebot/2.1; +http://www.google.com/bot.html)"
198.228.200.158 - - [18/Aug/2013:18:55:32 -0400] "GET /scripts/print.css HTTP/1.1" 200 - "http://bostonbravessoftball.com/scheduleresults.html" "Mozilla/5.0 (iPhone; CPU iPhone OS 6_1_3 like Mac OS X) AppleWebKit/536.26 (KHTML, like Gecko) Version/6.0 Mobile/10B329 Safari/8536.25"
5.10.83.33 - - [18/Aug/2013:04:38:31 -0400] "GET /robots.txt HTTP/1.1" 200 25 "-" "Mozilla/5.0 (compatible; AhrefsBot/5.0; +http://ahrefs.com/robot/)"
70.192.8.170 - - [18/Aug/2013:07:09:47 -0400] "GET /scripts/photoalbum.js HTTP/1.1" 200 62481 "http://www.bostonbravessoftball.com/" "Mozilla/5.0 (iPhone; CPU iPhone OS 6_1_4 like Mac OS X) AppleWebKit/536.26 (KHTML, like Gecko) Version/6.0 Mobile/10B350 Safari/8536.25"
70.192.8.170 - - [18/Aug/2013:07:09:48 -0400] "GET /images/041101_1976_1073_asls.jpg HTTP/1.1" 200 9302 "http://www.bostonbravessoftball.com/" "Mozilla/5.0 (iPhone; CPU iPhone OS 6_1_4 like Mac OS X) AppleWebKit/536.26 (KHTML, like Gecko) Version/6.0 Mobile/10B350 Safari/8536.25"
176.31.14.30 - - [18/Aug/2013:19:24:02 -0400] "GET /rules.html HTTP/1.1" 200 44414 "-" "Opera/9.80 (Windows NT 6.1; U; en) Presto/2.6.30 Version/10.61"
198.228.200.170 - - [18/Aug/2013:14:12:22 -0400] "GET /scripts/template.css HTTP/1.1" 200 5434 "http://bostonbravessoftball.com/scheduleresults.html" "Mozilla/5.0 (iPhone; CPU iPhone OS 6_1_3 like Mac OS X) AppleWebKit/536.26 (KHTML, like Gecko) Version/6.0 Mobile/10B329 Safari/8536.25"
66.249.75.179 - - [18/Aug/2013:08:52:58 -0400] "GET /scripts/template.css HTTP/1.1" 200 5434 "-" "Mozilla/5.0 (compatible; Googlebot/2.1; +http://www.google.com/bot.html)"
66.249.75.107 - - [18/Aug/2013:22:33:25 -0400] "GET /robots.txt HTTP/1.1" 404 575 "-" "Mozilla/5.0 (compatible; Googlebot/2.1; +http://www.google.com/bot.html)"
174.226.65.55 - - [18/Aug/2013:14:30:32 -0400] "GET /scheduleresults.html HTTP/1.1" 200 49267 "http://www.google.com/search?q=carter+field+boston&ie=UTF-8&oe=UTF-8&hl=en&client=safari" "Mozilla/5.0 (iPhone; CPU iPhone OS 5_1_1 like Mac OS X) AppleWebKit/534.46 (KHTML, like Gecko) Version/5.1 Mobile/9B206 Safari/7534.48.3"
174.226.65.55 - - [18/Aug/2013:14:30:33 -0400] "GET /scripts/3custom.css HTTP/1.1" 200 17358 "http://bostonbravessoftball.com/scheduleresults.html" "Mozilla/5.0 (iPhone; CPU iPhone OS 5_1_1 like Mac OS X) AppleWebKit/534.46 (KHTML, like Gecko) Version/5.1 Mobile/9B206 Safari/7534.48.3"
174.226.65.55 - - [18/Aug/2013:14:30:33 -0400] "GET /scripts/icwebsiteelement.css HTTP/1.1" 200 8132 "http://bostonbravessoftball.com/scheduleresults.html" "Mozilla/5.0 (iPhone; CPU iPhone OS 5_1_1 like Mac OS X) AppleWebKit/534.46 (KHTML, like Gecko) Version/5.1 Mobile/9B206 Safari/7534.48.3"
174.226.65.55 - - [18/Aug/2013:14:30:36 -0400] "GET /images/041101_1976_1073_asls.jpg HTTP/1.1" 200 9302 "http://bostonbravessoftball.com/scheduleresults.html" "Mozilla/5.0 (iPhone; CPU iPhone OS 5_1_1 like Mac OS X) AppleWebKit/534.46 (KHTML, like Gecko) Version/5.1 Mobile/9B206 Safari/7534.48.3"
174.226.65.55 - - [18/Aug/2013:14:30:37 -0400] "GET /scripts/print.css HTTP/1.1" 200 - "http://bostonbravessoftball.com/scheduleresults.html" "Mozilla/5.0 (iPhone; CPU iPhone OS 5_1_1 like Mac OS X) AppleWebKit/534.46 (KHTML, like Gecko) Version/5.1 Mobile/9B206 Safari/7534.48.3"
220.181.108.77 - - [18/Aug/2013:03:41:49 -0400] "GET / HTTP/1.1" 200 3048 "-" "Mozilla/5.0 (compatible; Baiduspider/2.0; +http://www.baidu.com/search/spider.html)"
66.249.75.107 - - [18/Aug/2013:22:39:40 -0400] "GET /home.html HTTP/1.1" 304 - "-" "Mozilla/5.0 (iPhone; U; CPU iPhone OS 4_1 like Mac OS X; en-us) AppleWebKit/532.9 (KHTML, like Gecko) Version/4.0.5 Mobile/8B117 Safari/6531.22.7 (compatible; Googlebot-Mobile/2.1; +http://www.google.com/bot.html)"
123.125.71.106 - - [18/Aug/2013:04:11:27 -0400] "GET /Frame/frame_files/editdata.mso HTTP/1.1" 404 575 "-" "Mozilla/5.0 (compatible; Baiduspider/2.0; +http://www.baidu.com/search/spider.html)"
198.228.200.170 - - [18/Aug/2013:14:12:22 -0400] "GET /scheduleresults.html HTTP/1.1" 200 49267 "https://www.google.com/" "Mozilla/5.0 (iPhone; CPU iPhone OS 6_1_3 like Mac OS X) AppleWebKit/536.26 (KHTML, like Gecko) Version/6.0 Mobile/10B329 Safari/8536.25"
198.228.200.170 - - [18/Aug/2013:14:12:22 -0400] "GET /scripts/photoalbum.js HTTP/1.1" 200 62481 "http://bostonbravessoftball.com/scheduleresults.html" "Mozilla/5.0 (iPhone; CPU iPhone OS 6_1_3 like Mac OS X) AppleWebKit/536.26 (KHTML, like Gecko) Version/6.0 Mobile/10B329 Safari/8536.25"
198.228.200.170 - - [18/Aug/2013:14:12:22 -0400] "GET /scripts/3custom.css HTTP/1.1" 200 17358 "http://bostonbravessoftball.com/scheduleresults.html" "Mozilla/5.0 (iPhone; CPU iPhone OS 6_1_3 like Mac OS X) AppleWebKit/536.26 (KHTML, like Gecko) Version/6.0 Mobile/10B329 Safari/8536.25"
198.228.200.170 - - [18/Aug/2013:14:12:22 -0400] "GET /scripts/icwebsiteelement.css HTTP/1.1" 200 8132 "http://bostonbravessoftball.com/scheduleresults.html" "Mozilla/5.0 (iPhone; CPU iPhone OS 6_1_3 like Mac OS X) AppleWebKit/536.26 (KHTML, like Gecko) Version/6.0 Mobile/10B329 Safari/8536.25"
198.228.200.170 - - [18/Aug/2013:14:12:23 -0400] "GET /images/doc_pdf.gif HTTP/1.1" 200 1002 "http://bostonbravessoftball.com/scheduleresults.html" "Mozilla/5.0 (iPhone; CPU iPhone OS 6_1_3 like Mac OS X) AppleWebKit/536.26 (KHTML, like Gecko) Version/6.0 Mobile/10B329 Safari/8536.25"
198.228.200.170 - - [18/Aug/2013:14:12:23 -0400] "GET /images/041101_1976_1073_asls.jpg HTTP/1.1" 200 9302 "http://bostonbravessoftball.com/scheduleresults.html" "Mozilla/5.0 (iPhone; CPU iPhone OS 6_1_3 like Mac OS X) AppleWebKit/536.26 (KHTML, like Gecko) Version/6.0 Mobile/10B329 Safari/8536.25"
198.228.200.170 - - [18/Aug/2013:14:12:23 -0400] "GET /images/ic_069_accent_cover_wide.png HTTP/1.1" 200 22874 "http://bostonbravessoftball.com/scheduleresults.html" "Mozilla/5.0 (iPhone; CPU iPhone OS 6_1_3 like Mac OS X) AppleWebKit/536.26 (KHTML, like Gecko) Version/6.0 Mobile/10B329 Safari/8536.25"
198.228.200.170 - - [18/Aug/2013:14:12:23 -0400] "GET /scripts/print.css HTTP/1.1" 200 - "http://bostonbravessoftball.com/scheduleresults.html" "Mozilla/5.0 (iPhone; CPU iPhone OS 6_1_3 like Mac OS X) AppleWebKit/536.26 (KHTML, like Gecko) Version/6.0 Mobile/10B329 Safari/8536.25"
174.226.65.55 - - [18/Aug/2013:14:30:33 -0400] "GET /scripts/template.css HTTP/1.1" 200 5434 "http://bostonbravessoftball.com/scheduleresults.html" "Mozilla/5.0 (iPhone; CPU iPhone OS 5_1_1 like Mac OS X) AppleWebKit/534.46 (KHTML, like Gecko) Version/5.1 Mobile/9B206 Safari/7534.48.3"
66.249.75.73 - - [18/Aug/2013:09:47:21 -0400] "GET / HTTP/1.1" 200 33017 "-" "Mozilla/5.0 (iPhone; U; CPU iPhone OS 4_1 like Mac OS X; en-us) AppleWebKit/532.9 (KHTML, like Gecko) Version/4.0.5 Mobile/8B117 Safari/6531.22.7 (compatible; Googlebot-Mobile/2.1; +http://www.google.com/bot.html)"
173.199.114.51 - - [18/Aug/2013:03:50:18 -0400] "GET /contactcommish.html HTTP/1.1" 200 22049 "-" "Mozilla/5.0 (compatible; AhrefsBot/4.0; +http://ahrefs.com/robot/)"
66.249.75.179 - - [18/Aug/2013:16:01:36 -0400] "GET /images/softball_2010_schedule.pdf HTTP/1.1" 200 14798 "-" "Mozilla/5.0 (compatible; Googlebot/2.1; +http://www.google.com/bot.html)"
174.226.65.55 - - [18/Aug/2013:14:30:33 -0400] "GET /scripts/website.css HTTP/1.1" 200 1740 "http://bostonbravessoftball.com/scheduleresults.html" "Mozilla/5.0 (iPhone; CPU iPhone OS 5_1_1 like Mac OS X) AppleWebKit/534.46 (KHTML, like Gecko) Version/5.1 Mobile/9B206 Safari/7534.48.3"
173.70.141.147 - - [18/Aug/2013:07:12:44 -0400] "GET /Wedding/index.htm HTTP/1.1" 200 8249 "-" "panscient.com"
173.70.141.147 - - [18/Aug/2013:07:12:45 -0400] "GET / HTTP/1.1" 200 3048 "-" "panscient.com"
173.70.141.147 - - [18/Aug/2013:07:12:47 -0400] "GET /home.html HTTP/1.1" 200 841 "-" "panscient.com"
173.70.141.147 - - [18/Aug/2013:07:12:48 -0400] "GET /Frame/frame.html HTTP/1.1" 200 17596 "-" "panscient.com"
173.70.141.147 - - [18/Aug/2013:07:12:50 -0400] "GET /tickets/default.htm HTTP/1.1" 200 249779 "-" "panscient.com"
66.249.75.73 - - [18/Aug/2013:09:47:21 -0400] "GET /robots.txt HTTP/1.1" 200 25 "-" "Mozilla/5.0 (compatible; Googlebot/2.1; +http://www.google.com/bot.html)"
198.228.200.170 - - [18/Aug/2013:14:12:22 -0400] "GET /scripts/ic_globals_published.js HTTP/1.1" 200 566 "http://bostonbravessoftball.com/scheduleresults.html" "Mozilla/5.0 (iPhone; CPU iPhone OS 6_1_3 like Mac OS X) AppleWebKit/536.26 (KHTML, like Gecko) Version/6.0 Mobile/10B329 Safari/8536.25"
180.76.6.15 - - [18/Aug/2013:04:26:51 -0400] "GET /Frame/frame_files/themedata.thmx HTTP/1.1" 404 575 "-" "Mozilla/5.0 (compatible; Baiduspider/2.0; +http://www.baidu.com/search/spider.html)"
198.228.200.170 - - [18/Aug/2013:14:12:22 -0400] "GET /scripts/website.css HTTP/1.1" 200 1740 "http://bostonbravessoftball.com/scheduleresults.html" "Mozilla/5.0 (iPhone; CPU iPhone OS 6_1_3 like Mac OS X) AppleWebKit/536.26 (KHTML, like Gecko) Version/6.0 Mobile/10B329 Safari/8536.25"
70.192.8.170 - - [18/Aug/2013:07:09:47 -0400] "GET /scripts/user.js HTTP/1.1" 200 23762 "http://www.bostonbravessoftball.com/" "Mozilla/5.0 (iPhone; CPU iPhone OS 6_1_4 like Mac OS X) AppleWebKit/536.26 (KHTML, like Gecko) Version/6.0 Mobile/10B350 Safari/8536.25"
70.192.8.170 - - [18/Aug/2013:07:09:48 -0400] "GET /images/513_rhapsody-4.jpg HTTP/1.1" 200 47712 "http://www.bostonbravessoftball.com/" "Mozilla/5.0 (iPhone; CPU iPhone OS 6_1_4 like Mac OS X) AppleWebKit/536.26 (KHTML, like Gecko) Version/6.0 Mobile/10B350 Safari/8536.25"
198.228.200.170 - - [18/Aug/2013:14:12:22 -0400] "GET /scripts/user.js HTTP/1.1" 200 23762 "http://bostonbravessoftball.com/scheduleresults.html" "Mozilla/5.0 (iPhone; CPU iPhone OS 6_1_3 like Mac OS X) AppleWebKit/536.26 (KHTML, like Gecko) Version/6.0 Mobile/10B329 Safari/8536.25"
188.134.65.101 - - [18/Aug/2013:21:30:24 -0400] "GET /wp-login.php HTTP/1.1" 404 575 "http://bostonbravessoftball.com/wp-login.php" "Mozilla/5.0 (Windows; U; Windows NT 5.1; rv:16.0.1) Gecko/20121011 Firefox/16.0.1"
66.249.75.179 - - [18/Aug/2013:08:52:52 -0400] "GET /scripts/website.css HTTP/1.1" 200 1740 "-" "Mozilla/5.0 (compatible; Googlebot/2.1; +http://www.google.com/bot.html)"
66.249.75.179 - - [18/Aug/2013:08:53:05 -0400] "GET /scripts/icwebsiteelement.css HTTP/1.1" 200 8132 "-" "Mozilla/5.0 (compatible; Googlebot/2.1; +http://www.google.com/bot.html)"
174.226.65.55 - - [18/Aug/2013:14:30:33 -0400] "GET /scripts/user.js HTTP/1.1" 200 23762 "http://bostonbravessoftball.com/scheduleresults.html" "Mozilla/5.0 (iPhone; CPU iPhone OS 5_1_1 like Mac OS X) AppleWebKit/534.46 (KHTML, like Gecko) Version/5.1 Mobile/9B206 Safari/7534.48.3"
66.249.75.107 - - [18/Aug/2013:22:33:25 -0400] "GET / HTTP/1.1" 200 3048 "-" "Mozilla/5.0 (iPhone; U; CPU iPhone OS 4_1 like Mac OS X; en-us) AppleWebKit/532.9 (KHTML, like Gecko) Version/4.0.5 Mobile/8B117 Safari/6531.22.7 (compatible; Googlebot-Mobile/2.1; +http://www.google.com/bot.html)"
94.23.202.64 - - [18/Aug/2013:22:24:29 -0400] "GET /scripts/user.js HTTP/1.1" 200 23762 "http://www.bostonbravessoftball.com/" "Mozilla/5.0 (X11; Linux x86_64) AppleWebKit/534.34 (KHTML, like Gecko) Qt/4.8.1 Safari/534.34"
70.192.8.170 - - [18/Aug/2013:07:09:47 -0400] "GET / HTTP/1.1" 200 33017 "https://www.google.com/" "Mozilla/5.0 (iPhone; CPU iPhone OS 6_1_4 like Mac OS X) AppleWebKit/536.26 (KHTML, like Gecko) Version/6.0 Mobile/10B350 Safari/8536.25"
70.192.8.170 - - [18/Aug/2013:07:09:48 -0400] "GET /images/215_IMG_5080-001.JPG HTTP/1.1" 200 14139 "http://www.bostonbravessoftball.com/" "Mozilla/5.0 (iPhone; CPU iPhone OS 6_1_4 like Mac OS X) AppleWebKit/536.26 (KHTML, like Gecko) Version/6.0 Mobile/10B350 Safari/8536.25"
70.192.8.170 - - [18/Aug/2013:07:09:49 -0400] "GET /scripts/print.css HTTP/1.1" 200 - "http://www.bostonbravessoftball.com/" "Mozilla/5.0 (iPhone; CPU iPhone OS 6_1_4 like Mac OS X) AppleWebKit/536.26 (KHTML, like Gecko) Version/6.0 Mobile/10B350 Safari/8536.25"
98.137.207.136 - - [18/Aug/2013:08:39:46 -0400] "GET /scripts/print.css HTTP/1.1" 200 - "http://www.bostonbravessoftball.com/scheduleresults.html" "Mozilla/5.0 (compatible; Yahoo! Slurp/3.0; http://help.yahoo.com/help/us/ysearch/slurp) NOT Firefox/3.5"
66.249.75.179 - - [18/Aug/2013:08:48:47 -0400] "GET /robots.txt HTTP/1.1" 200 25 "-" "Mozilla/5.0 (compatible; Googlebot/2.1; +http://www.google.com/bot.html)"
176.31.14.29 - - [18/Aug/2013:16:03:33 -0400] "GET / HTTP/1.1" 200 3048 "-" "Mozilla/5.0 (Windows NT 5.1; U; en; rv:1.8.1) Gecko/20061208 Firefox/5.0 Opera 11.11"
66.249.75.179 - - [18/Aug/2013:16:39:49 -0400] "GET /images/Boston_Braves_Softball_2011.pdf HTTP/1.1" 200 15023 "-" "Mozilla/5.0 (compatible; Googlebot/2.1; +http://www.google.com/bot.html)"
173.199.115.91 - - [18/Aug/2013:23:16:46 -0400] "GET /robots.txt HTTP/1.1" 404 575 "-" "Mozilla/5.0 (compatible; AhrefsBot/4.0; +http://ahrefs.com/robot/)"
176.31.14.30 - - [18/Aug/2013:19:24:03 -0400] "GET /images/Softball_Rules_2011.pdf HTTP/1.1" 200 37456 "-" "Mozilla/5.0 (compatible; MSIE 10.0; Windows NT 6.1; Trident/6.0)"
70.192.8.170 - - [18/Aug/2013:07:09:47 -0400] "GET /scripts/website.css HTTP/1.1" 200 1740 "http://www.bostonbravessoftball.com/" "Mozilla/5.0 (iPhone; CPU iPhone OS 6_1_4 like Mac OS X) AppleWebKit/536.26 (KHTML, like Gecko) Version/6.0 Mobile/10B350 Safari/8536.25"