0byt3m1n1
Path:
/
data
/
0
/
0
/
92
/
161
/
92650
/
meta
/
94048
/
logs
/
[
Home
]
File: x-access_log.2013-08-19
66.249.74.158 - - [19/Aug/2013:12:09:33 -0400] "GET / HTTP/1.1" 200 9732 "-" "Mozilla/5.0 (iPhone; U; CPU iPhone OS 4_1 like Mac OS X; en-us) AppleWebKit/532.9 (KHTML, like Gecko) Version/4.0.5 Mobile/8B117 Safari/6531.22.7 (compatible; Googlebot-Mobile/2.1; +http://www.google.com/bot.html)"
199.187.122.91 - - [19/Aug/2013:18:25:15 -0400] "GET /aboutjamiecohen/videodivision.html HTTP/1.1" 200 10469 "-" "Mozilla/4.0 (compatible; MSIE 6.0; Windows NT 5.1; SV1; .NET CLR 2.0.50727)"
199.187.122.91 - - [19/Aug/2013:18:25:17 -0400] "GET /clientarea/2010cshfirstcommunion.html HTTP/1.1" 200 10570 "-" "Mozilla/4.0 (compatible; MSIE 6.0; Windows NT 5.1; SV1; .NET CLR 2.0.50727)"
199.187.122.91 - - [19/Aug/2013:18:25:51 -0400] "GET /images/Cranston_NonBranded_Final.mov HTTP/1.1" 200 2961413 "-" "Mozilla/4.0 (compatible; MSIE 6.0; Windows NT 5.1; SV1; .NET CLR 2.0.50727)"
74.3.203.90 - - [19/Aug/2013:04:03:00 -0400] "GET /tmp/bga.php HTTP/1.0" 404 575 "-" "Wget/1.11.4 Red Hat modified"
199.187.122.91 - - [19/Aug/2013:18:25:04 -0400] "GET /clientarea2/jessicalubaalbum.html HTTP/1.1" 200 8764 "-" "Mozilla/4.0 (compatible; MSIE 6.0; Windows NT 5.1; SV1; .NET CLR 2.0.50727)"
37.140.141.13 - - [19/Aug/2013:22:51:00 -0400] "GET /robots.txt HTTP/1.1" 200 25 "-" "Mozilla/5.0 (compatible; YandexImages/3.0; +http://yandex.com/bots)"
173.199.114.243 - - [19/Aug/2013:04:55:08 -0400] "GET /images/FirstCut.mov HTTP/1.1" 200 10891471 "-" "Mozilla/5.0 (compatible; AhrefsBot/4.0; +http://ahrefs.com/robot/)"
199.187.122.91 - - [19/Aug/2013:18:25:27 -0400] "GET /limestone-bridge HTTP/1.1" 404 575 "-" "Mozilla/4.0 (compatible; MSIE 6.0; Windows NT 5.1; SV1; .NET CLR 2.0.50727)"
74.3.203.90 - - [19/Aug/2013:06:45:15 -0400] "GET /tmp/bga.php HTTP/1.0" 404 575 "-" "Wget/1.11.4 Red Hat modified"
124.89.30.167 - - [19/Aug/2013:02:29:11 -0400] "GET /robots.txt HTTP/1.1" 200 25 "http://jamiecohen.tv/" "Mozilla/5.0 (compatible; MSIE 8.0; Windows NT 6.1)"
66.249.74.158 - - [19/Aug/2013:10:20:21 -0400] "GET /robots.txt HTTP/1.1" 200 25 "-" "Mozilla/5.0 (compatible; Googlebot/2.1; +http://www.google.com/bot.html)"
66.249.74.158 - - [19/Aug/2013:10:20:21 -0400] "GET / HTTP/1.1" 200 9732 "-" "DoCoMo/2.0 N905i(c100;TB;W24H16) (compatible; Googlebot-Mobile/2.1; +http://www.google.com/bot.html)"
173.199.114.243 - - [19/Aug/2013:04:48:25 -0400] "GET /portfolioone/architecture.html HTTP/1.1" 200 10140 "-" "Mozilla/5.0 (compatible; AhrefsBot/4.0; +http://ahrefs.com/robot/)"
199.187.122.91 - - [19/Aug/2013:18:26:07 -0400] "GET /jim-carrey-gaga HTTP/1.1" 404 575 "-" "Mozilla/4.0 (compatible; MSIE 6.0; Windows NT 5.1; SV1; .NET CLR 2.0.50727)"
208.115.111.73 - - [19/Aug/2013:01:27:05 -0400] "GET /robots.txt HTTP/1.1" 200 25 "-" "Mozilla/5.0 (compatible; Ezooms/1.0; ezooms.bot@gmail.com)"
46.165.230.206 - - [19/Aug/2013:08:19:10 -0400] "GET /portfolioone.html HTTP/1.1" 206 9986 "-" "ScreenerBot Crawler Beta 2.0 (+http://www.ScreenerBot.com)"
199.187.122.91 - - [19/Aug/2013:18:25:18 -0400] "GET /riverbend-edmonton HTTP/1.1" 404 575 "-" "Mozilla/4.0 (compatible; MSIE 6.0; Windows NT 5.1; SV1; .NET CLR 2.0.50727)"
173.199.114.243 - - [19/Aug/2013:14:51:04 -0400] "GET /portfoliotwo/weddings.html HTTP/1.1" 200 10150 "-" "Mozilla/5.0 (compatible; AhrefsBot/4.0; +http://ahrefs.com/robot/)"
112.125.20.41 - - [19/Aug/2013:02:19:24 -0400] "GET / HTTP/1.1" 200 9732 "-" "Mozilla/5.0 (compatible; WangIDSpider/1.0; +http://www.wangid.com/spider.html)"
199.187.122.91 - - [19/Aug/2013:18:25:28 -0400] "GET /images/United_We_Play_6509.mov HTTP/1.1" 200 2115897 "-" "Mozilla/4.0 (compatible; MSIE 6.0; Windows NT 5.1; SV1; .NET CLR 2.0.50727)"
173.199.114.243 - - [19/Aug/2013:08:31:30 -0400] "GET /images/MichaeJFoxPSA-let-medres.mov HTTP/1.1" 200 2166255 "-" "Mozilla/5.0 (compatible; AhrefsBot/4.0; +http://ahrefs.com/robot/)"
46.165.230.206 - - [19/Aug/2013:08:19:10 -0400] "GET / HTTP/1.1" 206 9732 "-" "ScreenerBot Crawler Beta 2.0 (+http://www.ScreenerBot.com)"
182.118.25.238 - - [19/Aug/2013:15:24:42 -0400] "GET /robots.txt HTTP/1.1" 200 25 "http://jamiecohen.tv/robots.txt" "Mozilla/5.0 (Windows; U; Windows NT 5.1; zh-CN; rv:1.8.0.11) Firefox/1.5.0.11; 360Spider"
199.187.122.91 - - [19/Aug/2013:18:25:40 -0400] "GET /images/Sharon_amp_Dick_s_50th_Anniversary_test.mov HTTP/1.1" 200 570342 "-" "Mozilla/4.0 (compatible; MSIE 6.0; Windows NT 5.1; SV1; .NET CLR 2.0.50727)"
74.3.203.90 - - [19/Aug/2013:09:09:28 -0400] "GET /tmp/cga.php HTTP/1.0" 404 575 "-" "Wget/1.11.4 Red Hat modified"
37.140.141.13 - - [19/Aug/2013:12:22:27 -0400] "GET /74/images/01a.jpg HTTP/1.1" 304 - "-" "Mozilla/5.0 (compatible; YandexImages/3.0; +http://yandex.com/bots)"
199.187.122.91 - - [19/Aug/2013:18:20:41 -0400] "GET /robots.txt HTTP/1.1" 200 25 "-" "Mozilla/4.0 (compatible; MSIE 6.0; Windows NT 5.1; SV1; .NET CLR 2.0.50727)"
199.187.122.91 - - [19/Aug/2013:18:25:06 -0400] "GET /portfolioone/advertising.html HTTP/1.1" 200 10138 "-" "Mozilla/4.0 (compatible; MSIE 6.0; Windows NT 5.1; SV1; .NET CLR 2.0.50727)"
199.187.122.91 - - [19/Aug/2013:18:25:52 -0400] "GET /images/The_Devil_Wears_Jergens_small.mov HTTP/1.1" 200 445612 "-" "Mozilla/4.0 (compatible; MSIE 6.0; Windows NT 5.1; SV1; .NET CLR 2.0.50727)"
208.115.113.89 - - [19/Aug/2013:08:41:08 -0400] "GET /clientarea2/samrothman.html HTTP/1.1" 200 8757 "-" "Mozilla/5.0 (compatible; Ezooms/1.0; ezooms.bot@gmail.com)"
199.187.122.91 - - [19/Aug/2013:18:25:43 -0400] "GET /portfolioone/nyknicks.html HTTP/1.1" 200 10338 "-" "Mozilla/4.0 (compatible; MSIE 6.0; Windows NT 5.1; SV1; .NET CLR 2.0.50727)"
199.187.122.91 - - [19/Aug/2013:18:26:08 -0400] "GET /portfoliotwo/batbarmitzvahs.html HTTP/1.1" 200 10160 "-" "Mozilla/4.0 (compatible; MSIE 6.0; Windows NT 5.1; SV1; .NET CLR 2.0.50727)"
46.165.230.206 - - [19/Aug/2013:08:19:10 -0400] "GET /home.html HTTP/1.1" 206 9732 "-" "ScreenerBot Crawler Beta 2.0 (+http://www.ScreenerBot.com)"
199.187.122.91 - - [19/Aug/2013:18:26:04 -0400] "GET /ireland-plug-adapter HTTP/1.1" 404 575 "-" "Mozilla/4.0 (compatible; MSIE 6.0; Windows NT 5.1; SV1; .NET CLR 2.0.50727)"
66.249.74.53 - - [19/Aug/2013:10:14:13 -0400] "GET /robots.txt HTTP/1.1" 200 25 "-" "Mozilla/5.0 (compatible; Googlebot/2.1; +http://www.google.com/bot.html)"
66.249.74.53 - - [19/Aug/2013:10:14:13 -0400] "GET /clientarea2.html HTTP/1.1" 200 8609 "-" "Mozilla/5.0 (compatible; Googlebot/2.1; +http://www.google.com/bot.html)"
173.199.114.243 - - [19/Aug/2013:03:45:54 -0400] "GET /images/Gomez_Script2_3-27.mov HTTP/1.1" 200 6321803 "-" "Mozilla/5.0 (compatible; AhrefsBot/4.0; +http://ahrefs.com/robot/)"
74.3.203.90 - - [19/Aug/2013:01:41:32 -0400] "GET /tmp/agg.php HTTP/1.0" 404 575 "-" "Wget/1.11.4 Red Hat modified"
208.115.111.73 - - [19/Aug/2013:02:30:36 -0400] "GET /butterfly-shuriken HTTP/1.1" 404 575 "-" "Mozilla/5.0 (compatible; Ezooms/1.0; ezooms.bot@gmail.com)"
91.200.14.59 - - [19/Aug/2013:17:42:53 -0400] "GET /newspaper-front-page HTTP/1.1" 404 575 "-" "Mozilla/4.0 (compatible; MSIE 6.0; Windows NT 5.1; SV1)"
178.255.215.84 - - [19/Aug/2013:10:47:54 -0400] "GET /portfoliotwo.html HTTP/1.1" 200 10008 "-" "Mozilla/5.0 (compatible; Exabot/3.0 (BiggerBetter); +http://www.exabot.com/go/robot)"
199.187.122.91 - - [19/Aug/2013:18:25:39 -0400] "GET /gjimnazi-frang-bardhi HTTP/1.1" 404 575 "-" "Mozilla/4.0 (compatible; MSIE 6.0; Windows NT 5.1; SV1; .NET CLR 2.0.50727)"
199.187.122.91 - - [19/Aug/2013:18:25:39 -0400] "GET /images/Williams_Sisters_1-med-res-.mov HTTP/1.1" 200 - "-" "Mozilla/4.0 (compatible; MSIE 6.0; Windows NT 5.1; SV1; .NET CLR 2.0.50727)"
199.187.122.91 - - [19/Aug/2013:18:25:15 -0400] "GET /images/West_Side_Stadium.mov HTTP/1.1" 200 14892661 "-" "Mozilla/4.0 (compatible; MSIE 6.0; Windows NT 5.1; SV1; .NET CLR 2.0.50727)"
66.249.74.158 - - [19/Aug/2013:21:12:45 -0400] "GET /garden-logo HTTP/1.1" 404 575 "-" "Mozilla/5.0 (compatible; Googlebot/2.1; +http://www.google.com/bot.html)"
199.187.122.91 - - [19/Aug/2013:18:25:36 -0400] "GET /images/Episode_I_-_History-Jamie_.mov HTTP/1.1" 200 115 "-" "Mozilla/4.0 (compatible; MSIE 6.0; Windows NT 5.1; SV1; .NET CLR 2.0.50727)"
199.187.122.91 - - [19/Aug/2013:18:25:54 -0400] "GET /images/MPE_Reel_-_FINAL052510-H.264_LAN.mov HTTP/1.1" 200 19251372 "-" "Mozilla/4.0 (compatible; MSIE 6.0; Windows NT 5.1; SV1; .NET CLR 2.0.50727)"
37.140.141.13 - - [19/Aug/2013:16:07:48 -0400] "GET /images/674_cohen_teens_f.jpg HTTP/1.1" 304 - "-" "Mozilla/5.0 (compatible; YandexImages/3.0; +http://yandex.com/bots)"
199.187.122.91 - - [19/Aug/2013:18:25:14 -0400] "GET /dolphin-pills HTTP/1.1" 404 575 "-" "Mozilla/4.0 (compatible; MSIE 6.0; Windows NT 5.1; SV1; .NET CLR 2.0.50727)"
199.187.122.91 - - [19/Aug/2013:18:25:21 -0400] "GET /asos-marky-brogues HTTP/1.1" 404 575 "-" "Mozilla/4.0 (compatible; MSIE 6.0; Windows NT 5.1; SV1; .NET CLR 2.0.50727)"
199.187.122.91 - - [19/Aug/2013:18:26:00 -0400] "GET /images/Qtip_Final.mov HTTP/1.1" 200 11952695 "-" "Mozilla/4.0 (compatible; MSIE 6.0; Windows NT 5.1; SV1; .NET CLR 2.0.50727)"
66.249.74.158 - - [19/Aug/2013:23:59:38 -0400] "GET /clientarea2/magda.html HTTP/1.1" 200 8751 "-" "Mozilla/5.0 (compatible; Googlebot/2.1; +http://www.google.com/bot.html)"
199.187.122.91 - - [19/Aug/2013:18:25:10 -0400] "GET /holiday-wallpaper-backgrounds HTTP/1.1" 404 575 "-" "Mozilla/4.0 (compatible; MSIE 6.0; Windows NT 5.1; SV1; .NET CLR 2.0.50727)"
199.187.122.91 - - [19/Aug/2013:18:25:49 -0400] "GET /images/Fox_AllStarPromoH264-2.mov HTTP/1.1" 200 5304475 "-" "Mozilla/4.0 (compatible; MSIE 6.0; Windows NT 5.1; SV1; .NET CLR 2.0.50727)"
199.187.122.91 - - [19/Aug/2013:18:26:10 -0400] "GET /images/NY_RANGERS_SPOT_1_-_I_AM_A_RANGER.mov HTTP/1.1" 200 9673269 "-" "Mozilla/4.0 (compatible; MSIE 6.0; Windows NT 5.1; SV1; .NET CLR 2.0.50727)"
46.165.230.206 - - [19/Aug/2013:08:19:11 -0400] "GET /clientarea.html HTTP/1.1" 206 9715 "-" "ScreenerBot Crawler Beta 2.0 (+http://www.ScreenerBot.com)"
46.165.230.206 - - [19/Aug/2013:08:19:11 -0400] "GET /aboutjamiecohen.html HTTP/1.1" 206 15416 "-" "ScreenerBot Crawler Beta 2.0 (+http://www.ScreenerBot.com)"
157.55.35.98 - - [19/Aug/2013:01:35:41 -0400] "GET / HTTP/1.1" 200 9732 "-" "Mozilla/5.0 (compatible; bingbot/2.0; +http://www.bing.com/bingbot.htm)"
157.55.35.98 - - [19/Aug/2013:02:41:21 -0400] "GET / HTTP/1.1" 304 - "-" "Mozilla/5.0 (compatible; bingbot/2.0; +http://www.bing.com/bingbot.htm)"
174.61.108.46 - - [19/Aug/2013:11:03:18 -0400] "GET /images/270_lizaemail.jpg HTTP/1.1" 404 575 "http://www.freerepublic.com/focus/news/1303598/posts?q=1&;page=51" "Mozilla/5.0 (Linux; Android 4.2.2; SPH-L720 Build/JDQ39) AppleWebKit/537.22 (KHTML, like Gecko) Chrome/25.0.1364.169 Mobile Safari/537.22"
173.199.114.243 - - [19/Aug/2013:09:17:07 -0400] "GET /clientarea2/greenbergbatmitzvah.html HTTP/1.1" 200 8767 "-" "Mozilla/5.0 (compatible; AhrefsBot/4.0; +http://ahrefs.com/robot/)"
199.187.122.91 - - [19/Aug/2013:18:26:11 -0400] "GET /food-van HTTP/1.1" 404 575 "-" "Mozilla/4.0 (compatible; MSIE 6.0; Windows NT 5.1; SV1; .NET CLR 2.0.50727)"
199.187.122.91 - - [19/Aug/2013:18:25:20 -0400] "GET /images/Fergie.mov HTTP/1.1" 200 9744326 "-" "Mozilla/4.0 (compatible; MSIE 6.0; Windows NT 5.1; SV1; .NET CLR 2.0.50727)"
199.187.122.91 - - [19/Aug/2013:18:25:25 -0400] "GET /portfolioone/headshots.html HTTP/1.1" 200 10132 "-" "Mozilla/4.0 (compatible; MSIE 6.0; Windows NT 5.1; SV1; .NET CLR 2.0.50727)"
199.187.122.91 - - [19/Aug/2013:18:25:55 -0400] "GET /aboutjamiecohen/headmastersaddress.html HTTP/1.1" 200 9279 "-" "Mozilla/4.0 (compatible; MSIE 6.0; Windows NT 5.1; SV1; .NET CLR 2.0.50727)"
37.140.141.13 - - [19/Aug/2013:00:44:53 -0400] "GET /robots.txt HTTP/1.1" 200 25 "-" "Mozilla/5.0 (compatible; YandexImages/3.0; +http://yandex.com/bots)"
157.55.35.98 - - [19/Aug/2013:01:34:50 -0400] "GET /robots.txt HTTP/1.1" 200 25 "-" "Mozilla/5.0 (compatible; bingbot/2.0; +http://www.bing.com/bingbot.htm)"
173.199.114.243 - - [19/Aug/2013:04:33:10 -0400] "GET /images/MASTER_50_1Mb.mov HTTP/1.1" 200 8110771 "-" "Mozilla/5.0 (compatible; AhrefsBot/4.0; +http://ahrefs.com/robot/)"
199.187.122.91 - - [19/Aug/2013:18:26:04 -0400] "GET /portfolioone/nascar.html HTTP/1.1" 200 10127 "-" "Mozilla/4.0 (compatible; MSIE 6.0; Windows NT 5.1; SV1; .NET CLR 2.0.50727)"
178.255.215.84 - - [19/Aug/2013:10:47:49 -0400] "GET /robots.txt HTTP/1.1" 200 25 "-" "Mozilla/5.0 (compatible; Exabot/3.0 (BiggerBetter); +http://www.exabot.com/go/robot)"
46.165.230.206 - - [19/Aug/2013:08:19:09 -0400] "GET / HTTP/1.1" 200 9732 "-" "ScreenerBot Crawler Beta 2.0 (+http://www.ScreenerBot.com)"
199.187.122.91 - - [19/Aug/2013:18:25:36 -0400] "GET /juju-nation HTTP/1.1" 404 575 "-" "Mozilla/4.0 (compatible; MSIE 6.0; Windows NT 5.1; SV1; .NET CLR 2.0.50727)"
173.199.114.243 - - [19/Aug/2013:03:41:38 -0400] "GET /portfolioone.html HTTP/1.1" 200 9986 "-" "Mozilla/5.0 (compatible; AhrefsBot/4.0; +http://ahrefs.com/robot/)"
208.115.113.89 - - [19/Aug/2013:11:27:51 -0400] "GET /robots.txt HTTP/1.1" 200 25 "-" "Mozilla/5.0 (compatible; Ezooms/1.0; ezooms.bot@gmail.com)"
208.115.111.73 - - [19/Aug/2013:13:31:50 -0400] "GET /robots.txt HTTP/1.1" 200 25 "-" "Mozilla/5.0 (compatible; Ezooms/1.0; ezooms.bot@gmail.com)"
199.187.122.91 - - [19/Aug/2013:18:25:10 -0400] "GET /portfoliotwo/localcolor.html HTTP/1.1" 200 10355 "-" "Mozilla/4.0 (compatible; MSIE 6.0; Windows NT 5.1; SV1; .NET CLR 2.0.50727)"
220.181.89.186 - - [19/Aug/2013:18:17:01 -0400] "GET / HTTP/1.1" 304 - "-" "Sogou web spider/4.0(+http://www.sogou.com/docs/help/webmasters.htm#07)"
199.187.122.91 - - [19/Aug/2013:18:25:39 -0400] "GET /portfolioone/majorleaguebaseball.html HTTP/1.1" 200 10143 "-" "Mozilla/4.0 (compatible; MSIE 6.0; Windows NT 5.1; SV1; .NET CLR 2.0.50727)"
173.199.114.243 - - [19/Aug/2013:11:04:26 -0400] "GET /portfoliotwo/kidsatplay.html HTTP/1.1" 200 10157 "-" "Mozilla/5.0 (compatible; AhrefsBot/4.0; +http://ahrefs.com/robot/)"
37.140.141.13 - - [19/Aug/2013:11:07:00 -0400] "GET /robots.txt HTTP/1.1" 200 25 "-" "Mozilla/5.0 (compatible; YandexImages/3.0; +http://yandex.com/bots)"
199.187.122.91 - - [19/Aug/2013:18:25:37 -0400] "GET /aboutjamiecohen/page1.html HTTP/1.1" 200 17026 "-" "Mozilla/4.0 (compatible; MSIE 6.0; Windows NT 5.1; SV1; .NET CLR 2.0.50727)"
199.187.122.91 - - [19/Aug/2013:18:25:54 -0400] "GET /clientarea/firstcommunionpreorder.html HTTP/1.1" 200 10179 "-" "Mozilla/4.0 (compatible; MSIE 6.0; Windows NT 5.1; SV1; .NET CLR 2.0.50727)"
199.187.122.91 - - [19/Aug/2013:18:25:00 -0400] "GET /images/IsThisTheLastCutofQTipsmler.mov HTTP/1.1" 200 8093255 "-" "Mozilla/4.0 (compatible; MSIE 6.0; Windows NT 5.1; SV1; .NET CLR 2.0.50727)"
199.187.122.91 - - [19/Aug/2013:18:25:57 -0400] "GET /portfoliotwo/pets.html HTTP/1.1" 200 10142 "-" "Mozilla/4.0 (compatible; MSIE 6.0; Windows NT 5.1; SV1; .NET CLR 2.0.50727)"
208.115.113.89 - - [19/Aug/2013:12:37:39 -0400] "GET /portfoliotwo/kidsatplay.html HTTP/1.1" 200 10157 "-" "Mozilla/5.0 (compatible; Ezooms/1.0; ezooms.bot@gmail.com)"
208.115.111.73 - - [19/Aug/2013:14:30:54 -0400] "GET /portfoliotwo/weddings.html HTTP/1.1" 200 10150 "-" "Mozilla/5.0 (compatible; Ezooms/1.0; ezooms.bot@gmail.com)"
199.187.122.91 - - [19/Aug/2013:18:25:08 -0400] "GET /aboutjamiecohen/clientlist.html HTTP/1.1" 200 9563 "-" "Mozilla/4.0 (compatible; MSIE 6.0; Windows NT 5.1; SV1; .NET CLR 2.0.50727)"
199.187.122.91 - - [19/Aug/2013:18:26:03 -0400] "GET /clientarea2/magda.html HTTP/1.1" 200 8751 "-" "Mozilla/4.0 (compatible; MSIE 6.0; Windows NT 5.1; SV1; .NET CLR 2.0.50727)"
37.140.141.13 - - [19/Aug/2013:23:36:26 -0400] "GET /images/854_architecture_FF.jpg HTTP/1.1" 304 - "-" "Mozilla/5.0 (compatible; YandexImages/3.0; +http://yandex.com/bots)"
199.187.122.91 - - [19/Aug/2013:18:25:11 -0400] "GET /portfolioone/architecture.html HTTP/1.1" 200 10140 "-" "Mozilla/4.0 (compatible; MSIE 6.0; Windows NT 5.1; SV1; .NET CLR 2.0.50727)"
199.187.122.91 - - [19/Aug/2013:18:25:24 -0400] "GET /portfoliotwo/kids.html HTTP/1.1" 200 10148 "-" "Mozilla/4.0 (compatible; MSIE 6.0; Windows NT 5.1; SV1; .NET CLR 2.0.50727)"
180.76.5.23 - - [19/Aug/2013:16:35:59 -0400] "GET / HTTP/1.1" 200 9732 "-" "Mozilla/5.0 (compatible; Baiduspider/2.0; +http://www.baidu.com/search/spider.html)"
199.187.122.91 - - [19/Aug/2013:18:25:05 -0400] "GET /clientarea2/jasonsbarmitzvah.html HTTP/1.1" 200 8765 "-" "Mozilla/4.0 (compatible; MSIE 6.0; Windows NT 5.1; SV1; .NET CLR 2.0.50727)"
199.187.122.91 - - [19/Aug/2013:18:25:07 -0400] "GET /ben-ellis-hairspray HTTP/1.1" 404 575 "-" "Mozilla/4.0 (compatible; MSIE 6.0; Windows NT 5.1; SV1; .NET CLR 2.0.50727)"
178.255.215.84 - - [19/Aug/2013:10:47:49 -0400] "GET /home.html HTTP/1.1" 200 9732 "-" "Mozilla/5.0 (compatible; Exabot/3.0 (BiggerBetter); +http://www.exabot.com/go/robot)"
220.181.89.186 - - [19/Aug/2013:18:17:04 -0400] "GET /robots.txt HTTP/1.1" 200 25 "-" "Sogou web spider/4.0"
46.165.230.206 - - [19/Aug/2013:08:19:10 -0400] "GET /portfoliotwo.html HTTP/1.1" 206 10008 "-" "ScreenerBot Crawler Beta 2.0 (+http://www.ScreenerBot.com)"
46.165.230.206 - - [19/Aug/2013:08:19:11 -0400] "GET /clientarea2.html HTTP/1.1" 206 8609 "-" "ScreenerBot Crawler Beta 2.0 (+http://www.ScreenerBot.com)"
66.249.74.158 - - [19/Aug/2013:13:49:03 -0400] "GET /portfoliotwo.html HTTP/1.1" 304 - "-" "Mozilla/5.0 (iPhone; U; CPU iPhone OS 4_1 like Mac OS X; en-us) AppleWebKit/532.9 (KHTML, like Gecko) Version/4.0.5 Mobile/8B117 Safari/6531.22.7 (compatible; Googlebot-Mobile/2.1; +http://www.google.com/bot.html)"
199.187.122.91 - - [19/Aug/2013:18:25:42 -0400] "GET /images/CARIBBEAN_BLUE_61410_-_internet_sm_h264_-_iPhone.mov HTTP/1.1" 200 36148866 "-" "Mozilla/4.0 (compatible; MSIE 6.0; Windows NT 5.1; SV1; .NET CLR 2.0.50727)"
5.9.74.73 - - [19/Aug/2013:05:09:00 -0400] "GET /robots.txt HTTP/1.1" 200 25 "-" "Mozilla/5.0 (compatible; SearchmetricsBot; http://www.searchmetrics.com/en/searchmetrics-bot/)"
5.9.74.73 - - [19/Aug/2013:05:09:00 -0400] "GET / HTTP/1.1" 200 9732 "-" "Mozilla/5.0 (compatible; SearchmetricsBot; http://www.searchmetrics.com/en/searchmetrics-bot/)"
66.249.72.160 - - [19/Aug/2013:00:31:03 -0400] "GET /clientarea2.html HTTP/1.1" 304 - "-" "Mozilla/5.0 (iPhone; U; CPU iPhone OS 4_1 like Mac OS X; en-us) AppleWebKit/532.9 (KHTML, like Gecko) Version/4.0.5 Mobile/8B117 Safari/6531.22.7 (compatible; Googlebot-Mobile/2.1; +http://www.google.com/bot.html)"
173.199.114.243 - - [19/Aug/2013:02:36:10 -0400] "GET /aboutjamiecohen/page1.html HTTP/1.1" 200 17026 "-" "Mozilla/5.0 (compatible; AhrefsBot/4.0; +http://ahrefs.com/robot/)"
178.255.215.84 - - [19/Aug/2013:10:47:52 -0400] "GET /portfolioone.html HTTP/1.1" 200 9986 "-" "Mozilla/5.0 (compatible; Exabot/3.0 (BiggerBetter); +http://www.exabot.com/go/robot)"
173.199.114.243 - - [19/Aug/2013:11:54:54 -0400] "GET /images/Fergie.mov HTTP/1.1" 200 9744326 "-" "Mozilla/5.0 (compatible; AhrefsBot/4.0; +http://ahrefs.com/robot/)"
199.187.122.91 - - [19/Aug/2013:18:25:30 -0400] "GET /portfoliotwo.html HTTP/1.1" 200 10008 "-" "Mozilla/4.0 (compatible; MSIE 6.0; Windows NT 5.1; SV1; .NET CLR 2.0.50727)"
199.187.122.91 - - [19/Aug/2013:18:26:01 -0400] "GET /aboutjamiecohen/abilityschoolpiece.html HTTP/1.1" 200 9331 "-" "Mozilla/4.0 (compatible; MSIE 6.0; Windows NT 5.1; SV1; .NET CLR 2.0.50727)"
173.199.114.243 - - [19/Aug/2013:03:42:08 -0400] "GET /images/open_55_conv_006_sml.mov HTTP/1.1" 200 13872848 "-" "Mozilla/5.0 (compatible; AhrefsBot/4.0; +http://ahrefs.com/robot/)"
199.187.122.91 - - [19/Aug/2013:18:25:52 -0400] "GET /ghetto-superheroes HTTP/1.1" 404 575 "-" "Mozilla/4.0 (compatible; MSIE 6.0; Windows NT 5.1; SV1; .NET CLR 2.0.50727)"
199.187.122.91 - - [19/Aug/2013:18:26:05 -0400] "GET /portfoliotwo/ensemble.html HTTP/1.1" 200 10151 "-" "Mozilla/4.0 (compatible; MSIE 6.0; Windows NT 5.1; SV1; .NET CLR 2.0.50727)"
37.140.141.13 - - [19/Aug/2013:13:53:13 -0400] "GET /images/560_client_proof_F.jpg HTTP/1.1" 304 - "-" "Mozilla/5.0 (compatible; YandexImages/3.0; +http://yandex.com/bots)"
173.199.114.243 - - [19/Aug/2013:09:06:11 -0400] "GET /zombies-are-gay HTTP/1.1" 404 575 "-" "Mozilla/5.0 (compatible; AhrefsBot/4.0; +http://ahrefs.com/robot/)"
37.140.141.13 - - [19/Aug/2013:04:06:48 -0400] "GET /74/images/01a.jpg HTTP/1.1" 304 - "-" "Mozilla/5.0 (compatible; YandexImages/3.0; +http://yandex.com/bots)"
208.115.113.89 - - [19/Aug/2013:07:28:49 -0400] "GET /robots.txt HTTP/1.1" 200 25 "-" "Mozilla/5.0 (compatible; Ezooms/1.0; ezooms.bot@gmail.com)"
199.187.122.91 - - [19/Aug/2013:18:25:23 -0400] "GET /images/open_55_conv_006_sml.mov HTTP/1.1" 200 13872848 "-" "Mozilla/4.0 (compatible; MSIE 6.0; Windows NT 5.1; SV1; .NET CLR 2.0.50727)"
199.187.122.91 - - [19/Aug/2013:18:25:45 -0400] "GET /images/FirstCut.mov HTTP/1.1" 200 10891471 "-" "Mozilla/4.0 (compatible; MSIE 6.0; Windows NT 5.1; SV1; .NET CLR 2.0.50727)"