0byt3m1n1
Path:
/
data
/
0
/
0
/
92
/
161
/
92650
/
meta
/
94048
/
logs
/
[
Home
]
File: x-access_log.2014-06-20
207.46.13.13 - - [20/Jun/2014:03:36:04 -0400] "GET / HTTP/1.1" 200 9732 "-" "Mozilla/5.0 (compatible; bingbot/2.0; +http://www.bing.com/bingbot.htm)"
176.195.69.45 - - [20/Jun/2014:05:38:25 -0400] "GET /aboutjamiecohen/videodivision.html HTTP/1.1" 200 10469 "https://www.google.ru/" "Mozilla/5.0 (iPhone; CPU iPhone OS 7_0_6 like Mac OS X) AppleWebKit/537.51.1 (KHTML, like Gecko) Version/7.0 Mobile/11B651 Safari/9537.53"
176.195.69.45 - - [20/Jun/2014:05:38:25 -0400] "GET /74/scripts/master.css HTTP/1.1" 200 2085 "http://www.jamiecohen.tv/aboutjamiecohen/videodivision.html" "Mozilla/5.0 (iPhone; CPU iPhone OS 7_0_6 like Mac OS X) AppleWebKit/537.51.1 (KHTML, like Gecko) Version/7.0 Mobile/11B651 Safari/9537.53"
176.195.69.45 - - [20/Jun/2014:05:38:26 -0400] "GET /scripts/user.js HTTP/1.1" 200 23762 "http://www.jamiecohen.tv/aboutjamiecohen/videodivision.html" "Mozilla/5.0 (iPhone; CPU iPhone OS 7_0_6 like Mac OS X) AppleWebKit/537.51.1 (KHTML, like Gecko) Version/7.0 Mobile/11B651 Safari/9537.53"
176.195.69.45 - - [20/Jun/2014:05:38:27 -0400] "GET /74/images/slogan.gif HTTP/1.1" 200 1184 "http://www.jamiecohen.tv/aboutjamiecohen/videodivision.html" "Mozilla/5.0 (iPhone; CPU iPhone OS 7_0_6 like Mac OS X) AppleWebKit/537.51.1 (KHTML, like Gecko) Version/7.0 Mobile/11B651 Safari/9537.53"
176.195.69.45 - - [20/Jun/2014:05:38:27 -0400] "GET /74/images/impleft_04.jpg HTTP/1.1" 200 2188 "http://www.jamiecohen.tv/aboutjamiecohen/videodivision.html" "Mozilla/5.0 (iPhone; CPU iPhone OS 7_0_6 like Mac OS X) AppleWebKit/537.51.1 (KHTML, like Gecko) Version/7.0 Mobile/11B651 Safari/9537.53"
176.195.69.45 - - [20/Jun/2014:05:38:27 -0400] "GET /74/images/impleft_07.jpg HTTP/1.1" 200 2210 "http://www.jamiecohen.tv/aboutjamiecohen/videodivision.html" "Mozilla/5.0 (iPhone; CPU iPhone OS 7_0_6 like Mac OS X) AppleWebKit/537.51.1 (KHTML, like Gecko) Version/7.0 Mobile/11B651 Safari/9537.53"
176.195.69.45 - - [20/Jun/2014:05:38:27 -0400] "GET /74/images/impleft_03-over.jpg HTTP/1.1" 200 2429 "http://www.jamiecohen.tv/aboutjamiecohen/videodivision.html" "Mozilla/5.0 (iPhone; CPU iPhone OS 7_0_6 like Mac OS X) AppleWebKit/537.51.1 (KHTML, like Gecko) Version/7.0 Mobile/11B651 Safari/9537.53"
176.195.69.45 - - [20/Jun/2014:05:38:27 -0400] "GET /74/images/new_back.jpg HTTP/1.1" 200 7102 "http://www.jamiecohen.tv/aboutjamiecohen/videodivision.html" "Mozilla/5.0 (iPhone; CPU iPhone OS 7_0_6 like Mac OS X) AppleWebKit/537.51.1 (KHTML, like Gecko) Version/7.0 Mobile/11B651 Safari/9537.53"
176.195.69.45 - - [20/Jun/2014:05:38:27 -0400] "GET /74//images/cn_back02.jpg HTTP/1.1" 200 521 "http://www.jamiecohen.tv/aboutjamiecohen/videodivision.html" "Mozilla/5.0 (iPhone; CPU iPhone OS 7_0_6 like Mac OS X) AppleWebKit/537.51.1 (KHTML, like Gecko) Version/7.0 Mobile/11B651 Safari/9537.53"
176.195.69.45 - - [20/Jun/2014:05:38:27 -0400] "GET /74//images/cn_back.jpg HTTP/1.1" 200 524 "http://www.jamiecohen.tv/aboutjamiecohen/videodivision.html" "Mozilla/5.0 (iPhone; CPU iPhone OS 7_0_6 like Mac OS X) AppleWebKit/537.51.1 (KHTML, like Gecko) Version/7.0 Mobile/11B651 Safari/9537.53"
176.195.69.45 - - [20/Jun/2014:05:38:27 -0400] "GET /74//images/spacer.gif HTTP/1.1" 200 43 "http://www.jamiecohen.tv/aboutjamiecohen/videodivision.html" "Mozilla/5.0 (iPhone; CPU iPhone OS 7_0_6 like Mac OS X) AppleWebKit/537.51.1 (KHTML, like Gecko) Version/7.0 Mobile/11B651 Safari/9537.53"
131.253.24.12 - - [20/Jun/2014:16:21:53 -0400] "GET /robots.txt HTTP/1.1" 200 25 "-" "msnbot-media/1.1 (+http://search.msn.com/msnbot.htm)"
100.43.81.142 - - [20/Jun/2014:20:29:55 -0400] "GET / HTTP/1.1" 200 9732 "-" "Mozilla/5.0 (compatible; YandexBot/3.0; +http://yandex.com/bots)"
178.255.215.76 - - [20/Jun/2014:23:07:32 -0400] "GET / HTTP/1.1" 304 - "-" "Mozilla/5.0 (compatible; Exabot/3.0; +http://www.exabot.com/go/robot)"
176.195.69.45 - - [20/Jun/2014:05:38:27 -0400] "GET /74/images/01a.jpg HTTP/1.1" 200 1615 "http://www.jamiecohen.tv/aboutjamiecohen/videodivision.html" "Mozilla/5.0 (iPhone; CPU iPhone OS 7_0_6 like Mac OS X) AppleWebKit/537.51.1 (KHTML, like Gecko) Version/7.0 Mobile/11B651 Safari/9537.53"
176.195.69.45 - - [20/Jun/2014:05:38:27 -0400] "GET /74/images/impleft_06.jpg HTTP/1.1" 200 2161 "http://www.jamiecohen.tv/aboutjamiecohen/videodivision.html" "Mozilla/5.0 (iPhone; CPU iPhone OS 7_0_6 like Mac OS X) AppleWebKit/537.51.1 (KHTML, like Gecko) Version/7.0 Mobile/11B651 Safari/9537.53"
176.195.69.45 - - [20/Jun/2014:05:38:27 -0400] "GET /74/images/impleft_02-over.jpg HTTP/1.1" 200 886 "http://www.jamiecohen.tv/aboutjamiecohen/videodivision.html" "Mozilla/5.0 (iPhone; CPU iPhone OS 7_0_6 like Mac OS X) AppleWebKit/537.51.1 (KHTML, like Gecko) Version/7.0 Mobile/11B651 Safari/9537.53"
176.195.69.45 - - [20/Jun/2014:05:38:27 -0400] "GET /74/images/impleft_07-over.jpg HTTP/1.1" 200 2418 "http://www.jamiecohen.tv/aboutjamiecohen/videodivision.html" "Mozilla/5.0 (iPhone; CPU iPhone OS 7_0_6 like Mac OS X) AppleWebKit/537.51.1 (KHTML, like Gecko) Version/7.0 Mobile/11B651 Safari/9537.53"
69.113.80.60 - - [20/Jun/2014:05:50:01 -0400] "GET /74/images/impleft_04-over.jpg HTTP/1.1" 200 2419 "http://www.jamiecohen.tv/aboutjamiecohen.html" "Mozilla/5.0 (Macintosh; Intel Mac OS X 10_6_8) AppleWebKit/534.57.2 (KHTML, like Gecko) Version/5.1.7 Safari/534.57.2"
69.113.80.60 - - [20/Jun/2014:05:50:01 -0400] "GET /74/images/new_back.jpg HTTP/1.1" 200 7102 "http://www.jamiecohen.tv/aboutjamiecohen.html" "Mozilla/5.0 (Macintosh; Intel Mac OS X 10_6_8) AppleWebKit/534.57.2 (KHTML, like Gecko) Version/5.1.7 Safari/534.57.2"
69.113.80.60 - - [20/Jun/2014:05:50:01 -0400] "GET /74//images/cn_back.jpg HTTP/1.1" 200 524 "http://www.jamiecohen.tv/aboutjamiecohen.html" "Mozilla/5.0 (Macintosh; Intel Mac OS X 10_6_8) AppleWebKit/534.57.2 (KHTML, like Gecko) Version/5.1.7 Safari/534.57.2"
69.113.80.60 - - [20/Jun/2014:05:50:01 -0400] "GET /74/images/emblem.jpg HTTP/1.1" 200 7030 "http://www.jamiecohen.tv/aboutjamiecohen.html" "Mozilla/5.0 (Macintosh; Intel Mac OS X 10_6_8) AppleWebKit/534.57.2 (KHTML, like Gecko) Version/5.1.7 Safari/534.57.2"
37.58.100.90 - - [20/Jun/2014:11:22:36 -0400] "GET /portfoliotwo/family.html HTTP/1.1" 200 10147 "-" "Mozilla/5.0 (compatible; AhrefsBot/5.0; +http://ahrefs.com/robot/)"
176.195.69.45 - - [20/Jun/2014:05:38:57 -0400] "GET /aboutjamiecohen/clientlist.html HTTP/1.1" 200 9563 "http://www.jamiecohen.tv/aboutjamiecohen/videodivision.html" "Mozilla/5.0 (iPhone; CPU iPhone OS 7_0_6 like Mac OS X) AppleWebKit/537.51.1 (KHTML, like Gecko) Version/7.0 Mobile/11B651 Safari/9537.53"
176.195.69.45 - - [20/Jun/2014:05:38:57 -0400] "GET /images/492_Client_List_f.jpg HTTP/1.1" 200 90591 "http://www.jamiecohen.tv/aboutjamiecohen/clientlist.html" "Mozilla/5.0 (iPhone; CPU iPhone OS 7_0_6 like Mac OS X) AppleWebKit/537.51.1 (KHTML, like Gecko) Version/7.0 Mobile/11B651 Safari/9537.53"
69.113.80.60 - - [20/Jun/2014:05:50:01 -0400] "GET /scripts/photoalbum.js HTTP/1.1" 200 62481 "http://www.jamiecohen.tv/aboutjamiecohen.html" "Mozilla/5.0 (Macintosh; Intel Mac OS X 10_6_8) AppleWebKit/534.57.2 (KHTML, like Gecko) Version/5.1.7 Safari/534.57.2"
69.113.80.60 - - [20/Jun/2014:05:50:01 -0400] "GET /74/images/impleft_06-over.jpg HTTP/1.1" 200 2387 "http://www.jamiecohen.tv/aboutjamiecohen.html" "Mozilla/5.0 (Macintosh; Intel Mac OS X 10_6_8) AppleWebKit/534.57.2 (KHTML, like Gecko) Version/5.1.7 Safari/534.57.2"
69.113.80.60 - - [20/Jun/2014:05:50:01 -0400] "GET /74/images/imp_03.jpg HTTP/1.1" 200 2845 "http://www.jamiecohen.tv/aboutjamiecohen.html" "Mozilla/5.0 (Macintosh; Intel Mac OS X 10_6_8) AppleWebKit/534.57.2 (KHTML, like Gecko) Version/5.1.7 Safari/534.57.2"
69.113.80.60 - - [20/Jun/2014:05:50:01 -0400] "GET /74/images/impleft_03.jpg HTTP/1.1" 200 2179 "http://www.jamiecohen.tv/aboutjamiecohen.html" "Mozilla/5.0 (Macintosh; Intel Mac OS X 10_6_8) AppleWebKit/534.57.2 (KHTML, like Gecko) Version/5.1.7 Safari/534.57.2"
69.113.80.60 - - [20/Jun/2014:05:50:01 -0400] "GET /74//images/cn_back02.jpg HTTP/1.1" 200 521 "http://www.jamiecohen.tv/aboutjamiecohen.html" "Mozilla/5.0 (Macintosh; Intel Mac OS X 10_6_8) AppleWebKit/534.57.2 (KHTML, like Gecko) Version/5.1.7 Safari/534.57.2"
69.113.80.60 - - [20/Jun/2014:05:50:01 -0400] "GET /images/276_banner_03.jpg HTTP/1.1" 200 28015 "http://www.jamiecohen.tv/aboutjamiecohen.html" "Mozilla/5.0 (Macintosh; Intel Mac OS X 10_6_8) AppleWebKit/534.57.2 (KHTML, like Gecko) Version/5.1.7 Safari/534.57.2"
131.253.24.12 - - [20/Jun/2014:16:21:53 -0400] "GET /images/755_advertisting_F.jpg HTTP/1.1" 200 196094 "-" "msnbot-media/1.1 (+http://search.msn.com/msnbot.htm)"
100.43.81.142 - - [20/Jun/2014:20:29:50 -0400] "GET / HTTP/1.1" 200 9732 "-" "Mozilla/5.0 (compatible; YandexBot/3.0; +http://yandex.com/bots)"
205.237.88.142 - - [20/Jun/2014:09:19:47 -0400] "GET / HTTP/1.0" 200 9732 "-" "=Mozilla/5.0 (Windows; U; Windows NT 6.1; en-US) AppleWebKit/534.16 (KHTML, like Gecko) Chrome/10.0.648.204 Safari/534.16"
37.58.100.167 - - [20/Jun/2014:06:22:00 -0400] "GET /portfoliotwo.html HTTP/1.1" 200 10008 "-" "Mozilla/5.0 (compatible; AhrefsBot/5.0; +http://ahrefs.com/robot/)"
180.76.6.44 - - [20/Jun/2014:22:30:49 -0400] "GET / HTTP/1.1" 200 9732 "-" "Mozilla/5.0 (compatible; Baiduspider/2.0; +http://www.baidu.com/search/spider.html)"
180.76.6.44 - - [20/Jun/2014:22:30:49 -0400] "GET /scripts/ic_globals_published.js HTTP/1.1" 200 566 "http://jamiecohen.tv/" "Mozilla/5.0 (compatible; Baiduspider/2.0; +http://www.baidu.com/search/spider.html)"
208.115.111.73 - - [20/Jun/2014:14:30:05 -0400] "GET /clientarea2.html HTTP/1.1" 200 8609 "-" "Mozilla/5.0 (compatible; DotBot/1.1; http://www.opensiteexplorer.org/dotbot, help@moz.com)"
100.43.81.142 - - [20/Jun/2014:20:29:47 -0400] "GET / HTTP/1.1" 200 9732 "-" "Mozilla/5.0 (compatible; YandexBot/3.0; +http://yandex.com/bots)"
180.76.6.137 - - [20/Jun/2014:22:30:49 -0400] "GET /scripts/ic_globals_published.js HTTP/1.1" 200 566 "http://jamiecohen.tv/" "Mozilla/5.0 (compatible; Baiduspider/2.0; +http://www.baidu.com/search/spider.html)"
193.111.141.44 - - [20/Jun/2014:10:38:32 -0400] "GET /aboutjamiecohen.html HTTP/1.1" 200 15416 "-" "Mozilla/5.0 (Windows NT 6.1; WOW64; rv:11.0) Gecko Firefox/11.0"
100.43.81.142 - - [20/Jun/2014:20:29:52 -0400] "GET / HTTP/1.1" 200 9732 "-" "Mozilla/5.0 (compatible; YandexBot/3.0; +http://yandex.com/bots)"
180.76.5.145 - - [20/Jun/2014:20:55:32 -0400] "GET /scripts/user.js HTTP/1.1" 200 23762 "-" "Mozilla/5.0 (compatible; Baiduspider/2.0; +http://www.baidu.com/search/spider.html)"
208.115.113.89 - - [20/Jun/2014:19:38:11 -0400] "GET /robots.txt HTTP/1.1" 200 25 "-" "Mozilla/5.0 (compatible; DotBot/1.1; http://www.opensiteexplorer.org/dotbot, help@moz.com)"
208.115.113.89 - - [20/Jun/2014:19:56:45 -0400] "GET /ben-ellis-hairspray HTTP/1.1" 404 575 "-" "Mozilla/5.0 (compatible; DotBot/1.1; http://www.opensiteexplorer.org/dotbot, help@moz.com)"
178.255.215.76 - - [20/Jun/2014:23:07:32 -0400] "GET /robots.txt HTTP/1.1" 200 25 "-" "Mozilla/5.0 (compatible; Exabot/3.0; +http://www.exabot.com/go/robot)"
131.253.24.12 - - [20/Jun/2014:03:37:11 -0400] "GET /images/755_advertisting_F.jpg HTTP/1.1" 200 196094 "-" "msnbot-media/1.1 (+http://search.msn.com/msnbot.htm)"
69.113.80.60 - - [20/Jun/2014:05:50:00 -0400] "GET /74/scripts/master.css HTTP/1.1" 200 2085 "http://www.jamiecohen.tv/aboutjamiecohen.html" "Mozilla/5.0 (Macintosh; Intel Mac OS X 10_6_8) AppleWebKit/534.57.2 (KHTML, like Gecko) Version/5.1.7 Safari/534.57.2"
69.113.80.60 - - [20/Jun/2014:05:50:00 -0400] "GET /74/images/bg.jpg HTTP/1.1" 200 686 "http://www.jamiecohen.tv/aboutjamiecohen.html" "Mozilla/5.0 (Macintosh; Intel Mac OS X 10_6_8) AppleWebKit/534.57.2 (KHTML, like Gecko) Version/5.1.7 Safari/534.57.2"
69.113.80.60 - - [20/Jun/2014:05:50:00 -0400] "GET /74/images/impleft_07-over.jpg HTTP/1.1" 200 2418 "http://www.jamiecohen.tv/aboutjamiecohen.html" "Mozilla/5.0 (Macintosh; Intel Mac OS X 10_6_8) AppleWebKit/534.57.2 (KHTML, like Gecko) Version/5.1.7 Safari/534.57.2"
69.113.80.60 - - [20/Jun/2014:05:50:00 -0400] "GET /74/images/spacer.gif HTTP/1.1" 200 43 "http://www.jamiecohen.tv/aboutjamiecohen.html" "Mozilla/5.0 (Macintosh; Intel Mac OS X 10_6_8) AppleWebKit/534.57.2 (KHTML, like Gecko) Version/5.1.7 Safari/534.57.2"
69.113.80.60 - - [20/Jun/2014:05:50:00 -0400] "GET /74/images/impleft_06.jpg HTTP/1.1" 200 2161 "http://www.jamiecohen.tv/aboutjamiecohen.html" "Mozilla/5.0 (Macintosh; Intel Mac OS X 10_6_8) AppleWebKit/534.57.2 (KHTML, like Gecko) Version/5.1.7 Safari/534.57.2"
69.113.80.60 - - [20/Jun/2014:05:50:00 -0400] "GET /74//images/spacer.gif HTTP/1.1" 200 43 "http://www.jamiecohen.tv/aboutjamiecohen.html" "Mozilla/5.0 (Macintosh; Intel Mac OS X 10_6_8) AppleWebKit/534.57.2 (KHTML, like Gecko) Version/5.1.7 Safari/534.57.2"
69.113.80.60 - - [20/Jun/2014:05:50:01 -0400] "GET /scripts/ic_globals_published.js HTTP/1.1" 200 566 "http://www.jamiecohen.tv/aboutjamiecohen.html" "Mozilla/5.0 (Macintosh; Intel Mac OS X 10_6_8) AppleWebKit/534.57.2 (KHTML, like Gecko) Version/5.1.7 Safari/534.57.2"
69.113.80.60 - - [20/Jun/2014:05:50:01 -0400] "GET /74/images/impleft_05-over.jpg HTTP/1.1" 200 2264 "http://www.jamiecohen.tv/aboutjamiecohen.html" "Mozilla/5.0 (Macintosh; Intel Mac OS X 10_6_8) AppleWebKit/534.57.2 (KHTML, like Gecko) Version/5.1.7 Safari/534.57.2"
69.113.80.60 - - [20/Jun/2014:05:50:01 -0400] "GET /74/images/slogan.gif HTTP/1.1" 200 1184 "http://www.jamiecohen.tv/aboutjamiecohen.html" "Mozilla/5.0 (Macintosh; Intel Mac OS X 10_6_8) AppleWebKit/534.57.2 (KHTML, like Gecko) Version/5.1.7 Safari/534.57.2"
69.113.80.60 - - [20/Jun/2014:05:50:01 -0400] "GET /74/images/01a.jpg HTTP/1.1" 200 1615 "http://www.jamiecohen.tv/aboutjamiecohen.html" "Mozilla/5.0 (Macintosh; Intel Mac OS X 10_6_8) AppleWebKit/534.57.2 (KHTML, like Gecko) Version/5.1.7 Safari/534.57.2"
69.113.80.60 - - [20/Jun/2014:05:50:01 -0400] "GET /74/images/impleft_07.jpg HTTP/1.1" 200 2210 "http://www.jamiecohen.tv/aboutjamiecohen.html" "Mozilla/5.0 (Macintosh; Intel Mac OS X 10_6_8) AppleWebKit/534.57.2 (KHTML, like Gecko) Version/5.1.7 Safari/534.57.2"
69.113.80.60 - - [20/Jun/2014:05:50:01 -0400] "GET /images/260_406_jamie_title_f.jpg HTTP/1.1" 200 15357 "http://www.jamiecohen.tv/aboutjamiecohen.html" "Mozilla/5.0 (Macintosh; Intel Mac OS X 10_6_8) AppleWebKit/534.57.2 (KHTML, like Gecko) Version/5.1.7 Safari/534.57.2"
180.76.5.25 - - [20/Jun/2014:22:30:49 -0400] "GET /scripts/user.js HTTP/1.1" 200 23762 "http://jamiecohen.tv/" "Mozilla/5.0 (compatible; Baiduspider/2.0; +http://www.baidu.com/search/spider.html)"
176.195.69.45 - - [20/Jun/2014:05:38:25 -0400] "GET /74/scripts/icwebsiteelement.css HTTP/1.1" 200 8132 "http://www.jamiecohen.tv/aboutjamiecohen/videodivision.html" "Mozilla/5.0 (iPhone; CPU iPhone OS 7_0_6 like Mac OS X) AppleWebKit/537.51.1 (KHTML, like Gecko) Version/7.0 Mobile/11B651 Safari/9537.53"
176.195.69.45 - - [20/Jun/2014:05:38:26 -0400] "GET /scripts/ic_globals_published.js HTTP/1.1" 200 566 "http://www.jamiecohen.tv/aboutjamiecohen/videodivision.html" "Mozilla/5.0 (iPhone; CPU iPhone OS 7_0_6 like Mac OS X) AppleWebKit/537.51.1 (KHTML, like Gecko) Version/7.0 Mobile/11B651 Safari/9537.53"
176.195.69.45 - - [20/Jun/2014:05:38:27 -0400] "GET /74/images/imp_03.jpg HTTP/1.1" 200 2845 "http://www.jamiecohen.tv/aboutjamiecohen/videodivision.html" "Mozilla/5.0 (iPhone; CPU iPhone OS 7_0_6 like Mac OS X) AppleWebKit/537.51.1 (KHTML, like Gecko) Version/7.0 Mobile/11B651 Safari/9537.53"
176.195.69.45 - - [20/Jun/2014:05:38:27 -0400] "GET /74/images/impleft_03.jpg HTTP/1.1" 200 2179 "http://www.jamiecohen.tv/aboutjamiecohen/videodivision.html" "Mozilla/5.0 (iPhone; CPU iPhone OS 7_0_6 like Mac OS X) AppleWebKit/537.51.1 (KHTML, like Gecko) Version/7.0 Mobile/11B651 Safari/9537.53"
176.195.69.45 - - [20/Jun/2014:05:38:27 -0400] "GET /images/593_video_division_f1.jpg HTTP/1.1" 200 245582 "http://www.jamiecohen.tv/aboutjamiecohen/videodivision.html" "Mozilla/5.0 (iPhone; CPU iPhone OS 7_0_6 like Mac OS X) AppleWebKit/537.51.1 (KHTML, like Gecko) Version/7.0 Mobile/11B651 Safari/9537.53"
176.195.69.45 - - [20/Jun/2014:05:38:28 -0400] "GET /74/images/impleft_04-over.jpg HTTP/1.1" 200 2419 "http://www.jamiecohen.tv/aboutjamiecohen/videodivision.html" "Mozilla/5.0 (iPhone; CPU iPhone OS 7_0_6 like Mac OS X) AppleWebKit/537.51.1 (KHTML, like Gecko) Version/7.0 Mobile/11B651 Safari/9537.53"
131.253.24.12 - - [20/Jun/2014:16:40:51 -0400] "GET /images/625_baseball_F.jpg HTTP/1.1" 200 193632 "-" "msnbot-media/1.1 (+http://search.msn.com/msnbot.htm)"
131.253.24.12 - - [20/Jun/2014:03:40:53 -0400] "GET /images/625_baseball_F.jpg HTTP/1.1" 200 193632 "-" "msnbot-media/1.1 (+http://search.msn.com/msnbot.htm)"
180.76.6.139 - - [20/Jun/2014:22:30:49 -0400] "GET /scripts/user.js HTTP/1.1" 200 23762 "http://jamiecohen.tv/" "Mozilla/5.0 (compatible; Baiduspider/2.0; +http://www.baidu.com/search/spider.html)"
69.113.80.60 - - [20/Jun/2014:05:54:08 -0400] "GET / HTTP/1.1" 200 9732 "http://www.thejoyofreflexology.com/Links.htm" "Mozilla/5.0 (Macintosh; Intel Mac OS X 10_6_8) AppleWebKit/534.57.2 (KHTML, like Gecko) Version/5.1.7 Safari/534.57.2"
69.113.80.60 - - [20/Jun/2014:05:50:39 -0400] "GET /74/images/01b.jpg HTTP/1.1" 200 1856 "http://www.jamiecohen.tv/aboutjamiecohen.html" "Mozilla/5.0 (Macintosh; Intel Mac OS X 10_6_8) AppleWebKit/534.57.2 (KHTML, like Gecko) Version/5.1.7 Safari/534.57.2"
208.115.113.89 - - [20/Jun/2014:00:41:47 -0400] "GET /portfolioone/nascar.html HTTP/1.1" 200 10127 "-" "Mozilla/5.0 (compatible; DotBot/1.1; http://www.opensiteexplorer.org/dotbot, help@moz.com)"
207.46.13.13 - - [20/Jun/2014:07:04:24 -0400] "GET /robots.txt HTTP/1.1" 200 25 "-" "Mozilla/5.0 (compatible; bingbot/2.0; +http://www.bing.com/bingbot.htm)"
180.76.6.213 - - [20/Jun/2014:01:48:09 -0400] "GET /portfolioone/architecture.html HTTP/1.1" 200 10140 "-" "Mozilla/5.0 (compatible; Baiduspider/2.0; +http://www.baidu.com/search/spider.html)"
207.46.13.13 - - [20/Jun/2014:03:10:26 -0400] "GET /aboutjamiecohen/headmastersaddress.html HTTP/1.1" 304 - "-" "Mozilla/5.0 (compatible; bingbot/2.0; +http://www.bing.com/bingbot.htm)"
69.113.80.60 - - [20/Jun/2014:05:49:48 -0400] "GET /aboutjamiecohen/harveyschool.html HTTP/1.1" 200 9247 "http://www.jamiecohen.tv/aboutjamiecohen.html" "Mozilla/5.0 (Macintosh; Intel Mac OS X 10_6_8) AppleWebKit/534.57.2 (KHTML, like Gecko) Version/5.1.7 Safari/534.57.2"
69.113.80.60 - - [20/Jun/2014:05:49:49 -0400] "GET /images/media_mov.gif HTTP/1.1" 200 1438 "http://www.jamiecohen.tv/aboutjamiecohen/harveyschool.html" "Mozilla/5.0 (Macintosh; Intel Mac OS X 10_6_8) AppleWebKit/534.57.2 (KHTML, like Gecko) Version/5.1.7 Safari/534.57.2"
180.76.5.144 - - [20/Jun/2014:08:25:30 -0400] "GET /74/scripts/master.css HTTP/1.1" 200 2085 "-" "Mozilla/5.0 (compatible; Baiduspider/2.0; +http://www.baidu.com/search/spider.html)"
176.195.69.45 - - [20/Jun/2014:05:38:38 -0400] "GET /74/images/spacer.gif HTTP/1.1" 200 43 "http://www.jamiecohen.tv/aboutjamiecohen/videodivision.html" "Mozilla/5.0 (iPhone; CPU iPhone OS 7_0_6 like Mac OS X) AppleWebKit/537.51.1 (KHTML, like Gecko) Version/7.0 Mobile/11B651 Safari/9537.53"
176.195.69.45 - - [20/Jun/2014:05:38:39 -0400] "GET /74/images/impleft_05.jpg HTTP/1.1" 200 2030 "http://www.jamiecohen.tv/aboutjamiecohen/videodivision.html" "Mozilla/5.0 (iPhone; CPU iPhone OS 7_0_6 like Mac OS X) AppleWebKit/537.51.1 (KHTML, like Gecko) Version/7.0 Mobile/11B651 Safari/9537.53"
176.195.69.45 - - [20/Jun/2014:05:38:39 -0400] "GET /images/media_mov.gif HTTP/1.1" 200 1438 "http://www.jamiecohen.tv/aboutjamiecohen/videodivision.html" "Mozilla/5.0 (iPhone; CPU iPhone OS 7_0_6 like Mac OS X) AppleWebKit/537.51.1 (KHTML, like Gecko) Version/7.0 Mobile/11B651 Safari/9537.53"
176.195.69.45 - - [20/Jun/2014:05:38:39 -0400] "GET /74/images/impleft_06-over.jpg HTTP/1.1" 200 2387 "http://www.jamiecohen.tv/aboutjamiecohen/videodivision.html" "Mozilla/5.0 (iPhone; CPU iPhone OS 7_0_6 like Mac OS X) AppleWebKit/537.51.1 (KHTML, like Gecko) Version/7.0 Mobile/11B651 Safari/9537.53"
180.76.6.157 - - [20/Jun/2014:22:31:01 -0400] "GET /scripts/photoalbum.js HTTP/1.1" 200 62481 "http://jamiecohen.tv/" "Mozilla/5.0 (compatible; Baiduspider/2.0; +http://www.baidu.com/search/spider.html)"
131.253.24.12 - - [20/Jun/2014:03:37:12 -0400] "GET /robots.txt HTTP/1.1" 200 25 "-" "msnbot-media/1.1 (+http://search.msn.com/msnbot.htm)"
100.43.81.142 - - [20/Jun/2014:20:29:48 -0400] "GET /robots.txt HTTP/1.1" 200 25 "-" "Mozilla/5.0 (compatible; YandexBot/3.0; +http://yandex.com/bots)"
207.46.13.13 - - [20/Jun/2014:07:04:27 -0400] "GET / HTTP/1.1" 200 9732 "-" "Mozilla/5.0 (compatible; bingbot/2.0; +http://www.bing.com/bingbot.htm)"
69.113.80.60 - - [20/Jun/2014:05:50:01 -0400] "GET /scripts/user.js HTTP/1.1" 200 23762 "http://www.jamiecohen.tv/aboutjamiecohen.html" "Mozilla/5.0 (Macintosh; Intel Mac OS X 10_6_8) AppleWebKit/534.57.2 (KHTML, like Gecko) Version/5.1.7 Safari/534.57.2"
69.113.80.60 - - [20/Jun/2014:05:50:01 -0400] "GET /74/images/impleft_03-over.jpg HTTP/1.1" 200 2429 "http://www.jamiecohen.tv/aboutjamiecohen.html" "Mozilla/5.0 (Macintosh; Intel Mac OS X 10_6_8) AppleWebKit/534.57.2 (KHTML, like Gecko) Version/5.1.7 Safari/534.57.2"
69.113.80.60 - - [20/Jun/2014:05:50:01 -0400] "GET /74/images/expandtop.jpg HTTP/1.1" 200 470 "http://www.jamiecohen.tv/aboutjamiecohen.html" "Mozilla/5.0 (Macintosh; Intel Mac OS X 10_6_8) AppleWebKit/534.57.2 (KHTML, like Gecko) Version/5.1.7 Safari/534.57.2"
69.113.80.60 - - [20/Jun/2014:05:50:01 -0400] "GET /74/images/impleft_05.jpg HTTP/1.1" 200 2030 "http://www.jamiecohen.tv/aboutjamiecohen.html" "Mozilla/5.0 (Macintosh; Intel Mac OS X 10_6_8) AppleWebKit/534.57.2 (KHTML, like Gecko) Version/5.1.7 Safari/534.57.2"
69.113.80.60 - - [20/Jun/2014:05:50:01 -0400] "GET /images/720_behind_scenes_F.jpg HTTP/1.1" 200 99262 "http://www.jamiecohen.tv/aboutjamiecohen.html" "Mozilla/5.0 (Macintosh; Intel Mac OS X 10_6_8) AppleWebKit/534.57.2 (KHTML, like Gecko) Version/5.1.7 Safari/534.57.2"
157.55.39.247 - - [20/Jun/2014:08:13:19 -0400] "GET /clientarea/whitefamilyportrait.html HTTP/1.1" 304 - "-" "Mozilla/5.0 (compatible; bingbot/2.0; +http://www.bing.com/bingbot.htm)"
176.195.69.45 - - [20/Jun/2014:05:38:26 -0400] "GET /scripts/photoalbum.js HTTP/1.1" 200 62481 "http://www.jamiecohen.tv/aboutjamiecohen/videodivision.html" "Mozilla/5.0 (iPhone; CPU iPhone OS 7_0_6 like Mac OS X) AppleWebKit/537.51.1 (KHTML, like Gecko) Version/7.0 Mobile/11B651 Safari/9537.53"
176.195.69.45 - - [20/Jun/2014:05:38:27 -0400] "GET /74/images/company.gif HTTP/1.1" 200 1238 "http://www.jamiecohen.tv/aboutjamiecohen/videodivision.html" "Mozilla/5.0 (iPhone; CPU iPhone OS 7_0_6 like Mac OS X) AppleWebKit/537.51.1 (KHTML, like Gecko) Version/7.0 Mobile/11B651 Safari/9537.53"
176.195.69.45 - - [20/Jun/2014:05:38:27 -0400] "GET /74/images/emblem.jpg HTTP/1.1" 200 7030 "http://www.jamiecohen.tv/aboutjamiecohen/videodivision.html" "Mozilla/5.0 (iPhone; CPU iPhone OS 7_0_6 like Mac OS X) AppleWebKit/537.51.1 (KHTML, like Gecko) Version/7.0 Mobile/11B651 Safari/9537.53"
176.195.69.45 - - [20/Jun/2014:05:38:27 -0400] "GET /74/images/bg.jpg HTTP/1.1" 200 686 "http://www.jamiecohen.tv/aboutjamiecohen/videodivision.html" "Mozilla/5.0 (iPhone; CPU iPhone OS 7_0_6 like Mac OS X) AppleWebKit/537.51.1 (KHTML, like Gecko) Version/7.0 Mobile/11B651 Safari/9537.53"
176.195.69.45 - - [20/Jun/2014:05:38:27 -0400] "GET /74/images/impleft_05-over.jpg HTTP/1.1" 200 2264 "http://www.jamiecohen.tv/aboutjamiecohen/videodivision.html" "Mozilla/5.0 (iPhone; CPU iPhone OS 7_0_6 like Mac OS X) AppleWebKit/537.51.1 (KHTML, like Gecko) Version/7.0 Mobile/11B651 Safari/9537.53"
176.195.69.45 - - [20/Jun/2014:05:38:27 -0400] "GET /74/images/expandtop.jpg HTTP/1.1" 200 470 "http://www.jamiecohen.tv/aboutjamiecohen/videodivision.html" "Mozilla/5.0 (iPhone; CPU iPhone OS 7_0_6 like Mac OS X) AppleWebKit/537.51.1 (KHTML, like Gecko) Version/7.0 Mobile/11B651 Safari/9537.53"
69.113.80.60 - - [20/Jun/2014:05:49:56 -0400] "GET /aboutjamiecohen.html HTTP/1.1" 200 15416 "http://www.google.com/url?sa=t&rct=j&q=jamie%20cohen%20tv&source=web&cd=1&ved=0CB0QFjAA&url=http%3A%2F%2Fwww.jamiecohen.tv%2Faboutjamiecohen.html&ei=wgOkU4zWLa7hsATProLwCA&usg=AFQjCNFNB3a4f3DNNrBjlDOv4rVfzjZrsw&bvm=bv.69411363,d.cWc" "Mozilla/5.0 (Macintosh; Intel Mac OS X 10_6_8) AppleWebKit/534.57.2 (KHTML, like Gecko) Version/5.1.7 Safari/534.57.2"
69.113.80.60 - - [20/Jun/2014:05:49:56 -0400] "GET /74/scripts/icwebsiteelement.css HTTP/1.1" 200 8132 "http://www.jamiecohen.tv/aboutjamiecohen.html" "Mozilla/5.0 (Macintosh; Intel Mac OS X 10_6_8) AppleWebKit/534.57.2 (KHTML, like Gecko) Version/5.1.7 Safari/534.57.2"
69.113.80.60 - - [20/Jun/2014:05:49:57 -0400] "GET /74/images/impleft_02-over.jpg HTTP/1.1" 200 886 "http://www.jamiecohen.tv/aboutjamiecohen.html" "Mozilla/5.0 (Macintosh; Intel Mac OS X 10_6_8) AppleWebKit/534.57.2 (KHTML, like Gecko) Version/5.1.7 Safari/534.57.2"
69.113.80.60 - - [20/Jun/2014:05:49:57 -0400] "GET /74/images/company.gif HTTP/1.1" 200 1238 "http://www.jamiecohen.tv/aboutjamiecohen.html" "Mozilla/5.0 (Macintosh; Intel Mac OS X 10_6_8) AppleWebKit/534.57.2 (KHTML, like Gecko) Version/5.1.7 Safari/534.57.2"
69.113.80.60 - - [20/Jun/2014:05:49:57 -0400] "GET /74/images/impleft_04.jpg HTTP/1.1" 200 2188 "http://www.jamiecohen.tv/aboutjamiecohen.html" "Mozilla/5.0 (Macintosh; Intel Mac OS X 10_6_8) AppleWebKit/534.57.2 (KHTML, like Gecko) Version/5.1.7 Safari/534.57.2"
208.115.111.73 - - [20/Jun/2014:13:35:32 -0400] "GET /robots.txt HTTP/1.1" 200 25 "-" "Mozilla/5.0 (compatible; DotBot/1.1; http://www.opensiteexplorer.org/dotbot, help@moz.com)"
37.58.100.235 - - [20/Jun/2014:00:38:43 -0400] "GET /aboutjamiecohen/videodivision.html HTTP/1.1" 200 10469 "-" "Mozilla/5.0 (compatible; AhrefsBot/5.0; +http://ahrefs.com/robot/)"
176.35.79.127 - - [20/Jun/2014:15:21:14 -0400] "GET / HTTP/1.1" 200 9732 "-" "Mozilla/5.0 (Windows; U; Windows NT 5.2; en-US) AppleWebKit/534.17 (KHTML, like Gecko) Chrome/11.0.652.0 Safari/534.17"
71.13.87.122 - - [20/Jun/2014:00:21:14 -0400] "GET /robots.txt HTTP/1.0" 200 25 "-" "Mozilla/5.0 (compatible; MJ12bot/v1.4.5; http://www.majestic12.co.uk/bot.php?+)"
71.13.87.122 - - [20/Jun/2014:00:21:16 -0400] "GET /portfolioone/advertising.html HTTP/1.1" 200 10138 "-" "Mozilla/5.0 (compatible; MJ12bot/v1.4.5; http://www.majestic12.co.uk/bot.php?+)"
71.13.87.122 - - [20/Jun/2014:00:21:19 -0400] "GET /portfolioone/architecture.html HTTP/1.1" 200 10140 "-" "Mozilla/5.0 (compatible; MJ12bot/v1.4.5; http://www.majestic12.co.uk/bot.php?+)"
71.13.87.122 - - [20/Jun/2014:00:21:21 -0400] "GET /portfolioone/fashion.html HTTP/1.1" 200 10129 "-" "Mozilla/5.0 (compatible; MJ12bot/v1.4.5; http://www.majestic12.co.uk/bot.php?+)"
71.13.87.122 - - [20/Jun/2014:00:21:23 -0400] "GET /portfolioone/headshots.html HTTP/1.1" 200 10132 "-" "Mozilla/5.0 (compatible; MJ12bot/v1.4.5; http://www.majestic12.co.uk/bot.php?+)"
71.13.87.122 - - [20/Jun/2014:00:21:26 -0400] "GET /portfolioone/majorleaguebaseball.html HTTP/1.1" 200 10143 "-" "Mozilla/5.0 (compatible; MJ12bot/v1.4.5; http://www.majestic12.co.uk/bot.php?+)"
71.13.87.122 - - [20/Jun/2014:00:21:28 -0400] "GET /portfolioone/nascar.html HTTP/1.1" 200 10127 "-" "Mozilla/5.0 (compatible; MJ12bot/v1.4.5; http://www.majestic12.co.uk/bot.php?+)"
71.13.87.122 - - [20/Jun/2014:00:21:30 -0400] "GET /portfolioone/nyknicks.html HTTP/1.1" 200 10338 "-" "Mozilla/5.0 (compatible; MJ12bot/v1.4.5; http://www.majestic12.co.uk/bot.php?+)"
71.13.87.122 - - [20/Jun/2014:00:21:33 -0400] "GET /portfolioone/nyrangers.html HTTP/1.1" 200 10609 "-" "Mozilla/5.0 (compatible; MJ12bot/v1.4.5; http://www.majestic12.co.uk/bot.php?+)"
71.13.87.122 - - [20/Jun/2014:00:21:35 -0400] "GET /portfolioone/publicrelations.html HTTP/1.1" 200 10138 "-" "Mozilla/5.0 (compatible; MJ12bot/v1.4.5; http://www.majestic12.co.uk/bot.php?+)"
71.13.87.122 - - [20/Jun/2014:00:21:37 -0400] "GET /portfoliotwo/babies.html HTTP/1.1" 200 10150 "-" "Mozilla/5.0 (compatible; MJ12bot/v1.4.5; http://www.majestic12.co.uk/bot.php?+)"
71.13.87.122 - - [20/Jun/2014:00:21:40 -0400] "GET /portfoliotwo/batbarmitzvahs.html HTTP/1.1" 200 10160 "-" "Mozilla/5.0 (compatible; MJ12bot/v1.4.5; http://www.majestic12.co.uk/bot.php?+)"
71.13.87.122 - - [20/Jun/2014:00:21:42 -0400] "GET /portfoliotwo/ensemble.html HTTP/1.1" 200 10151 "-" "Mozilla/5.0 (compatible; MJ12bot/v1.4.5; http://www.majestic12.co.uk/bot.php?+)"
71.13.87.122 - - [20/Jun/2014:00:21:44 -0400] "GET /portfoliotwo/family.html HTTP/1.1" 200 10147 "-" "Mozilla/5.0 (compatible; MJ12bot/v1.4.5; http://www.majestic12.co.uk/bot.php?+)"
71.13.87.122 - - [20/Jun/2014:00:21:46 -0400] "GET /portfoliotwo/kids.html HTTP/1.1" 200 10148 "-" "Mozilla/5.0 (compatible; MJ12bot/v1.4.5; http://www.majestic12.co.uk/bot.php?+)"
71.13.87.122 - - [20/Jun/2014:00:21:49 -0400] "GET /portfoliotwo/kidsatplay.html HTTP/1.1" 200 10157 "-" "Mozilla/5.0 (compatible; MJ12bot/v1.4.5; http://www.majestic12.co.uk/bot.php?+)"
71.13.87.122 - - [20/Jun/2014:00:21:51 -0400] "GET /portfoliotwo/localcolor.html HTTP/1.1" 200 10355 "-" "Mozilla/5.0 (compatible; MJ12bot/v1.4.5; http://www.majestic12.co.uk/bot.php?+)"
71.13.87.122 - - [20/Jun/2014:00:21:53 -0400] "GET /portfoliotwo/pets.html HTTP/1.1" 200 10142 "-" "Mozilla/5.0 (compatible; MJ12bot/v1.4.5; http://www.majestic12.co.uk/bot.php?+)"
71.13.87.122 - - [20/Jun/2014:00:21:56 -0400] "GET /portfoliotwo/teens.html HTTP/1.1" 200 11338 "-" "Mozilla/5.0 (compatible; MJ12bot/v1.4.5; http://www.majestic12.co.uk/bot.php?+)"
71.13.87.122 - - [20/Jun/2014:00:21:58 -0400] "GET /portfoliotwo/weddings.html HTTP/1.1" 200 10150 "-" "Mozilla/5.0 (compatible; MJ12bot/v1.4.5; http://www.majestic12.co.uk/bot.php?+)"
69.113.80.60 - - [20/Jun/2014:05:50:27 -0400] "GET /home.html HTTP/1.1" 200 9732 "http://www.jamiecohen.tv/aboutjamiecohen/harveyschool.html" "Mozilla/5.0 (Macintosh; Intel Mac OS X 10_6_8) AppleWebKit/534.57.2 (KHTML, like Gecko) Version/5.1.7 Safari/534.57.2"
69.113.80.60 - - [20/Jun/2014:05:50:27 -0400] "GET /images/560_HomePage3.jpg HTTP/1.1" 200 68097 "http://www.jamiecohen.tv/home.html" "Mozilla/5.0 (Macintosh; Intel Mac OS X 10_6_8) AppleWebKit/534.57.2 (KHTML, like Gecko) Version/5.1.7 Safari/534.57.2"
100.43.81.142 - - [20/Jun/2014:20:29:02 -0400] "GET /robots.txt HTTP/1.1" 200 25 "-" "Mozilla/5.0 (compatible; YandexBot/3.0; +http://yandex.com/bots)"