119.144.61.104 - - [13/Aug/2013:23:27:32 -0400] "GET /services.html HTTP/1.1" 200 27445 "-" "Mozilla/4.0 (compatible; MSIE8.0; Windows NT 6.0) .NET CLR 2.0.50727)"
119.144.61.104 - - [13/Aug/2013:23:27:34 -0400] "GET /services/modeling.html HTTP/1.1" 200 26204 "-" "Mozilla/4.0 (compatible; MSIE8.0; Windows NT 6.0) .NET CLR 2.0.50727)"
119.144.61.104 - - [13/Aug/2013:23:27:34 -0400] "GET /rci.html HTTP/1.1" 200 28353 "-" "Mozilla/4.0 (compatible; MSIE8.0; Windows NT 6.0) .NET CLR 2.0.50727)"
119.144.61.104 - - [13/Aug/2013:23:27:36 -0400] "GET /projects.html HTTP/1.1" 200 21575 "-" "Mozilla/4.0 (compatible; MSIE8.0; Windows NT 6.0) .NET CLR 2.0.50727)"
119.144.61.104 - - [13/Aug/2013:23:27:38 -0400] "GET /projects/telecom.html HTTP/1.1" 200 21404 "-" "Mozilla/4.0 (compatible; MSIE8.0; Windows NT 6.0) .NET CLR 2.0.50727)"
119.144.61.104 - - [13/Aug/2013:23:27:39 -0400] "GET /projects/datacenters.html HTTP/1.1" 200 21354 "-" "Mozilla/4.0 (compatible; MSIE8.0; Windows NT 6.0) .NET CLR 2.0.50727)"
119.144.61.104 - - [13/Aug/2013:23:27:39 -0400] "GET /projects/research.html HTTP/1.1" 200 21868 "-" "Mozilla/4.0 (compatible; MSIE8.0; Windows NT 6.0) .NET CLR 2.0.50727)"
119.144.61.104 - - [13/Aug/2013:23:27:40 -0400] "GET /clients.html HTTP/1.1" 200 24452 "-" "Mozilla/4.0 (compatible; MSIE8.0; Windows NT 6.0) .NET CLR 2.0.50727)"
119.144.61.104 - - [13/Aug/2013:23:27:42 -0400] "GET /publications.html HTTP/1.1" 200 60173 "-" "Mozilla/4.0 (compatible; MSIE8.0; Windows NT 6.0) .NET CLR 2.0.50727)"
157.55.32.88 - - [13/Aug/2013:10:05:49 -0400] "GET /images/RCI--for_Website.pdf HTTP/1.1" 200 170721 "-" "Mozilla/5.0 (compatible; bingbot/2.0; +http://www.bing.com/bingbot.htm)"
198.136.53.234 - - [13/Aug/2013:11:31:15 -0400] "GET / HTTP/1.1" 200 28333 "-" "Mozilla/5.0 (Windows NT 6.1) AppleWebKit/535.2 (KHTML, like Gecko) Chrome/15.0.861.0 Safari/535.2"
91.207.9.226 - - [13/Aug/2013:19:16:48 -0400] "GET / HTTP/1.1" 200 28333 "http://mikaera.com/" "Mozilla/4.76 [en] (Windows NT 5.0; U)"
205.178.190.237 - - [13/Aug/2013:22:56:58 -0400] "GET /home.html HTTP/1.1" 200 28333 "-" "Mozilla/4.0 (compatible; MSIE 7.0; Windows NT 5.2; Trident/4.0; .NET CLR 1.1.4322; .NET CLR 2.0.50727; .NET CLR 3.0.4506.2152; .NET CLR 3.5.30729; .NET4.0C; .NET4.0E)"
205.178.190.237 - - [13/Aug/2013:22:56:58 -0400] "GET /scripts/template.css HTTP/1.1" 200 10212 "http://ancis.us/home.html" "Mozilla/4.0 (compatible; MSIE 7.0; Windows NT 5.2; Trident/4.0; .NET CLR 1.1.4322; .NET CLR 2.0.50727; .NET CLR 3.0.4506.2152; .NET CLR 3.5.30729; .NET4.0C; .NET4.0E)"
205.178.190.237 - - [13/Aug/2013:22:56:58 -0400] "GET /scripts/website.css HTTP/1.1" 200 1785 "http://ancis.us/home.html" "Mozilla/4.0 (compatible; MSIE 7.0; Windows NT 5.2; Trident/4.0; .NET CLR 1.1.4322; .NET CLR 2.0.50727; .NET CLR 3.0.4506.2152; .NET CLR 3.5.30729; .NET4.0C; .NET4.0E)"
205.178.190.237 - - [13/Aug/2013:22:56:58 -0400] "GET /scripts/print.css HTTP/1.1" 200 7623 "http://ancis.us/home.html" "Mozilla/4.0 (compatible; MSIE 7.0; Windows NT 5.2; Trident/4.0; .NET CLR 1.1.4322; .NET CLR 2.0.50727; .NET CLR 3.0.4506.2152; .NET CLR 3.5.30729; .NET4.0C; .NET4.0E)"
205.178.190.237 - - [13/Aug/2013:22:56:58 -0400] "GET /scripts/icwebsiteelement.css HTTP/1.1" 200 8132 "http://ancis.us/home.html" "Mozilla/4.0 (compatible; MSIE 7.0; Windows NT 5.2; Trident/4.0; .NET CLR 1.1.4322; .NET CLR 2.0.50727; .NET CLR 3.0.4506.2152; .NET CLR 3.5.30729; .NET4.0C; .NET4.0E)"
205.178.190.237 - - [13/Aug/2013:22:56:58 -0400] "GET /images/030113_1833_0009_osls.jpg HTTP/1.1" 200 5070 "http://ancis.us/home.html" "Mozilla/4.0 (compatible; MSIE 7.0; Windows NT 5.2; Trident/4.0; .NET CLR 1.1.4322; .NET CLR 2.0.50727; .NET CLR 3.0.4506.2152; .NET CLR 3.5.30729; .NET4.0C; .NET4.0E)"
205.178.190.237 - - [13/Aug/2013:22:56:59 -0400] "GET /images/115_RCI-7.jpg HTTP/1.1" 200 1745 "http://ancis.us/home.html" "Mozilla/4.0 (compatible; MSIE 7.0; Windows NT 5.2; Trident/4.0; .NET CLR 1.1.4322; .NET CLR 2.0.50727; .NET CLR 3.0.4506.2152; .NET CLR 3.5.30729; .NET4.0C; .NET4.0E)"
205.178.190.237 - - [13/Aug/2013:22:56:59 -0400] "GET /images/70_iStock_zerosCropF70.jpg HTTP/1.1" 200 8404 "http://ancis.us/home.html" "Mozilla/4.0 (compatible; MSIE 7.0; Windows NT 5.2; Trident/4.0; .NET CLR 1.1.4322; .NET CLR 2.0.50727; .NET CLR 3.0.4506.2152; .NET CLR 3.5.30729; .NET4.0C; .NET4.0E)"
205.178.190.237 - - [13/Aug/2013:22:56:59 -0400] "GET /images/400_Servers-cropped-layer-final.jpg HTTP/1.1" 200 15228 "http://ancis.us/home.html" "Mozilla/4.0 (compatible; MSIE 7.0; Windows NT 5.2; Trident/4.0; .NET CLR 1.1.4322; .NET CLR 2.0.50727; .NET CLR 3.0.4506.2152; .NET CLR 3.5.30729; .NET4.0C; .NET4.0E)"
205.178.190.237 - - [13/Aug/2013:22:57:02 -0400] "GET /scripts/ic_globals_published.js HTTP/1.1" 200 566 "http://ancis.us/aboutus.html" "Mozilla/4.0 (compatible; MSIE 7.0; Windows NT 5.2; Trident/4.0; .NET CLR 1.1.4322; .NET CLR 2.0.50727; .NET CLR 3.0.4506.2152; .NET CLR 3.5.30729; .NET4.0C; .NET4.0E)"
205.178.190.237 - - [13/Aug/2013:22:57:02 -0400] "GET /scripts/photoalbum.js HTTP/1.1" 200 62481 "http://ancis.us/aboutus.html" "Mozilla/4.0 (compatible; MSIE 7.0; Windows NT 5.2; Trident/4.0; .NET CLR 1.1.4322; .NET CLR 2.0.50727; .NET CLR 3.0.4506.2152; .NET CLR 3.5.30729; .NET4.0C; .NET4.0E)"
205.178.190.237 - - [13/Aug/2013:22:57:02 -0400] "GET /scripts/website.css HTTP/1.1" 200 1785 "http://ancis.us/aboutus.html" "Mozilla/4.0 (compatible; MSIE 7.0; Windows NT 5.2; Trident/4.0; .NET CLR 1.1.4322; .NET CLR 2.0.50727; .NET CLR 3.0.4506.2152; .NET CLR 3.5.30729; .NET4.0C; .NET4.0E)"
205.178.190.237 - - [13/Aug/2013:22:57:02 -0400] "GET /scripts/icwebsiteelement.css HTTP/1.1" 200 8132 "http://ancis.us/aboutus.html" "Mozilla/4.0 (compatible; MSIE 7.0; Windows NT 5.2; Trident/4.0; .NET CLR 1.1.4322; .NET CLR 2.0.50727; .NET CLR 3.0.4506.2152; .NET CLR 3.5.30729; .NET4.0C; .NET4.0E)"
205.178.190.237 - - [13/Aug/2013:22:57:02 -0400] "GET /images/120_ANCIS-Logo120.jpg HTTP/1.1" 200 4323 "http://ancis.us/aboutus.html" "Mozilla/4.0 (compatible; MSIE 7.0; Windows NT 5.2; Trident/4.0; .NET CLR 1.1.4322; .NET CLR 2.0.50727; .NET CLR 3.0.4506.2152; .NET CLR 3.5.30729; .NET4.0C; .NET4.0E)"
205.178.190.237 - - [13/Aug/2013:22:57:02 -0400] "GET /scripts/user.js HTTP/1.1" 200 23762 "http://ancis.us/contactus.html" "Mozilla/4.0 (compatible; MSIE 7.0; Windows NT 5.2; Trident/4.0; .NET CLR 1.1.4322; .NET CLR 2.0.50727; .NET CLR 3.0.4506.2152; .NET CLR 3.5.30729; .NET4.0C; .NET4.0E)"
205.178.190.237 - - [13/Aug/2013:22:57:02 -0400] "GET /scripts/template.css HTTP/1.1" 200 10212 "http://ancis.us/contactus.html" "Mozilla/4.0 (compatible; MSIE 7.0; Windows NT 5.2; Trident/4.0; .NET CLR 1.1.4322; .NET CLR 2.0.50727; .NET CLR 3.0.4506.2152; .NET CLR 3.5.30729; .NET4.0C; .NET4.0E)"
205.178.190.237 - - [13/Aug/2013:22:57:02 -0400] "GET /scripts/print.css HTTP/1.1" 200 7623 "http://ancis.us/contactus.html" "Mozilla/4.0 (compatible; MSIE 7.0; Windows NT 5.2; Trident/4.0; .NET CLR 1.1.4322; .NET CLR 2.0.50727; .NET CLR 3.0.4506.2152; .NET CLR 3.5.30729; .NET4.0C; .NET4.0E)"
205.178.190.237 - - [13/Aug/2013:22:57:03 -0400] "GET /scripts/4custom.css HTTP/1.1" 200 3163 "http://ancis.us/contactus.html" "Mozilla/4.0 (compatible; MSIE 7.0; Windows NT 5.2; Trident/4.0; .NET CLR 1.1.4322; .NET CLR 2.0.50727; .NET CLR 3.0.4506.2152; .NET CLR 3.5.30729; .NET4.0C; .NET4.0E)"
205.178.190.237 - - [13/Aug/2013:22:57:04 -0400] "GET /overview.html HTTP/1.1" 200 21046 "-" "Mozilla/4.0 (compatible; MSIE 7.0; Windows NT 5.2; Trident/4.0; .NET CLR 1.1.4322; .NET CLR 2.0.50727; .NET CLR 3.0.4506.2152; .NET CLR 3.5.30729; .NET4.0C; .NET4.0E)"
205.178.190.237 - - [13/Aug/2013:22:57:04 -0400] "GET /scripts/photoalbum.js HTTP/1.1" 200 62481 "http://ancis.us/overview.html" "Mozilla/4.0 (compatible; MSIE 7.0; Windows NT 5.2; Trident/4.0; .NET CLR 1.1.4322; .NET CLR 2.0.50727; .NET CLR 3.0.4506.2152; .NET CLR 3.5.30729; .NET4.0C; .NET4.0E)"
205.178.190.237 - - [13/Aug/2013:22:57:05 -0400] "GET /scripts/print.css HTTP/1.1" 200 7623 "http://ancis.us/overview.html" "Mozilla/4.0 (compatible; MSIE 7.0; Windows NT 5.2; Trident/4.0; .NET CLR 1.1.4322; .NET CLR 2.0.50727; .NET CLR 3.0.4506.2152; .NET CLR 3.5.30729; .NET4.0C; .NET4.0E)"
205.178.190.237 - - [13/Aug/2013:22:57:05 -0400] "GET /scripts/template.css HTTP/1.1" 200 10212 "http://ancis.us/overview.html" "Mozilla/4.0 (compatible; MSIE 7.0; Windows NT 5.2; Trident/4.0; .NET CLR 1.1.4322; .NET CLR 2.0.50727; .NET CLR 3.0.4506.2152; .NET CLR 3.5.30729; .NET4.0C; .NET4.0E)"
205.178.190.237 - - [13/Aug/2013:22:57:05 -0400] "GET /images/030113_1833_0009_osls.jpg HTTP/1.1" 200 5070 "http://ancis.us/overview.html" "Mozilla/4.0 (compatible; MSIE 7.0; Windows NT 5.2; Trident/4.0; .NET CLR 1.1.4322; .NET CLR 2.0.50727; .NET CLR 3.0.4506.2152; .NET CLR 3.5.30729; .NET4.0C; .NET4.0E)"
205.178.190.237 - - [13/Aug/2013:22:57:05 -0400] "GET /images/120_ANCIS-Logo120.jpg HTTP/1.1" 200 4323 "http://ancis.us/overview.html" "Mozilla/4.0 (compatible; MSIE 7.0; Windows NT 5.2; Trident/4.0; .NET CLR 1.1.4322; .NET CLR 2.0.50727; .NET CLR 3.0.4506.2152; .NET CLR 3.5.30729; .NET4.0C; .NET4.0E)"
205.178.190.237 - - [13/Aug/2013:22:57:05 -0400] "GET /images/70_iStock-HomeFinal70.jpg HTTP/1.1" 200 3915 "http://ancis.us/overview.html" "Mozilla/4.0 (compatible; MSIE 7.0; Windows NT 5.2; Trident/4.0; .NET CLR 1.1.4322; .NET CLR 2.0.50727; .NET CLR 3.0.4506.2152; .NET CLR 3.5.30729; .NET4.0C; .NET4.0E)"
205.178.190.237 - - [13/Aug/2013:22:57:05 -0400] "GET /images/115_iStock-Window1210-Final.jpg HTTP/1.1" 200 5723 "http://ancis.us/overview.html" "Mozilla/4.0 (compatible; MSIE 7.0; Windows NT 5.2; Trident/4.0; .NET CLR 1.1.4322; .NET CLR 2.0.50727; .NET CLR 3.0.4506.2152; .NET CLR 3.5.30729; .NET4.0C; .NET4.0E)"
205.178.190.237 - - [13/Aug/2013:22:57:05 -0400] "GET /images/115_iStock-Lamps5359-cropped-Fi.jpg HTTP/1.1" 200 16004 "http://ancis.us/overview.html" "Mozilla/4.0 (compatible; MSIE 7.0; Windows NT 5.2; Trident/4.0; .NET CLR 1.1.4322; .NET CLR 2.0.50727; .NET CLR 3.0.4506.2152; .NET CLR 3.5.30729; .NET4.0C; .NET4.0E)"
205.178.190.237 - - [13/Aug/2013:22:57:05 -0400] "GET /images/115_iStock-KeyBoard1945-Final.jpg HTTP/1.1" 200 12697 "http://ancis.us/overview.html" "Mozilla/4.0 (compatible; MSIE 7.0; Windows NT 5.2; Trident/4.0; .NET CLR 1.1.4322; .NET CLR 2.0.50727; .NET CLR 3.0.4506.2152; .NET CLR 3.5.30729; .NET4.0C; .NET4.0E)"
205.178.190.237 - - [13/Aug/2013:22:57:06 -0400] "GET /scripts/ic_globals_published.js HTTP/1.1" 200 566 "http://ancis.us/services.html" "Mozilla/4.0 (compatible; MSIE 7.0; Windows NT 5.2; Trident/4.0; .NET CLR 1.1.4322; .NET CLR 2.0.50727; .NET CLR 3.0.4506.2152; .NET CLR 3.5.30729; .NET4.0C; .NET4.0E)"
205.178.190.237 - - [13/Aug/2013:22:57:06 -0400] "GET /images/120_ANCIS-Logo120.jpg HTTP/1.1" 200 4323 "http://ancis.us/services.html" "Mozilla/4.0 (compatible; MSIE 7.0; Windows NT 5.2; Trident/4.0; .NET CLR 1.1.4322; .NET CLR 2.0.50727; .NET CLR 3.0.4506.2152; .NET CLR 3.5.30729; .NET4.0C; .NET4.0E)"
205.178.190.237 - - [13/Aug/2013:22:57:06 -0400] "GET /images/115_iStock-Drawing5307-Final.jpg HTTP/1.1" 200 11120 "http://ancis.us/services.html" "Mozilla/4.0 (compatible; MSIE 7.0; Windows NT 5.2; Trident/4.0; .NET CLR 1.1.4322; .NET CLR 2.0.50727; .NET CLR 3.0.4506.2152; .NET CLR 3.5.30729; .NET4.0C; .NET4.0E)"
205.178.190.237 - - [13/Aug/2013:22:57:06 -0400] "GET /images/115_iStock-PullStation3001-Fina.jpg HTTP/1.1" 200 11454 "http://ancis.us/services.html" "Mozilla/4.0 (compatible; MSIE 7.0; Windows NT 5.2; Trident/4.0; .NET CLR 1.1.4322; .NET CLR 2.0.50727; .NET CLR 3.0.4506.2152; .NET CLR 3.5.30729; .NET4.0C; .NET4.0E)"
157.55.33.181 - - [13/Aug/2013:13:34:27 -0400] "GET /robots.txt HTTP/1.1" 200 25 "-" "Mozilla/5.0 (compatible; bingbot/2.0; +http://www.bing.com/bingbot.htm)"
66.249.75.29 - - [13/Aug/2013:15:52:55 -0400] "GET /images/RCI--for_Website.pdf HTTP/1.1" 200 170721 "-" "DoCoMo/2.0 N905i(c100;TB;W24H16) (compatible; Googlebot-Mobile/2.1; +http://www.google.com/bot.html)"
83.149.126.98 - - [13/Aug/2013:03:12:26 -0400] "GET / HTTP/1.0" 200 28333 "-" "Mozilla/5.0 (compatible; MJ12bot/v1.4.3; http://www.majestic12.co.uk/bot.php?+)"
113.161.72.32 - - [13/Aug/2013:04:29:47 -0400] "GET / HTTP/1.1" 200 28333 "https://www.google.com.vn/" "Mozilla/5.0 (Windows NT 5.1) AppleWebKit/537.36 (KHTML, like Gecko) Chrome/28.0.1500.95 Safari/537.36"
82.99.254.170 - - [13/Aug/2013:10:32:22 -0400] "GET /images/400_Servers-cropped-layer-final.jpg HTTP/1.1" 200 15228 "http://www.ancis.us/" "Mozilla/5.0 (Windows NT 5.1; rv:22.0) Gecko/20100101 Firefox/22.0"
82.99.254.170 - - [13/Aug/2013:10:32:24 -0400] "GET /images/030113_1833_0009_osls.jpg HTTP/1.1" 200 5070 "http://www.ancis.us/scripts/website.css" "Mozilla/5.0 (Windows NT 5.1; rv:22.0) Gecko/20100101 Firefox/22.0"
157.55.33.181 - - [13/Aug/2013:13:36:42 -0400] "GET /scripts/user.js HTTP/1.1" 200 23762 "-" "Mozilla/5.0 (compatible; bingbot/2.0; +http://www.bing.com/bingbot.htm)"
68.33.225.146 - - [13/Aug/2013:10:25:54 -0400] "GET /publications/rci.html HTTP/1.1" 200 20206 "http://www.bing.com/search?q=rack+cooling+index&src=IE-TopResult&FORM=IE10TR" "Mozilla/5.0 (compatible; MSIE 10.0; Windows NT 6.1; WOW64; Trident/6.0)"
68.33.225.146 - - [13/Aug/2013:10:25:54 -0400] "GET /scripts/7custom.css HTTP/1.1" 200 4512 "http://www.ancis.us/publications/rci.html" "Mozilla/5.0 (compatible; MSIE 10.0; Windows NT 6.1; WOW64; Trident/6.0)"
68.33.225.146 - - [13/Aug/2013:10:25:54 -0400] "GET /images/120_ANCIS-Logo120.jpg HTTP/1.1" 200 4323 "http://www.ancis.us/publications/rci.html" "Mozilla/5.0 (compatible; MSIE 10.0; Windows NT 6.1; WOW64; Trident/6.0)"
46.118.126.194 - - [13/Aug/2013:15:54:51 -0400] "GET / HTTP/1.1" 200 28333 "http://seoprodvig.ru/" "Opera/9.00 (Windows NT 5.1; U; en)"
75.18.240.165 - - [13/Aug/2013:17:46:27 -0400] "GET /scripts/template.css HTTP/1.1" 200 10212 "http://www.ancis.us/" "Mozilla/4.0 (compatible; MSIE 7.0; Windows NT 6.1; WOW64; Trident/6.0; SLCC2; .NET CLR 2.0.50727; .NET CLR 3.5.30729; .NET CLR 3.0.30729; Media Center PC 6.0; InfoPath.3; .NET4.0C; McAfee)"
75.18.240.165 - - [13/Aug/2013:17:46:27 -0400] "GET /images/400_Servers-cropped-layer-final.jpg HTTP/1.1" 200 15228 "http://www.ancis.us/" "Mozilla/4.0 (compatible; MSIE 7.0; Windows NT 6.1; WOW64; Trident/6.0; SLCC2; .NET CLR 2.0.50727; .NET CLR 3.5.30729; .NET CLR 3.0.30729; Media Center PC 6.0; InfoPath.3; .NET4.0C; McAfee)"
75.18.240.165 - - [13/Aug/2013:17:46:28 -0400] "GET /images/030113_1833_0009_osls.jpg HTTP/1.1" 200 5070 "http://www.ancis.us/" "Mozilla/4.0 (compatible; MSIE 7.0; Windows NT 6.1; WOW64; Trident/6.0; SLCC2; .NET CLR 2.0.50727; .NET CLR 3.5.30729; .NET CLR 3.0.30729; Media Center PC 6.0; InfoPath.3; .NET4.0C; McAfee)"
176.31.14.28 - - [13/Aug/2013:04:48:10 -0400] "GET / HTTP/1.1" 200 28333 "-" "Mozilla/5.0 (X11; U; Linux x86; en-US) AppleWebKit/534.7 (KHTML, like Gecko) Epiphany/2.30.6 Safari/534.7"
207.241.226.239 - - [13/Aug/2013:14:40:01 -0400] "GET /robots.txt HTTP/1.1" 200 25 "-" "ia_archiver(OS-Wayback)"
217.71.103.242 - - [13/Aug/2013:06:50:15 -0400] "GET /scripts/website.css HTTP/1.1" 200 1785 "http://www.ancis.us/" "Mozilla/5.0 (Windows NT 6.1; WOW64) AppleWebKit/537.36 (KHTML, like Gecko) Chrome/28.0.1500.95 Safari/537.36"
217.71.103.242 - - [13/Aug/2013:06:50:15 -0400] "GET /scripts/9custom.css HTTP/1.1" 200 4174 "http://www.ancis.us/" "Mozilla/5.0 (Windows NT 6.1; WOW64) AppleWebKit/537.36 (KHTML, like Gecko) Chrome/28.0.1500.95 Safari/537.36"
217.71.103.242 - - [13/Aug/2013:06:50:15 -0400] "GET /scripts/icwebsiteelement.css HTTP/1.1" 200 8132 "http://www.ancis.us/" "Mozilla/5.0 (Windows NT 6.1; WOW64) AppleWebKit/537.36 (KHTML, like Gecko) Chrome/28.0.1500.95 Safari/537.36"
217.71.103.242 - - [13/Aug/2013:06:50:16 -0400] "GET /images/400_Servers-cropped-layer-final.jpg HTTP/1.1" 200 15228 "http://www.ancis.us/" "Mozilla/5.0 (Windows NT 6.1; WOW64) AppleWebKit/537.36 (KHTML, like Gecko) Chrome/28.0.1500.95 Safari/537.36"
217.71.103.242 - - [13/Aug/2013:06:50:16 -0400] "GET /images/115_RCI-7.jpg HTTP/1.1" 200 1745 "http://www.ancis.us/" "Mozilla/5.0 (Windows NT 6.1; WOW64) AppleWebKit/537.36 (KHTML, like Gecko) Chrome/28.0.1500.95 Safari/537.36"
113.161.72.32 - - [13/Aug/2013:04:29:47 -0400] "GET /scripts/template.css HTTP/1.1" 200 10212 "http://www.ancis.us/" "Mozilla/5.0 (Windows NT 5.1) AppleWebKit/537.36 (KHTML, like Gecko) Chrome/28.0.1500.95 Safari/537.36"
75.18.240.165 - - [13/Aug/2013:17:46:27 -0400] "GET /scripts/ic_globals_published.js HTTP/1.1" 200 566 "http://www.ancis.us/" "Mozilla/4.0 (compatible; MSIE 7.0; Windows NT 6.1; WOW64; Trident/6.0; SLCC2; .NET CLR 2.0.50727; .NET CLR 3.5.30729; .NET CLR 3.0.30729; Media Center PC 6.0; InfoPath.3; .NET4.0C; McAfee)"
75.18.240.165 - - [13/Aug/2013:17:46:27 -0400] "GET /scripts/photoalbum.js HTTP/1.1" 200 62481 "http://www.ancis.us/" "Mozilla/4.0 (compatible; MSIE 7.0; Windows NT 6.1; WOW64; Trident/6.0; SLCC2; .NET CLR 2.0.50727; .NET CLR 3.5.30729; .NET CLR 3.0.30729; Media Center PC 6.0; InfoPath.3; .NET4.0C; McAfee)"
75.18.240.165 - - [13/Aug/2013:17:46:28 -0400] "GET /images/115_RCI-7.jpg HTTP/1.1" 200 1745 "http://www.ancis.us/" "Mozilla/4.0 (compatible; MSIE 7.0; Windows NT 6.1; WOW64; Trident/6.0; SLCC2; .NET CLR 2.0.50727; .NET CLR 3.5.30729; .NET CLR 3.0.30729; Media Center PC 6.0; InfoPath.3; .NET4.0C; McAfee)"
205.178.190.237 - - [13/Aug/2013:22:48:24 -0400] "HEAD /aboutus.html HTTP/1.1" 200 - "-" "Mozilla/4.0 (compatible; MSIE 7.0; Windows NT 5.1; .NET CLR 1.1.4322; .NET CLR 2.0.50727)"
99.253.68.160 - - [13/Aug/2013:00:45:29 -0400] "GET /scripts/template.css HTTP/1.1" 200 10212 "http://www.ancis.us/" "Mozilla/5.0 (Windows NT 6.1; WOW64) AppleWebKit/537.36 (KHTML, like Gecko) Chrome/28.0.1500.95 Safari/537.36"
99.253.68.160 - - [13/Aug/2013:00:45:30 -0400] "GET /images/400_Servers-cropped-layer-final.jpg HTTP/1.1" 200 15228 "http://www.ancis.us/" "Mozilla/5.0 (Windows NT 6.1; WOW64) AppleWebKit/537.36 (KHTML, like Gecko) Chrome/28.0.1500.95 Safari/537.36"
66.249.75.29 - - [13/Aug/2013:12:42:47 -0400] "GET /scripts/print.css HTTP/1.1" 200 7623 "-" "Mozilla/5.0 (compatible; Googlebot/2.1; +http://www.google.com/bot.html)"
66.249.72.29 - - [13/Aug/2013:20:18:47 -0400] "GET /robots.txt HTTP/1.1" 200 25 "-" "Mozilla/5.0 (compatible; Googlebot/2.1; +http://www.google.com/bot.html)"
82.99.254.170 - - [13/Aug/2013:10:32:22 -0400] "GET /images/70_iStock_DNAcropDBF70.jpg HTTP/1.1" 200 6073 "http://www.ancis.us/" "Mozilla/5.0 (Windows NT 5.1; rv:22.0) Gecko/20100101 Firefox/22.0"
91.207.9.226 - - [13/Aug/2013:07:36:42 -0400] "GET / HTTP/1.1" 200 28333 "http://investaki.ru/" "Mozilla/0.91 Beta (Windows)"
113.161.72.32 - - [13/Aug/2013:04:29:47 -0400] "GET /scripts/icwebsiteelement.css HTTP/1.1" 200 8132 "http://www.ancis.us/" "Mozilla/5.0 (Windows NT 5.1) AppleWebKit/537.36 (KHTML, like Gecko) Chrome/28.0.1500.95 Safari/537.36"
113.161.72.32 - - [13/Aug/2013:04:29:54 -0400] "GET /images/115_RCI-7.jpg HTTP/1.1" 200 1745 "http://www.ancis.us/" "Mozilla/5.0 (Windows NT 5.1) AppleWebKit/537.36 (KHTML, like Gecko) Chrome/28.0.1500.95 Safari/537.36"
113.161.72.32 - - [13/Aug/2013:04:29:54 -0400] "GET /images/70_iStock_zerosCropF70.jpg HTTP/1.1" 200 8404 "http://www.ancis.us/" "Mozilla/5.0 (Windows NT 5.1) AppleWebKit/537.36 (KHTML, like Gecko) Chrome/28.0.1500.95 Safari/537.36"
157.55.35.91 - - [13/Aug/2013:21:12:28 -0400] "GET /images/OR-10-003_Final_Web.pdf HTTP/1.1" 200 629201 "-" "Mozilla/5.0 (compatible; bingbot/2.0; +http://www.bing.com/bingbot.htm)"
203.116.198.69 - - [13/Aug/2013:22:31:57 -0400] "GET /images/SL-08-018_Final.pdf HTTP/1.1" 200 839607 "https://www.google.com.sg/" "Mozilla/5.0 (Windows NT 5.1) AppleWebKit/537.36 (KHTML, like Gecko) Chrome/28.0.1500.95 Safari/537.36"
203.116.198.69 - - [13/Aug/2013:22:32:06 -0400] "GET /favicon.ico HTTP/1.1" 404 575 "-" "Mozilla/5.0 (Windows NT 5.1) AppleWebKit/537.36 (KHTML, like Gecko) Chrome/28.0.1500.95 Safari/537.36"
82.99.254.170 - - [13/Aug/2013:10:32:22 -0400] "GET /images/140_ANCIS-Logo140.jpg HTTP/1.1" 200 5351 "http://www.ancis.us/" "Mozilla/5.0 (Windows NT 5.1; rv:22.0) Gecko/20100101 Firefox/22.0"
199.21.99.71 - - [13/Aug/2013:13:52:06 -0400] "GET /robots.txt HTTP/1.1" 200 25 "-" "Mozilla/5.0 (compatible; YandexBot/3.0; +http://yandex.com/bots)"
180.76.5.176 - - [13/Aug/2013:04:31:17 -0400] "GET / HTTP/1.1" 200 28333 "-" "Mozilla/5.0 (compatible; Baiduspider/2.0; +http://www.baidu.com/search/spider.html)"
85.237.80.235 - - [13/Aug/2013:16:04:47 -0400] "GET /robots.txt HTTP/1.1" 200 25 "-" "Mozilla/5.0 (compatible; MSIE 9.0; Windows NT 6.1; Win64; x64; Trident/5.0)"
46.119.118.152 - - [13/Aug/2013:00:18:17 -0400] "GET / HTTP/1.1" 200 28333 "http://torrentec.net/" "Opera/9.00 (Windows NT 5.1; U; en)"
116.226.220.103 - - [13/Aug/2013:00:48:18 -0400] "GET /favicon.ico HTTP/1.1" 404 575 "-" "Mozilla/5.0 (Windows NT 6.1) AppleWebKit/537.1 (KHTML, like Gecko) Chrome/21.0.1180.89 Safari/537.1"
157.55.33.181 - - [13/Aug/2013:18:20:57 -0400] "GET / HTTP/1.1" 200 28333 "-" "Mozilla/5.0 (compatible; bingbot/2.0; +http://www.bing.com/bingbot.htm)"
119.144.61.104 - - [13/Aug/2013:23:27:20 -0400] "GET / HTTP/1.1" 200 28333 "-" "Mozilla/4.0 (compatible; MSIE8.0; Windows NT 6.0) .NET CLR 2.0.50727)"
119.144.61.104 - - [13/Aug/2013:23:27:23 -0400] "GET /contactus.html HTTP/1.1" 200 17776 "-" "Mozilla/4.0 (compatible; MSIE8.0; Windows NT 6.0) .NET CLR 2.0.50727)"
119.144.61.104 - - [13/Aug/2013:23:27:26 -0400] "GET /aboutus.html HTTP/1.1" 200 23818 "-" "Mozilla/4.0 (compatible; MSIE8.0; Windows NT 6.0) .NET CLR 2.0.50727)"
205.178.190.237 - - [13/Aug/2013:22:57:11 -0400] "GET /images/70_iStock_at-signCropFinal.jpg HTTP/1.1" 200 4288 "http://ancis.us/contactus.html" "Mozilla/4.0 (compatible; MSIE 7.0; Windows NT 5.2; Trident/4.0; .NET CLR 1.1.4322; .NET CLR 2.0.50727; .NET CLR 3.0.4506.2152; .NET CLR 3.5.30729; .NET4.0C; .NET4.0E)"
193.106.136.58 - - [13/Aug/2013:08:54:04 -0400] "GET / HTTP/1.1" 200 28333 "http://www.polimin.ru/" "Opera/9.00 (Windows NT 5.1; U; en)"
68.33.225.146 - - [13/Aug/2013:10:25:54 -0400] "GET /scripts/photoalbum.js HTTP/1.1" 200 62481 "http://www.ancis.us/publications/rci.html" "Mozilla/5.0 (compatible; MSIE 10.0; Windows NT 6.1; WOW64; Trident/6.0)"
68.33.225.146 - - [13/Aug/2013:10:25:54 -0400] "GET /images/030113_1833_0009_osls.jpg HTTP/1.1" 200 5070 "http://www.ancis.us/publications/rci.html" "Mozilla/5.0 (compatible; MSIE 10.0; Windows NT 6.1; WOW64; Trident/6.0)"
157.55.33.109 - - [13/Aug/2013:20:07:50 -0400] "GET /robots.txt HTTP/1.1" 200 25 "-" "Mozilla/5.0 (compatible; bingbot/2.0; +http://www.bing.com/bingbot.htm)"
75.18.240.165 - - [13/Aug/2013:17:46:27 -0400] "GET /scripts/website.css HTTP/1.1" 200 1785 "http://www.ancis.us/" "Mozilla/4.0 (compatible; MSIE 7.0; Windows NT 6.1; WOW64; Trident/6.0; SLCC2; .NET CLR 2.0.50727; .NET CLR 3.5.30729; .NET CLR 3.0.30729; Media Center PC 6.0; InfoPath.3; .NET4.0C; McAfee)"
75.18.240.165 - - [13/Aug/2013:17:46:27 -0400] "GET /images/140_ANCIS-Logo140.jpg HTTP/1.1" 200 5351 "http://www.ancis.us/" "Mozilla/4.0 (compatible; MSIE 7.0; Windows NT 6.1; WOW64; Trident/6.0; SLCC2; .NET CLR 2.0.50727; .NET CLR 3.5.30729; .NET CLR 3.0.30729; Media Center PC 6.0; InfoPath.3; .NET4.0C; McAfee)"
75.18.240.165 - - [13/Aug/2013:17:46:28 -0400] "GET /images/70_iStock_zerosCropF70.jpg HTTP/1.1" 200 8404 "http://www.ancis.us/" "Mozilla/4.0 (compatible; MSIE 7.0; Windows NT 6.1; WOW64; Trident/6.0; SLCC2; .NET CLR 2.0.50727; .NET CLR 3.5.30729; .NET CLR 3.0.30729; Media Center PC 6.0; InfoPath.3; .NET4.0C; McAfee)"
157.55.33.181 - - [13/Aug/2013:13:35:09 -0400] "GET /rci.html HTTP/1.1" 200 28353 "-" "Mozilla/5.0 (compatible; bingbot/2.0; +http://www.bing.com/bingbot.htm)"
157.55.35.91 - - [13/Aug/2013:13:36:03 -0400] "GET /scripts/7custom.css HTTP/1.1" 200 4512 "-" "Mozilla/5.0 (compatible; bingbot/2.0; +http://www.bing.com/bingbot.htm)"
201.116.20.59 - - [13/Aug/2013:13:13:23 -0400] "GET /images/AN-04-9-1.pdf HTTP/1.1" 206 935671 "http://www.google.com.mx/url?sa=t&rct=j&q=ashrae%20127%2F2001&source=web&cd=10&ved=0CG0QFjAJ&url=http%3A%2F%2Fancis.us%2Fimages%2FAN-04-9-1.pdf&ei=L2kKUqD-CvOO2gXNhYH4Dg&usg=AFQjCNEawvePXbpGq5cPapqyJQ_FmK8fMw" "Mozilla/4.0 (compatible; MSIE 8.0; Windows NT 5.1; Trident/4.0; .NET CLR 1.1.4322; .NET CLR 2.0.50727; .NET CLR 3.0.04506.30; .NET CLR 3.0.04506.648; .NET CLR 3.0.4506.2152; .NET CLR 3.5.30729; .NET4.0C; .NET4.0E)"
113.161.72.32 - - [13/Aug/2013:04:29:47 -0400] "GET /scripts/ic_globals_published.js HTTP/1.1" 200 566 "http://www.ancis.us/" "Mozilla/5.0 (Windows NT 5.1) AppleWebKit/537.36 (KHTML, like Gecko) Chrome/28.0.1500.95 Safari/537.36"
113.161.72.32 - - [13/Aug/2013:04:29:48 -0400] "GET /scripts/photoalbum.js HTTP/1.1" 200 62481 "http://www.ancis.us/" "Mozilla/5.0 (Windows NT 5.1) AppleWebKit/537.36 (KHTML, like Gecko) Chrome/28.0.1500.95 Safari/537.36"
66.249.75.202 - - [13/Aug/2013:04:37:34 -0400] "GET /publications/rci.html HTTP/1.1" 304 - "-" "Mozilla/5.0 (iPhone; U; CPU iPhone OS 4_1 like Mac OS X; en-us) AppleWebKit/532.9 (KHTML, like Gecko) Version/4.0.5 Mobile/8B117 Safari/6531.22.7 (compatible; Googlebot-Mobile/2.1; +http://www.google.com/bot.html)"
82.99.254.170 - - [13/Aug/2013:10:32:02 -0400] "GET /scripts/ic_globals_published.js HTTP/1.1" 200 566 "http://www.ancis.us/" "Mozilla/5.0 (Windows NT 5.1; rv:22.0) Gecko/20100101 Firefox/22.0"
82.99.254.170 - - [13/Aug/2013:10:32:02 -0400] "GET /scripts/print.css HTTP/1.1" 200 7623 "http://www.ancis.us/" "Mozilla/5.0 (Windows NT 5.1; rv:22.0) Gecko/20100101 Firefox/22.0"
157.55.32.88 - - [13/Aug/2013:21:49:28 -0400] "GET /images/400_Servers-cropped-layer-final.jpg HTTP/1.1" 200 15228 "-" "Mozilla/5.0 (compatible; bingbot/2.0; +http://www.bing.com/bingbot.htm)"
205.178.190.237 - - [13/Aug/2013:22:48:22 -0400] "HEAD /home.html HTTP/1.1" 200 - "-" "Mozilla/5.0 (Windows; U; Windows NT 5.1; en-US; rv:1.8.1.16) Gecko/20080702 Firefox/2.0.0.16"
68.33.225.146 - - [13/Aug/2013:10:25:54 -0400] "GET /scripts/ic_globals_published.js HTTP/1.1" 200 566 "http://www.ancis.us/publications/rci.html" "Mozilla/5.0 (compatible; MSIE 10.0; Windows NT 6.1; WOW64; Trident/6.0)"
68.33.225.146 - - [13/Aug/2013:10:25:54 -0400] "GET /scripts/print.css HTTP/1.1" 200 7623 "http://www.ancis.us/publications/rci.html" "Mozilla/5.0 (compatible; MSIE 10.0; Windows NT 6.1; WOW64; Trident/6.0)"
68.33.225.146 - - [13/Aug/2013:10:25:54 -0400] "GET /images/70_iStock-BookCropF70.jpg HTTP/1.1" 200 2663 "http://www.ancis.us/publications/rci.html" "Mozilla/5.0 (compatible; MSIE 10.0; Windows NT 6.1; WOW64; Trident/6.0)"
113.79.89.77 - - [13/Aug/2013:22:05:39 -0400] "GET / HTTP/1.1" 200 28333 "-" "Mozilla/4.0 (compatible; MSIE8.0; Windows NT 6.0) .NET CLR 2.0.50727)"
157.55.32.88 - - [13/Aug/2013:10:03:25 -0400] "GET /robots.txt HTTP/1.1" 200 25 "-" "Mozilla/5.0 (compatible; bingbot/2.0; +http://www.bing.com/bingbot.htm)"
157.55.33.181 - - [13/Aug/2013:05:11:05 -0400] "GET / HTTP/1.1" 200 28333 "-" "Mozilla/5.0 (compatible; bingbot/2.0; +http://www.bing.com/bingbot.htm)"
178.137.128.238 - - [13/Aug/2013:06:33:47 -0400] "GET / HTTP/1.1" 200 28333 "http://www.uabuild.com/" "Mozilla/4.0 (compatible; MSIE 6.0; Windows NT 5.1; FREE; .NET CLR 1.1.4322)"
220.181.108.142 - - [13/Aug/2013:11:14:34 -0400] "GET /images/120_ANCIS-Logo120.jpg HTTP/1.1" 200 4323 "-" "Baiduspider-image+(+http://www.baidu.com/search/spider.htm)"
66.249.72.29 - - [13/Aug/2013:20:18:47 -0400] "GET /images/ANCIS-Telcordia_Intelec_2010_Paper_Final.pdf HTTP/1.1" 304 - "-" "Mozilla/5.0 (iPhone; U; CPU iPhone OS 4_1 like Mac OS X; en-us) AppleWebKit/532.9 (KHTML, like Gecko) Version/4.0.5 Mobile/8B117 Safari/6531.22.7 (compatible; Googlebot-Mobile/2.1; +http://www.google.com/bot.html)"
109.120.137.68 - - [13/Aug/2013:07:44:34 -0400] "GET / HTTP/1.1" 200 28333 "http://asupro.com/automation/boilers/asutp-gas-boiler-house-variable-power.html" "Mozilla/5.0 (Windows; U;XMPP Tiscali Communicator v.10.0.1; Windows NT 5.1; it; rv:1.8.1.3) Gecko/20070309 Firefox/2.0.0.3"
137.215.6.50 - - [13/Aug/2013:05:41:43 -0400] "GET /images/AN-04-9-1.pdf HTTP/1.0" 200 936793 "http://www.google.co.za/url?sa=t&rct=j&q=environmental%20consideration%20when%20planning%20a%20data%20center%20for%20FNB&source=web&cd=5&ved=0CEcQFjAE&url=http%3A%2F%2Fancis.us%2Fimages%2FAN-04-9-1.pdf&ei=TP8JUvnRCbCh7AbZmYCABw&usg=AFQjCNEawvePXbpGq5cPapqyJQ_FmK8fMw&bvm=bv.50500085,d.ZG4" "Mozilla/5.0 (Windows NT 6.1) AppleWebKit/537.36 (KHTML, like Gecko) Chrome/28.0.1500.95 Safari/537.36"
123.125.71.59 - - [13/Aug/2013:13:09:06 -0400] "GET /images/70_iStock-KeyBFinal70.jpg HTTP/1.1" 200 5949 "-" "Baiduspider-image+(+http://www.baidu.com/search/spider.htm)"
157.55.32.88 - - [13/Aug/2013:13:38:23 -0400] "GET /scripts/print.css HTTP/1.1" 200 7623 "-" "Mozilla/5.0 (compatible; bingbot/2.0; +http://www.bing.com/bingbot.htm)"
98.233.228.253 - - [13/Aug/2013:00:16:31 -0400] "GET /images/RCI.pdf HTTP/1.1" 200 276049 "https://www.google.com/" "Mozilla/5.0 (Windows NT 6.1; WOW64) AppleWebKit/537.36 (KHTML, like Gecko) Chrome/28.0.1500.95 Safari/537.36"
98.233.228.253 - - [13/Aug/2013:00:16:32 -0400] "GET /favicon.ico HTTP/1.1" 404 575 "-" "Mozilla/5.0 (Windows NT 6.1; WOW64) AppleWebKit/537.36 (KHTML, like Gecko) Chrome/28.0.1500.95 Safari/537.36"
98.233.228.253 - - [13/Aug/2013:00:16:34 -0400] "GET /favicon.ico HTTP/1.1" 404 575 "-" "Mozilla/5.0 (Windows NT 6.1; WOW64) AppleWebKit/537.36 (KHTML, like Gecko) Chrome/28.0.1500.95 Safari/537.36"
157.55.33.109 - - [13/Aug/2013:20:11:16 -0400] "GET /images/AN-04-9-1.pdf HTTP/1.1" 200 936793 "-" "Mozilla/5.0 (compatible; bingbot/2.0; +http://www.bing.com/bingbot.htm)"
205.178.190.234 - - [13/Aug/2013:22:37:30 -0400] "GET / HTTP/1.1" 200 28333 "-" "Mozilla/4.0 (compatible; MSIE 7.0; Windows NT 5.2; Trident/4.0; .NET CLR 1.1.4322; .NET CLR 2.0.50727; .NET CLR 3.0.4506.2152; .NET CLR 3.5.30729)"
205.178.190.234 - - [13/Aug/2013:22:37:31 -0400] "GET /scripts/template.css HTTP/1.1" 200 10212 "http://ancis.us/" "Mozilla/4.0 (compatible; MSIE 7.0; Windows NT 5.2; Trident/4.0; .NET CLR 1.1.4322; .NET CLR 2.0.50727; .NET CLR 3.0.4506.2152; .NET CLR 3.5.30729)"
205.178.190.234 - - [13/Aug/2013:22:37:31 -0400] "GET /scripts/user.js HTTP/1.1" 200 23762 "http://ancis.us/" "Mozilla/4.0 (compatible; MSIE 7.0; Windows NT 5.2; Trident/4.0; .NET CLR 1.1.4322; .NET CLR 2.0.50727; .NET CLR 3.0.4506.2152; .NET CLR 3.5.30729)"
205.178.190.234 - - [13/Aug/2013:22:37:31 -0400] "GET /scripts/website.css HTTP/1.1" 200 1785 "http://ancis.us/" "Mozilla/4.0 (compatible; MSIE 7.0; Windows NT 5.2; Trident/4.0; .NET CLR 1.1.4322; .NET CLR 2.0.50727; .NET CLR 3.0.4506.2152; .NET CLR 3.5.30729)"
205.178.190.234 - - [13/Aug/2013:22:37:31 -0400] "GET /scripts/icwebsiteelement.css HTTP/1.1" 200 8132 "http://ancis.us/" "Mozilla/4.0 (compatible; MSIE 7.0; Windows NT 5.2; Trident/4.0; .NET CLR 1.1.4322; .NET CLR 2.0.50727; .NET CLR 3.0.4506.2152; .NET CLR 3.5.30729)"
205.178.190.234 - - [13/Aug/2013:22:37:32 -0400] "GET /images/030113_1833_0009_osls.jpg HTTP/1.1" 200 5070 "http://ancis.us/" "Mozilla/4.0 (compatible; MSIE 7.0; Windows NT 5.2; Trident/4.0; .NET CLR 1.1.4322; .NET CLR 2.0.50727; .NET CLR 3.0.4506.2152; .NET CLR 3.5.30729)"
205.178.190.234 - - [13/Aug/2013:22:37:32 -0400] "GET /images/400_Servers-cropped-layer-final.jpg HTTP/1.1" 200 15228 "http://ancis.us/" "Mozilla/4.0 (compatible; MSIE 7.0; Windows NT 5.2; Trident/4.0; .NET CLR 1.1.4322; .NET CLR 2.0.50727; .NET CLR 3.0.4506.2152; .NET CLR 3.5.30729)"
205.178.190.234 - - [13/Aug/2013:22:37:32 -0400] "GET /images/70_iStock_FiberCropF70.jpg HTTP/1.1" 200 5102 "http://ancis.us/" "Mozilla/4.0 (compatible; MSIE 7.0; Windows NT 5.2; Trident/4.0; .NET CLR 1.1.4322; .NET CLR 2.0.50727; .NET CLR 3.0.4506.2152; .NET CLR 3.5.30729)"
205.178.190.234 - - [13/Aug/2013:22:37:32 -0400] "GET /images/70_iStock_zerosCropF70.jpg HTTP/1.1" 200 8404 "http://ancis.us/" "Mozilla/4.0 (compatible; MSIE 7.0; Windows NT 5.2; Trident/4.0; .NET CLR 1.1.4322; .NET CLR 2.0.50727; .NET CLR 3.0.4506.2152; .NET CLR 3.5.30729)"
220.181.132.19 - - [13/Aug/2013:23:36:46 -0400] "GET /scripts/icwebsiteelement.css HTTP/1.1" 200 8132 "http://www.ancis.us/" "Mozilla/5.0 (X11; Linux x86_64) AppleWebKit/536.11 (KHTML, like Gecko) DumpRenderTree/0.0.0.0 Safari/536.11"
66.249.75.29 - - [13/Aug/2013:04:13:48 -0400] "GET /rci.html HTTP/1.1" 200 28353 "-" "Googlebot/2.1 (+http://www.google.com/bot.html)"
113.161.72.32 - - [13/Aug/2013:04:29:47 -0400] "GET /scripts/website.css HTTP/1.1" 200 1785 "http://www.ancis.us/" "Mozilla/5.0 (Windows NT 5.1) AppleWebKit/537.36 (KHTML, like Gecko) Chrome/28.0.1500.95 Safari/537.36"
113.161.72.32 - - [13/Aug/2013:04:29:48 -0400] "GET /scripts/user.js HTTP/1.1" 200 23762 "http://www.ancis.us/" "Mozilla/5.0 (Windows NT 5.1) AppleWebKit/537.36 (KHTML, like Gecko) Chrome/28.0.1500.95 Safari/537.36"
157.55.33.181 - - [13/Aug/2013:04:38:47 -0400] "GET /images/INTELEC_Herrlin_FINAL_and_Web.pdf HTTP/1.1" 200 122131 "-" "Mozilla/5.0 (compatible; bingbot/2.0; +http://www.bing.com/bingbot.htm)"
67.214.156.12 - - [13/Aug/2013:05:58:35 -0400] "GET /pages/1/index.htm HTTP/1.0" 200 2648 "-" "My Nutch Spider/Nutch-1.7"
66.249.75.29 - - [13/Aug/2013:12:29:38 -0400] "GET /robots.txt HTTP/1.1" 200 25 "-" "Mozilla/5.0 (compatible; Googlebot/2.1; +http://www.google.com/bot.html)"
199.30.24.100 - - [13/Aug/2013:14:36:28 -0400] "GET /scripts/photoalbum.js HTTP/1.1" 200 62481 "http://www.ancis.us/rci.html" "Mozilla/5.0 (Windows NT 6.1; WOW64) AppleWebKit/534+ (KHTML, like Gecko) BingPreview/1.0b"
199.21.99.71 - - [13/Aug/2013:20:33:41 -0400] "GET /pages/1/ HTTP/1.1" 200 187 "-" "Mozilla/5.0 (compatible; YandexBot/3.0; +http://yandex.com/bots)"
64.246.165.160 - - [13/Aug/2013:11:58:49 -0400] "GET / HTTP/1.1" 200 28333 "http://whois.domaintools.com/ancis.us" "Mozilla/5.0 (Windows; U; Windows NT 5.1; en; rv:1.9.0.13) Gecko/2009073022 Firefox/3.5.2 (.NET CLR 3.5.30729) SurveyBot/2.3 (DomainTools)"
101.226.169.197 - - [13/Aug/2013:13:08:50 -0400] "GET / HTTP/1.1" 200 28333 "http://ancis.us/" "Mozilla/4.0 (compatible; MSIE 8.0; Windows NT 6.1; Trident/4.0; SLCC2; .NET CLR 2.0.50727; .NET CLR 3.5.30729; .NET CLR 3.0.30729; Media Center PC 6.0; MDDR; .NET4.0C; .NET4.0E; .NET CLR 1.1.4322; Tablet PC 2.0); 360Spider"