0byt3m1n1
Path:
/
data
/
0
/
0
/
92
/
72
/
92887
/
meta
/
94286
/
logs
/
[
Home
]
File: x-access_log.2013-08-13
91.207.9.226 - - [13/Aug/2013:19:16:47 -0400] "GET / HTTP/1.1" 200 28333 "http://mikaera.com/" "Mozilla/4.76 [en] (Windows NT 5.0; U)"
205.178.190.237 - - [13/Aug/2013:22:48:24 -0400] "HEAD /overview.html HTTP/1.1" 200 - "-" "Mozilla/4.0 (compatible; MSIE 7.0; Windows NT 5.1; .NET CLR 1.1.4322; .NET CLR 2.0.50727)"
83.149.126.98 - - [13/Aug/2013:03:12:29 -0400] "GET /index.html HTTP/1.0" 200 28333 "-" "Mozilla/5.0 (compatible; MJ12bot/v1.4.3; http://www.majestic12.co.uk/bot.php?+)"
180.76.5.161 - - [13/Aug/2013:04:31:16 -0400] "GET /index.html HTTP/1.1" 200 28333 "-" "Mozilla/5.0 (compatible; Baiduspider/2.0; +http://www.baidu.com/search/spider.html)"
99.253.68.160 - - [13/Aug/2013:00:45:29 -0400] "GET /scripts/9custom.css HTTP/1.1" 200 4174 "http://www.ancis.us/" "Mozilla/5.0 (Windows NT 6.1; WOW64) AppleWebKit/537.36 (KHTML, like Gecko) Chrome/28.0.1500.95 Safari/537.36"
99.253.68.160 - - [13/Aug/2013:00:45:30 -0400] "GET /images/115_RCI-7.jpg HTTP/1.1" 200 1745 "http://www.ancis.us/" "Mozilla/5.0 (Windows NT 6.1; WOW64) AppleWebKit/537.36 (KHTML, like Gecko) Chrome/28.0.1500.95 Safari/537.36"
99.253.68.160 - - [13/Aug/2013:00:45:30 -0400] "GET /images/70_iStock_DNAcropDBF70.jpg HTTP/1.1" 200 6073 "http://www.ancis.us/" "Mozilla/5.0 (Windows NT 6.1; WOW64) AppleWebKit/537.36 (KHTML, like Gecko) Chrome/28.0.1500.95 Safari/537.36"
199.30.24.255 - - [13/Aug/2013:00:51:00 -0400] "GET /images/Quirk-Herrlin_Web.pdf HTTP/1.1" 200 2176403 "-" "Mozilla/5.0 (Windows NT 6.1; WOW64) AppleWebKit/534+ (KHTML, like Gecko) BingPreview/1.0b"
91.207.9.226 - - [13/Aug/2013:07:36:43 -0400] "GET / HTTP/1.1" 200 28333 "http://investaki.ru/" "Mozilla/0.91 Beta (Windows)"
98.233.228.253 - - [13/Aug/2013:00:22:12 -0400] "GET /scripts/user.js HTTP/1.1" 200 23762 "http://www.ancis.us/rci.html" "Mozilla/5.0 (Windows NT 6.1; WOW64) AppleWebKit/537.36 (KHTML, like Gecko) Chrome/28.0.1500.95 Safari/537.36"
176.31.14.28 - - [13/Aug/2013:04:48:12 -0400] "GET /services.html HTTP/1.1" 200 27445 "-" "Opera/9.80 (Windows NT 6.1; U; en) Presto/2.6.30 Version/10.61"
67.214.156.12 - - [13/Aug/2013:05:58:35 -0400] "GET /robots.txt HTTP/1.0" 200 25 "-" "My Nutch Spider/Nutch-1.7"
66.249.75.29 - - [13/Aug/2013:08:15:13 -0400] "GET / HTTP/1.1" 200 28333 "-" "Mozilla/5.0 (iPhone; U; CPU iPhone OS 4_1 like Mac OS X; en-us) AppleWebKit/532.9 (KHTML, like Gecko) Version/4.0.5 Mobile/8B117 Safari/6531.22.7 (compatible; Googlebot-Mobile/2.1; +http://www.google.com/bot.html)"
46.118.126.194 - - [13/Aug/2013:15:54:51 -0400] "GET / HTTP/1.1" 200 28333 "http://seoprodvig.ru/" "Opera/9.00 (Windows NT 5.1; U; en)"
82.99.254.170 - - [13/Aug/2013:10:32:01 -0400] "GET / HTTP/1.1" 200 28333 "http://www.google.com/url?sa=t&rct=j&q=&esrc=s&source=web&cd=1&ved=0CCsQFjAA&url=http%3A%2F%2Fwww.ancis.us%2F&ei=QkMKUt3CFcj7yAHMt4GgAw&usg=AFQjCNGKmlm46lc56d_fYiIcA3vpsHoc9g&bvm=bv.50500085,d.aWc" "Mozilla/5.0 (Windows NT 5.1; rv:22.0) Gecko/20100101 Firefox/22.0"
157.55.35.91 - - [13/Aug/2013:21:10:36 -0400] "GET /robots.txt HTTP/1.1" 200 25 "-" "Mozilla/5.0 (compatible; bingbot/2.0; +http://www.bing.com/bingbot.htm)"
199.30.24.63 - - [13/Aug/2013:22:47:40 -0400] "GET /scripts/9custom.css HTTP/1.1" 200 4174 "http://www.ancis.us/home.html" "Mozilla/5.0 (Windows NT 6.1; WOW64) AppleWebKit/534+ (KHTML, like Gecko) BingPreview/1.0b"
220.181.127.232 - - [13/Aug/2013:23:36:18 -0400] "GET / HTTP/1.1" 200 28333 "http://www.ancis.us/" "Mozilla/4.0 (compatible; MSIE 8.0; Windows NT 6.1; Trident/4.0; SLCC2; .NET CLR 2.0.50727; .NET CLR 3.5.30729; .NET CLR 3.0.30729; Media Center PC 6.0; Tablet PC 2.0)"
113.161.72.32 - - [13/Aug/2013:04:29:54 -0400] "GET /images/400_Servers-cropped-layer-final.jpg HTTP/1.1" 200 15228 "http://www.ancis.us/" "Mozilla/5.0 (Windows NT 5.1) AppleWebKit/537.36 (KHTML, like Gecko) Chrome/28.0.1500.95 Safari/537.36"
217.71.103.242 - - [13/Aug/2013:06:50:13 -0400] "GET / HTTP/1.1" 200 28333 "https://www.google.de/" "Mozilla/5.0 (Windows NT 6.1; WOW64) AppleWebKit/537.36 (KHTML, like Gecko) Chrome/28.0.1500.95 Safari/537.36"
217.71.103.242 - - [13/Aug/2013:06:50:16 -0400] "GET /images/140_ANCIS-Logo140.jpg HTTP/1.1" 200 5351 "http://www.ancis.us/" "Mozilla/5.0 (Windows NT 6.1; WOW64) AppleWebKit/537.36 (KHTML, like Gecko) Chrome/28.0.1500.95 Safari/537.36"
217.71.103.242 - - [13/Aug/2013:06:50:16 -0400] "GET /images/70_iStock_zerosCropF70.jpg HTTP/1.1" 200 8404 "http://www.ancis.us/" "Mozilla/5.0 (Windows NT 6.1; WOW64) AppleWebKit/537.36 (KHTML, like Gecko) Chrome/28.0.1500.95 Safari/537.36"
123.125.71.21 - - [13/Aug/2013:13:01:21 -0400] "GET /projects/research.html HTTP/1.1" 200 21868 "-" "Mozilla/5.0 (compatible; Baiduspider/2.0; +http://www.baidu.com/search/spider.html)"
54.242.51.22 - - [13/Aug/2013:05:41:04 -0400] "GET /images/dcd_dc-cep_talk_06-30-2009_web.pdf HTTP/1.1" 404 575 "-" "User-Agent: Mozilla/5.0 (Windows NT 6.1; WOW64) AppleWebKit/537.31 (KHTML, like Gecko) Chrome/26.0.1410.64 Safari/537.31"
99.253.68.160 - - [13/Aug/2013:00:45:29 -0400] "GET /scripts/website.css HTTP/1.1" 200 1785 "http://www.ancis.us/" "Mozilla/5.0 (Windows NT 6.1; WOW64) AppleWebKit/537.36 (KHTML, like Gecko) Chrome/28.0.1500.95 Safari/537.36"
99.253.68.160 - - [13/Aug/2013:00:45:30 -0400] "GET /images/70_iStock_FiberCropF70.jpg HTTP/1.1" 200 5102 "http://www.ancis.us/" "Mozilla/5.0 (Windows NT 6.1; WOW64) AppleWebKit/537.36 (KHTML, like Gecko) Chrome/28.0.1500.95 Safari/537.36"
123.138.24.87 - - [13/Aug/2013:09:23:13 -0400] "GET /favicon.ico HTTP/1.1" 404 575 "-" ""
68.33.225.146 - - [13/Aug/2013:10:25:54 -0400] "GET /scripts/website.css HTTP/1.1" 200 1785 "http://www.ancis.us/publications/rci.html" "Mozilla/5.0 (compatible; MSIE 10.0; Windows NT 6.1; WOW64; Trident/6.0)"
68.33.225.146 - - [13/Aug/2013:10:25:54 -0400] "GET /scripts/icwebsiteelement.css HTTP/1.1" 200 8132 "http://www.ancis.us/publications/rci.html" "Mozilla/5.0 (compatible; MSIE 10.0; Windows NT 6.1; WOW64; Trident/6.0)"
64.246.165.160 - - [13/Aug/2013:11:58:49 -0400] "GET /robots.txt HTTP/1.0" 200 25 "-" "Mozilla/5.0 (Windows; U; Windows NT 5.1; en; rv:1.9.0.13) Gecko/2009073022 Firefox/3.5.2 (.NET CLR 3.5.30729) SurveyBot/2.3 (DomainTools)"
199.30.24.63 - - [13/Aug/2013:22:47:40 -0400] "GET /scripts/template.css HTTP/1.1" 200 10212 "http://www.ancis.us/home.html" "Mozilla/5.0 (Windows NT 6.1; WOW64) AppleWebKit/534+ (KHTML, like Gecko) BingPreview/1.0b"
66.249.81.226 - - [13/Aug/2013:06:12:08 -0400] "GET /images/400_Servers-cropped-layer-final.jpg HTTP/1.1" 200 15228 "-" "Mozilla/5.0 (compatible) Feedfetcher-Google; (+http://www.google.com/feedfetcher.html)"
66.249.81.226 - - [13/Aug/2013:06:12:08 -0400] "GET /images/400_Servers-cropped-layer-final.jpg HTTP/1.1" 200 15228 "-" "Mozilla/5.0 (compatible) Feedfetcher-Google; (+http://www.google.com/feedfetcher.html)"
157.55.33.181 - - [13/Aug/2013:00:52:44 -0400] "GET /robots.txt HTTP/1.1" 200 25 "-" "Mozilla/5.0 (compatible; bingbot/2.0; +http://www.bing.com/bingbot.htm)"
157.55.33.181 - - [13/Aug/2013:00:54:47 -0400] "GET /images/New_York_08_Web.pdf HTTP/1.1" 200 345858 "-" "Mozilla/5.0 (compatible; bingbot/2.0; +http://www.bing.com/bingbot.htm)"
180.76.5.171 - - [13/Aug/2013:13:57:33 -0400] "GET /aboutus.html HTTP/1.1" 200 23818 "-" "Mozilla/5.0 (compatible; Baiduspider/2.0; +http://www.baidu.com/search/spider.html)"
205.178.190.237 - - [13/Aug/2013:22:57:11 -0400] "GET /images/120_ANCIS-Logo120.jpg HTTP/1.1" 200 4323 "http://ancis.us/contactus.html" "Mozilla/4.0 (compatible; MSIE 7.0; Windows NT 5.2; Trident/4.0; .NET CLR 1.1.4322; .NET CLR 2.0.50727; .NET CLR 3.0.4506.2152; .NET CLR 3.5.30729; .NET4.0C; .NET4.0E)"
66.249.72.202 - - [13/Aug/2013:23:20:28 -0400] "GET /images/RCI.pdf HTTP/1.1" 200 276049 "-" "Mozilla/5.0 (compatible; Googlebot/2.1; +http://www.google.com/bot.html)"
91.207.9.226 - - [13/Aug/2013:19:16:47 -0400] "GET / HTTP/1.1" 200 28333 "http://mikaera.com/" "Mozilla/4.76 [en] (Windows NT 5.0; U)"
220.181.132.19 - - [13/Aug/2013:23:36:46 -0400] "GET /scripts/website.css HTTP/1.1" 200 1785 "http://www.ancis.us/" "Mozilla/5.0 (X11; Linux x86_64) AppleWebKit/536.11 (KHTML, like Gecko) DumpRenderTree/0.0.0.0 Safari/536.11"
220.181.132.19 - - [13/Aug/2013:23:36:47 -0400] "GET /scripts/user.js HTTP/1.1" 200 23762 "http://www.ancis.us/" "Mozilla/5.0 (X11; Linux x86_64) AppleWebKit/536.11 (KHTML, like Gecko) DumpRenderTree/0.0.0.0 Safari/536.11"
98.233.228.253 - - [13/Aug/2013:00:22:12 -0400] "GET /scripts/template.css HTTP/1.1" 200 10212 "http://www.ancis.us/rci.html" "Mozilla/5.0 (Windows NT 6.1; WOW64) AppleWebKit/537.36 (KHTML, like Gecko) Chrome/28.0.1500.95 Safari/537.36"
123.125.71.105 - - [13/Aug/2013:16:42:28 -0400] "GET /images/70_iStock-KeyBFinal70.jpg HTTP/1.1" 200 5949 "-" "Baiduspider-image+(+http://www.baidu.com/search/spider.htm)"
82.99.254.170 - - [13/Aug/2013:10:32:02 -0400] "GET /scripts/photoalbum.js HTTP/1.1" 200 62481 "http://www.ancis.us/" "Mozilla/5.0 (Windows NT 5.1; rv:22.0) Gecko/20100101 Firefox/22.0"
82.99.254.170 - - [13/Aug/2013:10:33:01 -0400] "GET /services/modeling.html HTTP/1.1" 200 26204 "http://www.ancis.us/" "Mozilla/5.0 (Windows NT 5.1; rv:22.0) Gecko/20100101 Firefox/22.0"
205.178.190.234 - - [13/Aug/2013:22:37:31 -0400] "GET /scripts/ic_globals_published.js HTTP/1.1" 200 566 "http://ancis.us/" "Mozilla/4.0 (compatible; MSIE 7.0; Windows NT 5.2; Trident/4.0; .NET CLR 1.1.4322; .NET CLR 2.0.50727; .NET CLR 3.0.4506.2152; .NET CLR 3.5.30729)"
205.178.190.234 - - [13/Aug/2013:22:37:31 -0400] "GET /scripts/photoalbum.js HTTP/1.1" 200 62481 "http://ancis.us/" "Mozilla/4.0 (compatible; MSIE 7.0; Windows NT 5.2; Trident/4.0; .NET CLR 1.1.4322; .NET CLR 2.0.50727; .NET CLR 3.0.4506.2152; .NET CLR 3.5.30729)"
205.178.190.234 - - [13/Aug/2013:22:37:31 -0400] "GET /scripts/print.css HTTP/1.1" 200 7623 "http://ancis.us/" "Mozilla/4.0 (compatible; MSIE 7.0; Windows NT 5.2; Trident/4.0; .NET CLR 1.1.4322; .NET CLR 2.0.50727; .NET CLR 3.0.4506.2152; .NET CLR 3.5.30729)"
205.178.190.234 - - [13/Aug/2013:22:37:31 -0400] "GET /scripts/9custom.css HTTP/1.1" 200 4174 "http://ancis.us/" "Mozilla/4.0 (compatible; MSIE 7.0; Windows NT 5.2; Trident/4.0; .NET CLR 1.1.4322; .NET CLR 2.0.50727; .NET CLR 3.0.4506.2152; .NET CLR 3.5.30729)"
205.178.190.234 - - [13/Aug/2013:22:37:32 -0400] "GET /images/140_ANCIS-Logo140.jpg HTTP/1.1" 200 5351 "http://ancis.us/" "Mozilla/4.0 (compatible; MSIE 7.0; Windows NT 5.2; Trident/4.0; .NET CLR 1.1.4322; .NET CLR 2.0.50727; .NET CLR 3.0.4506.2152; .NET CLR 3.5.30729)"
205.178.190.234 - - [13/Aug/2013:22:37:32 -0400] "GET /images/115_RCI-7.jpg HTTP/1.1" 200 1745 "http://ancis.us/" "Mozilla/4.0 (compatible; MSIE 7.0; Windows NT 5.2; Trident/4.0; .NET CLR 1.1.4322; .NET CLR 2.0.50727; .NET CLR 3.0.4506.2152; .NET CLR 3.5.30729)"
205.178.190.234 - - [13/Aug/2013:22:37:32 -0400] "GET /images/70_iStock_DNAcropDBF70.jpg HTTP/1.1" 200 6073 "http://ancis.us/" "Mozilla/4.0 (compatible; MSIE 7.0; Windows NT 5.2; Trident/4.0; .NET CLR 1.1.4322; .NET CLR 2.0.50727; .NET CLR 3.0.4506.2152; .NET CLR 3.5.30729)"
83.149.126.98 - - [13/Aug/2013:03:12:24 -0400] "GET /robots.txt HTTP/1.0" 200 25 "-" "Mozilla/5.0 (compatible; MJ12bot/v1.4.3; http://www.majestic12.co.uk/bot.php?+)"
193.106.136.58 - - [13/Aug/2013:08:54:04 -0400] "GET / HTTP/1.1" 200 28333 "http://www.polimin.ru/" "Opera/9.00 (Windows NT 5.1; U; en)"
137.215.6.50 - - [13/Aug/2013:05:41:44 -0400] "GET /favicon.ico HTTP/1.0" 404 575 "-" "Mozilla/5.0 (Windows NT 6.1) AppleWebKit/537.36 (KHTML, like Gecko) Chrome/28.0.1500.95 Safari/537.36"
99.253.68.160 - - [13/Aug/2013:00:45:29 -0400] "GET /scripts/ic_globals_published.js HTTP/1.1" 200 566 "http://www.ancis.us/" "Mozilla/5.0 (Windows NT 6.1; WOW64) AppleWebKit/537.36 (KHTML, like Gecko) Chrome/28.0.1500.95 Safari/537.36"
99.253.68.160 - - [13/Aug/2013:00:45:29 -0400] "GET /scripts/photoalbum.js HTTP/1.1" 200 62481 "http://www.ancis.us/" "Mozilla/5.0 (Windows NT 6.1; WOW64) AppleWebKit/537.36 (KHTML, like Gecko) Chrome/28.0.1500.95 Safari/537.36"
99.253.68.160 - - [13/Aug/2013:00:45:30 -0400] "GET /images/140_ANCIS-Logo140.jpg HTTP/1.1" 200 5351 "http://www.ancis.us/" "Mozilla/5.0 (Windows NT 6.1; WOW64) AppleWebKit/537.36 (KHTML, like Gecko) Chrome/28.0.1500.95 Safari/537.36"
99.253.68.160 - - [13/Aug/2013:00:45:30 -0400] "GET /images/70_iStock_zerosCropF70.jpg HTTP/1.1" 200 8404 "http://www.ancis.us/" "Mozilla/5.0 (Windows NT 6.1; WOW64) AppleWebKit/537.36 (KHTML, like Gecko) Chrome/28.0.1500.95 Safari/537.36"
217.71.103.242 - - [13/Aug/2013:06:50:15 -0400] "GET /scripts/user.js HTTP/1.1" 200 23762 "http://www.ancis.us/" "Mozilla/5.0 (Windows NT 6.1; WOW64) AppleWebKit/537.36 (KHTML, like Gecko) Chrome/28.0.1500.95 Safari/537.36"
217.71.103.242 - - [13/Aug/2013:06:50:16 -0400] "GET /scripts/print.css HTTP/1.1" 200 7623 "http://www.ancis.us/" "Mozilla/5.0 (Windows NT 6.1; WOW64) AppleWebKit/537.36 (KHTML, like Gecko) Chrome/28.0.1500.95 Safari/537.36"
201.116.20.59 - - [13/Aug/2013:13:12:36 -0400] "GET /images/AN-04-9-1.pdf HTTP/1.1" 200 936793 "http://www.google.com.mx/url?sa=t&rct=j&q=ashrae%20127%2F2001&source=web&cd=10&ved=0CG0QFjAJ&url=http%3A%2F%2Fancis.us%2Fimages%2FAN-04-9-1.pdf&ei=yGgKUvenLabf2QXP3IHQDQ&usg=AFQjCNEawvePXbpGq5cPapqyJQ_FmK8fMw" "Mozilla/4.0 (compatible; MSIE 8.0; Windows NT 5.1; Trident/4.0; .NET CLR 1.1.4322; .NET CLR 2.0.50727; .NET CLR 3.0.04506.30; .NET CLR 3.0.04506.648; .NET CLR 3.0.4506.2152; .NET CLR 3.5.30729; .NET4.0C; .NET4.0E)"
98.233.228.253 - - [13/Aug/2013:00:22:12 -0400] "GET /scripts/photoalbum.js HTTP/1.1" 200 62481 "http://www.ancis.us/rci.html" "Mozilla/5.0 (Windows NT 6.1; WOW64) AppleWebKit/537.36 (KHTML, like Gecko) Chrome/28.0.1500.95 Safari/537.36"
98.233.228.253 - - [13/Aug/2013:00:22:12 -0400] "GET /images/030113_1833_0009_osls.jpg HTTP/1.1" 200 5070 "http://www.ancis.us/rci.html" "Mozilla/5.0 (Windows NT 6.1; WOW64) AppleWebKit/537.36 (KHTML, like Gecko) Chrome/28.0.1500.95 Safari/537.36"
68.33.225.146 - - [13/Aug/2013:10:25:54 -0400] "GET /scripts/user.js HTTP/1.1" 200 23762 "http://www.ancis.us/publications/rci.html" "Mozilla/5.0 (compatible; MSIE 10.0; Windows NT 6.1; WOW64; Trident/6.0)"
82.99.254.170 - - [13/Aug/2013:10:32:22 -0400] "GET /images/115_RCI-7.jpg HTTP/1.1" 200 1745 "http://www.ancis.us/" "Mozilla/5.0 (Windows NT 5.1; rv:22.0) Gecko/20100101 Firefox/22.0"
46.119.118.152 - - [13/Aug/2013:00:18:15 -0400] "GET / HTTP/1.1" 200 28333 "http://torrentec.net/" "Opera/9.00 (Windows NT 5.1; U; en)"
201.116.20.59 - - [13/Aug/2013:13:13:34 -0400] "GET /images/AN-04-9-1.pdf HTTP/1.1" 206 934211 "http://www.google.com.mx/url?sa=t&rct=j&q=ashrae%20127%2F2001&source=web&cd=10&ved=0CG0QFjAJ&url=http%3A%2F%2Fancis.us%2Fimages%2FAN-04-9-1.pdf&ei=L2kKUqD-CvOO2gXNhYH4Dg&usg=AFQjCNEawvePXbpGq5cPapqyJQ_FmK8fMw" "Mozilla/4.0 (compatible; MSIE 8.0; Windows NT 5.1; Trident/4.0; .NET CLR 1.1.4322; .NET CLR 2.0.50727; .NET CLR 3.0.04506.30; .NET CLR 3.0.04506.648; .NET CLR 3.0.4506.2152; .NET CLR 3.5.30729; .NET4.0C; .NET4.0E)"
157.55.32.88 - - [13/Aug/2013:13:38:22 -0400] "GET /scripts/icwebsiteelement.css HTTP/1.1" 200 8132 "-" "Mozilla/5.0 (compatible; bingbot/2.0; +http://www.bing.com/bingbot.htm)"
157.55.32.88 - - [13/Aug/2013:21:46:11 -0400] "GET /home.html HTTP/1.1" 200 28333 "-" "Mozilla/5.0 (compatible; bingbot/2.0; +http://www.bing.com/bingbot.htm)"
66.249.72.202 - - [13/Aug/2013:23:20:28 -0400] "GET /robots.txt HTTP/1.1" 200 25 "-" "Mozilla/5.0 (compatible; Googlebot/2.1; +http://www.google.com/bot.html)"
193.106.136.58 - - [13/Aug/2013:08:54:05 -0400] "GET / HTTP/1.1" 200 28333 "http://www.polimin.ru/" "Opera/9.00 (Windows NT 5.1; U; en)"
66.249.75.29 - - [13/Aug/2013:04:13:48 -0400] "GET /robots.txt HTTP/1.1" 200 25 "-" "Mozilla/5.0 (compatible; Googlebot/2.1; +http://www.google.com/bot.html)"
68.33.225.146 - - [13/Aug/2013:10:26:05 -0400] "GET /images/RCI--for_Website.pdf HTTP/1.1" 200 170721 "http://www.ancis.us/publications/rci.html" "Mozilla/5.0 (compatible; MSIE 10.0; Windows NT 6.1; WOW64; Trident/6.0)"
82.99.254.170 - - [13/Aug/2013:10:32:02 -0400] "GET /scripts/template.css HTTP/1.1" 200 10212 "http://www.ancis.us/" "Mozilla/5.0 (Windows NT 5.1; rv:22.0) Gecko/20100101 Firefox/22.0"
82.99.254.170 - - [13/Aug/2013:10:32:04 -0400] "GET /scripts/icwebsiteelement.css HTTP/1.1" 200 8132 "http://www.ancis.us/" "Mozilla/5.0 (Windows NT 5.1; rv:22.0) Gecko/20100101 Firefox/22.0"
157.55.33.181 - - [13/Aug/2013:18:11:48 -0400] "GET /robots.txt HTTP/1.1" 200 25 "-" "Mozilla/5.0 (compatible; bingbot/2.0; +http://www.bing.com/bingbot.htm)"
220.181.132.19 - - [13/Aug/2013:23:36:51 -0400] "GET /scripts/print.css HTTP/1.1" 200 7623 "http://www.ancis.us/" "Mozilla/5.0 (X11; Linux x86_64) AppleWebKit/536.11 (KHTML, like Gecko) DumpRenderTree/0.0.0.0 Safari/536.11"
46.229.170.197 - - [13/Aug/2013:05:30:26 -0400] "GET / HTTP/1.1" 200 28333 "-" "Mozilla/5.0 (Windows NT 5.1; rv:2.0b13pre) Gecko/20110223 Firefox/4.0b13pre"
99.253.68.160 - - [13/Aug/2013:00:45:29 -0400] "GET / HTTP/1.1" 200 28333 "https://www.google.ca/" "Mozilla/5.0 (Windows NT 6.1; WOW64) AppleWebKit/537.36 (KHTML, like Gecko) Chrome/28.0.1500.95 Safari/537.36"
99.253.68.160 - - [13/Aug/2013:00:45:29 -0400] "GET /scripts/icwebsiteelement.css HTTP/1.1" 200 8132 "http://www.ancis.us/" "Mozilla/5.0 (Windows NT 6.1; WOW64) AppleWebKit/537.36 (KHTML, like Gecko) Chrome/28.0.1500.95 Safari/537.36"
99.253.68.160 - - [13/Aug/2013:00:45:31 -0400] "GET /images/030113_1833_0009_osls.jpg HTTP/1.1" 200 5070 "http://www.ancis.us/" "Mozilla/5.0 (Windows NT 6.1; WOW64) AppleWebKit/537.36 (KHTML, like Gecko) Chrome/28.0.1500.95 Safari/537.36"
99.253.68.160 - - [13/Aug/2013:00:45:31 -0400] "GET /favicon.ico HTTP/1.1" 404 575 "-" "Mozilla/5.0 (Windows NT 6.1; WOW64) AppleWebKit/537.36 (KHTML, like Gecko) Chrome/28.0.1500.95 Safari/537.36"
173.193.139.248 - - [13/Aug/2013:22:57:09 -0400] "GET /favicon.ico HTTP/1.1" 404 575 "-" "Mozilla/5.0+(compatible;+PiplBot;++http://www.pipl.com/bot/)"
220.181.132.19 - - [13/Aug/2013:23:36:46 -0400] "GET /scripts/ic_globals_published.js HTTP/1.1" 200 566 "http://www.ancis.us/" "Mozilla/5.0 (X11; Linux x86_64) AppleWebKit/536.11 (KHTML, like Gecko) DumpRenderTree/0.0.0.0 Safari/536.11"
220.181.132.19 - - [13/Aug/2013:23:36:47 -0400] "GET /scripts/photoalbum.js HTTP/1.1" 200 62481 "http://www.ancis.us/" "Mozilla/5.0 (X11; Linux x86_64) AppleWebKit/536.11 (KHTML, like Gecko) DumpRenderTree/0.0.0.0 Safari/536.11"
199.30.24.100 - - [13/Aug/2013:14:36:28 -0400] "GET /scripts/website.css HTTP/1.1" 200 1785 "http://www.ancis.us/rci.html" "Mozilla/5.0 (Windows NT 6.1; WOW64) AppleWebKit/534+ (KHTML, like Gecko) BingPreview/1.0b"
46.119.118.152 - - [13/Aug/2013:00:18:13 -0400] "GET / HTTP/1.1" 200 28333 "http://torrentec.net/" "Opera/9.00 (Windows NT 5.1; U; en)"
98.233.228.253 - - [13/Aug/2013:00:22:11 -0400] "GET /rci.html HTTP/1.1" 200 28353 "https://www.google.com/" "Mozilla/5.0 (Windows NT 6.1; WOW64) AppleWebKit/537.36 (KHTML, like Gecko) Chrome/28.0.1500.95 Safari/537.36"
98.233.228.253 - - [13/Aug/2013:00:22:12 -0400] "GET /scripts/7custom.css HTTP/1.1" 200 4512 "http://www.ancis.us/rci.html" "Mozilla/5.0 (Windows NT 6.1; WOW64) AppleWebKit/537.36 (KHTML, like Gecko) Chrome/28.0.1500.95 Safari/537.36"
98.233.228.253 - - [13/Aug/2013:00:22:12 -0400] "GET /scripts/icwebsiteelement.css HTTP/1.1" 200 8132 "http://www.ancis.us/rci.html" "Mozilla/5.0 (Windows NT 6.1; WOW64) AppleWebKit/537.36 (KHTML, like Gecko) Chrome/28.0.1500.95 Safari/537.36"
98.233.228.253 - - [13/Aug/2013:00:22:12 -0400] "GET /images/doc_pdf.gif HTTP/1.1" 200 1002 "http://www.ancis.us/rci.html" "Mozilla/5.0 (Windows NT 6.1; WOW64) AppleWebKit/537.36 (KHTML, like Gecko) Chrome/28.0.1500.95 Safari/537.36"
220.255.1.187 - - [13/Aug/2013:01:53:03 -0400] "GET /pages/1/index.htm HTTP/1.1" 200 2648 "-" "-"
68.33.225.146 - - [13/Aug/2013:10:25:56 -0400] "GET /favicon.ico HTTP/1.1" 404 575 "-" "Mozilla/5.0 (compatible; MSIE 10.0; Windows NT 6.1; Win64; x64; Trident/6.0)"
82.99.254.170 - - [13/Aug/2013:10:32:25 -0400] "GET /images/70_iStock_zerosCropF70.jpg HTTP/1.1" 200 8404 "http://www.ancis.us/" "Mozilla/5.0 (Windows NT 5.1; rv:22.0) Gecko/20100101 Firefox/22.0"
82.99.254.170 - - [13/Aug/2013:10:32:28 -0400] "GET /favicon.ico HTTP/1.1" 404 575 "-" "Mozilla/5.0 (Windows NT 5.1; rv:22.0) Gecko/20100101 Firefox/22.0"
82.99.254.170 - - [13/Aug/2013:10:32:28 -0400] "GET /favicon.ico HTTP/1.1" 404 575 "-" "Mozilla/5.0 (Windows NT 5.1; rv:22.0) Gecko/20100101 Firefox/22.0"
91.207.9.226 - - [13/Aug/2013:07:36:44 -0400] "GET / HTTP/1.1" 200 28333 "http://investaki.ru/" "Mozilla/0.91 Beta (Windows)"
157.55.33.109 - - [13/Aug/2013:21:48:05 -0400] "GET /images/140_ANCIS-Logo140.jpg HTTP/1.1" 200 5351 "-" "Mozilla/5.0 (compatible; bingbot/2.0; +http://www.bing.com/bingbot.htm)"
205.178.190.237 - - [13/Aug/2013:22:48:24 -0400] "HEAD /services.html HTTP/1.1" 200 - "-" "Mozilla/4.0 (compatible; MSIE 6.0; Windows NT 5.2; SV1; .NET CLR 1.1.4322; .NET CLR 2.0.50727)"
113.161.72.32 - - [13/Aug/2013:04:29:54 -0400] "GET /images/70_iStock_FiberCropF70.jpg HTTP/1.1" 200 5102 "http://www.ancis.us/" "Mozilla/5.0 (Windows NT 5.1) AppleWebKit/537.36 (KHTML, like Gecko) Chrome/28.0.1500.95 Safari/537.36"
113.161.72.32 - - [13/Aug/2013:04:29:56 -0400] "GET /favicon.ico HTTP/1.1" 404 575 "-" "Mozilla/5.0 (Windows NT 5.1) AppleWebKit/537.36 (KHTML, like Gecko) Chrome/28.0.1500.95 Safari/537.36"
176.9.233.141 - - [13/Aug/2013:15:21:56 -0400] "GET / HTTP/1.1" 200 28333 "-" "Mozilla/5.0 (iPad; CPU OS 5_1_1 like Mac OS X) AppleWebKit/534.46 (KHTML, like Gecko) Version/5.1 Mobile/9B206 Safari/7534.48.3"
61.135.249.221 - - [13/Aug/2013:15:48:28 -0400] "GET / HTTP/1.1" 304 - "-" "Mozilla/5.0 (compatible; YoudaoBot/1.0; http://www.youdao.com/help/webmaster/spider/; )"
107.22.76.201 - - [13/Aug/2013:01:29:28 -0400] "GET /images/rci.pdf HTTP/1.1" 404 575 "-" "User-Agent: Mozilla/5.0 (Windows NT 6.1; WOW64) AppleWebKit/537.31 (KHTML, like Gecko) Chrome/26.0.1410.64 Safari/537.31"
98.233.228.253 - - [13/Aug/2013:00:22:12 -0400] "GET /scripts/website.css HTTP/1.1" 200 1785 "http://www.ancis.us/rci.html" "Mozilla/5.0 (Windows NT 6.1; WOW64) AppleWebKit/537.36 (KHTML, like Gecko) Chrome/28.0.1500.95 Safari/537.36"
98.233.228.253 - - [13/Aug/2013:00:22:12 -0400] "GET /images/70_iStock-BookCropF70.jpg HTTP/1.1" 200 2663 "http://www.ancis.us/rci.html" "Mozilla/5.0 (Windows NT 6.1; WOW64) AppleWebKit/537.36 (KHTML, like Gecko) Chrome/28.0.1500.95 Safari/537.36"
68.33.225.146 - - [13/Aug/2013:10:27:44 -0400] "GET /rci.html HTTP/1.1" 200 28353 "http://www.bing.com/search?q=data+center+RCI&qs=n&form=QBRE&pq=data+center+rci&sc=8-15&sp=-1&sk=&ghc=1" "Mozilla/5.0 (compatible; MSIE 10.0; Windows NT 6.1; WOW64; Trident/6.0)"
87.117.209.214 - - [13/Aug/2013:11:02:16 -0400] "GET / HTTP/1.0" 200 28333 "-" "-"
183.101.20.130 - - [13/Aug/2013:21:56:41 -0400] "GET /images/AN-04-9-1.pdf HTTP/1.1" 200 936793 "http://www.google.co.kr/url?sa=t&rct=j&q=ashrae%20computer%20server%20rack&source=web&cd=9&ved=0CGkQFjAI&url=http%3A%2F%2Fancis.us%2Fimages%2FAN-04-9-1.pdf&ei=vNEKUvnxH8bDkwWni4GADg&usg=AFQjCNEawvePXbpGq5cPapqyJQ_FmK8fMw&bvm=bv.50723672,d.dGI&cad=rjt" "Mozilla/5.0 (compatible; MSIE 10.0; Windows NT 6.2; Trident/6.0)"
178.137.128.238 - - [13/Aug/2013:06:33:47 -0400] "GET / HTTP/1.1" 200 28333 "http://www.uabuild.com/" "Mozilla/4.0 (compatible; MSIE 6.0; Windows NT 5.1; FREE; .NET CLR 1.1.4322)"
217.71.103.242 - - [13/Aug/2013:06:50:15 -0400] "GET /scripts/photoalbum.js HTTP/1.1" 200 62481 "http://www.ancis.us/" "Mozilla/5.0 (Windows NT 6.1; WOW64) AppleWebKit/537.36 (KHTML, like Gecko) Chrome/28.0.1500.95 Safari/537.36"
217.71.103.242 - - [13/Aug/2013:06:50:16 -0400] "GET /images/030113_1833_0009_osls.jpg HTTP/1.1" 200 5070 "http://www.ancis.us/" "Mozilla/5.0 (Windows NT 6.1; WOW64) AppleWebKit/537.36 (KHTML, like Gecko) Chrome/28.0.1500.95 Safari/537.36"
113.161.72.32 - - [13/Aug/2013:04:29:47 -0400] "GET /scripts/9custom.css HTTP/1.1" 200 4174 "http://www.ancis.us/" "Mozilla/5.0 (Windows NT 5.1) AppleWebKit/537.36 (KHTML, like Gecko) Chrome/28.0.1500.95 Safari/537.36"
113.161.72.32 - - [13/Aug/2013:04:29:54 -0400] "GET /images/030113_1833_0009_osls.jpg HTTP/1.1" 200 5070 "http://www.ancis.us/" "Mozilla/5.0 (Windows NT 5.1) AppleWebKit/537.36 (KHTML, like Gecko) Chrome/28.0.1500.95 Safari/537.36"
113.161.72.32 - - [13/Aug/2013:04:29:55 -0400] "GET /images/70_iStock_DNAcropDBF70.jpg HTTP/1.1" 200 6073 "http://www.ancis.us/" "Mozilla/5.0 (Windows NT 5.1) AppleWebKit/537.36 (KHTML, like Gecko) Chrome/28.0.1500.95 Safari/537.36"
157.55.33.109 - - [13/Aug/2013:21:50:05 -0400] "GET /scripts/photoalbum.js HTTP/1.1" 200 62481 "-" "Mozilla/5.0 (compatible; bingbot/2.0; +http://www.bing.com/bingbot.htm)"
205.178.190.234 - - [13/Aug/2013:22:38:30 -0400] "GET / HTTP/1.1" 200 28333 "-" "Mozilla/5.0 (Windows; U; Windows NT 5.1; en-US; rv:1.8.1.12) Gecko/20080201 Firefox/2.0.0.12"
205.178.190.237 - - [13/Aug/2013:22:48:23 -0400] "HEAD /contactus.html HTTP/1.1" 200 - "-" "Mozilla/4.0 (compatible; MSIE 6.0; Windows NT 5.2; SV1; .NET CLR 1.1.4322; .NET CLR 2.0.50727)"
220.181.132.19 - - [13/Aug/2013:23:36:46 -0400] "GET / HTTP/1.1" 200 28333 "-" "Mozilla/5.0 (X11; Linux x86_64) AppleWebKit/536.11 (KHTML, like Gecko) DumpRenderTree/0.0.0.0 Safari/536.11"
220.181.132.19 - - [13/Aug/2013:23:36:46 -0400] "GET /scripts/template.css HTTP/1.1" 200 10212 "http://www.ancis.us/" "Mozilla/5.0 (X11; Linux x86_64) AppleWebKit/536.11 (KHTML, like Gecko) DumpRenderTree/0.0.0.0 Safari/536.11"
66.249.75.29 - - [13/Aug/2013:16:01:53 -0400] "GET /rci.html HTTP/1.1" 200 28353 "-" "Googlebot/2.1 (+http://www.google.com/bot.html)"
82.99.254.170 - - [13/Aug/2013:10:32:02 -0400] "GET /scripts/website.css HTTP/1.1" 200 1785 "http://www.ancis.us/" "Mozilla/5.0 (Windows NT 5.1; rv:22.0) Gecko/20100101 Firefox/22.0"
82.99.254.170 - - [13/Aug/2013:10:32:02 -0400] "GET /scripts/9custom.css HTTP/1.1" 200 4174 "http://www.ancis.us/" "Mozilla/5.0 (Windows NT 5.1; rv:22.0) Gecko/20100101 Firefox/22.0"
113.161.72.32 - - [13/Aug/2013:04:29:54 -0400] "GET /images/140_ANCIS-Logo140.jpg HTTP/1.1" 200 5351 "http://www.ancis.us/" "Mozilla/5.0 (Windows NT 5.1) AppleWebKit/537.36 (KHTML, like Gecko) Chrome/28.0.1500.95 Safari/537.36"
113.161.72.32 - - [13/Aug/2013:04:29:55 -0400] "GET /scripts/print.css HTTP/1.1" 200 7623 "http://www.ancis.us/" "Mozilla/5.0 (Windows NT 5.1) AppleWebKit/537.36 (KHTML, like Gecko) Chrome/28.0.1500.95 Safari/537.36"
54.242.29.152 - - [13/Aug/2013:00:56:25 -0400] "GET /services.html HTTP/1.1" 200 27445 "-" "User-Agent: Mozilla/5.0 (Windows NT 6.1; WOW64) AppleWebKit/537.31 (KHTML, like Gecko) Chrome/26.0.1410.64 Safari/537.31"
205.178.190.234 - - [13/Aug/2013:22:38:31 -0400] "GET /robots.txt HTTP/1.1" 200 25 "-" "Mozilla/4.0 (compatible; MSIE 7.0; Windows NT 5.1; .NET CLR 1.1.4322; .NET CLR 2.0.50727)"
82.99.254.170 - - [13/Aug/2013:10:32:02 -0400] "GET /scripts/user.js HTTP/1.1" 200 23762 "http://www.ancis.us/" "Mozilla/5.0 (Windows NT 5.1; rv:22.0) Gecko/20100101 Firefox/22.0"
82.99.254.170 - - [13/Aug/2013:10:32:25 -0400] "GET /images/70_iStock_FiberCropF70.jpg HTTP/1.1" 200 5102 "http://www.ancis.us/" "Mozilla/5.0 (Windows NT 5.1; rv:22.0) Gecko/20100101 Firefox/22.0"
75.18.240.165 - - [13/Aug/2013:17:46:27 -0400] "GET /scripts/print.css HTTP/1.1" 200 7623 "http://www.ancis.us/" "Mozilla/4.0 (compatible; MSIE 7.0; Windows NT 6.1; WOW64; Trident/6.0; SLCC2; .NET CLR 2.0.50727; .NET CLR 3.5.30729; .NET CLR 3.0.30729; Media Center PC 6.0; InfoPath.3; .NET4.0C; McAfee)"
75.18.240.165 - - [13/Aug/2013:17:46:27 -0400] "GET /scripts/icwebsiteelement.css HTTP/1.1" 200 8132 "http://www.ancis.us/" "Mozilla/4.0 (compatible; MSIE 7.0; Windows NT 6.1; WOW64; Trident/6.0; SLCC2; .NET CLR 2.0.50727; .NET CLR 3.5.30729; .NET CLR 3.0.30729; Media Center PC 6.0; InfoPath.3; .NET4.0C; McAfee)"
75.18.240.165 - - [13/Aug/2013:17:46:28 -0400] "GET /images/70_iStock_DNAcropDBF70.jpg HTTP/1.1" 200 6073 "http://www.ancis.us/" "Mozilla/4.0 (compatible; MSIE 7.0; Windows NT 6.1; WOW64; Trident/6.0; SLCC2; .NET CLR 2.0.50727; .NET CLR 3.5.30729; .NET CLR 3.0.30729; Media Center PC 6.0; InfoPath.3; .NET4.0C; McAfee)"
157.55.35.91 - - [13/Aug/2013:13:36:02 -0400] "GET /scripts/template.css HTTP/1.1" 200 10212 "-" "Mozilla/5.0 (compatible; bingbot/2.0; +http://www.bing.com/bingbot.htm)"
157.55.33.181 - - [13/Aug/2013:04:37:20 -0400] "GET /robots.txt HTTP/1.1" 200 25 "-" "Mozilla/5.0 (compatible; bingbot/2.0; +http://www.bing.com/bingbot.htm)"
220.181.132.19 - - [13/Aug/2013:23:36:46 -0400] "GET /scripts/9custom.css HTTP/1.1" 200 4174 "http://www.ancis.us/" "Mozilla/5.0 (X11; Linux x86_64) AppleWebKit/536.11 (KHTML, like Gecko) DumpRenderTree/0.0.0.0 Safari/536.11"
98.233.228.253 - - [13/Aug/2013:00:22:12 -0400] "GET /scripts/ic_globals_published.js HTTP/1.1" 200 566 "http://www.ancis.us/rci.html" "Mozilla/5.0 (Windows NT 6.1; WOW64) AppleWebKit/537.36 (KHTML, like Gecko) Chrome/28.0.1500.95 Safari/537.36"
98.233.228.253 - - [13/Aug/2013:00:22:12 -0400] "GET /images/120_ANCIS-Logo120.jpg HTTP/1.1" 200 4323 "http://www.ancis.us/rci.html" "Mozilla/5.0 (Windows NT 6.1; WOW64) AppleWebKit/537.36 (KHTML, like Gecko) Chrome/28.0.1500.95 Safari/537.36"
98.233.228.253 - - [13/Aug/2013:00:22:12 -0400] "GET /scripts/print.css HTTP/1.1" 200 7623 "http://www.ancis.us/rci.html" "Mozilla/5.0 (Windows NT 6.1; WOW64) AppleWebKit/537.36 (KHTML, like Gecko) Chrome/28.0.1500.95 Safari/537.36"
98.233.228.253 - - [13/Aug/2013:00:22:13 -0400] "GET /favicon.ico HTTP/1.1" 404 575 "-" "Mozilla/5.0 (Windows NT 6.1; WOW64) AppleWebKit/537.36 (KHTML, like Gecko) Chrome/28.0.1500.95 Safari/537.36"
66.249.81.226 - - [13/Aug/2013:08:08:29 -0400] "GET /images/New_York_08_Web.pdf HTTP/1.1" 200 345858 "-" "Mozilla/5.0 (Windows NT 6.2; WOW64) AppleWebKit/537.36 (KHTML, like Gecko) Chrome/28.0.1500.95 Safari/537.36,gzip(gfe) (via docs.google.com/viewer)"
83.149.126.98 - - [13/Aug/2013:03:12:27 -0400] "GET /robots.txt HTTP/1.0" 200 25 "-" "Mozilla/5.0 (compatible; MJ12bot/v1.4.3; http://www.majestic12.co.uk/bot.php?+)"
99.253.68.160 - - [13/Aug/2013:00:45:29 -0400] "GET /scripts/user.js HTTP/1.1" 200 23762 "http://www.ancis.us/" "Mozilla/5.0 (Windows NT 6.1; WOW64) AppleWebKit/537.36 (KHTML, like Gecko) Chrome/28.0.1500.95 Safari/537.36"
99.253.68.160 - - [13/Aug/2013:00:45:30 -0400] "GET /scripts/print.css HTTP/1.1" 200 7623 "http://www.ancis.us/" "Mozilla/5.0 (Windows NT 6.1; WOW64) AppleWebKit/537.36 (KHTML, like Gecko) Chrome/28.0.1500.95 Safari/537.36"
68.33.225.146 - - [13/Aug/2013:10:25:54 -0400] "GET /scripts/template.css HTTP/1.1" 200 10212 "http://www.ancis.us/publications/rci.html" "Mozilla/5.0 (compatible; MSIE 10.0; Windows NT 6.1; WOW64; Trident/6.0)"
68.33.225.146 - - [13/Aug/2013:10:25:54 -0400] "GET /images/doc_pdf.gif HTTP/1.1" 200 1002 "http://www.ancis.us/publications/rci.html" "Mozilla/5.0 (compatible; MSIE 10.0; Windows NT 6.1; WOW64; Trident/6.0)"
66.249.75.29 - - [13/Aug/2013:17:00:09 -0400] "GET /images/Quirk-Herrlin_Web.pdf HTTP/1.1" 304 - "-" "SAMSUNG-SGH-E250/1.0 Profile/MIDP-2.0 Configuration/CLDC-1.1 UP.Browser/6.2.3.3.c.1.101 (GUI) MMP/2.0 (compatible; Googlebot-Mobile/2.1; +http://www.google.com/bot.html)"
68.33.225.146 - - [13/Aug/2013:10:28:41 -0400] "GET /scripts/website.css HTTP/1.1" 200 1785 "-" "Mozilla/4.0 (compatible; MSIE 7.0; Windows NT 6.1; WOW64; Trident/6.0; SLCC2; .NET CLR 2.0.50727; .NET CLR 3.5.30729; .NET CLR 3.0.30729; Media Center PC 6.0; .NET4.0C; .NET4.0E; InfoPath.2; MSOffice 12)"
68.33.225.146 - - [13/Aug/2013:10:28:41 -0400] "GET /scripts/7custom.css HTTP/1.1" 200 4512 "-" "Mozilla/4.0 (compatible; MSIE 7.0; Windows NT 6.1; WOW64; Trident/6.0; SLCC2; .NET CLR 2.0.50727; .NET CLR 3.5.30729; .NET CLR 3.0.30729; Media Center PC 6.0; .NET4.0C; .NET4.0E; InfoPath.2; MSOffice 12)"
68.33.225.146 - - [13/Aug/2013:10:28:41 -0400] "GET /scripts/icwebsiteelement.css HTTP/1.1" 200 8132 "-" "Mozilla/4.0 (compatible; MSIE 7.0; Windows NT 6.1; WOW64; Trident/6.0; SLCC2; .NET CLR 2.0.50727; .NET CLR 3.5.30729; .NET CLR 3.0.30729; Media Center PC 6.0; .NET4.0C; .NET4.0E; InfoPath.2; MSOffice 12)"
75.18.240.165 - - [13/Aug/2013:17:46:26 -0400] "GET / HTTP/1.1" 200 28333 "-" "Mozilla/4.0 (compatible; MSIE 7.0; Windows NT 6.1; WOW64; Trident/6.0; SLCC2; .NET CLR 2.0.50727; .NET CLR 3.5.30729; .NET CLR 3.0.30729; Media Center PC 6.0; InfoPath.3; .NET4.0C; McAfee)"
75.18.240.165 - - [13/Aug/2013:17:46:28 -0400] "GET /images/70_iStock_FiberCropF70.jpg HTTP/1.1" 200 5102 "http://www.ancis.us/" "Mozilla/4.0 (compatible; MSIE 7.0; Windows NT 6.1; WOW64; Trident/6.0; SLCC2; .NET CLR 2.0.50727; .NET CLR 3.5.30729; .NET CLR 3.0.30729; Media Center PC 6.0; InfoPath.3; .NET4.0C; McAfee)"
75.18.240.165 - - [13/Aug/2013:17:46:28 -0400] "GET /favicon.ico HTTP/1.1" 404 575 "-" "Mozilla/4.0 (compatible; MSIE 7.0; Windows NT 6.1; Win64; x64; Trident/6.0; .NET CLR 2.0.50727; SLCC2; .NET CLR 3.5.30729; .NET CLR 3.0.30729; Media Center PC 6.0; InfoPath.3; .NET4.0C; McAfee)"
205.178.190.234 - - [13/Aug/2013:22:30:50 -0400] "HEAD / HTTP/1.1" 200 - "-" "Mozilla/5.0 (Windows; U; Windows NT 5.1; en-US; rv:1.8.1.12) Gecko/20080201 Firefox/2.0.0.12"
203.116.198.69 - - [13/Aug/2013:22:32:11 -0400] "GET /favicon.ico HTTP/1.1" 404 575 "-" "Mozilla/5.0 (Windows NT 5.1) AppleWebKit/537.36 (KHTML, like Gecko) Chrome/28.0.1500.95 Safari/537.36"
178.137.128.238 - - [13/Aug/2013:06:33:46 -0400] "GET / HTTP/1.1" 200 28333 "http://www.uabuild.com/" "Mozilla/4.0 (compatible; MSIE 6.0; Windows NT 5.1; FREE; .NET CLR 1.1.4322)"
205.178.190.237 - - [13/Aug/2013:22:56:58 -0400] "GET /scripts/ic_globals_published.js HTTP/1.1" 200 566 "http://ancis.us/home.html" "Mozilla/4.0 (compatible; MSIE 7.0; Windows NT 5.2; Trident/4.0; .NET CLR 1.1.4322; .NET CLR 2.0.50727; .NET CLR 3.0.4506.2152; .NET CLR 3.5.30729; .NET4.0C; .NET4.0E)"
205.178.190.237 - - [13/Aug/2013:22:56:58 -0400] "GET /scripts/user.js HTTP/1.1" 200 23762 "http://ancis.us/home.html" "Mozilla/4.0 (compatible; MSIE 7.0; Windows NT 5.2; Trident/4.0; .NET CLR 1.1.4322; .NET CLR 2.0.50727; .NET CLR 3.0.4506.2152; .NET CLR 3.5.30729; .NET4.0C; .NET4.0E)"
205.178.190.237 - - [13/Aug/2013:22:56:58 -0400] "GET /scripts/9custom.css HTTP/1.1" 200 4174 "http://ancis.us/home.html" "Mozilla/4.0 (compatible; MSIE 7.0; Windows NT 5.2; Trident/4.0; .NET CLR 1.1.4322; .NET CLR 2.0.50727; .NET CLR 3.0.4506.2152; .NET CLR 3.5.30729; .NET4.0C; .NET4.0E)"
205.178.190.237 - - [13/Aug/2013:22:56:58 -0400] "GET /scripts/photoalbum.js HTTP/1.1" 200 62481 "http://ancis.us/home.html" "Mozilla/4.0 (compatible; MSIE 7.0; Windows NT 5.2; Trident/4.0; .NET CLR 1.1.4322; .NET CLR 2.0.50727; .NET CLR 3.0.4506.2152; .NET CLR 3.5.30729; .NET4.0C; .NET4.0E)"
205.178.190.237 - - [13/Aug/2013:22:56:59 -0400] "GET /images/140_ANCIS-Logo140.jpg HTTP/1.1" 200 5351 "http://ancis.us/home.html" "Mozilla/4.0 (compatible; MSIE 7.0; Windows NT 5.2; Trident/4.0; .NET CLR 1.1.4322; .NET CLR 2.0.50727; .NET CLR 3.0.4506.2152; .NET CLR 3.5.30729; .NET4.0C; .NET4.0E)"
205.178.190.237 - - [13/Aug/2013:22:56:59 -0400] "GET /images/70_iStock_FiberCropF70.jpg HTTP/1.1" 200 5102 "http://ancis.us/home.html" "Mozilla/4.0 (compatible; MSIE 7.0; Windows NT 5.2; Trident/4.0; .NET CLR 1.1.4322; .NET CLR 2.0.50727; .NET CLR 3.0.4506.2152; .NET CLR 3.5.30729; .NET4.0C; .NET4.0E)"
205.178.190.237 - - [13/Aug/2013:22:56:59 -0400] "GET /images/70_iStock_DNAcropDBF70.jpg HTTP/1.1" 200 6073 "http://ancis.us/home.html" "Mozilla/4.0 (compatible; MSIE 7.0; Windows NT 5.2; Trident/4.0; .NET CLR 1.1.4322; .NET CLR 2.0.50727; .NET CLR 3.0.4506.2152; .NET CLR 3.5.30729; .NET4.0C; .NET4.0E)"
205.178.190.237 - - [13/Aug/2013:22:57:01 -0400] "GET /aboutus.html HTTP/1.1" 200 23818 "-" "Mozilla/4.0 (compatible; MSIE 7.0; Windows NT 5.2; Trident/4.0; .NET CLR 1.1.4322; .NET CLR 2.0.50727; .NET CLR 3.0.4506.2152; .NET CLR 3.5.30729; .NET4.0C; .NET4.0E)"
205.178.190.237 - - [13/Aug/2013:22:57:02 -0400] "GET /scripts/user.js HTTP/1.1" 200 23762 "http://ancis.us/aboutus.html" "Mozilla/4.0 (compatible; MSIE 7.0; Windows NT 5.2; Trident/4.0; .NET CLR 1.1.4322; .NET CLR 2.0.50727; .NET CLR 3.0.4506.2152; .NET CLR 3.5.30729; .NET4.0C; .NET4.0E)"
205.178.190.237 - - [13/Aug/2013:22:57:02 -0400] "GET /scripts/template.css HTTP/1.1" 200 10212 "http://ancis.us/aboutus.html" "Mozilla/4.0 (compatible; MSIE 7.0; Windows NT 5.2; Trident/4.0; .NET CLR 1.1.4322; .NET CLR 2.0.50727; .NET CLR 3.0.4506.2152; .NET CLR 3.5.30729; .NET4.0C; .NET4.0E)"
205.178.190.237 - - [13/Aug/2013:22:57:02 -0400] "GET /scripts/print.css HTTP/1.1" 200 7623 "http://ancis.us/aboutus.html" "Mozilla/4.0 (compatible; MSIE 7.0; Windows NT 5.2; Trident/4.0; .NET CLR 1.1.4322; .NET CLR 2.0.50727; .NET CLR 3.0.4506.2152; .NET CLR 3.5.30729; .NET4.0C; .NET4.0E)"
205.178.190.237 - - [13/Aug/2013:22:57:02 -0400] "GET /scripts/3custom.css HTTP/1.1" 200 4849 "http://ancis.us/aboutus.html" "Mozilla/4.0 (compatible; MSIE 7.0; Windows NT 5.2; Trident/4.0; .NET CLR 1.1.4322; .NET CLR 2.0.50727; .NET CLR 3.0.4506.2152; .NET CLR 3.5.30729; .NET4.0C; .NET4.0E)"
205.178.190.237 - - [13/Aug/2013:22:57:02 -0400] "GET /images/030113_1833_0009_osls.jpg HTTP/1.1" 200 5070 "http://ancis.us/aboutus.html" "Mozilla/4.0 (compatible; MSIE 7.0; Windows NT 5.2; Trident/4.0; .NET CLR 1.1.4322; .NET CLR 2.0.50727; .NET CLR 3.0.4506.2152; .NET CLR 3.5.30729; .NET4.0C; .NET4.0E)"
205.178.190.237 - - [13/Aug/2013:22:57:02 -0400] "GET /images/70_iStock-PeopcropFinal70.jpg HTTP/1.1" 200 2522 "http://ancis.us/aboutus.html" "Mozilla/4.0 (compatible; MSIE 7.0; Windows NT 5.2; Trident/4.0; .NET CLR 1.1.4322; .NET CLR 2.0.50727; .NET CLR 3.0.4506.2152; .NET CLR 3.5.30729; .NET4.0C; .NET4.0E)"
205.178.190.237 - - [13/Aug/2013:22:57:02 -0400] "GET /images/115_MagnusHerrlin-Fix-1F115.jpg HTTP/1.1" 200 19700 "http://ancis.us/aboutus.html" "Mozilla/4.0 (compatible; MSIE 7.0; Windows NT 5.2; Trident/4.0; .NET CLR 1.1.4322; .NET CLR 2.0.50727; .NET CLR 3.0.4506.2152; .NET CLR 3.5.30729; .NET4.0C; .NET4.0E)"
205.178.190.237 - - [13/Aug/2013:22:57:02 -0400] "GET /images/115_iStock-TheGlobe7135-cropped.jpg HTTP/1.1" 200 9564 "http://ancis.us/aboutus.html" "Mozilla/4.0 (compatible; MSIE 7.0; Windows NT 5.2; Trident/4.0; .NET CLR 1.1.4322; .NET CLR 2.0.50727; .NET CLR 3.0.4506.2152; .NET CLR 3.5.30729; .NET4.0C; .NET4.0E)"
205.178.190.237 - - [13/Aug/2013:22:57:02 -0400] "GET /contactus.html HTTP/1.1" 200 17776 "-" "Mozilla/4.0 (compatible; MSIE 7.0; Windows NT 5.2; Trident/4.0; .NET CLR 1.1.4322; .NET CLR 2.0.50727; .NET CLR 3.0.4506.2152; .NET CLR 3.5.30729; .NET4.0C; .NET4.0E)"
205.178.190.237 - - [13/Aug/2013:22:57:02 -0400] "GET /scripts/ic_globals_published.js HTTP/1.1" 200 566 "http://ancis.us/contactus.html" "Mozilla/4.0 (compatible; MSIE 7.0; Windows NT 5.2; Trident/4.0; .NET CLR 1.1.4322; .NET CLR 2.0.50727; .NET CLR 3.0.4506.2152; .NET CLR 3.5.30729; .NET4.0C; .NET4.0E)"
205.178.190.237 - - [13/Aug/2013:22:57:02 -0400] "GET /scripts/photoalbum.js HTTP/1.1" 200 62481 "http://ancis.us/contactus.html" "Mozilla/4.0 (compatible; MSIE 7.0; Windows NT 5.2; Trident/4.0; .NET CLR 1.1.4322; .NET CLR 2.0.50727; .NET CLR 3.0.4506.2152; .NET CLR 3.5.30729; .NET4.0C; .NET4.0E)"
205.178.190.237 - - [13/Aug/2013:22:57:02 -0400] "GET /scripts/website.css HTTP/1.1" 200 1785 "http://ancis.us/contactus.html" "Mozilla/4.0 (compatible; MSIE 7.0; Windows NT 5.2; Trident/4.0; .NET CLR 1.1.4322; .NET CLR 2.0.50727; .NET CLR 3.0.4506.2152; .NET CLR 3.5.30729; .NET4.0C; .NET4.0E)"
205.178.190.237 - - [13/Aug/2013:22:57:03 -0400] "GET /scripts/icwebsiteelement.css HTTP/1.1" 200 8132 "http://ancis.us/contactus.html" "Mozilla/4.0 (compatible; MSIE 7.0; Windows NT 5.2; Trident/4.0; .NET CLR 1.1.4322; .NET CLR 2.0.50727; .NET CLR 3.0.4506.2152; .NET CLR 3.5.30729; .NET4.0C; .NET4.0E)"
205.178.190.237 - - [13/Aug/2013:22:57:03 -0400] "GET /images/030113_1833_0009_osls.jpg HTTP/1.1" 200 5070 "http://ancis.us/contactus.html" "Mozilla/4.0 (compatible; MSIE 7.0; Windows NT 5.2; Trident/4.0; .NET CLR 1.1.4322; .NET CLR 2.0.50727; .NET CLR 3.0.4506.2152; .NET CLR 3.5.30729; .NET4.0C; .NET4.0E)"
205.178.190.237 - - [13/Aug/2013:22:57:04 -0400] "GET /scripts/ic_globals_published.js HTTP/1.1" 200 566 "http://ancis.us/overview.html" "Mozilla/4.0 (compatible; MSIE 7.0; Windows NT 5.2; Trident/4.0; .NET CLR 1.1.4322; .NET CLR 2.0.50727; .NET CLR 3.0.4506.2152; .NET CLR 3.5.30729; .NET4.0C; .NET4.0E)"
205.178.190.237 - - [13/Aug/2013:22:57:05 -0400] "GET /scripts/website.css HTTP/1.1" 200 1785 "http://ancis.us/overview.html" "Mozilla/4.0 (compatible; MSIE 7.0; Windows NT 5.2; Trident/4.0; .NET CLR 1.1.4322; .NET CLR 2.0.50727; .NET CLR 3.0.4506.2152; .NET CLR 3.5.30729; .NET4.0C; .NET4.0E)"
205.178.190.237 - - [13/Aug/2013:22:57:05 -0400] "GET /scripts/1custom.css HTTP/1.1" 200 4859 "http://ancis.us/overview.html" "Mozilla/4.0 (compatible; MSIE 7.0; Windows NT 5.2; Trident/4.0; .NET CLR 1.1.4322; .NET CLR 2.0.50727; .NET CLR 3.0.4506.2152; .NET CLR 3.5.30729; .NET4.0C; .NET4.0E)"
205.178.190.237 - - [13/Aug/2013:22:57:05 -0400] "GET /scripts/user.js HTTP/1.1" 200 23762 "http://ancis.us/overview.html" "Mozilla/4.0 (compatible; MSIE 7.0; Windows NT 5.2; Trident/4.0; .NET CLR 1.1.4322; .NET CLR 2.0.50727; .NET CLR 3.0.4506.2152; .NET CLR 3.5.30729; .NET4.0C; .NET4.0E)"
205.178.190.237 - - [13/Aug/2013:22:57:05 -0400] "GET /scripts/icwebsiteelement.css HTTP/1.1" 200 8132 "http://ancis.us/overview.html" "Mozilla/4.0 (compatible; MSIE 7.0; Windows NT 5.2; Trident/4.0; .NET CLR 1.1.4322; .NET CLR 2.0.50727; .NET CLR 3.0.4506.2152; .NET CLR 3.5.30729; .NET4.0C; .NET4.0E)"
205.178.190.237 - - [13/Aug/2013:22:57:05 -0400] "GET /services.html HTTP/1.1" 200 27445 "-" "Mozilla/4.0 (compatible; MSIE 7.0; Windows NT 5.2; Trident/4.0; .NET CLR 1.1.4322; .NET CLR 2.0.50727; .NET CLR 3.0.4506.2152; .NET CLR 3.5.30729; .NET4.0C; .NET4.0E)"
205.178.190.237 - - [13/Aug/2013:22:57:05 -0400] "GET /scripts/user.js HTTP/1.1" 200 23762 "http://ancis.us/services.html" "Mozilla/4.0 (compatible; MSIE 7.0; Windows NT 5.2; Trident/4.0; .NET CLR 1.1.4322; .NET CLR 2.0.50727; .NET CLR 3.0.4506.2152; .NET CLR 3.5.30729; .NET4.0C; .NET4.0E)"
205.178.190.237 - - [13/Aug/2013:22:57:06 -0400] "GET /scripts/photoalbum.js HTTP/1.1" 200 62481 "http://ancis.us/services.html" "Mozilla/4.0 (compatible; MSIE 7.0; Windows NT 5.2; Trident/4.0; .NET CLR 1.1.4322; .NET CLR 2.0.50727; .NET CLR 3.0.4506.2152; .NET CLR 3.5.30729; .NET4.0C; .NET4.0E)"
205.178.190.237 - - [13/Aug/2013:22:57:06 -0400] "GET /scripts/template.css HTTP/1.1" 200 10212 "http://ancis.us/services.html" "Mozilla/4.0 (compatible; MSIE 7.0; Windows NT 5.2; Trident/4.0; .NET CLR 1.1.4322; .NET CLR 2.0.50727; .NET CLR 3.0.4506.2152; .NET CLR 3.5.30729; .NET4.0C; .NET4.0E)"
205.178.190.237 - - [13/Aug/2013:22:57:06 -0400] "GET /scripts/website.css HTTP/1.1" 200 1785 "http://ancis.us/services.html" "Mozilla/4.0 (compatible; MSIE 7.0; Windows NT 5.2; Trident/4.0; .NET CLR 1.1.4322; .NET CLR 2.0.50727; .NET CLR 3.0.4506.2152; .NET CLR 3.5.30729; .NET4.0C; .NET4.0E)"
205.178.190.237 - - [13/Aug/2013:22:57:06 -0400] "GET /scripts/5custom.css HTTP/1.1" 200 5867 "http://ancis.us/services.html" "Mozilla/4.0 (compatible; MSIE 7.0; Windows NT 5.2; Trident/4.0; .NET CLR 1.1.4322; .NET CLR 2.0.50727; .NET CLR 3.0.4506.2152; .NET CLR 3.5.30729; .NET4.0C; .NET4.0E)"
205.178.190.237 - - [13/Aug/2013:22:57:06 -0400] "GET /scripts/print.css HTTP/1.1" 200 7623 "http://ancis.us/services.html" "Mozilla/4.0 (compatible; MSIE 7.0; Windows NT 5.2; Trident/4.0; .NET CLR 1.1.4322; .NET CLR 2.0.50727; .NET CLR 3.0.4506.2152; .NET CLR 3.5.30729; .NET4.0C; .NET4.0E)"
205.178.190.237 - - [13/Aug/2013:22:57:06 -0400] "GET /scripts/icwebsiteelement.css HTTP/1.1" 200 8132 "http://ancis.us/services.html" "Mozilla/4.0 (compatible; MSIE 7.0; Windows NT 5.2; Trident/4.0; .NET CLR 1.1.4322; .NET CLR 2.0.50727; .NET CLR 3.0.4506.2152; .NET CLR 3.5.30729; .NET4.0C; .NET4.0E)"
205.178.190.237 - - [13/Aug/2013:22:57:06 -0400] "GET /images/030113_1833_0009_osls.jpg HTTP/1.1" 200 5070 "http://ancis.us/services.html" "Mozilla/4.0 (compatible; MSIE 7.0; Windows NT 5.2; Trident/4.0; .NET CLR 1.1.4322; .NET CLR 2.0.50727; .NET CLR 3.0.4506.2152; .NET CLR 3.5.30729; .NET4.0C; .NET4.0E)"
205.178.190.237 - - [13/Aug/2013:22:57:06 -0400] "GET /images/70_iStock-Pen129667-Final.jpg HTTP/1.1" 200 3632 "http://ancis.us/services.html" "Mozilla/4.0 (compatible; MSIE 7.0; Windows NT 5.2; Trident/4.0; .NET CLR 1.1.4322; .NET CLR 2.0.50727; .NET CLR 3.0.4506.2152; .NET CLR 3.5.30729; .NET4.0C; .NET4.0E)"
205.178.190.237 - - [13/Aug/2013:22:57:06 -0400] "GET /images/115_iStock-Laptop78946-Final.jpg HTTP/1.1" 200 10814 "http://ancis.us/services.html" "Mozilla/4.0 (compatible; MSIE 7.0; Windows NT 5.2; Trident/4.0; .NET CLR 1.1.4322; .NET CLR 2.0.50727; .NET CLR 3.0.4506.2152; .NET CLR 3.5.30729; .NET4.0C; .NET4.0E)"
66.249.75.29 - - [13/Aug/2013:04:36:09 -0400] "GET /images/Microsoft_PowerPoint_-_ANCIS_EPA_Slide_Show--FINAL.pdf HTTP/1.1" 304 - "-" "Mozilla/5.0 (iPhone; U; CPU iPhone OS 4_1 like Mac OS X; en-us) AppleWebKit/532.9 (KHTML, like Gecko) Version/4.0.5 Mobile/8B117 Safari/6531.22.7 (compatible; Googlebot-Mobile/2.1; +http://www.google.com/bot.html)"
137.215.6.50 - - [13/Aug/2013:05:41:44 -0400] "GET /images/AN-04-9-1.pdf HTTP/1.0" 206 904025 "http://ancis.us/images/AN-04-9-1.pdf" "Mozilla/5.0 (Windows NT 6.1) AppleWebKit/537.36 (KHTML, like Gecko) Chrome/28.0.1500.95 Safari/537.36"
66.249.75.29 - - [13/Aug/2013:15:47:08 -0400] "GET /publications.html HTTP/1.1" 304 - "-" "Mozilla/5.0 (iPhone; U; CPU iPhone OS 4_1 like Mac OS X; en-us) AppleWebKit/532.9 (KHTML, like Gecko) Version/4.0.5 Mobile/8B117 Safari/6531.22.7 (compatible; Googlebot-Mobile/2.1; +http://www.google.com/bot.html)"
123.125.71.23 - - [13/Aug/2013:18:09:17 -0400] "GET /rci.html HTTP/1.1" 304 - "-" "Mozilla/5.0 (compatible; Baiduspider/2.0; +http://www.baidu.com/search/spider.html)"
68.33.225.146 - - [13/Aug/2013:10:27:44 -0400] "GET /favicon.ico HTTP/1.1" 404 575 "-" "Mozilla/5.0 (compatible; MSIE 10.0; Windows NT 6.1; Win64; x64; Trident/6.0)"
199.30.24.100 - - [13/Aug/2013:14:36:28 -0400] "GET /scripts/ic_globals_published.js HTTP/1.1" 200 566 "http://www.ancis.us/rci.html" "Mozilla/5.0 (Windows NT 6.1; WOW64) AppleWebKit/534+ (KHTML, like Gecko) BingPreview/1.0b"
199.30.24.100 - - [13/Aug/2013:14:36:31 -0400] "GET /images/030113_1833_0009_osls.jpg HTTP/1.1" 200 5070 "http://www.ancis.us/rci.html" "Mozilla/5.0 (Windows NT 6.1; WOW64) AppleWebKit/534+ (KHTML, like Gecko) BingPreview/1.0b"
176.31.14.28 - - [13/Aug/2013:04:48:11 -0400] "GET /contactus.html HTTP/1.1" 200 17776 "-" "Opera/9.80 (Windows NT 5.1; U; en) Presto/2.9.168 Version/11.51"
75.18.240.165 - - [13/Aug/2013:17:46:27 -0400] "GET /scripts/user.js HTTP/1.1" 200 23762 "http://www.ancis.us/" "Mozilla/4.0 (compatible; MSIE 7.0; Windows NT 6.1; WOW64; Trident/6.0; SLCC2; .NET CLR 2.0.50727; .NET CLR 3.5.30729; .NET CLR 3.0.30729; Media Center PC 6.0; InfoPath.3; .NET4.0C; McAfee)"
75.18.240.165 - - [13/Aug/2013:17:46:27 -0400] "GET /scripts/9custom.css HTTP/1.1" 200 4174 "http://www.ancis.us/" "Mozilla/4.0 (compatible; MSIE 7.0; Windows NT 6.1; WOW64; Trident/6.0; SLCC2; .NET CLR 2.0.50727; .NET CLR 3.5.30729; .NET CLR 3.0.30729; Media Center PC 6.0; InfoPath.3; .NET4.0C; McAfee)"
209.190.1.133 - - [13/Aug/2013:06:47:05 -0400] "GET / HTTP/1.1" 200 28333 "-" "Mozilla/5.0 (compatible; MSIE 8.0; Windows NT 5.1) KomodiaBot/1.0"
217.71.103.242 - - [13/Aug/2013:06:50:15 -0400] "GET /scripts/ic_globals_published.js HTTP/1.1" 200 566 "http://www.ancis.us/" "Mozilla/5.0 (Windows NT 6.1; WOW64) AppleWebKit/537.36 (KHTML, like Gecko) Chrome/28.0.1500.95 Safari/537.36"
217.71.103.242 - - [13/Aug/2013:06:50:15 -0400] "GET /scripts/template.css HTTP/1.1" 200 10212 "http://www.ancis.us/" "Mozilla/5.0 (Windows NT 6.1; WOW64) AppleWebKit/537.36 (KHTML, like Gecko) Chrome/28.0.1500.95 Safari/537.36"
217.71.103.242 - - [13/Aug/2013:06:50:16 -0400] "GET /images/70_iStock_FiberCropF70.jpg HTTP/1.1" 200 5102 "http://www.ancis.us/" "Mozilla/5.0 (Windows NT 6.1; WOW64) AppleWebKit/537.36 (KHTML, like Gecko) Chrome/28.0.1500.95 Safari/537.36"
217.71.103.242 - - [13/Aug/2013:06:50:16 -0400] "GET /images/70_iStock_DNAcropDBF70.jpg HTTP/1.1" 200 6073 "http://www.ancis.us/" "Mozilla/5.0 (Windows NT 6.1; WOW64) AppleWebKit/537.36 (KHTML, like Gecko) Chrome/28.0.1500.95 Safari/537.36"
217.71.103.242 - - [13/Aug/2013:06:50:17 -0400] "GET /favicon.ico HTTP/1.1" 404 575 "-" "Mozilla/5.0 (Windows NT 6.1; WOW64) AppleWebKit/537.36 (KHTML, like Gecko) Chrome/28.0.1500.95 Safari/537.36"
199.30.24.63 - - [13/Aug/2013:22:47:40 -0400] "GET /scripts/user.js HTTP/1.1" 200 23762 "http://www.ancis.us/home.html" "Mozilla/5.0 (Windows NT 6.1; WOW64) AppleWebKit/534+ (KHTML, like Gecko) BingPreview/1.0b"
199.30.24.63 - - [13/Aug/2013:22:47:41 -0400] "GET /images/030113_1833_0009_osls.jpg HTTP/1.1" 200 5070 "http://www.ancis.us/home.html" "Mozilla/5.0 (Windows NT 6.1; WOW64) AppleWebKit/534+ (KHTML, like Gecko) BingPreview/1.0b"
66.249.75.202 - - [13/Aug/2013:12:27:29 -0400] "GET /robots.txt HTTP/1.1" 200 25 "-" "Mozilla/5.0 (compatible; Googlebot/2.1; +http://www.google.com/bot.html)"
66.249.75.202 - - [13/Aug/2013:12:27:29 -0400] "GET /images/RCI.pdf HTTP/1.1" 304 - "-" "Mozilla/5.0 (iPhone; U; CPU iPhone OS 4_1 like Mac OS X; en-us) AppleWebKit/532.9 (KHTML, like Gecko) Version/4.0.5 Mobile/8B117 Safari/6531.22.7 (compatible; Googlebot-Mobile/2.1; +http://www.google.com/bot.html)"
119.144.61.104 - - [13/Aug/2013:23:27:30 -0400] "GET /home.html HTTP/1.1" 200 28333 "-" "Mozilla/4.0 (compatible; MSIE8.0; Windows NT 6.0) .NET CLR 2.0.50727)"
119.144.61.104 - - [13/Aug/2013:23:27:31 -0400] "GET /overview.html HTTP/1.1" 200 21046 "-" "Mozilla/4.0 (compatible; MSIE8.0; Windows NT 6.0) .NET CLR 2.0.50727)"
