0byt3m1n1
Path:
/
data
/
0
/
0
/
92
/
72
/
92887
/
meta
/
94286
/
logs
/
[
Home
]
File: x-access_log.2013-08-19
46.119.118.152 - - [19/Aug/2013:02:16:12 -0400] "GET / HTTP/1.1" 200 28333 "http://cleaning-uborka.ru/" "Opera/9.00 (Windows NT 5.1; U; en)"
75.18.240.165 - - [19/Aug/2013:12:10:46 -0400] "GET /scripts/9custom.css HTTP/1.1" 200 4174 "http://www.ancis.us/" "Mozilla/4.0 (compatible; MSIE 7.0; Windows NT 6.1; WOW64; Trident/6.0; SLCC2; .NET CLR 2.0.50727; .NET CLR 3.5.30729; .NET CLR 3.0.30729; Media Center PC 6.0; InfoPath.3; .NET4.0C; McAfee)"
75.18.240.165 - - [19/Aug/2013:12:53:46 -0400] "GET /images/70_iStock_zerosCropF70.jpg HTTP/1.1" 200 8404 "http://www.ancis.us/" "Mozilla/4.0 (compatible; MSIE 7.0; Windows NT 6.1; WOW64; Trident/6.0; SLCC2; .NET CLR 2.0.50727; .NET CLR 3.5.30729; .NET CLR 3.0.30729; Media Center PC 6.0; InfoPath.3; .NET4.0C; McAfee)"
124.128.39.98 - - [19/Aug/2013:04:20:31 -0400] "GET /images/RCI.pdf HTTP/1.1" 206 1024 "http://ancis.us/images/RCI.pdf" "Mozilla/5.0 (Windows NT 5.1) AppleWebKit/537.1 (KHTML, like Gecko) Chrome/21.0.1180.89 Safari/537.1"
124.128.39.98 - - [19/Aug/2013:04:20:31 -0400] "GET /images/RCI.pdf HTTP/1.1" 206 1024 "http://ancis.us/images/RCI.pdf" "Mozilla/5.0 (Windows NT 5.1) AppleWebKit/537.1 (KHTML, like Gecko) Chrome/21.0.1180.89 Safari/537.1"
173.228.119.46 - - [19/Aug/2013:23:47:25 -0400] "GET /scripts/template.css HTTP/1.1" 200 10212 "http://www.ancis.us/publications.html" "Mozilla/5.0 (Macintosh; Intel Mac OS X 10_7_5) AppleWebKit/537.36 (KHTML, like Gecko) Chrome/28.0.1500.95 Safari/537.36"
192.34.58.199 - - [19/Aug/2013:07:27:43 -0400] "GET / HTTP/1.1" 200 28333 "-" "Mozilla/5.0 (Windows NT 6.1; WOW64; rv:21.0) Gecko/20100101 Firefox/21.0"
192.34.58.199 - - [19/Aug/2013:07:28:10 -0400] "GET /overview.html HTTP/1.1" 200 21046 "-" "Mozilla/5.0 (Windows NT 6.1; WOW64; rv:21.0) Gecko/20100101 Firefox/21.0"
75.18.240.165 - - [19/Aug/2013:14:14:20 -0400] "GET /favicon.ico HTTP/1.1" 404 575 "-" "Mozilla/4.0 (compatible; MSIE 7.0; Windows NT 6.1; Win64; x64; Trident/6.0; .NET CLR 2.0.50727; SLCC2; .NET CLR 3.5.30729; .NET CLR 3.0.30729; Media Center PC 6.0; InfoPath.3; .NET4.0C; McAfee)"
5.10.83.35 - - [19/Aug/2013:07:07:55 -0400] "GET /publications/rci.html HTTP/1.1" 200 20206 "-" "Mozilla/5.0 (compatible; AhrefsBot/5.0; +http://ahrefs.com/robot/)"
210.71.217.252 - - [19/Aug/2013:07:50:48 -0400] "GET /favicon.ico HTTP/1.1" 404 575 "-" "Mozilla/5.0 (Windows NT 6.1; WOW64) AppleWebKit/537.36 (KHTML, like Gecko) Chrome/27.0.1453.110 Safari/537.36 CoolNovo/2.0.9.11"
199.58.86.211 - - [19/Aug/2013:08:54:01 -0400] "GET /robots.txt HTTP/1.0" 200 25 "-" "Mozilla/5.0 (compatible; MJ12bot/v1.4.3; http://www.majestic12.co.uk/bot.php?+)"
75.18.240.165 - - [19/Aug/2013:12:30:03 -0400] "GET /scripts/template.css HTTP/1.1" 200 10212 "http://www.ancis.us/" "Mozilla/4.0 (compatible; MSIE 7.0; Windows NT 6.1; WOW64; Trident/6.0; SLCC2; .NET CLR 2.0.50727; .NET CLR 3.5.30729; .NET CLR 3.0.30729; Media Center PC 6.0; InfoPath.3; .NET4.0C; McAfee)"
75.18.240.165 - - [19/Aug/2013:12:30:04 -0400] "GET /images/140_ANCIS-Logo140.jpg HTTP/1.1" 200 5351 "http://www.ancis.us/" "Mozilla/4.0 (compatible; MSIE 7.0; Windows NT 6.1; WOW64; Trident/6.0; SLCC2; .NET CLR 2.0.50727; .NET CLR 3.5.30729; .NET CLR 3.0.30729; Media Center PC 6.0; InfoPath.3; .NET4.0C; McAfee)"
75.18.240.165 - - [19/Aug/2013:12:30:05 -0400] "GET /images/70_iStock_FiberCropF70.jpg HTTP/1.1" 200 5102 "http://www.ancis.us/" "Mozilla/4.0 (compatible; MSIE 7.0; Windows NT 6.1; WOW64; Trident/6.0; SLCC2; .NET CLR 2.0.50727; .NET CLR 3.5.30729; .NET CLR 3.0.30729; Media Center PC 6.0; InfoPath.3; .NET4.0C; McAfee)"
66.249.75.29 - - [19/Aug/2013:14:44:03 -0400] "GET / HTTP/1.1" 200 28333 "-" "Mozilla/5.0 (iPhone; U; CPU iPhone OS 4_1 like Mac OS X; en-us) AppleWebKit/532.9 (KHTML, like Gecko) Version/4.0.5 Mobile/8B117 Safari/6531.22.7 (compatible; Googlebot-Mobile/2.1; +http://www.google.com/bot.html)"
66.249.75.29 - - [19/Aug/2013:14:50:59 -0400] "GET /scripts/icwebsiteelement.css HTTP/1.1" 200 8132 "-" "Mozilla/5.0 (compatible; Googlebot/2.1; +http://www.google.com/bot.html)"
121.247.73.175 - - [19/Aug/2013:00:51:31 -0400] "GET /scripts/user.js HTTP/1.1" 200 23762 "http://www.ancis.us/" "Mozilla/5.0 (Windows NT 5.1) AppleWebKit/537.36 (KHTML, like Gecko) Chrome/28.0.1500.95 Safari/537.36"
121.247.73.175 - - [19/Aug/2013:00:51:37 -0400] "GET /images/030113_1833_0009_osls.jpg HTTP/1.1" 200 5070 "http://www.ancis.us/" "Mozilla/5.0 (Windows NT 5.1) AppleWebKit/537.36 (KHTML, like Gecko) Chrome/28.0.1500.95 Safari/537.36"
46.119.118.152 - - [19/Aug/2013:02:16:13 -0400] "GET / HTTP/1.1" 200 28333 "http://cleaning-uborka.ru/" "Opera/9.00 (Windows NT 5.1; U; en)"
193.106.136.50 - - [19/Aug/2013:09:51:27 -0400] "GET / HTTP/1.1" 200 28333 "http://www.studia-silk.ru/" "Opera/7.54 (Windows NT 5.1; U) [pl]"
192.34.58.199 - - [19/Aug/2013:07:28:11 -0400] "GET /projects/telecom.html HTTP/1.1" 200 21404 "-" "Mozilla/5.0 (Windows NT 6.1; WOW64; rv:21.0) Gecko/20100101 Firefox/21.0"
210.71.217.252 - - [19/Aug/2013:07:33:52 -0400] "GET /images/SL-08-018_Final.pdf HTTP/1.1" 200 839607 "https://www.google.com.tw/" "Mozilla/5.0 (Windows NT 6.1; WOW64) AppleWebKit/537.36 (KHTML, like Gecko) Chrome/27.0.1453.110 Safari/537.36 CoolNovo/2.0.9.11"
210.71.217.252 - - [19/Aug/2013:07:56:00 -0400] "GET /scripts/icwebsiteelement.css HTTP/1.1" 200 8132 "http://www.ancis.us/rci.html" "Mozilla/5.0 (Windows NT 6.1; WOW64) AppleWebKit/537.36 (KHTML, like Gecko) Chrome/27.0.1453.110 Safari/537.36 CoolNovo/2.0.9.11"
75.18.240.165 - - [19/Aug/2013:12:10:55 -0400] "GET /images/030113_1833_0009_osls.jpg HTTP/1.1" 200 5070 "http://www.ancis.us/" "Mozilla/4.0 (compatible; MSIE 7.0; Windows NT 6.1; WOW64; Trident/6.0; SLCC2; .NET CLR 2.0.50727; .NET CLR 3.5.30729; .NET CLR 3.0.30729; Media Center PC 6.0; InfoPath.3; .NET4.0C; McAfee)"
75.18.240.165 - - [19/Aug/2013:12:10:55 -0400] "GET /images/115_RCI-7.jpg HTTP/1.1" 200 1745 "http://www.ancis.us/" "Mozilla/4.0 (compatible; MSIE 7.0; Windows NT 6.1; WOW64; Trident/6.0; SLCC2; .NET CLR 2.0.50727; .NET CLR 3.5.30729; .NET CLR 3.0.30729; Media Center PC 6.0; InfoPath.3; .NET4.0C; McAfee)"
37.140.165.194 - - [19/Aug/2013:04:11:22 -0400] "GET /images/160_eBay-cropped.jpg HTTP/1.1" 304 - "-" "Mozilla/5.0 (compatible; YandexImages/3.0; +http://yandex.com/bots)"
220.181.132.17 - - [19/Aug/2013:04:50:41 -0400] "GET /scripts/ic_globals_published.js HTTP/1.1" 200 566 "http://ancis.us/" "Mozilla/5.0 (X11; Linux x86_64) AppleWebKit/536.11 (KHTML, like Gecko) DumpRenderTree/0.0.0.0 Safari/536.11"
220.181.132.17 - - [19/Aug/2013:04:50:42 -0400] "GET /scripts/photoalbum.js HTTP/1.1" 200 62481 "http://ancis.us/" "Mozilla/5.0 (X11; Linux x86_64) AppleWebKit/536.11 (KHTML, like Gecko) DumpRenderTree/0.0.0.0 Safari/536.11"
220.181.132.17 - - [19/Aug/2013:04:50:44 -0400] "GET /scripts/print.css HTTP/1.1" 200 7623 "http://ancis.us/" "Mozilla/5.0 (X11; Linux x86_64) AppleWebKit/536.11 (KHTML, like Gecko) DumpRenderTree/0.0.0.0 Safari/536.11"
86.8.77.46 - - [19/Aug/2013:07:04:53 -0400] "GET /scripts/website.css HTTP/1.1" 200 1785 "http://www.ancis.us/publications.html" "Mozilla/5.0 (Windows NT 6.1; WOW64) AppleWebKit/537.36 (KHTML, like Gecko) Chrome/28.0.1500.95 Safari/537.36"
86.8.77.46 - - [19/Aug/2013:07:04:53 -0400] "GET /scripts/8custom.css HTTP/1.1" 200 16676 "http://www.ancis.us/publications.html" "Mozilla/5.0 (Windows NT 6.1; WOW64) AppleWebKit/537.36 (KHTML, like Gecko) Chrome/28.0.1500.95 Safari/537.36"
210.71.217.252 - - [19/Aug/2013:07:33:53 -0400] "GET /favicon.ico HTTP/1.1" 404 575 "-" "Mozilla/5.0 (Windows NT 6.1; WOW64) AppleWebKit/537.36 (KHTML, like Gecko) Chrome/27.0.1453.110 Safari/537.36 CoolNovo/2.0.9.11"
121.247.73.175 - - [19/Aug/2013:00:51:31 -0400] "GET /scripts/template.css HTTP/1.1" 200 10212 "http://www.ancis.us/" "Mozilla/5.0 (Windows NT 5.1) AppleWebKit/537.36 (KHTML, like Gecko) Chrome/28.0.1500.95 Safari/537.36"
8.28.16.254 - - [19/Aug/2013:08:56:24 -0400] "GET /images/OR-10-003_Final_Web.pdf HTTP/1.1" 304 - "-" "Mozilla/4.0 (compatible;)"
46.252.68.74 - - [19/Aug/2013:09:24:35 -0400] "GET /scripts/website.css HTTP/1.1" 200 1785 "http://www.ancis.us/rci.html" "Mozilla/5.0 (Windows NT 6.2; WOW64) AppleWebKit/537.36 (KHTML, like Gecko) Chrome/28.0.1500.95 Safari/537.36"
46.252.68.74 - - [19/Aug/2013:09:24:35 -0400] "GET /scripts/icwebsiteelement.css HTTP/1.1" 200 8132 "http://www.ancis.us/rci.html" "Mozilla/5.0 (Windows NT 6.2; WOW64) AppleWebKit/537.36 (KHTML, like Gecko) Chrome/28.0.1500.95 Safari/537.36"
46.119.118.152 - - [19/Aug/2013:02:16:12 -0400] "GET / HTTP/1.1" 200 28333 "http://www.bravica.ch/ru/" "Opera/9.00 (Windows NT 5.1; U; en)"
75.18.240.165 - - [19/Aug/2013:19:25:18 -0400] "GET /favicon.ico HTTP/1.1" 404 575 "-" "Mozilla/4.0 (compatible; MSIE 7.0; Windows NT 6.1; Win64; x64; Trident/6.0; .NET CLR 2.0.50727; SLCC2; .NET CLR 3.5.30729; .NET CLR 3.0.30729; Media Center PC 6.0; InfoPath.3; .NET4.0C; McAfee)"
65.55.52.113 - - [19/Aug/2013:20:35:29 -0400] "GET /scripts/print.css HTTP/1.1" 200 7623 "-" "Mozilla/5.0 (compatible; bingbot/2.0; +http://www.bing.com/bingbot.htm)"
75.18.240.165 - - [19/Aug/2013:12:10:55 -0400] "GET /images/70_iStock_zerosCropF70.jpg HTTP/1.1" 200 8404 "http://www.ancis.us/" "Mozilla/4.0 (compatible; MSIE 7.0; Windows NT 6.1; WOW64; Trident/6.0; SLCC2; .NET CLR 2.0.50727; .NET CLR 3.5.30729; .NET CLR 3.0.30729; Media Center PC 6.0; InfoPath.3; .NET4.0C; McAfee)"
75.18.240.165 - - [19/Aug/2013:12:53:37 -0400] "GET / HTTP/1.1" 200 28333 "-" "Mozilla/4.0 (compatible; MSIE 7.0; Windows NT 6.1; WOW64; Trident/6.0; SLCC2; .NET CLR 2.0.50727; .NET CLR 3.5.30729; .NET CLR 3.0.30729; Media Center PC 6.0; InfoPath.3; .NET4.0C; McAfee)"
75.18.240.165 - - [19/Aug/2013:12:53:38 -0400] "GET /scripts/ic_globals_published.js HTTP/1.1" 200 566 "http://www.ancis.us/" "Mozilla/4.0 (compatible; MSIE 7.0; Windows NT 6.1; WOW64; Trident/6.0; SLCC2; .NET CLR 2.0.50727; .NET CLR 3.5.30729; .NET CLR 3.0.30729; Media Center PC 6.0; InfoPath.3; .NET4.0C; McAfee)"
75.18.240.165 - - [19/Aug/2013:12:53:38 -0400] "GET /scripts/user.js HTTP/1.1" 200 23762 "http://www.ancis.us/" "Mozilla/4.0 (compatible; MSIE 7.0; Windows NT 6.1; WOW64; Trident/6.0; SLCC2; .NET CLR 2.0.50727; .NET CLR 3.5.30729; .NET CLR 3.0.30729; Media Center PC 6.0; InfoPath.3; .NET4.0C; McAfee)"
75.18.240.165 - - [19/Aug/2013:12:53:38 -0400] "GET /scripts/photoalbum.js HTTP/1.1" 200 62481 "http://www.ancis.us/" "Mozilla/4.0 (compatible; MSIE 7.0; Windows NT 6.1; WOW64; Trident/6.0; SLCC2; .NET CLR 2.0.50727; .NET CLR 3.5.30729; .NET CLR 3.0.30729; Media Center PC 6.0; InfoPath.3; .NET4.0C; McAfee)"
75.18.240.165 - - [19/Aug/2013:12:53:39 -0400] "GET /scripts/icwebsiteelement.css HTTP/1.1" 200 8132 "http://www.ancis.us/" "Mozilla/4.0 (compatible; MSIE 7.0; Windows NT 6.1; WOW64; Trident/6.0; SLCC2; .NET CLR 2.0.50727; .NET CLR 3.5.30729; .NET CLR 3.0.30729; Media Center PC 6.0; InfoPath.3; .NET4.0C; McAfee)"
75.18.240.165 - - [19/Aug/2013:12:53:39 -0400] "GET /images/400_Servers-cropped-layer-final.jpg HTTP/1.1" 200 15228 "http://www.ancis.us/" "Mozilla/4.0 (compatible; MSIE 7.0; Windows NT 6.1; WOW64; Trident/6.0; SLCC2; .NET CLR 2.0.50727; .NET CLR 3.5.30729; .NET CLR 3.0.30729; Media Center PC 6.0; InfoPath.3; .NET4.0C; McAfee)"
75.18.240.165 - - [19/Aug/2013:12:53:45 -0400] "GET /images/70_iStock_DNAcropDBF70.jpg HTTP/1.1" 200 6073 "http://www.ancis.us/" "Mozilla/4.0 (compatible; MSIE 7.0; Windows NT 6.1; WOW64; Trident/6.0; SLCC2; .NET CLR 2.0.50727; .NET CLR 3.5.30729; .NET CLR 3.0.30729; Media Center PC 6.0; InfoPath.3; .NET4.0C; McAfee)"
189.90.66.5 - - [19/Aug/2013:13:25:30 -0400] "GET /images/New_York_08_Web.pdf HTTP/1.1" 200 345858 "http://www.google.com.br/?gws_rd=cr" "Mozilla/5.0 (Windows NT 6.1) AppleWebKit/537.36 (KHTML, like Gecko) Chrome/28.0.1500.95 Safari/537.36"
173.192.70.137 - - [19/Aug/2013:13:40:45 -0400] "GET / HTTP/1.1" 200 28333 "-" "Mozilla/5.0 (Windows NT 5.1; rv:13.0) Gecko/20100101 Firefox/13.0.1"
24.247.155.131 - - [19/Aug/2013:22:46:54 -0400] "GET /admin.php HTTP/1.0" 403 211 "-" "Mozilla/5.0 (Windows NT 6.1; rv:19.0) Gecko/20100101 Firefox/19.0"
200.198.6.171 - - [19/Aug/2013:15:31:42 -0400] "GET /images/RCI.pdf HTTP/1.1" 200 276049 "https://www.google.com.br/" "Mozilla/5.0 (Windows NT 6.1; WOW64) AppleWebKit/537.36 (KHTML, like Gecko) Chrome/28.0.1500.95 Safari/537.36"
200.198.6.171 - - [19/Aug/2013:15:31:44 -0400] "GET /favicon.ico HTTP/1.1" 404 575 "-" "Mozilla/5.0 (Windows NT 6.1; WOW64) AppleWebKit/537.36 (KHTML, like Gecko) Chrome/28.0.1500.95 Safari/537.36"
121.247.73.175 - - [19/Aug/2013:00:51:38 -0400] "GET /images/140_ANCIS-Logo140.jpg HTTP/1.1" 200 5351 "http://www.ancis.us/" "Mozilla/5.0 (Windows NT 5.1) AppleWebKit/537.36 (KHTML, like Gecko) Chrome/28.0.1500.95 Safari/537.36"
121.247.73.175 - - [19/Aug/2013:00:51:38 -0400] "GET /images/70_iStock_FiberCropF70.jpg HTTP/1.1" 200 5102 "http://www.ancis.us/" "Mozilla/5.0 (Windows NT 5.1) AppleWebKit/537.36 (KHTML, like Gecko) Chrome/28.0.1500.95 Safari/537.36"
37.140.165.194 - - [19/Aug/2013:06:18:07 -0400] "GET /images/115_iStock-Themometer59553-Fina.jpg HTTP/1.1" 304 - "-" "Mozilla/5.0 (compatible; YandexImages/3.0; +http://yandex.com/bots)"
140.32.120.188 - - [19/Aug/2013:13:42:38 -0400] "GET /scripts/website.css HTTP/1.1" 200 1785 "http://www.ancis.us/rci.html" "Mozilla/4.0 (compatible; MSIE 8.0; Windows NT 6.1; WOW64; Trident/4.0; SLCC2; .NET CLR 2.0.50727; .NET CLR 3.5.30729; .NET CLR 3.0.30729; .NET4.0C; .NET4.0E; InfoPath.3)"
71.183.126.114 - - [19/Aug/2013:14:01:58 -0400] "GET /images/AN-04-9-1.pdf HTTP/1.1" 200 936793 "http://www.google.com/url?sa=t&rct=j&q=ashrae%20data%20center%20guidelines%20in%20si%20units&source=web&cd=1&ved=0CDwQFjAA&url=http%3A%2F%2Fancis.us%2Fimages%2FAN-04-9-1.pdf&ei=kl0SUoyFBefi4APe9ICgAw&usg=AFQjCNEawvePXbpGq5cPapqyJQ_FmK8fMw&sig2=Cuf5pBNJ-nONsFs_S1JiWA&bvm=bv.50768961,d.dmg" "Mozilla/5.0 (Macintosh; Intel Mac OS X 10_6_8) AppleWebKit/534.59.8 (KHTML, like Gecko) Version/5.1.9 Safari/534.59.8"
189.221.129.63 - - [19/Aug/2013:14:16:59 -0400] "GET /scripts/template.css HTTP/1.1" 200 10212 "http://www.ancis.us/" "Mozilla/5.0 (Windows NT 6.1) AppleWebKit/537.36 (KHTML, like Gecko) Chrome/28.0.1500.95 Safari/537.36"
189.221.129.63 - - [19/Aug/2013:14:16:59 -0400] "GET /images/115_RCI-7.jpg HTTP/1.1" 200 1745 "http://www.ancis.us/" "Mozilla/5.0 (Windows NT 6.1) AppleWebKit/537.36 (KHTML, like Gecko) Chrome/28.0.1500.95 Safari/537.36"
37.140.165.194 - - [19/Aug/2013:03:48:55 -0400] "GET /images/115_iStock-Laptop78946-Final.jpg HTTP/1.1" 304 - "-" "Mozilla/5.0 (compatible; YandexImages/3.0; +http://yandex.com/bots)"
66.249.75.29 - - [19/Aug/2013:21:07:43 -0400] "GET /images/RCI_Software_Flyer_Final.pdf HTTP/1.1" 304 - "-" "Mozilla/5.0 (compatible; Googlebot/2.1; +http://www.google.com/bot.html)"
75.18.240.165 - - [19/Aug/2013:12:10:55 -0400] "GET /images/70_iStock_DNAcropDBF70.jpg HTTP/1.1" 200 6073 "http://www.ancis.us/" "Mozilla/4.0 (compatible; MSIE 7.0; Windows NT 6.1; WOW64; Trident/6.0; SLCC2; .NET CLR 2.0.50727; .NET CLR 3.5.30729; .NET CLR 3.0.30729; Media Center PC 6.0; InfoPath.3; .NET4.0C; McAfee)"
75.18.240.165 - - [19/Aug/2013:12:53:38 -0400] "GET /scripts/print.css HTTP/1.1" 200 7623 "http://www.ancis.us/" "Mozilla/4.0 (compatible; MSIE 7.0; Windows NT 6.1; WOW64; Trident/6.0; SLCC2; .NET CLR 2.0.50727; .NET CLR 3.5.30729; .NET CLR 3.0.30729; Media Center PC 6.0; InfoPath.3; .NET4.0C; McAfee)"
189.221.129.63 - - [19/Aug/2013:14:16:58 -0400] "GET / HTTP/1.1" 200 28333 "https://www.google.com.mx/" "Mozilla/5.0 (Windows NT 6.1) AppleWebKit/537.36 (KHTML, like Gecko) Chrome/28.0.1500.95 Safari/537.36"
189.221.129.63 - - [19/Aug/2013:14:16:59 -0400] "GET /scripts/ic_globals_published.js HTTP/1.1" 200 566 "http://www.ancis.us/" "Mozilla/5.0 (Windows NT 6.1) AppleWebKit/537.36 (KHTML, like Gecko) Chrome/28.0.1500.95 Safari/537.36"
189.221.129.63 - - [19/Aug/2013:14:16:59 -0400] "GET /scripts/icwebsiteelement.css HTTP/1.1" 200 8132 "http://www.ancis.us/" "Mozilla/5.0 (Windows NT 6.1) AppleWebKit/537.36 (KHTML, like Gecko) Chrome/28.0.1500.95 Safari/537.36"
189.221.129.63 - - [19/Aug/2013:14:16:59 -0400] "GET /images/400_Servers-cropped-layer-final.jpg HTTP/1.1" 200 15228 "http://www.ancis.us/" "Mozilla/5.0 (Windows NT 6.1) AppleWebKit/537.36 (KHTML, like Gecko) Chrome/28.0.1500.95 Safari/537.36"
189.221.129.63 - - [19/Aug/2013:14:16:59 -0400] "GET /images/70_iStock_DNAcropDBF70.jpg HTTP/1.1" 200 6073 "http://www.ancis.us/" "Mozilla/5.0 (Windows NT 6.1) AppleWebKit/537.36 (KHTML, like Gecko) Chrome/28.0.1500.95 Safari/537.36"
189.221.129.63 - - [19/Aug/2013:14:16:59 -0400] "GET /images/030113_1833_0009_osls.jpg HTTP/1.1" 200 5070 "http://www.ancis.us/" "Mozilla/5.0 (Windows NT 6.1) AppleWebKit/537.36 (KHTML, like Gecko) Chrome/28.0.1500.95 Safari/537.36"
220.181.108.149 - - [19/Aug/2013:11:03:46 -0400] "GET /scripts/user.js HTTP/1.1" 200 23762 "-" "Mozilla/5.0 (compatible; Baiduspider/2.0; +http://www.baidu.com/search/spider.html)"
220.181.132.17 - - [19/Aug/2013:04:50:41 -0400] "GET /scripts/template.css HTTP/1.1" 200 10212 "http://ancis.us/" "Mozilla/5.0 (X11; Linux x86_64) AppleWebKit/536.11 (KHTML, like Gecko) DumpRenderTree/0.0.0.0 Safari/536.11"
124.128.39.98 - - [19/Aug/2013:04:19:31 -0400] "GET /images/SL-08-018_Final.pdf HTTP/1.1" 206 806839 "http://ancis.us/images/SL-08-018_Final.pdf" "Mozilla/5.0 (Windows NT 5.1) AppleWebKit/537.1 (KHTML, like Gecko) Chrome/21.0.1180.89 Safari/537.1"
75.18.240.165 - - [19/Aug/2013:12:30:05 -0400] "GET /favicon.ico HTTP/1.1" 404 575 "-" "Mozilla/4.0 (compatible; MSIE 7.0; Windows NT 6.1; Win64; x64; Trident/6.0; .NET CLR 2.0.50727; SLCC2; .NET CLR 3.5.30729; .NET CLR 3.0.30729; Media Center PC 6.0; InfoPath.3; .NET4.0C; McAfee)"
75.18.240.165 - - [19/Aug/2013:12:53:38 -0400] "GET /scripts/template.css HTTP/1.1" 200 10212 "http://www.ancis.us/" "Mozilla/4.0 (compatible; MSIE 7.0; Windows NT 6.1; WOW64; Trident/6.0; SLCC2; .NET CLR 2.0.50727; .NET CLR 3.5.30729; .NET CLR 3.0.30729; Media Center PC 6.0; InfoPath.3; .NET4.0C; McAfee)"
75.18.240.165 - - [19/Aug/2013:12:53:39 -0400] "GET /images/140_ANCIS-Logo140.jpg HTTP/1.1" 200 5351 "http://www.ancis.us/" "Mozilla/4.0 (compatible; MSIE 7.0; Windows NT 6.1; WOW64; Trident/6.0; SLCC2; .NET CLR 2.0.50727; .NET CLR 3.5.30729; .NET CLR 3.0.30729; Media Center PC 6.0; InfoPath.3; .NET4.0C; McAfee)"
123.125.71.12 - - [19/Aug/2013:22:05:56 -0400] "GET /contactus.html HTTP/1.1" 200 17776 "-" "Mozilla/5.0 (compatible; Baiduspider/2.0; +http://www.baidu.com/search/spider.html)"
46.252.68.74 - - [19/Aug/2013:04:21:17 -0400] "GET /scripts/user.js HTTP/1.1" 200 23762 "http://ancis.us/publications/rci.html" "Mozilla/5.0 (Windows NT 6.2; WOW64) AppleWebKit/537.36 (KHTML, like Gecko) Chrome/28.0.1500.95 Safari/537.36"
46.252.68.74 - - [19/Aug/2013:04:21:19 -0400] "GET /images/120_ANCIS-Logo120.jpg HTTP/1.1" 200 4323 "http://ancis.us/publications/rci.html" "Mozilla/5.0 (Windows NT 6.2; WOW64) AppleWebKit/537.36 (KHTML, like Gecko) Chrome/28.0.1500.95 Safari/537.36"
46.252.68.74 - - [19/Aug/2013:04:21:21 -0400] "GET /images/RCI.pdf HTTP/1.1" 206 1024 "https://www.google.co.uk/" "Mozilla/5.0 (Windows NT 6.2; WOW64) AppleWebKit/537.36 (KHTML, like Gecko) Chrome/28.0.1500.95 Safari/537.36"
37.228.107.38 - - [19/Aug/2013:07:26:59 -0400] "GET / HTTP/1.1" 200 28333 "http://www.google.com/m?q=ancis+&client=ms-opera-mini&channel=new" "Opera/9.80 (BlackBerry; Opera Mini/7.1.33396/30.3697; U; en) Presto/2.8.119 Version/11.10"
37.228.107.38 - - [19/Aug/2013:07:26:59 -0400] "GET /scripts/user.js HTTP/1.1" 200 23762 "http://www.ancis.us/" "Opera/9.80 (BlackBerry; Opera Mini/7.1.33396/30.3697; U; en) Presto/2.8.119 Version/11.10"
37.228.107.38 - - [19/Aug/2013:07:26:59 -0400] "GET /scripts/template.css HTTP/1.1" 200 10212 "http://www.ancis.us/" "Opera/9.80 (BlackBerry; Opera Mini/7.1.33396/30.3697; U; en) Presto/2.8.119 Version/11.10"
37.228.107.38 - - [19/Aug/2013:07:26:59 -0400] "GET /images/140_ANCIS-Logo140.jpg HTTP/1.1" 200 5351 "http://www.ancis.us/" "Opera/9.80 (BlackBerry; Opera Mini/7.1.33396/30.3697; U; en) Presto/2.8.119 Version/11.10"
46.252.68.74 - - [19/Aug/2013:09:24:35 -0400] "GET /scripts/user.js HTTP/1.1" 200 23762 "http://www.ancis.us/rci.html" "Mozilla/5.0 (Windows NT 6.2; WOW64) AppleWebKit/537.36 (KHTML, like Gecko) Chrome/28.0.1500.95 Safari/537.36"
75.18.240.165 - - [19/Aug/2013:14:14:18 -0400] "GET /scripts/template.css HTTP/1.1" 200 10212 "http://www.ancis.us/" "Mozilla/4.0 (compatible; MSIE 7.0; Windows NT 6.1; WOW64; Trident/6.0; SLCC2; .NET CLR 2.0.50727; .NET CLR 3.5.30729; .NET CLR 3.0.30729; Media Center PC 6.0; InfoPath.3; .NET4.0C; McAfee)"
75.18.240.165 - - [19/Aug/2013:14:14:19 -0400] "GET /images/140_ANCIS-Logo140.jpg HTTP/1.1" 200 5351 "http://www.ancis.us/" "Mozilla/4.0 (compatible; MSIE 7.0; Windows NT 6.1; WOW64; Trident/6.0; SLCC2; .NET CLR 2.0.50727; .NET CLR 3.5.30729; .NET CLR 3.0.30729; Media Center PC 6.0; InfoPath.3; .NET4.0C; McAfee)"
75.18.240.165 - - [19/Aug/2013:14:14:19 -0400] "GET /images/70_iStock_FiberCropF70.jpg HTTP/1.1" 200 5102 "http://www.ancis.us/" "Mozilla/4.0 (compatible; MSIE 7.0; Windows NT 6.1; WOW64; Trident/6.0; SLCC2; .NET CLR 2.0.50727; .NET CLR 3.5.30729; .NET CLR 3.0.30729; Media Center PC 6.0; InfoPath.3; .NET4.0C; McAfee)"
121.247.73.175 - - [19/Aug/2013:00:51:31 -0400] "GET /scripts/website.css HTTP/1.1" 200 1785 "http://www.ancis.us/" "Mozilla/5.0 (Windows NT 5.1) AppleWebKit/537.36 (KHTML, like Gecko) Chrome/28.0.1500.95 Safari/537.36"
37.228.107.38 - - [19/Aug/2013:07:26:59 -0400] "GET /scripts/print.css HTTP/1.1" 200 7623 "http://www.ancis.us/" "Opera/9.80 (BlackBerry; Opera Mini/7.1.33396/30.3697; U; en) Presto/2.8.119 Version/11.10"
37.228.107.38 - - [19/Aug/2013:07:26:59 -0400] "GET /images/030113_1833_0009_osls.jpg HTTP/1.1" 200 5070 "http://www.ancis.us/" "Opera/9.80 (BlackBerry; Opera Mini/7.1.33396/30.3697; U; en) Presto/2.8.119 Version/11.10"
192.34.58.199 - - [19/Aug/2013:07:28:10 -0400] "GET /contactus.html HTTP/1.1" 200 17776 "-" "Mozilla/5.0 (Windows NT 6.1; WOW64; rv:21.0) Gecko/20100101 Firefox/21.0"
210.71.217.252 - - [19/Aug/2013:07:56:01 -0400] "GET /images/70_iStock-BookCropF70.jpg HTTP/1.1" 200 2663 "http://www.ancis.us/rci.html" "Mozilla/5.0 (Windows NT 6.1; WOW64) AppleWebKit/537.36 (KHTML, like Gecko) Chrome/27.0.1453.110 Safari/537.36 CoolNovo/2.0.9.11"
210.71.217.252 - - [19/Aug/2013:07:56:02 -0400] "GET /favicon.ico HTTP/1.1" 404 575 "-" "Mozilla/5.0 (Windows NT 6.1; WOW64) AppleWebKit/537.36 (KHTML, like Gecko) Chrome/27.0.1453.110 Safari/537.36 CoolNovo/2.0.9.11"
75.18.240.165 - - [19/Aug/2013:19:25:16 -0400] "GET /scripts/website.css HTTP/1.1" 200 1785 "http://www.ancis.us/" "Mozilla/4.0 (compatible; MSIE 7.0; Windows NT 6.1; WOW64; Trident/6.0; SLCC2; .NET CLR 2.0.50727; .NET CLR 3.5.30729; .NET CLR 3.0.30729; Media Center PC 6.0; InfoPath.3; .NET4.0C; McAfee)"
75.18.240.165 - - [19/Aug/2013:19:25:17 -0400] "GET /images/70_iStock_DNAcropDBF70.jpg HTTP/1.1" 200 6073 "http://www.ancis.us/" "Mozilla/4.0 (compatible; MSIE 7.0; Windows NT 6.1; WOW64; Trident/6.0; SLCC2; .NET CLR 2.0.50727; .NET CLR 3.5.30729; .NET CLR 3.0.30729; Media Center PC 6.0; InfoPath.3; .NET4.0C; McAfee)"
220.181.132.16 - - [19/Aug/2013:04:57:16 -0400] "GET /scripts/ic_globals_published.js HTTP/1.1" 200 566 "http://www.ancis.us/" "Mozilla/5.0 (X11; Linux x86_64) AppleWebKit/536.11 (KHTML, like Gecko) DumpRenderTree/0.0.0.0 Safari/536.11"
220.181.132.16 - - [19/Aug/2013:04:57:17 -0400] "GET /scripts/photoalbum.js HTTP/1.1" 200 62481 "http://www.ancis.us/" "Mozilla/5.0 (X11; Linux x86_64) AppleWebKit/536.11 (KHTML, like Gecko) DumpRenderTree/0.0.0.0 Safari/536.11"
180.76.5.26 - - [19/Aug/2013:05:21:47 -0400] "GET /index.html HTTP/1.1" 200 28333 "-" "Mozilla/5.0 (compatible; Baiduspider/2.0; +http://www.baidu.com/search/spider.html)"
173.228.119.46 - - [19/Aug/2013:23:47:25 -0400] "GET /scripts/8custom.css HTTP/1.1" 200 16676 "http://www.ancis.us/publications.html" "Mozilla/5.0 (Macintosh; Intel Mac OS X 10_7_5) AppleWebKit/537.36 (KHTML, like Gecko) Chrome/28.0.1500.95 Safari/537.36"
173.228.119.46 - - [19/Aug/2013:23:47:26 -0400] "GET /images/120_ANCIS-Logo120.jpg HTTP/1.1" 200 4323 "http://www.ancis.us/publications.html" "Mozilla/5.0 (Macintosh; Intel Mac OS X 10_7_5) AppleWebKit/537.36 (KHTML, like Gecko) Chrome/28.0.1500.95 Safari/537.36"
210.71.217.252 - - [19/Aug/2013:07:50:48 -0400] "GET /favicon.ico HTTP/1.1" 404 575 "-" "Mozilla/5.0 (Windows NT 6.1; WOW64) AppleWebKit/537.36 (KHTML, like Gecko) Chrome/27.0.1453.110 Safari/537.36 CoolNovo/2.0.9.11"
125.209.208.12 - - [19/Aug/2013:05:35:04 -0400] "GET / HTTP/1.1" 200 28333 "-" "Yeti/1.0 (NHN Corp.; http://help.naver.com/robots/)"
66.249.75.29 - - [19/Aug/2013:14:51:00 -0400] "GET /scripts/template.css HTTP/1.1" 200 10212 "-" "Mozilla/5.0 (compatible; Googlebot/2.1; +http://www.google.com/bot.html)"
123.125.71.38 - - [19/Aug/2013:22:46:11 -0400] "GET /robots.txt HTTP/1.1" 200 25 "-" "Mozilla/5.0 (compatible; Baiduspider/2.0; +http://www.baidu.com/search/spider.html)"
103.4.125.30 - - [19/Aug/2013:23:55:38 -0400] "GET /images/SL-08-018_Final.pdf HTTP/1.1" 200 839607 "http://www.google.com.my/url?sa=t&rct=j&q=&source=web&cd=3&cad=rja&ved=0CDsQFjAC&url=http%3A%2F%2Fancis.us%2Fimages%2FSL-08-018_Final.pdf&ei=rugSUs77E8P7rAfe_4GwDA&usg=AFQjCNF5nYKyTu3Sfl2kdtzMmTW-MR4H7A&bvm=bv.50952593,d.bmk" "Mozilla/5.0 (Windows NT 6.1; WOW64; rv:17.0) Gecko/20100101 Firefox/17.0"
121.247.73.175 - - [19/Aug/2013:00:51:31 -0400] "GET /scripts/photoalbum.js HTTP/1.1" 200 62481 "http://www.ancis.us/" "Mozilla/5.0 (Windows NT 5.1) AppleWebKit/537.36 (KHTML, like Gecko) Chrome/28.0.1500.95 Safari/537.36"
61.135.249.207 - - [19/Aug/2013:02:32:15 -0400] "GET / HTTP/1.1" 304 - "-" "Mozilla/5.0 (compatible; YoudaoBot/1.0; http://www.youdao.com/help/webmaster/spider/; )"
66.249.75.29 - - [19/Aug/2013:01:13:20 -0400] "GET /images/Quirk-Herrlin_Web.pdf HTTP/1.1" 304 - "-" "DoCoMo/2.0 N905i(c100;TB;W24H16) (compatible; Googlebot-Mobile/2.1; +http://www.google.com/bot.html)"
157.55.33.181 - - [19/Aug/2013:10:03:34 -0400] "GET / HTTP/1.1" 200 28333 "-" "Mozilla/5.0 (compatible; bingbot/2.0; +http://www.bing.com/bingbot.htm)"
124.128.39.98 - - [19/Aug/2013:04:19:31 -0400] "GET /favicon.ico HTTP/1.1" 404 575 "-" "Mozilla/5.0 (Windows NT 5.1) AppleWebKit/537.1 (KHTML, like Gecko) Chrome/21.0.1180.89 Safari/537.1"
180.76.6.227 - - [19/Aug/2013:05:21:47 -0400] "GET /pages/1/ HTTP/1.1" 200 187 "-" "Mozilla/5.0 (compatible; Baiduspider/2.0; +http://www.baidu.com/search/spider.html)"
75.18.240.165 - - [19/Aug/2013:12:53:38 -0400] "GET /scripts/user.js HTTP/1.1" 200 23762 "http://www.ancis.us/" "Mozilla/4.0 (compatible; MSIE 7.0; Windows NT 6.1; WOW64; Trident/6.0; SLCC2; .NET CLR 2.0.50727; .NET CLR 3.5.30729; .NET CLR 3.0.30729; Media Center PC 6.0; InfoPath.3; .NET4.0C; McAfee)"
75.18.240.165 - - [19/Aug/2013:12:53:39 -0400] "GET /images/400_Servers-cropped-layer-final.jpg HTTP/1.1" 200 15228 "http://www.ancis.us/" "Mozilla/4.0 (compatible; MSIE 7.0; Windows NT 6.1; WOW64; Trident/6.0; SLCC2; .NET CLR 2.0.50727; .NET CLR 3.5.30729; .NET CLR 3.0.30729; Media Center PC 6.0; InfoPath.3; .NET4.0C; McAfee)"
189.221.129.63 - - [19/Aug/2013:14:16:59 -0400] "GET /scripts/user.js HTTP/1.1" 200 23762 "http://www.ancis.us/" "Mozilla/5.0 (Windows NT 6.1) AppleWebKit/537.36 (KHTML, like Gecko) Chrome/28.0.1500.95 Safari/537.36"
37.140.165.194 - - [19/Aug/2013:14:19:46 -0400] "GET /images/115_iStock-Drawing5307-Final.jpg HTTP/1.1" 304 - "-" "Mozilla/5.0 (compatible; YandexImages/3.0; +http://yandex.com/bots)"
86.8.77.46 - - [19/Aug/2013:07:04:53 -0400] "GET /scripts/ic_globals_published.js HTTP/1.1" 200 566 "http://www.ancis.us/publications.html" "Mozilla/5.0 (Windows NT 6.1; WOW64) AppleWebKit/537.36 (KHTML, like Gecko) Chrome/28.0.1500.95 Safari/537.36"
86.8.77.46 - - [19/Aug/2013:07:04:53 -0400] "GET /scripts/8.css HTTP/1.1" 200 844 "http://www.ancis.us/publications.html" "Mozilla/5.0 (Windows NT 6.1; WOW64) AppleWebKit/537.36 (KHTML, like Gecko) Chrome/28.0.1500.95 Safari/537.36"
86.8.77.46 - - [19/Aug/2013:07:04:53 -0400] "GET /scripts/icwebsiteelement.css HTTP/1.1" 200 8132 "http://www.ancis.us/publications.html" "Mozilla/5.0 (Windows NT 6.1; WOW64) AppleWebKit/537.36 (KHTML, like Gecko) Chrome/28.0.1500.95 Safari/537.36"
210.71.217.252 - - [19/Aug/2013:07:56:00 -0400] "GET /scripts/ic_globals_published.js HTTP/1.1" 200 566 "http://www.ancis.us/rci.html" "Mozilla/5.0 (Windows NT 6.1; WOW64) AppleWebKit/537.36 (KHTML, like Gecko) Chrome/27.0.1453.110 Safari/537.36 CoolNovo/2.0.9.11"
74.3.203.90 - - [19/Aug/2013:02:28:26 -0400] "GET /tmp/bga.php HTTP/1.0" 404 575 "-" "Wget/1.11.4 Red Hat modified"
75.18.240.165 - - [19/Aug/2013:12:53:38 -0400] "GET /scripts/website.css HTTP/1.1" 200 1785 "http://www.ancis.us/" "Mozilla/4.0 (compatible; MSIE 7.0; Windows NT 6.1; WOW64; Trident/6.0; SLCC2; .NET CLR 2.0.50727; .NET CLR 3.5.30729; .NET CLR 3.0.30729; Media Center PC 6.0; InfoPath.3; .NET4.0C; McAfee)"
75.18.240.165 - - [19/Aug/2013:12:53:39 -0400] "GET /scripts/icwebsiteelement.css HTTP/1.1" 200 8132 "http://www.ancis.us/" "Mozilla/4.0 (compatible; MSIE 7.0; Windows NT 6.1; WOW64; Trident/6.0; SLCC2; .NET CLR 2.0.50727; .NET CLR 3.5.30729; .NET CLR 3.0.30729; Media Center PC 6.0; InfoPath.3; .NET4.0C; McAfee)"
140.32.120.188 - - [19/Aug/2013:13:42:44 -0400] "GET /images/70_iStock-BookCropF70.jpg HTTP/1.1" 200 2663 "http://www.ancis.us/rci.html" "Mozilla/4.0 (compatible; MSIE 8.0; Windows NT 6.1; WOW64; Trident/4.0; SLCC2; .NET CLR 2.0.50727; .NET CLR 3.5.30729; .NET CLR 3.0.30729; .NET4.0C; .NET4.0E; InfoPath.3)"
8.28.16.254 - - [19/Aug/2013:13:43:08 -0400] "GET /images/RCI--for_Website.pdf HTTP/1.1" 200 170721 "-" "Mozilla/4.0 (compatible; MSIE 7.0; Windows NT 5.1; InfoPath.1; .NET CLR 2.0.50727; .NET CLR 1.1.4322; MS-RTC LM 8; .NET CLR 3.0.4506.2152; .NET CLR 3.5.30729)"
37.228.107.38 - - [19/Aug/2013:07:26:59 -0400] "GET /images/115_RCI-7.jpg HTTP/1.1" 200 1745 "http://www.ancis.us/" "Opera/9.80 (BlackBerry; Opera Mini/7.1.33396/30.3697; U; en) Presto/2.8.119 Version/11.10"
46.252.68.74 - - [19/Aug/2013:04:21:17 -0400] "GET /scripts/template.css HTTP/1.1" 200 10212 "http://ancis.us/publications/rci.html" "Mozilla/5.0 (Windows NT 6.2; WOW64) AppleWebKit/537.36 (KHTML, like Gecko) Chrome/28.0.1500.95 Safari/537.36"
220.181.132.16 - - [19/Aug/2013:04:57:16 -0400] "GET /scripts/template.css HTTP/1.1" 200 10212 "http://www.ancis.us/" "Mozilla/5.0 (X11; Linux x86_64) AppleWebKit/536.11 (KHTML, like Gecko) DumpRenderTree/0.0.0.0 Safari/536.11"
88.198.227.103 - - [19/Aug/2013:05:51:03 -0400] "GET / HTTP/1.0" 200 28333 "-" "Mozilla/4.0 (compatible; MSIE 8.0; Windows NT 6.1; WOW64; Trident/4.0; SLCC2; .NET CLR 2.0.50727; .NET CLR 3.5.30729; .NET CLR 3.0.30729; Media Center PC 6.0; MS-RTC LM 8)"
75.18.240.165 - - [19/Aug/2013:12:10:46 -0400] "GET /scripts/website.css HTTP/1.1" 200 1785 "http://www.ancis.us/" "Mozilla/4.0 (compatible; MSIE 7.0; Windows NT 6.1; WOW64; Trident/6.0; SLCC2; .NET CLR 2.0.50727; .NET CLR 3.5.30729; .NET CLR 3.0.30729; Media Center PC 6.0; InfoPath.3; .NET4.0C; McAfee)"
75.18.240.165 - - [19/Aug/2013:12:10:46 -0400] "GET /scripts/icwebsiteelement.css HTTP/1.1" 200 8132 "http://www.ancis.us/" "Mozilla/4.0 (compatible; MSIE 7.0; Windows NT 6.1; WOW64; Trident/6.0; SLCC2; .NET CLR 2.0.50727; .NET CLR 3.5.30729; .NET CLR 3.0.30729; Media Center PC 6.0; InfoPath.3; .NET4.0C; McAfee)"
140.32.120.188 - - [19/Aug/2013:13:45:54 -0400] "GET /images/SL-08-018_Final.pdf HTTP/1.1" 304 - "-" "Mozilla/4.0 (compatible; MSIE 8.0; Windows NT 6.1; WOW64; Trident/4.0; SLCC2; .NET CLR 2.0.50727; .NET CLR 3.5.30729; .NET CLR 3.0.30729; .NET4.0C; .NET4.0E; InfoPath.3)"
140.32.120.188 - - [19/Aug/2013:13:45:54 -0400] "GET /images/SL-08-018_Final.pdf HTTP/1.1" 304 - "-" "Mozilla/4.0 (compatible; MSIE 8.0; Windows NT 6.1; WOW64; Trident/4.0; SLCC2; .NET CLR 2.0.50727; .NET CLR 3.5.30729; .NET CLR 3.0.30729; .NET4.0C; .NET4.0E; InfoPath.3)"
140.32.120.188 - - [19/Aug/2013:13:45:54 -0400] "GET /images/SL-08-018_Final.pdf HTTP/1.1" 304 - "-" "Mozilla/4.0 (compatible; MSIE 8.0; Windows NT 6.1; WOW64; Trident/4.0; SLCC2; .NET CLR 2.0.50727; .NET CLR 3.5.30729; .NET CLR 3.0.30729; .NET4.0C; .NET4.0E; InfoPath.3)"
140.32.120.188 - - [19/Aug/2013:13:45:54 -0400] "GET /images/SL-08-018_Final.pdf HTTP/1.1" 304 - "-" "Mozilla/4.0 (compatible; MSIE 8.0; Windows NT 6.1; WOW64; Trident/4.0; SLCC2; .NET CLR 2.0.50727; .NET CLR 3.5.30729; .NET CLR 3.0.30729; .NET4.0C; .NET4.0E; InfoPath.3)"
140.32.120.188 - - [19/Aug/2013:13:45:55 -0400] "GET /images/SL-08-018_Final.pdf HTTP/1.1" 304 - "-" "Mozilla/4.0 (compatible; MSIE 8.0; Windows NT 6.1; WOW64; Trident/4.0; SLCC2; .NET CLR 2.0.50727; .NET CLR 3.5.30729; .NET CLR 3.0.30729; .NET4.0C; .NET4.0E; InfoPath.3)"
140.32.120.188 - - [19/Aug/2013:13:45:56 -0400] "GET /images/SL-08-018_Final.pdf HTTP/1.1" 304 - "-" "Mozilla/4.0 (compatible; MSIE 8.0; Windows NT 6.1; WOW64; Trident/4.0; SLCC2; .NET CLR 2.0.50727; .NET CLR 3.5.30729; .NET CLR 3.0.30729; .NET4.0C; .NET4.0E; InfoPath.3)"
173.188.181.175 - - [19/Aug/2013:10:51:05 -0400] "GET /favicon.ico HTTP/1.1" 404 575 "-" "Mozilla/5.0 (Windows NT 6.1; WOW64) AppleWebKit/537.36 (KHTML, like Gecko) Chrome/28.0.1500.95 Safari/537.36"
121.247.73.175 - - [19/Aug/2013:00:51:38 -0400] "GET /images/70_iStock_zerosCropF70.jpg HTTP/1.1" 200 8404 "http://www.ancis.us/" "Mozilla/5.0 (Windows NT 5.1) AppleWebKit/537.36 (KHTML, like Gecko) Chrome/28.0.1500.95 Safari/537.36"
125.209.208.10 - - [19/Aug/2013:01:54:46 -0400] "GET /robots.txt HTTP/1.1" 200 25 "-" "Yeti/1.0 (NHN Corp.; http://help.naver.com/robots/)"
103.4.125.30 - - [19/Aug/2013:23:55:44 -0400] "GET /favicon.ico HTTP/1.1" 404 575 "-" "Mozilla/5.0 (Windows NT 6.1; WOW64; rv:17.0) Gecko/20100101 Firefox/17.0"
192.34.58.199 - - [19/Aug/2013:07:28:08 -0400] "GET /scripts/user.js HTTP/1.1" 200 23762 "-" "Mozilla/5.0 (Windows NT 6.1; WOW64; rv:21.0) Gecko/20100101 Firefox/21.0"
202.46.58.179 - - [19/Aug/2013:20:08:31 -0400] "GET /pages/1/ HTTP/1.1" 200 187 "-" "Mozilla/5.0 (Windows; U; Windows NT 5.1; zh-CN; rv:1.9.1.2) Firefox/3.5.2"
220.181.132.16 - - [19/Aug/2013:04:57:16 -0400] "GET /scripts/website.css HTTP/1.1" 200 1785 "http://www.ancis.us/" "Mozilla/5.0 (X11; Linux x86_64) AppleWebKit/536.11 (KHTML, like Gecko) DumpRenderTree/0.0.0.0 Safari/536.11"
220.181.132.16 - - [19/Aug/2013:04:57:17 -0400] "GET /scripts/user.js HTTP/1.1" 200 23762 "http://www.ancis.us/" "Mozilla/5.0 (X11; Linux x86_64) AppleWebKit/536.11 (KHTML, like Gecko) DumpRenderTree/0.0.0.0 Safari/536.11"
37.140.165.194 - - [19/Aug/2013:09:06:07 -0400] "GET /images/doc_pdf.gif HTTP/1.1" 200 1002 "-" "Mozilla/5.0 (compatible; YandexImages/3.0; +http://yandex.com/bots)"
46.252.68.74 - - [19/Aug/2013:09:24:35 -0400] "GET /scripts/photoalbum.js HTTP/1.1" 200 62481 "http://www.ancis.us/rci.html" "Mozilla/5.0 (Windows NT 6.2; WOW64) AppleWebKit/537.36 (KHTML, like Gecko) Chrome/28.0.1500.95 Safari/537.36"
173.188.181.175 - - [19/Aug/2013:10:51:05 -0400] "GET /images/AN-04-9-1.pdf HTTP/1.1" 200 936793 "-" "Mozilla/5.0 (Windows NT 6.1; WOW64) AppleWebKit/537.36 (KHTML, like Gecko) Chrome/28.0.1500.95 Safari/537.36"
75.18.240.165 - - [19/Aug/2013:12:53:38 -0400] "GET /scripts/9custom.css HTTP/1.1" 200 4174 "http://www.ancis.us/" "Mozilla/4.0 (compatible; MSIE 7.0; Windows NT 6.1; WOW64; Trident/6.0; SLCC2; .NET CLR 2.0.50727; .NET CLR 3.5.30729; .NET CLR 3.0.30729; Media Center PC 6.0; InfoPath.3; .NET4.0C; McAfee)"
140.32.120.188 - - [19/Aug/2013:13:45:53 -0400] "GET /images/SL-08-018_Final.pdf HTTP/1.1" 200 839607 "http://www.ancis.us/rci.html" "Mozilla/4.0 (compatible; MSIE 8.0; Windows NT 6.1; WOW64; Trident/4.0; SLCC2; .NET CLR 2.0.50727; .NET CLR 3.5.30729; .NET CLR 3.0.30729; .NET4.0C; .NET4.0E; InfoPath.3)"
140.32.120.188 - - [19/Aug/2013:13:45:55 -0400] "GET /images/SL-08-018_Final.pdf HTTP/1.1" 304 - "-" "Mozilla/4.0 (compatible; MSIE 8.0; Windows NT 6.1; WOW64; Trident/4.0; SLCC2; .NET CLR 2.0.50727; .NET CLR 3.5.30729; .NET CLR 3.0.30729; .NET4.0C; .NET4.0E; InfoPath.3)"
140.32.120.188 - - [19/Aug/2013:13:45:56 -0400] "GET /images/SL-08-018_Final.pdf HTTP/1.1" 304 - "-" "Mozilla/4.0 (compatible; MSIE 8.0; Windows NT 6.1; WOW64; Trident/4.0; SLCC2; .NET CLR 2.0.50727; .NET CLR 3.5.30729; .NET CLR 3.0.30729; .NET4.0C; .NET4.0E; InfoPath.3)"
65.55.52.94 - - [19/Aug/2013:21:34:12 -0400] "GET /scripts/template.css HTTP/1.1" 200 10212 "-" "Mozilla/5.0 (compatible; bingbot/2.0; +http://www.bing.com/bingbot.htm)"
91.207.9.226 - - [19/Aug/2013:09:32:22 -0400] "GET / HTTP/1.1" 200 28333 "http://mikaera.com/" "Mozilla/4.76 [en] (Windows NT 5.0; U)"
5.10.83.35 - - [19/Aug/2013:11:44:27 -0400] "GET / HTTP/1.1" 200 28333 "-" "Mozilla/5.0 (compatible; AhrefsBot/5.0; +http://ahrefs.com/robot/)"
75.18.240.165 - - [19/Aug/2013:12:53:38 -0400] "GET /scripts/template.css HTTP/1.1" 200 10212 "http://www.ancis.us/" "Mozilla/4.0 (compatible; MSIE 7.0; Windows NT 6.1; WOW64; Trident/6.0; SLCC2; .NET CLR 2.0.50727; .NET CLR 3.5.30729; .NET CLR 3.0.30729; Media Center PC 6.0; InfoPath.3; .NET4.0C; McAfee)"
140.32.120.188 - - [19/Aug/2013:13:39:33 -0400] "GET /images/SL-08-018_Final.pdf HTTP/1.1" 304 - "-" "Mozilla/4.0 (compatible; MSIE 8.0; Windows NT 6.1; WOW64; Trident/4.0; SLCC2; .NET CLR 2.0.50727; .NET CLR 3.5.30729; .NET CLR 3.0.30729; .NET4.0C; .NET4.0E; InfoPath.3)"
75.18.240.165 - - [19/Aug/2013:14:14:18 -0400] "GET /scripts/photoalbum.js HTTP/1.1" 200 62481 "http://www.ancis.us/" "Mozilla/4.0 (compatible; MSIE 7.0; Windows NT 6.1; WOW64; Trident/6.0; SLCC2; .NET CLR 2.0.50727; .NET CLR 3.5.30729; .NET CLR 3.0.30729; Media Center PC 6.0; InfoPath.3; .NET4.0C; McAfee)"
75.18.240.165 - - [19/Aug/2013:14:14:19 -0400] "GET /images/030113_1833_0009_osls.jpg HTTP/1.1" 200 5070 "http://www.ancis.us/" "Mozilla/4.0 (compatible; MSIE 7.0; Windows NT 6.1; WOW64; Trident/6.0; SLCC2; .NET CLR 2.0.50727; .NET CLR 3.5.30729; .NET CLR 3.0.30729; Media Center PC 6.0; InfoPath.3; .NET4.0C; McAfee)"
37.140.165.194 - - [19/Aug/2013:03:25:59 -0400] "GET /images/115_iStock-Fire9219-Final.jpg HTTP/1.1" 304 - "-" "Mozilla/5.0 (compatible; YandexImages/3.0; +http://yandex.com/bots)"
192.34.58.199 - - [19/Aug/2013:07:28:10 -0400] "GET /aboutus.html HTTP/1.1" 200 23818 "-" "Mozilla/5.0 (Windows NT 6.1; WOW64; rv:21.0) Gecko/20100101 Firefox/21.0"
66.249.75.29 - - [19/Aug/2013:01:00:58 -0400] "GET /projects/research.html HTTP/1.1" 304 - "-" "Mozilla/5.0 (iPhone; U; CPU iPhone OS 4_1 like Mac OS X; en-us) AppleWebKit/532.9 (KHTML, like Gecko) Version/4.0.5 Mobile/8B117 Safari/6531.22.7 (compatible; Googlebot-Mobile/2.1; +http://www.google.com/bot.html)"
192.34.58.199 - - [19/Aug/2013:07:28:10 -0400] "GET /home.html HTTP/1.1" 200 28333 "-" "Mozilla/5.0 (Windows NT 6.1; WOW64; rv:21.0) Gecko/20100101 Firefox/21.0"
210.71.217.252 - - [19/Aug/2013:07:56:01 -0400] "GET /images/030113_1833_0009_osls.jpg HTTP/1.1" 200 5070 "http://www.ancis.us/rci.html" "Mozilla/5.0 (Windows NT 6.1; WOW64) AppleWebKit/537.36 (KHTML, like Gecko) Chrome/27.0.1453.110 Safari/537.36 CoolNovo/2.0.9.11"
101.226.167.252 - - [19/Aug/2013:12:53:04 -0400] "GET /robots.txt HTTP/1.1" 200 25 "http://www.ancis.us/robots.txt" "Mozilla/4.0 (compatible; MSIE 8.0; Windows NT 6.1; Trident/4.0; SLCC2; .NET CLR 2.0.50727; .NET CLR 3.5.30729; .NET CLR 3.0.30729; Media Center PC 6.0; MDDR; .NET4.0C; .NET4.0E; .NET CLR 1.1.4322; Tablet PC 2.0); 360Spider"
66.249.75.29 - - [19/Aug/2013:14:50:59 -0400] "GET /scripts/website.css HTTP/1.1" 200 1785 "-" "Mozilla/5.0 (compatible; Googlebot/2.1; +http://www.google.com/bot.html)"
37.140.165.194 - - [19/Aug/2013:21:25:03 -0400] "GET /images/115_iStock-Drawing5307-Final.jpg HTTP/1.1" 304 - "-" "Mozilla/5.0 (compatible; YandexImages/3.0; +http://yandex.com/bots)"
220.181.132.215 - - [19/Aug/2013:04:31:07 -0400] "GET / HTTP/1.1" 200 28333 "http://ancis.us/" "Mozilla/4.0 (compatible; MSIE 8.0; Windows NT 6.1; Trident/4.0; SLCC2; .NET CLR 2.0.50727; .NET CLR 3.5.30729; .NET CLR 3.0.30729; Media Center PC 6.0; Tablet PC 2.0)"
75.18.240.165 - - [19/Aug/2013:19:25:16 -0400] "GET /scripts/user.js HTTP/1.1" 200 23762 "http://www.ancis.us/" "Mozilla/4.0 (compatible; MSIE 7.0; Windows NT 6.1; WOW64; Trident/6.0; SLCC2; .NET CLR 2.0.50727; .NET CLR 3.5.30729; .NET CLR 3.0.30729; Media Center PC 6.0; InfoPath.3; .NET4.0C; McAfee)"
75.18.240.165 - - [19/Aug/2013:19:25:16 -0400] "GET /images/140_ANCIS-Logo140.jpg HTTP/1.1" 200 5351 "http://www.ancis.us/" "Mozilla/4.0 (compatible; MSIE 7.0; Windows NT 6.1; WOW64; Trident/6.0; SLCC2; .NET CLR 2.0.50727; .NET CLR 3.5.30729; .NET CLR 3.0.30729; Media Center PC 6.0; InfoPath.3; .NET4.0C; McAfee)"
75.18.240.165 - - [19/Aug/2013:19:25:17 -0400] "GET /images/115_RCI-7.jpg HTTP/1.1" 200 1745 "http://www.ancis.us/" "Mozilla/4.0 (compatible; MSIE 7.0; Windows NT 6.1; WOW64; Trident/6.0; SLCC2; .NET CLR 2.0.50727; .NET CLR 3.5.30729; .NET CLR 3.0.30729; Media Center PC 6.0; InfoPath.3; .NET4.0C; McAfee)"
37.140.165.194 - - [19/Aug/2013:19:39:03 -0400] "GET /images/115_MagnusHerrlin-Fix-1F115.jpg HTTP/1.1" 304 - "-" "Mozilla/5.0 (compatible; YandexImages/3.0; +http://yandex.com/bots)"
121.247.73.175 - - [19/Aug/2013:00:51:37 -0400] "GET /scripts/print.css HTTP/1.1" 200 7623 "http://www.ancis.us/" "Mozilla/5.0 (Windows NT 5.1) AppleWebKit/537.36 (KHTML, like Gecko) Chrome/28.0.1500.95 Safari/537.36"
157.55.33.181 - - [19/Aug/2013:21:31:09 -0400] "GET /scripts/8.css HTTP/1.1" 200 844 "-" "Mozilla/5.0 (compatible; bingbot/2.0; +http://www.bing.com/bingbot.htm)"
173.228.119.46 - - [19/Aug/2013:23:47:25 -0400] "GET /publications.html HTTP/1.1" 200 60173 "https://www.google.com/" "Mozilla/5.0 (Macintosh; Intel Mac OS X 10_7_5) AppleWebKit/537.36 (KHTML, like Gecko) Chrome/28.0.1500.95 Safari/537.36"
173.228.119.46 - - [19/Aug/2013:23:47:26 -0400] "GET /images/70_iStock-BookCropF70.jpg HTTP/1.1" 200 2663 "http://www.ancis.us/publications.html" "Mozilla/5.0 (Macintosh; Intel Mac OS X 10_7_5) AppleWebKit/537.36 (KHTML, like Gecko) Chrome/28.0.1500.95 Safari/537.36"
173.228.119.46 - - [19/Aug/2013:23:47:27 -0400] "GET /favicon.ico HTTP/1.1" 404 575 "-" "Mozilla/5.0 (Macintosh; Intel Mac OS X 10_7_5) AppleWebKit/537.36 (KHTML, like Gecko) Chrome/28.0.1500.95 Safari/537.36"
37.140.165.194 - - [19/Aug/2013:13:01:10 -0400] "GET /images/70_iStock_at-signCropFinal.jpg HTTP/1.1" 304 - "-" "Mozilla/5.0 (compatible; YandexImages/3.0; +http://yandex.com/bots)"
65.55.52.113 - - [19/Aug/2013:03:53:16 -0400] "GET /images/Herrlin_Presentation_3-9-2010.pdf HTTP/1.1" 200 938629 "-" "Mozilla/5.0 (compatible; bingbot/2.0; +http://www.bing.com/bingbot.htm)"
37.228.107.38 - - [19/Aug/2013:07:26:59 -0400] "GET /images/70_iStock_FiberCropF70.jpg HTTP/1.1" 200 5102 "http://www.ancis.us/" "Opera/9.80 (BlackBerry; Opera Mini/7.1.33396/30.3697; U; en) Presto/2.8.119 Version/11.10"
192.34.58.199 - - [19/Aug/2013:07:28:08 -0400] "GET /../scripts/ic_globals_published.js HTTP/1.1" 400 226 "-" "Mozilla/5.0 (Windows NT 6.1; WOW64; rv:21.0) Gecko/20100101 Firefox/21.0"
192.34.58.199 - - [19/Aug/2013:07:28:11 -0400] "GET /services.html HTTP/1.1" 200 27445 "-" "Mozilla/5.0 (Windows NT 6.1; WOW64; rv:21.0) Gecko/20100101 Firefox/21.0"
92.249.127.111 - - [19/Aug/2013:07:20:43 -0400] "GET / HTTP/1.1" 200 28333 "http://www.bravica.im/ru/" "Mozilla/5.0 (compatible; news bot /2.1)"
66.249.75.29 - - [19/Aug/2013:16:51:14 -0400] "GET /images/IMAPS_ANCIS_9-30-2010.pdf HTTP/1.1" 304 - "-" "Mozilla/5.0 (compatible; Googlebot/2.1; +http://www.google.com/bot.html)"
75.18.240.165 - - [19/Aug/2013:19:25:16 -0400] "GET /scripts/photoalbum.js HTTP/1.1" 200 62481 "http://www.ancis.us/" "Mozilla/4.0 (compatible; MSIE 7.0; Windows NT 6.1; WOW64; Trident/6.0; SLCC2; .NET CLR 2.0.50727; .NET CLR 3.5.30729; .NET CLR 3.0.30729; Media Center PC 6.0; InfoPath.3; .NET4.0C; McAfee)"
75.18.240.165 - - [19/Aug/2013:19:25:17 -0400] "GET /images/030113_1833_0009_osls.jpg HTTP/1.1" 200 5070 "http://www.ancis.us/" "Mozilla/4.0 (compatible; MSIE 7.0; Windows NT 6.1; WOW64; Trident/6.0; SLCC2; .NET CLR 2.0.50727; .NET CLR 3.5.30729; .NET CLR 3.0.30729; Media Center PC 6.0; InfoPath.3; .NET4.0C; McAfee)"
75.18.240.165 - - [19/Aug/2013:12:53:45 -0400] "GET /images/030113_1833_0009_osls.jpg HTTP/1.1" 200 5070 "http://www.ancis.us/" "Mozilla/4.0 (compatible; MSIE 7.0; Windows NT 6.1; WOW64; Trident/6.0; SLCC2; .NET CLR 2.0.50727; .NET CLR 3.5.30729; .NET CLR 3.0.30729; Media Center PC 6.0; InfoPath.3; .NET4.0C; McAfee)"
75.18.240.165 - - [19/Aug/2013:14:14:18 -0400] "GET /scripts/ic_globals_published.js HTTP/1.1" 200 566 "http://www.ancis.us/" "Mozilla/4.0 (compatible; MSIE 7.0; Windows NT 6.1; WOW64; Trident/6.0; SLCC2; .NET CLR 2.0.50727; .NET CLR 3.5.30729; .NET CLR 3.0.30729; Media Center PC 6.0; InfoPath.3; .NET4.0C; McAfee)"
75.18.240.165 - - [19/Aug/2013:14:14:18 -0400] "GET /scripts/user.js HTTP/1.1" 200 23762 "http://www.ancis.us/" "Mozilla/4.0 (compatible; MSIE 7.0; Windows NT 6.1; WOW64; Trident/6.0; SLCC2; .NET CLR 2.0.50727; .NET CLR 3.5.30729; .NET CLR 3.0.30729; Media Center PC 6.0; InfoPath.3; .NET4.0C; McAfee)"
75.18.240.165 - - [19/Aug/2013:14:14:18 -0400] "GET /scripts/print.css HTTP/1.1" 200 7623 "http://www.ancis.us/" "Mozilla/4.0 (compatible; MSIE 7.0; Windows NT 6.1; WOW64; Trident/6.0; SLCC2; .NET CLR 2.0.50727; .NET CLR 3.5.30729; .NET CLR 3.0.30729; Media Center PC 6.0; InfoPath.3; .NET4.0C; McAfee)"
75.18.240.165 - - [19/Aug/2013:14:14:19 -0400] "GET /images/400_Servers-cropped-layer-final.jpg HTTP/1.1" 200 15228 "http://www.ancis.us/" "Mozilla/4.0 (compatible; MSIE 7.0; Windows NT 6.1; WOW64; Trident/6.0; SLCC2; .NET CLR 2.0.50727; .NET CLR 3.5.30729; .NET CLR 3.0.30729; Media Center PC 6.0; InfoPath.3; .NET4.0C; McAfee)"
75.18.240.165 - - [19/Aug/2013:14:14:19 -0400] "GET /images/115_RCI-7.jpg HTTP/1.1" 200 1745 "http://www.ancis.us/" "Mozilla/4.0 (compatible; MSIE 7.0; Windows NT 6.1; WOW64; Trident/6.0; SLCC2; .NET CLR 2.0.50727; .NET CLR 3.5.30729; .NET CLR 3.0.30729; Media Center PC 6.0; InfoPath.3; .NET4.0C; McAfee)"
75.18.240.165 - - [19/Aug/2013:14:14:19 -0400] "GET /images/70_iStock_zerosCropF70.jpg HTTP/1.1" 200 8404 "http://www.ancis.us/" "Mozilla/4.0 (compatible; MSIE 7.0; Windows NT 6.1; WOW64; Trident/6.0; SLCC2; .NET CLR 2.0.50727; .NET CLR 3.5.30729; .NET CLR 3.0.30729; Media Center PC 6.0; InfoPath.3; .NET4.0C; McAfee)"
176.9.233.141 - - [19/Aug/2013:15:13:08 -0400] "GET / HTTP/1.1" 200 28333 "-" "Mozilla/5.0 (iPhone; CPU iPhone OS 5_0_1 like Mac OS X) AppleWebKit/534.46 (KHTML, like Gecko) Version/5.1 Mobile/9A405 Safari/7534.48.3"
96.56.58.26 - - [19/Aug/2013:10:45:17 -0400] "GET /images/AN-04-9-1.pdf HTTP/1.1" 200 936793 "https://www.google.com/" "Mozilla/5.0 (Windows NT 6.1; WOW64) AppleWebKit/537.36 (KHTML, like Gecko) Chrome/28.0.1500.95 Safari/537.36"
96.56.58.26 - - [19/Aug/2013:10:45:25 -0400] "GET /favicon.ico HTTP/1.1" 404 575 "-" "Mozilla/5.0 (Windows NT 6.1; WOW64) AppleWebKit/537.36 (KHTML, like Gecko) Chrome/28.0.1500.95 Safari/537.36"
37.228.107.38 - - [19/Aug/2013:07:26:59 -0400] "GET /scripts/icwebsiteelement.css HTTP/1.1" 200 8132 "http://www.ancis.us/" "Opera/9.80 (BlackBerry; Opera Mini/7.1.33396/30.3697; U; en) Presto/2.8.119 Version/11.10"
37.228.107.38 - - [19/Aug/2013:07:27:00 -0400] "GET /images/70_iStock_DNAcropDBF70.jpg HTTP/1.1" 200 6073 "http://www.ancis.us/" "Opera/9.80 (BlackBerry; Opera Mini/7.1.33396/30.3697; U; en) Presto/2.8.119 Version/11.10"
140.32.120.188 - - [19/Aug/2013:13:42:38 -0400] "GET /rci.html HTTP/1.1" 200 28353 "http://www.google.com/url?sa=t&rct=j&q=RCI%2FRTI+astrea&source=web&cd=1&ved=0CCwQFjAA&url=http%3A%2F%2Fwww.ancis.us%2Frci.html&ei=AVkSUujMIqPkyQGk4YA4&usg=AFQjCNEmJyytRfAUhmfDR-504F15OckEDw&bvm=bv.50768961,d.aWc" "Mozilla/4.0 (compatible; MSIE 8.0; Windows NT 6.1; WOW64; Trident/4.0; SLCC2; .NET CLR 2.0.50727; .NET CLR 3.5.30729; .NET CLR 3.0.30729; .NET4.0C; .NET4.0E; InfoPath.3)"
140.32.120.188 - - [19/Aug/2013:13:42:38 -0400] "GET /scripts/7custom.css HTTP/1.1" 200 4512 "http://www.ancis.us/rci.html" "Mozilla/4.0 (compatible; MSIE 8.0; Windows NT 6.1; WOW64; Trident/4.0; SLCC2; .NET CLR 2.0.50727; .NET CLR 3.5.30729; .NET CLR 3.0.30729; .NET4.0C; .NET4.0E; InfoPath.3)"
140.32.120.188 - - [19/Aug/2013:13:42:38 -0400] "GET /scripts/print.css HTTP/1.1" 200 7623 "http://www.ancis.us/rci.html" "Mozilla/4.0 (compatible; MSIE 8.0; Windows NT 6.1; WOW64; Trident/4.0; SLCC2; .NET CLR 2.0.50727; .NET CLR 3.5.30729; .NET CLR 3.0.30729; .NET4.0C; .NET4.0E; InfoPath.3)"
140.32.120.188 - - [19/Aug/2013:13:42:38 -0400] "GET /scripts/icwebsiteelement.css HTTP/1.1" 200 8132 "http://www.ancis.us/rci.html" "Mozilla/4.0 (compatible; MSIE 8.0; Windows NT 6.1; WOW64; Trident/4.0; SLCC2; .NET CLR 2.0.50727; .NET CLR 3.5.30729; .NET CLR 3.0.30729; .NET4.0C; .NET4.0E; InfoPath.3)"
140.32.120.188 - - [19/Aug/2013:13:43:09 -0400] "GET /images/RCI--for_Website.pdf HTTP/1.1" 200 170721 "http://www.ancis.us/rci.html" "Mozilla/4.0 (compatible; MSIE 8.0; Windows NT 6.1; WOW64; Trident/4.0; SLCC2; .NET CLR 2.0.50727; .NET CLR 3.5.30729; .NET CLR 3.0.30729; .NET4.0C; .NET4.0E; InfoPath.3)"
189.221.129.63 - - [19/Aug/2013:14:16:59 -0400] "GET /scripts/photoalbum.js HTTP/1.1" 200 62481 "http://www.ancis.us/" "Mozilla/5.0 (Windows NT 6.1) AppleWebKit/537.36 (KHTML, like Gecko) Chrome/28.0.1500.95 Safari/537.36"
46.252.68.74 - - [19/Aug/2013:04:21:17 -0400] "GET /scripts/ic_globals_published.js HTTP/1.1" 200 566 "http://ancis.us/publications/rci.html" "Mozilla/5.0 (Windows NT 6.2; WOW64) AppleWebKit/537.36 (KHTML, like Gecko) Chrome/28.0.1500.95 Safari/537.36"
46.252.68.74 - - [19/Aug/2013:04:21:17 -0400] "GET /scripts/7custom.css HTTP/1.1" 200 4512 "http://ancis.us/publications/rci.html" "Mozilla/5.0 (Windows NT 6.2; WOW64) AppleWebKit/537.36 (KHTML, like Gecko) Chrome/28.0.1500.95 Safari/537.36"
