46.252.68.74 - - [19/Aug/2013:04:21:19 -0400] "GET /images/doc_pdf.gif HTTP/1.1" 200 1002 "http://ancis.us/publications/rci.html" "Mozilla/5.0 (Windows NT 6.2; WOW64) AppleWebKit/537.36 (KHTML, like Gecko) Chrome/28.0.1500.95 Safari/537.36"
84.95.88.100 - - [19/Aug/2013:04:29:20 -0400] "GET / HTTP/1.0" 200 28333 "-" "Mozilla/4.0 (PDA; SL-C750/1.0,Embedix/Qtopia/1.3.0) NetFront/3.0 Zaurus C750"
75.18.240.165 - - [19/Aug/2013:12:30:03 -0400] "GET /scripts/ic_globals_published.js HTTP/1.1" 200 566 "http://www.ancis.us/" "Mozilla/4.0 (compatible; MSIE 7.0; Windows NT 6.1; WOW64; Trident/6.0; SLCC2; .NET CLR 2.0.50727; .NET CLR 3.5.30729; .NET CLR 3.0.30729; Media Center PC 6.0; InfoPath.3; .NET4.0C; McAfee)"
75.18.240.165 - - [19/Aug/2013:12:30:04 -0400] "GET /scripts/9custom.css HTTP/1.1" 200 4174 "http://www.ancis.us/" "Mozilla/4.0 (compatible; MSIE 7.0; Windows NT 6.1; WOW64; Trident/6.0; SLCC2; .NET CLR 2.0.50727; .NET CLR 3.5.30729; .NET CLR 3.0.30729; Media Center PC 6.0; InfoPath.3; .NET4.0C; McAfee)"
75.18.240.165 - - [19/Aug/2013:12:30:04 -0400] "GET /images/400_Servers-cropped-layer-final.jpg HTTP/1.1" 200 15228 "http://www.ancis.us/" "Mozilla/4.0 (compatible; MSIE 7.0; Windows NT 6.1; WOW64; Trident/6.0; SLCC2; .NET CLR 2.0.50727; .NET CLR 3.5.30729; .NET CLR 3.0.30729; Media Center PC 6.0; InfoPath.3; .NET4.0C; McAfee)"
75.18.240.165 - - [19/Aug/2013:12:30:04 -0400] "GET /images/115_RCI-7.jpg HTTP/1.1" 200 1745 "http://www.ancis.us/" "Mozilla/4.0 (compatible; MSIE 7.0; Windows NT 6.1; WOW64; Trident/6.0; SLCC2; .NET CLR 2.0.50727; .NET CLR 3.5.30729; .NET CLR 3.0.30729; Media Center PC 6.0; InfoPath.3; .NET4.0C; McAfee)"
88.198.227.103 - - [19/Aug/2013:20:02:08 -0400] "GET /robots.txt HTTP/1.0" 200 25 "-" "Mozilla/5.0 (X11; U; Linux i686; en-US) AppleWebKit/533.3 (KHTML, like Gecko) Chrome/5.0.358.0 Safari/533.3"
121.247.73.175 - - [19/Aug/2013:00:51:39 -0400] "GET /favicon.ico HTTP/1.1" 404 575 "-" "Mozilla/5.0 (Windows NT 5.1) AppleWebKit/537.36 (KHTML, like Gecko) Chrome/28.0.1500.95 Safari/537.36"
212.118.128.35 - - [19/Aug/2013:02:24:46 -0400] "GET /images/AN-04-9-1.pdf HTTP/1.1" 200 936793 "http://www.google.com.sa/url?sa=t&rct=j&q=&esrc=s&frm=1&source=web&cd=2&cad=rja&ved=0CC8QFjAB&url=http%3A%2F%2Fancis.us%2Fimages%2FAN-04-9-1.pdf&ei=JLoRUvjvLMnOhAeLioCYBA&usg=AFQjCNEawvePXbpGq5cPapqyJQ_FmK8fMw" "Mozilla/5.0 (compatible; MSIE 10.0; Windows NT 6.2; WOW64; Trident/6.0; Touch; MALCJS)"
46.252.68.74 - - [19/Aug/2013:04:12:08 -0400] "GET /images/RCI.pdf HTTP/1.1" 206 108316 "http://ancis.us/images/RCI.pdf" "Mozilla/5.0 (Windows NT 6.2; WOW64) AppleWebKit/537.36 (KHTML, like Gecko) Chrome/28.0.1500.95 Safari/537.36"
46.252.68.74 - - [19/Aug/2013:04:12:11 -0400] "GET /images/RCI.pdf HTTP/1.1" 206 32768 "http://ancis.us/images/RCI.pdf" "Mozilla/5.0 (Windows NT 6.2; WOW64) AppleWebKit/537.36 (KHTML, like Gecko) Chrome/28.0.1500.95 Safari/537.36"
46.252.68.74 - - [19/Aug/2013:04:12:12 -0400] "GET /images/RCI.pdf HTTP/1.1" 206 32768 "http://ancis.us/images/RCI.pdf" "Mozilla/5.0 (Windows NT 6.2; WOW64) AppleWebKit/537.36 (KHTML, like Gecko) Chrome/28.0.1500.95 Safari/537.36"
46.252.68.74 - - [19/Aug/2013:04:12:14 -0400] "GET /images/RCI.pdf HTTP/1.1" 206 32768 "http://ancis.us/images/RCI.pdf" "Mozilla/5.0 (Windows NT 6.2; WOW64) AppleWebKit/537.36 (KHTML, like Gecko) Chrome/28.0.1500.95 Safari/537.36"
46.252.68.74 - - [19/Aug/2013:04:12:15 -0400] "GET /images/RCI.pdf HTTP/1.1" 206 36661 "http://ancis.us/images/RCI.pdf" "Mozilla/5.0 (Windows NT 6.2; WOW64) AppleWebKit/537.36 (KHTML, like Gecko) Chrome/28.0.1500.95 Safari/537.36"
46.252.68.74 - - [19/Aug/2013:04:12:16 -0400] "GET /favicon.ico HTTP/1.1" 404 575 "-" "Mozilla/5.0 (Windows NT 6.2; WOW64) AppleWebKit/537.36 (KHTML, like Gecko) Chrome/28.0.1500.95 Safari/537.36"
124.128.39.98 - - [19/Aug/2013:04:19:29 -0400] "GET /images/SL-08-018_Final.pdf HTTP/1.1" 206 32768 "http://ancis.us/images/SL-08-018_Final.pdf" "Mozilla/5.0 (Windows NT 5.1) AppleWebKit/537.1 (KHTML, like Gecko) Chrome/21.0.1180.89 Safari/537.1"
124.128.39.98 - - [19/Aug/2013:04:19:30 -0400] "GET /images/RCI.pdf HTTP/1.1" 206 32768 "http://ancis.us/images/RCI.pdf" "Mozilla/5.0 (Windows NT 5.1) AppleWebKit/537.1 (KHTML, like Gecko) Chrome/21.0.1180.89 Safari/537.1"
124.128.39.98 - - [19/Aug/2013:04:19:31 -0400] "GET /images/RCI.pdf HTTP/1.1" 206 108316 "http://ancis.us/images/RCI.pdf" "Mozilla/5.0 (Windows NT 5.1) AppleWebKit/537.1 (KHTML, like Gecko) Chrome/21.0.1180.89 Safari/537.1"
124.128.39.98 - - [19/Aug/2013:04:19:34 -0400] "GET /images/RCI.pdf HTTP/1.1" 206 32768 "http://ancis.us/images/RCI.pdf" "Mozilla/5.0 (Windows NT 5.1) AppleWebKit/537.1 (KHTML, like Gecko) Chrome/21.0.1180.89 Safari/537.1"
124.128.39.98 - - [19/Aug/2013:04:19:34 -0400] "GET /images/RCI.pdf HTTP/1.1" 206 32768 "http://ancis.us/images/RCI.pdf" "Mozilla/5.0 (Windows NT 5.1) AppleWebKit/537.1 (KHTML, like Gecko) Chrome/21.0.1180.89 Safari/537.1"
124.128.39.98 - - [19/Aug/2013:04:19:35 -0400] "GET /images/RCI.pdf HTTP/1.1" 206 32768 "http://ancis.us/images/RCI.pdf" "Mozilla/5.0 (Windows NT 5.1) AppleWebKit/537.1 (KHTML, like Gecko) Chrome/21.0.1180.89 Safari/537.1"
124.128.39.98 - - [19/Aug/2013:04:19:37 -0400] "GET /images/RCI.pdf HTTP/1.1" 206 36661 "http://ancis.us/images/RCI.pdf" "Mozilla/5.0 (Windows NT 5.1) AppleWebKit/537.1 (KHTML, like Gecko) Chrome/21.0.1180.89 Safari/537.1"
37.228.107.38 - - [19/Aug/2013:07:26:59 -0400] "GET /scripts/ic_globals_published.js HTTP/1.1" 200 566 "http://www.ancis.us/" "Opera/9.80 (BlackBerry; Opera Mini/7.1.33396/30.3697; U; en) Presto/2.8.119 Version/11.10"
37.228.107.38 - - [19/Aug/2013:07:26:59 -0400] "GET /scripts/photoalbum.js HTTP/1.1" 200 62481 "http://www.ancis.us/" "Opera/9.80 (BlackBerry; Opera Mini/7.1.33396/30.3697; U; en) Presto/2.8.119 Version/11.10"
37.228.107.38 - - [19/Aug/2013:07:26:59 -0400] "GET /scripts/website.css HTTP/1.1" 200 1785 "http://www.ancis.us/" "Opera/9.80 (BlackBerry; Opera Mini/7.1.33396/30.3697; U; en) Presto/2.8.119 Version/11.10"
37.228.107.38 - - [19/Aug/2013:07:26:59 -0400] "GET /images/400_Servers-cropped-layer-final.jpg HTTP/1.1" 200 15228 "http://www.ancis.us/" "Opera/9.80 (BlackBerry; Opera Mini/7.1.33396/30.3697; U; en) Presto/2.8.119 Version/11.10"
150.70.97.123 - - [19/Aug/2013:07:35:28 -0400] "GET /images/SL-08-018_Final.pdf HTTP/1.1" 200 839607 "-" "Mozilla/4.0 (compatible; MSIE 8.0; Windows NT 5.1; Trident/4.0)"
121.247.73.175 - - [19/Aug/2013:00:51:31 -0400] "GET / HTTP/1.1" 200 28333 "http://www.google.co.in/url?sa=f&rct=j&url=http://www.ancis.us/&q=ancis&ei=UKQRUqDxNIuQrgfixoHoBA&usg=AFQjCNFU0SwaU3xLjLlSIDCu8H9d4TEVrQ" "Mozilla/5.0 (Windows NT 5.1) AppleWebKit/537.36 (KHTML, like Gecko) Chrome/28.0.1500.95 Safari/537.36"
125.209.208.2 - - [19/Aug/2013:01:54:46 -0400] "GET / HTTP/1.1" 200 28333 "-" "Yeti/1.0 (NHN Corp.; http://help.naver.com/robots/)"
37.140.165.194 - - [19/Aug/2013:02:49:36 -0400] "GET /robots.txt HTTP/1.1" 200 25 "-" "Mozilla/5.0 (compatible; YandexImages/3.0; +http://yandex.com/bots)"
75.18.240.165 - - [19/Aug/2013:12:53:46 -0400] "GET /images/70_iStock_FiberCropF70.jpg HTTP/1.1" 200 5102 "http://www.ancis.us/" "Mozilla/4.0 (compatible; MSIE 7.0; Windows NT 6.1; WOW64; Trident/6.0; SLCC2; .NET CLR 2.0.50727; .NET CLR 3.5.30729; .NET CLR 3.0.30729; Media Center PC 6.0; InfoPath.3; .NET4.0C; McAfee)"
210.71.217.252 - - [19/Aug/2013:07:56:00 -0400] "GET /scripts/7custom.css HTTP/1.1" 200 4512 "http://www.ancis.us/rci.html" "Mozilla/5.0 (Windows NT 6.1; WOW64) AppleWebKit/537.36 (KHTML, like Gecko) Chrome/27.0.1453.110 Safari/537.36 CoolNovo/2.0.9.11"
81.252.247.28 - - [19/Aug/2013:17:39:51 -0400] "GET /images/SL-08-018_Final.pdf HTTP/1.1" 200 839607 "-" "Mozilla/5.0 (iPad; CPU OS 6_1_3 like Mac OS X) AppleWebKit/536.26 (KHTML, like Gecko) Version/6.0 Mobile/10B329 Safari/8536.25"
66.249.75.29 - - [19/Aug/2013:16:33:04 -0400] "GET /images/ANCIS-Telcordia_Intelec_2010_Paper_Final.pdf HTTP/1.1" 200 86120 "-" "SAMSUNG-SGH-E250/1.0 Profile/MIDP-2.0 Configuration/CLDC-1.1 UP.Browser/6.2.3.3.c.1.101 (GUI) MMP/2.0 (compatible; Googlebot-Mobile/2.1; +http://www.google.com/bot.html)"
66.249.75.29 - - [19/Aug/2013:17:29:55 -0400] "GET /publications.html HTTP/1.1" 304 - "-" "Mozilla/5.0 (iPhone; U; CPU iPhone OS 4_1 like Mac OS X; en-us) AppleWebKit/532.9 (KHTML, like Gecko) Version/4.0.5 Mobile/8B117 Safari/6531.22.7 (compatible; Googlebot-Mobile/2.1; +http://www.google.com/bot.html)"
65.55.52.94 - - [19/Aug/2013:20:28:01 -0400] "GET /robots.txt HTTP/1.1" 200 25 "-" "Mozilla/5.0 (compatible; bingbot/2.0; +http://www.bing.com/bingbot.htm)"
124.128.39.98 - - [19/Aug/2013:04:19:29 -0400] "GET /images/SL-08-018_Final.pdf HTTP/1.1" 200 839607 "http://www.google.com.hk/url?sa=t&rct=j&q=Herrlin%20rci%20%20&source=web&cd=2&cad=rja&ved=0CDYQFjAB&url=%68%74%74%70%3a%2f%2f%61%6e%63%69%73%2e%75%73%2f%69%6d%61%67%65%73%2f%53%4c%2d%30%38%2d%30%31%38%5f%46%69%6e%61%6c%2e%70%64%66&ei=BNURUr7HHdG5iAeqzYHoAw&usg=AFQjCNF5nYKyTu3Sfl2kdtzMmTW-MR4H7A&bvm=bv.50768961,d.aGc" "Mozilla/5.0 (Windows NT 5.1) AppleWebKit/537.1 (KHTML, like Gecko) Chrome/21.0.1180.89 Safari/537.1"
220.181.132.17 - - [19/Aug/2013:04:50:41 -0400] "GET /scripts/9custom.css HTTP/1.1" 200 4174 "http://ancis.us/" "Mozilla/5.0 (X11; Linux x86_64) AppleWebKit/536.11 (KHTML, like Gecko) DumpRenderTree/0.0.0.0 Safari/536.11"
91.207.9.226 - - [19/Aug/2013:09:32:24 -0400] "GET / HTTP/1.1" 200 28333 "http://mikaera.com/" "Mozilla/4.76 [en] (Windows NT 5.0; U)"
193.106.136.50 - - [19/Aug/2013:09:51:26 -0400] "GET / HTTP/1.1" 200 28333 "http://www.studia-silk.ru/" "Opera/7.54 (Windows NT 5.1; U) [pl]"
173.188.181.175 - - [19/Aug/2013:10:51:05 -0400] "GET /images/AN-04-9-1.pdf HTTP/1.1" 206 904025 "http://ancis.us/images/AN-04-9-1.pdf" "Mozilla/5.0 (Windows NT 6.1; WOW64) AppleWebKit/537.36 (KHTML, like Gecko) Chrome/28.0.1500.95 Safari/537.36"
173.188.181.175 - - [19/Aug/2013:10:51:08 -0400] "GET /favicon.ico HTTP/1.1" 404 575 "-" "Mozilla/5.0 (Windows NT 6.1; WOW64) AppleWebKit/537.36 (KHTML, like Gecko) Chrome/28.0.1500.95 Safari/537.36"
75.18.240.165 - - [19/Aug/2013:14:14:18 -0400] "GET /scripts/website.css HTTP/1.1" 200 1785 "http://www.ancis.us/" "Mozilla/4.0 (compatible; MSIE 7.0; Windows NT 6.1; WOW64; Trident/6.0; SLCC2; .NET CLR 2.0.50727; .NET CLR 3.5.30729; .NET CLR 3.0.30729; Media Center PC 6.0; InfoPath.3; .NET4.0C; McAfee)"
75.18.240.165 - - [19/Aug/2013:14:14:19 -0400] "GET /scripts/9custom.css HTTP/1.1" 200 4174 "http://www.ancis.us/" "Mozilla/4.0 (compatible; MSIE 7.0; Windows NT 6.1; WOW64; Trident/6.0; SLCC2; .NET CLR 2.0.50727; .NET CLR 3.5.30729; .NET CLR 3.0.30729; Media Center PC 6.0; InfoPath.3; .NET4.0C; McAfee)"
189.221.129.63 - - [19/Aug/2013:14:16:59 -0400] "GET /scripts/website.css HTTP/1.1" 200 1785 "http://www.ancis.us/" "Mozilla/5.0 (Windows NT 6.1) AppleWebKit/537.36 (KHTML, like Gecko) Chrome/28.0.1500.95 Safari/537.36"
189.221.129.63 - - [19/Aug/2013:14:16:59 -0400] "GET /images/140_ANCIS-Logo140.jpg HTTP/1.1" 200 5351 "http://www.ancis.us/" "Mozilla/5.0 (Windows NT 6.1) AppleWebKit/537.36 (KHTML, like Gecko) Chrome/28.0.1500.95 Safari/537.36"
189.221.129.63 - - [19/Aug/2013:14:16:59 -0400] "GET /images/70_iStock_zerosCropF70.jpg HTTP/1.1" 200 8404 "http://www.ancis.us/" "Mozilla/5.0 (Windows NT 6.1) AppleWebKit/537.36 (KHTML, like Gecko) Chrome/28.0.1500.95 Safari/537.36"
199.21.99.71 - - [19/Aug/2013:07:53:38 -0400] "GET /pages/1/ HTTP/1.1" 200 187 "-" "Mozilla/5.0 (compatible; YandexBot/3.0; +http://yandex.com/bots)"
210.71.217.252 - - [19/Aug/2013:07:55:59 -0400] "GET /rci.html HTTP/1.1" 200 28353 "https://www.google.com.tw/" "Mozilla/5.0 (Windows NT 6.1; WOW64) AppleWebKit/537.36 (KHTML, like Gecko) Chrome/27.0.1453.110 Safari/537.36 CoolNovo/2.0.9.11"
121.247.73.175 - - [19/Aug/2013:00:51:32 -0400] "GET /scripts/icwebsiteelement.css HTTP/1.1" 200 8132 "http://www.ancis.us/" "Mozilla/5.0 (Windows NT 5.1) AppleWebKit/537.36 (KHTML, like Gecko) Chrome/28.0.1500.95 Safari/537.36"
157.55.33.181 - - [19/Aug/2013:06:32:30 -0400] "GET /robots.txt HTTP/1.1" 200 25 "-" "Mozilla/5.0 (compatible; bingbot/2.0; +http://www.bing.com/bingbot.htm)"
37.140.165.194 - - [19/Aug/2013:07:14:01 -0400] "GET /images/115_iStock-TheGlobe7135-cropped.jpg HTTP/1.1" 304 - "-" "Mozilla/5.0 (compatible; YandexImages/3.0; +http://yandex.com/bots)"
192.34.58.199 - - [19/Aug/2013:07:28:10 -0400] "GET /projects/datacenters.html HTTP/1.1" 200 21354 "-" "Mozilla/5.0 (Windows NT 6.1; WOW64; rv:21.0) Gecko/20100101 Firefox/21.0"
210.71.217.252 - - [19/Aug/2013:07:56:00 -0400] "GET /scripts/user.js HTTP/1.1" 200 23762 "http://www.ancis.us/rci.html" "Mozilla/5.0 (Windows NT 6.1; WOW64) AppleWebKit/537.36 (KHTML, like Gecko) Chrome/27.0.1453.110 Safari/537.36 CoolNovo/2.0.9.11"
37.140.165.194 - - [19/Aug/2013:11:17:30 -0400] "GET /images/115_iStock-Themometer59553-Fina.jpg HTTP/1.1" 304 - "-" "Mozilla/5.0 (compatible; YandexImages/3.0; +http://yandex.com/bots)"
75.18.240.165 - - [19/Aug/2013:12:30:03 -0400] "GET / HTTP/1.1" 200 28333 "-" "Mozilla/4.0 (compatible; MSIE 7.0; Windows NT 6.1; WOW64; Trident/6.0; SLCC2; .NET CLR 2.0.50727; .NET CLR 3.5.30729; .NET CLR 3.0.30729; Media Center PC 6.0; InfoPath.3; .NET4.0C; McAfee)"
75.18.240.165 - - [19/Aug/2013:12:30:04 -0400] "GET /scripts/icwebsiteelement.css HTTP/1.1" 200 8132 "http://www.ancis.us/" "Mozilla/4.0 (compatible; MSIE 7.0; Windows NT 6.1; WOW64; Trident/6.0; SLCC2; .NET CLR 2.0.50727; .NET CLR 3.5.30729; .NET CLR 3.0.30729; Media Center PC 6.0; InfoPath.3; .NET4.0C; McAfee)"
75.18.240.165 - - [19/Aug/2013:12:30:05 -0400] "GET /images/70_iStock_zerosCropF70.jpg HTTP/1.1" 200 8404 "http://www.ancis.us/" "Mozilla/4.0 (compatible; MSIE 7.0; Windows NT 6.1; WOW64; Trident/6.0; SLCC2; .NET CLR 2.0.50727; .NET CLR 3.5.30729; .NET CLR 3.0.30729; Media Center PC 6.0; InfoPath.3; .NET4.0C; McAfee)"
75.18.240.165 - - [19/Aug/2013:12:53:38 -0400] "GET /scripts/9custom.css HTTP/1.1" 200 4174 "http://www.ancis.us/" "Mozilla/4.0 (compatible; MSIE 7.0; Windows NT 6.1; WOW64; Trident/6.0; SLCC2; .NET CLR 2.0.50727; .NET CLR 3.5.30729; .NET CLR 3.0.30729; Media Center PC 6.0; InfoPath.3; .NET4.0C; McAfee)"
212.118.128.35 - - [19/Aug/2013:02:24:47 -0400] "GET /images/AN-04-9-1.pdf HTTP/1.1" 206 4096 "-" "Mozilla/5.0 (compatible; MSIE 10.0; Windows NT 6.2; WOW64; Trident/6.0; Touch; MALCJS)"
212.118.128.35 - - [19/Aug/2013:02:24:47 -0400] "GET /images/AN-04-9-1.pdf HTTP/1.1" 206 832785 "-" "Mozilla/5.0 (compatible; MSIE 10.0; Windows NT 6.2; WOW64; Trident/6.0; Touch; MALCJS)"
220.181.132.16 - - [19/Aug/2013:04:57:16 -0400] "GET /scripts/9custom.css HTTP/1.1" 200 4174 "http://www.ancis.us/" "Mozilla/5.0 (X11; Linux x86_64) AppleWebKit/536.11 (KHTML, like Gecko) DumpRenderTree/0.0.0.0 Safari/536.11"
173.228.119.46 - - [19/Aug/2013:23:47:25 -0400] "GET /scripts/website.css HTTP/1.1" 200 1785 "http://www.ancis.us/publications.html" "Mozilla/5.0 (Macintosh; Intel Mac OS X 10_7_5) AppleWebKit/537.36 (KHTML, like Gecko) Chrome/28.0.1500.95 Safari/537.36"
173.228.119.46 - - [19/Aug/2013:23:47:25 -0400] "GET /scripts/user.js HTTP/1.1" 200 23762 "http://www.ancis.us/publications.html" "Mozilla/5.0 (Macintosh; Intel Mac OS X 10_7_5) AppleWebKit/537.36 (KHTML, like Gecko) Chrome/28.0.1500.95 Safari/537.36"
173.228.119.46 - - [19/Aug/2013:23:47:26 -0400] "GET /images/030113_1833_0009_osls.jpg HTTP/1.1" 200 5070 "http://www.ancis.us/publications.html" "Mozilla/5.0 (Macintosh; Intel Mac OS X 10_7_5) AppleWebKit/537.36 (KHTML, like Gecko) Chrome/28.0.1500.95 Safari/537.36"
65.55.52.113 - - [19/Aug/2013:03:52:30 -0400] "GET /robots.txt HTTP/1.1" 200 25 "-" "Mozilla/5.0 (compatible; bingbot/2.0; +http://www.bing.com/bingbot.htm)"
220.181.132.17 - - [19/Aug/2013:04:50:41 -0400] "GET /scripts/website.css HTTP/1.1" 200 1785 "http://ancis.us/" "Mozilla/5.0 (X11; Linux x86_64) AppleWebKit/536.11 (KHTML, like Gecko) DumpRenderTree/0.0.0.0 Safari/536.11"
220.181.132.17 - - [19/Aug/2013:04:50:42 -0400] "GET /scripts/user.js HTTP/1.1" 200 23762 "http://ancis.us/" "Mozilla/5.0 (X11; Linux x86_64) AppleWebKit/536.11 (KHTML, like Gecko) DumpRenderTree/0.0.0.0 Safari/536.11"
121.247.73.175 - - [19/Aug/2013:00:51:32 -0400] "GET /scripts/9custom.css HTTP/1.1" 200 4174 "http://www.ancis.us/" "Mozilla/5.0 (Windows NT 5.1) AppleWebKit/537.36 (KHTML, like Gecko) Chrome/28.0.1500.95 Safari/537.36"
75.18.240.165 - - [19/Aug/2013:19:25:16 -0400] "GET /scripts/ic_globals_published.js HTTP/1.1" 200 566 "http://www.ancis.us/" "Mozilla/4.0 (compatible; MSIE 7.0; Windows NT 6.1; WOW64; Trident/6.0; SLCC2; .NET CLR 2.0.50727; .NET CLR 3.5.30729; .NET CLR 3.0.30729; Media Center PC 6.0; InfoPath.3; .NET4.0C; McAfee)"
75.18.240.165 - - [19/Aug/2013:19:25:16 -0400] "GET /scripts/print.css HTTP/1.1" 200 7623 "http://www.ancis.us/" "Mozilla/4.0 (compatible; MSIE 7.0; Windows NT 6.1; WOW64; Trident/6.0; SLCC2; .NET CLR 2.0.50727; .NET CLR 3.5.30729; .NET CLR 3.0.30729; Media Center PC 6.0; InfoPath.3; .NET4.0C; McAfee)"
75.18.240.165 - - [19/Aug/2013:19:25:16 -0400] "GET /scripts/9custom.css HTTP/1.1" 200 4174 "http://www.ancis.us/" "Mozilla/4.0 (compatible; MSIE 7.0; Windows NT 6.1; WOW64; Trident/6.0; SLCC2; .NET CLR 2.0.50727; .NET CLR 3.5.30729; .NET CLR 3.0.30729; Media Center PC 6.0; InfoPath.3; .NET4.0C; McAfee)"
75.18.240.165 - - [19/Aug/2013:19:25:17 -0400] "GET /images/70_iStock_FiberCropF70.jpg HTTP/1.1" 200 5102 "http://www.ancis.us/" "Mozilla/4.0 (compatible; MSIE 7.0; Windows NT 6.1; WOW64; Trident/6.0; SLCC2; .NET CLR 2.0.50727; .NET CLR 3.5.30729; .NET CLR 3.0.30729; Media Center PC 6.0; InfoPath.3; .NET4.0C; McAfee)"
37.228.107.38 - - [19/Aug/2013:07:26:59 -0400] "GET /scripts/9custom.css HTTP/1.1" 200 4174 "http://www.ancis.us/" "Opera/9.80 (BlackBerry; Opera Mini/7.1.33396/30.3697; U; en) Presto/2.8.119 Version/11.10"
37.228.107.38 - - [19/Aug/2013:07:27:00 -0400] "GET /images/70_iStock_zerosCropF70.jpg HTTP/1.1" 200 8404 "http://www.ancis.us/" "Opera/9.80 (BlackBerry; Opera Mini/7.1.33396/30.3697; U; en) Presto/2.8.119 Version/11.10"
75.18.240.165 - - [19/Aug/2013:12:10:46 -0400] "GET /scripts/print.css HTTP/1.1" 200 7623 "http://www.ancis.us/" "Mozilla/4.0 (compatible; MSIE 7.0; Windows NT 6.1; WOW64; Trident/6.0; SLCC2; .NET CLR 2.0.50727; .NET CLR 3.5.30729; .NET CLR 3.0.30729; Media Center PC 6.0; InfoPath.3; .NET4.0C; McAfee)"
75.18.240.165 - - [19/Aug/2013:12:10:46 -0400] "GET /images/140_ANCIS-Logo140.jpg HTTP/1.1" 200 5351 "http://www.ancis.us/" "Mozilla/4.0 (compatible; MSIE 7.0; Windows NT 6.1; WOW64; Trident/6.0; SLCC2; .NET CLR 2.0.50727; .NET CLR 3.5.30729; .NET CLR 3.0.30729; Media Center PC 6.0; InfoPath.3; .NET4.0C; McAfee)"
121.247.73.175 - - [19/Aug/2013:00:51:38 -0400] "GET /images/115_RCI-7.jpg HTTP/1.1" 200 1745 "http://www.ancis.us/" "Mozilla/5.0 (Windows NT 5.1) AppleWebKit/537.36 (KHTML, like Gecko) Chrome/28.0.1500.95 Safari/537.36"
157.55.33.181 - - [19/Aug/2013:01:57:55 -0400] "GET /robots.txt HTTP/1.1" 200 25 "-" "Mozilla/5.0 (compatible; bingbot/2.0; +http://www.bing.com/bingbot.htm)"
86.8.77.46 - - [19/Aug/2013:07:04:53 -0400] "GET /scripts/photoalbum.js HTTP/1.1" 200 62481 "http://www.ancis.us/publications.html" "Mozilla/5.0 (Windows NT 6.1; WOW64) AppleWebKit/537.36 (KHTML, like Gecko) Chrome/28.0.1500.95 Safari/537.36"
86.8.77.46 - - [19/Aug/2013:07:04:54 -0400] "GET /scripts/print.css HTTP/1.1" 200 7623 "http://www.ancis.us/publications.html" "Mozilla/5.0 (Windows NT 6.1; WOW64) AppleWebKit/537.36 (KHTML, like Gecko) Chrome/28.0.1500.95 Safari/537.36"
8.28.16.254 - - [19/Aug/2013:07:33:52 -0400] "GET /images/SL-08-018_Final.pdf HTTP/1.1" 200 839607 "-" "Mozilla/4.0 (compatible; MSIE 7.0; Windows NT 5.1; InfoPath.1; .NET CLR 2.0.50727; .NET CLR 1.1.4322; MS-RTC LM 8; .NET CLR 3.0.4506.2152; .NET CLR 3.5.30729)"
199.58.86.211 - - [19/Aug/2013:08:54:02 -0400] "GET / HTTP/1.0" 200 28333 "-" "Mozilla/5.0 (compatible; MJ12bot/v1.4.3; http://www.majestic12.co.uk/bot.php?+)"
157.55.33.181 - - [19/Aug/2013:10:03:08 -0400] "GET /robots.txt HTTP/1.1" 200 25 "-" "Mozilla/5.0 (compatible; bingbot/2.0; +http://www.bing.com/bingbot.htm)"
75.18.240.165 - - [19/Aug/2013:12:53:45 -0400] "GET /images/115_RCI-7.jpg HTTP/1.1" 200 1745 "http://www.ancis.us/" "Mozilla/4.0 (compatible; MSIE 7.0; Windows NT 6.1; WOW64; Trident/6.0; SLCC2; .NET CLR 2.0.50727; .NET CLR 3.5.30729; .NET CLR 3.0.30729; Media Center PC 6.0; InfoPath.3; .NET4.0C; McAfee)"
37.140.165.194 - - [19/Aug/2013:23:09:35 -0400] "GET /images/70_iStock_at-signCropFinal.jpg HTTP/1.1" 304 - "-" "Mozilla/5.0 (compatible; YandexImages/3.0; +http://yandex.com/bots)"
46.119.118.152 - - [19/Aug/2013:02:16:11 -0400] "GET / HTTP/1.1" 200 28333 "http://www.bravica.ch/ru/" "Opera/9.00 (Windows NT 5.1; U; en)"
46.252.68.74 - - [19/Aug/2013:04:12:06 -0400] "GET /images/RCI.pdf HTTP/1.1" 200 276049 "https://www.google.co.uk/" "Mozilla/5.0 (Windows NT 6.2; WOW64) AppleWebKit/537.36 (KHTML, like Gecko) Chrome/28.0.1500.95 Safari/537.36"
157.55.33.181 - - [19/Aug/2013:06:32:53 -0400] "GET / HTTP/1.1" 200 28333 "-" "Mozilla/5.0 (compatible; bingbot/2.0; +http://www.bing.com/bingbot.htm)"
86.8.77.46 - - [19/Aug/2013:07:04:53 -0400] "GET /scripts/user.js HTTP/1.1" 200 23762 "http://www.ancis.us/publications.html" "Mozilla/5.0 (Windows NT 6.1; WOW64) AppleWebKit/537.36 (KHTML, like Gecko) Chrome/28.0.1500.95 Safari/537.36"
86.8.77.46 - - [19/Aug/2013:07:04:53 -0400] "GET /images/120_ANCIS-Logo120.jpg HTTP/1.1" 200 4323 "http://www.ancis.us/publications.html" "Mozilla/5.0 (Windows NT 6.1; WOW64) AppleWebKit/537.36 (KHTML, like Gecko) Chrome/28.0.1500.95 Safari/537.36"
210.71.217.252 - - [19/Aug/2013:07:33:56 -0400] "GET /favicon.ico HTTP/1.1" 404 575 "-" "Mozilla/5.0 (Windows NT 6.1; WOW64) AppleWebKit/537.36 (KHTML, like Gecko) Chrome/27.0.1453.110 Safari/537.36 CoolNovo/2.0.9.11"
210.71.217.252 - - [19/Aug/2013:07:56:00 -0400] "GET /scripts/print.css HTTP/1.1" 200 7623 "http://www.ancis.us/rci.html" "Mozilla/5.0 (Windows NT 6.1; WOW64) AppleWebKit/537.36 (KHTML, like Gecko) Chrome/27.0.1453.110 Safari/537.36 CoolNovo/2.0.9.11"
173.188.181.175 - - [19/Aug/2013:10:51:05 -0400] "GET /images/AN-04-9-1.pdf HTTP/1.1" 206 32768 "http://ancis.us/images/AN-04-9-1.pdf" "Mozilla/5.0 (Windows NT 6.1; WOW64) AppleWebKit/537.36 (KHTML, like Gecko) Chrome/28.0.1500.95 Safari/537.36"
173.188.181.175 - - [19/Aug/2013:10:51:05 -0400] "GET /favicon.ico HTTP/1.1" 404 575 "-" "Mozilla/5.0 (Windows NT 6.1; WOW64) AppleWebKit/537.36 (KHTML, like Gecko) Chrome/28.0.1500.95 Safari/537.36"
75.18.240.165 - - [19/Aug/2013:12:10:46 -0400] "GET /scripts/ic_globals_published.js HTTP/1.1" 200 566 "http://www.ancis.us/" "Mozilla/4.0 (compatible; MSIE 7.0; Windows NT 6.1; WOW64; Trident/6.0; SLCC2; .NET CLR 2.0.50727; .NET CLR 3.5.30729; .NET CLR 3.0.30729; Media Center PC 6.0; InfoPath.3; .NET4.0C; McAfee)"
75.18.240.165 - - [19/Aug/2013:12:10:46 -0400] "GET /scripts/template.css HTTP/1.1" 200 10212 "http://www.ancis.us/" "Mozilla/4.0 (compatible; MSIE 7.0; Windows NT 6.1; WOW64; Trident/6.0; SLCC2; .NET CLR 2.0.50727; .NET CLR 3.5.30729; .NET CLR 3.0.30729; Media Center PC 6.0; InfoPath.3; .NET4.0C; McAfee)"
75.18.240.165 - - [19/Aug/2013:12:10:46 -0400] "GET /images/400_Servers-cropped-layer-final.jpg HTTP/1.1" 200 15228 "http://www.ancis.us/" "Mozilla/4.0 (compatible; MSIE 7.0; Windows NT 6.1; WOW64; Trident/6.0; SLCC2; .NET CLR 2.0.50727; .NET CLR 3.5.30729; .NET CLR 3.0.30729; Media Center PC 6.0; InfoPath.3; .NET4.0C; McAfee)"
75.18.240.165 - - [19/Aug/2013:12:53:47 -0400] "GET /favicon.ico HTTP/1.1" 404 575 "-" "Mozilla/4.0 (compatible; MSIE 7.0; Windows NT 6.1; Win64; x64; Trident/6.0; .NET CLR 2.0.50727; SLCC2; .NET CLR 3.5.30729; .NET CLR 3.0.30729; Media Center PC 6.0; InfoPath.3; .NET4.0C; McAfee)"
86.8.77.46 - - [19/Aug/2013:07:04:53 -0400] "GET /publications.html HTTP/1.1" 200 60173 "https://www.google.co.uk/" "Mozilla/5.0 (Windows NT 6.1; WOW64) AppleWebKit/537.36 (KHTML, like Gecko) Chrome/28.0.1500.95 Safari/537.36"
86.8.77.46 - - [19/Aug/2013:07:04:53 -0400] "GET /images/doc_pdf.gif HTTP/1.1" 200 1002 "http://www.ancis.us/publications.html" "Mozilla/5.0 (Windows NT 6.1; WOW64) AppleWebKit/537.36 (KHTML, like Gecko) Chrome/28.0.1500.95 Safari/537.36"
86.8.77.46 - - [19/Aug/2013:07:04:54 -0400] "GET /images/030113_1833_0009_osls.jpg HTTP/1.1" 200 5070 "http://www.ancis.us/publications.html" "Mozilla/5.0 (Windows NT 6.1; WOW64) AppleWebKit/537.36 (KHTML, like Gecko) Chrome/28.0.1500.95 Safari/537.36"
86.8.77.46 - - [19/Aug/2013:07:04:54 -0400] "GET /favicon.ico HTTP/1.1" 404 575 "-" "Mozilla/5.0 (Windows NT 6.1; WOW64) AppleWebKit/537.36 (KHTML, like Gecko) Chrome/28.0.1500.95 Safari/537.36"
192.34.58.199 - - [19/Aug/2013:07:28:11 -0400] "GET /projects.html HTTP/1.1" 200 21575 "-" "Mozilla/5.0 (Windows NT 6.1; WOW64; rv:21.0) Gecko/20100101 Firefox/21.0"
210.71.217.252 - - [19/Aug/2013:07:56:00 -0400] "GET /scripts/website.css HTTP/1.1" 200 1785 "http://www.ancis.us/rci.html" "Mozilla/5.0 (Windows NT 6.1; WOW64) AppleWebKit/537.36 (KHTML, like Gecko) Chrome/27.0.1453.110 Safari/537.36 CoolNovo/2.0.9.11"
210.71.217.252 - - [19/Aug/2013:07:56:01 -0400] "GET /images/doc_pdf.gif HTTP/1.1" 200 1002 "http://www.ancis.us/rci.html" "Mozilla/5.0 (Windows NT 6.1; WOW64) AppleWebKit/537.36 (KHTML, like Gecko) Chrome/27.0.1453.110 Safari/537.36 CoolNovo/2.0.9.11"
37.140.165.194 - - [19/Aug/2013:12:03:33 -0400] "GET /images/115_MagnusHerrlin-Fix-1F115.jpg HTTP/1.1" 304 - "-" "Mozilla/5.0 (compatible; YandexImages/3.0; +http://yandex.com/bots)"
84.95.88.100 - - [19/Aug/2013:03:09:02 -0400] "GET /robots.txt HTTP/1.0" 200 25 "-" "Mozilla/4.0 (PDA; SL-C750/1.0,Embedix/Qtopia/1.3.0) NetFront/3.0 Zaurus C750"
220.181.132.17 - - [19/Aug/2013:04:50:41 -0400] "GET /scripts/icwebsiteelement.css HTTP/1.1" 200 8132 "http://ancis.us/" "Mozilla/5.0 (X11; Linux x86_64) AppleWebKit/536.11 (KHTML, like Gecko) DumpRenderTree/0.0.0.0 Safari/536.11"
24.247.155.131 - - [19/Aug/2013:22:46:50 -0400] "GET /administrator/index.php HTTP/1.0" 403 225 "-" "Mozilla/5.0 (Windows NT 6.1; rv:19.0) Gecko/20100101 Firefox/19.0"
140.32.120.188 - - [19/Aug/2013:13:42:38 -0400] "GET /scripts/ic_globals_published.js HTTP/1.1" 200 566 "http://www.ancis.us/rci.html" "Mozilla/4.0 (compatible; MSIE 8.0; Windows NT 6.1; WOW64; Trident/4.0; SLCC2; .NET CLR 2.0.50727; .NET CLR 3.5.30729; .NET CLR 3.0.30729; .NET4.0C; .NET4.0E; InfoPath.3)"
140.32.120.188 - - [19/Aug/2013:13:42:38 -0400] "GET /scripts/template.css HTTP/1.1" 200 10212 "http://www.ancis.us/rci.html" "Mozilla/4.0 (compatible; MSIE 8.0; Windows NT 6.1; WOW64; Trident/4.0; SLCC2; .NET CLR 2.0.50727; .NET CLR 3.5.30729; .NET CLR 3.0.30729; .NET4.0C; .NET4.0E; InfoPath.3)"
121.247.73.175 - - [19/Aug/2013:00:51:38 -0400] "GET /images/400_Servers-cropped-layer-final.jpg HTTP/1.1" 200 15228 "http://www.ancis.us/" "Mozilla/5.0 (Windows NT 5.1) AppleWebKit/537.36 (KHTML, like Gecko) Chrome/28.0.1500.95 Safari/537.36"
220.181.132.17 - - [19/Aug/2013:04:50:41 -0400] "GET / HTTP/1.1" 200 28333 "-" "Mozilla/5.0 (X11; Linux x86_64) AppleWebKit/536.11 (KHTML, like Gecko) DumpRenderTree/0.0.0.0 Safari/536.11"
220.181.132.16 - - [19/Aug/2013:04:57:16 -0400] "GET / HTTP/1.1" 200 28333 "-" "Mozilla/5.0 (X11; Linux x86_64) AppleWebKit/536.11 (KHTML, like Gecko) DumpRenderTree/0.0.0.0 Safari/536.11"
37.140.165.194 - - [19/Aug/2013:05:04:53 -0400] "GET /images/115_iStock-PullStation3001-Fina.jpg HTTP/1.1" 304 - "-" "Mozilla/5.0 (compatible; YandexImages/3.0; +http://yandex.com/bots)"
125.209.208.12 - - [19/Aug/2013:05:35:03 -0400] "GET /robots.txt HTTP/1.1" 200 25 "-" "Yeti/1.0 (NHN Corp.; http://help.naver.com/robots/)"
46.252.68.74 - - [19/Aug/2013:09:24:34 -0400] "GET /rci.html HTTP/1.1" 200 28353 "https://www.google.co.uk/" "Mozilla/5.0 (Windows NT 6.2; WOW64) AppleWebKit/537.36 (KHTML, like Gecko) Chrome/28.0.1500.95 Safari/537.36"
75.18.240.165 - - [19/Aug/2013:12:10:38 -0400] "GET / HTTP/1.1" 200 28333 "-" "Mozilla/4.0 (compatible; MSIE 7.0; Windows NT 6.1; WOW64; Trident/6.0; SLCC2; .NET CLR 2.0.50727; .NET CLR 3.5.30729; .NET CLR 3.0.30729; Media Center PC 6.0; InfoPath.3; .NET4.0C; McAfee)"
75.18.240.165 - - [19/Aug/2013:12:10:46 -0400] "GET /scripts/photoalbum.js HTTP/1.1" 200 62481 "http://www.ancis.us/" "Mozilla/4.0 (compatible; MSIE 7.0; Windows NT 6.1; WOW64; Trident/6.0; SLCC2; .NET CLR 2.0.50727; .NET CLR 3.5.30729; .NET CLR 3.0.30729; Media Center PC 6.0; InfoPath.3; .NET4.0C; McAfee)"
75.18.240.165 - - [19/Aug/2013:12:30:03 -0400] "GET /scripts/photoalbum.js HTTP/1.1" 200 62481 "http://www.ancis.us/" "Mozilla/4.0 (compatible; MSIE 7.0; Windows NT 6.1; WOW64; Trident/6.0; SLCC2; .NET CLR 2.0.50727; .NET CLR 3.5.30729; .NET CLR 3.0.30729; Media Center PC 6.0; InfoPath.3; .NET4.0C; McAfee)"
75.18.240.165 - - [19/Aug/2013:12:30:04 -0400] "GET /images/030113_1833_0009_osls.jpg HTTP/1.1" 200 5070 "http://www.ancis.us/" "Mozilla/4.0 (compatible; MSIE 7.0; Windows NT 6.1; WOW64; Trident/6.0; SLCC2; .NET CLR 2.0.50727; .NET CLR 3.5.30729; .NET CLR 3.0.30729; Media Center PC 6.0; InfoPath.3; .NET4.0C; McAfee)"
37.228.107.38 - - [19/Aug/2013:07:26:59 -0400] "GET /favicon.ico HTTP/1.1" 404 575 "http://www.ancis.us/" "Opera/9.80 (BlackBerry; Opera Mini/7.1.33396/30.3697; U; en) Presto/2.8.119 Version/11.10"
192.34.58.199 - - [19/Aug/2013:07:28:08 -0400] "GET /scripts/photoalbum.js HTTP/1.1" 200 62481 "-" "Mozilla/5.0 (Windows NT 6.1; WOW64; rv:21.0) Gecko/20100101 Firefox/21.0"
103.4.125.30 - - [19/Aug/2013:23:55:44 -0400] "GET /favicon.ico HTTP/1.1" 404 575 "-" "Mozilla/5.0 (Windows NT 6.1; WOW64; rv:17.0) Gecko/20100101 Firefox/17.0"
46.252.68.74 - - [19/Aug/2013:04:21:17 -0400] "GET /scripts/photoalbum.js HTTP/1.1" 200 62481 "http://ancis.us/publications/rci.html" "Mozilla/5.0 (Windows NT 6.2; WOW64) AppleWebKit/537.36 (KHTML, like Gecko) Chrome/28.0.1500.95 Safari/537.36"
46.252.68.74 - - [19/Aug/2013:04:21:19 -0400] "GET /scripts/print.css HTTP/1.1" 200 7623 "http://ancis.us/publications/rci.html" "Mozilla/5.0 (Windows NT 6.2; WOW64) AppleWebKit/537.36 (KHTML, like Gecko) Chrome/28.0.1500.95 Safari/537.36"
46.252.68.74 - - [19/Aug/2013:04:21:21 -0400] "GET /images/RCI.pdf HTTP/1.1" 206 796 "http://ancis.us/images/RCI.pdf" "Mozilla/5.0 (Windows NT 6.2; WOW64) AppleWebKit/537.36 (KHTML, like Gecko) Chrome/28.0.1500.95 Safari/537.36"
46.252.68.74 - - [19/Aug/2013:04:21:21 -0400] "GET /images/RCI.pdf HTTP/1.1" 206 431 "http://ancis.us/images/RCI.pdf" "Mozilla/5.0 (Windows NT 6.2; WOW64) AppleWebKit/537.36 (KHTML, like Gecko) Chrome/28.0.1500.95 Safari/537.36"
46.252.68.74 - - [19/Aug/2013:04:21:21 -0400] "GET /images/RCI.pdf HTTP/1.1" 206 228 "http://ancis.us/images/RCI.pdf" "Mozilla/5.0 (Windows NT 6.2; WOW64) AppleWebKit/537.36 (KHTML, like Gecko) Chrome/28.0.1500.95 Safari/537.36"
46.252.68.74 - - [19/Aug/2013:04:21:21 -0400] "GET /images/RCI.pdf HTTP/1.1" 206 593 "http://ancis.us/images/RCI.pdf" "Mozilla/5.0 (Windows NT 6.2; WOW64) AppleWebKit/537.36 (KHTML, like Gecko) Chrome/28.0.1500.95 Safari/537.36"
46.252.68.74 - - [19/Aug/2013:04:21:21 -0400] "GET /favicon.ico HTTP/1.1" 404 575 "-" "Mozilla/5.0 (Windows NT 6.2; WOW64) AppleWebKit/537.36 (KHTML, like Gecko) Chrome/28.0.1500.95 Safari/537.36"
46.252.68.74 - - [19/Aug/2013:09:24:35 -0400] "GET /scripts/ic_globals_published.js HTTP/1.1" 200 566 "http://www.ancis.us/rci.html" "Mozilla/5.0 (Windows NT 6.2; WOW64) AppleWebKit/537.36 (KHTML, like Gecko) Chrome/28.0.1500.95 Safari/537.36"
46.252.68.74 - - [19/Aug/2013:09:24:35 -0400] "GET /scripts/template.css HTTP/1.1" 200 10212 "http://www.ancis.us/rci.html" "Mozilla/5.0 (Windows NT 6.2; WOW64) AppleWebKit/537.36 (KHTML, like Gecko) Chrome/28.0.1500.95 Safari/537.36"
46.252.68.74 - - [19/Aug/2013:09:24:35 -0400] "GET /scripts/7custom.css HTTP/1.1" 200 4512 "http://www.ancis.us/rci.html" "Mozilla/5.0 (Windows NT 6.2; WOW64) AppleWebKit/537.36 (KHTML, like Gecko) Chrome/28.0.1500.95 Safari/537.36"
180.76.5.19 - - [19/Aug/2013:11:03:56 -0400] "GET /services/modeling.html HTTP/1.1" 200 26204 "-" "Mozilla/5.0 (compatible; Baiduspider/2.0; +http://www.baidu.com/search/spider.html)"
140.32.120.188 - - [19/Aug/2013:13:42:38 -0400] "GET /scripts/user.js HTTP/1.1" 200 23762 "http://www.ancis.us/rci.html" "Mozilla/4.0 (compatible; MSIE 8.0; Windows NT 6.1; WOW64; Trident/4.0; SLCC2; .NET CLR 2.0.50727; .NET CLR 3.5.30729; .NET CLR 3.0.30729; .NET4.0C; .NET4.0E; InfoPath.3)"
140.32.120.188 - - [19/Aug/2013:13:42:43 -0400] "GET /scripts/photoalbum.js HTTP/1.1" 200 62481 "http://www.ancis.us/rci.html" "Mozilla/4.0 (compatible; MSIE 8.0; Windows NT 6.1; WOW64; Trident/4.0; SLCC2; .NET CLR 2.0.50727; .NET CLR 3.5.30729; .NET CLR 3.0.30729; .NET4.0C; .NET4.0E; InfoPath.3)"
75.18.240.165 - - [19/Aug/2013:12:30:03 -0400] "GET /scripts/website.css HTTP/1.1" 200 1785 "http://www.ancis.us/" "Mozilla/4.0 (compatible; MSIE 7.0; Windows NT 6.1; WOW64; Trident/6.0; SLCC2; .NET CLR 2.0.50727; .NET CLR 3.5.30729; .NET CLR 3.0.30729; Media Center PC 6.0; InfoPath.3; .NET4.0C; McAfee)"
75.18.240.165 - - [19/Aug/2013:12:30:04 -0400] "GET /scripts/print.css HTTP/1.1" 200 7623 "http://www.ancis.us/" "Mozilla/4.0 (compatible; MSIE 7.0; Windows NT 6.1; WOW64; Trident/6.0; SLCC2; .NET CLR 2.0.50727; .NET CLR 3.5.30729; .NET CLR 3.0.30729; Media Center PC 6.0; InfoPath.3; .NET4.0C; McAfee)"
140.32.120.188 - - [19/Aug/2013:13:42:49 -0400] "GET /favicon.ico HTTP/1.1" 404 575 "-" "Mozilla/4.0 (compatible; MSIE 8.0; Windows NT 6.1; WOW64; Trident/4.0; SLCC2; .NET CLR 2.0.50727; .NET CLR 3.5.30729; .NET CLR 3.0.30729; .NET4.0C; .NET4.0E; InfoPath.3)"
173.228.119.46 - - [19/Aug/2013:23:47:25 -0400] "GET /scripts/8.css HTTP/1.1" 200 844 "http://www.ancis.us/publications.html" "Mozilla/5.0 (Macintosh; Intel Mac OS X 10_7_5) AppleWebKit/537.36 (KHTML, like Gecko) Chrome/28.0.1500.95 Safari/537.36"
173.228.119.46 - - [19/Aug/2013:23:47:25 -0400] "GET /scripts/photoalbum.js HTTP/1.1" 200 62481 "http://www.ancis.us/publications.html" "Mozilla/5.0 (Macintosh; Intel Mac OS X 10_7_5) AppleWebKit/537.36 (KHTML, like Gecko) Chrome/28.0.1500.95 Safari/537.36"
173.228.119.46 - - [19/Aug/2013:23:47:26 -0400] "GET /scripts/print.css HTTP/1.1" 200 7623 "http://www.ancis.us/publications.html" "Mozilla/5.0 (Macintosh; Intel Mac OS X 10_7_5) AppleWebKit/537.36 (KHTML, like Gecko) Chrome/28.0.1500.95 Safari/537.36"
46.252.68.74 - - [19/Aug/2013:04:21:17 -0400] "GET /publications/rci.html HTTP/1.1" 200 20206 "https://www.google.co.uk/" "Mozilla/5.0 (Windows NT 6.2; WOW64) AppleWebKit/537.36 (KHTML, like Gecko) Chrome/28.0.1500.95 Safari/537.36"
46.252.68.74 - - [19/Aug/2013:04:21:19 -0400] "GET /images/030113_1833_0009_osls.jpg HTTP/1.1" 200 5070 "http://ancis.us/publications/rci.html" "Mozilla/5.0 (Windows NT 6.2; WOW64) AppleWebKit/537.36 (KHTML, like Gecko) Chrome/28.0.1500.95 Safari/537.36"
220.181.127.232 - - [19/Aug/2013:04:43:25 -0400] "GET / HTTP/1.1" 200 28333 "http://www.ancis.us/" "Mozilla/4.0 (compatible; MSIE 8.0; Windows NT 6.1; Trident/4.0; SLCC2; .NET CLR 2.0.50727; .NET CLR 3.5.30729; .NET CLR 3.0.30729; Media Center PC 6.0; Tablet PC 2.0)"
46.252.68.74 - - [19/Aug/2013:04:21:17 -0400] "GET /scripts/website.css HTTP/1.1" 200 1785 "http://ancis.us/publications/rci.html" "Mozilla/5.0 (Windows NT 6.2; WOW64) AppleWebKit/537.36 (KHTML, like Gecko) Chrome/28.0.1500.95 Safari/537.36"
46.252.68.74 - - [19/Aug/2013:04:21:17 -0400] "GET /scripts/icwebsiteelement.css HTTP/1.1" 200 8132 "http://ancis.us/publications/rci.html" "Mozilla/5.0 (Windows NT 6.2; WOW64) AppleWebKit/537.36 (KHTML, like Gecko) Chrome/28.0.1500.95 Safari/537.36"
46.252.68.74 - - [19/Aug/2013:04:21:19 -0400] "GET /images/70_iStock-BookCropF70.jpg HTTP/1.1" 200 2663 "http://ancis.us/publications/rci.html" "Mozilla/5.0 (Windows NT 6.2; WOW64) AppleWebKit/537.36 (KHTML, like Gecko) Chrome/28.0.1500.95 Safari/537.36"
46.252.68.74 - - [19/Aug/2013:04:21:21 -0400] "GET /favicon.ico HTTP/1.1" 404 575 "-" "Mozilla/5.0 (Windows NT 6.2; WOW64) AppleWebKit/537.36 (KHTML, like Gecko) Chrome/28.0.1500.95 Safari/537.36"
46.252.68.74 - - [19/Aug/2013:04:21:21 -0400] "GET /favicon.ico HTTP/1.1" 404 575 "-" "Mozilla/5.0 (Windows NT 6.2; WOW64) AppleWebKit/537.36 (KHTML, like Gecko) Chrome/28.0.1500.95 Safari/537.36"
75.18.240.165 - - [19/Aug/2013:19:25:16 -0400] "GET /scripts/template.css HTTP/1.1" 200 10212 "http://www.ancis.us/" "Mozilla/4.0 (compatible; MSIE 7.0; Windows NT 6.1; WOW64; Trident/6.0; SLCC2; .NET CLR 2.0.50727; .NET CLR 3.5.30729; .NET CLR 3.0.30729; Media Center PC 6.0; InfoPath.3; .NET4.0C; McAfee)"
75.18.240.165 - - [19/Aug/2013:19:25:16 -0400] "GET /scripts/icwebsiteelement.css HTTP/1.1" 200 8132 "http://www.ancis.us/" "Mozilla/4.0 (compatible; MSIE 7.0; Windows NT 6.1; WOW64; Trident/6.0; SLCC2; .NET CLR 2.0.50727; .NET CLR 3.5.30729; .NET CLR 3.0.30729; Media Center PC 6.0; InfoPath.3; .NET4.0C; McAfee)"
75.18.240.165 - - [19/Aug/2013:19:25:17 -0400] "GET /images/70_iStock_zerosCropF70.jpg HTTP/1.1" 200 8404 "http://www.ancis.us/" "Mozilla/4.0 (compatible; MSIE 7.0; Windows NT 6.1; WOW64; Trident/6.0; SLCC2; .NET CLR 2.0.50727; .NET CLR 3.5.30729; .NET CLR 3.0.30729; Media Center PC 6.0; InfoPath.3; .NET4.0C; McAfee)"
66.249.75.29 - - [19/Aug/2013:19:32:05 -0400] "GET /images/Herrlin_Presentation_3-9-2010.pdf HTTP/1.1" 304 - "-" "Mozilla/5.0 (compatible; Googlebot/2.1; +http://www.google.com/bot.html)"
66.249.75.29 - - [19/Aug/2013:19:43:23 -0400] "GET /images/Microsoft_PowerPoint_-_ANCIS_EPA_Slide_Show--FINAL.pdf HTTP/1.1" 304 - "-" "Mozilla/5.0 (iPhone; U; CPU iPhone OS 4_1 like Mac OS X; en-us) AppleWebKit/532.9 (KHTML, like Gecko) Version/4.0.5 Mobile/8B117 Safari/6531.22.7 (compatible; Googlebot-Mobile/2.1; +http://www.google.com/bot.html)"
74.3.203.90 - - [19/Aug/2013:07:31:12 -0400] "GET /tmp/cga.php HTTP/1.0" 404 575 "-" "Wget/1.11.4 Red Hat modified"
157.56.93.103 - - [19/Aug/2013:21:31:49 -0400] "GET /scripts/ic_globals_published.js HTTP/1.1" 200 566 "-" "Mozilla/5.0 (compatible; bingbot/2.0; +http://www.bing.com/bingbot.htm)"
66.249.75.29 - - [19/Aug/2013:22:28:55 -0400] "GET /images/New_York_08_Web.pdf HTTP/1.1" 304 - "-" "Mozilla/5.0 (iPhone; U; CPU iPhone OS 4_1 like Mac OS X; en-us) AppleWebKit/532.9 (KHTML, like Gecko) Version/4.0.5 Mobile/8B117 Safari/6531.22.7 (compatible; Googlebot-Mobile/2.1; +http://www.google.com/bot.html)"
66.249.75.29 - - [19/Aug/2013:23:31:43 -0400] "GET /robots.txt HTTP/1.1" 200 25 "-" "Mozilla/5.0 (compatible; Googlebot/2.1; +http://www.google.com/bot.html)"
103.4.125.30 - - [19/Aug/2013:23:55:43 -0400] "GET /favicon.ico HTTP/1.1" 404 575 "-" "Mozilla/5.0 (Windows NT 6.1; WOW64; rv:17.0) Gecko/20100101 Firefox/17.0"
75.18.240.165 - - [19/Aug/2013:12:53:38 -0400] "GET /scripts/print.css HTTP/1.1" 200 7623 "http://www.ancis.us/" "Mozilla/4.0 (compatible; MSIE 7.0; Windows NT 6.1; WOW64; Trident/6.0; SLCC2; .NET CLR 2.0.50727; .NET CLR 3.5.30729; .NET CLR 3.0.30729; Media Center PC 6.0; InfoPath.3; .NET4.0C; McAfee)"
75.18.240.165 - - [19/Aug/2013:12:53:39 -0400] "GET /images/140_ANCIS-Logo140.jpg HTTP/1.1" 200 5351 "http://www.ancis.us/" "Mozilla/4.0 (compatible; MSIE 7.0; Windows NT 6.1; WOW64; Trident/6.0; SLCC2; .NET CLR 2.0.50727; .NET CLR 3.5.30729; .NET CLR 3.0.30729; Media Center PC 6.0; InfoPath.3; .NET4.0C; McAfee)"
37.140.165.194 - - [19/Aug/2013:20:24:22 -0400] "GET /images/115_iStock-Themometer59553-Fina.jpg HTTP/1.1" 304 - "-" "Mozilla/5.0 (compatible; YandexImages/3.0; +http://yandex.com/bots)"
65.55.52.113 - - [19/Aug/2013:21:32:29 -0400] "GET /scripts/8custom.css HTTP/1.1" 200 16676 "-" "Mozilla/5.0 (compatible; bingbot/2.0; +http://www.bing.com/bingbot.htm)"
37.140.165.194 - - [19/Aug/2013:05:36:27 -0400] "GET /images/70_iStock_zerosCropF70.jpg HTTP/1.1" 304 - "-" "Mozilla/5.0 (compatible; YandexImages/3.0; +http://yandex.com/bots)"
66.249.75.29 - - [19/Aug/2013:17:15:28 -0400] "GET /images/Herrlin_Quebec_City--Website.pdf HTTP/1.1" 304 - "-" "Mozilla/5.0 (compatible; Googlebot/2.1; +http://www.google.com/bot.html)"
86.8.77.46 - - [19/Aug/2013:07:04:53 -0400] "GET /scripts/template.css HTTP/1.1" 200 10212 "http://www.ancis.us/publications.html" "Mozilla/5.0 (Windows NT 6.1; WOW64) AppleWebKit/537.36 (KHTML, like Gecko) Chrome/28.0.1500.95 Safari/537.36"
86.8.77.46 - - [19/Aug/2013:07:04:53 -0400] "GET /images/70_iStock-BookCropF70.jpg HTTP/1.1" 200 2663 "http://www.ancis.us/publications.html" "Mozilla/5.0 (Windows NT 6.1; WOW64) AppleWebKit/537.36 (KHTML, like Gecko) Chrome/28.0.1500.95 Safari/537.36"
74.3.203.90 - - [19/Aug/2013:01:21:28 -0400] "GET /tmp/agg.php HTTP/1.0" 404 575 "-" "Wget/1.11.4 Red Hat modified"
75.18.240.165 - - [19/Aug/2013:12:10:57 -0400] "GET /favicon.ico HTTP/1.1" 404 575 "-" "Mozilla/4.0 (compatible; MSIE 7.0; Windows NT 6.1; Win64; x64; Trident/6.0; .NET CLR 2.0.50727; SLCC2; .NET CLR 3.5.30729; .NET CLR 3.0.30729; Media Center PC 6.0; InfoPath.3; .NET4.0C; McAfee)"
8.28.16.254 - - [19/Aug/2013:13:42:38 -0400] "GET /rci.html HTTP/1.1" 200 28353 "-" "Mozilla/4.0 (compatible; MSIE 7.0; Windows NT 5.1; InfoPath.1; .NET CLR 2.0.50727; .NET CLR 1.1.4322; MS-RTC LM 8; .NET CLR 3.0.4506.2152; .NET CLR 3.5.30729)"
46.119.118.152 - - [19/Aug/2013:02:16:15 -0400] "GET / HTTP/1.1" 200 28333 "http://cleaning-uborka.ru/" "Opera/9.00 (Windows NT 5.1; U; en)"
92.249.127.111 - - [19/Aug/2013:07:20:44 -0400] "GET / HTTP/1.1" 200 28333 "http://www.bravica.im/ru/" "Mozilla/5.0 (compatible; news bot /2.1)"
150.70.75.32 - - [19/Aug/2013:07:36:34 -0400] "GET /images/SL-08-018_Final.pdf HTTP/1.0" 200 839607 "-" "Mozilla/4.0 (compatible; MSIE 6.0; Windows NT 5.1)"
75.18.240.165 - - [19/Aug/2013:12:10:55 -0400] "GET /images/70_iStock_FiberCropF70.jpg HTTP/1.1" 200 5102 "http://www.ancis.us/" "Mozilla/4.0 (compatible; MSIE 7.0; Windows NT 6.1; WOW64; Trident/6.0; SLCC2; .NET CLR 2.0.50727; .NET CLR 3.5.30729; .NET CLR 3.0.30729; Media Center PC 6.0; InfoPath.3; .NET4.0C; McAfee)"
189.90.66.5 - - [19/Aug/2013:13:25:47 -0400] "GET /favicon.ico HTTP/1.1" 404 575 "-" "Mozilla/5.0 (Windows NT 6.1) AppleWebKit/537.36 (KHTML, like Gecko) Chrome/28.0.1500.95 Safari/537.36"
66.249.75.29 - - [19/Aug/2013:13:40:17 -0400] "GET / HTTP/1.1" 200 28333 "-" "DoCoMo/2.0 N905i(c100;TB;W24H16) (compatible; Googlebot-Mobile/2.1; +http://www.google.com/bot.html)"
140.32.120.188 - - [19/Aug/2013:13:42:43 -0400] "GET /images/030113_1833_0009_osls.jpg HTTP/1.1" 200 5070 "http://www.ancis.us/rci.html" "Mozilla/4.0 (compatible; MSIE 8.0; Windows NT 6.1; WOW64; Trident/4.0; SLCC2; .NET CLR 2.0.50727; .NET CLR 3.5.30729; .NET CLR 3.0.30729; .NET4.0C; .NET4.0E; InfoPath.3)"
140.32.120.188 - - [19/Aug/2013:13:42:44 -0400] "GET /images/120_ANCIS-Logo120.jpg HTTP/1.1" 200 4323 "http://www.ancis.us/rci.html" "Mozilla/4.0 (compatible; MSIE 8.0; Windows NT 6.1; WOW64; Trident/4.0; SLCC2; .NET CLR 2.0.50727; .NET CLR 3.5.30729; .NET CLR 3.0.30729; .NET4.0C; .NET4.0E; InfoPath.3)"
66.249.75.29 - - [19/Aug/2013:14:50:58 -0400] "GET /scripts/9custom.css HTTP/1.1" 200 4174 "-" "Mozilla/5.0 (compatible; Googlebot/2.1; +http://www.google.com/bot.html)"
66.249.75.29 - - [19/Aug/2013:14:51:01 -0400] "GET /scripts/print.css HTTP/1.1" 200 7623 "-" "Mozilla/5.0 (compatible; Googlebot/2.1; +http://www.google.com/bot.html)"
37.140.165.194 - - [19/Aug/2013:04:36:24 -0400] "GET /images/115_iStock-Window1210-Final.jpg HTTP/1.1" 304 - "-" "Mozilla/5.0 (compatible; YandexImages/3.0; +http://yandex.com/bots)"
66.249.75.29 - - [19/Aug/2013:23:31:43 -0400] "GET /images/Herrlin_LABS21_Slides_09-18-2008_for_WEB_Compatibility_Mode_.pdf HTTP/1.1" 200 170283 "-" "DoCoMo/2.0 N905i(c100;TB;W24H16) (compatible; Googlebot-Mobile/2.1; +http://www.google.com/bot.html)"
189.221.129.63 - - [19/Aug/2013:14:16:59 -0400] "GET /scripts/9custom.css HTTP/1.1" 200 4174 "http://www.ancis.us/" "Mozilla/5.0 (Windows NT 6.1) AppleWebKit/537.36 (KHTML, like Gecko) Chrome/28.0.1500.95 Safari/537.36"
189.221.129.63 - - [19/Aug/2013:14:16:59 -0400] "GET /images/70_iStock_FiberCropF70.jpg HTTP/1.1" 200 5102 "http://www.ancis.us/" "Mozilla/5.0 (Windows NT 6.1) AppleWebKit/537.36 (KHTML, like Gecko) Chrome/28.0.1500.95 Safari/537.36"
189.221.129.63 - - [19/Aug/2013:14:16:59 -0400] "GET /scripts/print.css HTTP/1.1" 200 7623 "http://www.ancis.us/" "Mozilla/5.0 (Windows NT 6.1) AppleWebKit/537.36 (KHTML, like Gecko) Chrome/28.0.1500.95 Safari/537.36"
189.221.129.63 - - [19/Aug/2013:14:17:00 -0400] "GET /favicon.ico HTTP/1.1" 404 575 "-" "Mozilla/5.0 (Windows NT 6.1) AppleWebKit/537.36 (KHTML, like Gecko) Chrome/28.0.1500.95 Safari/537.36"
210.71.217.252 - - [19/Aug/2013:07:56:00 -0400] "GET /scripts/photoalbum.js HTTP/1.1" 200 62481 "http://www.ancis.us/rci.html" "Mozilla/5.0 (Windows NT 6.1; WOW64) AppleWebKit/537.36 (KHTML, like Gecko) Chrome/27.0.1453.110 Safari/537.36 CoolNovo/2.0.9.11"
66.249.75.29 - - [19/Aug/2013:07:57:05 -0400] "GET /clients.html HTTP/1.1" 304 - "-" "Mozilla/5.0 (iPhone; U; CPU iPhone OS 4_1 like Mac OS X; en-us) AppleWebKit/532.9 (KHTML, like Gecko) Version/4.0.5 Mobile/8B117 Safari/6531.22.7 (compatible; Googlebot-Mobile/2.1; +http://www.google.com/bot.html)"
37.140.165.194 - - [19/Aug/2013:03:08:00 -0400] "GET /images/160_NetApp-cropped.jpg HTTP/1.1" 304 - "-" "Mozilla/5.0 (compatible; YandexImages/3.0; +http://yandex.com/bots)"
46.252.68.74 - - [19/Aug/2013:04:12:07 -0400] "GET /images/RCI.pdf HTTP/1.1" 206 32768 "http://ancis.us/images/RCI.pdf" "Mozilla/5.0 (Windows NT 6.2; WOW64) AppleWebKit/537.36 (KHTML, like Gecko) Chrome/28.0.1500.95 Safari/537.36"
46.252.68.74 - - [19/Aug/2013:04:12:08 -0400] "GET /favicon.ico HTTP/1.1" 404 575 "-" "Mozilla/5.0 (Windows NT 6.2; WOW64) AppleWebKit/537.36 (KHTML, like Gecko) Chrome/28.0.1500.95 Safari/537.36"
193.106.136.50 - - [19/Aug/2013:09:51:26 -0400] "GET / HTTP/1.1" 200 28333 "http://www.studia-silk.ru/" "Opera/7.54 (Windows NT 5.1; U) [pl]"
46.119.118.152 - - [19/Aug/2013:02:16:13 -0400] "GET / HTTP/1.1" 200 28333 "http://www.bravica.ch/ru/" "Opera/9.00 (Windows NT 5.1; U; en)"
199.21.99.71 - - [19/Aug/2013:03:32:51 -0400] "GET /robots.txt HTTP/1.1" 200 25 "-" "Mozilla/5.0 (compatible; YandexBot/3.0; +http://yandex.com/bots)"
220.181.132.16 - - [19/Aug/2013:04:57:16 -0400] "GET /scripts/icwebsiteelement.css HTTP/1.1" 200 8132 "http://www.ancis.us/" "Mozilla/5.0 (X11; Linux x86_64) AppleWebKit/536.11 (KHTML, like Gecko) DumpRenderTree/0.0.0.0 Safari/536.11"
209.190.1.133 - - [19/Aug/2013:16:16:04 -0400] "GET / HTTP/1.1" 200 28333 "-" "Mozilla/5.0 (compatible; MSIE 8.0; Windows NT 5.1) KomodiaBot/1.0"
75.18.240.165 - - [19/Aug/2013:12:30:03 -0400] "GET /scripts/user.js HTTP/1.1" 200 23762 "http://www.ancis.us/" "Mozilla/4.0 (compatible; MSIE 7.0; Windows NT 6.1; WOW64; Trident/6.0; SLCC2; .NET CLR 2.0.50727; .NET CLR 3.5.30729; .NET CLR 3.0.30729; Media Center PC 6.0; InfoPath.3; .NET4.0C; McAfee)"
75.18.240.165 - - [19/Aug/2013:12:30:05 -0400] "GET /images/70_iStock_DNAcropDBF70.jpg HTTP/1.1" 200 6073 "http://www.ancis.us/" "Mozilla/4.0 (compatible; MSIE 7.0; Windows NT 6.1; WOW64; Trident/6.0; SLCC2; .NET CLR 2.0.50727; .NET CLR 3.5.30729; .NET CLR 3.0.30729; Media Center PC 6.0; InfoPath.3; .NET4.0C; McAfee)"
140.32.120.188 - - [19/Aug/2013:13:42:48 -0400] "GET /images/doc_pdf.gif HTTP/1.1" 200 1002 "http://www.ancis.us/rci.html" "Mozilla/4.0 (compatible; MSIE 8.0; Windows NT 6.1; WOW64; Trident/4.0; SLCC2; .NET CLR 2.0.50727; .NET CLR 3.5.30729; .NET CLR 3.0.30729; .NET4.0C; .NET4.0E; InfoPath.3)"
124.128.39.98 - - [19/Aug/2013:04:19:29 -0400] "GET /favicon.ico HTTP/1.1" 404 575 "-" "Mozilla/5.0 (Windows NT 5.1) AppleWebKit/537.1 (KHTML, like Gecko) Chrome/21.0.1180.89 Safari/537.1"
124.128.39.98 - - [19/Aug/2013:04:19:30 -0400] "GET /images/RCI.pdf HTTP/1.1" 200 276049 "http://www.google.com.hk/url?sa=t&rct=j&q=Herrlin%20rci%20%20&source=web&cd=1&cad=rja&ved=0CCwQFjAA&url=%68%74%74%70%3a%2f%2f%61%6e%63%69%73%2e%75%73%2f%69%6d%61%67%65%73%2f%52%43%49%2e%70%64%66&ei=BNURUr7HHdG5iAeqzYHoAw&usg=AFQjCNHZmhDrmw-q2LgPAlnuPiK8mDJO2w&bvm=bv.50768961,d.aGc" "Mozilla/5.0 (Windows NT 5.1) AppleWebKit/537.1 (KHTML, like Gecko) Chrome/21.0.1180.89 Safari/537.1"
121.247.73.175 - - [19/Aug/2013:00:51:38 -0400] "GET /images/70_iStock_DNAcropDBF70.jpg HTTP/1.1" 200 6073 "http://www.ancis.us/" "Mozilla/5.0 (Windows NT 5.1) AppleWebKit/537.36 (KHTML, like Gecko) Chrome/28.0.1500.95 Safari/537.36"
75.18.240.165 - - [19/Aug/2013:12:53:37 -0400] "GET / HTTP/1.1" 200 28333 "-" "Mozilla/4.0 (compatible; MSIE 7.0; Windows NT 6.1; WOW64; Trident/6.0; SLCC2; .NET CLR 2.0.50727; .NET CLR 3.5.30729; .NET CLR 3.0.30729; Media Center PC 6.0; InfoPath.3; .NET4.0C; McAfee)"
75.18.240.165 - - [19/Aug/2013:12:53:38 -0400] "GET /scripts/ic_globals_published.js HTTP/1.1" 200 566 "http://www.ancis.us/" "Mozilla/4.0 (compatible; MSIE 7.0; Windows NT 6.1; WOW64; Trident/6.0; SLCC2; .NET CLR 2.0.50727; .NET CLR 3.5.30729; .NET CLR 3.0.30729; Media Center PC 6.0; InfoPath.3; .NET4.0C; McAfee)"
75.18.240.165 - - [19/Aug/2013:12:53:38 -0400] "GET /scripts/photoalbum.js HTTP/1.1" 200 62481 "http://www.ancis.us/" "Mozilla/4.0 (compatible; MSIE 7.0; Windows NT 6.1; WOW64; Trident/6.0; SLCC2; .NET CLR 2.0.50727; .NET CLR 3.5.30729; .NET CLR 3.0.30729; Media Center PC 6.0; InfoPath.3; .NET4.0C; McAfee)"
75.18.240.165 - - [19/Aug/2013:12:53:38 -0400] "GET /scripts/website.css HTTP/1.1" 200 1785 "http://www.ancis.us/" "Mozilla/4.0 (compatible; MSIE 7.0; Windows NT 6.1; WOW64; Trident/6.0; SLCC2; .NET CLR 2.0.50727; .NET CLR 3.5.30729; .NET CLR 3.0.30729; Media Center PC 6.0; InfoPath.3; .NET4.0C; McAfee)"
92.249.127.111 - - [19/Aug/2013:07:20:43 -0400] "GET / HTTP/1.1" 200 28333 "http://www.bravica.im/ru/" "Mozilla/5.0 (compatible; news bot /2.1)"
210.71.217.252 - - [19/Aug/2013:07:56:00 -0400] "GET /scripts/template.css HTTP/1.1" 200 10212 "http://www.ancis.us/rci.html" "Mozilla/5.0 (Windows NT 6.1; WOW64) AppleWebKit/537.36 (KHTML, like Gecko) Chrome/27.0.1453.110 Safari/537.36 CoolNovo/2.0.9.11"
