0byt3m1n1
Path:
/
data
/
0
/
0
/
92
/
72
/
92887
/
meta
/
94286
/
logs
/
[
Home
]
File: x-access_log.2014-06-20
24.106.45.242 - - [20/Jun/2014:11:34:37 -0400] "GET /images/RCI.pdf HTTP/1.1" 206 188500 "-" "Mozilla/5.0 (Windows NT 6.1; WOW64; rv:30.0) Gecko/20100101 Firefox/30.0"
157.55.39.110 - - [20/Jun/2014:04:55:25 -0400] "GET /images/DCD_DC-CEP_Talk_06-30-2009_Web.pdf HTTP/1.1" 200 1024586 "-" "Mozilla/5.0 (compatible; bingbot/2.0; +http://www.bing.com/bingbot.htm)"
208.115.111.72 - - [20/Jun/2014:21:34:51 -0400] "GET /robots.txt HTTP/1.1" 200 25 "-" "Mozilla/5.0 (compatible; DotBot/1.1; http://www.opensiteexplorer.org/dotbot, help@moz.com)"
220.181.108.182 - - [20/Jun/2014:09:06:36 -0400] "GET /images/AN-04-9-1.pdf HTTP/1.1" 200 936793 "-" "Mozilla/5.0 (compatible; Baiduspider/2.0; +http://www.baidu.com/search/spider.html)"
157.55.39.114 - - [20/Jun/2014:00:21:28 -0400] "GET / HTTP/1.1" 200 28903 "-" "Mozilla/5.0 (compatible; bingbot/2.0; +http://www.bing.com/bingbot.htm)"
199.16.156.124 - - [20/Jun/2014:15:49:46 -0400] "GET /robots.txt HTTP/1.1" 200 25 "-" "Twitterbot/1.0"
199.16.156.124 - - [20/Jun/2014:15:49:46 -0400] "GET /rci.html?utm_source=twitter&utm_medium=social&utm_content=98c6b76d-1848-4494-a472-e5a65cbc1462 HTTP/1.1" 200 28345 "-" "Twitterbot/1.0"
162.223.77.242 - - [20/Jun/2014:16:42:41 -0400] "GET /scripts/9custom.css HTTP/1.1" 200 4174 "http://www.ancis.us/" "Mozilla/5.0 (Windows NT 6.1; WOW64) AppleWebKit/537.36 (KHTML, like Gecko) Chrome/35.0.1916.153 Safari/537.36"
162.223.77.242 - - [20/Jun/2014:16:42:41 -0400] "GET /images/115_RCI-7.jpg HTTP/1.1" 200 1745 "http://www.ancis.us/" "Mozilla/5.0 (Windows NT 6.1; WOW64) AppleWebKit/537.36 (KHTML, like Gecko) Chrome/35.0.1916.153 Safari/537.36"
85.92.144.37 - - [20/Jun/2014:19:34:48 -0400] "HEAD /myadmin/ HTTP/1.1" 404 - "-" "Mozilla/5.0 (Windows; U; Windows NT 5.1; ru; rv:1.9.0.8) Gecko/2009032609 Firefox/3.0.8"
208.115.111.72 - - [20/Jun/2014:21:34:51 -0400] "GET /robots.txt HTTP/1.1" 200 25 "-" "Mozilla/5.0 (compatible; DotBot/1.1; http://www.opensiteexplorer.org/dotbot, help@moz.com)"
157.55.39.247 - - [20/Jun/2014:08:13:35 -0400] "GET /scripts/ic_globals_published.js HTTP/1.1" 200 566 "-" "Mozilla/5.0 (compatible; bingbot/2.0; +http://www.bing.com/bingbot.htm)"
157.55.39.247 - - [20/Jun/2014:08:13:35 -0400] "GET /scripts/photoalbum.js HTTP/1.1" 200 62481 "-" "Mozilla/5.0 (compatible; bingbot/2.0; +http://www.bing.com/bingbot.htm)"
157.55.39.247 - - [20/Jun/2014:08:13:35 -0400] "GET /scripts/website.css HTTP/1.1" 200 1785 "-" "Mozilla/5.0 (compatible; bingbot/2.0; +http://www.bing.com/bingbot.htm)"
119.82.97.170 - - [20/Jun/2014:02:15:44 -0400] "GET /scripts/website.css HTTP/1.1" 200 1785 "http://www.ancis.us/rci.html" "Mozilla/5.0 (Windows NT 5.1; rv:30.0) Gecko/20100101 Firefox/30.0"
14.139.98.10 - - [20/Jun/2014:06:32:53 -0400] "GET /images/RCI.pdf HTTP/1.1" 200 276049 "https://www.google.co.in/" "Mozilla/5.0 (Windows NT 6.1; WOW64) AppleWebKit/537.36 (KHTML, like Gecko) Chrome/35.0.1916.153 Safari/537.36"
66.249.81.226 - - [20/Jun/2014:06:38:34 -0400] "GET /images/ANCIS-Telcordia_Intelec_2010_Paper_Final.pdf HTTP/1.1" 200 86120 "-" "Mozilla/5.0 (Windows NT 6.1; WOW64; rv:17.0) Gecko/20100101 Firefox/17.0,gzip(gfe) (via docs.google.com/viewer)"
66.249.81.226 - - [20/Jun/2014:06:38:34 -0400] "GET /images/ANCIS-Telcordia_Intelec_2010_Paper_Final.pdf HTTP/1.1" 200 86120 "-" "Mozilla/5.0 (Windows NT 6.1; WOW64; rv:17.0) Gecko/20100101 Firefox/17.0,gzip(gfe) (via docs.google.com/viewer)"
66.249.81.226 - - [20/Jun/2014:06:38:35 -0400] "GET /images/ANCIS-Telcordia_Intelec_2010_Paper_Final.pdf HTTP/1.1" 200 86120 "-" "Mozilla/5.0 (Windows NT 6.1; WOW64; rv:17.0) Gecko/20100101 Firefox/17.0,gzip(gfe) (via docs.google.com/viewer)"
66.249.81.226 - - [20/Jun/2014:06:38:36 -0400] "GET /images/ANCIS-Telcordia_Intelec_2010_Paper_Final.pdf HTTP/1.1" 200 86120 "-" "Mozilla/5.0 (Windows NT 6.1; WOW64; rv:17.0) Gecko/20100101 Firefox/17.0,gzip(gfe) (via docs.google.com/viewer)"
66.249.65.207 - - [20/Jun/2014:13:28:51 -0400] "GET / HTTP/1.1" 200 28903 "-" "Mozilla/5.0 (compatible; Googlebot/2.1; +http://www.google.com/bot.html)"
162.223.77.242 - - [20/Jun/2014:16:42:41 -0400] "GET /scripts/template.css HTTP/1.1" 200 10212 "http://www.ancis.us/" "Mozilla/5.0 (Windows NT 6.1; WOW64) AppleWebKit/537.36 (KHTML, like Gecko) Chrome/35.0.1916.153 Safari/537.36"
162.223.77.242 - - [20/Jun/2014:16:42:41 -0400] "GET /images/400_Servers-cropped-layer-final.jpg HTTP/1.1" 200 15228 "http://www.ancis.us/" "Mozilla/5.0 (Windows NT 6.1; WOW64) AppleWebKit/537.36 (KHTML, like Gecko) Chrome/35.0.1916.153 Safari/537.36"
162.223.77.242 - - [20/Jun/2014:16:42:42 -0400] "GET /images/030113_1833_0009_osls.jpg HTTP/1.1" 200 5070 "http://www.ancis.us/" "Mozilla/5.0 (Windows NT 6.1; WOW64) AppleWebKit/537.36 (KHTML, like Gecko) Chrome/35.0.1916.153 Safari/537.36"
162.223.77.242 - - [20/Jun/2014:16:42:42 -0400] "GET /favicon.ico HTTP/1.1" 404 575 "-" "Mozilla/5.0 (Windows NT 6.1; WOW64) AppleWebKit/537.36 (KHTML, like Gecko) Chrome/35.0.1916.153 Safari/537.36"
66.249.67.194 - - [20/Jun/2014:08:56:26 -0400] "GET /robots.txt HTTP/1.1" 200 25 "-" "Mozilla/5.0 (compatible; Googlebot/2.1; +http://www.google.com/bot.html)"
66.249.67.194 - - [20/Jun/2014:08:56:26 -0400] "GET /images/70_iStock_at-signCropFinal.jpg HTTP/1.1" 304 - "-" "Googlebot-Image/1.0"
206.18.169.208 - - [20/Jun/2014:11:35:05 -0400] "GET /images/AN-04-9-1.pdf HTTP/1.1" 200 936793 "http://www.google.com/url?url=http://ancis.us/images/AN-04-9-1.pdf&rct=j&frm=1&q=&esrc=s&sa=U&ei=olSkU_CrPMn18AHTiIHABQ&ved=0CEQQFjAJ&usg=AFQjCNFWE5qKsc0lG64-fBT5nFcbjNmqNQ" "Mozilla/4.0 (compatible; MSIE 8.0; Windows NT 6.1; Trident/4.0; GTB7.5; SLCC2; .NET CLR 2.0.50727; .NET CLR 3.5.30729; .NET CLR 3.0.30729; .NET4.0C; InfoPath.2; .NET4.0E; MS-RTC LM 8)"
119.82.97.170 - - [20/Jun/2014:02:21:55 -0400] "GET /aboutus.html HTTP/1.1" 200 23818 "http://www.ancis.us/contactus.html" "Mozilla/5.0 (Windows NT 5.1; rv:30.0) Gecko/20100101 Firefox/30.0"
119.82.97.170 - - [20/Jun/2014:02:21:56 -0400] "GET /scripts/3custom.css HTTP/1.1" 200 4849 "http://www.ancis.us/aboutus.html" "Mozilla/5.0 (Windows NT 5.1; rv:30.0) Gecko/20100101 Firefox/30.0"
119.82.97.170 - - [20/Jun/2014:02:21:57 -0400] "GET /images/115_MagnusHerrlin-Fix-1F115.jpg HTTP/1.1" 200 19700 "http://www.ancis.us/aboutus.html" "Mozilla/5.0 (Windows NT 5.1; rv:30.0) Gecko/20100101 Firefox/30.0"
135.245.224.14 - - [20/Jun/2014:06:35:15 -0400] "GET /images/ANCIS-Telcordia_Intelec_2010_Paper_Final.pdf HTTP/1.1" 200 86120 "-" "Mozilla/5.0 (Windows NT 6.1; WOW64; rv:17.0) Gecko/20100101 Firefox/17.0"
107.132.136.47 - - [20/Jun/2014:09:21:23 -0400] "GET /scripts/user.js HTTP/1.1" 304 - "http://www.ancis.us/" "Mozilla/5.0 (Windows NT 6.1; WOW64; Trident/7.0; rv:11.0) like Gecko"
107.132.136.47 - - [20/Jun/2014:09:21:23 -0400] "GET /scripts/icwebsiteelement.css HTTP/1.1" 304 - "http://www.ancis.us/" "Mozilla/5.0 (Windows NT 6.1; WOW64; Trident/7.0; rv:11.0) like Gecko"
107.132.136.47 - - [20/Jun/2014:09:21:23 -0400] "GET /images/70_iStock_FiberCropF70.jpg HTTP/1.1" 304 - "http://www.ancis.us/" "Mozilla/5.0 (Windows NT 6.1; WOW64; Trident/7.0; rv:11.0) like Gecko"
24.106.45.242 - - [20/Jun/2014:11:34:23 -0400] "GET /images/SL-08-018_Final.pdf HTTP/1.1" 206 65536 "http://www.google.com/url?sa=t&rct=j&q=&esrc=s&source=web&cd=1&ved=0CCAQFjAA&url=http%3A%2F%2Fancis.us%2Fimages%2FSL-08-018_Final.pdf&ei=TOeMU_X9HseayASh7oKICg&usg=AFQjCNF5nYKyTu3Sfl2kdtzMmTW-MR4H7A&sig2=9pXBwQtRzmaKA1g3035Udg&bvm=bv.68191837,d.aWw&cad=rja" "Mozilla/5.0 (Windows NT 6.1; WOW64; rv:30.0) Gecko/20100101 Firefox/30.0"
66.249.81.226 - - [20/Jun/2014:06:38:35 -0400] "GET /images/ANCIS-Telcordia_Intelec_2010_Paper_Final.pdf HTTP/1.1" 200 86120 "-" "Mozilla/5.0 (Windows NT 6.1; WOW64; rv:17.0) Gecko/20100101 Firefox/17.0,gzip(gfe) (via docs.google.com/viewer)"
85.92.144.37 - - [20/Jun/2014:19:34:48 -0400] "HEAD /pma/ HTTP/1.1" 404 - "-" "Mozilla/5.0 (Windows; U; Windows NT 5.1; ru; rv:1.9.0.8) Gecko/2009032609 Firefox/3.0.8"
180.153.206.25 - - [20/Jun/2014:08:55:11 -0400] "GET /scripts/ic_globals_published.js HTTP/1.1" 200 566 "http://ancis.us/scripts/ic_globals_published.js" "Mozilla/4.0"
119.82.97.170 - - [20/Jun/2014:02:19:38 -0400] "GET /scripts/ic_globals_published.js HTTP/1.1" 200 566 "http://www.ancis.us/" "Mozilla/5.0 (Windows NT 5.1; rv:30.0) Gecko/20100101 Firefox/30.0"
119.82.97.170 - - [20/Jun/2014:02:19:39 -0400] "GET /scripts/icwebsiteelement.css HTTP/1.1" 200 8132 "http://www.ancis.us/" "Mozilla/5.0 (Windows NT 5.1; rv:30.0) Gecko/20100101 Firefox/30.0"
119.82.97.170 - - [20/Jun/2014:02:19:42 -0400] "GET /images/70_iStock_FiberCropF70.jpg HTTP/1.1" 200 5102 "http://www.ancis.us/" "Mozilla/5.0 (Windows NT 5.1; rv:30.0) Gecko/20100101 Firefox/30.0"
66.249.67.220 - - [20/Jun/2014:02:37:59 -0400] "GET /images/SL-08-018_Final.pdf HTTP/1.1" 200 839607 "-" "Googlebot/2.1 (+http://www.google.com/bot.html)"
135.245.224.4 - - [20/Jun/2014:04:51:09 -0400] "GET /images/ANCIS-Telcordia_Intelec_2010_Paper_Final.pdf HTTP/1.0" 304 - "-" "Mozilla/5.0 (Windows NT 6.1; WOW64; rv:24.0) Gecko/20100101 Firefox/24.0"
135.245.224.4 - - [20/Jun/2014:04:51:09 -0400] "GET /images/ANCIS-Telcordia_Intelec_2010_Paper_Final.pdf HTTP/1.0" 304 - "-" "Mozilla/5.0 (Windows NT 6.1; WOW64; rv:24.0) Gecko/20100101 Firefox/24.0"
135.245.224.4 - - [20/Jun/2014:04:51:10 -0400] "GET /images/ANCIS-Telcordia_Intelec_2010_Paper_Final.pdf HTTP/1.0" 304 - "-" "Mozilla/5.0 (Windows NT 6.1; WOW64; rv:24.0) Gecko/20100101 Firefox/24.0"
135.245.224.4 - - [20/Jun/2014:04:51:11 -0400] "GET /images/ANCIS-Telcordia_Intelec_2010_Paper_Final.pdf HTTP/1.0" 304 - "-" "Mozilla/5.0 (Windows NT 6.1; WOW64; rv:24.0) Gecko/20100101 Firefox/24.0"
135.245.224.4 - - [20/Jun/2014:04:51:11 -0400] "GET /images/ANCIS-Telcordia_Intelec_2010_Paper_Final.pdf HTTP/1.0" 304 - "-" "Mozilla/5.0 (Windows NT 6.1; WOW64; rv:24.0) Gecko/20100101 Firefox/24.0"
135.245.224.4 - - [20/Jun/2014:04:51:12 -0400] "GET /images/ANCIS-Telcordia_Intelec_2010_Paper_Final.pdf HTTP/1.0" 304 - "-" "Mozilla/5.0 (Windows NT 6.1; WOW64; rv:24.0) Gecko/20100101 Firefox/24.0"
135.245.224.4 - - [20/Jun/2014:04:51:14 -0400] "GET /images/ANCIS-Telcordia_Intelec_2010_Paper_Final.pdf HTTP/1.0" 304 - "-" "Mozilla/5.0 (Windows NT 6.1; WOW64; rv:24.0) Gecko/20100101 Firefox/24.0"
135.245.224.4 - - [20/Jun/2014:04:51:14 -0400] "GET /images/ANCIS-Telcordia_Intelec_2010_Paper_Final.pdf HTTP/1.0" 304 - "-" "Mozilla/5.0 (Windows NT 6.1; WOW64; rv:24.0) Gecko/20100101 Firefox/24.0"
135.245.224.4 - - [20/Jun/2014:04:51:15 -0400] "GET /images/ANCIS-Telcordia_Intelec_2010_Paper_Final.pdf HTTP/1.0" 304 - "-" "Mozilla/5.0 (Windows NT 6.1; WOW64; rv:24.0) Gecko/20100101 Firefox/24.0"
135.245.224.4 - - [20/Jun/2014:04:51:15 -0400] "GET /images/ANCIS-Telcordia_Intelec_2010_Paper_Final.pdf HTTP/1.0" 304 - "-" "Mozilla/5.0 (Windows NT 6.1; WOW64; rv:24.0) Gecko/20100101 Firefox/24.0"
135.245.224.4 - - [20/Jun/2014:04:52:34 -0400] "GET /images/ANCIS-Telcordia_Intelec_2010_Paper_Final.pdf HTTP/1.0" 304 - "-" "Mozilla/5.0 (Windows NT 6.1; WOW64; rv:24.0) Gecko/20100101 Firefox/24.0"
135.245.224.4 - - [20/Jun/2014:04:52:35 -0400] "GET /images/ANCIS-Telcordia_Intelec_2010_Paper_Final.pdf HTTP/1.0" 304 - "-" "Mozilla/5.0 (Windows NT 6.1; WOW64; rv:24.0) Gecko/20100101 Firefox/24.0"
135.245.224.4 - - [20/Jun/2014:04:52:36 -0400] "GET /images/ANCIS-Telcordia_Intelec_2010_Paper_Final.pdf HTTP/1.0" 304 - "-" "Mozilla/5.0 (Windows NT 6.1; WOW64; rv:24.0) Gecko/20100101 Firefox/24.0"
135.245.224.4 - - [20/Jun/2014:04:52:36 -0400] "GET /images/ANCIS-Telcordia_Intelec_2010_Paper_Final.pdf HTTP/1.0" 304 - "-" "Mozilla/5.0 (Windows NT 6.1; WOW64; rv:24.0) Gecko/20100101 Firefox/24.0"
89.105.200.97 - - [20/Jun/2014:20:21:41 -0400] "GET /scripts/website.css HTTP/1.1" 200 1785 "http://ancis.us/" "Mozilla/4.0 (compatible; MSIE 7.0; Windows NT 6.1; Trident/6.0; SLCC2; .NET CLR 2.0.50727; .NET CLR 3.5.30729; .NET CLR 3.0.30729; Media Center PC 6.0; .NET4.0C; .NET4.0E)"
135.245.224.4 - - [20/Jun/2014:04:49:48 -0400] "GET /images/ANCIS-Telcordia_Intelec_2010_Paper_Final.pdf HTTP/1.0" 200 86120 "-" "Mozilla/5.0 (Windows NT 6.1; WOW64; rv:24.0) Gecko/20100101 Firefox/24.0"
157.55.39.114 - - [20/Jun/2014:08:13:24 -0400] "GET /rci.html HTTP/1.1" 200 28345 "-" "Mozilla/5.0 (compatible; bingbot/2.0; +http://www.bing.com/bingbot.htm)"
100.43.91.19 - - [20/Jun/2014:00:59:19 -0400] "GET /home.html HTTP/1.1" 200 28903 "-" "Mozilla/5.0 (compatible; YandexBot/3.0; +http://yandex.com/bots)"
119.82.97.170 - - [20/Jun/2014:02:15:45 -0400] "GET /scripts/icwebsiteelement.css HTTP/1.1" 200 8132 "http://www.ancis.us/rci.html" "Mozilla/5.0 (Windows NT 5.1; rv:30.0) Gecko/20100101 Firefox/30.0"
66.249.65.194 - - [20/Jun/2014:13:28:51 -0400] "GET /robots.txt HTTP/1.1" 200 25 "-" "Mozilla/5.0 (compatible; Googlebot/2.1; +http://www.google.com/bot.html)"
119.82.97.170 - - [20/Jun/2014:02:16:35 -0400] "GET /images/140_ANCIS-Logo140.jpg HTTP/1.1" 200 5351 "http://www.ancis.us/" "Mozilla/5.0 (Windows NT 5.1; rv:30.0) Gecko/20100101 Firefox/30.0"
119.82.97.170 - - [20/Jun/2014:02:19:42 -0400] "GET /images/400_Servers-cropped-layer-final.jpg HTTP/1.1" 200 15228 "http://www.ancis.us/" "Mozilla/5.0 (Windows NT 5.1; rv:30.0) Gecko/20100101 Firefox/30.0"
119.82.97.170 - - [20/Jun/2014:02:19:44 -0400] "GET /favicon.ico HTTP/1.1" 404 575 "-" "Mozilla/5.0 (Windows NT 5.1; rv:30.0) Gecko/20100101 Firefox/30.0"
119.82.97.170 - - [20/Jun/2014:02:19:44 -0400] "GET /favicon.ico HTTP/1.1" 404 575 "-" "Mozilla/5.0 (Windows NT 5.1; rv:30.0) Gecko/20100101 Firefox/30.0"
135.245.224.4 - - [20/Jun/2014:04:50:35 -0400] "GET /images/ANCIS-Telcordia_Intelec_2010_Paper_Final.pdf HTTP/1.0" 304 - "-" "Mozilla/5.0 (Windows NT 6.1; WOW64; rv:24.0) Gecko/20100101 Firefox/24.0"
135.245.224.4 - - [20/Jun/2014:04:50:36 -0400] "GET /images/ANCIS-Telcordia_Intelec_2010_Paper_Final.pdf HTTP/1.0" 304 - "-" "Mozilla/5.0 (Windows NT 6.1; WOW64; rv:24.0) Gecko/20100101 Firefox/24.0"
135.245.224.4 - - [20/Jun/2014:04:50:37 -0400] "GET /images/ANCIS-Telcordia_Intelec_2010_Paper_Final.pdf HTTP/1.0" 304 - "-" "Mozilla/5.0 (Windows NT 6.1; WOW64; rv:24.0) Gecko/20100101 Firefox/24.0"
135.245.224.4 - - [20/Jun/2014:04:50:37 -0400] "GET /images/ANCIS-Telcordia_Intelec_2010_Paper_Final.pdf HTTP/1.0" 304 - "-" "Mozilla/5.0 (Windows NT 6.1; WOW64; rv:24.0) Gecko/20100101 Firefox/24.0"
89.105.200.97 - - [20/Jun/2014:20:21:41 -0400] "GET /scripts/template.css HTTP/1.1" 200 10212 "http://ancis.us/" "Mozilla/4.0 (compatible; MSIE 7.0; Windows NT 6.1; Trident/6.0; SLCC2; .NET CLR 2.0.50727; .NET CLR 3.5.30729; .NET CLR 3.0.30729; Media Center PC 6.0; .NET4.0C; .NET4.0E)"
123.125.71.77 - - [20/Jun/2014:21:53:58 -0400] "GET /images/INTELEC_Herrlin_FINAL_and_Web.pdf HTTP/1.1" 200 122131 "-" "Mozilla/5.0 (Linux;u;Android 2.3.7;zh-cn;) AppleWebKit/533.1 (KHTML,like Gecko) Version/4.0 Mobile Safari/533.1 (compatible; +http://www.baidu.com/search/spider.html)"
135.245.224.4 - - [20/Jun/2014:04:47:40 -0400] "GET /images/ANCIS-Telcordia_Intelec_2010_Paper_Final.pdf HTTP/1.0" 200 86120 "-" "Mozilla/5.0 (Windows NT 6.1; WOW64; rv:24.0) Gecko/20100101 Firefox/24.0"
135.245.224.4 - - [20/Jun/2014:04:47:40 -0400] "GET /favicon.ico HTTP/1.0" 404 575 "-" "Mozilla/5.0 (Windows NT 6.1; WOW64; rv:24.0) Gecko/20100101 Firefox/24.0"
110.89.49.118 - - [20/Jun/2014:21:46:20 -0400] "GET /images/INTELEC_Herrlin_FINAL_and_Web.pdf HTTP/1.1" 200 122131 "-" "Mozilla/4.0 (compatible; MSIE 6.0; Windows NT 5.1; SV1)"
157.55.39.114 - - [20/Jun/2014:08:13:44 -0400] "GET /scripts/user.js HTTP/1.1" 200 23762 "-" "Mozilla/5.0 (compatible; bingbot/2.0; +http://www.bing.com/bingbot.htm)"
213.94.213.130 - - [20/Jun/2014:09:03:49 -0400] "GET /images/RCI_Overview.pdf HTTP/1.1" 200 105099 "http://www.bing.com/search?q=data+center+RCI&qs=n&form=QBRE&pq=data+center+rci&sc=2-15&sp=-1&sk=&cvid=34fda296501b43d992e65e396dde2b45" "Mozilla/5.0 (Windows NT 6.1; WOW64; Trident/7.0; rv:11.0) like Gecko"
37.140.141.14 - - [20/Jun/2014:20:56:30 -0400] "GET / HTTP/1.1" 200 28903 "-" "Mozilla/5.0 (compatible; YandexBot/3.0; +http://yandex.com/bots)"
119.82.97.170 - - [20/Jun/2014:02:21:57 -0400] "GET /images/115_iStock-TheGlobe7135-cropped.jpg HTTP/1.1" 200 9564 "http://www.ancis.us/aboutus.html" "Mozilla/5.0 (Windows NT 5.1; rv:30.0) Gecko/20100101 Firefox/30.0"
66.249.81.226 - - [20/Jun/2014:06:38:35 -0400] "GET /images/ANCIS-Telcordia_Intelec_2010_Paper_Final.pdf HTTP/1.1" 200 86120 "-" "Mozilla/5.0 (Windows NT 6.1; WOW64; rv:17.0) Gecko/20100101 Firefox/17.0,gzip(gfe) (via docs.google.com/viewer)"
68.180.224.175 - - [20/Jun/2014:19:56:00 -0400] "GET /robots.txt HTTP/1.1" 200 25 "-" "Mozilla/5.0 (compatible; Yahoo! Slurp; http://help.yahoo.com/help/us/ysearch/slurp)"
107.132.136.47 - - [20/Jun/2014:09:21:23 -0400] "GET /favicon.ico HTTP/1.1" 404 575 "-" "Mozilla/5.0 (Windows NT 6.1; Win64; x64; Trident/7.0; rv:11.0) like Gecko"
24.106.45.242 - - [20/Jun/2014:11:34:22 -0400] "GET /images/SL-08-018_Final.pdf HTTP/1.1" 206 65536 "http://www.google.com/url?sa=t&rct=j&q=&esrc=s&source=web&cd=1&ved=0CCAQFjAA&url=http%3A%2F%2Fancis.us%2Fimages%2FSL-08-018_Final.pdf&ei=TOeMU_X9HseayASh7oKICg&usg=AFQjCNF5nYKyTu3Sfl2kdtzMmTW-MR4H7A&sig2=9pXBwQtRzmaKA1g3035Udg&bvm=bv.68191837,d.aWw&cad=rja" "Mozilla/5.0 (Windows NT 6.1; WOW64; rv:30.0) Gecko/20100101 Firefox/30.0"
24.106.45.242 - - [20/Jun/2014:11:34:23 -0400] "GET /images/SL-08-018_Final.pdf HTTP/1.1" 206 65536 "http://www.google.com/url?sa=t&rct=j&q=&esrc=s&source=web&cd=1&ved=0CCAQFjAA&url=http%3A%2F%2Fancis.us%2Fimages%2FSL-08-018_Final.pdf&ei=TOeMU_X9HseayASh7oKICg&usg=AFQjCNF5nYKyTu3Sfl2kdtzMmTW-MR4H7A&sig2=9pXBwQtRzmaKA1g3035Udg&bvm=bv.68191837,d.aWw&cad=rja" "Mozilla/5.0 (Windows NT 6.1; WOW64; rv:30.0) Gecko/20100101 Firefox/30.0"
62.146.2.234 - - [20/Jun/2014:00:17:30 -0400] "GET /robots.txt HTTP/1.1" 200 25 "-" "Domnutch-Bot/Nutch-1.0 (Domnutch; http://www.Nutch.de/)"
119.82.97.170 - - [20/Jun/2014:02:19:38 -0400] "GET /scripts/website.css HTTP/1.1" 200 1785 "http://www.ancis.us/" "Mozilla/5.0 (Windows NT 5.1; rv:30.0) Gecko/20100101 Firefox/30.0"
119.82.97.170 - - [20/Jun/2014:02:21:40 -0400] "GET /home.html HTTP/1.1" 200 28903 "http://www.ancis.us/" "Mozilla/5.0 (Windows NT 5.1; rv:30.0) Gecko/20100101 Firefox/30.0"
135.245.224.4 - - [20/Jun/2014:04:51:33 -0400] "GET /images/ANCIS-Telcordia_Intelec_2010_Paper_Final.pdf HTTP/1.0" 304 - "-" "Mozilla/5.0 (Windows NT 6.1; WOW64; rv:24.0) Gecko/20100101 Firefox/24.0"
85.92.144.37 - - [20/Jun/2014:19:34:48 -0400] "HEAD /phpmyadmin2/ HTTP/1.1" 404 - "-" "Mozilla/5.0 (Windows; U; Windows NT 5.1; ru; rv:1.9.0.8) Gecko/2009032609 Firefox/3.0.8"
157.55.39.15 - - [20/Jun/2014:08:13:39 -0400] "GET /scripts/print.css HTTP/1.1" 200 7623 "-" "Mozilla/5.0 (compatible; bingbot/2.0; +http://www.bing.com/bingbot.htm)"
157.55.39.15 - - [20/Jun/2014:08:13:39 -0400] "GET /scripts/icwebsiteelement.css HTTP/1.1" 200 8132 "-" "Mozilla/5.0 (compatible; bingbot/2.0; +http://www.bing.com/bingbot.htm)"
213.94.213.130 - - [20/Jun/2014:09:03:34 -0400] "GET /scripts/template.css HTTP/1.1" 200 10212 "http://www.ancis.us/rci.html" "Mozilla/5.0 (Windows NT 6.1; WOW64; Trident/7.0; rv:11.0) like Gecko"
213.94.213.130 - - [20/Jun/2014:09:03:34 -0400] "GET /images/70_iStock-BookCropF70.jpg HTTP/1.1" 200 2663 "http://www.ancis.us/rci.html" "Mozilla/5.0 (Windows NT 6.1; WOW64; Trident/7.0; rv:11.0) like Gecko"
62.146.2.234 - - [20/Jun/2014:00:17:30 -0400] "GET / HTTP/1.1" 200 28903 "-" "Domnutch-Bot/Nutch-1.0 (Domnutch; http://www.Nutch.de/)"
119.82.97.170 - - [20/Jun/2014:02:19:39 -0400] "GET /scripts/9custom.css HTTP/1.1" 200 4174 "http://www.ancis.us/" "Mozilla/5.0 (Windows NT 5.1; rv:30.0) Gecko/20100101 Firefox/30.0"
66.249.81.226 - - [20/Jun/2014:06:38:35 -0400] "GET /images/ANCIS-Telcordia_Intelec_2010_Paper_Final.pdf HTTP/1.1" 200 86120 "-" "Mozilla/5.0 (Windows NT 6.1; WOW64; rv:17.0) Gecko/20100101 Firefox/17.0,gzip(gfe) (via docs.google.com/viewer)"
100.43.91.19 - - [20/Jun/2014:20:56:28 -0400] "GET /robots.txt HTTP/1.1" 200 25 "-" "Mozilla/5.0 (compatible; YandexBot/3.0; +http://yandex.com/bots)"
107.132.136.47 - - [20/Jun/2014:09:04:53 -0400] "GET /scripts/website.css HTTP/1.1" 304 - "http://www.ancis.us/" "Mozilla/5.0 (Windows NT 6.1; WOW64; Trident/7.0; rv:11.0) like Gecko"
107.132.136.47 - - [20/Jun/2014:09:04:53 -0400] "GET /scripts/9custom.css HTTP/1.1" 304 - "http://www.ancis.us/" "Mozilla/5.0 (Windows NT 6.1; WOW64; Trident/7.0; rv:11.0) like Gecko"
107.132.136.47 - - [20/Jun/2014:09:04:54 -0400] "GET /images/70_iStock_zerosCropF70.jpg HTTP/1.1" 304 - "http://www.ancis.us/" "Mozilla/5.0 (Windows NT 6.1; WOW64; Trident/7.0; rv:11.0) like Gecko"
119.82.97.170 - - [20/Jun/2014:02:16:35 -0400] "GET /images/115_RCI-7.jpg HTTP/1.1" 200 1745 "http://www.ancis.us/" "Mozilla/5.0 (Windows NT 5.1; rv:30.0) Gecko/20100101 Firefox/30.0"
135.245.192.10 - - [20/Jun/2014:02:51:21 -0400] "GET /favicon.ico HTTP/1.1" 404 575 "-" "Mozilla/5.0 (Windows NT 6.1; WOW64; rv:17.0) Gecko/20100101 Firefox/17.0"
135.245.192.10 - - [20/Jun/2014:02:51:21 -0400] "GET /favicon.ico HTTP/1.1" 404 575 "-" "Mozilla/5.0 (Windows NT 6.1; WOW64; rv:17.0) Gecko/20100101 Firefox/17.0"
135.245.192.10 - - [20/Jun/2014:02:51:21 -0400] "GET /favicon.ico HTTP/1.1" 404 575 "-" "Mozilla/5.0 (Windows NT 6.1; WOW64; rv:17.0) Gecko/20100101 Firefox/17.0"
31.41.219.131 - - [20/Jun/2014:23:38:46 -0400] "GET /images/SL-08-018_Final.pdf HTTP/1.1" 200 839607 "-" "Mozilla/4.0 (compatible; MSIE 6.0; Windows NT 5.1; SV1)"
213.94.213.130 - - [20/Jun/2014:09:03:33 -0400] "GET /scripts/ic_globals_published.js HTTP/1.1" 200 566 "http://www.ancis.us/rci.html" "Mozilla/5.0 (Windows NT 6.1; WOW64; Trident/7.0; rv:11.0) like Gecko"
213.94.213.130 - - [20/Jun/2014:09:03:34 -0400] "GET /scripts/print.css HTTP/1.1" 200 7623 "http://www.ancis.us/rci.html" "Mozilla/5.0 (Windows NT 6.1; WOW64; Trident/7.0; rv:11.0) like Gecko"
213.94.213.130 - - [20/Jun/2014:09:03:34 -0400] "GET /images/doc_pdf.gif HTTP/1.1" 200 1002 "http://www.ancis.us/rci.html" "Mozilla/5.0 (Windows NT 6.1; WOW64; Trident/7.0; rv:11.0) like Gecko"
85.92.144.37 - - [20/Jun/2014:19:34:48 -0400] "HEAD /mysql/ HTTP/1.1" 404 - "-" "Mozilla/5.0 (Windows; U; Windows NT 5.1; ru; rv:1.9.0.8) Gecko/2009032609 Firefox/3.0.8"
206.18.169.208 - - [20/Jun/2014:12:07:01 -0400] "GET /images/AN-04-9-1.pdf HTTP/1.1" 200 936793 "http://www.google.com/url?url=http://ancis.us/images/AN-04-9-1.pdf&rct=j&frm=1&q=&esrc=s&sa=U&ei=olSkU_CrPMn18AHTiIHABQ&ved=0CEQQFjAJ&usg=AFQjCNFWE5qKsc0lG64-fBT5nFcbjNmqNQ" "Mozilla/4.0 (compatible; MSIE 8.0; Windows NT 6.1; Trident/4.0; GTB7.5; SLCC2; .NET CLR 2.0.50727; .NET CLR 3.5.30729; .NET CLR 3.0.30729; .NET4.0C; InfoPath.2; .NET4.0E; MS-RTC LM 8)"
119.82.97.170 - - [20/Jun/2014:02:19:42 -0400] "GET /images/70_iStock_zerosCropF70.jpg HTTP/1.1" 200 8404 "http://www.ancis.us/" "Mozilla/5.0 (Windows NT 5.1; rv:30.0) Gecko/20100101 Firefox/30.0"
135.245.224.4 - - [20/Jun/2014:04:52:02 -0400] "GET /images/ANCIS-Telcordia_Intelec_2010_Paper_Final.pdf HTTP/1.0" 304 - "-" "Mozilla/5.0 (Windows NT 6.1; WOW64; rv:24.0) Gecko/20100101 Firefox/24.0"
107.132.136.47 - - [20/Jun/2014:09:21:22 -0400] "GET /scripts/photoalbum.js HTTP/1.1" 304 - "http://www.ancis.us/" "Mozilla/5.0 (Windows NT 6.1; WOW64; Trident/7.0; rv:11.0) like Gecko"
107.132.136.47 - - [20/Jun/2014:09:21:22 -0400] "GET /scripts/website.css HTTP/1.1" 304 - "http://www.ancis.us/" "Mozilla/5.0 (Windows NT 6.1; WOW64; Trident/7.0; rv:11.0) like Gecko"
107.132.136.47 - - [20/Jun/2014:09:21:22 -0400] "GET /images/115_RCI-7.jpg HTTP/1.1" 304 - "http://www.ancis.us/" "Mozilla/5.0 (Windows NT 6.1; WOW64; Trident/7.0; rv:11.0) like Gecko"
24.106.45.242 - - [20/Jun/2014:11:34:37 -0400] "GET /images/RCI.pdf HTTP/1.1" 206 13905 "-" "Mozilla/5.0 (Windows NT 6.1; WOW64; rv:30.0) Gecko/20100101 Firefox/30.0"
24.106.45.242 - - [20/Jun/2014:11:34:37 -0400] "GET /images/RCI.pdf HTTP/1.1" 206 65536 "-" "Mozilla/5.0 (Windows NT 6.1; WOW64; rv:30.0) Gecko/20100101 Firefox/30.0"
24.106.45.242 - - [20/Jun/2014:11:34:37 -0400] "GET /images/RCI.pdf HTTP/1.1" 206 65536 "-" "Mozilla/5.0 (Windows NT 6.1; WOW64; rv:30.0) Gecko/20100101 Firefox/30.0"
24.106.45.242 - - [20/Jun/2014:11:34:39 -0400] "GET /images/RCI.pdf HTTP/1.1" 206 65536 "-" "Mozilla/5.0 (Windows NT 6.1; WOW64; rv:30.0) Gecko/20100101 Firefox/30.0"
162.223.77.242 - - [20/Jun/2014:16:42:40 -0400] "GET / HTTP/1.1" 200 28903 "-" "Mozilla/5.0 (Windows NT 6.1; WOW64) AppleWebKit/537.36 (KHTML, like Gecko) Chrome/35.0.1916.153 Safari/537.36"
162.223.77.242 - - [20/Jun/2014:16:42:40 -0400] "GET /scripts/ic_globals_published.js HTTP/1.1" 200 566 "http://www.ancis.us/" "Mozilla/5.0 (Windows NT 6.1; WOW64) AppleWebKit/537.36 (KHTML, like Gecko) Chrome/35.0.1916.153 Safari/537.36"
162.223.77.242 - - [20/Jun/2014:16:42:41 -0400] "GET /scripts/icwebsiteelement.css HTTP/1.1" 200 8132 "http://www.ancis.us/" "Mozilla/5.0 (Windows NT 6.1; WOW64) AppleWebKit/537.36 (KHTML, like Gecko) Chrome/35.0.1916.153 Safari/537.36"
162.223.77.242 - - [20/Jun/2014:16:42:41 -0400] "GET /images/140_ANCIS-Logo140.jpg HTTP/1.1" 200 5351 "http://www.ancis.us/" "Mozilla/5.0 (Windows NT 6.1; WOW64) AppleWebKit/537.36 (KHTML, like Gecko) Chrome/35.0.1916.153 Safari/537.36"
162.223.77.242 - - [20/Jun/2014:16:42:41 -0400] "GET /images/70_iStock_zerosCropF70.jpg HTTP/1.1" 200 8404 "http://www.ancis.us/" "Mozilla/5.0 (Windows NT 6.1; WOW64) AppleWebKit/537.36 (KHTML, like Gecko) Chrome/35.0.1916.153 Safari/537.36"
162.223.77.242 - - [20/Jun/2014:16:42:41 -0400] "GET /images/70_iStock_DNAcropDBF70.jpg HTTP/1.1" 200 6073 "http://www.ancis.us/" "Mozilla/5.0 (Windows NT 6.1; WOW64) AppleWebKit/537.36 (KHTML, like Gecko) Chrome/35.0.1916.153 Safari/537.36"
195.154.185.238 - - [20/Jun/2014:02:50:30 -0400] "GET /robots.txt HTTP/1.0" 200 25 "-" "Mozilla/5.0 (compatible; MJ12bot/v1.4.5; http://www.majestic12.co.uk/bot.php?+)"
66.249.80.31 - - [20/Jun/2014:04:29:54 -0400] "GET /images/400_Servers-cropped-layer-final.jpg HTTP/1.1" 200 15228 "-" "Mozilla/5.0 (compatible) Feedfetcher-Google; (+http://www.google.com/feedfetcher.html)"
66.249.80.31 - - [20/Jun/2014:04:29:54 -0400] "GET /images/400_Servers-cropped-layer-final.jpg HTTP/1.1" 200 15228 "-" "Mozilla/5.0 (compatible) Feedfetcher-Google; (+http://www.google.com/feedfetcher.html)"
202.46.62.109 - - [20/Jun/2014:06:40:28 -0400] "GET /images/RCI--for_Website.pdf HTTP/1.1" 200 170721 "-" "Mozilla/5.0 (Windows NT 6.1; WOW64; rv:22.0) Gecko/20100101 Firefox/22.0"
66.249.65.220 - - [20/Jun/2014:14:54:23 -0400] "GET /rci.html HTTP/1.1" 200 28345 "-" "Googlebot/2.1 (+http://www.google.com/bot.html)"
89.105.200.97 - - [20/Jun/2014:20:21:39 -0400] "GET / HTTP/1.1" 200 28903 "-" "QACC browser"
89.105.200.97 - - [20/Jun/2014:20:21:40 -0400] "GET /scripts/ic_globals_published.js HTTP/1.1" 200 566 "http://ancis.us/" "Mozilla/4.0 (compatible; MSIE 7.0; Windows NT 6.1; Trident/6.0; SLCC2; .NET CLR 2.0.50727; .NET CLR 3.5.30729; .NET CLR 3.0.30729; Media Center PC 6.0; .NET4.0C; .NET4.0E)"
208.115.111.72 - - [20/Jun/2014:22:31:57 -0400] "GET /rci.html?e12bede0 HTTP/1.1" 200 28345 "-" "Mozilla/5.0 (compatible; DotBot/1.1; http://www.opensiteexplorer.org/dotbot, help@moz.com)"
180.153.206.25 - - [20/Jun/2014:08:55:11 -0400] "GET /scripts/photoalbum.js HTTP/1.1" 200 62481 "http://ancis.us/scripts/photoalbum.js" "Mozilla/4.0"
119.82.97.170 - - [20/Jun/2014:02:19:38 -0400] "GET /scripts/template.css HTTP/1.1" 200 10212 "http://www.ancis.us/" "Mozilla/5.0 (Windows NT 5.1; rv:30.0) Gecko/20100101 Firefox/30.0"
119.82.97.170 - - [20/Jun/2014:02:19:42 -0400] "GET /images/70_iStock_DNAcropDBF70.jpg HTTP/1.1" 200 6073 "http://www.ancis.us/" "Mozilla/5.0 (Windows NT 5.1; rv:30.0) Gecko/20100101 Firefox/30.0"
14.139.98.10 - - [20/Jun/2014:06:32:53 -0400] "GET /images/RCI.pdf HTTP/1.1" 206 32768 "http://ancis.us/images/RCI.pdf" "Mozilla/5.0 (Windows NT 6.1; WOW64) AppleWebKit/537.36 (KHTML, like Gecko) Chrome/35.0.1916.153 Safari/537.36"
14.139.98.10 - - [20/Jun/2014:06:32:54 -0400] "GET /images/RCI.pdf HTTP/1.1" 206 108316 "http://ancis.us/images/RCI.pdf" "Mozilla/5.0 (Windows NT 6.1; WOW64) AppleWebKit/537.36 (KHTML, like Gecko) Chrome/35.0.1916.153 Safari/537.36"
14.139.98.10 - - [20/Jun/2014:06:32:55 -0400] "GET /images/RCI.pdf HTTP/1.1" 206 32768 "http://ancis.us/images/RCI.pdf" "Mozilla/5.0 (Windows NT 6.1; WOW64) AppleWebKit/537.36 (KHTML, like Gecko) Chrome/35.0.1916.153 Safari/537.36"
14.139.98.10 - - [20/Jun/2014:06:32:56 -0400] "GET /images/RCI.pdf HTTP/1.1" 206 32768 "http://ancis.us/images/RCI.pdf" "Mozilla/5.0 (Windows NT 6.1; WOW64) AppleWebKit/537.36 (KHTML, like Gecko) Chrome/35.0.1916.153 Safari/537.36"
14.139.98.10 - - [20/Jun/2014:06:32:56 -0400] "GET /images/RCI.pdf HTTP/1.1" 206 32768 "http://ancis.us/images/RCI.pdf" "Mozilla/5.0 (Windows NT 6.1; WOW64) AppleWebKit/537.36 (KHTML, like Gecko) Chrome/35.0.1916.153 Safari/537.36"
14.139.98.10 - - [20/Jun/2014:06:32:57 -0400] "GET /images/RCI.pdf HTTP/1.1" 206 36661 "http://ancis.us/images/RCI.pdf" "Mozilla/5.0 (Windows NT 6.1; WOW64) AppleWebKit/537.36 (KHTML, like Gecko) Chrome/35.0.1916.153 Safari/537.36"
213.94.213.130 - - [20/Jun/2014:09:03:35 -0400] "GET /favicon.ico HTTP/1.1" 404 575 "-" "Mozilla/5.0 (Windows NT 6.1; Win64; x64; Trident/7.0; rv:11.0) like Gecko"
24.106.45.242 - - [20/Jun/2014:11:34:21 -0400] "GET /images/SL-08-018_Final.pdf HTTP/1.1" 206 53175 "http://www.google.com/url?sa=t&rct=j&q=&esrc=s&source=web&cd=1&ved=0CCAQFjAA&url=http%3A%2F%2Fancis.us%2Fimages%2FSL-08-018_Final.pdf&ei=TOeMU_X9HseayASh7oKICg&usg=AFQjCNF5nYKyTu3Sfl2kdtzMmTW-MR4H7A&sig2=9pXBwQtRzmaKA1g3035Udg&bvm=bv.68191837,d.aWw&cad=rja" "Mozilla/5.0 (Windows NT 6.1; WOW64; rv:30.0) Gecko/20100101 Firefox/30.0"
24.106.45.242 - - [20/Jun/2014:11:34:22 -0400] "GET /images/SL-08-018_Final.pdf HTTP/1.1" 206 65536 "http://www.google.com/url?sa=t&rct=j&q=&esrc=s&source=web&cd=1&ved=0CCAQFjAA&url=http%3A%2F%2Fancis.us%2Fimages%2FSL-08-018_Final.pdf&ei=TOeMU_X9HseayASh7oKICg&usg=AFQjCNF5nYKyTu3Sfl2kdtzMmTW-MR4H7A&sig2=9pXBwQtRzmaKA1g3035Udg&bvm=bv.68191837,d.aWw&cad=rja" "Mozilla/5.0 (Windows NT 6.1; WOW64; rv:30.0) Gecko/20100101 Firefox/30.0"
24.106.45.242 - - [20/Jun/2014:11:34:22 -0400] "GET /images/SL-08-018_Final.pdf HTTP/1.1" 206 131072 "http://www.google.com/url?sa=t&rct=j&q=&esrc=s&source=web&cd=1&ved=0CCAQFjAA&url=http%3A%2F%2Fancis.us%2Fimages%2FSL-08-018_Final.pdf&ei=TOeMU_X9HseayASh7oKICg&usg=AFQjCNF5nYKyTu3Sfl2kdtzMmTW-MR4H7A&sig2=9pXBwQtRzmaKA1g3035Udg&bvm=bv.68191837,d.aWw&cad=rja" "Mozilla/5.0 (Windows NT 6.1; WOW64; rv:30.0) Gecko/20100101 Firefox/30.0"
24.106.45.242 - - [20/Jun/2014:11:34:22 -0400] "GET /images/SL-08-018_Final.pdf HTTP/1.1" 206 65536 "http://www.google.com/url?sa=t&rct=j&q=&esrc=s&source=web&cd=1&ved=0CCAQFjAA&url=http%3A%2F%2Fancis.us%2Fimages%2FSL-08-018_Final.pdf&ei=TOeMU_X9HseayASh7oKICg&usg=AFQjCNF5nYKyTu3Sfl2kdtzMmTW-MR4H7A&sig2=9pXBwQtRzmaKA1g3035Udg&bvm=bv.68191837,d.aWw&cad=rja" "Mozilla/5.0 (Windows NT 6.1; WOW64; rv:30.0) Gecko/20100101 Firefox/30.0"
24.106.45.242 - - [20/Jun/2014:11:34:22 -0400] "GET /images/SL-08-018_Final.pdf HTTP/1.1" 206 65536 "http://www.google.com/url?sa=t&rct=j&q=&esrc=s&source=web&cd=1&ved=0CCAQFjAA&url=http%3A%2F%2Fancis.us%2Fimages%2FSL-08-018_Final.pdf&ei=TOeMU_X9HseayASh7oKICg&usg=AFQjCNF5nYKyTu3Sfl2kdtzMmTW-MR4H7A&sig2=9pXBwQtRzmaKA1g3035Udg&bvm=bv.68191837,d.aWw&cad=rja" "Mozilla/5.0 (Windows NT 6.1; WOW64; rv:30.0) Gecko/20100101 Firefox/30.0"
24.106.45.242 - - [20/Jun/2014:11:34:23 -0400] "GET /images/SL-08-018_Final.pdf HTTP/1.1" 206 65536 "http://www.google.com/url?sa=t&rct=j&q=&esrc=s&source=web&cd=1&ved=0CCAQFjAA&url=http%3A%2F%2Fancis.us%2Fimages%2FSL-08-018_Final.pdf&ei=TOeMU_X9HseayASh7oKICg&usg=AFQjCNF5nYKyTu3Sfl2kdtzMmTW-MR4H7A&sig2=9pXBwQtRzmaKA1g3035Udg&bvm=bv.68191837,d.aWw&cad=rja" "Mozilla/5.0 (Windows NT 6.1; WOW64; rv:30.0) Gecko/20100101 Firefox/30.0"
24.106.45.242 - - [20/Jun/2014:11:34:24 -0400] "GET /images/SL-08-018_Final.pdf HTTP/1.1" 206 65536 "http://www.google.com/url?sa=t&rct=j&q=&esrc=s&source=web&cd=1&ved=0CCAQFjAA&url=http%3A%2F%2Fancis.us%2Fimages%2FSL-08-018_Final.pdf&ei=TOeMU_X9HseayASh7oKICg&usg=AFQjCNF5nYKyTu3Sfl2kdtzMmTW-MR4H7A&sig2=9pXBwQtRzmaKA1g3035Udg&bvm=bv.68191837,d.aWw&cad=rja" "Mozilla/5.0 (Windows NT 6.1; WOW64; rv:30.0) Gecko/20100101 Firefox/30.0"
24.106.45.242 - - [20/Jun/2014:11:34:24 -0400] "GET /images/SL-08-018_Final.pdf HTTP/1.1" 206 65536 "http://www.google.com/url?sa=t&rct=j&q=&esrc=s&source=web&cd=1&ved=0CCAQFjAA&url=http%3A%2F%2Fancis.us%2Fimages%2FSL-08-018_Final.pdf&ei=TOeMU_X9HseayASh7oKICg&usg=AFQjCNF5nYKyTu3Sfl2kdtzMmTW-MR4H7A&sig2=9pXBwQtRzmaKA1g3035Udg&bvm=bv.68191837,d.aWw&cad=rja" "Mozilla/5.0 (Windows NT 6.1; WOW64; rv:30.0) Gecko/20100101 Firefox/30.0"
24.106.45.242 - - [20/Jun/2014:11:34:26 -0400] "GET /images/RCI.pdf HTTP/1.1" 206 261824 "-" "Mozilla/5.0 (Windows NT 6.1; WOW64; rv:30.0) Gecko/20100101 Firefox/30.0"
119.82.97.170 - - [20/Jun/2014:02:15:44 -0400] "GET /scripts/photoalbum.js HTTP/1.1" 200 62481 "http://www.ancis.us/rci.html" "Mozilla/5.0 (Windows NT 5.1; rv:30.0) Gecko/20100101 Firefox/30.0"
119.82.97.170 - - [20/Jun/2014:02:15:44 -0400] "GET /scripts/user.js HTTP/1.1" 200 23762 "http://www.ancis.us/rci.html" "Mozilla/5.0 (Windows NT 5.1; rv:30.0) Gecko/20100101 Firefox/30.0"
119.82.97.170 - - [20/Jun/2014:02:15:46 -0400] "GET /images/70_iStock-BookCropF70.jpg HTTP/1.1" 200 2663 "http://www.ancis.us/rci.html" "Mozilla/5.0 (Windows NT 5.1; rv:30.0) Gecko/20100101 Firefox/30.0"
119.82.97.170 - - [20/Jun/2014:02:21:57 -0400] "GET /images/70_iStock-PeopcropFinal70.jpg HTTP/1.1" 200 2522 "http://www.ancis.us/aboutus.html" "Mozilla/5.0 (Windows NT 5.1; rv:30.0) Gecko/20100101 Firefox/30.0"
89.145.108.202 - - [20/Jun/2014:16:41:46 -0400] "GET / HTTP/1.1" 200 28903 "-" "Mozilla/5.0 (compatible; MSIE 9.0; Windows NT 6.1; WOW64; Trident/5.0)"
157.55.39.114 - - [20/Jun/2014:08:40:22 -0400] "GET / HTTP/1.1" 200 28903 "-" "Mozilla/5.0 (compatible; bingbot/2.0; +http://www.bing.com/bingbot.htm)"
107.132.136.47 - - [20/Jun/2014:09:21:23 -0400] "GET / HTTP/1.1" 304 - "-" "Mozilla/5.0 (Windows NT 6.1; WOW64; Trident/7.0; rv:11.0) like Gecko"
107.132.136.47 - - [20/Jun/2014:09:21:23 -0400] "GET /scripts/ic_globals_published.js HTTP/1.1" 304 - "http://www.ancis.us/" "Mozilla/5.0 (Windows NT 6.1; WOW64; Trident/7.0; rv:11.0) like Gecko"
107.132.136.47 - - [20/Jun/2014:09:21:23 -0400] "GET /scripts/template.css HTTP/1.1" 304 - "http://www.ancis.us/" "Mozilla/5.0 (Windows NT 6.1; WOW64; Trident/7.0; rv:11.0) like Gecko"
107.132.136.47 - - [20/Jun/2014:09:21:23 -0400] "GET /images/140_ANCIS-Logo140.jpg HTTP/1.1" 304 - "http://www.ancis.us/" "Mozilla/5.0 (Windows NT 6.1; WOW64; Trident/7.0; rv:11.0) like Gecko"
107.132.136.47 - - [20/Jun/2014:09:21:23 -0400] "GET /images/400_Servers-cropped-layer-final.jpg HTTP/1.1" 304 - "http://www.ancis.us/" "Mozilla/5.0 (Windows NT 6.1; WOW64; Trident/7.0; rv:11.0) like Gecko"
107.132.136.47 - - [20/Jun/2014:09:21:23 -0400] "GET /images/70_iStock_zerosCropF70.jpg HTTP/1.1" 304 - "http://www.ancis.us/" "Mozilla/5.0 (Windows NT 6.1; WOW64; Trident/7.0; rv:11.0) like Gecko"
107.132.136.47 - - [20/Jun/2014:09:21:23 -0400] "GET /images/030113_1833_0009_osls.jpg HTTP/1.1" 304 - "http://www.ancis.us/" "Mozilla/5.0 (Windows NT 6.1; WOW64; Trident/7.0; rv:11.0) like Gecko"
24.106.45.242 - - [20/Jun/2014:11:34:26 -0400] "GET /images/RCI.pdf HTTP/1.1" 206 13905 "-" "Mozilla/5.0 (Windows NT 6.1; WOW64; rv:30.0) Gecko/20100101 Firefox/30.0"
24.106.45.242 - - [20/Jun/2014:11:34:27 -0400] "GET /images/RCI.pdf HTTP/1.1" 206 65536 "-" "Mozilla/5.0 (Windows NT 6.1; WOW64; rv:30.0) Gecko/20100101 Firefox/30.0"
24.106.45.242 - - [20/Jun/2014:11:34:27 -0400] "GET /images/RCI.pdf HTTP/1.1" 206 65536 "-" "Mozilla/5.0 (Windows NT 6.1; WOW64; rv:30.0) Gecko/20100101 Firefox/30.0"
5.9.112.68 - - [20/Jun/2014:03:23:12 -0400] "GET /robots.txt HTTP/1.1" 200 25 "-" "Mozilla/5.0 (compatible; SISTRIX Crawler; http://crawler.sistrix.net/)"
107.132.136.47 - - [20/Jun/2014:09:04:53 -0400] "GET /scripts/user.js HTTP/1.1" 304 - "http://www.ancis.us/" "Mozilla/5.0 (Windows NT 6.1; WOW64; Trident/7.0; rv:11.0) like Gecko"
107.132.136.47 - - [20/Jun/2014:09:04:53 -0400] "GET /scripts/template.css HTTP/1.1" 304 - "http://www.ancis.us/" "Mozilla/5.0 (Windows NT 6.1; WOW64; Trident/7.0; rv:11.0) like Gecko"
107.132.136.47 - - [20/Jun/2014:09:04:54 -0400] "GET /images/70_iStock_DNAcropDBF70.jpg HTTP/1.1" 304 - "http://www.ancis.us/" "Mozilla/5.0 (Windows NT 6.1; WOW64; Trident/7.0; rv:11.0) like Gecko"
107.132.136.47 - - [20/Jun/2014:09:04:56 -0400] "GET /images/030113_1833_0009_osls.jpg HTTP/1.1" 304 - "http://www.ancis.us/" "Mozilla/5.0 (Windows NT 6.1; WOW64; Trident/7.0; rv:11.0) like Gecko"
66.249.81.226 - - [20/Jun/2014:06:38:35 -0400] "GET /images/ANCIS-Telcordia_Intelec_2010_Paper_Final.pdf HTTP/1.1" 200 86120 "-" "Mozilla/5.0 (Windows NT 6.1; WOW64; rv:17.0) Gecko/20100101 Firefox/17.0,gzip(gfe) (via docs.google.com/viewer)"
213.94.213.130 - - [20/Jun/2014:09:03:34 -0400] "GET /scripts/photoalbum.js HTTP/1.1" 200 62481 "http://www.ancis.us/rci.html" "Mozilla/5.0 (Windows NT 6.1; WOW64; Trident/7.0; rv:11.0) like Gecko"
213.94.213.130 - - [20/Jun/2014:09:03:34 -0400] "GET /images/030113_1833_0009_osls.jpg HTTP/1.1" 200 5070 "http://www.ancis.us/rci.html" "Mozilla/5.0 (Windows NT 6.1; WOW64; Trident/7.0; rv:11.0) like Gecko"
5.9.112.68 - - [20/Jun/2014:03:23:13 -0400] "GET / HTTP/1.1" 206 28903 "-" "Mozilla/5.0 (compatible; SISTRIX Crawler; http://crawler.sistrix.net/)"
66.249.65.194 - - [20/Jun/2014:13:47:12 -0400] "GET /scripts/9custom.css HTTP/1.1" 200 4174 "-" "Mozilla/5.0 (compatible; Googlebot/2.1; +http://www.google.com/bot.html)"
115.112.64.154 - - [20/Jun/2014:15:02:38 -0400] "GET / HTTP/1.1" 200 28903 "-" "QH/Nutch-1.5"
68.180.224.175 - - [20/Jun/2014:19:56:01 -0400] "GET /rci.html HTTP/1.1" 200 28345 "-" "Mozilla/5.0 (compatible; Yahoo! Slurp; http://help.yahoo.com/help/us/ysearch/slurp)"
208.115.113.88 - - [20/Jun/2014:23:40:20 -0400] "GET /robots.txt HTTP/1.1" 200 25 "-" "Mozilla/5.0 (compatible; DotBot/1.1; http://www.opensiteexplorer.org/dotbot, help@moz.com)"
107.132.136.47 - - [20/Jun/2014:09:21:23 -0400] "GET /scripts/9custom.css HTTP/1.1" 304 - "http://www.ancis.us/" "Mozilla/5.0 (Windows NT 6.1; WOW64; Trident/7.0; rv:11.0) like Gecko"
128.227.212.149 - - [20/Jun/2014:14:14:48 -0400] "GET /images/OR-10-003_Final_Web.pdf HTTP/1.1" 206 32768 "http://www.ancis.us/images/OR-10-003_Final_Web.pdf" "Mozilla/5.0 (X11; Linux x86_64) AppleWebKit/537.36 (KHTML, like Gecko) Chrome/34.0.1847.116 Safari/537.36"
128.227.212.149 - - [20/Jun/2014:14:14:48 -0400] "GET /images/OR-10-003_Final_Web.pdf HTTP/1.1" 206 596433 "http://www.ancis.us/images/OR-10-003_Final_Web.pdf" "Mozilla/5.0 (X11; Linux x86_64) AppleWebKit/537.36 (KHTML, like Gecko) Chrome/34.0.1847.116 Safari/537.36"
128.227.212.149 - - [20/Jun/2014:14:14:47 -0400] "GET /images/OR-10-003_Final_Web.pdf HTTP/1.1" 200 629201 "https://www.google.com/" "Mozilla/5.0 (X11; Linux x86_64) AppleWebKit/537.36 (KHTML, like Gecko) Chrome/34.0.1847.116 Safari/537.36"
213.94.213.130 - - [20/Jun/2014:09:03:33 -0400] "GET /rci.html HTTP/1.1" 200 28345 "http://www.bing.com/search?q=data+center+RCI&qs=n&form=QBRE&pq=data+center+rci&sc=2-15&sp=-1&sk=&cvid=34fda296501b43d992e65e396dde2b45" "Mozilla/5.0 (Windows NT 6.1; WOW64; Trident/7.0; rv:11.0) like Gecko"
213.94.213.130 - - [20/Jun/2014:09:03:34 -0400] "GET /scripts/icwebsiteelement.css HTTP/1.1" 200 8132 "http://www.ancis.us/rci.html" "Mozilla/5.0 (Windows NT 6.1; WOW64; Trident/7.0; rv:11.0) like Gecko"
107.132.136.47 - - [20/Jun/2014:09:04:58 -0400] "GET /favicon.ico HTTP/1.1" 404 575 "-" "Mozilla/5.0 (Windows NT 6.1; Win64; x64; Trident/7.0; rv:11.0) like Gecko"
119.82.97.170 - - [20/Jun/2014:02:16:33 -0400] "GET / HTTP/1.1" 200 28903 "http://www.google.co.in/url?sa=t&rct=j&q=&esrc=s&source=web&cd=1&ved=0CBsQFjAA&url=http%3A%2F%2Fwww.ancis.us%2F&ei=utGjU5qdJcWxuAT52YCgCg&usg=AFQjCNGKmlm46lc56d_fYiIcA3vpsHoc9g&bvm=bv.69411363,d.c2E" "Mozilla/5.0 (Windows NT 5.1; rv:30.0) Gecko/20100101 Firefox/30.0"
119.82.97.170 - - [20/Jun/2014:02:16:35 -0400] "GET /scripts/9custom.css HTTP/1.1" 200 4174 "http://www.ancis.us/" "Mozilla/5.0 (Windows NT 5.1; rv:30.0) Gecko/20100101 Firefox/30.0"
119.82.97.170 - - [20/Jun/2014:02:16:35 -0400] "GET /images/400_Servers-cropped-layer-final.jpg HTTP/1.1" 200 15228 "http://www.ancis.us/" "Mozilla/5.0 (Windows NT 5.1; rv:30.0) Gecko/20100101 Firefox/30.0"
135.245.224.4 - - [20/Jun/2014:04:52:18 -0400] "GET /images/ANCIS-Telcordia_Intelec_2010_Paper_Final.pdf HTTP/1.0" 304 - "-" "Mozilla/5.0 (Windows NT 6.1; WOW64; rv:24.0) Gecko/20100101 Firefox/24.0"
135.245.224.4 - - [20/Jun/2014:04:52:19 -0400] "GET /images/ANCIS-Telcordia_Intelec_2010_Paper_Final.pdf HTTP/1.0" 304 - "-" "Mozilla/5.0 (Windows NT 6.1; WOW64; rv:24.0) Gecko/20100101 Firefox/24.0"
100.43.91.19 - - [20/Jun/2014:00:02:37 -0400] "GET /robots.txt HTTP/1.1" 200 25 "-" "Mozilla/5.0 (compatible; YandexBot/3.0; +http://yandex.com/bots)"
119.82.97.170 - - [20/Jun/2014:02:19:37 -0400] "GET / HTTP/1.1" 200 28903 "http://www.google.co.in/url?sa=t&rct=j&q=&esrc=s&source=web&cd=1&ved=0CBsQFjAA&url=http%3A%2F%2Fwww.ancis.us%2F&ei=btKjU4-0C4mKuATD0oC4Aw&usg=AFQjCNGKmlm46lc56d_fYiIcA3vpsHoc9g&sig2=taJ3GX7jZKV4qO7aevYzcg&bvm=bv.69411363,d.c2E" "Mozilla/5.0 (Windows NT 5.1; rv:30.0) Gecko/20100101 Firefox/30.0"
119.82.97.170 - - [20/Jun/2014:02:16:35 -0400] "GET /images/70_iStock_zerosCropF70.jpg HTTP/1.1" 200 8404 "http://www.ancis.us/" "Mozilla/5.0 (Windows NT 5.1; rv:30.0) Gecko/20100101 Firefox/30.0"
119.82.97.170 - - [20/Jun/2014:02:19:38 -0400] "GET /scripts/user.js HTTP/1.1" 200 23762 "http://www.ancis.us/" "Mozilla/5.0 (Windows NT 5.1; rv:30.0) Gecko/20100101 Firefox/30.0"
8.28.16.254 - - [20/Jun/2014:03:05:44 -0400] "GET /images/RCI.pdf HTTP/1.1" 304 - "-" "Mozilla/4.0 (compatible;)"
115.112.64.154 - - [20/Jun/2014:15:02:38 -0400] "GET /robots.txt HTTP/1.1" 200 25 "-" "QH/Nutch-1.5"
89.105.200.97 - - [20/Jun/2014:20:21:41 -0400] "GET /scripts/print.css HTTP/1.1" 200 7623 "http://ancis.us/" "Mozilla/4.0 (compatible; MSIE 7.0; Windows NT 6.1; Trident/6.0; SLCC2; .NET CLR 2.0.50727; .NET CLR 3.5.30729; .NET CLR 3.0.30729; Media Center PC 6.0; .NET4.0C; .NET4.0E)"
89.105.200.97 - - [20/Jun/2014:20:21:42 -0400] "GET /images/70_iStock_zerosCropF70.jpg HTTP/1.1" 200 8404 "http://ancis.us/" "Mozilla/4.0 (compatible; MSIE 7.0; Windows NT 6.1; Trident/6.0; SLCC2; .NET CLR 2.0.50727; .NET CLR 3.5.30729; .NET CLR 3.0.30729; Media Center PC 6.0; .NET4.0C; .NET4.0E)"
207.46.13.101 - - [20/Jun/2014:08:13:49 -0400] "GET /scripts/template.css HTTP/1.1" 200 10212 "-" "Mozilla/5.0 (compatible; bingbot/2.0; +http://www.bing.com/bingbot.htm)"
207.46.13.101 - - [20/Jun/2014:08:13:49 -0400] "GET /scripts/7custom.css HTTP/1.1" 200 4512 "-" "Mozilla/5.0 (compatible; bingbot/2.0; +http://www.bing.com/bingbot.htm)"
119.82.97.170 - - [20/Jun/2014:02:16:35 -0400] "GET /images/70_iStock_FiberCropF70.jpg HTTP/1.1" 200 5102 "http://www.ancis.us/" "Mozilla/5.0 (Windows NT 5.1; rv:30.0) Gecko/20100101 Firefox/30.0"
119.82.97.170 - - [20/Jun/2014:02:19:42 -0400] "GET /images/115_RCI-7.jpg HTTP/1.1" 200 1745 "http://www.ancis.us/" "Mozilla/5.0 (Windows NT 5.1; rv:30.0) Gecko/20100101 Firefox/30.0"
14.139.98.11 - - [20/Jun/2014:06:32:53 -0400] "GET /favicon.ico HTTP/1.1" 404 575 "-" "Mozilla/5.0 (Windows NT 6.1; WOW64) AppleWebKit/537.36 (KHTML, like Gecko) Chrome/35.0.1916.153 Safari/537.36"
66.249.65.207 - - [20/Jun/2014:16:28:53 -0400] "GET /home.html HTTP/1.1" 200 28903 "-" "Mozilla/5.0 (iPhone; CPU iPhone OS 6_0 like Mac OS X) AppleWebKit/536.26 (KHTML, like Gecko) Version/6.0 Mobile/10A5376e Safari/8536.25 (compatible; Googlebot/2.1; +http://www.google.com/bot.html)"
62.6.180.244 - - [20/Jun/2014:10:43:53 -0400] "GET /images/RCI.pdf HTTP/1.1" 200 276049 "-" "Mozilla/5.0 (compatible; MSIE 10.0; Windows NT 6.1; WOW64; Trident/6.0)"
144.76.163.48 - - [20/Jun/2014:02:38:08 -0400] "GET /images/AN-04-9-1.pdf HTTP/1.1" 200 936793 "-" "Mozilla/5.0 (Windows NT 6.1; rv:12.0) Gecko/ 20120405 Firefox/14.0.1"
178.137.34.186 - - [20/Jun/2014:03:15:57 -0400] "GET / HTTP/1.1" 200 28903 "-" "Mozilla/4.0 (compatible; Synapse)"
135.245.224.4 - - [20/Jun/2014:04:49:23 -0400] "GET /images/ANCIS-Telcordia_Intelec_2010_Paper_Final.pdf HTTP/1.0" 304 - "-" "Mozilla/5.0 (Windows NT 6.1; WOW64; rv:24.0) Gecko/20100101 Firefox/24.0"
135.245.224.4 - - [20/Jun/2014:04:49:24 -0400] "GET /images/ANCIS-Telcordia_Intelec_2010_Paper_Final.pdf HTTP/1.0" 304 - "-" "Mozilla/5.0 (Windows NT 6.1; WOW64; rv:24.0) Gecko/20100101 Firefox/24.0"
89.105.200.97 - - [20/Jun/2014:20:20:48 -0400] "GET /scripts/icwebsiteelement.css HTTP/1.1" 200 8132 "http://ancis.us/" "Mozilla/4.0 (compatible; MSIE 7.0; Windows NT 6.1; Trident/6.0; SLCC2; .NET CLR 2.0.50727; .NET CLR 3.5.30729; .NET CLR 3.0.30729; Media Center PC 6.0; .NET4.0C; .NET4.0E)"
89.105.200.97 - - [20/Jun/2014:20:20:48 -0400] "GET /images/140_ANCIS-Logo140.jpg HTTP/1.1" 200 5351 "http://ancis.us/" "Mozilla/4.0 (compatible; MSIE 7.0; Windows NT 6.1; Trident/6.0; SLCC2; .NET CLR 2.0.50727; .NET CLR 3.5.30729; .NET CLR 3.0.30729; Media Center PC 6.0; .NET4.0C; .NET4.0E)"
89.105.200.97 - - [20/Jun/2014:20:20:49 -0400] "GET /images/70_iStock_FiberCropF70.jpg HTTP/1.1" 200 5102 "http://ancis.us/" "Mozilla/4.0 (compatible; MSIE 7.0; Windows NT 6.1; Trident/6.0; SLCC2; .NET CLR 2.0.50727; .NET CLR 3.5.30729; .NET CLR 3.0.30729; Media Center PC 6.0; .NET4.0C; .NET4.0E)"
119.82.97.170 - - [20/Jun/2014:02:15:56 -0400] "GET /scripts/template.css HTTP/1.1" 200 10212 "http://www.ancis.us/rci.html" "Mozilla/5.0 (Windows NT 5.1; rv:30.0) Gecko/20100101 Firefox/30.0"
119.82.97.170 - - [20/Jun/2014:02:15:56 -0400] "GET /scripts/print.css HTTP/1.1" 200 7623 "http://www.ancis.us/rci.html" "Mozilla/5.0 (Windows NT 5.1; rv:30.0) Gecko/20100101 Firefox/30.0"
119.82.97.170 - - [20/Jun/2014:02:15:57 -0400] "GET /images/doc_pdf.gif HTTP/1.1" 200 1002 "http://www.ancis.us/rci.html" "Mozilla/5.0 (Windows NT 5.1; rv:30.0) Gecko/20100101 Firefox/30.0"
119.82.97.170 - - [20/Jun/2014:02:19:54 -0400] "GET /images/140_ANCIS-Logo140.jpg HTTP/1.1" 200 5351 "http://www.ancis.us/" "Mozilla/5.0 (Windows NT 5.1; rv:30.0) Gecko/20100101 Firefox/30.0"
135.245.192.10 - - [20/Jun/2014:02:51:32 -0400] "GET /images/New_York_08_Web.pdf HTTP/1.1" 200 345858 "http://www.google.de/url?sa=t&rct=j&q=&esrc=s&source=web&cd=24&ved=0CD4QFjADOBQ&url=http%3A%2F%2Fwww.ancis.us%2Fimages%2FNew_York_08_Web.pdf&ei=-NijU8LyMMbM0AXqnoGQCQ&usg=AFQjCNFEWoLhgLfqAlNIIKjYBVDUPYmNMA" "Mozilla/5.0 (Windows NT 6.1; WOW64; rv:17.0) Gecko/20100101 Firefox/17.0"
135.245.224.10 - - [20/Jun/2014:04:30:08 -0400] "GET /images/ANCIS-Telcordia_Intelec_2010_Paper_Final.pdf HTTP/1.1" 200 86120 "http://www.google.de/url?sa=t&rct=j&q=&esrc=s&source=web&cd=1&ved=0CC0QFjAA&url=http%3A%2F%2Fwww.ancis.us%2Fimages%2FANCIS-Telcordia_Intelec_2010_Paper_Final.pdf&ei=-vCjU6A0xIw4w46AkAY&usg=AFQjCNGI-_7cjYjgblKac75REZ6qeW2SAg" "Mozilla/5.0 (Windows NT 6.1; WOW64; rv:17.0) Gecko/20100101 Firefox/17.0"
198.27.81.94 - - [20/Jun/2014:06:39:11 -0400] "GET /robots.txt HTTP/1.1" 200 25 "-" "Mozilla/5.0 (compatible; meanpathbot/1.0; +http://www.meanpath.com/meanpathbot.html)"
198.27.81.94 - - [20/Jun/2014:06:39:11 -0400] "GET / HTTP/1.1" 200 28903 "-" "Mozilla/5.0 (compatible; meanpathbot/1.0; +http://www.meanpath.com/meanpathbot.html)"
37.58.100.169 - - [20/Jun/2014:02:53:38 -0400] "GET /pages/1/index.htm HTTP/1.1" 200 2648 "-" "Mozilla/5.0 (compatible; AhrefsBot/5.0; +http://ahrefs.com/robot/)"
162.210.196.130 - - [20/Jun/2014:04:40:17 -0400] "GET /index.html HTTP/1.0" 200 28903 "-" "Mozilla/5.0 (compatible; MJ12bot/v1.4.5; http://www.majestic12.co.uk/bot.php?+)"
162.223.77.242 - - [20/Jun/2014:16:42:41 -0400] "GET /scripts/user.js HTTP/1.1" 200 23762 "http://www.ancis.us/" "Mozilla/5.0 (Windows NT 6.1; WOW64) AppleWebKit/537.36 (KHTML, like Gecko) Chrome/35.0.1916.153 Safari/537.36"
162.223.77.242 - - [20/Jun/2014:16:42:41 -0400] "GET /images/70_iStock_FiberCropF70.jpg HTTP/1.1" 200 5102 "http://www.ancis.us/" "Mozilla/5.0 (Windows NT 6.1; WOW64) AppleWebKit/537.36 (KHTML, like Gecko) Chrome/35.0.1916.153 Safari/537.36"
89.105.200.97 - - [20/Jun/2014:20:21:41 -0400] "GET /scripts/9custom.css HTTP/1.1" 200 4174 "http://ancis.us/" "Mozilla/4.0 (compatible; MSIE 7.0; Windows NT 6.1; Trident/6.0; SLCC2; .NET CLR 2.0.50727; .NET CLR 3.5.30729; .NET CLR 3.0.30729; Media Center PC 6.0; .NET4.0C; .NET4.0E)"
89.105.200.97 - - [20/Jun/2014:20:21:41 -0400] "GET /images/400_Servers-cropped-layer-final.jpg HTTP/1.1" 200 15228 "http://ancis.us/" "Mozilla/4.0 (compatible; MSIE 7.0; Windows NT 6.1; Trident/6.0; SLCC2; .NET CLR 2.0.50727; .NET CLR 3.5.30729; .NET CLR 3.0.30729; Media Center PC 6.0; .NET4.0C; .NET4.0E)"
89.105.200.97 - - [20/Jun/2014:20:21:42 -0400] "GET /images/70_iStock_DNAcropDBF70.jpg HTTP/1.1" 200 6073 "http://ancis.us/" "Mozilla/4.0 (compatible; MSIE 7.0; Windows NT 6.1; Trident/6.0; SLCC2; .NET CLR 2.0.50727; .NET CLR 3.5.30729; .NET CLR 3.0.30729; Media Center PC 6.0; .NET4.0C; .NET4.0E)"
157.55.39.114 - - [20/Jun/2014:08:40:58 -0400] "GET /scripts/9custom.css HTTP/1.1" 200 4174 "-" "Mozilla/5.0 (compatible; bingbot/2.0; +http://www.bing.com/bingbot.htm)"
213.94.213.130 - - [20/Jun/2014:09:03:34 -0400] "GET /scripts/user.js HTTP/1.1" 200 23762 "http://www.ancis.us/rci.html" "Mozilla/5.0 (Windows NT 6.1; WOW64; Trident/7.0; rv:11.0) like Gecko"
