220.181.89.178 - - [12/Aug/2013:12:19:21 -0400] "GET / HTTP/1.1" 200 6136 "-" "Sogou web spider/4.0(+http://www.sogou.com/docs/help/webmasters.htm#07)"
139.228.124.172 - - [12/Aug/2013:15:17:47 -0400] "GET /favicon.ico HTTP/1.1" 404 575 "-" "Mozilla/5.0 (Windows NT 6.1; WOW64) AppleWebKit/537.36 (KHTML, like Gecko) Chrome/28.0.1500.95 Safari/537.36"
85.176.189.223 - - [12/Aug/2013:19:00:21 -0400] "GET /index.php?p=51 HTTP/1.1" 503 323 "http://www.chris-nlp-hall.com/index.php?p=40" "Mozilla/5.0 (Macintosh; Intel Mac OS X 10_8_4) AppleWebKit/536.30.1 (KHTML, like Gecko) Version/6.0.5 Safari/536.30.1"
46.105.114.127 - - [12/Aug/2013:05:26:42 -0400] "GET /galleries/images/chris_portrait.jpg HTTP/1.1" 200 14498 "-" "Mozilla/5.0 (X11; Linux i686; rv:6.0) Gecko/20100101 Firefox/6.0"
81.218.198.95 - - [12/Aug/2013:09:49:19 -0400] "GET /styles/basic.css HTTP/1.1" 200 5091 "http://www.chris-nlp-hall.com/" "Mozilla/5.0 (Windows NT 6.1; WOW64) AppleWebKit/537.36 (KHTML, like Gecko) Chrome/28.0.1500.95 Safari/537.36"
81.218.198.95 - - [12/Aug/2013:09:49:19 -0400] "GET /styles/hd_01_01.gif HTTP/1.1" 200 1035 "http://www.chris-nlp-hall.com/" "Mozilla/5.0 (Windows NT 6.1; WOW64) AppleWebKit/537.36 (KHTML, like Gecko) Chrome/28.0.1500.95 Safari/537.36"
81.218.198.95 - - [12/Aug/2013:09:49:19 -0400] "GET /styles/almost_white.gif HTTP/1.1" 200 73 "http://www.chris-nlp-hall.com/" "Mozilla/5.0 (Windows NT 6.1; WOW64) AppleWebKit/537.36 (KHTML, like Gecko) Chrome/28.0.1500.95 Safari/537.36"
92.50.99.202 - - [12/Aug/2013:10:07:57 -0400] "GET /galleries/images/ctl_roy_gilles.jpg HTTP/1.1" 200 24052 "http://www.chris-nlp-hall.com/index.php?p=71" "Mozilla/5.0 (Windows NT 6.1; WOW64; rv:22.0) Gecko/20100101 Firefox/22.0"
86.213.110.72 - - [12/Aug/2013:10:34:12 -0400] "GET /styles/chris.css HTTP/1.1" 200 1641 "http://www.chris-nlp-hall.com/index.php?p=48" "Mozilla/5.0 (Macintosh; Intel Mac OS X 10_8_4) AppleWebKit/536.30.1 (KHTML, like Gecko) Version/6.0.5 Safari/536.30.1"
86.213.110.72 - - [12/Aug/2013:10:34:13 -0400] "GET /styles/hd_04_01.jpg HTTP/1.1" 200 33075 "http://www.chris-nlp-hall.com/index.php?p=48" "Mozilla/5.0 (Macintosh; Intel Mac OS X 10_8_4) AppleWebKit/536.30.1 (KHTML, like Gecko) Version/6.0.5 Safari/536.30.1"
199.21.99.87 - - [12/Aug/2013:23:40:29 -0400] "GET /robots.txt HTTP/1.1" 404 575 "-" "Mozilla/5.0 (compatible; YandexBot/3.0; +http://yandex.com/bots)"
199.21.99.87 - - [12/Aug/2013:23:40:31 -0400] "GET /galleries/images/sl.jpg HTTP/1.1" 304 - "-" "Mozilla/5.0 (compatible; YandexImages/3.0; +http://yandex.com/bots)"
199.30.25.94 - - [12/Aug/2013:13:08:29 -0400] "GET /galleries/images/empty.gif HTTP/1.1" 200 43 "http://www.chris-nlp-hall.com/index.php?p=61" "Mozilla/5.0 (Windows NT 6.1; WOW64) AppleWebKit/534+ (KHTML, like Gecko) BingPreview/1.0b"
157.55.34.26 - - [12/Aug/2013:16:26:34 -0400] "GET /robots.txt HTTP/1.1" 404 575 "-" "Mozilla/5.0 (compatible; bingbot/2.0; +http://www.bing.com/bingbot.htm)"
66.249.75.133 - - [12/Aug/2013:20:52:14 -0400] "GET /galleries/docs/Press%20release.pdf HTTP/1.1" 304 - "-" "SAMSUNG-SGH-E250/1.0 Profile/MIDP-2.0 Configuration/CLDC-1.1 UP.Browser/6.2.3.3.c.1.101 (GUI) MMP/2.0 (compatible; Googlebot-Mobile/2.1; +http://www.google.com/bot.html)"
123.125.71.87 - - [12/Aug/2013:05:20:13 -0400] "GET /robots.txt HTTP/1.1" 404 575 "-" "Mozilla/5.0 (compatible; Baiduspider/2.0; +http://www.baidu.com/search/spider.html)"
81.218.198.95 - - [12/Aug/2013:09:49:19 -0400] "GET /styles/hd_04_01.jpg HTTP/1.1" 200 33075 "http://www.chris-nlp-hall.com/" "Mozilla/5.0 (Windows NT 6.1; WOW64) AppleWebKit/537.36 (KHTML, like Gecko) Chrome/28.0.1500.95 Safari/537.36"
92.50.99.202 - - [12/Aug/2013:10:08:12 -0400] "GET /index.php?p=61 HTTP/1.1" 200 40201 "http://www.chris-nlp-hall.com/index.php?p=71" "Mozilla/5.0 (Windows NT 6.1; WOW64; rv:22.0) Gecko/20100101 Firefox/22.0"
92.50.99.202 - - [12/Aug/2013:10:08:15 -0400] "GET /urchin.js HTTP/1.1" 404 575 "http://www.chris-nlp-hall.com/index.php?p=61" "Mozilla/5.0 (Windows NT 6.1; WOW64; rv:22.0) Gecko/20100101 Firefox/22.0"
81.52.143.15 - - [12/Aug/2013:23:03:00 -0400] "GET /index.php?p=37?3e3ea140 HTTP/1.1" 200 3491 "-" "Mozilla/5.0 (Windows; U; Windows NT 5.1; fr; rv:1.8.1) VoilaBot BETA 1.2 (support.voilabot@orange-ftgroup.com)"
1.72.6.132 - - [12/Aug/2013:00:57:54 -0400] "GET /styles/hd_02_02.gif HTTP/1.1" 200 9351 "http://www.chris-nlp-hall.com/index.php?p=63" "Mozilla/5.0 (compatible; MSIE 10.0; Windows NT 6.1; WOW64; Trident/6.0; EIE10;JAJPMSN)"
157.55.34.25 - - [12/Aug/2013:01:12:37 -0400] "GET /index.php?p=41 HTTP/1.1" 200 9960 "-" "Mozilla/5.0 (compatible; bingbot/2.0; +http://www.bing.com/bingbot.htm)"
192.95.48.131 - - [12/Aug/2013:06:47:34 -0400] "GET / HTTP/1.1" 200 6136 "-" "Mozilla/5.0 (X11; Linux i686; rv:6.0) Gecko/20100101 Firefox/6.0"
150.70.75.161 - - [12/Aug/2013:01:00:38 -0400] "GET /urchin.js HTTP/1.0" 404 575 "-" "Mozilla/4.0 (compatible; MSIE 6.0; Windows NT 5.1)"
175.41.161.104 - - [12/Aug/2013:01:34:24 -0400] "GET /index.php?p=71/images/stories/3xp.php HTTP/1.1" 200 3491 "-" "Mozilla/5.0 (Windows; U; Windows NT 5.1; en-US; rv:1.9.2) Gecko/20100115 Firefox/3.6"
157.55.34.26 - - [12/Aug/2013:08:30:53 -0400] "GET /robots.txt HTTP/1.1" 404 575 "-" "Mozilla/5.0 (compatible; bingbot/2.0; +http://www.bing.com/bingbot.htm)"
220.181.89.178 - - [12/Aug/2013:12:22:55 -0400] "GET /index.php?p=63 HTTP/1.1" 200 32920 "-" "Sogou web spider/4.0(+http://www.sogou.com/docs/help/webmasters.htm#07)"
109.8.127.167 - - [12/Aug/2013:14:52:17 -0400] "GET /galleries/images/fr.gif HTTP/1.1" 200 366 "http://www.chris-nlp-hall.com/index.php?p=60" "Mozilla/5.0 (Windows NT 6.2; WOW64) AppleWebKit/537.36 (KHTML, like Gecko) Chrome/28.0.1500.95 Safari/537.36"
109.8.127.167 - - [12/Aug/2013:14:52:17 -0400] "GET /galleries/images/ctl_rous_marie-paule.jpg HTTP/1.1" 200 27635 "http://www.chris-nlp-hall.com/index.php?p=60" "Mozilla/5.0 (Windows NT 6.2; WOW64) AppleWebKit/537.36 (KHTML, like Gecko) Chrome/28.0.1500.95 Safari/537.36"
109.8.127.167 - - [12/Aug/2013:14:52:19 -0400] "GET /favicon.ico HTTP/1.1" 404 575 "-" "Mozilla/5.0 (Windows NT 6.2; WOW64) AppleWebKit/537.36 (KHTML, like Gecko) Chrome/28.0.1500.95 Safari/537.36"
109.8.127.167 - - [12/Aug/2013:14:52:20 -0400] "GET /favicon.ico HTTP/1.1" 404 575 "-" "Mozilla/5.0 (Windows NT 6.2; WOW64) AppleWebKit/537.36 (KHTML, like Gecko) Chrome/28.0.1500.95 Safari/537.36"
125.201.24.57 - - [12/Aug/2013:21:41:14 -0400] "GET /styles/sonlp_bg2.gif HTTP/1.1" 200 19608 "http://www.chris-nlp-hall.com/index.php?p=48" "Mozilla/5.0 (Windows NT 6.0) AppleWebKit/537.36 (KHTML, like Gecko) Chrome/28.0.1500.95 Safari/537.36"
125.201.24.57 - - [12/Aug/2013:21:42:07 -0400] "GET /galleries/docs/Summary%20of%20Legal%20Proceedings.pdf HTTP/1.1" 206 32768 "http://www.chris-nlp-hall.com/galleries/docs/Summary%20of%20Legal%20Proceedings.pdf" "Mozilla/5.0 (Windows NT 6.0) AppleWebKit/537.36 (KHTML, like Gecko) Chrome/28.0.1500.95 Safari/537.36"
125.201.24.57 - - [12/Aug/2013:21:42:16 -0400] "GET /favicon.ico HTTP/1.1" 404 575 "-" "Mozilla/5.0 (Windows NT 6.0) AppleWebKit/537.36 (KHTML, like Gecko) Chrome/28.0.1500.95 Safari/537.36"
125.201.24.57 - - [12/Aug/2013:21:42:16 -0400] "GET /galleries/docs/Summary%20of%20Legal%20Proceedings.pdf HTTP/1.1" 206 114229 "http://www.chris-nlp-hall.com/galleries/docs/Summary%20of%20Legal%20Proceedings.pdf" "Mozilla/5.0 (Windows NT 6.0) AppleWebKit/537.36 (KHTML, like Gecko) Chrome/28.0.1500.95 Safari/537.36"
125.201.24.57 - - [12/Aug/2013:21:50:11 -0400] "GET /index.php?p=63 HTTP/1.1" 200 32920 "http://www.chris-nlp-hall.com/index.php?p=48" "Mozilla/5.0 (Windows NT 6.0) AppleWebKit/537.36 (KHTML, like Gecko) Chrome/28.0.1500.95 Safari/537.36"
125.201.24.57 - - [12/Aug/2013:21:50:13 -0400] "GET /galleries/images/ctl_ohe_akiko.jpg HTTP/1.1" 200 17766 "http://www.chris-nlp-hall.com/index.php?p=63" "Mozilla/5.0 (Windows NT 6.0) AppleWebKit/537.36 (KHTML, like Gecko) Chrome/28.0.1500.95 Safari/537.36"
125.201.24.57 - - [12/Aug/2013:21:50:13 -0400] "GET /galleries/images/ctl_nakashima_michi.jpg HTTP/1.1" 200 9247 "http://www.chris-nlp-hall.com/index.php?p=63" "Mozilla/5.0 (Windows NT 6.0) AppleWebKit/537.36 (KHTML, like Gecko) Chrome/28.0.1500.95 Safari/537.36"
193.252.118.167 - - [12/Aug/2013:23:56:49 -0400] "GET /index.php?p=50 HTTP/1.1" 200 4380 "-" "Mozilla/5.0 (Windows; U; Windows NT 5.1; fr; rv:1.8.1) VoilaBot BETA 1.2 (support.voilabot@orange-ftgroup.com)"
92.50.99.202 - - [12/Aug/2013:10:07:42 -0400] "GET /styles/basic.css HTTP/1.1" 200 5091 "http://www.chris-nlp-hall.com/index.php?p=48" "Mozilla/5.0 (Windows NT 6.1; WOW64; rv:22.0) Gecko/20100101 Firefox/22.0"
92.50.99.202 - - [12/Aug/2013:10:07:43 -0400] "GET /styles/hd_01_01.gif HTTP/1.1" 200 1035 "http://www.chris-nlp-hall.com/styles/basic.css" "Mozilla/5.0 (Windows NT 6.1; WOW64; rv:22.0) Gecko/20100101 Firefox/22.0"
72.14.114.74 - - [12/Aug/2013:00:45:35 -0400] "GET /index.php?p=37 HTTP/1.1" 200 7777 "http://www.chris-nlp-hall.com/index.php?p=41" "Mozilla/5.0 (Macintosh; Intel Mac OS X 10_5_8) AppleWebKit/534.50.2 (KHTML, like Gecko) Version/5.0.6 Safari/533.22.3"
1.72.6.132 - - [12/Aug/2013:00:57:54 -0400] "GET /styles/hd_01_01.gif HTTP/1.1" 200 1035 "http://www.chris-nlp-hall.com/index.php?p=63" "Mozilla/5.0 (compatible; MSIE 10.0; Windows NT 6.1; WOW64; Trident/6.0; EIE10;JAJPMSN)"
157.55.32.93 - - [12/Aug/2013:20:57:15 -0400] "GET /robots.txt HTTP/1.1" 404 575 "-" "Mozilla/5.0 (compatible; bingbot/2.0; +http://www.bing.com/bingbot.htm)"
208.167.230.3 - - [12/Aug/2013:12:56:24 -0400] "GET /index.php?p=50 HTTP/1.1" 200 4380 "-" "Mozilla/5.0 (compatible; AhrefsBot/4.0; +http://ahrefs.com/robot/)"
208.167.230.3 - - [12/Aug/2013:14:00:20 -0400] "GET /index.php?p=53 HTTP/1.1" 200 9109 "-" "Mozilla/5.0 (compatible; AhrefsBot/4.0; +http://ahrefs.com/robot/)"
65.55.215.37 - - [12/Aug/2013:06:51:57 -0400] "GET /galleries/images/ctl_felber_petra.jpg HTTP/1.1" 200 5327 "-" "msnbot-media/1.1 (+http://search.msn.com/msnbot.htm)"
85.176.189.223 - - [12/Aug/2013:18:58:09 -0400] "GET /galleries/docs/working_from_the_heart_rapport.pdf HTTP/1.1" 200 136950 "http://www.chris-nlp-hall.com/galleries/docs/working_from_the_heart_rapport.pdf" "Mozilla/5.0 (Macintosh; Intel Mac OS X 10_8_4) AppleWebKit/536.30.1 (KHTML, like Gecko) Version/6.0.5 Safari/536.30.1"
1.72.6.132 - - [12/Aug/2013:00:57:42 -0400] "GET /index.php?p=63 HTTP/1.1" 200 32920 "http://core-creations.jp/course/index.html" "Mozilla/5.0 (compatible; MSIE 10.0; Windows NT 6.1; WOW64; Trident/6.0; EIE10;JAJPMSN)"
178.137.128.238 - - [12/Aug/2013:05:13:30 -0400] "GET / HTTP/1.1" 200 6136 "http://www.rospromtest.ru/" "Mozilla/4.0 (compatible; MSIE 6.0; Windows NT 5.1)"
66.249.75.133 - - [12/Aug/2013:17:05:11 -0400] "GET /index.php?p=51 HTTP/1.1" 200 9317 "-" "DoCoMo/2.0 N905i(c100;TB;W24H16) (compatible; Googlebot-Mobile/2.1; +http://www.google.com/bot.html)"
86.213.110.72 - - [12/Aug/2013:12:08:17 -0400] "GET /index.php?p=41 HTTP/1.1" 200 9960 "http://www.chris-nlp-hall.com/index.php?p=48" "Mozilla/5.0 (Macintosh; Intel Mac OS X 10_8_4) AppleWebKit/536.30.1 (KHTML, like Gecko) Version/6.0.5 Safari/536.30.1"
86.213.110.72 - - [12/Aug/2013:12:08:21 -0400] "GET /urchin.js HTTP/1.1" 404 575 "http://www.chris-nlp-hall.com/index.php?p=41" "Mozilla/5.0 (Macintosh; Intel Mac OS X 10_8_4) AppleWebKit/536.30.1 (KHTML, like Gecko) Version/6.0.5 Safari/536.30.1"
66.249.75.133 - - [12/Aug/2013:13:03:21 -0400] "GET /index.php?p=37 HTTP/1.1" 200 7777 "-" "Mozilla/5.0 (iPhone; U; CPU iPhone OS 4_1 like Mac OS X; en-us) AppleWebKit/532.9 (KHTML, like Gecko) Version/4.0.5 Mobile/8B117 Safari/6531.22.7 (compatible; Googlebot-Mobile/2.1; +http://www.google.com/bot.html)"
92.50.99.202 - - [12/Aug/2013:10:08:14 -0400] "GET /galleries/images/ctl_felber_petra.jpg HTTP/1.1" 200 5327 "http://www.chris-nlp-hall.com/index.php?p=61" "Mozilla/5.0 (Windows NT 6.1; WOW64; rv:22.0) Gecko/20100101 Firefox/22.0"
92.50.99.202 - - [12/Aug/2013:10:08:15 -0400] "GET /galleries/images/ctl_toennishoff_martina.jpg HTTP/1.1" 200 3170 "http://www.chris-nlp-hall.com/index.php?p=61" "Mozilla/5.0 (Windows NT 6.1; WOW64; rv:22.0) Gecko/20100101 Firefox/22.0"
92.50.99.202 - - [12/Aug/2013:10:08:15 -0400] "GET /galleries/images/ctl_waegele_christian.jpg HTTP/1.1" 200 3531 "http://www.chris-nlp-hall.com/index.php?p=61" "Mozilla/5.0 (Windows NT 6.1; WOW64; rv:22.0) Gecko/20100101 Firefox/22.0"
125.201.24.57 - - [12/Aug/2013:21:50:13 -0400] "GET /galleries/images/jp.gif HTTP/1.1" 200 366 "http://www.chris-nlp-hall.com/index.php?p=63" "Mozilla/5.0 (Windows NT 6.0) AppleWebKit/537.36 (KHTML, like Gecko) Chrome/28.0.1500.95 Safari/537.36"
125.201.24.57 - - [12/Aug/2013:21:50:13 -0400] "GET /galleries/images/empty.gif HTTP/1.1" 200 43 "http://www.chris-nlp-hall.com/index.php?p=63" "Mozilla/5.0 (Windows NT 6.0) AppleWebKit/537.36 (KHTML, like Gecko) Chrome/28.0.1500.95 Safari/537.36"
125.201.24.57 - - [12/Aug/2013:21:50:13 -0400] "GET /urchin.js HTTP/1.1" 404 575 "http://www.chris-nlp-hall.com/index.php?p=63" "Mozilla/5.0 (Windows NT 6.0) AppleWebKit/537.36 (KHTML, like Gecko) Chrome/28.0.1500.95 Safari/537.36"
66.249.75.133 - - [12/Aug/2013:08:00:28 -0400] "GET /styles/chris.css HTTP/1.1" 200 1641 "-" "Mozilla/5.0 (compatible; Googlebot/2.1; +http://www.google.com/bot.html)"
137.110.244.139 - - [12/Aug/2013:08:38:09 -0400] "GET /index.php?p=41 HTTP/1.1" 200 9960 "-" "www.integromedb.org/Crawler"
1.72.6.132 - - [12/Aug/2013:00:59:49 -0400] "GET /urchin.js HTTP/1.1" 404 575 "http://www.chris-nlp-hall.com/index.php?p=48" "Mozilla/5.0 (compatible; MSIE 10.0; Windows NT 6.1; WOW64; Trident/6.0; EIE10;JAJPMSN)"
96.255.231.86 - - [12/Aug/2013:18:46:49 -0400] "GET /index.php?p=37 HTTP/1.1" 200 7777 "http://www.chris-nlp-hall.com/index.php?p=41" "Opera/9.80 (Windows NT 5.1) Presto/2.12.388 Version/12.16"
96.255.231.86 - - [12/Aug/2013:18:46:51 -0400] "GET /urchin.js HTTP/1.1" 404 575 "http://www.chris-nlp-hall.com/index.php?p=37" "Opera/9.80 (Windows NT 5.1) Presto/2.12.388 Version/12.16"
208.167.230.3 - - [12/Aug/2013:12:37:24 -0400] "GET /index.php?p=66 HTTP/1.1" 200 29092 "-" "Mozilla/5.0 (compatible; AhrefsBot/4.0; +http://ahrefs.com/robot/)"
81.52.143.26 - - [12/Aug/2013:00:05:32 -0400] "GET /index.php?p=68?3e3ea140 HTTP/1.1" 200 3491 "-" "Mozilla/5.0 (Windows; U; Windows NT 5.1; fr; rv:1.8.1) VoilaBot BETA 1.2 (support.voilabot@orange-ftgroup.com)"
184.22.23.133 - - [12/Aug/2013:15:23:12 -0400] "GET /index.php?p=60 HTTP/1.1" 200 21710 "-" "Mozilla/5.0 (X11; Linux i686; rv:6.0) Gecko/20100101 Firefox/6.0"
157.56.229.23 - - [12/Aug/2013:19:00:03 -0400] "GET /robots.txt HTTP/1.1" 404 575 "-" "Mozilla/5.0 (compatible; bingbot/2.0; +http://www.bing.com/bingbot.htm)"
125.201.24.57 - - [12/Aug/2013:21:41:12 -0400] "GET /index.php?p=48 HTTP/1.1" 200 7742 "http://www.bing.com/search?FORM=UP97DF&PC=UP97&q=the+society+of+neuro+linguistic+programming" "Mozilla/5.0 (Windows NT 6.0) AppleWebKit/537.36 (KHTML, like Gecko) Chrome/28.0.1500.95 Safari/537.36"
125.201.24.57 - - [12/Aug/2013:21:41:15 -0400] "GET /urchin.js HTTP/1.1" 404 575 "http://www.chris-nlp-hall.com/index.php?p=48" "Mozilla/5.0 (Windows NT 6.0) AppleWebKit/537.36 (KHTML, like Gecko) Chrome/28.0.1500.95 Safari/537.36"
125.201.24.57 - - [12/Aug/2013:21:41:16 -0400] "GET /favicon.ico HTTP/1.1" 404 575 "-" "Mozilla/5.0 (Windows NT 6.0) AppleWebKit/537.36 (KHTML, like Gecko) Chrome/28.0.1500.95 Safari/537.36"
157.55.34.26 - - [12/Aug/2013:08:33:52 -0400] "GET /index.php?p=60 HTTP/1.1" 200 21710 "-" "Mozilla/5.0 (compatible; bingbot/2.0; +http://www.bing.com/bingbot.htm)"
157.55.32.26 - - [12/Aug/2013:11:37:09 -0400] "GET /robots.txt HTTP/1.1" 404 575 "-" "Mozilla/5.0 (compatible; bingbot/2.0; +http://www.bing.com/bingbot.htm)"
123.151.139.208 - - [12/Aug/2013:22:24:44 -0400] "GET /styles/chris.css HTTP/1.1" 200 1641 "http://www.chris-nlp-hall.com/" "Mozilla/5.0+(compatible;+Sosospider/2.0;++http://help.soso.com/webspider.htm)"
123.125.71.53 - - [12/Aug/2013:23:39:14 -0400] "GET /index.php?p=62 HTTP/1.1" 200 4055 "-" "Mozilla/5.0 (compatible; Baiduspider/2.0; +http://www.baidu.com/search/spider.html)"
123.125.71.49 - - [12/Aug/2013:23:41:23 -0400] "GET / HTTP/1.1" 200 6136 "-" "Mozilla/5.0 (Linux;u;Android 2.3.7;zh-cn;) AppleWebKit/533.1 (KHTML,like Gecko) Version/4.0 Mobile Safari/533.1 (compatible; +http://www.baidu.com/search/spider.html)"
193.106.136.58 - - [12/Aug/2013:14:23:36 -0400] "GET / HTTP/1.1" 503 323 "http://seofan.info/" "Mozilla/4.76 [en] (Windows NT 5.0; U)"
199.30.16.4 - - [12/Aug/2013:17:04:33 -0400] "GET /robots.txt HTTP/1.1" 404 575 "-" "msnbot-media/1.1 (+http://search.msn.com/msnbot.htm)"
195.242.218.133 - - [12/Aug/2013:15:25:53 -0400] "GET / HTTP/1.1" 200 6136 "http://en.winpm.ws/" "Mozilla/4.0 (compatible; MSIE 6.0; Windows NT 5.1; SV1)"
87.151.174.224 - - [12/Aug/2013:23:53:37 -0400] "GET / HTTP/1.1" 503 323 "-" "Mozilla/5.0 (Windows NT 6.1; WOW64; rv:23.0) Gecko/20100101 Firefox/23.0"
24.11.223.102 - - [12/Aug/2013:12:26:31 -0400] "GET /styles/hd_03_01.gif HTTP/1.1" 200 3660 "http://www.chris-nlp-hall.com/styles/basic.css" "Mozilla/5.0 (Windows NT 6.1; WOW64; rv:21.0) Gecko/20100101 Firefox/21.0"
24.11.223.102 - - [12/Aug/2013:12:26:31 -0400] "GET /urchin.js HTTP/1.1" 404 575 "http://www.chris-nlp-hall.com/index.php?p=41" "Mozilla/5.0 (Windows NT 6.1; WOW64; rv:21.0) Gecko/20100101 Firefox/21.0"
131.253.38.101 - - [12/Aug/2013:13:42:47 -0400] "GET /robots.txt HTTP/1.1" 404 575 "-" "msnbot-media/1.1 (+http://search.msn.com/msnbot.htm)"
208.167.230.3 - - [12/Aug/2013:14:14:52 -0400] "GET /index.php?p=40 HTTP/1.1" 200 16094 "-" "Mozilla/5.0 (compatible; AhrefsBot/4.0; +http://ahrefs.com/robot/)"
109.8.127.167 - - [12/Aug/2013:14:52:17 -0400] "GET /styles/basic.css HTTP/1.1" 200 5091 "http://www.chris-nlp-hall.com/index.php?p=60" "Mozilla/5.0 (Windows NT 6.2; WOW64) AppleWebKit/537.36 (KHTML, like Gecko) Chrome/28.0.1500.95 Safari/537.36"
109.8.127.167 - - [12/Aug/2013:14:52:17 -0400] "GET /urchin.js HTTP/1.1" 404 575 "http://www.chris-nlp-hall.com/index.php?p=60" "Mozilla/5.0 (Windows NT 6.2; WOW64) AppleWebKit/537.36 (KHTML, like Gecko) Chrome/28.0.1500.95 Safari/537.36"
109.8.127.167 - - [12/Aug/2013:14:52:17 -0400] "GET /galleries/images/ctl_rolion_michel.jpg HTTP/1.1" 200 3173 "http://www.chris-nlp-hall.com/index.php?p=60" "Mozilla/5.0 (Windows NT 6.2; WOW64) AppleWebKit/537.36 (KHTML, like Gecko) Chrome/28.0.1500.95 Safari/537.36"
109.8.127.167 - - [12/Aug/2013:14:52:17 -0400] "GET /galleries/images/ctl_poupard.jpg HTTP/1.1" 200 16192 "http://www.chris-nlp-hall.com/index.php?p=60" "Mozilla/5.0 (Windows NT 6.2; WOW64) AppleWebKit/537.36 (KHTML, like Gecko) Chrome/28.0.1500.95 Safari/537.36"
178.137.128.238 - - [12/Aug/2013:05:13:32 -0400] "GET / HTTP/1.1" 200 6136 "http://www.rospromtest.ru/" "Mozilla/4.0 (compatible; MSIE 6.0; Windows NT 5.1)"
86.213.110.72 - - [12/Aug/2013:10:34:11 -0400] "GET /index.php?p=48 HTTP/1.1" 200 7742 "http://www.pnl.ch/college-pnl/certifications" "Mozilla/5.0 (Macintosh; Intel Mac OS X 10_8_4) AppleWebKit/536.30.1 (KHTML, like Gecko) Version/6.0.5 Safari/536.30.1"
86.213.110.72 - - [12/Aug/2013:10:34:12 -0400] "GET /urchin.js HTTP/1.1" 404 575 "http://www.chris-nlp-hall.com/index.php?p=48" "Mozilla/5.0 (Macintosh; Intel Mac OS X 10_8_4) AppleWebKit/536.30.1 (KHTML, like Gecko) Version/6.0.5 Safari/536.30.1"
86.213.110.72 - - [12/Aug/2013:10:34:13 -0400] "GET /styles/hd_02_01.gif HTTP/1.1" 200 3217 "http://www.chris-nlp-hall.com/index.php?p=48" "Mozilla/5.0 (Macintosh; Intel Mac OS X 10_8_4) AppleWebKit/536.30.1 (KHTML, like Gecko) Version/6.0.5 Safari/536.30.1"
184.22.23.107 - - [12/Aug/2013:06:47:34 -0400] "GET /index.php?p=37 HTTP/1.1" 200 7777 "-" "Mozilla/5.0 (X11; Linux i686; rv:6.0) Gecko/20100101 Firefox/6.0"
91.207.9.226 - - [12/Aug/2013:07:19:36 -0400] "GET / HTTP/1.1" 200 6136 "http://dt93.ru/" "Mozilla/0.91 Beta (Windows)"
199.30.16.4 - - [12/Aug/2013:17:04:33 -0400] "GET /galleries/images/tn.gif HTTP/1.1" 200 375 "-" "msnbot-media/1.1 (+http://search.msn.com/msnbot.htm)"
85.176.189.223 - - [12/Aug/2013:19:00:03 -0400] "GET /galleries/images/icon2_world.gif HTTP/1.1" 200 668 "http://www.chris-nlp-hall.com/index.php?p=62" "Mozilla/5.0 (Macintosh; Intel Mac OS X 10_8_4) AppleWebKit/536.30.1 (KHTML, like Gecko) Version/6.0.5 Safari/536.30.1"
157.55.35.101 - - [12/Aug/2013:05:26:26 -0400] "GET /robots.txt HTTP/1.1" 404 575 "-" "Mozilla/5.0 (compatible; bingbot/2.0; +http://www.bing.com/bingbot.htm)"
123.125.71.60 - - [12/Aug/2013:09:21:55 -0400] "GET /robots.txt HTTP/1.1" 404 575 "-" "Mozilla/5.0 (compatible; Baiduspider/2.0; +http://www.baidu.com/search/spider.html)"
81.218.198.95 - - [12/Aug/2013:09:49:19 -0400] "GET /styles/sonlp_bg2.gif HTTP/1.1" 200 19608 "http://www.chris-nlp-hall.com/" "Mozilla/5.0 (Windows NT 6.1; WOW64) AppleWebKit/537.36 (KHTML, like Gecko) Chrome/28.0.1500.95 Safari/537.36"
109.222.208.72 - - [12/Aug/2013:10:19:53 -0400] "GET /admin.php HTTP/1.0" 403 211 "-" "Mozilla/5.0 (Windows NT 6.1; rv:19.0) Gecko/20100101 Firefox/19.0"
220.181.89.178 - - [12/Aug/2013:11:55:25 -0400] "GET / HTTP/1.1" 200 6136 "-" "Sogou web spider/4.0(+http://www.sogou.com/docs/help/webmasters.htm#07)"
96.255.231.86 - - [12/Aug/2013:18:46:43 -0400] "GET /index.php?p=41 HTTP/1.1" 200 9960 "http://www.bizdownload.net/" "Opera/9.80 (Windows NT 5.1) Presto/2.12.388 Version/12.16"
96.255.231.86 - - [12/Aug/2013:18:46:44 -0400] "GET /styles/hd_01_01.gif HTTP/1.1" 200 1035 "http://www.chris-nlp-hall.com/index.php?p=41" "Opera/9.80 (Windows NT 5.1) Presto/2.12.388 Version/12.16"
96.255.231.86 - - [12/Aug/2013:18:46:44 -0400] "GET /styles/almost_white.gif HTTP/1.1" 200 73 "http://www.chris-nlp-hall.com/index.php?p=41" "Opera/9.80 (Windows NT 5.1) Presto/2.12.388 Version/12.16"
84.226.178.77 - - [12/Aug/2013:11:45:20 -0400] "GET /galleries/images/ctl_beerli_tommike.jpg HTTP/1.1" 200 45894 "https://www.google.ch/" "Mozilla/5.0 (Linux; Android 4.2.2; GT-I9505 Build/JDQ39) AppleWebKit/537.36 (KHTML, like Gecko) Chrome/28.0.1500.94 Mobile Safari/537.36"
125.201.24.57 - - [12/Aug/2013:21:41:13 -0400] "GET /styles/basic.css HTTP/1.1" 200 5091 "http://www.chris-nlp-hall.com/index.php?p=48" "Mozilla/5.0 (Windows NT 6.0) AppleWebKit/537.36 (KHTML, like Gecko) Chrome/28.0.1500.95 Safari/537.36"
125.201.24.57 - - [12/Aug/2013:21:41:14 -0400] "GET /styles/hd_01_01.gif HTTP/1.1" 200 1035 "http://www.chris-nlp-hall.com/index.php?p=48" "Mozilla/5.0 (Windows NT 6.0) AppleWebKit/537.36 (KHTML, like Gecko) Chrome/28.0.1500.95 Safari/537.36"
125.201.24.57 - - [12/Aug/2013:21:41:14 -0400] "GET /styles/hd_02_02.gif HTTP/1.1" 200 9351 "http://www.chris-nlp-hall.com/index.php?p=48" "Mozilla/5.0 (Windows NT 6.0) AppleWebKit/537.36 (KHTML, like Gecko) Chrome/28.0.1500.95 Safari/537.36"
125.201.24.57 - - [12/Aug/2013:21:41:14 -0400] "GET /styles/hd_04_01.jpg HTTP/1.1" 200 33075 "http://www.chris-nlp-hall.com/index.php?p=48" "Mozilla/5.0 (Windows NT 6.0) AppleWebKit/537.36 (KHTML, like Gecko) Chrome/28.0.1500.95 Safari/537.36"
125.201.24.57 - - [12/Aug/2013:21:50:13 -0400] "GET /galleries/images/ctl_suzuki_shinichi.jpg HTTP/1.1" 200 2328 "http://www.chris-nlp-hall.com/index.php?p=63" "Mozilla/5.0 (Windows NT 6.0) AppleWebKit/537.36 (KHTML, like Gecko) Chrome/28.0.1500.95 Safari/537.36"
125.201.24.57 - - [12/Aug/2013:21:50:13 -0400] "GET /galleries/images/ctl_konzoin_yoko.jpg HTTP/1.1" 200 8009 "http://www.chris-nlp-hall.com/index.php?p=63" "Mozilla/5.0 (Windows NT 6.0) AppleWebKit/537.36 (KHTML, like Gecko) Chrome/28.0.1500.95 Safari/537.36"
81.52.143.31 - - [12/Aug/2013:22:15:04 -0400] "GET /index.php?p=63?3e3ea140 HTTP/1.1" 200 3491 "-" "Mozilla/5.0 (Windows; U; Windows NT 5.1; fr; rv:1.8.1) VoilaBot BETA 1.2 (support.voilabot@orange-ftgroup.com)"
220.181.108.107 - - [12/Aug/2013:23:42:34 -0400] "GET /index.php?p=48 HTTP/1.1" 200 7742 "-" "Mozilla/5.0 (compatible; Baiduspider/2.0; +http://www.baidu.com/search/spider.html)"
1.72.6.132 - - [12/Aug/2013:00:57:54 -0400] "GET /styles/hd_02_01.gif HTTP/1.1" 200 3217 "http://www.chris-nlp-hall.com/index.php?p=63" "Mozilla/5.0 (compatible; MSIE 10.0; Windows NT 6.1; WOW64; Trident/6.0; EIE10;JAJPMSN)"
66.249.75.133 - - [12/Aug/2013:07:51:02 -0400] "GET /index.php?p=71 HTTP/1.1" 200 8566 "-" "Mozilla/5.0 (iPhone; U; CPU iPhone OS 4_1 like Mac OS X; en-us) AppleWebKit/532.9 (KHTML, like Gecko) Version/4.0.5 Mobile/8B117 Safari/6531.22.7 (compatible; Googlebot-Mobile/2.1; +http://www.google.com/bot.html)"
137.110.244.139 - - [12/Aug/2013:08:38:09 -0400] "GET /robots.txt HTTP/1.1" 404 575 "-" "www.integromedb.org/Crawler"
103.5.151.241 - - [12/Aug/2013:08:45:07 -0400] "GET /wordpress/wp-admin/ HTTP/1.1" 404 575 "-" "-"
208.167.230.3 - - [12/Aug/2013:21:23:49 -0400] "GET /index.php?p=66 HTTP/1.1" 200 29092 "-" "Mozilla/5.0 (compatible; AhrefsBot/4.0; +http://ahrefs.com/robot/)"
157.55.32.26 - - [12/Aug/2013:12:06:42 -0400] "GET /index.php?p=61 HTTP/1.1" 200 40201 "-" "Mozilla/5.0 (compatible; bingbot/2.0; +http://www.bing.com/bingbot.htm)"
79.152.43.154 - - [12/Aug/2013:05:24:18 -0400] "GET /styles/chris.css HTTP/1.1" 200 1641 "http://www.chris-nlp-hall.com/" "Mozilla/5.0 (compatible; MSIE 10.0; Windows NT 6.1; WOW64; Trident/6.0)"
79.152.43.154 - - [12/Aug/2013:05:24:19 -0400] "GET /styles/hd_02_02.gif HTTP/1.1" 200 9351 "http://www.chris-nlp-hall.com/" "Mozilla/5.0 (compatible; MSIE 10.0; Windows NT 6.1; WOW64; Trident/6.0)"
125.201.24.57 - - [12/Aug/2013:21:41:13 -0400] "GET /styles/chris.css HTTP/1.1" 200 1641 "http://www.chris-nlp-hall.com/index.php?p=48" "Mozilla/5.0 (Windows NT 6.0) AppleWebKit/537.36 (KHTML, like Gecko) Chrome/28.0.1500.95 Safari/537.36"
125.201.24.57 - - [12/Aug/2013:21:41:14 -0400] "GET /styles/hd_02_01.gif HTTP/1.1" 200 3217 "http://www.chris-nlp-hall.com/index.php?p=48" "Mozilla/5.0 (Windows NT 6.0) AppleWebKit/537.36 (KHTML, like Gecko) Chrome/28.0.1500.95 Safari/537.36"
125.201.24.57 - - [12/Aug/2013:21:41:14 -0400] "GET /styles/almost_white.gif HTTP/1.1" 200 73 "http://www.chris-nlp-hall.com/index.php?p=48" "Mozilla/5.0 (Windows NT 6.0) AppleWebKit/537.36 (KHTML, like Gecko) Chrome/28.0.1500.95 Safari/537.36"
74.220.215.112 - - [12/Aug/2013:09:13:58 -0400] "GET /blog/wp-admin/ HTTP/1.1" 404 575 "-" "-"
92.50.99.202 - - [12/Aug/2013:10:08:14 -0400] "GET /galleries/images/empty.gif HTTP/1.1" 200 43 "http://www.chris-nlp-hall.com/index.php?p=61" "Mozilla/5.0 (Windows NT 6.1; WOW64; rv:22.0) Gecko/20100101 Firefox/22.0"
92.50.99.202 - - [12/Aug/2013:10:08:14 -0400] "GET /galleries/images/ctl_schimpke_michael.jpg HTTP/1.1" 200 3932 "http://www.chris-nlp-hall.com/index.php?p=61" "Mozilla/5.0 (Windows NT 6.1; WOW64; rv:22.0) Gecko/20100101 Firefox/22.0"
92.50.99.202 - - [12/Aug/2013:10:08:14 -0400] "GET /galleries/images/ctl_lochmann_franziska.jpg HTTP/1.1" 200 2279 "http://www.chris-nlp-hall.com/index.php?p=61" "Mozilla/5.0 (Windows NT 6.1; WOW64; rv:22.0) Gecko/20100101 Firefox/22.0"
92.50.99.202 - - [12/Aug/2013:10:08:14 -0400] "GET /galleries/images/ctl_foesges_marlies.jpg HTTP/1.1" 200 22667 "http://www.chris-nlp-hall.com/index.php?p=61" "Mozilla/5.0 (Windows NT 6.1; WOW64; rv:22.0) Gecko/20100101 Firefox/22.0"
92.50.99.202 - - [12/Aug/2013:10:08:14 -0400] "GET /galleries/images/ctl_koenig_melanie.jpg HTTP/1.1" 200 3139 "http://www.chris-nlp-hall.com/index.php?p=61" "Mozilla/5.0 (Windows NT 6.1; WOW64; rv:22.0) Gecko/20100101 Firefox/22.0"
92.50.99.202 - - [12/Aug/2013:10:08:15 -0400] "GET /galleries/images/ctl_huber_michi.jpg HTTP/1.1" 200 8416 "http://www.chris-nlp-hall.com/index.php?p=61" "Mozilla/5.0 (Windows NT 6.1; WOW64; rv:22.0) Gecko/20100101 Firefox/22.0"
92.50.99.202 - - [12/Aug/2013:10:08:15 -0400] "GET /galleries/images/ctl_faust_artur.jpg HTTP/1.1" 200 2503 "http://www.chris-nlp-hall.com/index.php?p=61" "Mozilla/5.0 (Windows NT 6.1; WOW64; rv:22.0) Gecko/20100101 Firefox/22.0"
86.213.110.72 - - [12/Aug/2013:10:34:16 -0400] "GET /favicon.ico HTTP/1.1" 404 575 "http://www.chris-nlp-hall.com/index.php?p=48" "Mozilla/5.0 (Macintosh; Intel Mac OS X 10_8_4) AppleWebKit/536.30.1 (KHTML, like Gecko) Version/6.0.5 Safari/536.30.1"
180.76.5.146 - - [12/Aug/2013:11:12:00 -0400] "GET / HTTP/1.1" 200 6136 "-" "Mozilla/5.0 (compatible; Baiduspider/2.0; +http://www.baidu.com/search/spider.html)"
1.202.219.142 - - [12/Aug/2013:02:00:47 -0400] "GET /robots.txt HTTP/1.1" 404 575 "-" "Mozilla/5.0 ()"
85.176.189.223 - - [12/Aug/2013:19:00:11 -0400] "GET /index.php?p=40 HTTP/1.1" 200 16094 "http://www.chris-nlp-hall.com/index.php?p=62" "Mozilla/5.0 (Macintosh; Intel Mac OS X 10_8_4) AppleWebKit/536.30.1 (KHTML, like Gecko) Version/6.0.5 Safari/536.30.1"
85.176.189.223 - - [12/Aug/2013:19:00:13 -0400] "GET /urchin.js HTTP/1.1" 404 575 "http://www.chris-nlp-hall.com/index.php?p=40" "Mozilla/5.0 (Macintosh; Intel Mac OS X 10_8_4) AppleWebKit/536.30.1 (KHTML, like Gecko) Version/6.0.5 Safari/536.30.1"
109.8.127.167 - - [12/Aug/2013:14:52:15 -0400] "GET /index.php?p=60 HTTP/1.1" 200 21710 "http://search.babylon.com/?q=formation+pnl+la+longueville&s=web&as=0&rlz=0&babsrc=HP_ss_din2g" "Mozilla/5.0 (Windows NT 6.2; WOW64) AppleWebKit/537.36 (KHTML, like Gecko) Chrome/28.0.1500.95 Safari/537.36"
109.8.127.167 - - [12/Aug/2013:14:52:17 -0400] "GET /galleries/images/icon2_email.gif HTTP/1.1" 200 613 "http://www.chris-nlp-hall.com/index.php?p=60" "Mozilla/5.0 (Windows NT 6.2; WOW64) AppleWebKit/537.36 (KHTML, like Gecko) Chrome/28.0.1500.95 Safari/537.36"
109.8.127.167 - - [12/Aug/2013:14:52:17 -0400] "GET /galleries/images/empty.gif HTTP/1.1" 200 43 "http://www.chris-nlp-hall.com/index.php?p=60" "Mozilla/5.0 (Windows NT 6.2; WOW64) AppleWebKit/537.36 (KHTML, like Gecko) Chrome/28.0.1500.95 Safari/537.36"
109.8.127.167 - - [12/Aug/2013:14:52:17 -0400] "GET /galleries/images/ctl_puel_jacques.jpg HTTP/1.1" 200 3498 "http://www.chris-nlp-hall.com/index.php?p=60" "Mozilla/5.0 (Windows NT 6.2; WOW64) AppleWebKit/537.36 (KHTML, like Gecko) Chrome/28.0.1500.95 Safari/537.36"
109.8.127.167 - - [12/Aug/2013:14:52:18 -0400] "GET /styles/hd_02_02.gif HTTP/1.1" 200 9351 "http://www.chris-nlp-hall.com/index.php?p=60" "Mozilla/5.0 (Windows NT 6.2; WOW64) AppleWebKit/537.36 (KHTML, like Gecko) Chrome/28.0.1500.95 Safari/537.36"
109.8.127.167 - - [12/Aug/2013:14:52:18 -0400] "GET /styles/sonlp_bg2.gif HTTP/1.1" 200 19608 "http://www.chris-nlp-hall.com/index.php?p=60" "Mozilla/5.0 (Windows NT 6.2; WOW64) AppleWebKit/537.36 (KHTML, like Gecko) Chrome/28.0.1500.95 Safari/537.36"
199.30.16.5 - - [12/Aug/2013:17:59:09 -0400] "GET /galleries/images/lotus_small.jpg HTTP/1.1" 200 1988 "-" "msnbot-media/1.1 (+http://search.msn.com/msnbot.htm)"
96.255.231.86 - - [12/Aug/2013:18:46:44 -0400] "GET /styles/basic.css HTTP/1.1" 200 5091 "http://www.chris-nlp-hall.com/index.php?p=41" "Opera/9.80 (Windows NT 5.1) Presto/2.12.388 Version/12.16"
96.255.231.86 - - [12/Aug/2013:18:46:44 -0400] "GET /styles/hd_02_01.gif HTTP/1.1" 200 3217 "http://www.chris-nlp-hall.com/index.php?p=41" "Opera/9.80 (Windows NT 5.1) Presto/2.12.388 Version/12.16"
96.255.231.86 - - [12/Aug/2013:18:46:45 -0400] "GET /urchin.js HTTP/1.1" 404 575 "http://www.chris-nlp-hall.com/index.php?p=41" "Opera/9.80 (Windows NT 5.1) Presto/2.12.388 Version/12.16"
46.118.126.194 - - [12/Aug/2013:19:11:11 -0400] "GET / HTTP/1.1" 200 6136 "http://namobilu.com/" "Mozilla/4.0 (compatible; MSIE 6.0; MSIE 5.5; Windows NT 4.0) Opera 7.0 [en]"
123.125.71.98 - - [12/Aug/2013:23:35:54 -0400] "GET /index.php?p=1 HTTP/1.1" 200 6136 "-" "Mozilla/5.0 (compatible; Baiduspider/2.0; +http://www.baidu.com/search/spider.html)"
72.14.114.74 - - [12/Aug/2013:00:42:25 -0400] "GET /index.php?p=39 HTTP/1.1" 200 4377 "http://www.chris-nlp-hall.com/index.php?p=39" "Mozilla/5.0 (Macintosh; Intel Mac OS X 10_5_8) AppleWebKit/534.50.2 (KHTML, like Gecko) Version/5.0.6 Safari/533.22.3"
1.72.6.132 - - [12/Aug/2013:00:57:48 -0400] "GET /galleries/images/jp.gif HTTP/1.1" 200 366 "http://www.chris-nlp-hall.com/index.php?p=63" "Mozilla/5.0 (compatible; MSIE 10.0; Windows NT 6.1; WOW64; Trident/6.0; EIE10;JAJPMSN)"
1.72.6.132 - - [12/Aug/2013:00:57:48 -0400] "GET /galleries/images/ctl_suzuki_emiko.jpg HTTP/1.1" 200 3016 "http://www.chris-nlp-hall.com/index.php?p=63" "Mozilla/5.0 (compatible; MSIE 10.0; Windows NT 6.1; WOW64; Trident/6.0; EIE10;JAJPMSN)"
1.72.6.132 - - [12/Aug/2013:00:57:49 -0400] "GET /galleries/images/ctl_yamasaki_hiroshi.jpg HTTP/1.1" 200 4152 "http://www.chris-nlp-hall.com/index.php?p=63" "Mozilla/5.0 (compatible; MSIE 10.0; Windows NT 6.1; WOW64; Trident/6.0; EIE10;JAJPMSN)"
1.72.6.132 - - [12/Aug/2013:00:57:49 -0400] "GET /galleries/images/ctl_matsuda_noriko.jpg HTTP/1.1" 200 2049 "http://www.chris-nlp-hall.com/index.php?p=63" "Mozilla/5.0 (compatible; MSIE 10.0; Windows NT 6.1; WOW64; Trident/6.0; EIE10;JAJPMSN)"
1.72.6.132 - - [12/Aug/2013:00:57:49 -0400] "GET /galleries/images/ctl_nakashima_michi.jpg HTTP/1.1" 200 9247 "http://www.chris-nlp-hall.com/index.php?p=63" "Mozilla/5.0 (compatible; MSIE 10.0; Windows NT 6.1; WOW64; Trident/6.0; EIE10;JAJPMSN)"
1.72.6.132 - - [12/Aug/2013:00:59:53 -0400] "GET /galleries/images/ctl_ragini_michaels.jpg HTTP/1.1" 200 3561 "http://www.chris-nlp-hall.com/index.php?p=70" "Mozilla/5.0 (compatible; MSIE 10.0; Windows NT 6.1; WOW64; Trident/6.0; EIE10;JAJPMSN)"
92.50.99.202 - - [12/Aug/2013:10:07:43 -0400] "GET /styles/sonlp_bg2.gif HTTP/1.1" 200 19608 "http://www.chris-nlp-hall.com/styles/basic.css" "Mozilla/5.0 (Windows NT 6.1; WOW64; rv:22.0) Gecko/20100101 Firefox/22.0"
86.213.110.72 - - [12/Aug/2013:10:34:14 -0400] "GET /styles/hd_01_01.gif HTTP/1.1" 200 1035 "http://www.chris-nlp-hall.com/index.php?p=48" "Mozilla/5.0 (Macintosh; Intel Mac OS X 10_8_4) AppleWebKit/536.30.1 (KHTML, like Gecko) Version/6.0.5 Safari/536.30.1"
66.249.75.133 - - [12/Aug/2013:14:20:41 -0400] "GET / HTTP/1.1" 200 6136 "-" "Mozilla/5.0 (compatible; Googlebot/2.1; +http://www.google.com/bot.html)"
109.8.127.167 - - [12/Aug/2013:14:52:17 -0400] "GET /styles/chris.css HTTP/1.1" 200 1641 "http://www.chris-nlp-hall.com/index.php?p=60" "Mozilla/5.0 (Windows NT 6.2; WOW64) AppleWebKit/537.36 (KHTML, like Gecko) Chrome/28.0.1500.95 Safari/537.36"
109.8.127.167 - - [12/Aug/2013:14:52:17 -0400] "GET /galleries/images/icon2_phone.gif HTTP/1.1" 200 574 "http://www.chris-nlp-hall.com/index.php?p=60" "Mozilla/5.0 (Windows NT 6.2; WOW64) AppleWebKit/537.36 (KHTML, like Gecko) Chrome/28.0.1500.95 Safari/537.36"
109.8.127.167 - - [12/Aug/2013:14:52:17 -0400] "GET /galleries/images/ctl_cary_gery.jpg HTTP/1.1" 200 2888 "http://www.chris-nlp-hall.com/index.php?p=60" "Mozilla/5.0 (Windows NT 6.2; WOW64) AppleWebKit/537.36 (KHTML, like Gecko) Chrome/28.0.1500.95 Safari/537.36"
109.8.127.167 - - [12/Aug/2013:14:52:17 -0400] "GET /styles/hd_01_01.gif HTTP/1.1" 200 1035 "http://www.chris-nlp-hall.com/index.php?p=60" "Mozilla/5.0 (Windows NT 6.2; WOW64) AppleWebKit/537.36 (KHTML, like Gecko) Chrome/28.0.1500.95 Safari/537.36"
109.8.127.167 - - [12/Aug/2013:14:52:18 -0400] "GET /styles/hd_03_01.gif HTTP/1.1" 200 3660 "http://www.chris-nlp-hall.com/index.php?p=60" "Mozilla/5.0 (Windows NT 6.2; WOW64) AppleWebKit/537.36 (KHTML, like Gecko) Chrome/28.0.1500.95 Safari/537.36"
109.8.127.167 - - [12/Aug/2013:14:52:18 -0400] "GET /styles/almost_white.gif HTTP/1.1" 200 73 "http://www.chris-nlp-hall.com/index.php?p=60" "Mozilla/5.0 (Windows NT 6.2; WOW64) AppleWebKit/537.36 (KHTML, like Gecko) Chrome/28.0.1500.95 Safari/537.36"
96.255.231.86 - - [12/Aug/2013:18:46:44 -0400] "GET /styles/chris.css HTTP/1.1" 200 1641 "http://www.chris-nlp-hall.com/index.php?p=41" "Opera/9.80 (Windows NT 5.1) Presto/2.12.388 Version/12.16"
96.255.231.86 - - [12/Aug/2013:18:46:44 -0400] "GET /styles/hd_02_02.gif HTTP/1.1" 200 9351 "http://www.chris-nlp-hall.com/index.php?p=41" "Opera/9.80 (Windows NT 5.1) Presto/2.12.388 Version/12.16"
85.176.189.223 - - [12/Aug/2013:18:58:09 -0400] "GET /favicon.ico HTTP/1.1" 404 575 "http://www.chris-nlp-hall.com/galleries/docs/working_from_the_heart_rapport.pdf" "Mozilla/5.0 (Macintosh; Intel Mac OS X 10_8_4) AppleWebKit/536.30.1 (KHTML, like Gecko) Version/6.0.5 Safari/536.30.1"
72.14.114.74 - - [12/Aug/2013:00:41:33 -0400] "GET /styles/chris.css HTTP/1.1" 200 1641 "http://www.chris-nlp-hall.com/index.php?p=55" "Mozilla/5.0 (Macintosh; Intel Mac OS X 10_5_8) AppleWebKit/534.50.2 (KHTML, like Gecko) Version/5.0.6 Safari/533.22.3"
72.14.114.74 - - [12/Aug/2013:00:41:33 -0400] "GET /styles/hd_02_02.gif HTTP/1.1" 200 9351 "http://www.chris-nlp-hall.com/index.php?p=55" "Mozilla/5.0 (Macintosh; Intel Mac OS X 10_5_8) AppleWebKit/534.50.2 (KHTML, like Gecko) Version/5.0.6 Safari/533.22.3"
72.14.114.74 - - [12/Aug/2013:00:41:34 -0400] "GET /styles/sonlp_bg2.gif HTTP/1.1" 200 19608 "http://www.chris-nlp-hall.com/index.php?p=55" "Mozilla/5.0 (Macintosh; Intel Mac OS X 10_5_8) AppleWebKit/534.50.2 (KHTML, like Gecko) Version/5.0.6 Safari/533.22.3"
157.56.229.23 - - [12/Aug/2013:19:03:24 -0400] "GET /index.php?p=40 HTTP/1.1" 200 16094 "-" "Mozilla/5.0 (compatible; bingbot/2.0; +http://www.bing.com/bingbot.htm)"
72.14.114.74 - - [12/Aug/2013:00:42:00 -0400] "GET /index.php?p=40 HTTP/1.1" 200 16094 "http://www.chris-nlp-hall.com/index.php?p=55" "Mozilla/5.0 (Macintosh; Intel Mac OS X 10_5_8) AppleWebKit/534.50.2 (KHTML, like Gecko) Version/5.0.6 Safari/533.22.3"
1.72.6.132 - - [12/Aug/2013:00:57:48 -0400] "GET /galleries/images/icon2_email.gif HTTP/1.1" 200 613 "http://www.chris-nlp-hall.com/index.php?p=63" "Mozilla/5.0 (compatible; MSIE 10.0; Windows NT 6.1; WOW64; Trident/6.0; EIE10;JAJPMSN)"
1.72.6.132 - - [12/Aug/2013:00:57:48 -0400] "GET /galleries/images/ctl_konzoin_yoko.jpg HTTP/1.1" 200 8009 "http://www.chris-nlp-hall.com/index.php?p=63" "Mozilla/5.0 (compatible; MSIE 10.0; Windows NT 6.1; WOW64; Trident/6.0; EIE10;JAJPMSN)"
1.72.6.132 - - [12/Aug/2013:00:57:49 -0400] "GET /galleries/images/ctl_kotera_hirohito.jpg HTTP/1.1" 200 2787 "http://www.chris-nlp-hall.com/index.php?p=63" "Mozilla/5.0 (compatible; MSIE 10.0; Windows NT 6.1; WOW64; Trident/6.0; EIE10;JAJPMSN)"
1.72.6.132 - - [12/Aug/2013:00:57:49 -0400] "GET /galleries/images/ctl_mogami_yuta.jpg HTTP/1.1" 200 7079 "http://www.chris-nlp-hall.com/index.php?p=63" "Mozilla/5.0 (compatible; MSIE 10.0; Windows NT 6.1; WOW64; Trident/6.0; EIE10;JAJPMSN)"
1.72.6.132 - - [12/Aug/2013:00:57:49 -0400] "GET /urchin.js HTTP/1.1" 404 575 "http://www.chris-nlp-hall.com/index.php?p=63" "Mozilla/5.0 (compatible; MSIE 10.0; Windows NT 6.1; WOW64; Trident/6.0; EIE10;JAJPMSN)"
1.72.6.132 - - [12/Aug/2013:00:59:44 -0400] "GET /index.php?p=48 HTTP/1.1" 200 7742 "http://core-creations.jp/course/index.html" "Mozilla/5.0 (compatible; MSIE 10.0; Windows NT 6.1; WOW64; Trident/6.0; EIE10;JAJPMSN)"
81.52.143.33 - - [12/Aug/2013:01:33:31 -0400] "GET /index.php?p=71 HTTP/1.1" 200 8566 "-" "Mozilla/5.0 (Windows; U; Windows NT 5.1; fr; rv:1.8.1) VoilaBot BETA 1.2 (support.voilabot@orange-ftgroup.com)"
208.167.230.3 - - [12/Aug/2013:04:14:26 -0400] "GET /index.php?p=72 HTTP/1.1" 200 5981 "-" "Mozilla/5.0 (compatible; AhrefsBot/4.0; +http://ahrefs.com/robot/)"
79.152.43.154 - - [12/Aug/2013:05:24:17 -0400] "GET / HTTP/1.1" 200 6136 "-" "Mozilla/5.0 (compatible; MSIE 10.0; Windows NT 6.1; WOW64; Trident/6.0)"
79.152.43.154 - - [12/Aug/2013:05:24:19 -0400] "GET /styles/basic.css HTTP/1.1" 200 5091 "http://www.chris-nlp-hall.com/" "Mozilla/5.0 (compatible; MSIE 10.0; Windows NT 6.1; WOW64; Trident/6.0)"
79.152.43.154 - - [12/Aug/2013:05:24:19 -0400] "GET /galleries/images/lotus_small.jpg HTTP/1.1" 200 1988 "http://www.chris-nlp-hall.com/" "Mozilla/5.0 (compatible; MSIE 10.0; Windows NT 6.1; WOW64; Trident/6.0)"
79.152.43.154 - - [12/Aug/2013:05:24:19 -0400] "GET /styles/hd_04_01.jpg HTTP/1.1" 200 33075 "http://www.chris-nlp-hall.com/" "Mozilla/5.0 (compatible; MSIE 10.0; Windows NT 6.1; WOW64; Trident/6.0)"
79.152.43.154 - - [12/Aug/2013:05:24:19 -0400] "GET /styles/hd_03_01.gif HTTP/1.1" 200 3660 "http://www.chris-nlp-hall.com/" "Mozilla/5.0 (compatible; MSIE 10.0; Windows NT 6.1; WOW64; Trident/6.0)"
79.152.43.154 - - [12/Aug/2013:05:24:19 -0400] "GET /styles/hd_01_01.gif HTTP/1.1" 200 1035 "http://www.chris-nlp-hall.com/" "Mozilla/5.0 (compatible; MSIE 10.0; Windows NT 6.1; WOW64; Trident/6.0)"
79.152.43.154 - - [12/Aug/2013:05:24:22 -0400] "GET /index.php?p=40 HTTP/1.1" 200 16094 "http://www.chris-nlp-hall.com/" "Mozilla/5.0 (compatible; MSIE 10.0; Windows NT 6.1; WOW64; Trident/6.0)"
79.152.43.154 - - [12/Aug/2013:05:24:22 -0400] "GET /urchin.js HTTP/1.1" 404 575 "http://www.chris-nlp-hall.com/index.php?p=40" "Mozilla/5.0 (compatible; MSIE 10.0; Windows NT 6.1; WOW64; Trident/6.0)"
41.250.105.235 - - [12/Aug/2013:13:16:09 -0400] "GET /styles/sonlp_bg2.gif HTTP/1.1" 200 19608 "http://www.chris-nlp-hall.com/index.php?p=41" "Mozilla/5.0 (Macintosh; Intel Mac OS X 10_7_4) AppleWebKit/537.36 (KHTML, like Gecko) Chrome/28.0.1500.95 Safari/537.36"
41.250.105.235 - - [12/Aug/2013:13:16:10 -0400] "GET /favicon.ico HTTP/1.1" 404 575 "-" "Mozilla/5.0 (Macintosh; Intel Mac OS X 10_7_4) AppleWebKit/537.36 (KHTML, like Gecko) Chrome/28.0.1500.95 Safari/537.36"
92.50.99.202 - - [12/Aug/2013:10:08:14 -0400] "GET /galleries/images/ctl_mossbrucker_ute.jpg HTTP/1.1" 200 3510 "http://www.chris-nlp-hall.com/index.php?p=61" "Mozilla/5.0 (Windows NT 6.1; WOW64; rv:22.0) Gecko/20100101 Firefox/22.0"
92.50.99.202 - - [12/Aug/2013:10:08:14 -0400] "GET /galleries/images/ctl_alberts_ingeborg.jpg HTTP/1.1" 200 3373 "http://www.chris-nlp-hall.com/index.php?p=61" "Mozilla/5.0 (Windows NT 6.1; WOW64; rv:22.0) Gecko/20100101 Firefox/22.0"
92.50.99.202 - - [12/Aug/2013:10:08:14 -0400] "GET /galleries/images/ctl_baumann-weiss_iris.jpg HTTP/1.1" 200 3244 "http://www.chris-nlp-hall.com/index.php?p=61" "Mozilla/5.0 (Windows NT 6.1; WOW64; rv:22.0) Gecko/20100101 Firefox/22.0"
92.50.99.202 - - [12/Aug/2013:10:08:15 -0400] "GET /galleries/images/ctl_dickhut_monika.jpg HTTP/1.1" 200 9633 "http://www.chris-nlp-hall.com/index.php?p=61" "Mozilla/5.0 (Windows NT 6.1; WOW64; rv:22.0) Gecko/20100101 Firefox/22.0"
86.213.110.72 - - [12/Aug/2013:10:34:14 -0400] "GET /styles/sonlp_bg2.gif HTTP/1.1" 200 19608 "http://www.chris-nlp-hall.com/index.php?p=48" "Mozilla/5.0 (Macintosh; Intel Mac OS X 10_8_4) AppleWebKit/536.30.1 (KHTML, like Gecko) Version/6.0.5 Safari/536.30.1"
1.72.6.132 - - [12/Aug/2013:00:57:55 -0400] "GET /favicon.ico HTTP/1.1" 404 575 "-" "Mozilla/5.0 (compatible; MSIE 10.0; Windows NT 6.1; Win64; x64; Trident/6.0; EIE10;JAJPMSN)"
66.249.75.133 - - [12/Aug/2013:03:05:54 -0400] "GET /galleries/images/ctl_toennishoff_martina.jpg HTTP/1.1" 304 - "-" "Googlebot-Image/1.0"
178.73.208.156 - - [12/Aug/2013:12:50:19 -0400] "GET /index.php?p=41 HTTP/1.1" 200 9960 "http://www.chris-nlp-hall.com/" "Mozilla/5.0 (Windows NT 6.1; WOW64) AppleWebKit/535.1 (KHTML, like Gecko) Chrome/13.0.782.112 Safari/535.1"
41.250.105.235 - - [12/Aug/2013:13:16:09 -0400] "GET /styles/almost_white.gif HTTP/1.1" 200 73 "http://www.chris-nlp-hall.com/index.php?p=41" "Mozilla/5.0 (Macintosh; Intel Mac OS X 10_7_4) AppleWebKit/537.36 (KHTML, like Gecko) Chrome/28.0.1500.95 Safari/537.36"
193.106.136.58 - - [12/Aug/2013:14:23:35 -0400] "GET / HTTP/1.1" 200 6136 "http://seofan.info/" "Mozilla/4.76 [en] (Windows NT 5.0; U)"
91.207.9.226 - - [12/Aug/2013:18:19:09 -0400] "GET / HTTP/1.1" 200 6136 "http://myvigre.ru/" "Mozilla/4.76 [en] (Windows NT 5.0; U)"
72.14.114.74 - - [12/Aug/2013:00:41:32 -0400] "GET /index.php?p=55 HTTP/1.1" 200 24160 "http://www.google.com/url?sa=t&rct=j&q=nlp%20time%20matrix%20chris%20hall&source=web&cd=6&ved=0CFEQFjAF&url=http%3A%2F%2Fwww.chris-nlp-hall.com%2Findex.php%3Fp%3D55&ei=bWcIUtfmNOKMyQH0_4A4&usg=AFQjCNFUQ-cNpckEKWDXWs2AT62jzRGOMQ&sig2=sYpRbd2HJ1mgaTIW1xDMkQ&bvm=bv.50500085,d.aWc" "Mozilla/5.0 (Macintosh; Intel Mac OS X 10_5_8) AppleWebKit/534.50.2 (KHTML, like Gecko) Version/5.0.6 Safari/533.22.3"
72.14.114.74 - - [12/Aug/2013:00:41:33 -0400] "GET /urchin.js HTTP/1.1" 404 575 "http://www.chris-nlp-hall.com/index.php?p=55" "Mozilla/5.0 (Macintosh; Intel Mac OS X 10_5_8) AppleWebKit/534.50.2 (KHTML, like Gecko) Version/5.0.6 Safari/533.22.3"
72.14.114.74 - - [12/Aug/2013:00:41:33 -0400] "GET /styles/hd_01_01.gif HTTP/1.1" 200 1035 "http://www.chris-nlp-hall.com/index.php?p=55" "Mozilla/5.0 (Macintosh; Intel Mac OS X 10_5_8) AppleWebKit/534.50.2 (KHTML, like Gecko) Version/5.0.6 Safari/533.22.3"
72.14.114.74 - - [12/Aug/2013:00:41:34 -0400] "GET /styles/hd_03_01.gif HTTP/1.1" 200 3660 "http://www.chris-nlp-hall.com/index.php?p=55" "Mozilla/5.0 (Macintosh; Intel Mac OS X 10_5_8) AppleWebKit/534.50.2 (KHTML, like Gecko) Version/5.0.6 Safari/533.22.3"
72.14.114.74 - - [12/Aug/2013:00:41:35 -0400] "GET /favicon.ico HTTP/1.1" 404 575 "http://www.chris-nlp-hall.com/index.php?p=55" "Mozilla/5.0 (Macintosh; Intel Mac OS X 10_5_8) AppleWebKit/534.50.2 (KHTML, like Gecko) Version/5.0.6 Safari/533.22.3"
92.50.99.202 - - [12/Aug/2013:10:07:42 -0400] "GET /styles/chris.css HTTP/1.1" 200 1641 "http://www.chris-nlp-hall.com/index.php?p=48" "Mozilla/5.0 (Windows NT 6.1; WOW64; rv:22.0) Gecko/20100101 Firefox/22.0"
92.50.99.202 - - [12/Aug/2013:10:07:43 -0400] "GET /styles/hd_02_01.gif HTTP/1.1" 200 3217 "http://www.chris-nlp-hall.com/styles/basic.css" "Mozilla/5.0 (Windows NT 6.1; WOW64; rv:22.0) Gecko/20100101 Firefox/22.0"
92.50.99.202 - - [12/Aug/2013:10:07:43 -0400] "GET /urchin.js HTTP/1.1" 404 575 "http://www.chris-nlp-hall.com/index.php?p=48" "Mozilla/5.0 (Windows NT 6.1; WOW64; rv:22.0) Gecko/20100101 Firefox/22.0"
92.50.99.202 - - [12/Aug/2013:10:07:43 -0400] "GET /styles/almost_white.gif HTTP/1.1" 200 73 "http://www.chris-nlp-hall.com/index.php?p=48" "Mozilla/5.0 (Windows NT 6.1; WOW64; rv:22.0) Gecko/20100101 Firefox/22.0"
125.201.24.57 - - [12/Aug/2013:21:41:14 -0400] "GET /styles/hd_03_01.gif HTTP/1.1" 200 3660 "http://www.chris-nlp-hall.com/index.php?p=48" "Mozilla/5.0 (Windows NT 6.0) AppleWebKit/537.36 (KHTML, like Gecko) Chrome/28.0.1500.95 Safari/537.36"
193.252.149.14 - - [12/Aug/2013:23:22:10 -0400] "GET /index.php?p=61 HTTP/1.1" 200 40201 "-" "Mozilla/5.0 (Windows; U; Windows NT 5.1; fr; rv:1.8.1) VoilaBot BETA 1.2 (support.voilabot@orange-ftgroup.com)"
157.56.229.23 - - [12/Aug/2013:07:17:31 -0400] "GET /index.php?p=72 HTTP/1.1" 200 5981 "-" "Mozilla/5.0 (compatible; bingbot/2.0; +http://www.bing.com/bingbot.htm)"
24.11.223.102 - - [12/Aug/2013:12:26:31 -0400] "GET /styles/almost_white.gif HTTP/1.1" 200 73 "http://www.chris-nlp-hall.com/index.php?p=41" "Mozilla/5.0 (Windows NT 6.1; WOW64; rv:21.0) Gecko/20100101 Firefox/21.0"
209.235.156.66 - - [12/Aug/2013:09:27:37 -0400] "GET /wp-admin/ HTTP/1.1" 404 575 "-" "-"
123.151.139.208 - - [12/Aug/2013:22:24:49 -0400] "GET /styles/basic.css HTTP/1.1" 200 5091 "http://www.chris-nlp-hall.com/" "Mozilla/5.0+(compatible;+Sosospider/2.0;++http://help.soso.com/webspider.htm)"
208.167.230.3 - - [12/Aug/2013:22:26:16 -0400] "GET /index.php?p=64 HTTP/1.1" 503 323 "-" "Mozilla/5.0 (compatible; AhrefsBot/4.0; +http://ahrefs.com/robot/)"
199.58.86.211 - - [12/Aug/2013:23:51:58 -0400] "GET / HTTP/1.0" 200 6136 "-" "Mozilla/5.0 (compatible; MJ12bot/v1.4.3; http://www.majestic12.co.uk/bot.php?+)"
96.255.231.86 - - [12/Aug/2013:18:46:50 -0400] "GET /galleries/images/chris_hall_2012.jpg HTTP/1.1" 200 33187 "http://www.chris-nlp-hall.com/index.php?p=37" "Opera/9.80 (Windows NT 5.1) Presto/2.12.388 Version/12.16"
91.207.9.226 - - [12/Aug/2013:18:19:11 -0400] "GET / HTTP/1.1" 200 6136 "http://myvigre.ru/" "Mozilla/4.76 [en] (Windows NT 5.0; U)"
85.176.189.223 - - [12/Aug/2013:18:59:53 -0400] "GET /styles/basic.css HTTP/1.1" 200 5091 "http://www.chris-nlp-hall.com/" "Mozilla/5.0 (Macintosh; Intel Mac OS X 10_8_4) AppleWebKit/536.30.1 (KHTML, like Gecko) Version/6.0.5 Safari/536.30.1"
85.176.189.223 - - [12/Aug/2013:18:59:55 -0400] "GET /styles/hd_04_01.jpg HTTP/1.1" 200 33075 "http://www.chris-nlp-hall.com/" "Mozilla/5.0 (Macintosh; Intel Mac OS X 10_8_4) AppleWebKit/536.30.1 (KHTML, like Gecko) Version/6.0.5 Safari/536.30.1"
72.14.114.74 - - [12/Aug/2013:00:45:36 -0400] "GET /galleries/images/chris_hall_2012.jpg HTTP/1.1" 200 33187 "http://www.chris-nlp-hall.com/index.php?p=37" "Mozilla/5.0 (Macintosh; Intel Mac OS X 10_5_8) AppleWebKit/534.50.2 (KHTML, like Gecko) Version/5.0.6 Safari/533.22.3"
1.72.6.132 - - [12/Aug/2013:00:59:51 -0400] "GET /index.php?p=70 HTTP/1.1" 200 16422 "http://www.chris-nlp-hall.com/index.php?p=63" "Mozilla/5.0 (compatible; MSIE 10.0; Windows NT 6.1; WOW64; Trident/6.0; EIE10;JAJPMSN)"
1.72.6.132 - - [12/Aug/2013:00:59:53 -0400] "GET /galleries/images/ctl_demolina_michael.jpg HTTP/1.1" 200 6475 "http://www.chris-nlp-hall.com/index.php?p=70" "Mozilla/5.0 (compatible; MSIE 10.0; Windows NT 6.1; WOW64; Trident/6.0; EIE10;JAJPMSN)"
1.72.6.132 - - [12/Aug/2013:00:59:53 -0400] "GET /galleries/images/icon2_phone.gif HTTP/1.1" 200 574 "http://www.chris-nlp-hall.com/index.php?p=70" "Mozilla/5.0 (compatible; MSIE 10.0; Windows NT 6.1; WOW64; Trident/6.0; EIE10;JAJPMSN)"
157.55.34.25 - - [12/Aug/2013:02:42:32 -0400] "GET /galleries/docs/Summary%20of%20Legal_Proceedings.pdf HTTP/1.1" 404 575 "-" "Mozilla/5.0 (compatible; bingbot/2.0; +http://www.bing.com/bingbot.htm)"
178.239.55.205 - - [12/Aug/2013:09:27:06 -0400] "HEAD /index.php?p=41 HTTP/1.0" 200 - "-" "WordPress/3.5.1; http://www.bizdownload.net"
81.218.198.95 - - [12/Aug/2013:09:49:18 -0400] "GET / HTTP/1.1" 200 6136 "https://www.google.co.il/" "Mozilla/5.0 (Windows NT 6.1; WOW64) AppleWebKit/537.36 (KHTML, like Gecko) Chrome/28.0.1500.95 Safari/537.36"
81.218.198.95 - - [12/Aug/2013:09:49:19 -0400] "GET /styles/chris.css HTTP/1.1" 200 1641 "http://www.chris-nlp-hall.com/" "Mozilla/5.0 (Windows NT 6.1; WOW64) AppleWebKit/537.36 (KHTML, like Gecko) Chrome/28.0.1500.95 Safari/537.36"
81.218.198.95 - - [12/Aug/2013:09:49:19 -0400] "GET /styles/hd_02_01.gif HTTP/1.1" 200 3217 "http://www.chris-nlp-hall.com/" "Mozilla/5.0 (Windows NT 6.1; WOW64) AppleWebKit/537.36 (KHTML, like Gecko) Chrome/28.0.1500.95 Safari/537.36"
