0byt3m1n1
Path:
/
data
/
0
/
0
/
96
/
4
/
96330
/
meta
/
97745
/
logs
/
[
Home
]
File: x-access_log.2013-08-12
24.11.223.102 - - [12/Aug/2013:12:26:31 -0400] "GET /styles/sonlp_bg2.gif HTTP/1.1" 200 19608 "http://www.chris-nlp-hall.com/styles/basic.css" "Mozilla/5.0 (Windows NT 6.1; WOW64; rv:21.0) Gecko/20100101 Firefox/21.0"
41.250.105.235 - - [12/Aug/2013:13:16:09 -0400] "GET /styles/hd_03_01.gif HTTP/1.1" 200 3660 "http://www.chris-nlp-hall.com/index.php?p=41" "Mozilla/5.0 (Macintosh; Intel Mac OS X 10_7_4) AppleWebKit/537.36 (KHTML, like Gecko) Chrome/28.0.1500.95 Safari/537.36"
193.106.136.58 - - [12/Aug/2013:14:23:34 -0400] "GET / HTTP/1.1" 200 6136 "http://seofan.info/" "Mozilla/4.76 [en] (Windows NT 5.0; U)"
72.14.114.74 - - [12/Aug/2013:00:42:42 -0400] "GET /galleries/images/lotus_small.jpg HTTP/1.1" 200 1988 "http://www.chris-nlp-hall.com/index.php?p=1" "Mozilla/5.0 (Macintosh; Intel Mac OS X 10_5_8) AppleWebKit/534.50.2 (KHTML, like Gecko) Version/5.0.6 Safari/533.22.3"
72.14.114.74 - - [12/Aug/2013:00:45:58 -0400] "GET /index.php?p=1 HTTP/1.1" 200 6136 "http://www.chris-nlp-hall.com/index.php?p=48" "Mozilla/5.0 (Macintosh; Intel Mac OS X 10_5_8) AppleWebKit/534.50.2 (KHTML, like Gecko) Version/5.0.6 Safari/533.22.3"
72.14.114.74 - - [12/Aug/2013:00:46:00 -0400] "GET /index.php?p=48 HTTP/1.1" 200 7742 "http://www.chris-nlp-hall.com/index.php?p=39" "Mozilla/5.0 (Macintosh; Intel Mac OS X 10_5_8) AppleWebKit/534.50.2 (KHTML, like Gecko) Version/5.0.6 Safari/533.22.3"
72.14.114.74 - - [12/Aug/2013:00:46:01 -0400] "GET /index.php?p=39 HTTP/1.1" 200 4377 "http://www.chris-nlp-hall.com/index.php?p=39" "Mozilla/5.0 (Macintosh; Intel Mac OS X 10_5_8) AppleWebKit/534.50.2 (KHTML, like Gecko) Version/5.0.6 Safari/533.22.3"
72.14.114.74 - - [12/Aug/2013:00:46:02 -0400] "GET /index.php?p=40 HTTP/1.1" 200 16094 "http://www.chris-nlp-hall.com/index.php?p=55" "Mozilla/5.0 (Macintosh; Intel Mac OS X 10_5_8) AppleWebKit/534.50.2 (KHTML, like Gecko) Version/5.0.6 Safari/533.22.3"
72.14.114.74 - - [12/Aug/2013:00:46:03 -0400] "GET /index.php?p=55 HTTP/1.1" 200 24160 "http://www.google.com/url?sa=t&rct=j&q=nlp%20time%20matrix%20chris%20hall&source=web&cd=6&ved=0CFEQFjAF&url=http%3A%2F%2Fwww.chris-nlp-hall.com%2Findex.php%3Fp%3D55&ei=bWcIUtfmNOKMyQH0_4A4&usg=AFQjCNFUQ-cNpckEKWDXWs2AT62jzRGOMQ&sig2=sYpRbd2HJ1mgaTIW1xDMkQ&bvm=bv.50500085,d.aWc" "Mozilla/5.0 (Macintosh; Intel Mac OS X 10_5_8) AppleWebKit/534.50.2 (KHTML, like Gecko) Version/5.0.6 Safari/533.22.3"
1.72.6.132 - - [12/Aug/2013:00:59:53 -0400] "GET /urchin.js HTTP/1.1" 404 575 "http://www.chris-nlp-hall.com/index.php?p=70" "Mozilla/5.0 (compatible; MSIE 10.0; Windows NT 6.1; WOW64; Trident/6.0; EIE10;JAJPMSN)"
175.41.161.104 - - [12/Aug/2013:01:34:35 -0400] "GET /images/stories/3xp.php HTTP/1.1" 404 575 "-" "Mozilla/5.0 (Windows; U; Windows NT 5.1; en-US; rv:1.9.2) Gecko/20100115 Firefox/3.6"
178.239.55.205 - - [12/Aug/2013:09:27:07 -0400] "GET /index.php?p=41 HTTP/1.0" 200 9960 "-" "WordPress/3.5.1; http://www.bizdownload.net"
92.50.99.202 - - [12/Aug/2013:10:07:57 -0400] "GET /galleries/images/icon2_email.gif HTTP/1.1" 200 613 "http://www.chris-nlp-hall.com/index.php?p=71" "Mozilla/5.0 (Windows NT 6.1; WOW64; rv:22.0) Gecko/20100101 Firefox/22.0"
66.249.75.133 - - [12/Aug/2013:11:12:51 -0400] "GET /styles/basic.css HTTP/1.1" 200 5091 "-" "Mozilla/5.0 (compatible; Googlebot/2.1; +http://www.google.com/bot.html)"
208.167.230.3 - - [12/Aug/2013:00:41:10 -0400] "GET /www.comecoconsultants.com HTTP/1.1" 404 575 "-" "Mozilla/5.0 (compatible; AhrefsBot/4.0; +http://ahrefs.com/robot/)"
72.14.114.74 - - [12/Aug/2013:00:42:34 -0400] "GET /index.php?p=48 HTTP/1.1" 200 7742 "http://www.chris-nlp-hall.com/index.php?p=39" "Mozilla/5.0 (Macintosh; Intel Mac OS X 10_5_8) AppleWebKit/534.50.2 (KHTML, like Gecko) Version/5.0.6 Safari/533.22.3"
1.72.6.132 - - [12/Aug/2013:00:57:54 -0400] "GET /styles/hd_03_01.gif HTTP/1.1" 200 3660 "http://www.chris-nlp-hall.com/index.php?p=63" "Mozilla/5.0 (compatible; MSIE 10.0; Windows NT 6.1; WOW64; Trident/6.0; EIE10;JAJPMSN)"
193.252.118.175 - - [12/Aug/2013:20:42:40 -0400] "GET /index.php?p=42 HTTP/1.1" 200 3851 "-" "Mozilla/5.0 (Windows; U; Windows NT 5.1; fr; rv:1.8.1) VoilaBot BETA 1.2 (support.voilabot@orange-ftgroup.com)"
24.172.105.107 - - [12/Aug/2013:16:05:44 -0400] "GET /galleries/images/lotus_small.jpg HTTP/1.1" 200 1988 "http://www.chris-nlp-hall.com/" "Mozilla/4.0 (compatible; MSIE 8.0; Windows NT 6.0; WOW64; Trident/4.0; SLCC1; .NET CLR 2.0.50727; InfoPath.2; .NET CLR 3.5.30729; .NET CLR 3.0.30729; .NET4.0C; .NET4.0E; MS-RTC EA 2)"
24.11.223.102 - - [12/Aug/2013:12:26:31 -0400] "GET /styles/hd_02_02.gif HTTP/1.1" 200 9351 "http://www.chris-nlp-hall.com/styles/basic.css" "Mozilla/5.0 (Windows NT 6.1; WOW64; rv:21.0) Gecko/20100101 Firefox/21.0"
131.253.38.101 - - [12/Aug/2013:13:42:48 -0400] "GET /galleries/images/at.gif HTTP/1.1" 200 361 "-" "msnbot-media/1.1 (+http://search.msn.com/msnbot.htm)"
193.252.118.174 - - [12/Aug/2013:22:29:38 -0400] "GET /index.php?p=66?3e3ea140 HTTP/1.1" 200 3491 "-" "Mozilla/5.0 (Windows; U; Windows NT 5.1; fr; rv:1.8.1) VoilaBot BETA 1.2 (support.voilabot@orange-ftgroup.com)"
142.54.184.18 - - [12/Aug/2013:15:44:00 -0400] "GET / HTTP/1.1" 200 6136 "http://www.chorusinside.com/favicon.ico" "Mozilla/5.0 (Macintosh; Intel Mac OS X 10_6_3) AppleWebKit/535.1 (KHTML, like Gecko) Chrome/13.0.782.32 Safari/535.1"
142.54.184.18 - - [12/Aug/2013:15:44:02 -0400] "GET /favicon.ico HTTP/1.1" 404 575 "http://www.chorusinside.com/favicon.ico" "Chrome/15.0.860.0 (Windows; U; Windows NT 6.0; en-US) AppleWebKit/533.20.25 (KHTML, like Gecko) Version/15.0.860.0"
72.14.114.74 - - [12/Aug/2013:00:45:56 -0400] "GET /index.php?p=37 HTTP/1.1" 200 7777 "http://www.chris-nlp-hall.com/index.php?p=41" "Mozilla/5.0 (Macintosh; Intel Mac OS X 10_5_8) AppleWebKit/534.50.2 (KHTML, like Gecko) Version/5.0.6 Safari/533.22.3"
72.14.114.74 - - [12/Aug/2013:00:45:57 -0400] "GET /index.php?p=41 HTTP/1.1" 200 9960 "http://www.chris-nlp-hall.com/index.php?p=1" "Mozilla/5.0 (Macintosh; Intel Mac OS X 10_5_8) AppleWebKit/534.50.2 (KHTML, like Gecko) Version/5.0.6 Safari/533.22.3"
178.255.215.64 - - [12/Aug/2013:06:12:36 -0400] "GET /robots.txt HTTP/1.1" 404 575 "-" "Mozilla/5.0 (compatible; Exabot/3.0; +http://www.exabot.com/go/robot)"
91.207.9.226 - - [12/Aug/2013:07:19:35 -0400] "GET / HTTP/1.1" 200 6136 "http://dt93.ru/" "Mozilla/0.91 Beta (Windows)"
220.181.108.174 - - [12/Aug/2013:23:32:34 -0400] "GET /index.php?p=40 HTTP/1.1" 200 16094 "-" "Mozilla/5.0 (compatible; Baiduspider/2.0; +http://www.baidu.com/search/spider.html)"
178.255.215.72 - - [12/Aug/2013:07:25:21 -0400] "GET / HTTP/1.1" 200 6136 "-" "Mozilla/5.0 (compatible; Exabot/3.0; +http://www.exabot.com/go/robot)"
24.172.105.107 - - [12/Aug/2013:16:05:44 -0400] "GET /urchin.js HTTP/1.1" 404 575 "http://www.chris-nlp-hall.com/" "Mozilla/4.0 (compatible; MSIE 8.0; Windows NT 6.0; WOW64; Trident/4.0; SLCC1; .NET CLR 2.0.50727; InfoPath.2; .NET CLR 3.5.30729; .NET CLR 3.0.30729; .NET4.0C; .NET4.0E; MS-RTC EA 2)"
24.172.105.107 - - [12/Aug/2013:16:05:45 -0400] "GET /styles/hd_02_01.gif HTTP/1.1" 200 3217 "http://www.chris-nlp-hall.com/" "Mozilla/4.0 (compatible; MSIE 8.0; Windows NT 6.0; WOW64; Trident/4.0; SLCC1; .NET CLR 2.0.50727; InfoPath.2; .NET CLR 3.5.30729; .NET CLR 3.0.30729; .NET4.0C; .NET4.0E; MS-RTC EA 2)"
24.172.105.107 - - [12/Aug/2013:16:05:45 -0400] "GET /styles/hd_03_01.gif HTTP/1.1" 200 3660 "http://www.chris-nlp-hall.com/" "Mozilla/4.0 (compatible; MSIE 8.0; Windows NT 6.0; WOW64; Trident/4.0; SLCC1; .NET CLR 2.0.50727; InfoPath.2; .NET CLR 3.5.30729; .NET CLR 3.0.30729; .NET4.0C; .NET4.0E; MS-RTC EA 2)"
125.201.24.57 - - [12/Aug/2013:21:50:13 -0400] "GET /galleries/images/icon2_email.gif HTTP/1.1" 200 613 "http://www.chris-nlp-hall.com/index.php?p=63" "Mozilla/5.0 (Windows NT 6.0) AppleWebKit/537.36 (KHTML, like Gecko) Chrome/28.0.1500.95 Safari/537.36"
125.201.24.57 - - [12/Aug/2013:21:50:13 -0400] "GET /galleries/images/ctl_yamasaki_hiroshi.jpg HTTP/1.1" 200 4152 "http://www.chris-nlp-hall.com/index.php?p=63" "Mozilla/5.0 (Windows NT 6.0) AppleWebKit/537.36 (KHTML, like Gecko) Chrome/28.0.1500.95 Safari/537.36"
125.201.24.57 - - [12/Aug/2013:21:50:13 -0400] "GET /galleries/images/ctl_matsuda_noriko.jpg HTTP/1.1" 200 2049 "http://www.chris-nlp-hall.com/index.php?p=63" "Mozilla/5.0 (Windows NT 6.0) AppleWebKit/537.36 (KHTML, like Gecko) Chrome/28.0.1500.95 Safari/537.36"
96.255.231.86 - - [12/Aug/2013:18:46:44 -0400] "GET /favicon.ico HTTP/1.1" 404 575 "http://www.chris-nlp-hall.com/index.php?p=41" "Opera/9.80 (Windows NT 5.1) Presto/2.12.388 Version/12.16"
96.255.231.86 - - [12/Aug/2013:18:46:44 -0400] "GET /styles/hd_03_01.gif HTTP/1.1" 200 3660 "http://www.chris-nlp-hall.com/index.php?p=41" "Opera/9.80 (Windows NT 5.1) Presto/2.12.388 Version/12.16"
85.176.189.223 - - [12/Aug/2013:18:59:55 -0400] "GET /styles/sonlp_bg2.gif HTTP/1.1" 200 19608 "http://www.chris-nlp-hall.com/" "Mozilla/5.0 (Macintosh; Intel Mac OS X 10_8_4) AppleWebKit/536.30.1 (KHTML, like Gecko) Version/6.0.5 Safari/536.30.1"
78.158.11.226 - - [12/Aug/2013:22:27:24 -0400] "GET /index.php?p=60 HTTP/1.1" 200 21710 "http://sameid.net/domain/www.chris-nlp-hall.com/" "Lynx/2.8.5rel.1 libwww-FM/2.15FC SSL-MM/1.4.1c OpenSSL/0.9.7e-dev"
85.176.189.223 - - [12/Aug/2013:19:00:35 -0400] "GET /index.php?p=51 HTTP/1.1" 200 9317 "http://www.chris-nlp-hall.com/index.php?p=40" "Mozilla/5.0 (Macintosh; Intel Mac OS X 10_8_4) AppleWebKit/536.30.1 (KHTML, like Gecko) Version/6.0.5 Safari/536.30.1"
85.176.189.223 - - [12/Aug/2013:19:00:36 -0400] "GET /urchin.js HTTP/1.1" 404 575 "http://www.chris-nlp-hall.com/index.php?p=51" "Mozilla/5.0 (Macintosh; Intel Mac OS X 10_8_4) AppleWebKit/536.30.1 (KHTML, like Gecko) Version/6.0.5 Safari/536.30.1"
46.118.126.194 - - [12/Aug/2013:19:11:14 -0400] "GET / HTTP/1.1" 200 6136 "http://namobilu.com/" "Mozilla/4.0 (compatible; MSIE 6.0; MSIE 5.5; Windows NT 4.0) Opera 7.0 [en]"
157.55.34.178 - - [12/Aug/2013:09:49:16 -0400] "GET /index.php?p=71 HTTP/1.1" 200 8566 "-" "Mozilla/5.0 (compatible; bingbot/2.0; +http://www.bing.com/bingbot.htm)"
92.50.99.202 - - [12/Aug/2013:10:09:03 -0400] "GET /urchin.js HTTP/1.1" 404 575 "http://www.chris-nlp-hall.com/index.php?p=1" "Mozilla/5.0 (Windows NT 6.1; WOW64; rv:22.0) Gecko/20100101 Firefox/22.0"
92.50.99.202 - - [12/Aug/2013:10:09:05 -0400] "GET /galleries/images/chris_hall_2012.jpg HTTP/1.1" 200 33187 "http://www.chris-nlp-hall.com/index.php?p=37" "Mozilla/5.0 (Windows NT 6.1; WOW64; rv:22.0) Gecko/20100101 Firefox/22.0"
24.172.105.107 - - [12/Aug/2013:16:05:45 -0400] "GET /styles/sonlp_bg2.gif HTTP/1.1" 200 19608 "http://www.chris-nlp-hall.com/" "Mozilla/4.0 (compatible; MSIE 8.0; Windows NT 6.0; WOW64; Trident/4.0; SLCC1; .NET CLR 2.0.50727; InfoPath.2; .NET CLR 3.5.30729; .NET CLR 3.0.30729; .NET4.0C; .NET4.0E; MS-RTC EA 2)"
178.73.208.156 - - [12/Aug/2013:08:20:52 -0400] "GET /index.php?p=41 HTTP/1.1" 200 9960 "http://www.chris-nlp-hall.com/" "Mozilla/5.0 (Macintosh; Intel Mac OS X 10_8_4) AppleWebKit/536.30.1 (KHTML, like Gecko) Version/6.0.5 Safari/536.30.1"
46.229.164.97 - - [12/Aug/2013:08:33:10 -0400] "GET /robots.txt HTTP/1.1" 404 575 "-" "Mozilla/5.0 (compatible; SemrushBot/0.96.4; +http://www.semrush.com/bot.html)"
125.39.241.233 - - [12/Aug/2013:22:24:41 -0400] "GET / HTTP/1.1" 200 6136 "http://www.chris-nlp-hall.com/" "Mozilla/5.0 (compatible; MSIE 8.0; Windows NT 6.1)"
220.181.108.100 - - [12/Aug/2013:14:39:58 -0400] "GET / HTTP/1.1" 200 6136 "-" "Mozilla/5.0 (compatible; Baiduspider/2.0; +http://www.baidu.com/search/spider.html)"
178.137.128.238 - - [12/Aug/2013:05:13:31 -0400] "GET / HTTP/1.1" 200 6136 "http://www.rospromtest.ru/" "Mozilla/4.0 (compatible; MSIE 6.0; Windows NT 5.1)"
66.249.75.133 - - [12/Aug/2013:13:03:21 -0400] "GET /robots.txt HTTP/1.1" 404 575 "-" "Mozilla/5.0 (compatible; Googlebot/2.1; +http://www.google.com/bot.html)"
1.72.6.132 - - [12/Aug/2013:00:57:54 -0400] "GET /styles/hd_04_01.jpg HTTP/1.1" 200 33075 "http://www.chris-nlp-hall.com/index.php?p=63" "Mozilla/5.0 (compatible; MSIE 10.0; Windows NT 6.1; WOW64; Trident/6.0; EIE10;JAJPMSN)"
92.50.99.202 - - [12/Aug/2013:10:07:40 -0400] "GET /index.php?p=48 HTTP/1.1" 200 7742 "http://www.google.de/url?sa=t&rct=j&q=&esrc=s&source=web&cd=2&ved=0CFcQFjAB&url=http%3A%2F%2Fwww.chris-nlp-hall.com%2Findex.php%3Fp%3D48&ei=J-wIUsz3D4KaO7LEgfgM&usg=AFQjCNFzam9_CPRVtfDXsp8iN_A5EmVB2g&bvm=bv.50500085,d.ZWU" "Mozilla/5.0 (Windows NT 6.1; WOW64; rv:22.0) Gecko/20100101 Firefox/22.0"
92.50.99.202 - - [12/Aug/2013:10:07:43 -0400] "GET /styles/hd_03_01.gif HTTP/1.1" 200 3660 "http://www.chris-nlp-hall.com/styles/basic.css" "Mozilla/5.0 (Windows NT 6.1; WOW64; rv:22.0) Gecko/20100101 Firefox/22.0"
85.176.189.223 - - [12/Aug/2013:18:59:53 -0400] "GET /styles/chris.css HTTP/1.1" 200 1641 "http://www.chris-nlp-hall.com/" "Mozilla/5.0 (Macintosh; Intel Mac OS X 10_8_4) AppleWebKit/536.30.1 (KHTML, like Gecko) Version/6.0.5 Safari/536.30.1"
85.176.189.223 - - [12/Aug/2013:18:59:55 -0400] "GET /styles/hd_03_01.gif HTTP/1.1" 200 3660 "http://www.chris-nlp-hall.com/" "Mozilla/5.0 (Macintosh; Intel Mac OS X 10_8_4) AppleWebKit/536.30.1 (KHTML, like Gecko) Version/6.0.5 Safari/536.30.1"
81.52.143.33 - - [12/Aug/2013:06:19:20 -0400] "GET /index.php?p=42?3e3ea140 HTTP/1.1" 200 3491 "-" "Mozilla/5.0 (Windows; U; Windows NT 5.1; fr; rv:1.8.1) VoilaBot BETA 1.2 (support.voilabot@orange-ftgroup.com)"
123.125.71.42 - - [12/Aug/2013:07:45:06 -0400] "GET /index.php?p=41 HTTP/1.1" 200 9960 "-" "Mozilla/5.0 (compatible; Baiduspider/2.0; +http://www.baidu.com/search/spider.html)"
193.111.141.44 - - [12/Aug/2013:13:25:21 -0400] "GET /index.php?p=60 HTTP/1.1" 200 21710 "-" "Mozilla/5.0 (X11; Linux i686; rv:6.0) Gecko/20100101 Firefox/6.0"
81.52.143.33 - - [12/Aug/2013:01:01:00 -0400] "GET /index.php?p=72?3e3ea140 HTTP/1.1" 200 3491 "-" "Mozilla/5.0 (Windows; U; Windows NT 5.1; fr; rv:1.8.1) VoilaBot BETA 1.2 (support.voilabot@orange-ftgroup.com)"
201.197.6.134 - - [12/Aug/2013:01:06:40 -0400] "GET /galleries/images/lotus_small.jpg HTTP/1.1" 200 1988 "http://www.chris-nlp-hall.com/" "Mozilla/5.0 (Windows NT 6.2; WOW64) AppleWebKit/537.36 (KHTML, like Gecko) Chrome/28.0.1500.95 Safari/537.36"
201.197.6.134 - - [12/Aug/2013:01:06:41 -0400] "GET /styles/hd_04_01.jpg HTTP/1.1" 200 33075 "http://www.chris-nlp-hall.com/" "Mozilla/5.0 (Windows NT 6.2; WOW64) AppleWebKit/537.36 (KHTML, like Gecko) Chrome/28.0.1500.95 Safari/537.36"
125.201.24.57 - - [12/Aug/2013:21:50:13 -0400] "GET /galleries/images/icon2_world.gif HTTP/1.1" 200 668 "http://www.chris-nlp-hall.com/index.php?p=63" "Mozilla/5.0 (Windows NT 6.0) AppleWebKit/537.36 (KHTML, like Gecko) Chrome/28.0.1500.95 Safari/537.36"
125.201.24.57 - - [12/Aug/2013:21:50:13 -0400] "GET /galleries/images/ctl_kazuo_kikuchi.jpg HTTP/1.1" 200 2965 "http://www.chris-nlp-hall.com/index.php?p=63" "Mozilla/5.0 (Windows NT 6.0) AppleWebKit/537.36 (KHTML, like Gecko) Chrome/28.0.1500.95 Safari/537.36"
125.201.24.57 - - [12/Aug/2013:21:50:13 -0400] "GET /galleries/images/ctl_kotera_yasuhiro.jpg HTTP/1.1" 200 15129 "http://www.chris-nlp-hall.com/index.php?p=63" "Mozilla/5.0 (Windows NT 6.0) AppleWebKit/537.36 (KHTML, like Gecko) Chrome/28.0.1500.95 Safari/537.36"
125.201.24.57 - - [12/Aug/2013:21:50:14 -0400] "GET /favicon.ico HTTP/1.1" 404 575 "-" "Mozilla/5.0 (Windows NT 6.0) AppleWebKit/537.36 (KHTML, like Gecko) Chrome/28.0.1500.95 Safari/537.36"
72.14.114.74 - - [12/Aug/2013:00:42:40 -0400] "GET /index.php?p=1 HTTP/1.1" 200 6136 "http://www.chris-nlp-hall.com/index.php?p=48" "Mozilla/5.0 (Macintosh; Intel Mac OS X 10_5_8) AppleWebKit/534.50.2 (KHTML, like Gecko) Version/5.0.6 Safari/533.22.3"
157.55.34.25 - - [12/Aug/2013:01:41:37 -0400] "GET /robots.txt HTTP/1.1" 404 575 "-" "Mozilla/5.0 (compatible; bingbot/2.0; +http://www.bing.com/bingbot.htm)"
1.202.219.142 - - [12/Aug/2013:02:01:26 -0400] "GET /index.php?p=71 HTTP/1.1" 200 8566 "-" "Mozilla/5.0 (compatible; JikeSpider; +http://shoulu.jike.com/spider.html)"
96.255.231.86 - - [12/Aug/2013:18:46:45 -0400] "GET /styles/hd_04_01.jpg HTTP/1.1" 200 33075 "http://www.chris-nlp-hall.com/index.php?p=41" "Opera/9.80 (Windows NT 5.1) Presto/2.12.388 Version/12.16"
85.176.189.223 - - [12/Aug/2013:18:59:51 -0400] "GET / HTTP/1.1" 200 6136 "http://www.google.de/url?sa=t&rct=j&q=&esrc=s&source=web&cd=8&ved=0CFYQFjAH&url=http%3A%2F%2Fwww.chris-nlp-hall.com%2F&ei=eGcJUtq1AYblswa3-4HACg&usg=AFQjCNHBkFLPcTie62jcLtQib0jZDdNWPA" "Mozilla/5.0 (Macintosh; Intel Mac OS X 10_8_4) AppleWebKit/536.30.1 (KHTML, like Gecko) Version/6.0.5 Safari/536.30.1"
85.176.189.223 - - [12/Aug/2013:18:59:53 -0400] "GET /urchin.js HTTP/1.1" 404 575 "http://www.chris-nlp-hall.com/" "Mozilla/5.0 (Macintosh; Intel Mac OS X 10_8_4) AppleWebKit/536.30.1 (KHTML, like Gecko) Version/6.0.5 Safari/536.30.1"
85.176.189.223 - - [12/Aug/2013:18:59:55 -0400] "GET /styles/hd_02_01.gif HTTP/1.1" 200 3217 "http://www.chris-nlp-hall.com/" "Mozilla/5.0 (Macintosh; Intel Mac OS X 10_8_4) AppleWebKit/536.30.1 (KHTML, like Gecko) Version/6.0.5 Safari/536.30.1"
85.176.189.223 - - [12/Aug/2013:18:59:55 -0400] "GET /styles/almost_white.gif HTTP/1.1" 200 73 "http://www.chris-nlp-hall.com/" "Mozilla/5.0 (Macintosh; Intel Mac OS X 10_8_4) AppleWebKit/536.30.1 (KHTML, like Gecko) Version/6.0.5 Safari/536.30.1"
85.176.189.223 - - [12/Aug/2013:18:59:55 -0400] "GET /styles/hd_02_02.gif HTTP/1.1" 200 9351 "http://www.chris-nlp-hall.com/" "Mozilla/5.0 (Macintosh; Intel Mac OS X 10_8_4) AppleWebKit/536.30.1 (KHTML, like Gecko) Version/6.0.5 Safari/536.30.1"
208.167.230.3 - - [12/Aug/2013:19:25:57 -0400] "GET /index.php?p=74 HTTP/1.1" 200 4646 "-" "Mozilla/5.0 (compatible; AhrefsBot/4.0; +http://ahrefs.com/robot/)"
125.201.24.57 - - [12/Aug/2013:21:42:06 -0400] "GET /galleries/docs/Summary%20of%20Legal%20Proceedings.pdf HTTP/1.1" 200 146997 "http://www.chris-nlp-hall.com/index.php?p=48" "Mozilla/5.0 (Windows NT 6.0) AppleWebKit/537.36 (KHTML, like Gecko) Chrome/28.0.1500.95 Safari/537.36"
125.201.24.57 - - [12/Aug/2013:21:50:13 -0400] "GET /galleries/images/ctl_suzuki_emiko.jpg HTTP/1.1" 200 3016 "http://www.chris-nlp-hall.com/index.php?p=63" "Mozilla/5.0 (Windows NT 6.0) AppleWebKit/537.36 (KHTML, like Gecko) Chrome/28.0.1500.95 Safari/537.36"
125.201.24.57 - - [12/Aug/2013:21:50:13 -0400] "GET /galleries/images/ctl_kotera_hirohito.jpg HTTP/1.1" 200 2787 "http://www.chris-nlp-hall.com/index.php?p=63" "Mozilla/5.0 (Windows NT 6.0) AppleWebKit/537.36 (KHTML, like Gecko) Chrome/28.0.1500.95 Safari/537.36"
125.201.24.57 - - [12/Aug/2013:21:50:13 -0400] "GET /galleries/images/ctl_mogami_yuta.jpg HTTP/1.1" 200 7079 "http://www.chris-nlp-hall.com/index.php?p=63" "Mozilla/5.0 (Windows NT 6.0) AppleWebKit/537.36 (KHTML, like Gecko) Chrome/28.0.1500.95 Safari/537.36"
119.161.222.19 - - [12/Aug/2013:22:06:29 -0400] "GET /index.php HTTP/1.1" 200 6136 "http://www.chris-nlp-hall.com/index.php" "Mozilla/5.0 (Windows NT 6.1) AppleWebKit/535.11 (KHTML, like Gecko) Chrome/17.0.963.12 Safari/535.11"
178.255.215.72 - - [12/Aug/2013:07:25:21 -0400] "GET /robots.txt HTTP/1.1" 404 575 "-" "Mozilla/5.0 (compatible; Exabot/3.0; +http://www.exabot.com/go/robot)"
54.224.248.235 - - [12/Aug/2013:08:56:37 -0400] "HEAD / HTTP/1.1" 200 - "-" "python-requests/1.1.0 CPython/2.7.4 Linux/3.8.0-19-generic"
178.73.208.156 - - [12/Aug/2013:12:50:22 -0400] "GET /index.php?p=48 HTTP/1.1" 200 7742 "http://www.chris-nlp-hall.com/" "Mozilla/5.0 (Windows NT 6.1; WOW64) AppleWebKit/535.1 (KHTML, like Gecko) Chrome/13.0.782.112 Safari/535.1"
1.72.6.132 - - [12/Aug/2013:00:57:54 -0400] "GET /styles/almost_white.gif HTTP/1.1" 200 73 "http://www.chris-nlp-hall.com/index.php?p=63" "Mozilla/5.0 (compatible; MSIE 10.0; Windows NT 6.1; WOW64; Trident/6.0; EIE10;JAJPMSN)"
1.72.6.132 - - [12/Aug/2013:00:57:54 -0400] "GET /styles/sonlp_bg2.gif HTTP/1.1" 200 19608 "http://www.chris-nlp-hall.com/index.php?p=63" "Mozilla/5.0 (compatible; MSIE 10.0; Windows NT 6.1; WOW64; Trident/6.0; EIE10;JAJPMSN)"
193.252.118.166 - - [12/Aug/2013:01:06:58 -0400] "GET /index.php?p=55 HTTP/1.1" 200 24160 "-" "Mozilla/5.0 (Windows; U; Windows NT 5.1; fr; rv:1.8.1) VoilaBot BETA 1.2 (support.voilabot@orange-ftgroup.com)"
199.30.16.5 - - [12/Aug/2013:17:59:09 -0400] "GET /robots.txt HTTP/1.1" 404 575 "-" "msnbot-media/1.1 (+http://search.msn.com/msnbot.htm)"
157.55.32.52 - - [12/Aug/2013:01:27:00 -0400] "GET / HTTP/1.1" 200 6136 "-" "Mozilla/5.0 (compatible; bingbot/2.0; +http://www.bing.com/bingbot.htm)"
91.207.9.226 - - [12/Aug/2013:07:19:33 -0400] "GET / HTTP/1.1" 200 6136 "http://dt93.ru/" "Mozilla/0.91 Beta (Windows)"
178.73.208.156 - - [12/Aug/2013:08:20:54 -0400] "GET /index.php?p=48 HTTP/1.1" 200 7742 "http://www.chris-nlp-hall.com/" "Mozilla/5.0 (Macintosh; Intel Mac OS X 10_8_4) AppleWebKit/536.30.1 (KHTML, like Gecko) Version/6.0.5 Safari/536.30.1"
24.172.105.107 - - [12/Aug/2013:16:05:44 -0400] "GET /styles/basic.css HTTP/1.1" 200 5091 "http://www.chris-nlp-hall.com/" "Mozilla/4.0 (compatible; MSIE 8.0; Windows NT 6.0; WOW64; Trident/4.0; SLCC1; .NET CLR 2.0.50727; InfoPath.2; .NET CLR 3.5.30729; .NET CLR 3.0.30729; .NET4.0C; .NET4.0E; MS-RTC EA 2)"
24.172.105.107 - - [12/Aug/2013:16:05:45 -0400] "GET /styles/hd_02_02.gif HTTP/1.1" 200 9351 "http://www.chris-nlp-hall.com/" "Mozilla/4.0 (compatible; MSIE 8.0; Windows NT 6.0; WOW64; Trident/4.0; SLCC1; .NET CLR 2.0.50727; InfoPath.2; .NET CLR 3.5.30729; .NET CLR 3.0.30729; .NET4.0C; .NET4.0E; MS-RTC EA 2)"
24.172.105.107 - - [12/Aug/2013:16:05:46 -0400] "GET /favicon.ico HTTP/1.1" 404 575 "-" "Mozilla/4.0 (compatible; MSIE 8.0; Windows NT 6.0; WOW64; Trident/4.0; SLCC1; .NET CLR 2.0.50727; InfoPath.2; .NET CLR 3.5.30729; .NET CLR 3.0.30729; .NET4.0C; .NET4.0E; MS-RTC EA 2)"
41.250.105.235 - - [12/Aug/2013:13:16:05 -0400] "GET /index.php?p=41 HTTP/1.1" 200 9960 "http://www.bizdownload.net/hypnosis-nlp/" "Mozilla/5.0 (Macintosh; Intel Mac OS X 10_7_4) AppleWebKit/537.36 (KHTML, like Gecko) Chrome/28.0.1500.95 Safari/537.36"
41.250.105.235 - - [12/Aug/2013:13:16:07 -0400] "GET /urchin.js HTTP/1.1" 404 575 "http://www.chris-nlp-hall.com/index.php?p=41" "Mozilla/5.0 (Macintosh; Intel Mac OS X 10_7_4) AppleWebKit/537.36 (KHTML, like Gecko) Chrome/28.0.1500.95 Safari/537.36"
41.250.105.235 - - [12/Aug/2013:13:16:08 -0400] "GET /styles/hd_02_01.gif HTTP/1.1" 200 3217 "http://www.chris-nlp-hall.com/index.php?p=41" "Mozilla/5.0 (Macintosh; Intel Mac OS X 10_7_4) AppleWebKit/537.36 (KHTML, like Gecko) Chrome/28.0.1500.95 Safari/537.36"
157.55.34.178 - - [12/Aug/2013:09:45:27 -0400] "GET /robots.txt HTTP/1.1" 404 575 "-" "Mozilla/5.0 (compatible; bingbot/2.0; +http://www.bing.com/bingbot.htm)"
66.249.75.133 - - [12/Aug/2013:10:13:23 -0400] "GET / HTTP/1.1" 200 6136 "-" "Mozilla/5.0 (iPhone; U; CPU iPhone OS 4_1 like Mac OS X; en-us) AppleWebKit/532.9 (KHTML, like Gecko) Version/4.0.5 Mobile/8B117 Safari/6531.22.7 (compatible; Googlebot-Mobile/2.1; +http://www.google.com/bot.html)"
92.50.99.202 - - [12/Aug/2013:10:07:57 -0400] "GET /galleries/images/icon2_world.gif HTTP/1.1" 200 668 "http://www.chris-nlp-hall.com/index.php?p=71" "Mozilla/5.0 (Windows NT 6.1; WOW64; rv:22.0) Gecko/20100101 Firefox/22.0"
41.250.105.235 - - [12/Aug/2013:13:16:07 -0400] "GET /styles/chris.css HTTP/1.1" 200 1641 "http://www.chris-nlp-hall.com/index.php?p=41" "Mozilla/5.0 (Macintosh; Intel Mac OS X 10_7_4) AppleWebKit/537.36 (KHTML, like Gecko) Chrome/28.0.1500.95 Safari/537.36"
41.250.105.235 - - [12/Aug/2013:13:16:08 -0400] "GET /styles/hd_02_02.gif HTTP/1.1" 200 9351 "http://www.chris-nlp-hall.com/index.php?p=41" "Mozilla/5.0 (Macintosh; Intel Mac OS X 10_7_4) AppleWebKit/537.36 (KHTML, like Gecko) Chrome/28.0.1500.95 Safari/537.36"
66.249.75.133 - - [12/Aug/2013:19:24:34 -0400] "GET /index.php?p=41 HTTP/1.1" 200 9960 "-" "Mozilla/5.0 (iPhone; U; CPU iPhone OS 4_1 like Mac OS X; en-us) AppleWebKit/532.9 (KHTML, like Gecko) Version/4.0.5 Mobile/8B117 Safari/6531.22.7 (compatible; Googlebot-Mobile/2.1; +http://www.google.com/bot.html)"
85.176.189.223 - - [12/Aug/2013:19:00:00 -0400] "GET /index.php?p=62 HTTP/1.1" 200 4055 "http://www.chris-nlp-hall.com/" "Mozilla/5.0 (Macintosh; Intel Mac OS X 10_8_4) AppleWebKit/536.30.1 (KHTML, like Gecko) Version/6.0.5 Safari/536.30.1"
85.176.189.223 - - [12/Aug/2013:19:00:03 -0400] "GET /urchin.js HTTP/1.1" 404 575 "http://www.chris-nlp-hall.com/index.php?p=62" "Mozilla/5.0 (Macintosh; Intel Mac OS X 10_8_4) AppleWebKit/536.30.1 (KHTML, like Gecko) Version/6.0.5 Safari/536.30.1"
72.14.114.74 - - [12/Aug/2013:00:42:33 -0400] "GET /index.php?p=39 HTTP/1.1" 200 4377 "http://www.chris-nlp-hall.com/index.php?p=39" "Mozilla/5.0 (Macintosh; Intel Mac OS X 10_5_8) AppleWebKit/534.50.2 (KHTML, like Gecko) Version/5.0.6 Safari/533.22.3"
1.72.6.132 - - [12/Aug/2013:00:57:48 -0400] "GET /styles/chris.css HTTP/1.1" 200 1641 "http://www.chris-nlp-hall.com/index.php?p=63" "Mozilla/5.0 (compatible; MSIE 10.0; Windows NT 6.1; WOW64; Trident/6.0; EIE10;JAJPMSN)"
81.52.143.15 - - [12/Aug/2013:01:11:06 -0400] "GET /index.php?p=65 HTTP/1.1" 200 11637 "-" "Mozilla/5.0 (Windows; U; Windows NT 5.1; fr; rv:1.8.1) VoilaBot BETA 1.2 (support.voilabot@orange-ftgroup.com)"
157.56.229.23 - - [12/Aug/2013:12:08:12 -0400] "GET /galleries/images/icon2_world.gif HTTP/1.1" 200 668 "-" "Mozilla/5.0 (compatible; bingbot/2.0; +http://www.bing.com/bingbot.htm)"
178.239.55.205 - - [12/Aug/2013:09:27:28 -0400] "HEAD /index.php?p=41 HTTP/1.0" 200 - "-" "WordPress/3.5.1; http://www.bizdownload.net"
72.167.35.119 - - [12/Aug/2013:08:09:15 -0400] "GET /index.php?p=49 HTTP/1.1" 200 16097 "-" "Mozilla/4.0 (compatible; MSIE 6.0; Windows NT 5.1; SV1; Mozilla/4.0 (compatible; MSIE 6.0; Windows NT 5.1; SV1) )"
178.73.208.156 - - [12/Aug/2013:08:47:32 -0400] "GET /index.php?p=48 HTTP/1.1" 200 7742 "http://www.chris-nlp-hall.com/" "Mozilla/5.0 (compatible; MSIE 9.0; Windows NT 6.1; Trident/5.0)"
125.201.24.57 - - [12/Aug/2013:21:42:28 -0400] "GET /favicon.ico HTTP/1.1" 404 575 "-" "Mozilla/5.0 (Windows NT 6.0) AppleWebKit/537.36 (KHTML, like Gecko) Chrome/28.0.1500.95 Safari/537.36"
78.158.11.226 - - [12/Aug/2013:22:27:26 -0400] "GET /index.php?p=60 HTTP/1.1" 200 21710 "http://www.google.com/url?sa=t&rct=j&q=www.chris-nlp-hall.com&source=web&cd=5&ved=0CF0QFjAE&url=http:%2F%2Fwww.chris-nlp-hall.com%2Findex.php%3Fp=60&cad=rja" "Lynx/2.8.5rel.1 libwww-FM/2.15FC SSL-MM/1.4.1c OpenSSL/0.9.7e-dev"
65.182.101.135 - - [12/Aug/2013:08:30:06 -0400] "GET /wordpress/wp-admin/ HTTP/1.1" 404 575 "-" "-"
1.72.6.132 - - [12/Aug/2013:00:57:49 -0400] "GET /galleries/images/icon2_world.gif HTTP/1.1" 200 668 "http://www.chris-nlp-hall.com/index.php?p=63" "Mozilla/5.0 (compatible; MSIE 10.0; Windows NT 6.1; WOW64; Trident/6.0; EIE10;JAJPMSN)"
1.72.6.132 - - [12/Aug/2013:00:57:49 -0400] "GET /galleries/images/ctl_kotera_yasuhiro.jpg HTTP/1.1" 200 15129 "http://www.chris-nlp-hall.com/index.php?p=63" "Mozilla/5.0 (compatible; MSIE 10.0; Windows NT 6.1; WOW64; Trident/6.0; EIE10;JAJPMSN)"
1.72.6.132 - - [12/Aug/2013:00:59:50 -0400] "GET /favicon.ico HTTP/1.1" 404 575 "-" "Mozilla/5.0 (compatible; MSIE 10.0; Windows NT 6.1; Win64; x64; Trident/6.0; EIE10;JAJPMSN)"
1.72.6.132 - - [12/Aug/2013:00:59:53 -0400] "GET /galleries/images/us.gif HTTP/1.1" 200 367 "http://www.chris-nlp-hall.com/index.php?p=70" "Mozilla/5.0 (compatible; MSIE 10.0; Windows NT 6.1; WOW64; Trident/6.0; EIE10;JAJPMSN)"
1.72.6.132 - - [12/Aug/2013:00:59:53 -0400] "GET /galleries/images/ctl_watson_michael.png HTTP/1.1" 200 18928 "http://www.chris-nlp-hall.com/index.php?p=70" "Mozilla/5.0 (compatible; MSIE 10.0; Windows NT 6.1; WOW64; Trident/6.0; EIE10;JAJPMSN)"
201.197.6.134 - - [12/Aug/2013:01:06:39 -0400] "GET / HTTP/1.1" 200 6136 "http://www.google.co.cr/url?sa=f&rct=j&url=http://www.chris-nlp-hall.com/&q=christina+hall+nlp&ei=XG0IUuiiEoGK9QTj8YCgCA&usg=AFQjCNFAkcc76d-mfqaqwPe52-nTTUxBog" "Mozilla/5.0 (Windows NT 6.2; WOW64) AppleWebKit/537.36 (KHTML, like Gecko) Chrome/28.0.1500.95 Safari/537.36"
201.197.6.134 - - [12/Aug/2013:01:06:40 -0400] "GET /styles/basic.css HTTP/1.1" 200 5091 "http://www.chris-nlp-hall.com/" "Mozilla/5.0 (Windows NT 6.2; WOW64) AppleWebKit/537.36 (KHTML, like Gecko) Chrome/28.0.1500.95 Safari/537.36"
201.197.6.134 - - [12/Aug/2013:01:06:41 -0400] "GET /styles/hd_02_01.gif HTTP/1.1" 200 3217 "http://www.chris-nlp-hall.com/" "Mozilla/5.0 (Windows NT 6.2; WOW64) AppleWebKit/537.36 (KHTML, like Gecko) Chrome/28.0.1500.95 Safari/537.36"
86.213.110.72 - - [12/Aug/2013:10:34:14 -0400] "GET /styles/hd_02_02.gif HTTP/1.1" 200 9351 "http://www.chris-nlp-hall.com/index.php?p=48" "Mozilla/5.0 (Macintosh; Intel Mac OS X 10_8_4) AppleWebKit/536.30.1 (KHTML, like Gecko) Version/6.0.5 Safari/536.30.1"
220.181.89.178 - - [12/Aug/2013:11:35:29 -0400] "GET /robots.txt HTTP/1.1" 404 575 "-" "Sogou web spider/4.0"
91.207.9.226 - - [12/Aug/2013:18:19:10 -0400] "GET / HTTP/1.1" 200 6136 "http://myvigre.ru/" "Mozilla/4.76 [en] (Windows NT 5.0; U)"
157.55.34.26 - - [12/Aug/2013:20:04:55 -0400] "GET /index.php?p=66%20 HTTP/1.1" 200 29101 "-" "Mozilla/5.0 (compatible; bingbot/2.0; +http://www.bing.com/bingbot.htm)"
199.58.86.211 - - [12/Aug/2013:23:51:57 -0400] "GET /robots.txt HTTP/1.0" 404 575 "-" "Mozilla/5.0 (compatible; MJ12bot/v1.4.3; http://www.majestic12.co.uk/bot.php?+)"
65.55.215.74 - - [12/Aug/2013:06:51:25 -0400] "GET /robots.txt HTTP/1.1" 404 575 "-" "msnbot-media/1.1 (+http://search.msn.com/msnbot.htm)"
65.55.215.37 - - [12/Aug/2013:06:51:57 -0400] "GET /robots.txt HTTP/1.1" 404 575 "-" "msnbot-media/1.1 (+http://search.msn.com/msnbot.htm)"
178.73.208.156 - - [12/Aug/2013:08:47:28 -0400] "GET /index.php?p=41 HTTP/1.1" 200 9960 "http://www.chris-nlp-hall.com/" "Mozilla/5.0 (compatible; MSIE 9.0; Windows NT 6.1; Trident/5.0)"
79.152.43.154 - - [12/Aug/2013:05:24:19 -0400] "GET /urchin.js HTTP/1.1" 404 575 "http://www.chris-nlp-hall.com/" "Mozilla/5.0 (compatible; MSIE 10.0; Windows NT 6.1; WOW64; Trident/6.0)"
79.152.43.154 - - [12/Aug/2013:05:24:19 -0400] "GET /styles/sonlp_bg2.gif HTTP/1.1" 200 19608 "http://www.chris-nlp-hall.com/" "Mozilla/5.0 (compatible; MSIE 10.0; Windows NT 6.1; WOW64; Trident/6.0)"
208.167.230.3 - - [12/Aug/2013:10:16:27 -0400] "GET /?3e3ea140 HTTP/1.1" 200 6136 "-" "Mozilla/5.0 (compatible; AhrefsBot/4.0; +http://ahrefs.com/robot/)"
109.222.208.72 - - [12/Aug/2013:10:19:52 -0400] "GET /wp-login.php HTTP/1.0" 403 214 "-" "Mozilla/5.0 (Windows NT 6.1; rv:19.0) Gecko/20100101 Firefox/19.0"
123.125.71.54 - - [12/Aug/2013:07:45:14 -0400] "GET /urchin.js HTTP/1.1" 404 575 "http://www.chris-nlp-hall.com/index.php?p=41" "Mozilla/5.0 (X11; U; Linux x86_64; en-US; rv:1.9) Gecko Minefield/3.0"
208.167.230.3 - - [12/Aug/2013:18:16:07 -0400] "GET /index.php?p=65 HTTP/1.1" 200 11637 "-" "Mozilla/5.0 (compatible; AhrefsBot/4.0; +http://ahrefs.com/robot/)"
81.218.198.95 - - [12/Aug/2013:09:49:19 -0400] "GET /urchin.js HTTP/1.1" 404 575 "http://www.chris-nlp-hall.com/" "Mozilla/5.0 (Windows NT 6.1; WOW64) AppleWebKit/537.36 (KHTML, like Gecko) Chrome/28.0.1500.95 Safari/537.36"
92.50.99.202 - - [12/Aug/2013:10:07:43 -0400] "GET /styles/hd_04_01.jpg HTTP/1.1" 200 33075 "http://www.chris-nlp-hall.com/styles/basic.css" "Mozilla/5.0 (Windows NT 6.1; WOW64; rv:22.0) Gecko/20100101 Firefox/22.0"
92.50.99.202 - - [12/Aug/2013:10:07:43 -0400] "GET /styles/hd_02_02.gif HTTP/1.1" 200 9351 "http://www.chris-nlp-hall.com/styles/basic.css" "Mozilla/5.0 (Windows NT 6.1; WOW64; rv:22.0) Gecko/20100101 Firefox/22.0"
92.50.99.202 - - [12/Aug/2013:10:07:48 -0400] "GET /favicon.ico HTTP/1.1" 404 575 "-" "Mozilla/5.0 (Windows NT 6.1; WOW64; rv:22.0) Gecko/20100101 Firefox/22.0"
92.50.99.202 - - [12/Aug/2013:10:07:48 -0400] "GET /favicon.ico HTTP/1.1" 404 575 "-" "Mozilla/5.0 (Windows NT 6.1; WOW64; rv:22.0) Gecko/20100101 Firefox/22.0"
92.50.99.202 - - [12/Aug/2013:10:07:51 -0400] "GET /index.php?p=71 HTTP/1.1" 200 8566 "http://www.chris-nlp-hall.com/index.php?p=48" "Mozilla/5.0 (Windows NT 6.1; WOW64; rv:22.0) Gecko/20100101 Firefox/22.0"
92.50.99.202 - - [12/Aug/2013:10:07:57 -0400] "GET /galleries/images/de.gif HTTP/1.1" 200 362 "http://www.chris-nlp-hall.com/index.php?p=71" "Mozilla/5.0 (Windows NT 6.1; WOW64; rv:22.0) Gecko/20100101 Firefox/22.0"
92.50.99.202 - - [12/Aug/2013:10:07:57 -0400] "GET /urchin.js HTTP/1.1" 404 575 "http://www.chris-nlp-hall.com/index.php?p=71" "Mozilla/5.0 (Windows NT 6.1; WOW64; rv:22.0) Gecko/20100101 Firefox/22.0"
109.222.208.72 - - [12/Aug/2013:10:19:53 -0400] "GET /administrator/index.php HTTP/1.0" 403 225 "-" "Mozilla/5.0 (Windows NT 6.1; rv:19.0) Gecko/20100101 Firefox/19.0"
199.30.24.95 - - [12/Aug/2013:10:50:36 -0400] "GET /styles/basic.css HTTP/1.1" 200 5091 "http://www.chris-nlp-hall.com/index.php?p=71" "Mozilla/5.0 (Windows NT 6.1; WOW64) AppleWebKit/534+ (KHTML, like Gecko) BingPreview/1.0b"
199.30.24.95 - - [12/Aug/2013:10:50:37 -0400] "GET /styles/hd_02_01.gif HTTP/1.1" 200 3217 "http://www.chris-nlp-hall.com/index.php?p=71" "Mozilla/5.0 (Windows NT 6.1; WOW64) AppleWebKit/534+ (KHTML, like Gecko) BingPreview/1.0b"
220.181.89.178 - - [12/Aug/2013:11:35:14 -0400] "GET /index.php?p=63 HTTP/1.1" 200 32920 "-" "Sogou web spider/4.0(+http://www.sogou.com/docs/help/webmasters.htm#07)"
220.181.108.176 - - [12/Aug/2013:23:29:14 -0400] "GET / HTTP/1.1" 200 6136 "-" "Mozilla/5.0 (compatible; Baiduspider/2.0; +http://www.baidu.com/search/spider.html)"
1.72.6.132 - - [12/Aug/2013:00:57:48 -0400] "GET /galleries/images/ctl_suzuki_shinichi.jpg HTTP/1.1" 200 2328 "http://www.chris-nlp-hall.com/index.php?p=63" "Mozilla/5.0 (compatible; MSIE 10.0; Windows NT 6.1; WOW64; Trident/6.0; EIE10;JAJPMSN)"
1.72.6.132 - - [12/Aug/2013:00:57:48 -0400] "GET /galleries/images/empty.gif HTTP/1.1" 200 43 "http://www.chris-nlp-hall.com/index.php?p=63" "Mozilla/5.0 (compatible; MSIE 10.0; Windows NT 6.1; WOW64; Trident/6.0; EIE10;JAJPMSN)"
1.72.6.132 - - [12/Aug/2013:00:57:49 -0400] "GET /galleries/images/ctl_kazuo_kikuchi.jpg HTTP/1.1" 200 2965 "http://www.chris-nlp-hall.com/index.php?p=63" "Mozilla/5.0 (compatible; MSIE 10.0; Windows NT 6.1; WOW64; Trident/6.0; EIE10;JAJPMSN)"
1.72.6.132 - - [12/Aug/2013:00:57:49 -0400] "GET /galleries/images/ctl_ohe_akiko.jpg HTTP/1.1" 200 17766 "http://www.chris-nlp-hall.com/index.php?p=63" "Mozilla/5.0 (compatible; MSIE 10.0; Windows NT 6.1; WOW64; Trident/6.0; EIE10;JAJPMSN)"
1.72.6.132 - - [12/Aug/2013:01:00:00 -0400] "GET /urchin.js HTTP/1.1" 404 575 "http://www.chris-nlp-hall.com/index.php?p=63" "Mozilla/5.0 (compatible; MSIE 10.0; Windows NT 6.1; WOW64; Trident/6.0; EIE10;JAJPMSN)"
201.197.6.134 - - [12/Aug/2013:01:06:41 -0400] "GET /styles/hd_02_02.gif HTTP/1.1" 200 9351 "http://www.chris-nlp-hall.com/" "Mozilla/5.0 (Windows NT 6.2; WOW64) AppleWebKit/537.36 (KHTML, like Gecko) Chrome/28.0.1500.95 Safari/537.36"
65.55.215.74 - - [12/Aug/2013:06:51:25 -0400] "GET /galleries/images/ch.gif HTTP/1.1" 200 332 "-" "msnbot-media/1.1 (+http://search.msn.com/msnbot.htm)"
69.197.128.114 - - [12/Aug/2013:06:55:22 -0400] "GET /robots.txt HTTP/1.0" 404 575 "-" "Mozilla/5.0 (compatible; MJ12bot/v1.4.3; http://www.majestic12.co.uk/bot.php?+)"
24.11.223.102 - - [12/Aug/2013:12:26:30 -0400] "GET /index.php?p=41 HTTP/1.1" 200 9960 "http://www.bizdownload.net/" "Mozilla/5.0 (Windows NT 6.1; WOW64; rv:21.0) Gecko/20100101 Firefox/21.0"
24.11.223.102 - - [12/Aug/2013:12:26:31 -0400] "GET /styles/basic.css HTTP/1.1" 200 5091 "http://www.chris-nlp-hall.com/index.php?p=41" "Mozilla/5.0 (Windows NT 6.1; WOW64; rv:21.0) Gecko/20100101 Firefox/21.0"
24.11.223.102 - - [12/Aug/2013:12:26:31 -0400] "GET /styles/chris.css HTTP/1.1" 200 1641 "http://www.chris-nlp-hall.com/index.php?p=41" "Mozilla/5.0 (Windows NT 6.1; WOW64; rv:21.0) Gecko/20100101 Firefox/21.0"
24.11.223.102 - - [12/Aug/2013:12:26:31 -0400] "GET /urchin.js HTTP/1.1" 404 575 "http://www.chris-nlp-hall.com/index.php?p=41" "Mozilla/5.0 (Windows NT 6.1; WOW64; rv:21.0) Gecko/20100101 Firefox/21.0"
24.11.223.102 - - [12/Aug/2013:12:26:31 -0400] "GET /styles/hd_01_01.gif HTTP/1.1" 200 1035 "http://www.chris-nlp-hall.com/styles/basic.css" "Mozilla/5.0 (Windows NT 6.1; WOW64; rv:21.0) Gecko/20100101 Firefox/21.0"
24.11.223.102 - - [12/Aug/2013:12:26:31 -0400] "GET /styles/hd_04_01.jpg HTTP/1.1" 200 33075 "http://www.chris-nlp-hall.com/styles/basic.css" "Mozilla/5.0 (Windows NT 6.1; WOW64; rv:21.0) Gecko/20100101 Firefox/21.0"
24.11.223.102 - - [12/Aug/2013:12:26:32 -0400] "GET /favicon.ico HTTP/1.1" 404 575 "-" "Mozilla/5.0 (Windows NT 6.1; WOW64; rv:21.0) Gecko/20100101 Firefox/21.0"
157.56.92.159 - - [12/Aug/2013:20:06:32 -0400] "GET /styles/chris.css HTTP/1.1" 200 1641 "-" "Mozilla/5.0 (compatible; bingbot/2.0; +http://www.bing.com/bingbot.htm)"
79.152.43.154 - - [12/Aug/2013:05:24:19 -0400] "GET /styles/hd_02_01.gif HTTP/1.1" 200 3217 "http://www.chris-nlp-hall.com/" "Mozilla/5.0 (compatible; MSIE 10.0; Windows NT 6.1; WOW64; Trident/6.0)"
79.152.43.154 - - [12/Aug/2013:05:24:19 -0400] "GET /styles/almost_white.gif HTTP/1.1" 200 73 "http://www.chris-nlp-hall.com/" "Mozilla/5.0 (compatible; MSIE 10.0; Windows NT 6.1; WOW64; Trident/6.0)"
72.14.114.74 - - [12/Aug/2013:00:41:34 -0400] "GET /styles/almost_white.gif HTTP/1.1" 200 73 "http://www.chris-nlp-hall.com/index.php?p=55" "Mozilla/5.0 (Macintosh; Intel Mac OS X 10_5_8) AppleWebKit/534.50.2 (KHTML, like Gecko) Version/5.0.6 Safari/533.22.3"
72.14.114.74 - - [12/Aug/2013:00:41:53 -0400] "GET /index.php?p=1 HTTP/1.1" 200 6136 "http://www.chris-nlp-hall.com/index.php?p=55" "Mozilla/5.0 (Macintosh; Intel Mac OS X 10_5_8) AppleWebKit/534.50.2 (KHTML, like Gecko) Version/5.0.6 Safari/533.22.3"
1.202.219.7 - - [12/Aug/2013:02:00:48 -0400] "HEAD /index.php?p=71 HTTP/1.1" 200 - "-" "Mozilla/5.0 (compatible; JikeSpider; +http://shoulu.jike.com/spider.html)"
157.56.229.23 - - [12/Aug/2013:06:58:17 -0400] "GET /robots.txt HTTP/1.1" 404 575 "-" "Mozilla/5.0 (compatible; bingbot/2.0; +http://www.bing.com/bingbot.htm)"
24.11.223.102 - - [12/Aug/2013:12:26:31 -0400] "GET /styles/hd_02_01.gif HTTP/1.1" 200 3217 "http://www.chris-nlp-hall.com/styles/basic.css" "Mozilla/5.0 (Windows NT 6.1; WOW64; rv:21.0) Gecko/20100101 Firefox/21.0"
195.242.218.133 - - [12/Aug/2013:15:25:52 -0400] "GET / HTTP/1.1" 200 6136 "http://en.winpm.ws/" "Mozilla/4.0 (compatible; MSIE 6.0; Windows NT 5.1; SV1)"
85.176.189.223 - - [12/Aug/2013:18:59:53 -0400] "GET /galleries/images/lotus_small.jpg HTTP/1.1" 200 1988 "http://www.chris-nlp-hall.com/" "Mozilla/5.0 (Macintosh; Intel Mac OS X 10_8_4) AppleWebKit/536.30.1 (KHTML, like Gecko) Version/6.0.5 Safari/536.30.1"
85.176.189.223 - - [12/Aug/2013:18:59:55 -0400] "GET /styles/hd_01_01.gif HTTP/1.1" 200 1035 "http://www.chris-nlp-hall.com/" "Mozilla/5.0 (Macintosh; Intel Mac OS X 10_8_4) AppleWebKit/536.30.1 (KHTML, like Gecko) Version/6.0.5 Safari/536.30.1"
78.158.11.226 - - [12/Aug/2013:22:27:28 -0400] "GET /index.php?p=67 HTTP/1.1" 503 323 "-" "Lynx/2.8.5rel.1 libwww-FM/2.15FC SSL-MM/1.4.1c OpenSSL/0.9.7e-dev"
201.197.6.134 - - [12/Aug/2013:01:06:40 -0400] "GET /urchin.js HTTP/1.1" 404 575 "http://www.chris-nlp-hall.com/" "Mozilla/5.0 (Windows NT 6.2; WOW64) AppleWebKit/537.36 (KHTML, like Gecko) Chrome/28.0.1500.95 Safari/537.36"
201.197.6.134 - - [12/Aug/2013:01:06:41 -0400] "GET /styles/hd_03_01.gif HTTP/1.1" 200 3660 "http://www.chris-nlp-hall.com/" "Mozilla/5.0 (Windows NT 6.2; WOW64) AppleWebKit/537.36 (KHTML, like Gecko) Chrome/28.0.1500.95 Safari/537.36"
109.8.127.167 - - [12/Aug/2013:14:52:17 -0400] "GET /galleries/images/ctl_guittonny_florence.jpg HTTP/1.1" 200 23578 "http://www.chris-nlp-hall.com/index.php?p=60" "Mozilla/5.0 (Windows NT 6.2; WOW64) AppleWebKit/537.36 (KHTML, like Gecko) Chrome/28.0.1500.95 Safari/537.36"
109.8.127.167 - - [12/Aug/2013:14:52:17 -0400] "GET /galleries/images/icon2_world.gif HTTP/1.1" 200 668 "http://www.chris-nlp-hall.com/index.php?p=60" "Mozilla/5.0 (Windows NT 6.2; WOW64) AppleWebKit/537.36 (KHTML, like Gecko) Chrome/28.0.1500.95 Safari/537.36"
109.8.127.167 - - [12/Aug/2013:14:52:17 -0400] "GET /galleries/images/ctl_castaing_anne.jpg HTTP/1.1" 200 24291 "http://www.chris-nlp-hall.com/index.php?p=60" "Mozilla/5.0 (Windows NT 6.2; WOW64) AppleWebKit/537.36 (KHTML, like Gecko) Chrome/28.0.1500.95 Safari/537.36"
109.8.127.167 - - [12/Aug/2013:14:52:18 -0400] "GET /styles/hd_02_01.gif HTTP/1.1" 200 3217 "http://www.chris-nlp-hall.com/index.php?p=60" "Mozilla/5.0 (Windows NT 6.2; WOW64) AppleWebKit/537.36 (KHTML, like Gecko) Chrome/28.0.1500.95 Safari/537.36"
109.8.127.167 - - [12/Aug/2013:14:52:18 -0400] "GET /styles/hd_04_01.jpg HTTP/1.1" 200 33075 "http://www.chris-nlp-hall.com/index.php?p=60" "Mozilla/5.0 (Windows NT 6.2; WOW64) AppleWebKit/537.36 (KHTML, like Gecko) Chrome/28.0.1500.95 Safari/537.36"
66.249.75.133 - - [12/Aug/2013:19:44:02 -0400] "GET /index.php?p=42 HTTP/1.1" 200 3851 "-" "Mozilla/5.0 (compatible; Googlebot/2.1; +http://www.google.com/bot.html)"
81.218.198.95 - - [12/Aug/2013:09:49:19 -0400] "GET /galleries/images/lotus_small.jpg HTTP/1.1" 200 1988 "http://www.chris-nlp-hall.com/" "Mozilla/5.0 (Windows NT 6.1; WOW64) AppleWebKit/537.36 (KHTML, like Gecko) Chrome/28.0.1500.95 Safari/537.36"
81.218.198.95 - - [12/Aug/2013:09:49:19 -0400] "GET /styles/hd_03_01.gif HTTP/1.1" 200 3660 "http://www.chris-nlp-hall.com/" "Mozilla/5.0 (Windows NT 6.1; WOW64) AppleWebKit/537.36 (KHTML, like Gecko) Chrome/28.0.1500.95 Safari/537.36"
157.56.229.23 - - [12/Aug/2013:09:50:22 -0400] "GET /galleries/images/ctl_roy_gilles.jpg HTTP/1.1" 200 24052 "-" "Mozilla/5.0 (compatible; bingbot/2.0; +http://www.bing.com/bingbot.htm)"
199.30.24.95 - - [12/Aug/2013:10:50:36 -0400] "GET /galleries/images/icon2_email.gif HTTP/1.1" 200 613 "http://www.chris-nlp-hall.com/index.php?p=71" "Mozilla/5.0 (Windows NT 6.1; WOW64) AppleWebKit/534+ (KHTML, like Gecko) BingPreview/1.0b"
199.30.24.95 - - [12/Aug/2013:10:50:37 -0400] "GET /styles/hd_03_01.gif HTTP/1.1" 200 3660 "http://www.chris-nlp-hall.com/index.php?p=71" "Mozilla/5.0 (Windows NT 6.1; WOW64) AppleWebKit/534+ (KHTML, like Gecko) BingPreview/1.0b"
199.30.24.95 - - [12/Aug/2013:10:50:37 -0400] "GET /styles/hd_04_01.jpg HTTP/1.1" 200 33075 "http://www.chris-nlp-hall.com/index.php?p=71" "Mozilla/5.0 (Windows NT 6.1; WOW64) AppleWebKit/534+ (KHTML, like Gecko) BingPreview/1.0b"
92.50.99.202 - - [12/Aug/2013:10:08:14 -0400] "GET /galleries/images/ctl_vanhoorn_joerg.jpg HTTP/1.1" 200 3202 "http://www.chris-nlp-hall.com/index.php?p=61" "Mozilla/5.0 (Windows NT 6.1; WOW64; rv:22.0) Gecko/20100101 Firefox/22.0"
92.50.99.202 - - [12/Aug/2013:10:08:14 -0400] "GET /galleries/images/icon2_phone.gif HTTP/1.1" 200 574 "http://www.chris-nlp-hall.com/index.php?p=61" "Mozilla/5.0 (Windows NT 6.1; WOW64; rv:22.0) Gecko/20100101 Firefox/22.0"
92.50.99.202 - - [12/Aug/2013:10:08:14 -0400] "GET /galleries/images/ctl_kless_gerhard.jpg HTTP/1.1" 200 3271 "http://www.chris-nlp-hall.com/index.php?p=61" "Mozilla/5.0 (Windows NT 6.1; WOW64; rv:22.0) Gecko/20100101 Firefox/22.0"
92.50.99.202 - - [12/Aug/2013:10:08:14 -0400] "GET /galleries/images/ctl_gerecke_peter.jpg HTTP/1.1" 200 3652 "http://www.chris-nlp-hall.com/index.php?p=61" "Mozilla/5.0 (Windows NT 6.1; WOW64; rv:22.0) Gecko/20100101 Firefox/22.0"
92.50.99.202 - - [12/Aug/2013:10:08:15 -0400] "GET /galleries/images/ctl_caspers_oliver.jpg HTTP/1.1" 200 3002 "http://www.chris-nlp-hall.com/index.php?p=61" "Mozilla/5.0 (Windows NT 6.1; WOW64; rv:22.0) Gecko/20100101 Firefox/22.0"
92.50.99.202 - - [12/Aug/2013:10:09:02 -0400] "GET /index.php?p=1 HTTP/1.1" 200 6136 "http://www.chris-nlp-hall.com/index.php?p=61" "Mozilla/5.0 (Windows NT 6.1; WOW64; rv:22.0) Gecko/20100101 Firefox/22.0"
92.50.99.202 - - [12/Aug/2013:10:09:03 -0400] "GET /galleries/images/lotus_small.jpg HTTP/1.1" 200 1988 "http://www.chris-nlp-hall.com/index.php?p=1" "Mozilla/5.0 (Windows NT 6.1; WOW64; rv:22.0) Gecko/20100101 Firefox/22.0"
92.50.99.202 - - [12/Aug/2013:10:09:05 -0400] "GET /index.php?p=37 HTTP/1.1" 200 7777 "http://www.chris-nlp-hall.com/index.php?p=1" "Mozilla/5.0 (Windows NT 6.1; WOW64; rv:22.0) Gecko/20100101 Firefox/22.0"
92.50.99.202 - - [12/Aug/2013:10:09:05 -0400] "GET /urchin.js HTTP/1.1" 404 575 "http://www.chris-nlp-hall.com/index.php?p=37" "Mozilla/5.0 (Windows NT 6.1; WOW64; rv:22.0) Gecko/20100101 Firefox/22.0"
72.14.114.74 - - [12/Aug/2013:00:41:33 -0400] "GET /styles/basic.css HTTP/1.1" 200 5091 "http://www.chris-nlp-hall.com/index.php?p=55" "Mozilla/5.0 (Macintosh; Intel Mac OS X 10_5_8) AppleWebKit/534.50.2 (KHTML, like Gecko) Version/5.0.6 Safari/533.22.3"
72.14.114.74 - - [12/Aug/2013:00:41:33 -0400] "GET /styles/hd_02_01.gif HTTP/1.1" 200 3217 "http://www.chris-nlp-hall.com/index.php?p=55" "Mozilla/5.0 (Macintosh; Intel Mac OS X 10_5_8) AppleWebKit/534.50.2 (KHTML, like Gecko) Version/5.0.6 Safari/533.22.3"
72.14.114.74 - - [12/Aug/2013:00:41:34 -0400] "GET /styles/hd_04_01.jpg HTTP/1.1" 200 33075 "http://www.chris-nlp-hall.com/index.php?p=55" "Mozilla/5.0 (Macintosh; Intel Mac OS X 10_5_8) AppleWebKit/534.50.2 (KHTML, like Gecko) Version/5.0.6 Safari/533.22.3"
72.14.114.74 - - [12/Aug/2013:00:42:59 -0400] "GET /index.php?p=41 HTTP/1.1" 200 9960 "http://www.chris-nlp-hall.com/index.php?p=1" "Mozilla/5.0 (Macintosh; Intel Mac OS X 10_5_8) AppleWebKit/534.50.2 (KHTML, like Gecko) Version/5.0.6 Safari/533.22.3"
46.236.23.222 - - [12/Aug/2013:02:01:33 -0400] "GET /galleries/docs/Summary%2520of%2520Legal%2520Proceedings.pdf HTTP/1.1" 404 575 "-" "Mozilla/5.0 (compatible; TweetmemeBot/3.0; +http://tweetmeme.com/)"
139.228.124.172 - - [12/Aug/2013:15:16:43 -0400] "GET /index.php?p=41 HTTP/1.1" 503 323 "http://www.bizdownload.net/christina-hall-discover-the-difference/" "Mozilla/5.0 (Windows NT 6.1; WOW64) AppleWebKit/537.36 (KHTML, like Gecko) Chrome/28.0.1500.95 Safari/537.36"
24.172.105.107 - - [12/Aug/2013:16:05:45 -0400] "GET /styles/hd_04_01.jpg HTTP/1.1" 200 33075 "http://www.chris-nlp-hall.com/" "Mozilla/4.0 (compatible; MSIE 8.0; Windows NT 6.0; WOW64; Trident/4.0; SLCC1; .NET CLR 2.0.50727; InfoPath.2; .NET CLR 3.5.30729; .NET CLR 3.0.30729; .NET4.0C; .NET4.0E; MS-RTC EA 2)"
208.167.230.3 - - [12/Aug/2013:16:00:57 -0400] "GET /index.php?p=63 HTTP/1.1" 200 32920 "-" "Mozilla/5.0 (compatible; AhrefsBot/4.0; +http://ahrefs.com/robot/)"
157.55.34.26 - - [12/Aug/2013:16:29:47 -0400] "GET /index.php?p=42 HTTP/1.1" 200 3851 "-" "Mozilla/5.0 (compatible; bingbot/2.0; +http://www.bing.com/bingbot.htm)"
72.14.114.74 - - [12/Aug/2013:00:45:45 -0400] "GET /index.php?p=1 HTTP/1.1" 200 6136 "http://www.chris-nlp-hall.com/index.php?p=37" "Mozilla/5.0 (Macintosh; Intel Mac OS X 10_5_8) AppleWebKit/534.50.2 (KHTML, like Gecko) Version/5.0.6 Safari/533.22.3"
1.72.6.132 - - [12/Aug/2013:00:57:48 -0400] "GET /styles/basic.css HTTP/1.1" 200 5091 "http://www.chris-nlp-hall.com/index.php?p=63" "Mozilla/5.0 (compatible; MSIE 10.0; Windows NT 6.1; WOW64; Trident/6.0; EIE10;JAJPMSN)"
201.197.6.134 - - [12/Aug/2013:01:06:40 -0400] "GET /styles/chris.css HTTP/1.1" 200 1641 "http://www.chris-nlp-hall.com/" "Mozilla/5.0 (Windows NT 6.2; WOW64) AppleWebKit/537.36 (KHTML, like Gecko) Chrome/28.0.1500.95 Safari/537.36"
201.197.6.134 - - [12/Aug/2013:01:06:41 -0400] "GET /styles/hd_01_01.gif HTTP/1.1" 200 1035 "http://www.chris-nlp-hall.com/" "Mozilla/5.0 (Windows NT 6.2; WOW64) AppleWebKit/537.36 (KHTML, like Gecko) Chrome/28.0.1500.95 Safari/537.36"
201.197.6.134 - - [12/Aug/2013:01:06:41 -0400] "GET /styles/almost_white.gif HTTP/1.1" 200 73 "http://www.chris-nlp-hall.com/" "Mozilla/5.0 (Windows NT 6.2; WOW64) AppleWebKit/537.36 (KHTML, like Gecko) Chrome/28.0.1500.95 Safari/537.36"
201.197.6.134 - - [12/Aug/2013:01:06:41 -0400] "GET /styles/sonlp_bg2.gif HTTP/1.1" 200 19608 "http://www.chris-nlp-hall.com/" "Mozilla/5.0 (Windows NT 6.2; WOW64) AppleWebKit/537.36 (KHTML, like Gecko) Chrome/28.0.1500.95 Safari/537.36"
54.211.58.111 - - [12/Aug/2013:08:57:21 -0400] "HEAD / HTTP/1.1" 200 - "-" "python-requests/1.1.0 CPython/2.7.4 Linux/3.8.0-19-generic"
96.255.231.86 - - [12/Aug/2013:18:46:45 -0400] "GET /styles/sonlp_bg2.gif HTTP/1.1" 200 19608 "http://www.chris-nlp-hall.com/index.php?p=41" "Opera/9.80 (Windows NT 5.1) Presto/2.12.388 Version/12.16"
109.8.127.167 - - [12/Aug/2013:14:52:34 -0400] "GET /favicon.ico HTTP/1.1" 404 575 "-" "Mozilla/5.0 (Windows NT 6.2; WOW64) AppleWebKit/537.36 (KHTML, like Gecko) Chrome/28.0.1500.95 Safari/537.36"
193.252.118.174 - - [12/Aug/2013:22:49:51 -0400] "GET /index.php?p=41 HTTP/1.1" 200 9960 "-" "Mozilla/5.0 (Windows; U; Windows NT 5.1; fr; rv:1.8.1) VoilaBot BETA 1.2 (support.voilabot@orange-ftgroup.com)"
208.167.230.3 - - [12/Aug/2013:05:22:12 -0400] "GET /index.php?p=50 HTTP/1.1" 200 4380 "-" "Mozilla/5.0 (compatible; AhrefsBot/4.0; +http://ahrefs.com/robot/)"
86.213.110.72 - - [12/Aug/2013:10:34:12 -0400] "GET /styles/basic.css HTTP/1.1" 200 5091 "http://www.chris-nlp-hall.com/index.php?p=48" "Mozilla/5.0 (Macintosh; Intel Mac OS X 10_8_4) AppleWebKit/536.30.1 (KHTML, like Gecko) Version/6.0.5 Safari/536.30.1"
86.213.110.72 - - [12/Aug/2013:10:34:13 -0400] "GET /styles/hd_03_01.gif HTTP/1.1" 200 3660 "http://www.chris-nlp-hall.com/index.php?p=48" "Mozilla/5.0 (Macintosh; Intel Mac OS X 10_8_4) AppleWebKit/536.30.1 (KHTML, like Gecko) Version/6.0.5 Safari/536.30.1"
86.213.110.72 - - [12/Aug/2013:10:34:13 -0400] "GET /styles/almost_white.gif HTTP/1.1" 200 73 "http://www.chris-nlp-hall.com/index.php?p=48" "Mozilla/5.0 (Macintosh; Intel Mac OS X 10_8_4) AppleWebKit/536.30.1 (KHTML, like Gecko) Version/6.0.5 Safari/536.30.1"
72.167.35.119 - - [12/Aug/2013:02:20:21 -0400] "GET /index.php?p=49 HTTP/1.1" 200 16097 "-" "Mozilla/4.0 (compatible; MSIE 6.0; Windows NT 5.1; SV1; Mozilla/4.0 (compatible; MSIE 6.0; Windows NT 5.1; SV1) ; .NET CLR 1.0.3705)"
208.167.230.3 - - [12/Aug/2013:07:28:19 -0400] "GET /index.php?p=42 HTTP/1.1" 200 3851 "-" "Mozilla/5.0 (compatible; AhrefsBot/4.0; +http://ahrefs.com/robot/)"
