0byt3m1n1
Path:
/
data
/
0
/
0
/
96
/
4
/
96330
/
meta
/
97745
/
logs
/
[
Home
]
File: x-access_log.2013-08-13
31.164.3.175 - - [13/Aug/2013:15:13:24 -0400] "GET /styles/hd_04_01.jpg HTTP/1.1" 200 33075 "http://www.chris-nlp-hall.com/styles/basic.css" "Mozilla/5.0 (Windows NT 6.1; rv:23.0) Gecko/20100101 Firefox/23.0"
66.249.75.5 - - [13/Aug/2013:15:35:25 -0400] "GET /styles/chris.css HTTP/1.1" 200 1641 "-" "Mozilla/5.0 (compatible; Googlebot/2.1; +http://www.google.com/bot.html)"
67.243.6.67 - - [13/Aug/2013:11:29:19 -0400] "GET /galleries/images/empty.gif HTTP/1.1" 200 43 "http://www.chris-nlp-hall.com/index.php?p=70" "Mozilla/5.0 (Windows NT 6.2; WOW64) AppleWebKit/537.36 (KHTML, like Gecko) Chrome/28.0.1500.95 Safari/537.36"
157.55.34.26 - - [13/Aug/2013:07:01:37 -0400] "GET /index.php?p=60 HTTP/1.1" 200 21710 "-" "Mozilla/5.0 (compatible; bingbot/2.0; +http://www.bing.com/bingbot.htm)"
157.56.229.23 - - [13/Aug/2013:07:19:25 -0400] "GET /index.php?p=72 HTTP/1.1" 200 5981 "-" "Mozilla/5.0 (compatible; bingbot/2.0; +http://www.bing.com/bingbot.htm)"
81.152.173.207 - - [13/Aug/2013:09:10:17 -0400] "GET /index.php?p=1 HTTP/1.1" 200 6136 "http://www.chris-nlp-hall.com/index.php?p=49" "Mozilla/5.0 (Windows NT 6.1; WOW64; rv:22.0) Gecko/20100101 Firefox/22.0"
81.152.173.207 - - [13/Aug/2013:09:10:20 -0400] "GET /urchin.js HTTP/1.1" 404 575 "http://www.chris-nlp-hall.com/index.php?p=1" "Mozilla/5.0 (Windows NT 6.1; WOW64; rv:22.0) Gecko/20100101 Firefox/22.0"
81.152.173.207 - - [13/Aug/2013:09:20:39 -0400] "GET /index.php?p=44 HTTP/1.1" 200 16135 "http://www.chris-nlp-hall.com/index.php?p=39" "Mozilla/5.0 (Windows NT 6.1; WOW64; rv:22.0) Gecko/20100101 Firefox/22.0"
81.152.173.207 - - [13/Aug/2013:09:20:40 -0400] "GET /urchin.js HTTP/1.1" 404 575 "http://www.chris-nlp-hall.com/index.php?p=44" "Mozilla/5.0 (Windows NT 6.1; WOW64; rv:22.0) Gecko/20100101 Firefox/22.0"
220.181.108.148 - - [13/Aug/2013:09:47:50 -0400] "GET /index.php?p=41 HTTP/1.1" 200 9960 "-" "Mozilla/5.0 (compatible; Baiduspider/2.0; +http://www.baidu.com/search/spider.html)"
67.243.6.67 - - [13/Aug/2013:11:27:02 -0400] "GET / HTTP/1.1" 200 6136 "https://www.google.com/" "Mozilla/5.0 (Windows NT 6.2; WOW64) AppleWebKit/537.36 (KHTML, like Gecko) Chrome/28.0.1500.95 Safari/537.36"
67.243.6.67 - - [13/Aug/2013:11:27:04 -0400] "GET /styles/basic.css HTTP/1.1" 200 5091 "http://www.chris-nlp-hall.com/" "Mozilla/5.0 (Windows NT 6.2; WOW64) AppleWebKit/537.36 (KHTML, like Gecko) Chrome/28.0.1500.95 Safari/537.36"
67.243.6.67 - - [13/Aug/2013:11:27:04 -0400] "GET /styles/hd_03_01.gif HTTP/1.1" 200 3660 "http://www.chris-nlp-hall.com/" "Mozilla/5.0 (Windows NT 6.2; WOW64) AppleWebKit/537.36 (KHTML, like Gecko) Chrome/28.0.1500.95 Safari/537.36"
67.243.6.67 - - [13/Aug/2013:11:27:08 -0400] "GET /favicon.ico HTTP/1.1" 404 575 "-" "Mozilla/5.0 (Windows NT 6.2; WOW64) AppleWebKit/537.36 (KHTML, like Gecko) Chrome/28.0.1500.95 Safari/537.36"
66.249.75.133 - - [13/Aug/2013:19:09:05 -0400] "GET /index.php?p=52 HTTP/1.1" 200 10795 "-" "Mozilla/5.0 (iPhone; U; CPU iPhone OS 4_1 like Mac OS X; en-us) AppleWebKit/532.9 (KHTML, like Gecko) Version/4.0.5 Mobile/8B117 Safari/6531.22.7 (compatible; Googlebot-Mobile/2.1; +http://www.google.com/bot.html)"
66.249.75.133 - - [13/Aug/2013:12:02:25 -0400] "GET /index.php?p=66 HTTP/1.1" 200 29092 "-" "Mozilla/5.0 (iPhone; U; CPU iPhone OS 4_1 like Mac OS X; en-us) AppleWebKit/532.9 (KHTML, like Gecko) Version/4.0.5 Mobile/8B117 Safari/6531.22.7 (compatible; Googlebot-Mobile/2.1; +http://www.google.com/bot.html)"
66.249.75.133 - - [13/Aug/2013:07:50:28 -0400] "GET /galleries/images/icon2_world.gif HTTP/1.1" 200 668 "-" "Mozilla/5.0 (compatible; Googlebot/2.1; +http://www.google.com/bot.html)"
208.167.230.3 - - [13/Aug/2013:08:53:55 -0400] "GET /index.php?p=63 HTTP/1.1" 200 32920 "-" "Mozilla/5.0 (compatible; AhrefsBot/4.0; +http://ahrefs.com/robot/)"
173.236.21.106 - - [13/Aug/2013:16:15:56 -0400] "GET /robots.txt HTTP/1.0" 404 575 "-" "Mozilla/5.0 (compatible; MJ12bot/v1.4.3; http://www.majestic12.co.uk/bot.php?+)"
193.252.118.175 - - [13/Aug/2013:00:52:44 -0400] "GET /index.php?p=72 HTTP/1.1" 200 5981 "-" "Mozilla/5.0 (Windows; U; Windows NT 5.1; fr; rv:1.8.1) VoilaBot BETA 1.2 (support.voilabot@orange-ftgroup.com)"
66.249.75.133 - - [13/Aug/2013:11:24:08 -0400] "GET /index.php?p=41 HTTP/1.1" 200 9960 "-" "Mozilla/5.0 (compatible; Googlebot/2.1; +http://www.google.com/bot.html)"
67.243.6.67 - - [13/Aug/2013:11:30:27 -0400] "GET /urchin.js HTTP/1.1" 404 575 "http://www.chris-nlp-hall.com/index.php?p=41" "Mozilla/5.0 (Windows NT 6.2; WOW64) AppleWebKit/537.36 (KHTML, like Gecko) Chrome/28.0.1500.95 Safari/537.36"
67.243.6.67 - - [13/Aug/2013:11:30:27 -0400] "GET /favicon.ico HTTP/1.1" 404 575 "-" "Mozilla/5.0 (Windows NT 6.2; WOW64) AppleWebKit/537.36 (KHTML, like Gecko) Chrome/28.0.1500.95 Safari/537.36"
67.243.6.67 - - [13/Aug/2013:11:51:36 -0400] "GET /urchin.js HTTP/1.1" 404 575 "http://www.chris-nlp-hall.com/index.php?p=71" "Mozilla/5.0 (Windows NT 6.2; WOW64) AppleWebKit/537.36 (KHTML, like Gecko) Chrome/28.0.1500.95 Safari/537.36"
66.249.75.5 - - [13/Aug/2013:15:33:27 -0400] "GET /robots.txt HTTP/1.1" 404 575 "-" "Mozilla/5.0 (compatible; Googlebot/2.1; +http://www.google.com/bot.html)"
66.249.75.5 - - [13/Aug/2013:15:33:27 -0400] "GET /styles/basic.css HTTP/1.1" 200 5091 "-" "Mozilla/5.0 (compatible; Googlebot/2.1; +http://www.google.com/bot.html)"
84.211.95.131 - - [13/Aug/2013:16:36:30 -0400] "GET /styles/basic.css HTTP/1.1" 200 5091 "http://www.chris-nlp-hall.com/index.php?p=66" "Mozilla/5.0 (iPad; CPU OS 6_1_3 like Mac OS X) AppleWebKit/536.26 (KHTML, like Gecko) Version/6.0 Mobile/10B329 Safari/8536.25"
84.211.95.131 - - [13/Aug/2013:16:36:30 -0400] "GET /urchin.js HTTP/1.1" 404 575 "http://www.chris-nlp-hall.com/index.php?p=66" "Mozilla/5.0 (iPad; CPU OS 6_1_3 like Mac OS X) AppleWebKit/536.26 (KHTML, like Gecko) Version/6.0 Mobile/10B329 Safari/8536.25"
84.211.95.131 - - [13/Aug/2013:16:36:30 -0400] "GET /galleries/images/ch.gif HTTP/1.1" 200 332 "http://www.chris-nlp-hall.com/index.php?p=66" "Mozilla/5.0 (iPad; CPU OS 6_1_3 like Mac OS X) AppleWebKit/536.26 (KHTML, like Gecko) Version/6.0 Mobile/10B329 Safari/8536.25"
84.211.95.131 - - [13/Aug/2013:16:36:30 -0400] "GET /galleries/images/ctl_bourdais_marie-france.jpg HTTP/1.1" 200 3059 "http://www.chris-nlp-hall.com/index.php?p=66" "Mozilla/5.0 (iPad; CPU OS 6_1_3 like Mac OS X) AppleWebKit/536.26 (KHTML, like Gecko) Version/6.0 Mobile/10B329 Safari/8536.25"
84.211.95.131 - - [13/Aug/2013:16:36:30 -0400] "GET /styles/hd_01_01.gif HTTP/1.1" 200 1035 "http://www.chris-nlp-hall.com/index.php?p=66" "Mozilla/5.0 (iPad; CPU OS 6_1_3 like Mac OS X) AppleWebKit/536.26 (KHTML, like Gecko) Version/6.0 Mobile/10B329 Safari/8536.25"
84.211.95.131 - - [13/Aug/2013:16:36:30 -0400] "GET /styles/sonlp_bg2.gif HTTP/1.1" 200 19608 "http://www.chris-nlp-hall.com/index.php?p=66" "Mozilla/5.0 (iPad; CPU OS 6_1_3 like Mac OS X) AppleWebKit/536.26 (KHTML, like Gecko) Version/6.0 Mobile/10B329 Safari/8536.25"
208.167.230.3 - - [13/Aug/2013:18:50:45 -0400] "GET /index.php?p=55 HTTP/1.1" 200 24160 "-" "Mozilla/5.0 (compatible; AhrefsBot/4.0; +http://ahrefs.com/robot/)"
192.96.204.42 - - [13/Aug/2013:09:18:06 -0400] "GET / HTTP/1.1" 200 6136 "-" "Mozilla/4.0 (compatible; MSIE 5.5; Windows NT)"
67.243.6.67 - - [13/Aug/2013:11:42:38 -0400] "GET /index.php?p=41 HTTP/1.1" 200 9960 "http://www.chris-nlp-hall.com/index.php?p=41" "Mozilla/5.0 (Windows NT 6.2; WOW64) AppleWebKit/537.36 (KHTML, like Gecko) Chrome/28.0.1500.95 Safari/537.36"
67.243.6.67 - - [13/Aug/2013:11:42:39 -0400] "GET /urchin.js HTTP/1.1" 404 575 "http://www.chris-nlp-hall.com/index.php?p=41" "Mozilla/5.0 (Windows NT 6.2; WOW64) AppleWebKit/537.36 (KHTML, like Gecko) Chrome/28.0.1500.95 Safari/537.36"
67.243.6.67 - - [13/Aug/2013:11:42:39 -0400] "GET /favicon.ico HTTP/1.1" 404 575 "-" "Mozilla/5.0 (Windows NT 6.2; WOW64) AppleWebKit/537.36 (KHTML, like Gecko) Chrome/28.0.1500.95 Safari/537.36"
67.243.6.67 - - [13/Aug/2013:11:42:41 -0400] "GET /index.php?p=48 HTTP/1.1" 200 7742 "http://www.chris-nlp-hall.com/index.php?p=41" "Mozilla/5.0 (Windows NT 6.2; WOW64) AppleWebKit/537.36 (KHTML, like Gecko) Chrome/28.0.1500.95 Safari/537.36"
67.243.6.67 - - [13/Aug/2013:11:42:42 -0400] "GET /urchin.js HTTP/1.1" 404 575 "http://www.chris-nlp-hall.com/index.php?p=48" "Mozilla/5.0 (Windows NT 6.2; WOW64) AppleWebKit/537.36 (KHTML, like Gecko) Chrome/28.0.1500.95 Safari/537.36"
67.243.6.67 - - [13/Aug/2013:11:42:42 -0400] "GET /favicon.ico HTTP/1.1" 404 575 "-" "Mozilla/5.0 (Windows NT 6.2; WOW64) AppleWebKit/537.36 (KHTML, like Gecko) Chrome/28.0.1500.95 Safari/537.36"
67.243.6.67 - - [13/Aug/2013:11:42:44 -0400] "GET /index.php?p=39 HTTP/1.1" 200 4377 "http://www.chris-nlp-hall.com/index.php?p=48" "Mozilla/5.0 (Windows NT 6.2; WOW64) AppleWebKit/537.36 (KHTML, like Gecko) Chrome/28.0.1500.95 Safari/537.36"
67.243.6.67 - - [13/Aug/2013:11:42:44 -0400] "GET /urchin.js HTTP/1.1" 404 575 "http://www.chris-nlp-hall.com/index.php?p=39" "Mozilla/5.0 (Windows NT 6.2; WOW64) AppleWebKit/537.36 (KHTML, like Gecko) Chrome/28.0.1500.95 Safari/537.36"
67.243.6.67 - - [13/Aug/2013:11:42:44 -0400] "GET /favicon.ico HTTP/1.1" 404 575 "-" "Mozilla/5.0 (Windows NT 6.2; WOW64) AppleWebKit/537.36 (KHTML, like Gecko) Chrome/28.0.1500.95 Safari/537.36"
67.243.6.67 - - [13/Aug/2013:11:42:47 -0400] "GET /index.php?p=37 HTTP/1.1" 200 7777 "http://www.chris-nlp-hall.com/index.php?p=39" "Mozilla/5.0 (Windows NT 6.2; WOW64) AppleWebKit/537.36 (KHTML, like Gecko) Chrome/28.0.1500.95 Safari/537.36"
67.243.6.67 - - [13/Aug/2013:11:42:47 -0400] "GET /urchin.js HTTP/1.1" 404 575 "http://www.chris-nlp-hall.com/index.php?p=37" "Mozilla/5.0 (Windows NT 6.2; WOW64) AppleWebKit/537.36 (KHTML, like Gecko) Chrome/28.0.1500.95 Safari/537.36"
67.243.6.67 - - [13/Aug/2013:11:42:47 -0400] "GET /favicon.ico HTTP/1.1" 404 575 "-" "Mozilla/5.0 (Windows NT 6.2; WOW64) AppleWebKit/537.36 (KHTML, like Gecko) Chrome/28.0.1500.95 Safari/537.36"
67.243.6.67 - - [13/Aug/2013:11:42:49 -0400] "GET /index.php?p=40 HTTP/1.1" 200 16094 "http://www.chris-nlp-hall.com/index.php?p=37" "Mozilla/5.0 (Windows NT 6.2; WOW64) AppleWebKit/537.36 (KHTML, like Gecko) Chrome/28.0.1500.95 Safari/537.36"
67.243.6.67 - - [13/Aug/2013:11:42:49 -0400] "GET /urchin.js HTTP/1.1" 404 575 "http://www.chris-nlp-hall.com/index.php?p=40" "Mozilla/5.0 (Windows NT 6.2; WOW64) AppleWebKit/537.36 (KHTML, like Gecko) Chrome/28.0.1500.95 Safari/537.36"
67.243.6.67 - - [13/Aug/2013:11:42:49 -0400] "GET /favicon.ico HTTP/1.1" 404 575 "-" "Mozilla/5.0 (Windows NT 6.2; WOW64) AppleWebKit/537.36 (KHTML, like Gecko) Chrome/28.0.1500.95 Safari/537.36"
67.243.6.67 - - [13/Aug/2013:11:42:51 -0400] "GET /index.php?p=1 HTTP/1.1" 200 6136 "http://www.chris-nlp-hall.com/index.php?p=40" "Mozilla/5.0 (Windows NT 6.2; WOW64) AppleWebKit/537.36 (KHTML, like Gecko) Chrome/28.0.1500.95 Safari/537.36"
67.243.6.67 - - [13/Aug/2013:11:42:51 -0400] "GET /urchin.js HTTP/1.1" 404 575 "http://www.chris-nlp-hall.com/index.php?p=1" "Mozilla/5.0 (Windows NT 6.2; WOW64) AppleWebKit/537.36 (KHTML, like Gecko) Chrome/28.0.1500.95 Safari/537.36"
67.243.6.67 - - [13/Aug/2013:11:42:51 -0400] "GET /favicon.ico HTTP/1.1" 404 575 "-" "Mozilla/5.0 (Windows NT 6.2; WOW64) AppleWebKit/537.36 (KHTML, like Gecko) Chrome/28.0.1500.95 Safari/537.36"
67.243.6.67 - - [13/Aug/2013:11:42:53 -0400] "GET /index.php?p=41 HTTP/1.1" 200 9960 "http://www.chris-nlp-hall.com/index.php?p=1" "Mozilla/5.0 (Windows NT 6.2; WOW64) AppleWebKit/537.36 (KHTML, like Gecko) Chrome/28.0.1500.95 Safari/537.36"
67.243.6.67 - - [13/Aug/2013:11:42:53 -0400] "GET /urchin.js HTTP/1.1" 404 575 "http://www.chris-nlp-hall.com/index.php?p=41" "Mozilla/5.0 (Windows NT 6.2; WOW64) AppleWebKit/537.36 (KHTML, like Gecko) Chrome/28.0.1500.95 Safari/537.36"
67.243.6.67 - - [13/Aug/2013:11:42:53 -0400] "GET /favicon.ico HTTP/1.1" 404 575 "-" "Mozilla/5.0 (Windows NT 6.2; WOW64) AppleWebKit/537.36 (KHTML, like Gecko) Chrome/28.0.1500.95 Safari/537.36"
67.243.6.67 - - [13/Aug/2013:11:51:19 -0400] "GET /favicon.ico HTTP/1.1" 404 575 "-" "Mozilla/5.0 (Windows NT 6.2; WOW64) AppleWebKit/537.36 (KHTML, like Gecko) Chrome/28.0.1500.95 Safari/537.36"
67.243.6.67 - - [13/Aug/2013:11:51:22 -0400] "GET /favicon.ico HTTP/1.1" 404 575 "-" "Mozilla/5.0 (Windows NT 6.2; WOW64) AppleWebKit/537.36 (KHTML, like Gecko) Chrome/28.0.1500.95 Safari/537.36"
67.243.6.67 - - [13/Aug/2013:11:51:22 -0400] "GET /favicon.ico HTTP/1.1" 404 575 "-" "Mozilla/5.0 (Windows NT 6.2; WOW64) AppleWebKit/537.36 (KHTML, like Gecko) Chrome/28.0.1500.95 Safari/537.36"
67.243.6.67 - - [13/Aug/2013:11:51:23 -0400] "GET /favicon.ico HTTP/1.1" 404 575 "-" "Mozilla/5.0 (Windows NT 6.2; WOW64) AppleWebKit/537.36 (KHTML, like Gecko) Chrome/28.0.1500.95 Safari/537.36"
67.243.6.67 - - [13/Aug/2013:11:51:24 -0400] "GET /favicon.ico HTTP/1.1" 404 575 "-" "Mozilla/5.0 (Windows NT 6.2; WOW64) AppleWebKit/537.36 (KHTML, like Gecko) Chrome/28.0.1500.95 Safari/537.36"
67.243.6.67 - - [13/Aug/2013:11:51:25 -0400] "GET /favicon.ico HTTP/1.1" 404 575 "-" "Mozilla/5.0 (Windows NT 6.2; WOW64) AppleWebKit/537.36 (KHTML, like Gecko) Chrome/28.0.1500.95 Safari/537.36"
67.243.6.67 - - [13/Aug/2013:11:51:25 -0400] "GET /favicon.ico HTTP/1.1" 404 575 "-" "Mozilla/5.0 (Windows NT 6.2; WOW64) AppleWebKit/537.36 (KHTML, like Gecko) Chrome/28.0.1500.95 Safari/537.36"
67.243.6.67 - - [13/Aug/2013:11:51:27 -0400] "GET /favicon.ico HTTP/1.1" 404 575 "-" "Mozilla/5.0 (Windows NT 6.2; WOW64) AppleWebKit/537.36 (KHTML, like Gecko) Chrome/28.0.1500.95 Safari/537.36"
67.243.6.67 - - [13/Aug/2013:11:51:29 -0400] "GET /index.php?p=48 HTTP/1.1" 200 7742 "http://www.chris-nlp-hall.com/index.php?p=48" "Mozilla/5.0 (Windows NT 6.2; WOW64) AppleWebKit/537.36 (KHTML, like Gecko) Chrome/28.0.1500.95 Safari/537.36"
84.211.95.131 - - [13/Aug/2013:16:36:30 -0400] "GET /galleries/images/icon2_email.gif HTTP/1.1" 200 613 "http://www.chris-nlp-hall.com/index.php?p=66" "Mozilla/5.0 (iPad; CPU OS 6_1_3 like Mac OS X) AppleWebKit/536.26 (KHTML, like Gecko) Version/6.0 Mobile/10B329 Safari/8536.25"
84.211.95.131 - - [13/Aug/2013:16:36:30 -0400] "GET /galleries/images/ctl_schweitzer_corinne.jpg HTTP/1.1" 200 3205 "http://www.chris-nlp-hall.com/index.php?p=66" "Mozilla/5.0 (iPad; CPU OS 6_1_3 like Mac OS X) AppleWebKit/536.26 (KHTML, like Gecko) Version/6.0 Mobile/10B329 Safari/8536.25"
84.211.95.131 - - [13/Aug/2013:16:36:31 -0400] "GET /galleries/images/ctl_widler_esther.jpg HTTP/1.1" 200 3182 "http://www.chris-nlp-hall.com/index.php?p=66" "Mozilla/5.0 (iPad; CPU OS 6_1_3 like Mac OS X) AppleWebKit/536.26 (KHTML, like Gecko) Version/6.0 Mobile/10B329 Safari/8536.25"
84.211.95.131 - - [13/Aug/2013:16:36:31 -0400] "GET /styles/hd_02_02.gif HTTP/1.1" 200 9351 "http://www.chris-nlp-hall.com/index.php?p=66" "Mozilla/5.0 (iPad; CPU OS 6_1_3 like Mac OS X) AppleWebKit/536.26 (KHTML, like Gecko) Version/6.0 Mobile/10B329 Safari/8536.25"
115.236.96.145 - - [13/Aug/2013:08:16:43 -0400] "GET /robots.txt HTTP/1.1" 404 575 "http://www.chris-nlp-hall.com/" "Mozilla/5.0 (compatible; MSIE 8.0; Windows NT 6.1)"
81.152.173.207 - - [13/Aug/2013:09:15:31 -0400] "GET /urchin.js HTTP/1.1" 404 575 "http://www.chris-nlp-hall.com/index.php?p=37" "Mozilla/5.0 (Windows NT 6.1; WOW64; rv:22.0) Gecko/20100101 Firefox/22.0"
31.164.3.175 - - [13/Aug/2013:15:13:22 -0400] "GET /index.php?p=41 HTTP/1.1" 200 9960 "-" "Mozilla/5.0 (Windows NT 6.1; rv:23.0) Gecko/20100101 Firefox/23.0"
31.164.3.175 - - [13/Aug/2013:15:13:23 -0400] "GET /styles/basic.css HTTP/1.1" 200 5091 "http://www.chris-nlp-hall.com/index.php?p=41" "Mozilla/5.0 (Windows NT 6.1; rv:23.0) Gecko/20100101 Firefox/23.0"
31.164.3.175 - - [13/Aug/2013:15:13:23 -0400] "GET /styles/chris.css HTTP/1.1" 200 1641 "http://www.chris-nlp-hall.com/index.php?p=41" "Mozilla/5.0 (Windows NT 6.1; rv:23.0) Gecko/20100101 Firefox/23.0"
31.164.3.175 - - [13/Aug/2013:15:13:23 -0400] "GET /styles/almost_white.gif HTTP/1.1" 200 73 "http://www.chris-nlp-hall.com/index.php?p=41" "Mozilla/5.0 (Windows NT 6.1; rv:23.0) Gecko/20100101 Firefox/23.0"
31.164.3.175 - - [13/Aug/2013:15:13:24 -0400] "GET /styles/hd_01_01.gif HTTP/1.1" 200 1035 "http://www.chris-nlp-hall.com/styles/basic.css" "Mozilla/5.0 (Windows NT 6.1; rv:23.0) Gecko/20100101 Firefox/23.0"
173.236.21.106 - - [13/Aug/2013:16:15:57 -0400] "GET /index.php?p=41 HTTP/1.0" 200 9960 "-" "Mozilla/5.0 (compatible; MJ12bot/v1.4.3; http://www.majestic12.co.uk/bot.php?+)"
91.207.9.226 - - [13/Aug/2013:16:17:46 -0400] "GET / HTTP/1.1" 200 6136 "http://clubsovetov.ru/" "Mozilla/4.76 [en] (Windows NT 5.0; U)"
86.184.226.46 - - [13/Aug/2013:23:00:25 -0400] "GET /galleries/docs/Press%20release.pdf HTTP/1.1" 200 103129 "http://www.google.com/search?client=ms-rim&hl=en&q=best%20self%20empowering%20documentaries&ie=UTF-8&oe=UTF-8&channel=browser" "Mozilla/5.0 (BlackBerry; U; BlackBerry 9900; en-GB) AppleWebKit/534.11+ (KHTML, like Gecko) Version/7.1.0.714 Mobile Safari/534.11+"
208.167.230.3 - - [13/Aug/2013:23:10:48 -0400] "GET /index.php?p=48 HTTP/1.1" 200 7742 "-" "Mozilla/5.0 (compatible; AhrefsBot/4.0; +http://ahrefs.com/robot/)"
218.213.28.183 - - [13/Aug/2013:11:10:52 -0400] "GET / HTTP/1.1" 503 323 "-" "ichiro/3.0 (http://search.goo.ne.jp/option/use/sub4/sub4-1/)"
31.164.3.175 - - [13/Aug/2013:15:13:24 -0400] "GET /styles/hd_02_02.gif HTTP/1.1" 200 9351 "http://www.chris-nlp-hall.com/styles/basic.css" "Mozilla/5.0 (Windows NT 6.1; rv:23.0) Gecko/20100101 Firefox/23.0"
31.164.3.175 - - [13/Aug/2013:15:42:12 -0400] "GET /index.php?p=50 HTTP/1.1" 200 4380 "http://www.chris-nlp-hall.com/index.php?p=40" "Mozilla/5.0 (Windows NT 6.1; rv:23.0) Gecko/20100101 Firefox/23.0"
157.55.34.26 - - [13/Aug/2013:16:34:17 -0400] "GET /robots.txt HTTP/1.1" 404 575 "-" "Mozilla/5.0 (compatible; bingbot/2.0; +http://www.bing.com/bingbot.htm)"
84.211.95.131 - - [13/Aug/2013:16:36:28 -0400] "GET /index.php?p=66 HTTP/1.1" 200 29092 "-" "Mozilla/5.0 (iPad; CPU OS 6_1_3 like Mac OS X) AppleWebKit/536.26 (KHTML, like Gecko) Version/6.0 Mobile/10B329 Safari/8536.25"
84.211.95.131 - - [13/Aug/2013:16:36:30 -0400] "GET /galleries/images/ctl_roesli_luc.jpg HTTP/1.1" 200 2532 "http://www.chris-nlp-hall.com/index.php?p=66" "Mozilla/5.0 (iPad; CPU OS 6_1_3 like Mac OS X) AppleWebKit/536.26 (KHTML, like Gecko) Version/6.0 Mobile/10B329 Safari/8536.25"
84.211.95.131 - - [13/Aug/2013:16:36:30 -0400] "GET /galleries/images/empty.gif HTTP/1.1" 200 43 "http://www.chris-nlp-hall.com/index.php?p=66" "Mozilla/5.0 (iPad; CPU OS 6_1_3 like Mac OS X) AppleWebKit/536.26 (KHTML, like Gecko) Version/6.0 Mobile/10B329 Safari/8536.25"
84.211.95.131 - - [13/Aug/2013:16:36:30 -0400] "GET /galleries/images/ctl_streuli_karin.jpg HTTP/1.1" 200 4238 "http://www.chris-nlp-hall.com/index.php?p=66" "Mozilla/5.0 (iPad; CPU OS 6_1_3 like Mac OS X) AppleWebKit/536.26 (KHTML, like Gecko) Version/6.0 Mobile/10B329 Safari/8536.25"
84.211.95.131 - - [13/Aug/2013:16:36:30 -0400] "GET /galleries/images/ctl_perri_anne-marie.jpg HTTP/1.1" 200 3189 "http://www.chris-nlp-hall.com/index.php?p=66" "Mozilla/5.0 (iPad; CPU OS 6_1_3 like Mac OS X) AppleWebKit/536.26 (KHTML, like Gecko) Version/6.0 Mobile/10B329 Safari/8536.25"
84.211.95.131 - - [13/Aug/2013:16:36:30 -0400] "GET /styles/hd_04_01.jpg HTTP/1.1" 200 33075 "http://www.chris-nlp-hall.com/index.php?p=66" "Mozilla/5.0 (iPad; CPU OS 6_1_3 like Mac OS X) AppleWebKit/536.26 (KHTML, like Gecko) Version/6.0 Mobile/10B329 Safari/8536.25"
176.31.14.31 - - [13/Aug/2013:17:54:48 -0400] "GET /index.php?p=44 HTTP/1.1" 200 16135 "-" "Mozilla/4.0 (compatible; MSIE 8.0; Windows NT 6.1; en) Opera 10.62"
94.97.110.236 - - [13/Aug/2013:03:43:46 -0400] "GET /index.php?p=41 HTTP/1.1" 200 9960 "http://www.chris-nlp-hall.com/index.php?p=41" "Mozilla/5.0 (Windows NT 5.1) AppleWebKit/537.36 (KHTML, like Gecko) Chrome/28.0.1500.95 Safari/537.36"
94.97.110.236 - - [13/Aug/2013:03:43:48 -0400] "GET /urchin.js HTTP/1.1" 404 575 "http://www.chris-nlp-hall.com/index.php?p=41" "Mozilla/5.0 (Windows NT 5.1) AppleWebKit/537.36 (KHTML, like Gecko) Chrome/28.0.1500.95 Safari/537.36"
94.97.110.236 - - [13/Aug/2013:03:43:49 -0400] "GET /favicon.ico HTTP/1.1" 404 575 "-" "Mozilla/5.0 (Windows NT 5.1) AppleWebKit/537.36 (KHTML, like Gecko) Chrome/28.0.1500.95 Safari/537.36"
91.17.180.239 - - [13/Aug/2013:04:35:24 -0400] "GET /styles/basic.css HTTP/1.1" 200 5091 "http://www.chris-nlp-hall.com/index.php?p=61" "Mozilla/5.0 (Macintosh; Intel Mac OS X 10_8_4) AppleWebKit/536.30.1 (KHTML, like Gecko) Version/6.0.5 Safari/536.30.1"
91.17.180.239 - - [13/Aug/2013:04:35:24 -0400] "GET /galleries/images/ctl_vanhoorn_joerg.jpg HTTP/1.1" 200 3202 "http://www.chris-nlp-hall.com/index.php?p=61" "Mozilla/5.0 (Macintosh; Intel Mac OS X 10_8_4) AppleWebKit/536.30.1 (KHTML, like Gecko) Version/6.0.5 Safari/536.30.1"
91.17.180.239 - - [13/Aug/2013:04:35:25 -0400] "GET /galleries/images/ctl_kless_gerhard.jpg HTTP/1.1" 200 3271 "http://www.chris-nlp-hall.com/index.php?p=61" "Mozilla/5.0 (Macintosh; Intel Mac OS X 10_8_4) AppleWebKit/536.30.1 (KHTML, like Gecko) Version/6.0.5 Safari/536.30.1"
91.17.180.239 - - [13/Aug/2013:04:35:25 -0400] "GET /galleries/images/ctl_huber_michi.jpg HTTP/1.1" 200 8416 "http://www.chris-nlp-hall.com/index.php?p=61" "Mozilla/5.0 (Macintosh; Intel Mac OS X 10_8_4) AppleWebKit/536.30.1 (KHTML, like Gecko) Version/6.0.5 Safari/536.30.1"
91.17.180.239 - - [13/Aug/2013:04:35:25 -0400] "GET /galleries/images/ctl_waegele_christian.jpg HTTP/1.1" 200 3531 "http://www.chris-nlp-hall.com/index.php?p=61" "Mozilla/5.0 (Macintosh; Intel Mac OS X 10_8_4) AppleWebKit/536.30.1 (KHTML, like Gecko) Version/6.0.5 Safari/536.30.1"
46.119.118.152 - - [13/Aug/2013:07:03:13 -0400] "GET / HTTP/1.1" 200 6136 "http://www.bravica.info/ru/" "Mozilla/4.0 (compatible; MSIE 6.0; MSIE 5.5; Windows NT 4.0) Opera 7.0 [en]"
66.249.75.133 - - [13/Aug/2013:07:50:27 -0400] "GET /galleries/images/li.gif HTTP/1.1" 200 359 "-" "Mozilla/5.0 (compatible; Googlebot/2.1; +http://www.google.com/bot.html)"
66.249.72.133 - - [13/Aug/2013:21:48:52 -0400] "GET / HTTP/1.1" 200 6136 "-" "Mozilla/5.0 (iPhone; U; CPU iPhone OS 4_1 like Mac OS X; en-us) AppleWebKit/532.9 (KHTML, like Gecko) Version/4.0.5 Mobile/8B117 Safari/6531.22.7 (compatible; Googlebot-Mobile/2.1; +http://www.google.com/bot.html)"
66.249.85.105 - - [13/Aug/2013:17:05:26 -0400] "GET /index.php?p=37 HTTP/1.1" 200 7777 "http://www.google.com/search" "Mozilla/5.0 (X11; Linux x86_64) AppleWebKit/537.4 (KHTML, like Gecko; Google Web Preview) Chrome/22.0.1229 Safari/537.4"
66.249.85.105 - - [13/Aug/2013:17:05:33 -0400] "GET /urchin.js HTTP/1.1" 404 575 "http://www.chris-nlp-hall.com/index.php?p=37" "Mozilla/5.0 (X11; Linux x86_64) AppleWebKit/537.4 (KHTML, like Gecko; Google Web Preview) Chrome/22.0.1229 Safari/537.4"
66.249.75.133 - - [13/Aug/2013:08:46:08 -0400] "GET /index.php?p=48 HTTP/1.1" 200 7742 "-" "Mozilla/5.0 (compatible; Googlebot/2.1; +http://www.google.com/bot.html)"
80.254.147.52 - - [13/Aug/2013:10:45:46 -0400] "GET /index.php?p=48 HTTP/1.1" 200 7742 "http://www.google.co.uk/url?sa=t&rct=j&q=&esrc=s&frm=1&source=web&cd=7&ved=0CGIQFjAG&url=http%3A%2F%2Fwww.chris-nlp-hall.com%2Findex.php%3Fp%3D48&ei=XUYKUobSGcW1PciFgZgF&usg=AFQjCNFzam9_CPRVtfDXsp8iN_A5EmVB2g" "Mozilla/4.0 (compatible; MSIE 8.0; Windows NT 6.1; Trident/4.0; SLCC2; .NET CLR 2.0.50727; .NET CLR 3.5.30729; .NET CLR 3.0.30729; Media Center PC 6.0; Tablet PC 2.0; InfoPath.1; .NET4.0C; .NET4.0E)"
157.55.35.106 - - [13/Aug/2013:23:45:46 -0400] "GET /robots.txt HTTP/1.1" 404 575 "-" "Mozilla/5.0 (compatible; bingbot/2.0; +http://www.bing.com/bingbot.htm)"
157.56.229.23 - - [13/Aug/2013:07:53:38 -0400] "GET /index.php?p=62 HTTP/1.1" 200 4055 "-" "Mozilla/5.0 (compatible; bingbot/2.0; +http://www.bing.com/bingbot.htm)"
220.181.108.161 - - [13/Aug/2013:13:17:19 -0400] "GET /urchin.js HTTP/1.1" 404 575 "-" "Mozilla/5.0 (compatible; Baiduspider/2.0; +http://www.baidu.com/search/spider.html)"
94.97.110.236 - - [13/Aug/2013:03:33:51 -0400] "GET /styles/chris.css HTTP/1.1" 200 1641 "http://www.chris-nlp-hall.com/index.php?p=41" "Mozilla/5.0 (Windows NT 5.1) AppleWebKit/537.36 (KHTML, like Gecko) Chrome/28.0.1500.95 Safari/537.36"
94.97.110.236 - - [13/Aug/2013:03:33:51 -0400] "GET /styles/hd_02_02.gif HTTP/1.1" 200 9351 "http://www.chris-nlp-hall.com/index.php?p=41" "Mozilla/5.0 (Windows NT 5.1) AppleWebKit/537.36 (KHTML, like Gecko) Chrome/28.0.1500.95 Safari/537.36"
81.152.173.207 - - [13/Aug/2013:09:13:58 -0400] "GET /index.php?p=1 HTTP/1.1" 200 6136 "http://www.chris-nlp-hall.com/index.php?p=62" "Mozilla/5.0 (Windows NT 6.1; WOW64; rv:22.0) Gecko/20100101 Firefox/22.0"
31.164.3.175 - - [13/Aug/2013:15:13:29 -0400] "GET /favicon.ico HTTP/1.1" 404 575 "-" "Mozilla/5.0 (Windows NT 6.1; rv:23.0) Gecko/20100101 Firefox/23.0"
157.55.34.26 - - [13/Aug/2013:16:49:15 -0400] "GET /index.php?p=66+ HTTP/1.1" 200 29101 "-" "Mozilla/5.0 (compatible; bingbot/2.0; +http://www.bing.com/bingbot.htm)"
66.249.85.105 - - [13/Aug/2013:17:05:27 -0400] "GET /styles/sonlp_bg2.gif HTTP/1.1" 200 19608 "http://www.chris-nlp-hall.com/index.php?p=37" "Mozilla/5.0 (X11; Linux x86_64) AppleWebKit/537.4 (KHTML, like Gecko; Google Web Preview) Chrome/22.0.1229 Safari/537.4"
46.119.118.152 - - [13/Aug/2013:07:03:12 -0400] "GET / HTTP/1.1" 200 6136 "http://www.bravica.info/ru/" "Mozilla/4.0 (compatible; MSIE 6.0; MSIE 5.5; Windows NT 4.0) Opera 7.0 [en]"
65.55.213.41 - - [13/Aug/2013:10:50:21 -0400] "GET /galleries/docs/Summary%20of%20Legal%20Proceedings.pdf HTTP/1.1" 200 146997 "-" "Mozilla/4.0 (compatible; MSIE 7.0; Windows NT 5.2; SLCC1; .NET CLR 1.1.4325)"
67.243.6.67 - - [13/Aug/2013:11:27:04 -0400] "GET /urchin.js HTTP/1.1" 404 575 "http://www.chris-nlp-hall.com/" "Mozilla/5.0 (Windows NT 6.2; WOW64) AppleWebKit/537.36 (KHTML, like Gecko) Chrome/28.0.1500.95 Safari/537.36"
67.243.6.67 - - [13/Aug/2013:11:27:04 -0400] "GET /styles/hd_01_01.gif HTTP/1.1" 200 1035 "http://www.chris-nlp-hall.com/" "Mozilla/5.0 (Windows NT 6.2; WOW64) AppleWebKit/537.36 (KHTML, like Gecko) Chrome/28.0.1500.95 Safari/537.36"
67.243.6.67 - - [13/Aug/2013:11:27:04 -0400] "GET /styles/sonlp_bg2.gif HTTP/1.1" 200 19608 "http://www.chris-nlp-hall.com/" "Mozilla/5.0 (Windows NT 6.2; WOW64) AppleWebKit/537.36 (KHTML, like Gecko) Chrome/28.0.1500.95 Safari/537.36"
67.243.6.67 - - [13/Aug/2013:11:54:12 -0400] "GET /index.php?p=42 HTTP/1.1" 200 3851 "http://www.chris-nlp-hall.com/index.php?p=41" "Mozilla/5.0 (Windows NT 6.2; WOW64) AppleWebKit/537.36 (KHTML, like Gecko) Chrome/28.0.1500.95 Safari/537.36"
67.243.6.67 - - [13/Aug/2013:11:54:13 -0400] "GET /urchin.js HTTP/1.1" 404 575 "http://www.chris-nlp-hall.com/index.php?p=42" "Mozilla/5.0 (Windows NT 6.2; WOW64) AppleWebKit/537.36 (KHTML, like Gecko) Chrome/28.0.1500.95 Safari/537.36"
67.243.6.67 - - [13/Aug/2013:11:54:13 -0400] "GET /favicon.ico HTTP/1.1" 404 575 "-" "Mozilla/5.0 (Windows NT 6.2; WOW64) AppleWebKit/537.36 (KHTML, like Gecko) Chrome/28.0.1500.95 Safari/537.36"
67.243.6.67 - - [13/Aug/2013:11:54:15 -0400] "GET /index.php?p=41 HTTP/1.1" 200 9960 "http://www.chris-nlp-hall.com/index.php?p=42" "Mozilla/5.0 (Windows NT 6.2; WOW64) AppleWebKit/537.36 (KHTML, like Gecko) Chrome/28.0.1500.95 Safari/537.36"
67.243.6.67 - - [13/Aug/2013:11:54:15 -0400] "GET /urchin.js HTTP/1.1" 404 575 "http://www.chris-nlp-hall.com/index.php?p=41" "Mozilla/5.0 (Windows NT 6.2; WOW64) AppleWebKit/537.36 (KHTML, like Gecko) Chrome/28.0.1500.95 Safari/537.36"
67.243.6.67 - - [13/Aug/2013:11:54:15 -0400] "GET /favicon.ico HTTP/1.1" 404 575 "-" "Mozilla/5.0 (Windows NT 6.2; WOW64) AppleWebKit/537.36 (KHTML, like Gecko) Chrome/28.0.1500.95 Safari/537.36"
193.252.149.13 - - [13/Aug/2013:13:11:56 -0400] "GET /index.php?p=61?3e3ea140 HTTP/1.1" 200 3491 "-" "Mozilla/5.0 (Windows; U; Windows NT 5.1; fr; rv:1.8.1) VoilaBot BETA 1.2 (support.voilabot@orange-ftgroup.com)"
46.229.164.99 - - [13/Aug/2013:05:23:48 -0400] "GET /index.php?p=41 HTTP/1.1" 200 9960 "-" "Mozilla/5.0 (compatible; SemrushBot/0.96.4; +http://www.semrush.com/bot.html)"
157.56.93.37 - - [13/Aug/2013:16:47:46 -0400] "GET /index.php?p=66 HTTP/1.1" 200 29092 "-" "Mozilla/5.0 (compatible; bingbot/2.0; +http://www.bing.com/bingbot.htm)"
46.119.118.152 - - [13/Aug/2013:03:07:27 -0400] "GET / HTTP/1.1" 200 6136 "http://cleaning-uborka.ru/" "Mozilla/4.0 (compatible; MSIE 6.0; MSIE 5.5; Windows NT 4.0) Opera 7.0 [en]"
77.75.77.36 - - [13/Aug/2013:21:32:20 -0400] "GET /robots.txt HTTP/1.1" 404 575 "-" "SeznamBot/3.0 (+http://fulltext.sblog.cz/)"
77.75.77.36 - - [13/Aug/2013:21:32:21 -0400] "GET /index.php?p=37 HTTP/1.1" 200 7777 "-" "SeznamBot/3.0 (+http://fulltext.sblog.cz/)"
81.152.173.207 - - [13/Aug/2013:09:29:01 -0400] "GET / HTTP/1.1" 200 6136 "http://www.beyondbeliefthemovie.com/experts.html" "Mozilla/5.0 (Windows NT 6.1; WOW64; rv:22.0) Gecko/20100101 Firefox/22.0"
67.243.6.67 - - [13/Aug/2013:11:29:19 -0400] "GET /galleries/images/icon2_phone.gif HTTP/1.1" 200 574 "http://www.chris-nlp-hall.com/index.php?p=70" "Mozilla/5.0 (Windows NT 6.2; WOW64) AppleWebKit/537.36 (KHTML, like Gecko) Chrome/28.0.1500.95 Safari/537.36"
157.55.35.106 - - [13/Aug/2013:21:41:47 -0400] "GET / HTTP/1.1" 200 6136 "-" "Mozilla/5.0 (compatible; bingbot/2.0; +http://www.bing.com/bingbot.htm)"
220.181.89.178 - - [13/Aug/2013:22:13:21 -0400] "GET / HTTP/1.1" 200 6136 "-" "Sogou web spider/4.0(+http://www.sogou.com/docs/help/webmasters.htm#07)"
66.249.75.22 - - [13/Aug/2013:08:10:20 -0400] "GET /robots.txt HTTP/1.1" 404 575 "-" "Mozilla/5.0 (compatible; Googlebot/2.1; +http://www.google.com/bot.html)"
109.206.181.134 - - [13/Aug/2013:14:27:22 -0400] "GET /index.php?p=37 HTTP/1.1" 200 7777 "-" "Mozilla/5.0 (X11; U; Linux x86_64; en-US; rv:1.9.2a1pre) Gecko/20090405 Firefox/3.6a1pre"
78.158.11.226 - - [13/Aug/2013:04:17:22 -0400] "GET / HTTP/1.1" 200 6136 "http://evuln.com/tools/malware-scanner/chrisnlphall.com/" "Lynx/2.8.5rel.1 libwww-FM/2.15FC SSL-MM/1.4.1c OpenSSL/0.9.7e-dev"
176.57.143.89 - - [13/Aug/2013:02:40:39 -0400] "GET /index.php?p=37 HTTP/1.1" 200 7777 "-" "Mozilla/5.0 (X11; Linux i686; rv:6.0) Gecko/20100101 Firefox/6.0"
81.152.173.207 - - [13/Aug/2013:09:10:09 -0400] "GET /index.php?p=49 HTTP/1.1" 200 16097 "http://www.google.co.uk/url?sa=t&rct=j&q=&esrc=s&source=web&cd=6&ved=0CFUQFjAF&url=http%3A%2F%2Fwww.chris-nlp-hall.com%2Findex.php%3Fp%3D49&ei=fC8KUt33N8WrO6v6gYgH&usg=AFQjCNFiVeiFux_rlgSaj6evfHFLx5ct0g&sig2=D_Sv9bSS61jZg-5yJwls6g&bvm=bv.50500085,d.ZWU" "Mozilla/5.0 (Windows NT 6.1; WOW64; rv:22.0) Gecko/20100101 Firefox/22.0"
81.152.173.207 - - [13/Aug/2013:09:10:10 -0400] "GET /styles/basic.css HTTP/1.1" 200 5091 "http://www.chris-nlp-hall.com/index.php?p=49" "Mozilla/5.0 (Windows NT 6.1; WOW64; rv:22.0) Gecko/20100101 Firefox/22.0"
81.152.173.207 - - [13/Aug/2013:09:10:10 -0400] "GET /urchin.js HTTP/1.1" 404 575 "http://www.chris-nlp-hall.com/index.php?p=49" "Mozilla/5.0 (Windows NT 6.1; WOW64; rv:22.0) Gecko/20100101 Firefox/22.0"
81.152.173.207 - - [13/Aug/2013:09:10:10 -0400] "GET /styles/hd_03_01.gif HTTP/1.1" 200 3660 "http://www.chris-nlp-hall.com/styles/basic.css" "Mozilla/5.0 (Windows NT 6.1; WOW64; rv:22.0) Gecko/20100101 Firefox/22.0"
91.207.9.226 - - [13/Aug/2013:16:17:47 -0400] "GET / HTTP/1.1" 200 6136 "http://clubsovetov.ru/" "Mozilla/4.76 [en] (Windows NT 5.0; U)"
176.31.14.31 - - [13/Aug/2013:17:54:50 -0400] "GET /index.php?p=41 HTTP/1.1" 200 9960 "-" "Opera/9.80 (Macintosh; Intel Mac OS X 10.6.7; U; en) Presto/2.8.131 Version/11.10"
157.55.35.101 - - [13/Aug/2013:05:05:43 -0400] "GET /index.php?p=37 HTTP/1.1" 200 7777 "-" "Mozilla/5.0 (compatible; bingbot/2.0; +http://www.bing.com/bingbot.htm)"
66.249.75.133 - - [13/Aug/2013:05:29:11 -0400] "GET /index.php?p=39 HTTP/1.1" 200 4377 "-" "DoCoMo/2.0 N905i(c100;TB;W24H16) (compatible; Googlebot-Mobile/2.1; +http://www.google.com/bot.html)"
208.167.230.3 - - [13/Aug/2013:01:55:18 -0400] "GET /index.php?p=44 HTTP/1.1" 200 16135 "-" "Mozilla/5.0 (compatible; AhrefsBot/4.0; +http://ahrefs.com/robot/)"
67.243.6.67 - - [13/Aug/2013:11:27:24 -0400] "GET /index.php?p=41 HTTP/1.1" 200 9960 "http://www.chris-nlp-hall.com/index.php?p=37" "Mozilla/5.0 (Windows NT 6.2; WOW64) AppleWebKit/537.36 (KHTML, like Gecko) Chrome/28.0.1500.95 Safari/537.36"
67.243.6.67 - - [13/Aug/2013:11:27:25 -0400] "GET /urchin.js HTTP/1.1" 404 575 "http://www.chris-nlp-hall.com/index.php?p=41" "Mozilla/5.0 (Windows NT 6.2; WOW64) AppleWebKit/537.36 (KHTML, like Gecko) Chrome/28.0.1500.95 Safari/537.36"
67.243.6.67 - - [13/Aug/2013:11:27:25 -0400] "GET /favicon.ico HTTP/1.1" 404 575 "-" "Mozilla/5.0 (Windows NT 6.2; WOW64) AppleWebKit/537.36 (KHTML, like Gecko) Chrome/28.0.1500.95 Safari/537.36"
67.243.6.67 - - [13/Aug/2013:11:28:52 -0400] "GET /index.php?p=37 HTTP/1.1" 200 7777 "http://www.chris-nlp-hall.com/index.php?p=1" "Mozilla/5.0 (Windows NT 6.2; WOW64) AppleWebKit/537.36 (KHTML, like Gecko) Chrome/28.0.1500.95 Safari/537.36"
67.243.6.67 - - [13/Aug/2013:11:28:54 -0400] "GET /urchin.js HTTP/1.1" 404 575 "http://www.chris-nlp-hall.com/index.php?p=37" "Mozilla/5.0 (Windows NT 6.2; WOW64) AppleWebKit/537.36 (KHTML, like Gecko) Chrome/28.0.1500.95 Safari/537.36"
67.243.6.67 - - [13/Aug/2013:11:28:54 -0400] "GET /favicon.ico HTTP/1.1" 404 575 "-" "Mozilla/5.0 (Windows NT 6.2; WOW64) AppleWebKit/537.36 (KHTML, like Gecko) Chrome/28.0.1500.95 Safari/537.36"
67.243.6.67 - - [13/Aug/2013:11:53:09 -0400] "GET /index.php?p=48 HTTP/1.1" 200 7742 "http://www.chris-nlp-hall.com/index.php?p=48" "Mozilla/5.0 (Windows NT 6.2; WOW64) AppleWebKit/537.36 (KHTML, like Gecko) Chrome/28.0.1500.95 Safari/537.36"
67.243.6.67 - - [13/Aug/2013:11:53:11 -0400] "GET /urchin.js HTTP/1.1" 404 575 "http://www.chris-nlp-hall.com/index.php?p=48" "Mozilla/5.0 (Windows NT 6.2; WOW64) AppleWebKit/537.36 (KHTML, like Gecko) Chrome/28.0.1500.95 Safari/537.36"
67.243.6.67 - - [13/Aug/2013:11:53:11 -0400] "GET /favicon.ico HTTP/1.1" 404 575 "-" "Mozilla/5.0 (Windows NT 6.2; WOW64) AppleWebKit/537.36 (KHTML, like Gecko) Chrome/28.0.1500.95 Safari/537.36"
67.243.6.67 - - [13/Aug/2013:11:53:11 -0400] "GET /index.php?p=41 HTTP/1.1" 200 9960 "http://www.chris-nlp-hall.com/index.php?p=48" "Mozilla/5.0 (Windows NT 6.2; WOW64) AppleWebKit/537.36 (KHTML, like Gecko) Chrome/28.0.1500.95 Safari/537.36"
67.243.6.67 - - [13/Aug/2013:11:53:13 -0400] "GET /urchin.js HTTP/1.1" 404 575 "http://www.chris-nlp-hall.com/index.php?p=41" "Mozilla/5.0 (Windows NT 6.2; WOW64) AppleWebKit/537.36 (KHTML, like Gecko) Chrome/28.0.1500.95 Safari/537.36"
67.243.6.67 - - [13/Aug/2013:11:53:13 -0400] "GET /favicon.ico HTTP/1.1" 404 575 "-" "Mozilla/5.0 (Windows NT 6.2; WOW64) AppleWebKit/537.36 (KHTML, like Gecko) Chrome/28.0.1500.95 Safari/537.36"
31.164.3.175 - - [13/Aug/2013:15:42:59 -0400] "GET /index.php?p=39 HTTP/1.1" 200 4377 "http://www.chris-nlp-hall.com/index.php?p=37" "Mozilla/5.0 (Windows NT 6.1; rv:23.0) Gecko/20100101 Firefox/23.0"
66.249.85.105 - - [13/Aug/2013:17:05:27 -0400] "GET /styles/hd_04_01.jpg HTTP/1.1" 200 33075 "http://www.chris-nlp-hall.com/index.php?p=37" "Mozilla/5.0 (X11; Linux x86_64) AppleWebKit/537.4 (KHTML, like Gecko; Google Web Preview) Chrome/22.0.1229 Safari/537.4"
66.249.75.133 - - [13/Aug/2013:09:32:27 -0400] "GET /index.php?p=37 HTTP/1.1" 200 7777 "-" "Mozilla/5.0 (compatible; Googlebot/2.1; +http://www.google.com/bot.html)"
67.243.6.67 - - [13/Aug/2013:11:27:04 -0400] "GET /styles/chris.css HTTP/1.1" 200 1641 "http://www.chris-nlp-hall.com/" "Mozilla/5.0 (Windows NT 6.2; WOW64) AppleWebKit/537.36 (KHTML, like Gecko) Chrome/28.0.1500.95 Safari/537.36"
67.243.6.67 - - [13/Aug/2013:11:27:04 -0400] "GET /styles/hd_02_01.gif HTTP/1.1" 200 3217 "http://www.chris-nlp-hall.com/" "Mozilla/5.0 (Windows NT 6.2; WOW64) AppleWebKit/537.36 (KHTML, like Gecko) Chrome/28.0.1500.95 Safari/537.36"
67.243.6.67 - - [13/Aug/2013:11:27:04 -0400] "GET /styles/almost_white.gif HTTP/1.1" 200 73 "http://www.chris-nlp-hall.com/" "Mozilla/5.0 (Windows NT 6.2; WOW64) AppleWebKit/537.36 (KHTML, like Gecko) Chrome/28.0.1500.95 Safari/537.36"
86.184.226.46 - - [13/Aug/2013:23:00:25 -0400] "GET /favicon.ico HTTP/1.1" 404 575 "-" "Mozilla/5.0 (BlackBerry; U; BlackBerry 9900; en-GB) AppleWebKit/534.11+ (KHTML, like Gecko) Version/7.1.0.714 Mobile Safari/534.11+"
199.30.20.129 - - [13/Aug/2013:23:10:50 -0400] "GET /galleries/images/pl.gif HTTP/1.1" 200 360 "-" "msnbot-media/1.1 (+http://search.msn.com/msnbot.htm)"
157.55.34.26 - - [13/Aug/2013:14:55:39 -0400] "GET /index.php?p=55 HTTP/1.1" 200 24160 "-" "Mozilla/5.0 (compatible; bingbot/2.0; +http://www.bing.com/bingbot.htm)"
66.249.75.5 - - [13/Aug/2013:01:32:08 -0400] "GET / HTTP/1.1" 200 6136 "-" "Mozilla/5.0 (compatible; Googlebot/2.1; +http://www.google.com/bot.html)"
50.8.177.237 - - [13/Aug/2013:05:10:12 -0400] "GET /galleries/docs/Summary%20of%20Legal%20Proceedings.pdf HTTP/1.1" 200 146997 "http://en.wikipedia.org/wiki/Neuro-linguistic_programming" "Mozilla/5.0 (iPad; CPU OS 6_1_3 like Mac OS X) AppleWebKit/536.26 (KHTML, like Gecko) Version/6.0 Mobile/10B329 Safari/8536.25"
31.164.3.175 - - [13/Aug/2013:15:14:17 -0400] "GET /index.php?p=41 HTTP/1.1" 200 9960 "http://www.chris-nlp-hall.com/index.php?p=41" "Mozilla/5.0 (Windows NT 6.1; rv:23.0) Gecko/20100101 Firefox/23.0"
31.164.3.175 - - [13/Aug/2013:15:14:19 -0400] "GET /styles/sonlp_bg2.gif HTTP/1.1" 200 19608 "http://www.chris-nlp-hall.com/styles/basic.css" "Mozilla/5.0 (Windows NT 6.1; rv:23.0) Gecko/20100101 Firefox/23.0"
31.164.3.175 - - [13/Aug/2013:15:25:15 -0400] "GET /index.php?p=1 HTTP/1.1" 200 6136 "http://www.chris-nlp-hall.com/index.php?p=41" "Mozilla/5.0 (Windows NT 6.1; rv:23.0) Gecko/20100101 Firefox/23.0"
31.164.3.175 - - [13/Aug/2013:15:25:18 -0400] "GET /galleries/images/lotus_small.jpg HTTP/1.1" 200 1988 "http://www.chris-nlp-hall.com/index.php?p=1" "Mozilla/5.0 (Windows NT 6.1; rv:23.0) Gecko/20100101 Firefox/23.0"
81.7.59.53 - - [13/Aug/2013:02:40:39 -0400] "GET / HTTP/1.1" 200 6136 "-" "Mozilla/5.0 (X11; Linux i686; rv:6.0) Gecko/20100101 Firefox/6.0"
157.56.229.23 - - [13/Aug/2013:12:17:49 -0400] "GET /galleries/docs/working_from_the_heart_rapport.pdf HTTP/1.1" 200 136950 "-" "Mozilla/5.0 (compatible; bingbot/2.0; +http://www.bing.com/bingbot.htm)"
192.96.204.42 - - [13/Aug/2013:09:18:08 -0400] "GET / HTTP/1.0" 200 6136 "-" "Mozilla/4.0 (compatible; MSIE 5.5; Windows NT)"
67.243.6.67 - - [13/Aug/2013:11:51:42 -0400] "GET /index.php?p=39 HTTP/1.1" 200 4377 "http://www.chris-nlp-hall.com/index.php?p=71" "Mozilla/5.0 (Windows NT 6.2; WOW64) AppleWebKit/537.36 (KHTML, like Gecko) Chrome/28.0.1500.95 Safari/537.36"
67.243.6.67 - - [13/Aug/2013:11:51:43 -0400] "GET /urchin.js HTTP/1.1" 404 575 "http://www.chris-nlp-hall.com/index.php?p=39" "Mozilla/5.0 (Windows NT 6.2; WOW64) AppleWebKit/537.36 (KHTML, like Gecko) Chrome/28.0.1500.95 Safari/537.36"
67.243.6.67 - - [13/Aug/2013:11:51:43 -0400] "GET /favicon.ico HTTP/1.1" 404 575 "-" "Mozilla/5.0 (Windows NT 6.2; WOW64) AppleWebKit/537.36 (KHTML, like Gecko) Chrome/28.0.1500.95 Safari/537.36"
66.249.85.232 - - [13/Aug/2013:16:52:51 -0400] "GET /galleries/images/chris_hall_2012.jpg HTTP/1.1" 200 33187 "http://kootation.com/model-christina-hall.html" "Mozilla/5.0 (X11; Linux x86_64) AppleWebKit/537.4 (KHTML, like Gecko; Google Web Preview) Chrome/22.0.1229 Safari/537.4"
94.97.110.236 - - [13/Aug/2013:03:33:52 -0400] "GET /styles/almost_white.gif HTTP/1.1" 200 73 "http://www.chris-nlp-hall.com/index.php?p=41" "Mozilla/5.0 (Windows NT 5.1) AppleWebKit/537.36 (KHTML, like Gecko) Chrome/28.0.1500.95 Safari/537.36"
208.167.230.3 - - [13/Aug/2013:00:59:42 -0400] "GET /index.php?p=62 HTTP/1.1" 200 4055 "-" "Mozilla/5.0 (compatible; AhrefsBot/4.0; +http://ahrefs.com/robot/)"
81.152.173.207 - - [13/Aug/2013:09:10:10 -0400] "GET /styles/hd_02_02.gif HTTP/1.1" 200 9351 "http://www.chris-nlp-hall.com/styles/basic.css" "Mozilla/5.0 (Windows NT 6.1; WOW64; rv:22.0) Gecko/20100101 Firefox/22.0"
81.152.173.207 - - [13/Aug/2013:09:18:15 -0400] "GET /index.php?p=74 HTTP/1.1" 200 4646 "http://www.chris-nlp-hall.com/index.php?p=39" "Mozilla/5.0 (Windows NT 6.1; WOW64; rv:22.0) Gecko/20100101 Firefox/22.0"
81.152.173.207 - - [13/Aug/2013:09:18:16 -0400] "GET /urchin.js HTTP/1.1" 404 575 "http://www.chris-nlp-hall.com/index.php?p=74" "Mozilla/5.0 (Windows NT 6.1; WOW64; rv:22.0) Gecko/20100101 Firefox/22.0"
67.243.6.67 - - [13/Aug/2013:11:27:54 -0400] "GET /index.php?p=37 HTTP/1.1" 200 7777 "https://www.google.com/" "Mozilla/5.0 (Windows NT 6.2; WOW64) AppleWebKit/537.36 (KHTML, like Gecko) Chrome/28.0.1500.95 Safari/537.36"
67.243.6.67 - - [13/Aug/2013:11:27:56 -0400] "GET /urchin.js HTTP/1.1" 404 575 "http://www.chris-nlp-hall.com/index.php?p=37" "Mozilla/5.0 (Windows NT 6.2; WOW64) AppleWebKit/537.36 (KHTML, like Gecko) Chrome/28.0.1500.95 Safari/537.36"
67.243.6.67 - - [13/Aug/2013:11:27:56 -0400] "GET /favicon.ico HTTP/1.1" 404 575 "-" "Mozilla/5.0 (Windows NT 6.2; WOW64) AppleWebKit/537.36 (KHTML, like Gecko) Chrome/28.0.1500.95 Safari/537.36"
66.249.85.105 - - [13/Aug/2013:17:05:26 -0400] "GET /galleries/images/chris_hall_2012.jpg HTTP/1.1" 200 33187 "http://www.chris-nlp-hall.com/index.php?p=37" "Mozilla/5.0 (X11; Linux x86_64) AppleWebKit/537.4 (KHTML, like Gecko; Google Web Preview) Chrome/22.0.1229 Safari/537.4"
66.249.85.105 - - [13/Aug/2013:17:05:27 -0400] "GET /styles/almost_white.gif HTTP/1.1" 200 73 "http://www.chris-nlp-hall.com/index.php?p=37" "Mozilla/5.0 (X11; Linux x86_64) AppleWebKit/537.4 (KHTML, like Gecko; Google Web Preview) Chrome/22.0.1229 Safari/537.4"
157.55.34.26 - - [13/Aug/2013:19:04:07 -0400] "GET /index.php?p=52 HTTP/1.1" 200 10795 "-" "Mozilla/5.0 (compatible; bingbot/2.0; +http://www.bing.com/bingbot.htm)"
46.119.118.152 - - [13/Aug/2013:07:03:11 -0400] "GET / HTTP/1.1" 200 6136 "http://www.bravica.info/ru/" "Mozilla/4.0 (compatible; MSIE 6.0; MSIE 5.5; Windows NT 4.0) Opera 7.0 [en]"
66.249.75.133 - - [13/Aug/2013:08:31:27 -0400] "GET /galleries/images/nl.gif HTTP/1.1" 200 360 "-" "Mozilla/5.0 (compatible; Googlebot/2.1; +http://www.google.com/bot.html)"
81.152.173.207 - - [13/Aug/2013:09:10:11 -0400] "GET /styles/almost_white.gif HTTP/1.1" 200 73 "http://www.chris-nlp-hall.com/index.php?p=49" "Mozilla/5.0 (Windows NT 6.1; WOW64; rv:22.0) Gecko/20100101 Firefox/22.0"
81.152.173.207 - - [13/Aug/2013:09:14:07 -0400] "GET /index.php?p=40 HTTP/1.1" 200 16094 "http://www.chris-nlp-hall.com/index.php?p=62" "Mozilla/5.0 (Windows NT 6.1; WOW64; rv:22.0) Gecko/20100101 Firefox/22.0"
81.152.173.207 - - [13/Aug/2013:09:14:09 -0400] "GET /urchin.js HTTP/1.1" 404 575 "http://www.chris-nlp-hall.com/index.php?p=40" "Mozilla/5.0 (Windows NT 6.1; WOW64; rv:22.0) Gecko/20100101 Firefox/22.0"
78.158.11.226 - - [13/Aug/2013:04:17:30 -0400] "GET /index.php?p=37 HTTP/1.1" 200 7777 "-" "Lynx/2.8.5rel.1 libwww-FM/2.15FC SSL-MM/1.4.1c OpenSSL/0.9.7e-dev"
220.181.89.178 - - [13/Aug/2013:22:39:44 -0400] "GET / HTTP/1.1" 200 6136 "-" "Sogou web spider/4.0(+http://www.sogou.com/docs/help/webmasters.htm#07)"
123.125.71.60 - - [13/Aug/2013:22:45:00 -0400] "GET / HTTP/1.1" 200 6136 "-" "Mozilla/5.0 (compatible; Baiduspider/2.0; +http://www.baidu.com/search/spider.html)"
67.243.6.67 - - [13/Aug/2013:12:13:25 -0400] "GET / HTTP/1.1" 200 6136 "http://www.beyondbeliefthemovie.com/experts.html" "Mozilla/5.0 (Windows NT 6.2; WOW64) AppleWebKit/537.36 (KHTML, like Gecko) Chrome/28.0.1500.95 Safari/537.36"
67.243.6.67 - - [13/Aug/2013:12:13:26 -0400] "GET /urchin.js HTTP/1.1" 404 575 "http://www.chris-nlp-hall.com/" "Mozilla/5.0 (Windows NT 6.2; WOW64) AppleWebKit/537.36 (KHTML, like Gecko) Chrome/28.0.1500.95 Safari/537.36"
67.243.6.67 - - [13/Aug/2013:12:13:26 -0400] "GET /favicon.ico HTTP/1.1" 404 575 "-" "Mozilla/5.0 (Windows NT 6.2; WOW64) AppleWebKit/537.36 (KHTML, like Gecko) Chrome/28.0.1500.95 Safari/537.36"
91.17.180.239 - - [13/Aug/2013:04:35:24 -0400] "GET /galleries/images/empty.gif HTTP/1.1" 200 43 "http://www.chris-nlp-hall.com/index.php?p=61" "Mozilla/5.0 (Macintosh; Intel Mac OS X 10_8_4) AppleWebKit/536.30.1 (KHTML, like Gecko) Version/6.0.5 Safari/536.30.1"
91.17.180.239 - - [13/Aug/2013:04:35:24 -0400] "GET /galleries/images/ctl_mossbrucker_ute.jpg HTTP/1.1" 200 3510 "http://www.chris-nlp-hall.com/index.php?p=61" "Mozilla/5.0 (Macintosh; Intel Mac OS X 10_8_4) AppleWebKit/536.30.1 (KHTML, like Gecko) Version/6.0.5 Safari/536.30.1"
91.17.180.239 - - [13/Aug/2013:04:35:25 -0400] "GET /galleries/images/ctl_gerecke_peter.jpg HTTP/1.1" 200 3652 "http://www.chris-nlp-hall.com/index.php?p=61" "Mozilla/5.0 (Macintosh; Intel Mac OS X 10_8_4) AppleWebKit/536.30.1 (KHTML, like Gecko) Version/6.0.5 Safari/536.30.1"
91.17.180.239 - - [13/Aug/2013:04:35:25 -0400] "GET /galleries/images/ctl_baumann-weiss_iris.jpg HTTP/1.1" 200 3244 "http://www.chris-nlp-hall.com/index.php?p=61" "Mozilla/5.0 (Macintosh; Intel Mac OS X 10_8_4) AppleWebKit/536.30.1 (KHTML, like Gecko) Version/6.0.5 Safari/536.30.1"
91.17.180.239 - - [13/Aug/2013:04:35:25 -0400] "GET /styles/hd_02_01.gif HTTP/1.1" 200 3217 "http://www.chris-nlp-hall.com/index.php?p=61" "Mozilla/5.0 (Macintosh; Intel Mac OS X 10_8_4) AppleWebKit/536.30.1 (KHTML, like Gecko) Version/6.0.5 Safari/536.30.1"
91.17.180.239 - - [13/Aug/2013:04:35:25 -0400] "GET /styles/sonlp_bg2.gif HTTP/1.1" 200 19608 "http://www.chris-nlp-hall.com/index.php?p=61" "Mozilla/5.0 (Macintosh; Intel Mac OS X 10_8_4) AppleWebKit/536.30.1 (KHTML, like Gecko) Version/6.0.5 Safari/536.30.1"
91.17.180.239 - - [13/Aug/2013:04:35:25 -0400] "GET /urchin.js HTTP/1.1" 404 575 "http://www.chris-nlp-hall.com/index.php?p=61" "Mozilla/5.0 (Macintosh; Intel Mac OS X 10_8_4) AppleWebKit/536.30.1 (KHTML, like Gecko) Version/6.0.5 Safari/536.30.1"
157.55.35.101 - - [13/Aug/2013:05:04:48 -0400] "GET /robots.txt HTTP/1.1" 404 575 "-" "Mozilla/5.0 (compatible; bingbot/2.0; +http://www.bing.com/bingbot.htm)"
66.249.75.133 - - [13/Aug/2013:05:04:55 -0400] "GET /robots.txt HTTP/1.1" 404 575 "-" "Mozilla/5.0 (compatible; Googlebot/2.1; +http://www.google.com/bot.html)"
96.225.77.211 - - [13/Aug/2013:09:51:34 -0400] "GET /urchin.js HTTP/1.1" 404 575 "-" "panscient.com"
67.243.6.67 - - [13/Aug/2013:11:27:43 -0400] "GET /favicon.ico HTTP/1.1" 404 575 "-" "Mozilla/5.0 (Windows NT 6.2; WOW64) AppleWebKit/537.36 (KHTML, like Gecko) Chrome/28.0.1500.95 Safari/537.36"
67.243.6.67 - - [13/Aug/2013:11:27:43 -0400] "GET /favicon.ico HTTP/1.1" 404 575 "-" "Mozilla/5.0 (Windows NT 6.2; WOW64) AppleWebKit/537.36 (KHTML, like Gecko) Chrome/28.0.1500.95 Safari/537.36"
67.243.6.67 - - [13/Aug/2013:11:51:48 -0400] "GET /index.php?p=48 HTTP/1.1" 200 7742 "http://www.chris-nlp-hall.com/index.php?p=39" "Mozilla/5.0 (Windows NT 6.2; WOW64) AppleWebKit/537.36 (KHTML, like Gecko) Chrome/28.0.1500.95 Safari/537.36"
67.243.6.67 - - [13/Aug/2013:11:51:50 -0400] "GET /urchin.js HTTP/1.1" 404 575 "http://www.chris-nlp-hall.com/index.php?p=48" "Mozilla/5.0 (Windows NT 6.2; WOW64) AppleWebKit/537.36 (KHTML, like Gecko) Chrome/28.0.1500.95 Safari/537.36"
67.243.6.67 - - [13/Aug/2013:11:51:50 -0400] "GET /favicon.ico HTTP/1.1" 404 575 "-" "Mozilla/5.0 (Windows NT 6.2; WOW64) AppleWebKit/537.36 (KHTML, like Gecko) Chrome/28.0.1500.95 Safari/537.36"
157.55.34.26 - - [13/Aug/2013:14:49:50 -0400] "GET /robots.txt HTTP/1.1" 404 575 "-" "Mozilla/5.0 (compatible; bingbot/2.0; +http://www.bing.com/bingbot.htm)"
199.30.25.57 - - [13/Aug/2013:20:05:36 -0400] "GET /styles/hd_01_01.gif HTTP/1.1" 200 1035 "http://www.chris-nlp-hall.com/index.php?p=52" "Mozilla/5.0 (Windows NT 6.1; WOW64) AppleWebKit/534+ (KHTML, like Gecko) BingPreview/1.0b"
46.119.118.152 - - [13/Aug/2013:03:07:26 -0400] "GET / HTTP/1.1" 200 6136 "http://cleaning-uborka.ru/" "Mozilla/4.0 (compatible; MSIE 6.0; MSIE 5.5; Windows NT 4.0) Opera 7.0 [en]"
78.158.11.226 - - [13/Aug/2013:04:17:24 -0400] "GET / HTTP/1.1" 200 6136 "http://www.google.com/url?sa=t&rct=j&q=chrisnlphall.com&source=web&cd=5&ved=0CF0QFjAE&url=http:%2F%2Fchrisnlphall.com%2F&cad=rja" "Lynx/2.8.5rel.1 libwww-FM/2.15FC SSL-MM/1.4.1c OpenSSL/0.9.7e-dev"
36.251.8.50 - - [13/Aug/2013:22:29:27 -0400] "GET /index.php?p=37 HTTP/1.1" 503 323 "-" "Mozilla/4.0 (compatible; MSIE 6.0; Windows NT 5.1; SV1;)"
66.249.75.133 - - [13/Aug/2013:08:19:50 -0400] "GET /index.php?p=67 HTTP/1.1" 200 5951 "-" "Mozilla/5.0 (iPhone; U; CPU iPhone OS 4_1 like Mac OS X; en-us) AppleWebKit/532.9 (KHTML, like Gecko) Version/4.0.5 Mobile/8B117 Safari/6531.22.7 (compatible; Googlebot-Mobile/2.1; +http://www.google.com/bot.html)"
2.102.213.116 - - [13/Aug/2013:15:31:46 -0400] "GET / HTTP/1.1" 200 6136 "-" "Mozilla/5.0 (Windows; U; Windows NT 6.0; en-US; rv:1.9.2.11) Gecko/20101012 Firefox/3.6.11 GTB7.1 ( .NET CLR 3.5.30729; .NET4.0E)"
2.102.213.116 - - [13/Aug/2013:15:31:47 -0400] "GET / HTTP/1.1" 200 6136 "-" "Mozilla/5.0 (Windows; U; Windows NT 6.0; en-US; rv:1.9.2.11) Gecko/20101012 Firefox/3.6.11 GTB7.1 ( .NET CLR 3.5.30729; .NET4.0E)"
2.102.213.116 - - [13/Aug/2013:15:31:50 -0400] "GET /index.php?p=37 HTTP/1.1" 200 7777 "-" "Mozilla/5.0 (Windows; U; Windows NT 6.0; en-US; rv:1.9.2.11) Gecko/20101012 Firefox/3.6.11 GTB7.1 ( .NET CLR 3.5.30729; .NET4.0E)"
2.102.213.116 - - [13/Aug/2013:15:31:51 -0400] "GET /index.php?p=37 HTTP/1.1" 200 7777 "-" "Mozilla/5.0 (Windows; U; Windows NT 6.0; en-US; rv:1.9.2.11) Gecko/20101012 Firefox/3.6.11 GTB7.1 ( .NET CLR 3.5.30729; .NET4.0E)"
66.249.85.105 - - [13/Aug/2013:17:05:27 -0400] "GET /styles/hd_02_02.gif HTTP/1.1" 200 9351 "http://www.chris-nlp-hall.com/index.php?p=37" "Mozilla/5.0 (X11; Linux x86_64) AppleWebKit/537.4 (KHTML, like Gecko; Google Web Preview) Chrome/22.0.1229 Safari/537.4"
208.167.230.3 - - [13/Aug/2013:13:41:12 -0400] "GET /index.php?p=62 HTTP/1.1" 200 4055 "-" "Mozilla/5.0 (compatible; AhrefsBot/4.0; +http://ahrefs.com/robot/)"
