46.229.164.100 - - [13/Aug/2013:05:31:01 -0400] "GET / HTTP/1.1" 200 6136 "-" "Mozilla/5.0 (compatible; SemrushBot/0.96.4; +http://www.semrush.com/bot.html)"
81.152.173.207 - - [13/Aug/2013:09:10:55 -0400] "GET /index.php?p=40 HTTP/1.1" 200 16094 "http://www.chris-nlp-hall.com/index.php?p=1" "Mozilla/5.0 (Windows NT 6.1; WOW64; rv:22.0) Gecko/20100101 Firefox/22.0"
81.152.173.207 - - [13/Aug/2013:09:10:57 -0400] "GET /urchin.js HTTP/1.1" 404 575 "http://www.chris-nlp-hall.com/index.php?p=40" "Mozilla/5.0 (Windows NT 6.1; WOW64; rv:22.0) Gecko/20100101 Firefox/22.0"
81.152.173.207 - - [13/Aug/2013:09:28:34 -0400] "GET / HTTP/1.1" 200 6136 "http://www.beyondbeliefthemovie.com/experts.html" "Mozilla/5.0 (Windows NT 6.1; WOW64; rv:22.0) Gecko/20100101 Firefox/22.0"
157.55.34.26 - - [13/Aug/2013:11:37:56 -0400] "GET /index.php?p=49 HTTP/1.1" 200 16097 "-" "Mozilla/5.0 (compatible; bingbot/2.0; +http://www.bing.com/bingbot.htm)"
92.249.127.111 - - [13/Aug/2013:09:07:57 -0400] "GET / HTTP/1.1" 200 6136 "http://www.bravica.ws/ru/" "Mozilla/5.0 (compatible; news bot /2.1)"
67.243.6.67 - - [13/Aug/2013:11:51:30 -0400] "GET /urchin.js HTTP/1.1" 404 575 "http://www.chris-nlp-hall.com/index.php?p=48" "Mozilla/5.0 (Windows NT 6.2; WOW64) AppleWebKit/537.36 (KHTML, like Gecko) Chrome/28.0.1500.95 Safari/537.36"
67.243.6.67 - - [13/Aug/2013:11:51:30 -0400] "GET /favicon.ico HTTP/1.1" 404 575 "-" "Mozilla/5.0 (Windows NT 6.2; WOW64) AppleWebKit/537.36 (KHTML, like Gecko) Chrome/28.0.1500.95 Safari/537.36"
67.243.6.67 - - [13/Aug/2013:11:51:30 -0400] "GET /index.php?p=48 HTTP/1.1" 200 7742 "http://www.chris-nlp-hall.com/index.php?p=48" "Mozilla/5.0 (Windows NT 6.2; WOW64) AppleWebKit/537.36 (KHTML, like Gecko) Chrome/28.0.1500.95 Safari/537.36"
67.243.6.67 - - [13/Aug/2013:11:51:32 -0400] "GET /urchin.js HTTP/1.1" 404 575 "http://www.chris-nlp-hall.com/index.php?p=48" "Mozilla/5.0 (Windows NT 6.2; WOW64) AppleWebKit/537.36 (KHTML, like Gecko) Chrome/28.0.1500.95 Safari/537.36"
67.243.6.67 - - [13/Aug/2013:11:51:32 -0400] "GET /favicon.ico HTTP/1.1" 404 575 "-" "Mozilla/5.0 (Windows NT 6.2; WOW64) AppleWebKit/537.36 (KHTML, like Gecko) Chrome/28.0.1500.95 Safari/537.36"
78.158.11.226 - - [13/Aug/2013:04:17:28 -0400] "GET /index.php?p=42 HTTP/1.1" 200 3851 "http://chrisnlphall.com/" "Lynx/2.8.5rel.1 libwww-FM/2.15FC SSL-MM/1.4.1c OpenSSL/0.9.7e-dev"
157.55.34.26 - - [13/Aug/2013:19:07:49 -0400] "GET /styles/almost_white.gif HTTP/1.1" 200 73 "-" "Mozilla/5.0 (compatible; bingbot/2.0; +http://www.bing.com/bingbot.htm)"
199.30.25.57 - - [13/Aug/2013:20:05:36 -0400] "GET /styles/hd_03_01.gif HTTP/1.1" 200 3660 "http://www.chris-nlp-hall.com/index.php?p=52" "Mozilla/5.0 (Windows NT 6.1; WOW64) AppleWebKit/534+ (KHTML, like Gecko) BingPreview/1.0b"
208.167.230.3 - - [13/Aug/2013:01:40:19 -0400] "GET /index.php?p=60 HTTP/1.1" 200 21710 "-" "Mozilla/5.0 (compatible; AhrefsBot/4.0; +http://ahrefs.com/robot/)"
31.164.3.175 - - [13/Aug/2013:15:25:40 -0400] "GET /index.php?p=40 HTTP/1.1" 200 16094 "http://www.chris-nlp-hall.com/index.php?p=1" "Mozilla/5.0 (Windows NT 6.1; rv:23.0) Gecko/20100101 Firefox/23.0"
66.249.75.133 - - [13/Aug/2013:15:29:59 -0400] "GET /index.php?p=70 HTTP/1.1" 200 16422 "-" "Mozilla/5.0 (compatible; Googlebot/2.1; +http://www.google.com/bot.html)"
208.167.230.3 - - [13/Aug/2013:22:58:06 -0400] "GET /index.php?p=52 HTTP/1.1" 200 10795 "-" "Mozilla/5.0 (compatible; AhrefsBot/4.0; +http://ahrefs.com/robot/)"
199.30.20.129 - - [13/Aug/2013:23:10:50 -0400] "GET /robots.txt HTTP/1.1" 404 575 "-" "msnbot-media/1.1 (+http://search.msn.com/msnbot.htm)"
81.152.173.207 - - [13/Aug/2013:09:10:10 -0400] "GET /styles/hd_02_01.gif HTTP/1.1" 200 3217 "http://www.chris-nlp-hall.com/styles/basic.css" "Mozilla/5.0 (Windows NT 6.1; WOW64; rv:22.0) Gecko/20100101 Firefox/22.0"
96.225.77.211 - - [13/Aug/2013:09:51:54 -0400] "GET /index.php?p=55 HTTP/1.1" 200 24160 "-" "panscient.com"
96.225.77.211 - - [13/Aug/2013:09:51:55 -0400] "GET /index.php?p=53 HTTP/1.1" 200 9109 "-" "panscient.com"
96.225.77.211 - - [13/Aug/2013:09:51:56 -0400] "GET /index.php?p=71 HTTP/1.1" 200 8566 "-" "panscient.com"
96.225.77.211 - - [13/Aug/2013:09:51:57 -0400] "GET /index.php?p=65 HTTP/1.1" 200 11637 "-" "panscient.com"
96.225.77.211 - - [13/Aug/2013:09:51:58 -0400] "GET /index.php?p=67 HTTP/1.1" 200 5951 "-" "panscient.com"
96.225.77.211 - - [13/Aug/2013:09:51:59 -0400] "GET /index.php?p=66 HTTP/1.1" 200 29092 "-" "panscient.com"
96.225.77.211 - - [13/Aug/2013:09:52:00 -0400] "GET /index.php?p=64 HTTP/1.1" 200 6409 "-" "panscient.com"
96.225.77.211 - - [13/Aug/2013:09:52:02 -0400] "GET /index.php?p=69 HTTP/1.1" 200 6700 "-" "panscient.com"
96.225.77.211 - - [13/Aug/2013:09:52:03 -0400] "GET /index.php?p=68 HTTP/1.1" 200 5855 "-" "panscient.com"
96.225.77.211 - - [13/Aug/2013:09:52:04 -0400] "GET /index.php?p=72 HTTP/1.1" 200 5981 "-" "panscient.com"
96.225.77.211 - - [13/Aug/2013:09:52:05 -0400] "GET /index.php?p=50 HTTP/1.1" 200 4380 "-" "panscient.com"
96.225.77.211 - - [13/Aug/2013:09:52:06 -0400] "GET /index.php?p=49 HTTP/1.1" 200 16097 "-" "panscient.com"
96.225.77.211 - - [13/Aug/2013:09:52:07 -0400] "GET /index.php?p=74 HTTP/1.1" 200 4646 "-" "panscient.com"
96.225.77.211 - - [13/Aug/2013:09:52:08 -0400] "GET /index.php?p=70 HTTP/1.1" 200 16422 "-" "panscient.com"
96.225.77.211 - - [13/Aug/2013:09:52:09 -0400] "GET /urchin.js HTTP/1.1" 404 575 "-" "panscient.com"
123.125.71.23 - - [13/Aug/2013:15:42:56 -0400] "GET /urchin.js HTTP/1.1" 404 575 "http://www.chris-nlp-hall.com/" "Mozilla/5.0 (X11; U; Linux x86_64; en-US; rv:1.9) Gecko Minefield/3.0"
31.164.3.175 - - [13/Aug/2013:15:43:07 -0400] "GET /index.php?p=55 HTTP/1.1" 200 24160 "http://www.chris-nlp-hall.com/index.php?p=39" "Mozilla/5.0 (Windows NT 6.1; rv:23.0) Gecko/20100101 Firefox/23.0"
176.31.14.31 - - [13/Aug/2013:17:54:45 -0400] "GET /index.php?p=62 HTTP/1.1" 200 4055 "-" "Mozilla/5.0 (compatible; MSIE 10.0; Windows NT 6.1; WOW64; Trident/6.0)"
176.31.14.31 - - [13/Aug/2013:17:54:47 -0400] "GET /index.php?p=39 HTTP/1.1" 200 4377 "-" "Mozilla/5.0 (Macintosh; U; Intel Mac OS X 10_6_6; en-us) AppleWebKit/533.20.25 (KHTML, like Gecko) Version/5.0.4 Safari/533.20.27Mozilla/5.0 (compatible; MSIE 9.0; Windows NT 6.1; Trident/5.0)"
166.147.120.147 - - [13/Aug/2013:14:18:21 -0400] "GET /galleries/images/chris_hall_2012.jpg HTTP/1.1" 200 33187 "-" "rarely used"
80.74.149.13 - - [13/Aug/2013:00:20:46 -0400] "HEAD /index.php?p=48 HTTP/1.0" 200 - "-" "Drupal (+http://drupal.org/)"
178.255.215.72 - - [13/Aug/2013:05:32:05 -0400] "GET /robots.txt HTTP/1.1" 404 575 "-" "Mozilla/5.0 (compatible; Exabot/3.0; +http://www.exabot.com/go/robot)"
208.167.230.3 - - [13/Aug/2013:18:18:41 -0400] "GET /index.php?p=71 HTTP/1.1" 200 8566 "-" "Mozilla/5.0 (compatible; AhrefsBot/4.0; +http://ahrefs.com/robot/)"
157.56.229.23 - - [13/Aug/2013:21:43:25 -0400] "GET /galleries/images/lotus_small.jpg HTTP/1.1" 200 1988 "-" "Mozilla/5.0 (compatible; bingbot/2.0; +http://www.bing.com/bingbot.htm)"
208.167.230.3 - - [13/Aug/2013:23:04:07 -0400] "GET /index.php?p=72 HTTP/1.1" 200 5981 "-" "Mozilla/5.0 (compatible; AhrefsBot/4.0; +http://ahrefs.com/robot/)"
208.167.230.3 - - [13/Aug/2013:06:04:25 -0400] "GET /index.php?p=73 HTTP/1.1" 200 11470 "-" "Mozilla/5.0 (compatible; AhrefsBot/4.0; +http://ahrefs.com/robot/)"
94.97.110.236 - - [13/Aug/2013:03:33:51 -0400] "GET /styles/basic.css HTTP/1.1" 200 5091 "http://www.chris-nlp-hall.com/index.php?p=41" "Mozilla/5.0 (Windows NT 5.1) AppleWebKit/537.36 (KHTML, like Gecko) Chrome/28.0.1500.95 Safari/537.36"
94.97.110.236 - - [13/Aug/2013:03:33:51 -0400] "GET /styles/hd_01_01.gif HTTP/1.1" 200 1035 "http://www.chris-nlp-hall.com/index.php?p=41" "Mozilla/5.0 (Windows NT 5.1) AppleWebKit/537.36 (KHTML, like Gecko) Chrome/28.0.1500.95 Safari/537.36"
94.97.110.236 - - [13/Aug/2013:03:33:52 -0400] "GET /styles/hd_03_01.gif HTTP/1.1" 200 3660 "http://www.chris-nlp-hall.com/index.php?p=41" "Mozilla/5.0 (Windows NT 5.1) AppleWebKit/537.36 (KHTML, like Gecko) Chrome/28.0.1500.95 Safari/537.36"
193.252.118.173 - - [13/Aug/2013:00:32:43 -0400] "GET /index.php?p=52 HTTP/1.1" 200 10795 "-" "Mozilla/5.0 (Windows; U; Windows NT 5.1; fr; rv:1.8.1) VoilaBot BETA 1.2 (support.voilabot@orange-ftgroup.com)"
67.243.6.67 - - [13/Aug/2013:11:27:13 -0400] "GET /index.php?p=37 HTTP/1.1" 200 7777 "http://www.chris-nlp-hall.com/" "Mozilla/5.0 (Windows NT 6.2; WOW64) AppleWebKit/537.36 (KHTML, like Gecko) Chrome/28.0.1500.95 Safari/537.36"
67.243.6.67 - - [13/Aug/2013:11:27:14 -0400] "GET /galleries/images/chris_hall_2012.jpg HTTP/1.1" 200 33187 "http://www.chris-nlp-hall.com/index.php?p=37" "Mozilla/5.0 (Windows NT 6.2; WOW64) AppleWebKit/537.36 (KHTML, like Gecko) Chrome/28.0.1500.95 Safari/537.36"
67.243.6.67 - - [13/Aug/2013:11:27:14 -0400] "GET /favicon.ico HTTP/1.1" 404 575 "-" "Mozilla/5.0 (Windows NT 6.2; WOW64) AppleWebKit/537.36 (KHTML, like Gecko) Chrome/28.0.1500.95 Safari/537.36"
199.30.25.57 - - [13/Aug/2013:20:05:36 -0400] "GET /urchin.js HTTP/1.1" 404 575 "http://www.chris-nlp-hall.com/index.php?p=52" "Mozilla/5.0 (Windows NT 6.1; WOW64) AppleWebKit/534+ (KHTML, like Gecko) BingPreview/1.0b"
193.252.118.164 - - [13/Aug/2013:23:36:14 -0400] "GET /index.php?p=73 HTTP/1.1" 200 11470 "-" "Mozilla/5.0 (Windows; U; Windows NT 5.1; fr; rv:1.8.1) VoilaBot BETA 1.2 (support.voilabot@orange-ftgroup.com)"
66.249.75.133 - - [13/Aug/2013:13:03:21 -0400] "GET /index.php?p=63 HTTP/1.1" 200 32920 "-" "Mozilla/5.0 (compatible; Googlebot/2.1; +http://www.google.com/bot.html)"
146.120.158.147 - - [13/Aug/2013:14:27:23 -0400] "GET /index.php?p=42 HTTP/1.1" 200 3851 "-" "Mozilla/5.0 (Windows NT 6.1; WOW64; rv:2.0b8pre) Gecko/20101114 Firefox/4.0b8pre"
208.167.230.3 - - [13/Aug/2013:02:32:20 -0400] "GET /index.php?p=37 HTTP/1.1" 200 7777 "-" "Mozilla/5.0 (compatible; AhrefsBot/4.0; +http://ahrefs.com/robot/)"
81.152.173.207 - - [13/Aug/2013:09:13:48 -0400] "GET /index.php?p=62 HTTP/1.1" 200 4055 "http://www.chris-nlp-hall.com/index.php?p=1" "Mozilla/5.0 (Windows NT 6.1; WOW64; rv:22.0) Gecko/20100101 Firefox/22.0"
81.152.173.207 - - [13/Aug/2013:09:13:48 -0400] "GET /galleries/images/icon2_world.gif HTTP/1.1" 200 668 "http://www.chris-nlp-hall.com/index.php?p=62" "Mozilla/5.0 (Windows NT 6.1; WOW64; rv:22.0) Gecko/20100101 Firefox/22.0"
192.96.204.42 - - [13/Aug/2013:09:18:06 -0400] "GET /robots.txt HTTP/1.1" 404 575 "-" "Mozilla/4.0 (compatible; MSIE 5.5; Windows NT)"
218.213.28.183 - - [13/Aug/2013:11:10:50 -0400] "GET /robots.txt HTTP/1.1" 404 575 "-" "ichiro/3.0 (http://search.goo.ne.jp/option/use/sub4/sub4-1/)"
66.249.75.133 - - [13/Aug/2013:18:45:19 -0400] "GET /index.php?p=52 HTTP/1.1" 200 10795 "-" "Mozilla/5.0 (compatible; Googlebot/2.1; +http://www.google.com/bot.html)"
96.225.77.211 - - [13/Aug/2013:09:51:32 -0400] "GET /robots.txt HTTP/1.1" 404 575 "-" "panscient.com"
96.225.77.211 - - [13/Aug/2013:09:52:15 -0400] "GET /index.php?p=37 HTTP/1.1" 200 7777 "-" "panscient.com"
96.225.77.211 - - [13/Aug/2013:09:52:17 -0400] "GET /index.php?p=39 HTTP/1.1" 200 4377 "-" "panscient.com"
96.225.77.211 - - [13/Aug/2013:09:52:18 -0400] "GET /index.php?p=48 HTTP/1.1" 200 7742 "-" "panscient.com"
96.225.77.211 - - [13/Aug/2013:09:52:19 -0400] "GET /index.php?p=41 HTTP/1.1" 200 9960 "-" "panscient.com"
96.225.77.211 - - [13/Aug/2013:09:52:21 -0400] "GET /index.php?p=40 HTTP/1.1" 200 16094 "-" "panscient.com"
96.225.77.211 - - [13/Aug/2013:09:52:22 -0400] "GET /index.php?p=73 HTTP/1.1" 200 11470 "-" "panscient.com"
96.225.77.211 - - [13/Aug/2013:09:52:23 -0400] "GET /index.php?p=70 HTTP/1.1" 200 16422 "-" "panscient.com"
96.225.77.211 - - [13/Aug/2013:09:52:24 -0400] "GET /index.php?p=71 HTTP/1.1" 200 8566 "-" "panscient.com"
96.225.77.211 - - [13/Aug/2013:09:52:25 -0400] "GET /index.php?p=62 HTTP/1.1" 200 4055 "-" "panscient.com"
96.225.77.211 - - [13/Aug/2013:09:52:26 -0400] "GET /index.php?p=60 HTTP/1.1" 200 21710 "-" "panscient.com"
96.225.77.211 - - [13/Aug/2013:09:52:27 -0400] "GET /index.php?p=72 HTTP/1.1" 200 5981 "-" "panscient.com"
96.225.77.211 - - [13/Aug/2013:09:52:29 -0400] "GET /index.php?p=51 HTTP/1.1" 200 9317 "-" "panscient.com"
96.225.77.211 - - [13/Aug/2013:09:52:30 -0400] "GET /index.php?p=49 HTTP/1.1" 200 16097 "-" "panscient.com"
96.225.77.211 - - [13/Aug/2013:09:52:31 -0400] "GET /index.php?p=53 HTTP/1.1" 200 9109 "-" "panscient.com"
96.225.77.211 - - [13/Aug/2013:09:52:32 -0400] "GET /index.php?p=50 HTTP/1.1" 200 4380 "-" "panscient.com"
96.225.77.211 - - [13/Aug/2013:09:52:33 -0400] "GET /index.php?p=55 HTTP/1.1" 200 24160 "-" "panscient.com"
96.225.77.211 - - [13/Aug/2013:09:52:34 -0400] "GET /index.php?p=65 HTTP/1.1" 200 11637 "-" "panscient.com"
96.225.77.211 - - [13/Aug/2013:09:52:35 -0400] "GET /index.php?p=74 HTTP/1.1" 200 4646 "-" "panscient.com"
96.225.77.211 - - [13/Aug/2013:09:52:36 -0400] "GET /index.php?p=44 HTTP/1.1" 200 16135 "-" "panscient.com"
96.225.77.211 - - [13/Aug/2013:09:52:38 -0400] "GET /index.php?p=52 HTTP/1.1" 200 10795 "-" "panscient.com"
96.225.77.211 - - [13/Aug/2013:09:52:39 -0400] "GET /index.php?p=67 HTTP/1.1" 200 5951 "-" "panscient.com"
96.225.77.211 - - [13/Aug/2013:09:52:40 -0400] "GET /index.php?p=69 HTTP/1.1" 200 6700 "-" "panscient.com"
96.225.77.211 - - [13/Aug/2013:09:52:41 -0400] "GET /index.php?p=66 HTTP/1.1" 200 29092 "-" "panscient.com"
96.225.77.211 - - [13/Aug/2013:09:52:42 -0400] "GET /index.php?p=64 HTTP/1.1" 200 6409 "-" "panscient.com"
96.225.77.211 - - [13/Aug/2013:09:52:43 -0400] "GET /index.php?p=68 HTTP/1.1" 200 5855 "-" "panscient.com"
66.249.75.133 - - [13/Aug/2013:17:49:20 -0400] "GET /index.php?p=72 HTTP/1.1" 200 5981 "-" "Mozilla/5.0 (compatible; Googlebot/2.1; +http://www.google.com/bot.html)"
66.249.75.22 - - [13/Aug/2013:08:10:20 -0400] "GET / HTTP/1.1" 200 6136 "-" "SAMSUNG-SGH-E250/1.0 Profile/MIDP-2.0 Configuration/CLDC-1.1 UP.Browser/6.2.3.3.c.1.101 (GUI) MMP/2.0 (compatible; Googlebot-Mobile/2.1; +http://www.google.com/bot.html)"
66.249.75.133 - - [13/Aug/2013:05:04:55 -0400] "GET /index.php?p=73 HTTP/1.1" 200 11470 "-" "Mozilla/5.0 (iPhone; U; CPU iPhone OS 4_1 like Mac OS X; en-us) AppleWebKit/532.9 (KHTML, like Gecko) Version/4.0.5 Mobile/8B117 Safari/6531.22.7 (compatible; Googlebot-Mobile/2.1; +http://www.google.com/bot.html)"
182.118.20.251 - - [13/Aug/2013:18:54:52 -0400] "GET /robots.txt HTTP/1.1" 404 575 "http://www.chris-nlp-hall.com/robots.txt" "Mozilla/5.0 (Windows; U; Windows NT 5.1; zh-CN; rv:1.8.0.11) Firefox/1.5.0.11; 360Spider"
157.56.229.23 - - [13/Aug/2013:20:19:57 -0400] "GET /robots.txt HTTP/1.1" 404 575 "-" "Mozilla/5.0 (compatible; bingbot/2.0; +http://www.bing.com/bingbot.htm)"
157.56.229.23 - - [13/Aug/2013:21:27:05 -0400] "GET /index.php?p=40 HTTP/1.1" 200 16094 "-" "Mozilla/5.0 (compatible; bingbot/2.0; +http://www.bing.com/bingbot.htm)"
202.102.64.154 - - [13/Aug/2013:08:16:33 -0400] "GET /robots.txt HTTP/1.1" 404 575 "http://chris-nlp-hall.com/" "Mozilla/5.0 (compatible; MSIE 8.0; Windows NT 6.1)"
91.17.180.239 - - [13/Aug/2013:04:35:26 -0400] "GET /favicon.ico HTTP/1.1" 404 575 "http://www.chris-nlp-hall.com/index.php?p=61" "Mozilla/5.0 (Macintosh; Intel Mac OS X 10_8_4) AppleWebKit/536.30.1 (KHTML, like Gecko) Version/6.0.5 Safari/536.30.1"
92.249.127.111 - - [13/Aug/2013:09:07:58 -0400] "GET / HTTP/1.1" 200 6136 "http://www.bravica.ws/ru/" "Mozilla/5.0 (compatible; news bot /2.1)"
96.225.77.211 - - [13/Aug/2013:09:51:35 -0400] "GET /index.php?p=1 HTTP/1.1" 200 6136 "-" "panscient.com"
96.225.77.211 - - [13/Aug/2013:09:51:37 -0400] "GET /index.php?p=37 HTTP/1.1" 200 7777 "-" "panscient.com"
96.225.77.211 - - [13/Aug/2013:09:51:38 -0400] "GET /index.php?p=62 HTTP/1.1" 200 4055 "-" "panscient.com"
96.225.77.211 - - [13/Aug/2013:09:51:39 -0400] "GET /index.php?p=39 HTTP/1.1" 200 4377 "-" "panscient.com"
96.225.77.211 - - [13/Aug/2013:09:51:40 -0400] "GET /index.php?p=42 HTTP/1.1" 200 3851 "-" "panscient.com"
96.225.77.211 - - [13/Aug/2013:09:51:41 -0400] "GET /index.php?p=48 HTTP/1.1" 200 7742 "-" "panscient.com"
96.225.77.211 - - [13/Aug/2013:09:51:42 -0400] "GET /index.php?p=61 HTTP/1.1" 200 40201 "-" "panscient.com"
96.225.77.211 - - [13/Aug/2013:09:51:44 -0400] "GET /index.php?p=41 HTTP/1.1" 200 9960 "-" "panscient.com"
96.225.77.211 - - [13/Aug/2013:09:51:45 -0400] "GET /index.php?p=40 HTTP/1.1" 200 16094 "-" "panscient.com"
96.225.77.211 - - [13/Aug/2013:09:51:46 -0400] "GET /index.php?p=73 HTTP/1.1" 200 11470 "-" "panscient.com"
96.225.77.211 - - [13/Aug/2013:09:51:47 -0400] "GET /index.php?p=63 HTTP/1.1" 200 32920 "-" "panscient.com"
96.225.77.211 - - [13/Aug/2013:09:51:49 -0400] "GET /index.php?p=44 HTTP/1.1" 200 16135 "-" "panscient.com"
96.225.77.211 - - [13/Aug/2013:09:51:50 -0400] "GET /index.php?p=51 HTTP/1.1" 200 9317 "-" "panscient.com"
96.225.77.211 - - [13/Aug/2013:09:51:51 -0400] "GET /index.php?p=52 HTTP/1.1" 200 10795 "-" "panscient.com"
96.225.77.211 - - [13/Aug/2013:09:51:52 -0400] "GET /index.php?p=60 HTTP/1.1" 200 21710 "-" "panscient.com"
96.225.77.211 - - [13/Aug/2013:09:51:53 -0400] "GET /robots.txt HTTP/1.1" 404 575 "-" "panscient.com"
2.102.213.116 - - [13/Aug/2013:15:31:51 -0400] "GET /styles/basic.css HTTP/1.1" 200 5091 "-" "Mozilla/5.0 (Windows; U; Windows NT 6.0; en-US; rv:1.9.2.11) Gecko/20101012 Firefox/3.6.11 GTB7.1 ( .NET CLR 3.5.30729; .NET4.0E)"
2.102.213.116 - - [13/Aug/2013:15:31:52 -0400] "GET /index.php?p=62 HTTP/1.1" 200 4055 "-" "Mozilla/5.0 (Windows; U; Windows NT 6.0; en-US; rv:1.9.2.11) Gecko/20101012 Firefox/3.6.11 GTB7.1 ( .NET CLR 3.5.30729; .NET4.0E)"
66.249.85.105 - - [13/Aug/2013:17:05:24 -0400] "GET /index.php?p=37 HTTP/1.1" 200 7777 "http://www.google.com/search" "Mozilla/5.0 (X11; Linux x86_64) AppleWebKit/537.4 (KHTML, like Gecko; Google Web Preview) Chrome/22.0.1229 Safari/537.4"
66.249.85.105 - - [13/Aug/2013:17:05:27 -0400] "GET /styles/hd_03_01.gif HTTP/1.1" 200 3660 "http://www.chris-nlp-hall.com/index.php?p=37" "Mozilla/5.0 (X11; Linux x86_64) AppleWebKit/537.4 (KHTML, like Gecko; Google Web Preview) Chrome/22.0.1229 Safari/537.4"
66.249.75.133 - - [13/Aug/2013:19:05:08 -0400] "GET /index.php?p=41 HTTP/1.1" 200 9960 "-" "SAMSUNG-SGH-E250/1.0 Profile/MIDP-2.0 Configuration/CLDC-1.1 UP.Browser/6.2.3.3.c.1.101 (GUI) MMP/2.0 (compatible; Googlebot-Mobile/2.1; +http://www.google.com/bot.html)"
195.138.247.55 - - [13/Aug/2013:12:10:17 -0400] "GET /robots.txt HTTP/1.0" 404 575 "-" "Mozilla/5.0 (compatible; MJ12bot/v1.4.3; http://www.majestic12.co.uk/bot.php?+)"
157.56.93.37 - - [13/Aug/2013:13:29:56 -0400] "GET / HTTP/1.1" 200 6136 "-" "Mozilla/5.0 (compatible; bingbot/2.0; +http://www.bing.com/bingbot.htm)"
46.229.164.101 - - [13/Aug/2013:05:38:46 -0400] "GET /index.php?p=64 HTTP/1.1" 200 6409 "-" "Mozilla/5.0 (compatible; SemrushBot/0.96.4; +http://www.semrush.com/bot.html)"
66.249.75.133 - - [13/Aug/2013:17:12:22 -0400] "GET /robots.txt HTTP/1.1" 404 575 "-" "Mozilla/5.0 (compatible; Googlebot/2.1; +http://www.google.com/bot.html)"
66.249.72.133 - - [13/Aug/2013:21:51:09 -0400] "GET /styles/chris.css HTTP/1.1" 200 1641 "-" "Mozilla/5.0 (compatible; Googlebot/2.1; +http://www.google.com/bot.html)"
67.243.6.67 - - [13/Aug/2013:11:29:19 -0400] "GET /galleries/images/ctl_ragini_michaels.jpg HTTP/1.1" 200 3561 "http://www.chris-nlp-hall.com/index.php?p=70" "Mozilla/5.0 (Windows NT 6.2; WOW64) AppleWebKit/537.36 (KHTML, like Gecko) Chrome/28.0.1500.95 Safari/537.36"
67.243.6.67 - - [13/Aug/2013:11:29:20 -0400] "GET /galleries/images/ctl_demolina_michael.jpg HTTP/1.1" 200 6475 "http://www.chris-nlp-hall.com/index.php?p=70" "Mozilla/5.0 (Windows NT 6.2; WOW64) AppleWebKit/537.36 (KHTML, like Gecko) Chrome/28.0.1500.95 Safari/537.36"
157.55.34.26 - - [13/Aug/2013:11:36:45 -0400] "GET /robots.txt HTTP/1.1" 404 575 "-" "Mozilla/5.0 (compatible; bingbot/2.0; +http://www.bing.com/bingbot.htm)"
157.56.229.23 - - [13/Aug/2013:19:05:48 -0400] "GET /styles/basic.css HTTP/1.1" 200 5091 "-" "Mozilla/5.0 (compatible; bingbot/2.0; +http://www.bing.com/bingbot.htm)"
66.249.72.133 - - [13/Aug/2013:19:43:29 -0400] "GET /index.php?p=44 HTTP/1.1" 200 16135 "-" "DoCoMo/2.0 N905i(c100;TB;W24H16) (compatible; Googlebot-Mobile/2.1; +http://www.google.com/bot.html)"
131.253.24.46 - - [13/Aug/2013:20:32:18 -0400] "GET /galleries/docs/Summary%20of%20Legal%20Proceedings.pdf HTTP/1.1" 200 146997 "-" "Mozilla/4.0 (compatible; MSIE 7.0; Windows NT 5.2; SV1; .NET CLR 1.1.4325; .NET CLR 2.0.40607; .NET CLR 3.0.04506.648)"
66.249.75.133 - - [13/Aug/2013:15:04:50 -0400] "GET /index.php?p=61 HTTP/1.1" 200 40201 "-" "Mozilla/5.0 (compatible; Googlebot/2.1; +http://www.google.com/bot.html)"
208.167.230.3 - - [13/Aug/2013:16:11:53 -0400] "GET /index.php?p=49 HTTP/1.1" 200 16097 "-" "Mozilla/5.0 (compatible; AhrefsBot/4.0; +http://ahrefs.com/robot/)"
91.17.180.239 - - [13/Aug/2013:04:35:24 -0400] "GET /galleries/images/de.gif HTTP/1.1" 200 362 "http://www.chris-nlp-hall.com/index.php?p=61" "Mozilla/5.0 (Macintosh; Intel Mac OS X 10_8_4) AppleWebKit/536.30.1 (KHTML, like Gecko) Version/6.0.5 Safari/536.30.1"
91.17.180.239 - - [13/Aug/2013:04:35:24 -0400] "GET /galleries/images/ctl_lochmann_franziska.jpg HTTP/1.1" 200 2279 "http://www.chris-nlp-hall.com/index.php?p=61" "Mozilla/5.0 (Macintosh; Intel Mac OS X 10_8_4) AppleWebKit/536.30.1 (KHTML, like Gecko) Version/6.0.5 Safari/536.30.1"
157.55.35.106 - - [13/Aug/2013:21:40:33 -0400] "GET /robots.txt HTTP/1.1" 404 575 "-" "Mozilla/5.0 (compatible; bingbot/2.0; +http://www.bing.com/bingbot.htm)"
66.249.72.133 - - [13/Aug/2013:21:51:06 -0400] "GET /styles/basic.css HTTP/1.1" 200 5091 "-" "Mozilla/5.0 (compatible; Googlebot/2.1; +http://www.google.com/bot.html)"
208.167.230.3 - - [13/Aug/2013:00:39:22 -0400] "GET /index.php?p=41 HTTP/1.1" 200 9960 "-" "Mozilla/5.0 (compatible; AhrefsBot/4.0; +http://ahrefs.com/robot/)"
209.235.156.26 - - [13/Aug/2013:13:18:07 -0400] "GET /wordpress/wp-admin/ HTTP/1.1" 404 575 "-" "-"
66.147.244.126 - - [13/Aug/2013:13:41:27 -0400] "GET /wp-admin/ HTTP/1.1" 404 575 "-" "-"
199.21.99.87 - - [13/Aug/2013:15:23:39 -0400] "GET /robots.txt HTTP/1.1" 404 575 "-" "Mozilla/5.0 (compatible; YandexBot/3.0; +http://yandex.com/bots)"
199.21.99.87 - - [13/Aug/2013:15:23:42 -0400] "GET /galleries/images/sl.jpg HTTP/1.1" 304 - "-" "Mozilla/5.0 (compatible; YandexImages/3.0; +http://yandex.com/bots)"
208.167.230.3 - - [13/Aug/2013:16:38:43 -0400] "GET /index.php?p=55 HTTP/1.1" 200 24160 "-" "Mozilla/5.0 (compatible; AhrefsBot/4.0; +http://ahrefs.com/robot/)"
70.97.195.249 - - [13/Aug/2013:17:05:14 -0400] "GET /galleries/images/chris_hall_2012.jpg HTTP/1.1" 200 33187 "http://www.google.com/search?q=christina+hall&tbm=isch&tbo=u&source=univ&sa=X&ei=YZsKUpivGan3igLH3ICYDA&ved=0CDAQsAQ&biw=600&bih=984" "Mozilla/5.0 (Linux; U; Android 2.3.4; en-us; NOOK BNTV250 Build/GINGERBREAD 1.4.3) AppleWebKit/533.1 (KHTML, like Gecko) Version/4.0 Safari/533.1"
94.97.110.236 - - [13/Aug/2013:03:33:52 -0400] "GET /styles/sonlp_bg2.gif HTTP/1.1" 200 19608 "http://www.chris-nlp-hall.com/index.php?p=41" "Mozilla/5.0 (Windows NT 5.1) AppleWebKit/537.36 (KHTML, like Gecko) Chrome/28.0.1500.95 Safari/537.36"
94.97.110.236 - - [13/Aug/2013:03:33:53 -0400] "GET /favicon.ico HTTP/1.1" 404 575 "-" "Mozilla/5.0 (Windows NT 5.1) AppleWebKit/537.36 (KHTML, like Gecko) Chrome/28.0.1500.95 Safari/537.36"
91.17.180.239 - - [13/Aug/2013:04:35:24 -0400] "GET /styles/chris.css HTTP/1.1" 200 1641 "http://www.chris-nlp-hall.com/index.php?p=61" "Mozilla/5.0 (Macintosh; Intel Mac OS X 10_8_4) AppleWebKit/536.30.1 (KHTML, like Gecko) Version/6.0.5 Safari/536.30.1"
91.17.180.239 - - [13/Aug/2013:04:35:24 -0400] "GET /galleries/images/icon2_world.gif HTTP/1.1" 200 668 "http://www.chris-nlp-hall.com/index.php?p=61" "Mozilla/5.0 (Macintosh; Intel Mac OS X 10_8_4) AppleWebKit/536.30.1 (KHTML, like Gecko) Version/6.0.5 Safari/536.30.1"
91.17.180.239 - - [13/Aug/2013:04:35:24 -0400] "GET /galleries/images/ctl_schimpke_michael.jpg HTTP/1.1" 200 3932 "http://www.chris-nlp-hall.com/index.php?p=61" "Mozilla/5.0 (Macintosh; Intel Mac OS X 10_8_4) AppleWebKit/536.30.1 (KHTML, like Gecko) Version/6.0.5 Safari/536.30.1"
91.17.180.239 - - [13/Aug/2013:04:35:25 -0400] "GET /galleries/images/ctl_foesges_marlies.jpg HTTP/1.1" 200 22667 "http://www.chris-nlp-hall.com/index.php?p=61" "Mozilla/5.0 (Macintosh; Intel Mac OS X 10_8_4) AppleWebKit/536.30.1 (KHTML, like Gecko) Version/6.0.5 Safari/536.30.1"
91.17.180.239 - - [13/Aug/2013:04:35:25 -0400] "GET /galleries/images/ctl_toennishoff_martina.jpg HTTP/1.1" 200 3170 "http://www.chris-nlp-hall.com/index.php?p=61" "Mozilla/5.0 (Macintosh; Intel Mac OS X 10_8_4) AppleWebKit/536.30.1 (KHTML, like Gecko) Version/6.0.5 Safari/536.30.1"
91.17.180.239 - - [13/Aug/2013:04:35:25 -0400] "GET /styles/hd_02_02.gif HTTP/1.1" 200 9351 "http://www.chris-nlp-hall.com/index.php?p=61" "Mozilla/5.0 (Macintosh; Intel Mac OS X 10_8_4) AppleWebKit/536.30.1 (KHTML, like Gecko) Version/6.0.5 Safari/536.30.1"
91.17.180.239 - - [13/Aug/2013:04:35:25 -0400] "GET /styles/almost_white.gif HTTP/1.1" 200 73 "http://www.chris-nlp-hall.com/index.php?p=61" "Mozilla/5.0 (Macintosh; Intel Mac OS X 10_8_4) AppleWebKit/536.30.1 (KHTML, like Gecko) Version/6.0.5 Safari/536.30.1"
178.255.215.72 - - [13/Aug/2013:05:32:05 -0400] "GET / HTTP/1.1" 200 6136 "-" "Mozilla/5.0 (compatible; Exabot/3.0; +http://www.exabot.com/go/robot)"
67.243.6.67 - - [13/Aug/2013:11:27:04 -0400] "GET /galleries/images/lotus_small.jpg HTTP/1.1" 200 1988 "http://www.chris-nlp-hall.com/" "Mozilla/5.0 (Windows NT 6.2; WOW64) AppleWebKit/537.36 (KHTML, like Gecko) Chrome/28.0.1500.95 Safari/537.36"
67.243.6.67 - - [13/Aug/2013:11:27:04 -0400] "GET /styles/hd_02_02.gif HTTP/1.1" 200 9351 "http://www.chris-nlp-hall.com/" "Mozilla/5.0 (Windows NT 6.2; WOW64) AppleWebKit/537.36 (KHTML, like Gecko) Chrome/28.0.1500.95 Safari/537.36"
67.243.6.67 - - [13/Aug/2013:11:29:05 -0400] "GET /index.php?p=48 HTTP/1.1" 200 7742 "http://www.chris-nlp-hall.com/index.php?p=37" "Mozilla/5.0 (Windows NT 6.2; WOW64) AppleWebKit/537.36 (KHTML, like Gecko) Chrome/28.0.1500.95 Safari/537.36"
67.243.6.67 - - [13/Aug/2013:11:29:07 -0400] "GET /urchin.js HTTP/1.1" 404 575 "http://www.chris-nlp-hall.com/index.php?p=48" "Mozilla/5.0 (Windows NT 6.2; WOW64) AppleWebKit/537.36 (KHTML, like Gecko) Chrome/28.0.1500.95 Safari/537.36"
67.243.6.67 - - [13/Aug/2013:11:29:07 -0400] "GET /favicon.ico HTTP/1.1" 404 575 "-" "Mozilla/5.0 (Windows NT 6.2; WOW64) AppleWebKit/537.36 (KHTML, like Gecko) Chrome/28.0.1500.95 Safari/537.36"
67.243.6.67 - - [13/Aug/2013:11:51:35 -0400] "GET /index.php?p=71 HTTP/1.1" 200 8566 "http://www.chris-nlp-hall.com/index.php?p=48" "Mozilla/5.0 (Windows NT 6.2; WOW64) AppleWebKit/537.36 (KHTML, like Gecko) Chrome/28.0.1500.95 Safari/537.36"
67.243.6.67 - - [13/Aug/2013:11:51:36 -0400] "GET /galleries/images/de.gif HTTP/1.1" 200 362 "http://www.chris-nlp-hall.com/index.php?p=71" "Mozilla/5.0 (Windows NT 6.2; WOW64) AppleWebKit/537.36 (KHTML, like Gecko) Chrome/28.0.1500.95 Safari/537.36"
67.243.6.67 - - [13/Aug/2013:11:51:36 -0400] "GET /galleries/images/ctl_roy_gilles.jpg HTTP/1.1" 200 24052 "http://www.chris-nlp-hall.com/index.php?p=71" "Mozilla/5.0 (Windows NT 6.2; WOW64) AppleWebKit/537.36 (KHTML, like Gecko) Chrome/28.0.1500.95 Safari/537.36"
67.243.6.67 - - [13/Aug/2013:11:51:36 -0400] "GET /favicon.ico HTTP/1.1" 404 575 "-" "Mozilla/5.0 (Windows NT 6.2; WOW64) AppleWebKit/537.36 (KHTML, like Gecko) Chrome/28.0.1500.95 Safari/537.36"
193.252.118.166 - - [13/Aug/2013:00:00:14 -0400] "GET /index.php?p=44 HTTP/1.1" 200 16135 "-" "Mozilla/5.0 (Windows; U; Windows NT 5.1; fr; rv:1.8.1) VoilaBot BETA 1.2 (support.voilabot@orange-ftgroup.com)"
67.243.6.67 - - [13/Aug/2013:11:28:03 -0400] "GET /index.php?p=40 HTTP/1.1" 200 16094 "http://www.chris-nlp-hall.com/index.php?p=37" "Mozilla/5.0 (Windows NT 6.2; WOW64) AppleWebKit/537.36 (KHTML, like Gecko) Chrome/28.0.1500.95 Safari/537.36"
67.243.6.67 - - [13/Aug/2013:11:28:04 -0400] "GET /urchin.js HTTP/1.1" 404 575 "http://www.chris-nlp-hall.com/index.php?p=40" "Mozilla/5.0 (Windows NT 6.2; WOW64) AppleWebKit/537.36 (KHTML, like Gecko) Chrome/28.0.1500.95 Safari/537.36"
67.243.6.67 - - [13/Aug/2013:11:28:04 -0400] "GET /favicon.ico HTTP/1.1" 404 575 "-" "Mozilla/5.0 (Windows NT 6.2; WOW64) AppleWebKit/537.36 (KHTML, like Gecko) Chrome/28.0.1500.95 Safari/537.36"
67.243.6.67 - - [13/Aug/2013:11:30:19 -0400] "GET /index.php?p=48 HTTP/1.1" 200 7742 "http://www.chris-nlp-hall.com/index.php?p=70" "Mozilla/5.0 (Windows NT 6.2; WOW64) AppleWebKit/537.36 (KHTML, like Gecko) Chrome/28.0.1500.95 Safari/537.36"
67.243.6.67 - - [13/Aug/2013:11:30:20 -0400] "GET /urchin.js HTTP/1.1" 404 575 "http://www.chris-nlp-hall.com/index.php?p=48" "Mozilla/5.0 (Windows NT 6.2; WOW64) AppleWebKit/537.36 (KHTML, like Gecko) Chrome/28.0.1500.95 Safari/537.36"
67.243.6.67 - - [13/Aug/2013:11:30:20 -0400] "GET /favicon.ico HTTP/1.1" 404 575 "-" "Mozilla/5.0 (Windows NT 6.2; WOW64) AppleWebKit/537.36 (KHTML, like Gecko) Chrome/28.0.1500.95 Safari/537.36"
67.243.6.67 - - [13/Aug/2013:11:30:23 -0400] "GET /index.php?p=1 HTTP/1.1" 200 6136 "http://www.chris-nlp-hall.com/index.php?p=48" "Mozilla/5.0 (Windows NT 6.2; WOW64) AppleWebKit/537.36 (KHTML, like Gecko) Chrome/28.0.1500.95 Safari/537.36"
67.243.6.67 - - [13/Aug/2013:11:30:23 -0400] "GET /urchin.js HTTP/1.1" 404 575 "http://www.chris-nlp-hall.com/index.php?p=1" "Mozilla/5.0 (Windows NT 6.2; WOW64) AppleWebKit/537.36 (KHTML, like Gecko) Chrome/28.0.1500.95 Safari/537.36"
67.243.6.67 - - [13/Aug/2013:11:30:25 -0400] "GET /favicon.ico HTTP/1.1" 404 575 "-" "Mozilla/5.0 (Windows NT 6.2; WOW64) AppleWebKit/537.36 (KHTML, like Gecko) Chrome/28.0.1500.95 Safari/537.36"
67.243.6.67 - - [13/Aug/2013:11:30:26 -0400] "GET /index.php?p=41 HTTP/1.1" 200 9960 "http://www.chris-nlp-hall.com/index.php?p=1" "Mozilla/5.0 (Windows NT 6.2; WOW64) AppleWebKit/537.36 (KHTML, like Gecko) Chrome/28.0.1500.95 Safari/537.36"
157.56.93.37 - - [13/Aug/2013:16:58:51 -0400] "GET / HTTP/1.1" 200 6136 "-" "Mozilla/5.0 (compatible; bingbot/2.0; +http://www.bing.com/bingbot.htm)"
176.31.14.31 - - [13/Aug/2013:17:54:44 -0400] "GET / HTTP/1.1" 200 6136 "-" "Mozilla/5.0 (Windows NT 6.1; WOW64) AppleWebKit/535.8 (KHTML, like Gecko) Chrome/17.0.940.0 Safari/535.8"
91.17.180.239 - - [13/Aug/2013:04:35:25 -0400] "GET /galleries/images/ctl_faust_artur.jpg HTTP/1.1" 200 2503 "http://www.chris-nlp-hall.com/index.php?p=61" "Mozilla/5.0 (Macintosh; Intel Mac OS X 10_8_4) AppleWebKit/536.30.1 (KHTML, like Gecko) Version/6.0.5 Safari/536.30.1"
195.138.247.55 - - [13/Aug/2013:12:10:29 -0400] "GET /index.php?p=48 HTTP/1.0" 200 7742 "-" "Mozilla/5.0 (compatible; MJ12bot/v1.4.3; http://www.majestic12.co.uk/bot.php?+)"
108.186.4.17 - - [13/Aug/2013:14:02:09 -0400] "GET /index.php HTTP/1.0" 200 6136 "http://www.chris-nlp-hall.com/index.php" "Mozilla/4.0 (compatible; MSIE 6.0; Windows 98; Win 9x 4.90)"
66.249.75.133 - - [13/Aug/2013:18:06:18 -0400] "GET /index.php?p=66 HTTP/1.1" 200 29092 "-" "Mozilla/5.0 (compatible; Googlebot/2.1; +http://www.google.com/bot.html)"
202.46.58.49 - - [13/Aug/2013:19:49:45 -0400] "GET /index.php?p=60 HTTP/1.1" 200 21710 "-" "Mozilla/5.0 (Windows NT 5.1; rv:6.0.2) Gecko/20100101 Firefox/6.0.2"
81.152.173.207 - - [13/Aug/2013:09:15:27 -0400] "GET /index.php?p=50 HTTP/1.1" 200 4380 "http://www.chris-nlp-hall.com/index.php?p=51" "Mozilla/5.0 (Windows NT 6.1; WOW64; rv:22.0) Gecko/20100101 Firefox/22.0"
208.167.230.3 - - [13/Aug/2013:05:30:59 -0400] "GET /index.php?p=73 HTTP/1.1" 200 11470 "-" "Mozilla/5.0 (compatible; AhrefsBot/4.0; +http://ahrefs.com/robot/)"
31.164.3.175 - - [13/Aug/2013:15:13:24 -0400] "GET /styles/hd_03_01.gif HTTP/1.1" 200 3660 "http://www.chris-nlp-hall.com/styles/basic.css" "Mozilla/5.0 (Windows NT 6.1; rv:23.0) Gecko/20100101 Firefox/23.0"
84.211.95.131 - - [13/Aug/2013:16:36:30 -0400] "GET /galleries/images/ctl_stul_phillip.jpg HTTP/1.1" 200 4345 "http://www.chris-nlp-hall.com/index.php?p=66" "Mozilla/5.0 (iPad; CPU OS 6_1_3 like Mac OS X) AppleWebKit/536.26 (KHTML, like Gecko) Version/6.0 Mobile/10B329 Safari/8536.25"
84.211.95.131 - - [13/Aug/2013:16:36:31 -0400] "GET /galleries/images/icon2_phone.gif HTTP/1.1" 200 574 "http://www.chris-nlp-hall.com/index.php?p=66" "Mozilla/5.0 (iPad; CPU OS 6_1_3 like Mac OS X) AppleWebKit/536.26 (KHTML, like Gecko) Version/6.0 Mobile/10B329 Safari/8536.25"
84.211.95.131 - - [13/Aug/2013:16:36:31 -0400] "GET /galleries/images/ctl_beerli_tommike.jpg HTTP/1.1" 200 45894 "http://www.chris-nlp-hall.com/index.php?p=66" "Mozilla/5.0 (iPad; CPU OS 6_1_3 like Mac OS X) AppleWebKit/536.26 (KHTML, like Gecko) Version/6.0 Mobile/10B329 Safari/8536.25"
84.211.95.131 - - [13/Aug/2013:16:36:31 -0400] "GET /styles/hd_03_01.gif HTTP/1.1" 200 3660 "http://www.chris-nlp-hall.com/index.php?p=66" "Mozilla/5.0 (iPad; CPU OS 6_1_3 like Mac OS X) AppleWebKit/536.26 (KHTML, like Gecko) Version/6.0 Mobile/10B329 Safari/8536.25"
66.249.85.232 - - [13/Aug/2013:16:52:51 -0400] "GET /galleries/images/chris_hall_2012.jpg HTTP/1.1" 200 33187 "http://kootation.com/model-christina-hall.html" "Mozilla/5.0 (X11; Linux x86_64) AppleWebKit/537.4 (KHTML, like Gecko; Google Web Preview) Chrome/22.0.1229 Safari/537.4"
81.152.173.207 - - [13/Aug/2013:09:13:48 -0400] "GET /urchin.js HTTP/1.1" 404 575 "http://www.chris-nlp-hall.com/index.php?p=62" "Mozilla/5.0 (Windows NT 6.1; WOW64; rv:22.0) Gecko/20100101 Firefox/22.0"
81.152.173.207 - - [13/Aug/2013:09:30:01 -0400] "GET /index.php?p=42 HTTP/1.1" 200 3851 "http://www.chris-nlp-hall.com/index.php?p=41" "Mozilla/5.0 (Windows NT 6.1; WOW64; rv:22.0) Gecko/20100101 Firefox/22.0"
81.152.173.207 - - [13/Aug/2013:09:30:02 -0400] "GET /urchin.js HTTP/1.1" 404 575 "http://www.chris-nlp-hall.com/index.php?p=42" "Mozilla/5.0 (Windows NT 6.1; WOW64; rv:22.0) Gecko/20100101 Firefox/22.0"
157.56.93.37 - - [13/Aug/2013:16:47:47 -0400] "GET / HTTP/1.0" 200 6136 "-" "Mozilla/5.0 (compatible; bingbot/2.0; +http://www.bing.com/bingbot.htm)"
199.30.24.158 - - [13/Aug/2013:22:43:05 -0400] "GET /styles/sonlp_bg2.gif HTTP/1.1" 200 19608 "http://www.chris-nlp-hall.com/" "Mozilla/5.0 (Windows NT 6.1; WOW64) AppleWebKit/534+ (KHTML, like Gecko) BingPreview/1.0b"
123.125.71.26 - - [13/Aug/2013:22:45:08 -0400] "GET /urchin.js HTTP/1.1" 404 575 "http://chrisnlphall.com/" "Mozilla/5.0 (X11; U; Linux x86_64; en-US; rv:1.9) Gecko Minefield/3.0"
86.184.226.46 - - [13/Aug/2013:23:00:44 -0400] "GET /favicon.ico HTTP/1.1" 404 575 "-" "Mozilla/5.0 (BlackBerry; U; BlackBerry 9900; en-GB) AppleWebKit/534.11+ (KHTML, like Gecko) Version/7.1.0.714 Mobile Safari/534.11+"
157.56.229.23 - - [13/Aug/2013:22:28:56 -0400] "GET /index.php?p=40 HTTP/1.1" 200 16094 "-" "Mozilla/5.0 (compatible; bingbot/2.0; +http://www.bing.com/bingbot.htm)"
157.55.34.26 - - [13/Aug/2013:06:59:48 -0400] "GET /robots.txt HTTP/1.1" 404 575 "-" "Mozilla/5.0 (compatible; bingbot/2.0; +http://www.bing.com/bingbot.htm)"
84.211.95.131 - - [13/Aug/2013:16:36:30 -0400] "GET /styles/chris.css HTTP/1.1" 200 1641 "http://www.chris-nlp-hall.com/index.php?p=66" "Mozilla/5.0 (iPad; CPU OS 6_1_3 like Mac OS X) AppleWebKit/536.26 (KHTML, like Gecko) Version/6.0 Mobile/10B329 Safari/8536.25"
84.211.95.131 - - [13/Aug/2013:16:36:30 -0400] "GET /galleries/images/icon2_world.gif HTTP/1.1" 200 668 "http://www.chris-nlp-hall.com/index.php?p=66" "Mozilla/5.0 (iPad; CPU OS 6_1_3 like Mac OS X) AppleWebKit/536.26 (KHTML, like Gecko) Version/6.0 Mobile/10B329 Safari/8536.25"
84.211.95.131 - - [13/Aug/2013:16:36:30 -0400] "GET /galleries/images/ctl_wartenweiler_frank.jpg HTTP/1.1" 200 4277 "http://www.chris-nlp-hall.com/index.php?p=66" "Mozilla/5.0 (iPad; CPU OS 6_1_3 like Mac OS X) AppleWebKit/536.26 (KHTML, like Gecko) Version/6.0 Mobile/10B329 Safari/8536.25"
84.211.95.131 - - [13/Aug/2013:16:36:30 -0400] "GET /galleries/images/ctl_codoni_susanne.jpg HTTP/1.1" 200 3389 "http://www.chris-nlp-hall.com/index.php?p=66" "Mozilla/5.0 (iPad; CPU OS 6_1_3 like Mac OS X) AppleWebKit/536.26 (KHTML, like Gecko) Version/6.0 Mobile/10B329 Safari/8536.25"
84.211.95.131 - - [13/Aug/2013:16:36:30 -0400] "GET /styles/hd_02_01.gif HTTP/1.1" 200 3217 "http://www.chris-nlp-hall.com/index.php?p=66" "Mozilla/5.0 (iPad; CPU OS 6_1_3 like Mac OS X) AppleWebKit/536.26 (KHTML, like Gecko) Version/6.0 Mobile/10B329 Safari/8536.25"
84.211.95.131 - - [13/Aug/2013:16:36:30 -0400] "GET /styles/almost_white.gif HTTP/1.1" 200 73 "http://www.chris-nlp-hall.com/index.php?p=66" "Mozilla/5.0 (iPad; CPU OS 6_1_3 like Mac OS X) AppleWebKit/536.26 (KHTML, like Gecko) Version/6.0 Mobile/10B329 Safari/8536.25"
66.249.85.105 - - [13/Aug/2013:17:05:26 -0400] "GET /urchin.js HTTP/1.1" 404 575 "http://www.chris-nlp-hall.com/index.php?p=37" "Mozilla/5.0 (X11; Linux x86_64) AppleWebKit/537.4 (KHTML, like Gecko; Google Web Preview) Chrome/22.0.1229 Safari/537.4"
66.249.85.105 - - [13/Aug/2013:17:05:26 -0400] "GET /urchin.js HTTP/1.1" 404 575 "http://www.chris-nlp-hall.com/index.php?p=37" "Mozilla/5.0 (X11; Linux x86_64) AppleWebKit/537.4 (KHTML, like Gecko; Google Web Preview) Chrome/22.0.1229 Safari/537.4"
66.249.85.105 - - [13/Aug/2013:17:05:26 -0400] "GET /galleries/images/chris_hall_2012.jpg HTTP/1.1" 200 33187 "http://www.chris-nlp-hall.com/index.php?p=37" "Mozilla/5.0 (X11; Linux x86_64) AppleWebKit/537.4 (KHTML, like Gecko; Google Web Preview) Chrome/22.0.1229 Safari/537.4"
66.249.85.105 - - [13/Aug/2013:17:05:27 -0400] "GET /styles/hd_01_01.gif HTTP/1.1" 200 1035 "http://www.chris-nlp-hall.com/index.php?p=37" "Mozilla/5.0 (X11; Linux x86_64) AppleWebKit/537.4 (KHTML, like Gecko; Google Web Preview) Chrome/22.0.1229 Safari/537.4"
66.249.85.105 - - [13/Aug/2013:17:05:27 -0400] "GET /styles/sonlp_bg2.gif HTTP/1.1" 200 19608 "http://www.chris-nlp-hall.com/index.php?p=37" "Mozilla/5.0 (X11; Linux x86_64) AppleWebKit/537.4 (KHTML, like Gecko; Google Web Preview) Chrome/22.0.1229 Safari/537.4"
199.21.99.87 - - [13/Aug/2013:01:17:09 -0400] "GET /index.php?p=72 HTTP/1.1" 200 5981 "-" "Mozilla/5.0 (compatible; YandexBot/3.0; +http://yandex.com/bots)"
209.235.156.26 - - [13/Aug/2013:13:33:18 -0400] "GET /blog/wp-admin/ HTTP/1.1" 404 575 "-" "-"
208.167.230.3 - - [13/Aug/2013:14:00:59 -0400] "GET /index.php?p=69 HTTP/1.1" 503 323 "-" "Mozilla/5.0 (compatible; AhrefsBot/4.0; +http://ahrefs.com/robot/)"
76.19.73.2 - - [13/Aug/2013:14:09:17 -0400] "GET /galleries/images/ctl_lochmann_franziska.jpg HTTP/1.1" 200 2279 "-" "Mozilla/5.0 (Windows NT 6.1; WOW64; rv:23.0) Gecko/20100101 Firefox/23.0"
193.252.118.164 - - [13/Aug/2013:23:36:04 -0400] "GET /robots.txt HTTP/1.1" 404 575 "-" "Mozilla/5.0 (Windows; U; Windows NT 5.1; fr; rv:1.8.1) VoilaBot BETA 1.2 (support.voilabot@orange-ftgroup.com)"
81.152.173.207 - - [13/Aug/2013:09:18:05 -0400] "GET /index.php?p=39 HTTP/1.1" 200 4377 "http://www.chris-nlp-hall.com/index.php?p=37" "Mozilla/5.0 (Windows NT 6.1; WOW64; rv:22.0) Gecko/20100101 Firefox/22.0"
81.152.173.207 - - [13/Aug/2013:09:18:09 -0400] "GET /urchin.js HTTP/1.1" 404 575 "http://www.chris-nlp-hall.com/index.php?p=39" "Mozilla/5.0 (Windows NT 6.1; WOW64; rv:22.0) Gecko/20100101 Firefox/22.0"
67.243.6.67 - - [13/Aug/2013:11:29:18 -0400] "GET /index.php?p=70 HTTP/1.1" 200 16422 "http://www.chris-nlp-hall.com/index.php?p=48" "Mozilla/5.0 (Windows NT 6.2; WOW64) AppleWebKit/537.36 (KHTML, like Gecko) Chrome/28.0.1500.95 Safari/537.36"
67.243.6.67 - - [13/Aug/2013:11:29:19 -0400] "GET /galleries/images/us.gif HTTP/1.1" 200 367 "http://www.chris-nlp-hall.com/index.php?p=70" "Mozilla/5.0 (Windows NT 6.2; WOW64) AppleWebKit/537.36 (KHTML, like Gecko) Chrome/28.0.1500.95 Safari/537.36"
67.243.6.67 - - [13/Aug/2013:11:29:20 -0400] "GET /urchin.js HTTP/1.1" 404 575 "http://www.chris-nlp-hall.com/index.php?p=70" "Mozilla/5.0 (Windows NT 6.2; WOW64) AppleWebKit/537.36 (KHTML, like Gecko) Chrome/28.0.1500.95 Safari/537.36"
67.243.6.67 - - [13/Aug/2013:11:53:26 -0400] "GET /index.php?p=41 HTTP/1.1" 200 9960 "http://www.chris-nlp-hall.com/index.php?p=42" "Mozilla/5.0 (Windows NT 6.2; WOW64) AppleWebKit/537.36 (KHTML, like Gecko) Chrome/28.0.1500.95 Safari/537.36"
67.243.6.67 - - [13/Aug/2013:11:53:28 -0400] "GET /urchin.js HTTP/1.1" 404 575 "http://www.chris-nlp-hall.com/index.php?p=41" "Mozilla/5.0 (Windows NT 6.2; WOW64) AppleWebKit/537.36 (KHTML, like Gecko) Chrome/28.0.1500.95 Safari/537.36"
67.243.6.67 - - [13/Aug/2013:11:53:28 -0400] "GET /favicon.ico HTTP/1.1" 404 575 "-" "Mozilla/5.0 (Windows NT 6.2; WOW64) AppleWebKit/537.36 (KHTML, like Gecko) Chrome/28.0.1500.95 Safari/537.36"
208.167.230.3 - - [13/Aug/2013:15:26:14 -0400] "GET /index.php?p=74 HTTP/1.1" 200 4646 "-" "Mozilla/5.0 (compatible; AhrefsBot/4.0; +http://ahrefs.com/robot/)"
66.249.75.133 - - [13/Aug/2013:17:12:24 -0400] "GET /index.php?p=55 HTTP/1.1" 200 24160 "-" "Mozilla/5.0 (compatible; Googlebot/2.1; +http://www.google.com/bot.html)"
193.252.118.165 - - [13/Aug/2013:17:39:02 -0400] "GET /index.php?p=60?3e3ea140 HTTP/1.1" 200 3491 "-" "Mozilla/5.0 (Windows; U; Windows NT 5.1; fr; rv:1.8.1) VoilaBot BETA 1.2 (support.voilabot@orange-ftgroup.com)"
220.181.108.91 - - [13/Aug/2013:06:47:33 -0400] "GET /index.php?p=62 HTTP/1.1" 200 4055 "-" "Mozilla/5.0 (compatible; Baiduspider/2.0; +http://www.baidu.com/search/spider.html)"
66.249.75.133 - - [13/Aug/2013:07:40:24 -0400] "GET /index.php?p=64 HTTP/1.1" 200 6409 "-" "Mozilla/5.0 (iPhone; U; CPU iPhone OS 4_1 like Mac OS X; en-us) AppleWebKit/532.9 (KHTML, like Gecko) Version/4.0.5 Mobile/8B117 Safari/6531.22.7 (compatible; Googlebot-Mobile/2.1; +http://www.google.com/bot.html)"
217.69.133.245 - - [13/Aug/2013:04:58:55 -0400] "GET /index.php?p=68 HTTP/1.0" 200 5855 "-" "Mozilla/5.0 (compatible; Linux x86_64; Mail.RU_Bot/2.0; +http://go.mail.ru/help/robots)"
208.167.230.3 - - [13/Aug/2013:05:56:56 -0400] "GET /index.php?p=68 HTTP/1.1" 200 5855 "-" "Mozilla/5.0 (compatible; AhrefsBot/4.0; +http://ahrefs.com/robot/)"
46.119.118.152 - - [13/Aug/2013:03:07:29 -0400] "GET / HTTP/1.1" 200 6136 "http://cleaning-uborka.ru/" "Mozilla/4.0 (compatible; MSIE 6.0; MSIE 5.5; Windows NT 4.0) Opera 7.0 [en]"
137.110.244.139 - - [13/Aug/2013:05:02:57 -0400] "GET /index.php?p=42 HTTP/1.1" 200 3851 "-" "www.integromedb.org/Crawler"
81.152.173.207 - - [13/Aug/2013:09:10:11 -0400] "GET /styles/sonlp_bg2.gif HTTP/1.1" 200 19608 "http://www.chris-nlp-hall.com/styles/basic.css" "Mozilla/5.0 (Windows NT 6.1; WOW64; rv:22.0) Gecko/20100101 Firefox/22.0"
67.243.6.67 - - [13/Aug/2013:11:27:04 -0400] "GET /styles/hd_04_01.jpg HTTP/1.1" 200 33075 "http://www.chris-nlp-hall.com/" "Mozilla/5.0 (Windows NT 6.2; WOW64) AppleWebKit/537.36 (KHTML, like Gecko) Chrome/28.0.1500.95 Safari/537.36"
67.243.6.67 - - [13/Aug/2013:11:27:04 -0400] "GET /favicon.ico HTTP/1.1" 404 575 "-" "Mozilla/5.0 (Windows NT 6.2; WOW64) AppleWebKit/537.36 (KHTML, like Gecko) Chrome/28.0.1500.95 Safari/537.36"
67.243.6.67 - - [13/Aug/2013:11:29:19 -0400] "GET /galleries/images/icon2_email.gif HTTP/1.1" 200 613 "http://www.chris-nlp-hall.com/index.php?p=70" "Mozilla/5.0 (Windows NT 6.2; WOW64) AppleWebKit/537.36 (KHTML, like Gecko) Chrome/28.0.1500.95 Safari/537.36"
193.111.141.44 - - [13/Aug/2013:11:49:11 -0400] "GET /index.php?p=61 HTTP/1.1" 200 40201 "-" "Mozilla/5.0 (X11; Linux i686; rv:6.0) Gecko/20100101 Firefox/6.0"
199.30.25.57 - - [13/Aug/2013:20:05:36 -0400] "GET /styles/sonlp_bg2.gif HTTP/1.1" 200 19608 "http://www.chris-nlp-hall.com/index.php?p=52" "Mozilla/5.0 (Windows NT 6.1; WOW64) AppleWebKit/534+ (KHTML, like Gecko) BingPreview/1.0b"
66.249.75.5 - - [13/Aug/2013:01:32:08 -0400] "GET /robots.txt HTTP/1.1" 404 575 "-" "Mozilla/5.0 (compatible; Googlebot/2.1; +http://www.google.com/bot.html)"
66.249.85.232 - - [13/Aug/2013:16:52:58 -0400] "GET /galleries/images/chris_hall_2012.jpg HTTP/1.1" 200 33187 "http://kootation.com/model-christina-hall.html" "Mozilla/5.0 (X11; Linux x86_64) AppleWebKit/537.4 (KHTML, like Gecko; Google Web Preview) Chrome/22.0.1229 Safari/537.4"
193.252.118.165 - - [13/Aug/2013:17:38:22 -0400] "GET /robots.txt HTTP/1.1" 404 575 "-" "Mozilla/5.0 (Windows; U; Windows NT 5.1; fr; rv:1.8.1) VoilaBot BETA 1.2 (support.voilabot@orange-ftgroup.com)"
31.164.3.175 - - [13/Aug/2013:15:13:24 -0400] "GET /styles/hd_02_01.gif HTTP/1.1" 200 3217 "http://www.chris-nlp-hall.com/styles/basic.css" "Mozilla/5.0 (Windows NT 6.1; rv:23.0) Gecko/20100101 Firefox/23.0"
178.63.64.134 - - [13/Aug/2013:20:04:28 -0400] "GET / HTTP/1.1" 200 6136 "-" "Mozilla/5.0 (compatible; Googlebot/2.1; +http://www.google.com/bot.html)"
183.60.214.18 - - [13/Aug/2013:12:58:02 -0400] "GET / HTTP/1.1" 200 6136 "-" "Mozilla/5.0 (compatible; EasouSpider; +http://www.easou.com/search/spider.html)"
81.152.173.207 - - [13/Aug/2013:09:10:19 -0400] "GET /galleries/images/lotus_small.jpg HTTP/1.1" 200 1988 "http://www.chris-nlp-hall.com/index.php?p=1" "Mozilla/5.0 (Windows NT 6.1; WOW64; rv:22.0) Gecko/20100101 Firefox/22.0"
157.55.35.106 - - [13/Aug/2013:23:46:29 -0400] "GET /index.php?p=48 HTTP/1.1" 200 7742 "-" "Mozilla/5.0 (compatible; bingbot/2.0; +http://www.bing.com/bingbot.htm)"
91.17.180.239 - - [13/Aug/2013:04:35:24 -0400] "GET /galleries/images/icon2_email.gif HTTP/1.1" 200 613 "http://www.chris-nlp-hall.com/index.php?p=61" "Mozilla/5.0 (Macintosh; Intel Mac OS X 10_8_4) AppleWebKit/536.30.1 (KHTML, like Gecko) Version/6.0.5 Safari/536.30.1"
91.17.180.239 - - [13/Aug/2013:04:35:24 -0400] "GET /galleries/images/icon2_phone.gif HTTP/1.1" 200 574 "http://www.chris-nlp-hall.com/index.php?p=61" "Mozilla/5.0 (Macintosh; Intel Mac OS X 10_8_4) AppleWebKit/536.30.1 (KHTML, like Gecko) Version/6.0.5 Safari/536.30.1"
91.17.180.239 - - [13/Aug/2013:04:35:25 -0400] "GET /galleries/images/ctl_alberts_ingeborg.jpg HTTP/1.1" 200 3373 "http://www.chris-nlp-hall.com/index.php?p=61" "Mozilla/5.0 (Macintosh; Intel Mac OS X 10_8_4) AppleWebKit/536.30.1 (KHTML, like Gecko) Version/6.0.5 Safari/536.30.1"
91.17.180.239 - - [13/Aug/2013:04:35:25 -0400] "GET /galleries/images/ctl_koenig_melanie.jpg HTTP/1.1" 200 3139 "http://www.chris-nlp-hall.com/index.php?p=61" "Mozilla/5.0 (Macintosh; Intel Mac OS X 10_8_4) AppleWebKit/536.30.1 (KHTML, like Gecko) Version/6.0.5 Safari/536.30.1"
91.17.180.239 - - [13/Aug/2013:04:35:25 -0400] "GET /styles/hd_01_01.gif HTTP/1.1" 200 1035 "http://www.chris-nlp-hall.com/index.php?p=61" "Mozilla/5.0 (Macintosh; Intel Mac OS X 10_8_4) AppleWebKit/536.30.1 (KHTML, like Gecko) Version/6.0.5 Safari/536.30.1"
91.17.180.239 - - [13/Aug/2013:04:35:25 -0400] "GET /styles/hd_04_01.jpg HTTP/1.1" 200 33075 "http://www.chris-nlp-hall.com/index.php?p=61" "Mozilla/5.0 (Macintosh; Intel Mac OS X 10_8_4) AppleWebKit/536.30.1 (KHTML, like Gecko) Version/6.0.5 Safari/536.30.1"
208.167.230.3 - - [13/Aug/2013:18:50:48 -0400] "GET /index.php?p=69 HTTP/1.1" 200 6700 "-" "Mozilla/5.0 (compatible; AhrefsBot/4.0; +http://ahrefs.com/robot/)"
208.167.230.3 - - [13/Aug/2013:18:39:37 -0400] "GET /index.php?p=53 HTTP/1.1" 200 9109 "-" "Mozilla/5.0 (compatible; AhrefsBot/4.0; +http://ahrefs.com/robot/)"
198.50.171.245 - - [13/Aug/2013:02:25:00 -0400] "GET / HTTP/1.1" 200 6136 "-" "Mozilla/5.0 (X11; Linux i686; rv:6.0) Gecko/20100101 Firefox/6.0"
67.243.6.67 - - [13/Aug/2013:11:28:43 -0400] "GET /index.php?p=1 HTTP/1.1" 200 6136 "http://www.chris-nlp-hall.com/index.php?p=40" "Mozilla/5.0 (Windows NT 6.2; WOW64) AppleWebKit/537.36 (KHTML, like Gecko) Chrome/28.0.1500.95 Safari/537.36"
67.243.6.67 - - [13/Aug/2013:11:28:45 -0400] "GET /urchin.js HTTP/1.1" 404 575 "http://www.chris-nlp-hall.com/index.php?p=1" "Mozilla/5.0 (Windows NT 6.2; WOW64) AppleWebKit/537.36 (KHTML, like Gecko) Chrome/28.0.1500.95 Safari/537.36"
67.243.6.67 - - [13/Aug/2013:11:28:45 -0400] "GET /favicon.ico HTTP/1.1" 404 575 "-" "Mozilla/5.0 (Windows NT 6.2; WOW64) AppleWebKit/537.36 (KHTML, like Gecko) Chrome/28.0.1500.95 Safari/537.36"
157.56.93.93 - - [13/Aug/2013:22:06:26 -0400] "GET /styles/sonlp_bg2.gif HTTP/1.1" 200 19608 "-" "Mozilla/5.0 (compatible; bingbot/2.0; +http://www.bing.com/bingbot.htm)"
220.181.89.178 - - [13/Aug/2013:22:13:28 -0400] "GET /robots.txt HTTP/1.1" 404 575 "-" "Sogou web spider/4.0"
91.17.180.239 - - [13/Aug/2013:04:35:23 -0400] "GET /index.php?p=61 HTTP/1.1" 200 40201 "http://www.google.de/url?sa=t&rct=j&q=&esrc=s&source=web&cd=15&ved=0CE0QFjAEOAo&url=http%3A%2F%2Fwww.chris-nlp-hall.com%2Findex.php%3Fp%3D61&ei=wO8JUqqPIYaEO5j8gJgP&usg=AFQjCNF7ilQrcptoYuiXt6U6U_RE03muiA&bvm=bv.50500085,d.ZWU" "Mozilla/5.0 (Macintosh; Intel Mac OS X 10_8_4) AppleWebKit/536.30.1 (KHTML, like Gecko) Version/6.0.5 Safari/536.30.1"
91.17.180.239 - - [13/Aug/2013:04:35:25 -0400] "GET /galleries/images/ctl_felber_petra.jpg HTTP/1.1" 200 5327 "http://www.chris-nlp-hall.com/index.php?p=61" "Mozilla/5.0 (Macintosh; Intel Mac OS X 10_8_4) AppleWebKit/536.30.1 (KHTML, like Gecko) Version/6.0.5 Safari/536.30.1"
91.17.180.239 - - [13/Aug/2013:04:35:25 -0400] "GET /galleries/images/ctl_caspers_oliver.jpg HTTP/1.1" 200 3002 "http://www.chris-nlp-hall.com/index.php?p=61" "Mozilla/5.0 (Macintosh; Intel Mac OS X 10_8_4) AppleWebKit/536.30.1 (KHTML, like Gecko) Version/6.0.5 Safari/536.30.1"
91.17.180.239 - - [13/Aug/2013:04:35:25 -0400] "GET /styles/hd_03_01.gif HTTP/1.1" 200 3660 "http://www.chris-nlp-hall.com/index.php?p=61" "Mozilla/5.0 (Macintosh; Intel Mac OS X 10_8_4) AppleWebKit/536.30.1 (KHTML, like Gecko) Version/6.0.5 Safari/536.30.1"
91.17.180.239 - - [13/Aug/2013:04:35:25 -0400] "GET /galleries/images/ctl_dickhut_monika.jpg HTTP/1.1" 200 9633 "http://www.chris-nlp-hall.com/index.php?p=61" "Mozilla/5.0 (Macintosh; Intel Mac OS X 10_8_4) AppleWebKit/536.30.1 (KHTML, like Gecko) Version/6.0.5 Safari/536.30.1"
66.249.75.133 - - [13/Aug/2013:12:48:29 -0400] "GET /index.php?p=60 HTTP/1.1" 200 21710 "-" "Mozilla/5.0 (compatible; Googlebot/2.1; +http://www.google.com/bot.html)"
91.207.9.226 - - [13/Aug/2013:16:17:46 -0400] "GET / HTTP/1.1" 200 6136 "http://clubsovetov.ru/" "Mozilla/4.76 [en] (Windows NT 5.0; U)"
