197.1.36.222 - - [19/Aug/2013:16:01:07 -0400] "GET /styles/hd_02_02.gif HTTP/1.1" 200 9351 "http://www.chris-nlp-hall.com/index.php?p=69" "Mozilla/5.0 (Macintosh; Intel Mac OS X 10_7_5) AppleWebKit/534.57.7 (KHTML, like Gecko) Version/5.1.7 Safari/534.57.7"
143.106.129.9 - - [19/Aug/2013:17:28:47 -0400] "GET /styles/sonlp_bg2.gif HTTP/1.1" 200 19608 "http://www.chris-nlp-hall.com/" "Mozilla/5.0 (Windows NT 6.2; WOW64) AppleWebKit/537.36 (KHTML, like Gecko) Chrome/28.0.1500.95 Safari/537.36"
143.106.129.9 - - [19/Aug/2013:17:28:48 -0400] "GET /favicon.ico HTTP/1.1" 404 575 "-" "Mozilla/5.0 (Windows NT 6.2; WOW64) AppleWebKit/537.36 (KHTML, like Gecko) Chrome/28.0.1500.95 Safari/537.36"
93.182.137.7 - - [19/Aug/2013:09:44:24 -0400] "GET /index.php?p=1 HTTP/1.1" 200 6136 "http://www.chris-nlp-hall.com/" "Mozilla/4.0 (compatible; MSIE 7.0; Windows NT 5.1; Trident/4.0; .NET CLR 1.1.4322)"
74.193.70.231 - - [19/Aug/2013:10:23:52 -0400] "GET /styles/hd_04_01.jpg HTTP/1.1" 200 33075 "http://www.chris-nlp-hall.com/" "Mozilla/5.0 (Windows NT 6.1; WOW64) AppleWebKit/537.36 (KHTML, like Gecko) Chrome/28.0.1500.95 Safari/537.36"
74.193.70.231 - - [19/Aug/2013:10:23:52 -0400] "GET /favicon.ico HTTP/1.1" 404 575 "-" "Mozilla/5.0 (Windows NT 6.1; WOW64) AppleWebKit/537.36 (KHTML, like Gecko) Chrome/28.0.1500.95 Safari/537.36"
74.193.70.231 - - [19/Aug/2013:10:24:52 -0400] "GET /urchin.js HTTP/1.1" 404 575 "http://www.chris-nlp-hall.com/index.php?p=70" "Mozilla/5.0 (Windows NT 6.1; WOW64) AppleWebKit/537.36 (KHTML, like Gecko) Chrome/28.0.1500.95 Safari/537.36"
74.193.70.231 - - [19/Aug/2013:10:24:52 -0400] "GET /galleries/images/ctl_ragini_michaels.jpg HTTP/1.1" 200 3561 "http://www.chris-nlp-hall.com/index.php?p=70" "Mozilla/5.0 (Windows NT 6.1; WOW64) AppleWebKit/537.36 (KHTML, like Gecko) Chrome/28.0.1500.95 Safari/537.36"
74.193.70.231 - - [19/Aug/2013:10:24:52 -0400] "GET /galleries/images/ctl_demolina_michael.jpg HTTP/1.1" 200 6475 "http://www.chris-nlp-hall.com/index.php?p=70" "Mozilla/5.0 (Windows NT 6.1; WOW64) AppleWebKit/537.36 (KHTML, like Gecko) Chrome/28.0.1500.95 Safari/537.36"
74.193.70.231 - - [19/Aug/2013:10:24:52 -0400] "GET /favicon.ico HTTP/1.1" 404 575 "-" "Mozilla/5.0 (Windows NT 6.1; WOW64) AppleWebKit/537.36 (KHTML, like Gecko) Chrome/28.0.1500.95 Safari/537.36"
81.178.205.74 - - [19/Aug/2013:19:25:41 -0400] "GET /styles/hd_02_02.gif HTTP/1.1" 200 9351 "http://www.chris-nlp-hall.com/styles/basic.css" "Mozilla/5.0 (Windows NT 6.0; rv:21.0) Gecko/20100101 Firefox/21.0"
59.93.204.248 - - [19/Aug/2013:03:07:41 -0400] "GET /galleries/images/ctl_schimpke_michael.jpg HTTP/1.1" 200 3932 "http://www.chris-nlp-hall.com/index.php?p=61" "Mozilla/5.0 (Windows NT 5.1) AppleWebKit/537.36 (KHTML, like Gecko) Chrome/28.0.1500.95 Safari/537.36"
59.93.204.248 - - [19/Aug/2013:03:07:42 -0400] "GET /galleries/images/ctl_baumann-weiss_iris.jpg HTTP/1.1" 200 3244 "http://www.chris-nlp-hall.com/index.php?p=61" "Mozilla/5.0 (Windows NT 5.1) AppleWebKit/537.36 (KHTML, like Gecko) Chrome/28.0.1500.95 Safari/537.36"
59.93.204.248 - - [19/Aug/2013:03:07:42 -0400] "GET /galleries/images/ctl_dickhut_monika.jpg HTTP/1.1" 200 9633 "http://www.chris-nlp-hall.com/index.php?p=61" "Mozilla/5.0 (Windows NT 5.1) AppleWebKit/537.36 (KHTML, like Gecko) Chrome/28.0.1500.95 Safari/537.36"
180.96.16.70 - - [19/Aug/2013:04:21:28 -0400] "GET /styles/basic.css HTTP/1.1" 200 5091 "-" "Serf/1.1.0 mod_flashsdk/1.5.27.2-2918"
197.1.36.222 - - [19/Aug/2013:16:01:07 -0400] "GET /styles/basic.css HTTP/1.1" 200 5091 "http://www.chris-nlp-hall.com/index.php?p=69" "Mozilla/5.0 (Macintosh; Intel Mac OS X 10_7_5) AppleWebKit/534.57.7 (KHTML, like Gecko) Version/5.1.7 Safari/534.57.7"
197.1.36.222 - - [19/Aug/2013:16:01:07 -0400] "GET /styles/hd_02_01.gif HTTP/1.1" 200 3217 "http://www.chris-nlp-hall.com/index.php?p=69" "Mozilla/5.0 (Macintosh; Intel Mac OS X 10_7_5) AppleWebKit/534.57.7 (KHTML, like Gecko) Version/5.1.7 Safari/534.57.7"
72.129.85.76 - - [19/Aug/2013:00:14:53 -0400] "GET /styles/basic.css HTTP/1.1" 200 5091 "http://www.chris-nlp-hall.com/" "Mozilla/5.0 (Macintosh; U; Intel Mac OS X 10_6_8; en-us) AppleWebKit/533.21.1 (KHTML, like Gecko) Version/5.0.5 Safari/533.21.1"
72.129.85.76 - - [19/Aug/2013:00:14:53 -0400] "GET /styles/hd_02_01.gif HTTP/1.1" 200 3217 "http://www.chris-nlp-hall.com/" "Mozilla/5.0 (Macintosh; U; Intel Mac OS X 10_6_8; en-us) AppleWebKit/533.21.1 (KHTML, like Gecko) Version/5.0.5 Safari/533.21.1"
72.129.85.76 - - [19/Aug/2013:00:14:53 -0400] "GET /styles/almost_white.gif HTTP/1.1" 200 73 "http://www.chris-nlp-hall.com/" "Mozilla/5.0 (Macintosh; U; Intel Mac OS X 10_6_8; en-us) AppleWebKit/533.21.1 (KHTML, like Gecko) Version/5.0.5 Safari/533.21.1"
27.55.130.201 - - [19/Aug/2013:09:36:39 -0400] "GET /index.php?p=37 HTTP/1.1" 200 7777 "http://www.chris-nlp-hall.com/index.php?p=40" "Mozilla/5.0 (Windows NT 6.1; WOW64; rv:2.0.1) Gecko/20100101 Firefox/4.0.1"
89.84.25.79 - - [19/Aug/2013:09:45:05 -0400] "GET /styles/hd_02_01.gif HTTP/1.1" 200 3217 "http://www.chris-nlp-hall.com/styles/basic.css" "Mozilla/5.0 (Windows NT 6.1; WOW64; rv:23.0) Gecko/20100101 Firefox/23.0"
193.176.225.7 - - [19/Aug/2013:10:28:03 -0400] "GET /index.php?p=37 HTTP/1.1" 200 7777 "http://www.bing.com/search?q=christina+hall&src=IE-SearchBox&Form=IE8SRC" "Mozilla/4.0 (compatible; MSIE 8.0; Windows NT 5.1; Trident/4.0; .NET CLR 1.1.4322; .NET CLR 2.0.50727; .NET CLR 3.0.4506.2152; .NET CLR 3.5.30729; .NET4.0C; .NET4.0E)"
193.176.225.7 - - [19/Aug/2013:10:28:05 -0400] "GET /styles/chris.css HTTP/1.1" 200 1641 "http://www.chris-nlp-hall.com/index.php?p=37" "Mozilla/4.0 (compatible; MSIE 8.0; Windows NT 5.1; Trident/4.0; .NET CLR 1.1.4322; .NET CLR 2.0.50727; .NET CLR 3.0.4506.2152; .NET CLR 3.5.30729; .NET4.0C; .NET4.0E)"
193.176.225.7 - - [19/Aug/2013:10:28:05 -0400] "GET /styles/basic.css HTTP/1.1" 200 5091 "http://www.chris-nlp-hall.com/index.php?p=37" "Mozilla/4.0 (compatible; MSIE 8.0; Windows NT 5.1; Trident/4.0; .NET CLR 1.1.4322; .NET CLR 2.0.50727; .NET CLR 3.0.4506.2152; .NET CLR 3.5.30729; .NET4.0C; .NET4.0E)"
193.176.225.7 - - [19/Aug/2013:10:28:05 -0400] "GET /urchin.js HTTP/1.1" 404 575 "http://www.chris-nlp-hall.com/index.php?p=37" "Mozilla/4.0 (compatible; MSIE 8.0; Windows NT 5.1; Trident/4.0; .NET CLR 1.1.4322; .NET CLR 2.0.50727; .NET CLR 3.0.4506.2152; .NET CLR 3.5.30729; .NET4.0C; .NET4.0E)"
193.176.225.7 - - [19/Aug/2013:10:28:05 -0400] "GET /styles/sonlp_bg2.gif HTTP/1.1" 200 19608 "http://www.chris-nlp-hall.com/index.php?p=37" "Mozilla/4.0 (compatible; MSIE 8.0; Windows NT 5.1; Trident/4.0; .NET CLR 1.1.4322; .NET CLR 2.0.50727; .NET CLR 3.0.4506.2152; .NET CLR 3.5.30729; .NET4.0C; .NET4.0E)"
193.176.225.7 - - [19/Aug/2013:10:28:05 -0400] "GET /styles/hd_02_01.gif HTTP/1.1" 200 3217 "http://www.chris-nlp-hall.com/index.php?p=37" "Mozilla/4.0 (compatible; MSIE 8.0; Windows NT 5.1; Trident/4.0; .NET CLR 1.1.4322; .NET CLR 2.0.50727; .NET CLR 3.0.4506.2152; .NET CLR 3.5.30729; .NET4.0C; .NET4.0E)"
193.176.225.7 - - [19/Aug/2013:10:28:06 -0400] "GET /styles/hd_04_01.jpg HTTP/1.1" 200 33075 "http://www.chris-nlp-hall.com/index.php?p=37" "Mozilla/4.0 (compatible; MSIE 8.0; Windows NT 5.1; Trident/4.0; .NET CLR 1.1.4322; .NET CLR 2.0.50727; .NET CLR 3.0.4506.2152; .NET CLR 3.5.30729; .NET4.0C; .NET4.0E)"
193.176.225.7 - - [19/Aug/2013:10:28:07 -0400] "GET /favicon.ico HTTP/1.1" 404 575 "-" "Mozilla/4.0 (compatible; MSIE 8.0; Windows NT 5.1; Trident/4.0; .NET CLR 1.1.4322; .NET CLR 2.0.50727; .NET CLR 3.0.4506.2152; .NET CLR 3.5.30729; .NET4.0C; .NET4.0E)"
193.176.225.7 - - [19/Aug/2013:10:31:47 -0400] "GET /urchin.js HTTP/1.1" 404 575 "http://www.chris-nlp-hall.com/index.php?p=48" "Mozilla/4.0 (compatible; MSIE 8.0; Windows NT 5.1; Trident/4.0; .NET CLR 1.1.4322; .NET CLR 2.0.50727; .NET CLR 3.0.4506.2152; .NET CLR 3.5.30729; .NET4.0C; .NET4.0E)"
197.1.36.222 - - [19/Aug/2013:16:01:07 -0400] "GET /galleries/images/tn.gif HTTP/1.1" 200 375 "http://www.chris-nlp-hall.com/index.php?p=69" "Mozilla/5.0 (Macintosh; Intel Mac OS X 10_7_5) AppleWebKit/534.57.7 (KHTML, like Gecko) Version/5.1.7 Safari/534.57.7"
197.1.36.222 - - [19/Aug/2013:16:01:07 -0400] "GET /styles/hd_03_01.gif HTTP/1.1" 200 3660 "http://www.chris-nlp-hall.com/index.php?p=69" "Mozilla/5.0 (Macintosh; Intel Mac OS X 10_7_5) AppleWebKit/534.57.7 (KHTML, like Gecko) Version/5.1.7 Safari/534.57.7"
83.103.189.110 - - [19/Aug/2013:16:53:23 -0400] "GET / HTTP/1.1" 200 6136 "-" "Mozilla/5.0 (Windows; U; Windows NT 5.1; en-GB; rv:1.8.1.16) Gecko/20080702 Firefox/2.0.0.16"
157.55.36.49 - - [19/Aug/2013:19:26:57 -0400] "GET /index.php?p=40 HTTP/1.1" 200 16094 "-" "Mozilla/5.0 (compatible; bingbot/2.0; +http://www.bing.com/bingbot.htm)"
213.110.133.221 - - [19/Aug/2013:20:01:18 -0400] "GET / HTTP/1.1" 200 6136 "http://s808.ru/" "Mozilla/4.0 (compatible; Blog Search;)"
72.129.85.76 - - [19/Aug/2013:00:14:53 -0400] "GET /galleries/images/lotus_small.jpg HTTP/1.1" 200 1988 "http://www.chris-nlp-hall.com/" "Mozilla/5.0 (Macintosh; U; Intel Mac OS X 10_6_8; en-us) AppleWebKit/533.21.1 (KHTML, like Gecko) Version/5.0.5 Safari/533.21.1"
72.129.85.76 - - [19/Aug/2013:00:14:53 -0400] "GET /urchin.js HTTP/1.1" 404 575 "http://www.chris-nlp-hall.com/" "Mozilla/5.0 (Macintosh; U; Intel Mac OS X 10_6_8; en-us) AppleWebKit/533.21.1 (KHTML, like Gecko) Version/5.0.5 Safari/533.21.1"
198.27.69.78 - - [19/Aug/2013:09:15:46 -0400] "GET / HTTP/1.1" 200 6136 "-" "Mozilla/5.0 (Windows; U; Windows NT 6.1; en-US) AppleWebKit/534.13 (KHTML, like Gecko) Chrome/9.0.597.107 Safari/534.13 BuiltWith/1.2"
74.193.70.231 - - [19/Aug/2013:10:23:52 -0400] "GET /galleries/images/lotus_small.jpg HTTP/1.1" 200 1988 "http://www.chris-nlp-hall.com/" "Mozilla/5.0 (Windows NT 6.1; WOW64) AppleWebKit/537.36 (KHTML, like Gecko) Chrome/28.0.1500.95 Safari/537.36"
74.193.70.231 - - [19/Aug/2013:10:23:52 -0400] "GET /styles/hd_03_01.gif HTTP/1.1" 200 3660 "http://www.chris-nlp-hall.com/" "Mozilla/5.0 (Windows NT 6.1; WOW64) AppleWebKit/537.36 (KHTML, like Gecko) Chrome/28.0.1500.95 Safari/537.36"
193.176.225.7 - - [19/Aug/2013:10:31:54 -0400] "GET /galleries/images/us.gif HTTP/1.1" 200 367 "http://www.chris-nlp-hall.com/index.php?p=70" "Mozilla/4.0 (compatible; MSIE 8.0; Windows NT 5.1; Trident/4.0; .NET CLR 1.1.4322; .NET CLR 2.0.50727; .NET CLR 3.0.4506.2152; .NET CLR 3.5.30729; .NET4.0C; .NET4.0E)"
193.176.225.7 - - [19/Aug/2013:10:31:54 -0400] "GET /galleries/images/icon2_phone.gif HTTP/1.1" 200 574 "http://www.chris-nlp-hall.com/index.php?p=70" "Mozilla/4.0 (compatible; MSIE 8.0; Windows NT 5.1; Trident/4.0; .NET CLR 1.1.4322; .NET CLR 2.0.50727; .NET CLR 3.0.4506.2152; .NET CLR 3.5.30729; .NET4.0C; .NET4.0E)"
193.176.225.7 - - [19/Aug/2013:10:31:54 -0400] "GET /galleries/images/ctl_demolina_michael.jpg HTTP/1.1" 200 6475 "http://www.chris-nlp-hall.com/index.php?p=70" "Mozilla/4.0 (compatible; MSIE 8.0; Windows NT 5.1; Trident/4.0; .NET CLR 1.1.4322; .NET CLR 2.0.50727; .NET CLR 3.0.4506.2152; .NET CLR 3.5.30729; .NET4.0C; .NET4.0E)"
91.207.9.226 - - [19/Aug/2013:03:24:09 -0400] "GET / HTTP/1.1" 200 6136 "http://www.conclav.ru/" "Mozilla/4.0 (compatible; MSIE 6.0; Windows NT 5.1; FREE; .NET CLR 1.1.4322)"
157.55.34.24 - - [19/Aug/2013:23:20:05 -0400] "GET /styles/hd_02_01.gif HTTP/1.1" 200 3217 "-" "Mozilla/5.0 (compatible; bingbot/2.0; +http://www.bing.com/bingbot.htm)"
81.52.143.36 - - [19/Aug/2013:23:27:26 -0400] "GET /index.php?p=49 HTTP/1.1" 200 16097 "-" "Mozilla/5.0 (Windows; U; Windows NT 5.1; fr; rv:1.8.1) VoilaBot BETA 1.2 (support.voilabot@orange-ftgroup.com)"
46.118.126.194 - - [19/Aug/2013:09:17:56 -0400] "GET / HTTP/1.1" 200 6136 "http://www.echomsk.spb.ru/" "Mozilla/4.0 (compatible; MSIE 6.0; MSIE 5.5; Windows NT 4.0) Opera 7.0 [en]"
66.249.75.133 - - [19/Aug/2013:09:59:59 -0400] "GET /index.php?p=72 HTTP/1.1" 200 5981 "-" "Mozilla/5.0 (compatible; Googlebot/2.1; +http://www.google.com/bot.html)"
74.193.70.231 - - [19/Aug/2013:10:24:52 -0400] "GET /galleries/images/icon2_email.gif HTTP/1.1" 200 613 "http://www.chris-nlp-hall.com/index.php?p=70" "Mozilla/5.0 (Windows NT 6.1; WOW64) AppleWebKit/537.36 (KHTML, like Gecko) Chrome/28.0.1500.95 Safari/537.36"
193.176.225.7 - - [19/Aug/2013:10:34:07 -0400] "GET /index.php?p=73 HTTP/1.1" 200 11470 "http://www.chris-nlp-hall.com/index.php?p=48" "Mozilla/4.0 (compatible; MSIE 8.0; Windows NT 5.1; Trident/4.0; .NET CLR 1.1.4322; .NET CLR 2.0.50727; .NET CLR 3.0.4506.2152; .NET CLR 3.5.30729; .NET4.0C; .NET4.0E)"
78.125.213.246 - - [19/Aug/2013:10:37:31 -0400] "GET /styles/basic.css HTTP/1.1" 200 5091 "http://www.chris-nlp-hall.com/" "Mozilla/5.0 (Windows NT 6.0; rv:21.0) Gecko/20100101 Firefox/21.0"
78.125.213.246 - - [19/Aug/2013:10:37:32 -0400] "GET /styles/hd_01_01.gif HTTP/1.1" 200 1035 "http://www.chris-nlp-hall.com/styles/basic.css" "Mozilla/5.0 (Windows NT 6.0; rv:21.0) Gecko/20100101 Firefox/21.0"
78.125.213.246 - - [19/Aug/2013:10:37:32 -0400] "GET /styles/almost_white.gif HTTP/1.1" 200 73 "http://www.chris-nlp-hall.com/" "Mozilla/5.0 (Windows NT 6.0; rv:21.0) Gecko/20100101 Firefox/21.0"
216.17.99.97 - - [19/Aug/2013:10:55:40 -0400] "GET /styles/sonlp_bg2.gif HTTP/1.1" 200 19608 "http://www.chris-nlp-hall.com/styles/basic.css" "Mozilla/4.0 (compatible; MSIE 8.0; Windows NT 5.1; Trident/4.0; .NET CLR 2.0.50727)"
216.17.99.97 - - [19/Aug/2013:10:55:40 -0400] "GET /styles/hd_01_01.gif HTTP/1.1" 200 1035 "http://www.chris-nlp-hall.com/styles/basic.css" "Mozilla/4.0 (compatible; MSIE 8.0; Windows NT 5.1; Trident/4.0; .NET CLR 2.0.50727)"
216.17.99.97 - - [19/Aug/2013:10:55:40 -0400] "GET /styles/hd_02_01.gif HTTP/1.1" 200 3217 "http://www.chris-nlp-hall.com/styles/basic.css" "Mozilla/4.0 (compatible; MSIE 8.0; Windows NT 5.1; Trident/4.0; .NET CLR 2.0.50727)"
216.17.99.97 - - [19/Aug/2013:10:55:40 -0400] "GET /styles/hd_02_02.gif HTTP/1.1" 200 9351 "http://www.chris-nlp-hall.com/styles/basic.css" "Mozilla/4.0 (compatible; MSIE 8.0; Windows NT 5.1; Trident/4.0; .NET CLR 2.0.50727)"
216.17.99.97 - - [19/Aug/2013:10:55:40 -0400] "GET /styles/hd_03_01.gif HTTP/1.1" 200 3660 "http://www.chris-nlp-hall.com/styles/basic.css" "Mozilla/4.0 (compatible; MSIE 8.0; Windows NT 5.1; Trident/4.0; .NET CLR 2.0.50727)"
216.17.99.97 - - [19/Aug/2013:10:55:40 -0400] "GET /styles/hd_04_01.jpg HTTP/1.1" 200 33075 "http://www.chris-nlp-hall.com/styles/basic.css" "Mozilla/4.0 (compatible; MSIE 8.0; Windows NT 5.1; Trident/4.0; .NET CLR 2.0.50727)"
193.252.149.14 - - [19/Aug/2013:19:42:03 -0400] "GET /index.php?p=69 HTTP/1.1" 200 6700 "-" "Mozilla/5.0 (Windows; U; Windows NT 5.1; fr; rv:1.8.1) VoilaBot BETA 1.2 (support.voilabot@orange-ftgroup.com)"
199.30.24.239 - - [19/Aug/2013:20:28:38 -0400] "GET /styles/hd_02_01.gif HTTP/1.1" 200 3217 "http://www.chris-nlp-hall.com/index.php?p=40" "Mozilla/5.0 (Windows NT 6.1; WOW64) AppleWebKit/534+ (KHTML, like Gecko) BingPreview/1.0b"
199.30.24.239 - - [19/Aug/2013:20:28:39 -0400] "GET /styles/sonlp_bg2.gif HTTP/1.1" 200 19608 "http://www.chris-nlp-hall.com/index.php?p=40" "Mozilla/5.0 (Windows NT 6.1; WOW64) AppleWebKit/534+ (KHTML, like Gecko) BingPreview/1.0b"
157.55.32.93 - - [19/Aug/2013:00:14:00 -0400] "GET /index.php?p=48 HTTP/1.1" 200 7742 "-" "Mozilla/5.0 (compatible; bingbot/2.0; +http://www.bing.com/bingbot.htm)"
180.76.5.138 - - [19/Aug/2013:00:39:03 -0400] "GET /galleries/docs/working_from_the_heart_rapport.pdf HTTP/1.1" 200 136950 "-" "Mozilla/5.0 (compatible; Baiduspider/2.0; +http://www.baidu.com/search/spider.html)"
192.149.74.10 - - [19/Aug/2013:13:01:48 -0400] "GET /urchin.js HTTP/1.1" 404 575 "http://www.chris-nlp-hall.com/index.php?p=37" "Mozilla/5.0 (Windows NT 5.1; rv:17.0) Gecko/20100101 Firefox/17.0"
59.93.204.248 - - [19/Aug/2013:03:09:23 -0400] "GET /index.php?p=48 HTTP/1.1" 200 7742 "http://www.chris-nlp-hall.com/index.php?p=61" "Mozilla/5.0 (Windows NT 5.1) AppleWebKit/537.36 (KHTML, like Gecko) Chrome/28.0.1500.95 Safari/537.36"
59.93.204.248 - - [19/Aug/2013:03:09:26 -0400] "GET /favicon.ico HTTP/1.1" 404 575 "-" "Mozilla/5.0 (Windows NT 5.1) AppleWebKit/537.36 (KHTML, like Gecko) Chrome/28.0.1500.95 Safari/537.36"
157.55.32.93 - - [19/Aug/2013:03:34:17 -0400] "GET / HTTP/1.1" 200 6136 "-" "Mozilla/5.0 (compatible; bingbot/2.0; +http://www.bing.com/bingbot.htm)"
157.56.92.141 - - [19/Aug/2013:12:49:54 -0400] "GET /index.php?p=37 HTTP/1.1" 200 7777 "-" "Mozilla/5.0 (compatible; bingbot/2.0; +http://www.bing.com/bingbot.htm)"
192.149.74.10 - - [19/Aug/2013:13:12:57 -0400] "GET /galleries/docs/working_from_the_heart_rapport.pdf HTTP/1.1" 200 136950 "http://www.chris-nlp-hall.com/index.php?p=74" "Mozilla/5.0 (Windows NT 5.1; rv:17.0) Gecko/20100101 Firefox/17.0"
101.227.4.26 - - [19/Aug/2013:14:25:55 -0400] "HEAD /index.php?p=73 HTTP/1.1" 200 - "-" "Mozilla/5.0 (compatible; YYSpider; +http://www.yunyun.com/spider.html)"
92.234.13.172 - - [19/Aug/2013:09:03:54 -0400] "GET /index.php?p=48 HTTP/1.1" 200 7742 "https://www.google.co.uk/" "Mozilla/5.0 (iPhone; CPU iPhone OS 6_1_4 like Mac OS X) AppleWebKit/536.26 (KHTML, like Gecko) Version/6.0 Mobile/10B350 Safari/8536.25"
92.234.13.172 - - [19/Aug/2013:09:03:57 -0400] "GET /styles/hd_02_01.gif HTTP/1.1" 200 3217 "http://www.chris-nlp-hall.com/index.php?p=48" "Mozilla/5.0 (iPhone; CPU iPhone OS 6_1_4 like Mac OS X) AppleWebKit/536.26 (KHTML, like Gecko) Version/6.0 Mobile/10B350 Safari/8536.25"
92.234.13.172 - - [19/Aug/2013:09:03:57 -0400] "GET /styles/sonlp_bg2.gif HTTP/1.1" 200 19608 "http://www.chris-nlp-hall.com/index.php?p=48" "Mozilla/5.0 (iPhone; CPU iPhone OS 6_1_4 like Mac OS X) AppleWebKit/536.26 (KHTML, like Gecko) Version/6.0 Mobile/10B350 Safari/8536.25"
46.118.126.194 - - [19/Aug/2013:09:17:57 -0400] "GET / HTTP/1.1" 200 6136 "http://www.echomsk.spb.ru/" "Mozilla/4.0 (compatible; MSIE 6.0; MSIE 5.5; Windows NT 4.0) Opera 7.0 [en]"
93.182.137.7 - - [19/Aug/2013:09:44:22 -0400] "GET /index.php?p=70 HTTP/1.1" 200 16422 "http://www.chris-nlp-hall.com/" "Mozilla/4.0 (compatible; MSIE 7.0; Windows NT 5.1; Trident/4.0; .NET CLR 1.1.4322)"
193.176.225.7 - - [19/Aug/2013:10:32:52 -0400] "GET /index.php?p=48 HTTP/1.1" 200 7742 "http://www.chris-nlp-hall.com/index.php?p=41" "Mozilla/4.0 (compatible; MSIE 8.0; Windows NT 5.1; Trident/4.0; .NET CLR 1.1.4322; .NET CLR 2.0.50727; .NET CLR 3.0.4506.2152; .NET CLR 3.5.30729; .NET4.0C; .NET4.0E)"
193.176.225.7 - - [19/Aug/2013:10:32:53 -0400] "GET /urchin.js HTTP/1.1" 404 575 "http://www.chris-nlp-hall.com/index.php?p=48" "Mozilla/4.0 (compatible; MSIE 8.0; Windows NT 5.1; Trident/4.0; .NET CLR 1.1.4322; .NET CLR 2.0.50727; .NET CLR 3.0.4506.2152; .NET CLR 3.5.30729; .NET4.0C; .NET4.0E)"
112.215.66.71 - - [19/Aug/2013:15:19:51 -0400] "GET /styles/chris.css HTTP/1.1" 200 1641 "http://www.chris-nlp-hall.com/index.php?p=41" "Mozilla/5.0 (Windows NT 6.2) AppleWebKit/537.36 (KHTML, like Gecko) Chrome/28.0.1500.95 Safari/537.36"
112.215.66.71 - - [19/Aug/2013:15:19:52 -0400] "GET /styles/hd_02_01.gif HTTP/1.1" 200 3217 "http://www.chris-nlp-hall.com/index.php?p=41" "Mozilla/5.0 (Windows NT 6.2) AppleWebKit/537.36 (KHTML, like Gecko) Chrome/28.0.1500.95 Safari/537.36"
27.55.130.201 - - [19/Aug/2013:09:33:33 -0400] "GET /styles/basic.css HTTP/1.1" 200 5091 "http://www.chris-nlp-hall.com/" "Mozilla/5.0 (Windows NT 6.1; WOW64; rv:2.0.1) Gecko/20100101 Firefox/4.0.1"
89.84.25.79 - - [19/Aug/2013:09:45:04 -0400] "GET /galleries/images/lotus_small.jpg HTTP/1.1" 200 1988 "http://www.chris-nlp-hall.com/" "Mozilla/5.0 (Windows NT 6.1; WOW64; rv:23.0) Gecko/20100101 Firefox/23.0"
89.84.25.79 - - [19/Aug/2013:09:45:05 -0400] "GET /styles/hd_04_01.jpg HTTP/1.1" 200 33075 "http://www.chris-nlp-hall.com/styles/basic.css" "Mozilla/5.0 (Windows NT 6.1; WOW64; rv:23.0) Gecko/20100101 Firefox/23.0"
89.84.25.79 - - [19/Aug/2013:09:45:06 -0400] "GET /favicon.ico HTTP/1.1" 404 575 "-" "Mozilla/5.0 (Windows NT 6.1; WOW64; rv:23.0) Gecko/20100101 Firefox/23.0"
193.176.225.7 - - [19/Aug/2013:10:31:52 -0400] "GET /index.php?p=70 HTTP/1.1" 200 16422 "http://www.chris-nlp-hall.com/index.php?p=48" "Mozilla/4.0 (compatible; MSIE 8.0; Windows NT 5.1; Trident/4.0; .NET CLR 1.1.4322; .NET CLR 2.0.50727; .NET CLR 3.0.4506.2152; .NET CLR 3.5.30729; .NET4.0C; .NET4.0E)"
193.176.225.7 - - [19/Aug/2013:10:31:54 -0400] "GET /galleries/images/ctl_ragini_michaels.jpg HTTP/1.1" 200 3561 "http://www.chris-nlp-hall.com/index.php?p=70" "Mozilla/4.0 (compatible; MSIE 8.0; Windows NT 5.1; Trident/4.0; .NET CLR 1.1.4322; .NET CLR 2.0.50727; .NET CLR 3.0.4506.2152; .NET CLR 3.5.30729; .NET4.0C; .NET4.0E)"
193.176.225.7 - - [19/Aug/2013:10:31:54 -0400] "GET /galleries/images/empty.gif HTTP/1.1" 200 43 "http://www.chris-nlp-hall.com/index.php?p=70" "Mozilla/4.0 (compatible; MSIE 8.0; Windows NT 5.1; Trident/4.0; .NET CLR 1.1.4322; .NET CLR 2.0.50727; .NET CLR 3.0.4506.2152; .NET CLR 3.5.30729; .NET4.0C; .NET4.0E)"
193.176.225.7 - - [19/Aug/2013:10:31:54 -0400] "GET /galleries/images/ctl_watson_michael.png HTTP/1.1" 200 18928 "http://www.chris-nlp-hall.com/index.php?p=70" "Mozilla/4.0 (compatible; MSIE 8.0; Windows NT 5.1; Trident/4.0; .NET CLR 1.1.4322; .NET CLR 2.0.50727; .NET CLR 3.0.4506.2152; .NET CLR 3.5.30729; .NET4.0C; .NET4.0E)"
193.176.225.7 - - [19/Aug/2013:10:31:54 -0400] "GET /urchin.js HTTP/1.1" 404 575 "http://www.chris-nlp-hall.com/index.php?p=70" "Mozilla/4.0 (compatible; MSIE 8.0; Windows NT 5.1; Trident/4.0; .NET CLR 1.1.4322; .NET CLR 2.0.50727; .NET CLR 3.0.4506.2152; .NET CLR 3.5.30729; .NET4.0C; .NET4.0E)"
193.176.225.7 - - [19/Aug/2013:10:32:33 -0400] "GET /index.php?p=39 HTTP/1.1" 200 4377 "http://www.chris-nlp-hall.com/index.php?p=1" "Mozilla/4.0 (compatible; MSIE 8.0; Windows NT 5.1; Trident/4.0; .NET CLR 1.1.4322; .NET CLR 2.0.50727; .NET CLR 3.0.4506.2152; .NET CLR 3.5.30729; .NET4.0C; .NET4.0E)"
193.176.225.7 - - [19/Aug/2013:10:32:34 -0400] "GET /urchin.js HTTP/1.1" 404 575 "http://www.chris-nlp-hall.com/index.php?p=39" "Mozilla/4.0 (compatible; MSIE 8.0; Windows NT 5.1; Trident/4.0; .NET CLR 1.1.4322; .NET CLR 2.0.50727; .NET CLR 3.0.4506.2152; .NET CLR 3.5.30729; .NET4.0C; .NET4.0E)"
193.176.225.7 - - [19/Aug/2013:10:32:36 -0400] "GET /index.php?p=48 HTTP/1.1" 200 7742 "http://www.chris-nlp-hall.com/index.php?p=1" "Mozilla/4.0 (compatible; MSIE 8.0; Windows NT 5.1; Trident/4.0; .NET CLR 1.1.4322; .NET CLR 2.0.50727; .NET CLR 3.0.4506.2152; .NET CLR 3.5.30729; .NET4.0C; .NET4.0E)"
199.30.16.36 - - [19/Aug/2013:23:14:21 -0400] "GET /galleries/images/chris_portrait.jpg HTTP/1.1" 200 14498 "-" "msnbot-media/1.1 (+http://search.msn.com/msnbot.htm)"
46.229.167.149 - - [19/Aug/2013:23:43:27 -0400] "GET / HTTP/1.1" 200 6136 "-" "Mozilla/5.0 (Windows NT 6.1; Win64; x64; rv:2.0b8pre) Gecko/20101128 Firefox/4.0b8pre"
81.178.205.74 - - [19/Aug/2013:19:25:41 -0400] "GET /styles/hd_04_01.jpg HTTP/1.1" 200 33075 "http://www.chris-nlp-hall.com/styles/basic.css" "Mozilla/5.0 (Windows NT 6.0; rv:21.0) Gecko/20100101 Firefox/21.0"
193.176.225.7 - - [19/Aug/2013:10:34:17 -0400] "GET /index.php?p=73 HTTP/1.1" 200 11470 "http://www.chris-nlp-hall.com/index.php?p=61" "Mozilla/4.0 (compatible; MSIE 8.0; Windows NT 5.1; Trident/4.0; .NET CLR 1.1.4322; .NET CLR 2.0.50727; .NET CLR 3.0.4506.2152; .NET CLR 3.5.30729; .NET4.0C; .NET4.0E)"
83.103.189.110 - - [19/Aug/2013:16:53:26 -0400] "GET /index.php?p=42 HTTP/1.1" 200 3851 "-" "Mozilla/5.0 (Windows; U; Windows NT 5.1; en-GB; rv:1.8.1.16) Gecko/20080702 Firefox/2.0.0.16"
143.106.129.9 - - [19/Aug/2013:17:28:45 -0400] "GET /styles/chris.css HTTP/1.1" 200 1641 "http://www.chris-nlp-hall.com/" "Mozilla/5.0 (Windows NT 6.2; WOW64) AppleWebKit/537.36 (KHTML, like Gecko) Chrome/28.0.1500.95 Safari/537.36"
143.106.129.9 - - [19/Aug/2013:17:28:45 -0400] "GET /styles/hd_02_01.gif HTTP/1.1" 200 3217 "http://www.chris-nlp-hall.com/" "Mozilla/5.0 (Windows NT 6.2; WOW64) AppleWebKit/537.36 (KHTML, like Gecko) Chrome/28.0.1500.95 Safari/537.36"
208.115.113.83 - - [19/Aug/2013:05:57:54 -0400] "GET /robots.txt HTTP/1.1" 404 575 "-" "Mozilla/5.0 (compatible; Ezooms/1.0; ezooms.bot@gmail.com)"
81.52.143.15 - - [19/Aug/2013:01:38:54 -0400] "GET /index.php?p=39 HTTP/1.1" 200 4377 "-" "Mozilla/5.0 (Windows; U; Windows NT 5.1; fr; rv:1.8.1) VoilaBot BETA 1.2 (support.voilabot@orange-ftgroup.com)"
220.181.89.178 - - [19/Aug/2013:02:50:11 -0400] "GET / HTTP/1.1" 200 6136 "-" "Sogou web spider/4.0(+http://www.sogou.com/docs/help/webmasters.htm#07)"
192.149.74.10 - - [19/Aug/2013:13:02:09 -0400] "GET /index.php?p=39 HTTP/1.1" 200 4377 "http://www.chris-nlp-hall.com/index.php?p=37" "Mozilla/5.0 (Windows NT 5.1; rv:17.0) Gecko/20100101 Firefox/17.0"
192.149.74.10 - - [19/Aug/2013:13:02:11 -0400] "GET /urchin.js HTTP/1.1" 404 575 "http://www.chris-nlp-hall.com/index.php?p=39" "Mozilla/5.0 (Windows NT 5.1; rv:17.0) Gecko/20100101 Firefox/17.0"
193.252.149.14 - - [19/Aug/2013:19:41:53 -0400] "GET /robots.txt HTTP/1.1" 404 575 "-" "Mozilla/5.0 (Windows; U; Windows NT 5.1; fr; rv:1.8.1) VoilaBot BETA 1.2 (support.voilabot@orange-ftgroup.com)"
220.181.108.112 - - [19/Aug/2013:21:53:00 -0400] "GET / HTTP/1.1" 200 6136 "-" "Mozilla/5.0 (compatible; Baiduspider/2.0; +http://www.baidu.com/search/spider.html)"
193.176.225.7 - - [19/Aug/2013:10:30:47 -0400] "GET /urchin.js HTTP/1.1" 404 575 "http://www.chris-nlp-hall.com/index.php?p=1" "Mozilla/4.0 (compatible; MSIE 8.0; Windows NT 5.1; Trident/4.0; .NET CLR 1.1.4322; .NET CLR 2.0.50727; .NET CLR 3.0.4506.2152; .NET CLR 3.5.30729; .NET4.0C; .NET4.0E)"
193.176.225.7 - - [19/Aug/2013:10:30:47 -0400] "GET /favicon.ico HTTP/1.1" 404 575 "-" "Mozilla/4.0 (compatible; MSIE 8.0; Windows NT 5.1; Trident/4.0; .NET CLR 1.1.4322; .NET CLR 2.0.50727; .NET CLR 3.0.4506.2152; .NET CLR 3.5.30729; .NET4.0C; .NET4.0E)"
157.56.92.141 - - [19/Aug/2013:13:55:53 -0400] "GET /urchin.js HTTP/1.1" 404 575 "-" "Mozilla/5.0 (compatible; bingbot/2.0; +http://www.bing.com/bingbot.htm)"
208.115.113.83 - - [19/Aug/2013:06:38:11 -0400] "GET /index.php?p=48 HTTP/1.1" 503 323 "-" "Mozilla/5.0 (compatible; Ezooms/1.0; ezooms.bot@gmail.com)"
46.119.118.152 - - [19/Aug/2013:02:50:27 -0400] "GET / HTTP/1.1" 200 6136 "http://murbook.com/" "Mozilla/4.0 (compatible; MSIE 6.0; MSIE 5.5; Windows NT 4.0) Opera 7.0 [en]"
193.176.225.7 - - [19/Aug/2013:10:34:07 -0400] "GET /index.php?p=73 HTTP/1.1" 200 11470 "http://www.chris-nlp-hall.com/index.php?p=48" "Mozilla/4.0 (compatible; MSIE 8.0; Windows NT 5.1; Trident/4.0; .NET CLR 1.1.4322; .NET CLR 2.0.50727; .NET CLR 3.0.4506.2152; .NET CLR 3.5.30729; .NET4.0C; .NET4.0E)"
112.215.66.69 - - [19/Aug/2013:15:19:51 -0400] "GET /urchin.js HTTP/1.1" 404 575 "http://www.chris-nlp-hall.com/index.php?p=41" "Mozilla/5.0 (Windows NT 6.2) AppleWebKit/537.36 (KHTML, like Gecko) Chrome/28.0.1500.95 Safari/537.36"
112.215.66.69 - - [19/Aug/2013:15:19:52 -0400] "GET /styles/hd_01_01.gif HTTP/1.1" 200 1035 "http://www.chris-nlp-hall.com/index.php?p=41" "Mozilla/5.0 (Windows NT 6.2) AppleWebKit/537.36 (KHTML, like Gecko) Chrome/28.0.1500.95 Safari/537.36"
112.215.66.69 - - [19/Aug/2013:15:19:52 -0400] "GET /styles/almost_white.gif HTTP/1.1" 200 73 "http://www.chris-nlp-hall.com/index.php?p=41" "Mozilla/5.0 (Windows NT 6.2) AppleWebKit/537.36 (KHTML, like Gecko) Chrome/28.0.1500.95 Safari/537.36"
180.76.5.165 - - [19/Aug/2013:19:23:25 -0400] "GET /Summary HTTP/1.1" 404 575 "-" "Mozilla/5.0 (compatible; Baiduspider/2.0; +http://www.baidu.com/search/spider.html)"
66.249.75.133 - - [19/Aug/2013:19:39:24 -0400] "GET /robots.txt HTTP/1.1" 404 575 "-" "Mozilla/5.0 (compatible; Googlebot/2.1; +http://www.google.com/bot.html)"
46.118.126.194 - - [19/Aug/2013:20:44:45 -0400] "GET / HTTP/1.1" 200 6136 "http://udobno67.ru/" "Mozilla/4.0 (compatible; MSIE 6.0; MSIE 5.5; Windows NT 4.0) Opera 7.0 [en]"
192.149.74.10 - - [19/Aug/2013:13:01:47 -0400] "GET /index.php?p=37 HTTP/1.1" 200 7777 "http://www.chris-nlp-hall.com/" "Mozilla/5.0 (Windows NT 5.1; rv:17.0) Gecko/20100101 Firefox/17.0"
192.149.74.10 - - [19/Aug/2013:13:01:48 -0400] "GET /galleries/images/chris_hall_2012.jpg HTTP/1.1" 200 33187 "http://www.chris-nlp-hall.com/index.php?p=37" "Mozilla/5.0 (Windows NT 5.1; rv:17.0) Gecko/20100101 Firefox/17.0"
72.129.85.76 - - [19/Aug/2013:00:15:43 -0400] "GET /galleries/images/chris_hall_2012.jpg HTTP/1.1" 200 33187 "http://www.chris-nlp-hall.com/index.php?p=37" "Mozilla/5.0 (Macintosh; U; Intel Mac OS X 10_6_8; en-us) AppleWebKit/533.21.1 (KHTML, like Gecko) Version/5.0.5 Safari/533.21.1"
59.93.204.248 - - [19/Aug/2013:02:57:36 -0400] "GET /urchin.js HTTP/1.1" 404 575 "http://www.chris-nlp-hall.com/index.php?p=48" "Mozilla/5.0 (Windows NT 5.1) AppleWebKit/537.36 (KHTML, like Gecko) Chrome/28.0.1500.95 Safari/537.36"
197.2.82.64 - - [19/Aug/2013:05:07:04 -0400] "GET /styles/basic.css HTTP/1.1" 200 5091 "http://www.chris-nlp-hall.com/index.php?p=69" "Mozilla/5.0 (Macintosh; Intel Mac OS X 10_7_5) AppleWebKit/534.57.7 (KHTML, like Gecko) Version/5.1.7 Safari/534.57.7"
197.2.82.64 - - [19/Aug/2013:05:07:06 -0400] "GET /styles/hd_02_01.gif HTTP/1.1" 200 3217 "http://www.chris-nlp-hall.com/index.php?p=69" "Mozilla/5.0 (Macintosh; Intel Mac OS X 10_7_5) AppleWebKit/534.57.7 (KHTML, like Gecko) Version/5.1.7 Safari/534.57.7"
46.165.197.142 - - [19/Aug/2013:23:32:59 -0400] "GET / HTTP/1.0" 200 6136 "-" "Mozilla/5.0 (compatible; MJ12bot/v1.4.3; http://www.majestic12.co.uk/bot.php?+)"
72.167.35.119 - - [19/Aug/2013:15:16:25 -0400] "GET /index.php?p=49 HTTP/1.1" 200 16097 "-" "Mozilla/4.0 (compatible; MSIE 6.0; Windows NT 5.1; SV1)"
59.93.204.248 - - [19/Aug/2013:03:07:41 -0400] "GET /galleries/images/icon2_world.gif HTTP/1.1" 200 668 "http://www.chris-nlp-hall.com/index.php?p=61" "Mozilla/5.0 (Windows NT 5.1) AppleWebKit/537.36 (KHTML, like Gecko) Chrome/28.0.1500.95 Safari/537.36"
59.93.204.248 - - [19/Aug/2013:03:07:41 -0400] "GET /urchin.js HTTP/1.1" 404 575 "http://www.chris-nlp-hall.com/index.php?p=61" "Mozilla/5.0 (Windows NT 5.1) AppleWebKit/537.36 (KHTML, like Gecko) Chrome/28.0.1500.95 Safari/537.36"
72.129.85.76 - - [19/Aug/2013:00:14:51 -0400] "GET / HTTP/1.1" 200 6136 "http://www.google.com/url?sa=t&rct=j&q=nlp%20los%20angeles&source=web&cd=30&ved=0CGkQFjAJOBQ&url=http%3A%2F%2Fwww.chris-nlp-hall.com%2F&ei=mpsRUqC7MYaayQGT3IBI&usg=AFQjCNHBkFLPcTie62jcLtQib0jZDdNWPA&bvm=bv.50768961,d.aWc" "Mozilla/5.0 (Macintosh; U; Intel Mac OS X 10_6_8; en-us) AppleWebKit/533.21.1 (KHTML, like Gecko) Version/5.0.5 Safari/533.21.1"
72.129.85.76 - - [19/Aug/2013:00:14:53 -0400] "GET /styles/hd_02_02.gif HTTP/1.1" 200 9351 "http://www.chris-nlp-hall.com/" "Mozilla/5.0 (Macintosh; U; Intel Mac OS X 10_6_8; en-us) AppleWebKit/533.21.1 (KHTML, like Gecko) Version/5.0.5 Safari/533.21.1"
72.129.85.76 - - [19/Aug/2013:00:14:54 -0400] "GET /favicon.ico HTTP/1.1" 404 575 "http://www.chris-nlp-hall.com/" "Mozilla/5.0 (Macintosh; U; Intel Mac OS X 10_6_8; en-us) AppleWebKit/533.21.1 (KHTML, like Gecko) Version/5.0.5 Safari/533.21.1"
59.93.204.248 - - [19/Aug/2013:02:57:37 -0400] "GET /styles/hd_03_01.gif HTTP/1.1" 200 3660 "http://www.chris-nlp-hall.com/index.php?p=48" "Mozilla/5.0 (Windows NT 5.1) AppleWebKit/537.36 (KHTML, like Gecko) Chrome/28.0.1500.95 Safari/537.36"
81.178.205.74 - - [19/Aug/2013:19:25:40 -0400] "GET /styles/basic.css HTTP/1.1" 200 5091 "http://www.chris-nlp-hall.com/index.php?p=41" "Mozilla/5.0 (Windows NT 6.0; rv:21.0) Gecko/20100101 Firefox/21.0"
92.234.13.172 - - [19/Aug/2013:09:03:56 -0400] "GET /styles/chris.css HTTP/1.1" 200 1641 "http://www.chris-nlp-hall.com/index.php?p=48" "Mozilla/5.0 (iPhone; CPU iPhone OS 6_1_4 like Mac OS X) AppleWebKit/536.26 (KHTML, like Gecko) Version/6.0 Mobile/10B350 Safari/8536.25"
92.234.13.172 - - [19/Aug/2013:09:03:57 -0400] "GET /styles/hd_02_02.gif HTTP/1.1" 200 9351 "http://www.chris-nlp-hall.com/index.php?p=48" "Mozilla/5.0 (iPhone; CPU iPhone OS 6_1_4 like Mac OS X) AppleWebKit/536.26 (KHTML, like Gecko) Version/6.0 Mobile/10B350 Safari/8536.25"
92.234.13.172 - - [19/Aug/2013:09:03:57 -0400] "GET /styles/almost_white.gif HTTP/1.1" 200 73 "http://www.chris-nlp-hall.com/index.php?p=48" "Mozilla/5.0 (iPhone; CPU iPhone OS 6_1_4 like Mac OS X) AppleWebKit/536.26 (KHTML, like Gecko) Version/6.0 Mobile/10B350 Safari/8536.25"
66.249.75.133 - - [19/Aug/2013:08:22:22 -0400] "GET /styles/basic.css HTTP/1.1" 200 5091 "-" "Mozilla/5.0 (compatible; Googlebot/2.1; +http://www.google.com/bot.html)"
46.118.126.194 - - [19/Aug/2013:09:17:56 -0400] "GET / HTTP/1.1" 200 6136 "http://pornogig.com/" "Mozilla/4.0 (compatible; MSIE 6.0; MSIE 5.5; Windows NT 4.0) Opera 7.0 [en]"
27.55.130.201 - - [19/Aug/2013:09:39:24 -0400] "GET /index.php?p=40 HTTP/1.1" 200 16094 "http://www.chris-nlp-hall.com/index.php?p=41" "Mozilla/5.0 (Windows NT 6.1; WOW64; rv:2.0.1) Gecko/20100101 Firefox/4.0.1"
81.52.143.32 - - [19/Aug/2013:00:14:28 -0400] "GET /index.php?p=1?3e3ea140 HTTP/1.1" 200 3491 "-" "Mozilla/5.0 (Windows; U; Windows NT 5.1; fr; rv:1.8.1) VoilaBot BETA 1.2 (support.voilabot@orange-ftgroup.com)"
193.252.118.175 - - [19/Aug/2013:02:15:54 -0400] "GET /index.php?p=69?3e3ea140 HTTP/1.1" 200 3491 "-" "Mozilla/5.0 (Windows; U; Windows NT 5.1; fr; rv:1.8.1) VoilaBot BETA 1.2 (support.voilabot@orange-ftgroup.com)"
64.34.169.244 - - [19/Aug/2013:02:45:14 -0400] "GET / HTTP/1.1" 200 6136 "-" "Mozilla/5.0 (Windows; U; Windows NT 6.0; en-US; rv:1.9.0.11) Gecko/2009060215 Firefox/3.0.11"
193.176.225.7 - - [19/Aug/2013:10:34:19 -0400] "GET /index.php?p=73 HTTP/1.1" 200 11470 "http://www.chris-nlp-hall.com/index.php?p=61" "Mozilla/4.0 (compatible; MSIE 8.0; Windows NT 5.1; Trident/4.0; .NET CLR 1.1.4322; .NET CLR 2.0.50727; .NET CLR 3.0.4506.2152; .NET CLR 3.5.30729; .NET4.0C; .NET4.0E)"
193.176.225.7 - - [19/Aug/2013:10:34:19 -0400] "GET /galleries/images/ctl_kerry_lynne.jpg HTTP/1.1" 200 2846 "http://www.chris-nlp-hall.com/index.php?p=73" "Mozilla/4.0 (compatible; MSIE 8.0; Windows NT 5.1; Trident/4.0; .NET CLR 1.1.4322; .NET CLR 2.0.50727; .NET CLR 3.0.4506.2152; .NET CLR 3.5.30729; .NET4.0C; .NET4.0E)"
193.176.225.7 - - [19/Aug/2013:10:34:20 -0400] "GET /galleries/images/ctl_duffy_andrew.jpg HTTP/1.1" 200 3637 "http://www.chris-nlp-hall.com/index.php?p=73" "Mozilla/4.0 (compatible; MSIE 8.0; Windows NT 5.1; Trident/4.0; .NET CLR 1.1.4322; .NET CLR 2.0.50727; .NET CLR 3.0.4506.2152; .NET CLR 3.5.30729; .NET4.0C; .NET4.0E)"
193.176.225.7 - - [19/Aug/2013:10:34:20 -0400] "GET /urchin.js HTTP/1.1" 404 575 "http://www.chris-nlp-hall.com/index.php?p=73" "Mozilla/4.0 (compatible; MSIE 8.0; Windows NT 5.1; Trident/4.0; .NET CLR 1.1.4322; .NET CLR 2.0.50727; .NET CLR 3.0.4506.2152; .NET CLR 3.5.30729; .NET4.0C; .NET4.0E)"
193.252.118.176 - - [19/Aug/2013:23:33:47 -0400] "GET /robots.txt HTTP/1.1" 404 575 "-" "Mozilla/5.0 (Windows; U; Windows NT 5.1; fr; rv:1.8.1) VoilaBot BETA 1.2 (support.voilabot@orange-ftgroup.com)"
66.249.75.133 - - [19/Aug/2013:21:36:28 -0400] "GET /index.php?p=37 HTTP/1.1" 200 7777 "-" "Mozilla/5.0 (compatible; Googlebot/2.1; +http://www.google.com/bot.html)"
81.52.143.15 - - [19/Aug/2013:23:56:57 -0400] "GET /index.php?p=53 HTTP/1.1" 200 9109 "-" "Mozilla/5.0 (Windows; U; Windows NT 5.1; fr; rv:1.8.1) VoilaBot BETA 1.2 (support.voilabot@orange-ftgroup.com)"
74.193.70.231 - - [19/Aug/2013:10:24:52 -0400] "GET /galleries/images/icon2_world.gif HTTP/1.1" 200 668 "http://www.chris-nlp-hall.com/index.php?p=70" "Mozilla/5.0 (Windows NT 6.1; WOW64) AppleWebKit/537.36 (KHTML, like Gecko) Chrome/28.0.1500.95 Safari/537.36"
78.125.213.246 - - [19/Aug/2013:10:37:32 -0400] "GET /styles/hd_02_01.gif HTTP/1.1" 200 3217 "http://www.chris-nlp-hall.com/styles/basic.css" "Mozilla/5.0 (Windows NT 6.0; rv:21.0) Gecko/20100101 Firefox/21.0"
78.125.213.246 - - [19/Aug/2013:10:37:32 -0400] "GET /urchin.js HTTP/1.1" 404 575 "http://www.chris-nlp-hall.com/" "Mozilla/5.0 (Windows NT 6.0; rv:21.0) Gecko/20100101 Firefox/21.0"
64.74.219.4 - - [19/Aug/2013:11:18:25 -0400] "GET /index.php?p=66 HTTP/1.1" 200 29092 "http://www.chris-nlp-hall.com/" "Mozilla/5.0 (Windows NT 5.1; rv:21.0) Gecko/20100101 Firefox/21.0"
37.9.53.248 - - [19/Aug/2013:11:37:55 -0400] "GET /admin.php HTTP/1.0" 403 211 "-" "Mozilla/5.0 (Windows NT 6.1; rv:19.0) Gecko/20100101 Firefox/19.0"
109.120.157.179 - - [19/Aug/2013:08:58:38 -0400] "GET / HTTP/1.1" 200 6136 "http://bowlingadvisor.com/" "Mozilla/5.0 (compatible; Add Catalog/2.1;)"
59.93.204.248 - - [19/Aug/2013:03:09:46 -0400] "GET /favicon.ico HTTP/1.1" 404 575 "-" "Mozilla/5.0 (Windows NT 5.1) AppleWebKit/537.36 (KHTML, like Gecko) Chrome/28.0.1500.95 Safari/537.36"
212.203.82.152 - - [19/Aug/2013:04:36:49 -0400] "GET /galleries/images/icon2_world.gif HTTP/1.1" 200 668 "http://www.chris-nlp-hall.com/index.php?p=71" "Mozilla/5.0 (Windows NT 5.1; rv:22.0) Gecko/20100101 Firefox/22.0"
59.93.204.248 - - [19/Aug/2013:02:57:36 -0400] "GET /styles/chris.css HTTP/1.1" 200 1641 "http://www.chris-nlp-hall.com/index.php?p=48" "Mozilla/5.0 (Windows NT 5.1) AppleWebKit/537.36 (KHTML, like Gecko) Chrome/28.0.1500.95 Safari/537.36"
59.93.204.248 - - [19/Aug/2013:02:57:36 -0400] "GET /styles/hd_02_01.gif HTTP/1.1" 200 3217 "http://www.chris-nlp-hall.com/index.php?p=48" "Mozilla/5.0 (Windows NT 5.1) AppleWebKit/537.36 (KHTML, like Gecko) Chrome/28.0.1500.95 Safari/537.36"
66.249.75.133 - - [19/Aug/2013:20:50:31 -0400] "GET /index.php?p=48 HTTP/1.1" 200 7742 "-" "Mozilla/5.0 (compatible; Googlebot/2.1; +http://www.google.com/bot.html)"
157.55.34.24 - - [19/Aug/2013:22:58:24 -0400] "GET /index.php?p=42 HTTP/1.1" 200 3851 "-" "Mozilla/5.0 (compatible; bingbot/2.0; +http://www.bing.com/bingbot.htm)"
108.59.8.70 - - [19/Aug/2013:12:02:16 -0400] "GET /robots.txt HTTP/1.0" 404 575 "-" "Mozilla/5.0 (compatible; MJ12bot/v1.4.3; http://www.majestic12.co.uk/bot.php?+)"
212.203.82.152 - - [19/Aug/2013:04:36:49 -0400] "GET /galleries/images/icon2_email.gif HTTP/1.1" 200 613 "http://www.chris-nlp-hall.com/index.php?p=71" "Mozilla/5.0 (Windows NT 5.1; rv:22.0) Gecko/20100101 Firefox/22.0"
65.55.215.250 - - [19/Aug/2013:04:40:50 -0400] "GET /urchin.js HTTP/1.1" 404 575 "http://www.chris-nlp-hall.com/index.php?p=66+" "Mozilla/4.0 (compatible; MSIE 7.0; Windows NT 5.2; SV1; .NET CLR 1.1.4325; .NET CLR 2.0.50727; .NET CLR 3.0.30729; .NET CLR 3.5.30729; MS-RTC LM 8)"
27.55.130.201 - - [19/Aug/2013:09:33:46 -0400] "GET /urchin.js HTTP/1.1" 404 575 "http://www.chris-nlp-hall.com/" "Mozilla/5.0 (Windows NT 6.1; WOW64; rv:2.0.1) Gecko/20100101 Firefox/4.0.1"
27.55.130.201 - - [19/Aug/2013:09:33:47 -0400] "GET /styles/hd_03_01.gif HTTP/1.1" 200 3660 "http://www.chris-nlp-hall.com/styles/basic.css" "Mozilla/5.0 (Windows NT 6.1; WOW64; rv:2.0.1) Gecko/20100101 Firefox/4.0.1"
89.84.25.79 - - [19/Aug/2013:09:45:05 -0400] "GET /styles/almost_white.gif HTTP/1.1" 200 73 "http://www.chris-nlp-hall.com/" "Mozilla/5.0 (Windows NT 6.1; WOW64; rv:23.0) Gecko/20100101 Firefox/23.0"
74.193.70.231 - - [19/Aug/2013:10:25:27 -0400] "GET /index.php?p=48 HTTP/1.1" 200 7742 "http://www.chris-nlp-hall.com/index.php?p=70" "Mozilla/5.0 (Windows NT 6.1; WOW64) AppleWebKit/537.36 (KHTML, like Gecko) Chrome/28.0.1500.95 Safari/537.36"
74.193.70.231 - - [19/Aug/2013:10:25:28 -0400] "GET /urchin.js HTTP/1.1" 404 575 "http://www.chris-nlp-hall.com/index.php?p=48" "Mozilla/5.0 (Windows NT 6.1; WOW64) AppleWebKit/537.36 (KHTML, like Gecko) Chrome/28.0.1500.95 Safari/537.36"
74.193.70.231 - - [19/Aug/2013:10:25:28 -0400] "GET /favicon.ico HTTP/1.1" 404 575 "-" "Mozilla/5.0 (Windows NT 6.1; WOW64) AppleWebKit/537.36 (KHTML, like Gecko) Chrome/28.0.1500.95 Safari/537.36"
193.176.225.7 - - [19/Aug/2013:10:30:46 -0400] "GET /index.php?p=1 HTTP/1.1" 200 6136 "http://www.chris-nlp-hall.com/index.php?p=37" "Mozilla/4.0 (compatible; MSIE 8.0; Windows NT 5.1; Trident/4.0; .NET CLR 1.1.4322; .NET CLR 2.0.50727; .NET CLR 3.0.4506.2152; .NET CLR 3.5.30729; .NET4.0C; .NET4.0E)"
193.176.225.7 - - [19/Aug/2013:10:30:47 -0400] "GET /galleries/images/lotus_small.jpg HTTP/1.1" 200 1988 "http://www.chris-nlp-hall.com/index.php?p=1" "Mozilla/4.0 (compatible; MSIE 8.0; Windows NT 5.1; Trident/4.0; .NET CLR 1.1.4322; .NET CLR 2.0.50727; .NET CLR 3.0.4506.2152; .NET CLR 3.5.30729; .NET4.0C; .NET4.0E)"
192.149.74.10 - - [19/Aug/2013:13:01:43 -0400] "GET /urchin.js HTTP/1.1" 404 575 "http://www.chris-nlp-hall.com/" "Mozilla/5.0 (Windows NT 5.1; rv:17.0) Gecko/20100101 Firefox/17.0"
192.149.74.10 - - [19/Aug/2013:13:01:43 -0400] "GET /styles/hd_03_01.gif HTTP/1.1" 200 3660 "http://www.chris-nlp-hall.com/styles/basic.css" "Mozilla/5.0 (Windows NT 5.1; rv:17.0) Gecko/20100101 Firefox/17.0"
192.149.74.10 - - [19/Aug/2013:13:02:27 -0400] "GET /galleries/docs/working_from_the_heart_rapport.pdf HTTP/1.1" 200 136950 "http://www.chris-nlp-hall.com/index.php?p=74" "Mozilla/5.0 (Windows NT 5.1; rv:17.0) Gecko/20100101 Firefox/17.0"
81.178.205.74 - - [19/Aug/2013:19:25:40 -0400] "GET /styles/chris.css HTTP/1.1" 200 1641 "http://www.chris-nlp-hall.com/index.php?p=41" "Mozilla/5.0 (Windows NT 6.0; rv:21.0) Gecko/20100101 Firefox/21.0"
81.178.205.74 - - [19/Aug/2013:19:25:41 -0400] "GET /styles/hd_01_01.gif HTTP/1.1" 200 1035 "http://www.chris-nlp-hall.com/styles/basic.css" "Mozilla/5.0 (Windows NT 6.0; rv:21.0) Gecko/20100101 Firefox/21.0"
81.178.205.74 - - [19/Aug/2013:19:25:41 -0400] "GET /styles/hd_02_01.gif HTTP/1.1" 200 3217 "http://www.chris-nlp-hall.com/styles/basic.css" "Mozilla/5.0 (Windows NT 6.0; rv:21.0) Gecko/20100101 Firefox/21.0"
81.178.205.74 - - [19/Aug/2013:19:25:41 -0400] "GET /styles/almost_white.gif HTTP/1.1" 200 73 "http://www.chris-nlp-hall.com/index.php?p=41" "Mozilla/5.0 (Windows NT 6.0; rv:21.0) Gecko/20100101 Firefox/21.0"
199.30.24.239 - - [19/Aug/2013:20:28:38 -0400] "GET /styles/hd_01_01.gif HTTP/1.1" 200 1035 "http://www.chris-nlp-hall.com/index.php?p=40" "Mozilla/5.0 (Windows NT 6.1; WOW64) AppleWebKit/534+ (KHTML, like Gecko) BingPreview/1.0b"
199.30.24.239 - - [19/Aug/2013:20:28:39 -0400] "GET /styles/hd_04_01.jpg HTTP/1.1" 200 33075 "http://www.chris-nlp-hall.com/index.php?p=40" "Mozilla/5.0 (Windows NT 6.1; WOW64) AppleWebKit/534+ (KHTML, like Gecko) BingPreview/1.0b"
174.50.94.74 - - [19/Aug/2013:21:13:22 -0400] "GET /galleries/images/chris_hall_2012.jpg HTTP/1.1" 200 33187 "https://www.google.com/" "Mozilla/5.0 (iPhone; CPU iPhone OS 6_1_4 like Mac OS X) AppleWebKit/536.26 (KHTML, like Gecko) Version/6.0 Mobile/10B350 Safari/8536.25"
208.115.111.66 - - [19/Aug/2013:05:31:00 -0400] "GET /index.php?p=72 HTTP/1.1" 200 5981 "-" "Mozilla/5.0 (compatible; Ezooms/1.0; ezooms.bot@gmail.com)"
92.234.13.172 - - [19/Aug/2013:09:03:57 -0400] "GET /styles/hd_03_01.gif HTTP/1.1" 200 3660 "http://www.chris-nlp-hall.com/index.php?p=48" "Mozilla/5.0 (iPhone; CPU iPhone OS 6_1_4 like Mac OS X) AppleWebKit/536.26 (KHTML, like Gecko) Version/6.0 Mobile/10B350 Safari/8536.25"
27.55.130.201 - - [19/Aug/2013:09:33:40 -0400] "GET /urchin.js HTTP/1.1" 404 575 "http://www.chris-nlp-hall.com/" "Mozilla/5.0 (Windows NT 6.1; WOW64; rv:2.0.1) Gecko/20100101 Firefox/4.0.1"
27.55.130.201 - - [19/Aug/2013:09:33:45 -0400] "GET /styles/hd_02_02.gif HTTP/1.1" 200 9351 "http://www.chris-nlp-hall.com/styles/basic.css" "Mozilla/5.0 (Windows NT 6.1; WOW64; rv:2.0.1) Gecko/20100101 Firefox/4.0.1"
112.215.66.73 - - [19/Aug/2013:15:19:53 -0400] "GET /styles/hd_03_01.gif HTTP/1.1" 200 3660 "http://www.chris-nlp-hall.com/index.php?p=41" "Mozilla/5.0 (Windows NT 6.2) AppleWebKit/537.36 (KHTML, like Gecko) Chrome/28.0.1500.95 Safari/537.36"
143.106.129.9 - - [19/Aug/2013:17:28:45 -0400] "GET /galleries/images/lotus_small.jpg HTTP/1.1" 200 1988 "http://www.chris-nlp-hall.com/" "Mozilla/5.0 (Windows NT 6.2; WOW64) AppleWebKit/537.36 (KHTML, like Gecko) Chrome/28.0.1500.95 Safari/537.36"
143.106.129.9 - - [19/Aug/2013:17:28:45 -0400] "GET /styles/hd_02_02.gif HTTP/1.1" 200 9351 "http://www.chris-nlp-hall.com/" "Mozilla/5.0 (Windows NT 6.2; WOW64) AppleWebKit/537.36 (KHTML, like Gecko) Chrome/28.0.1500.95 Safari/537.36"
199.21.99.87 - - [19/Aug/2013:02:01:17 -0400] "GET /galleries/images/pl.gif HTTP/1.1" 304 - "-" "Mozilla/5.0 (compatible; YandexImages/3.0; +http://yandex.com/bots)"
220.181.89.178 - - [19/Aug/2013:02:32:05 -0400] "GET / HTTP/1.1" 200 6136 "-" "Sogou web spider/4.0(+http://www.sogou.com/docs/help/webmasters.htm#07)"
208.115.113.83 - - [19/Aug/2013:21:57:37 -0400] "GET /robots.txt HTTP/1.1" 404 575 "-" "Mozilla/5.0 (compatible; Ezooms/1.0; ezooms.bot@gmail.com)"
193.176.225.7 - - [19/Aug/2013:10:31:18 -0400] "GET /index.php?p=48 HTTP/1.1" 200 7742 "http://www.chris-nlp-hall.com/index.php?p=74" "Mozilla/4.0 (compatible; MSIE 8.0; Windows NT 5.1; Trident/4.0; .NET CLR 1.1.4322; .NET CLR 2.0.50727; .NET CLR 3.0.4506.2152; .NET CLR 3.5.30729; .NET4.0C; .NET4.0E)"
193.176.225.7 - - [19/Aug/2013:10:31:19 -0400] "GET /urchin.js HTTP/1.1" 404 575 "http://www.chris-nlp-hall.com/index.php?p=48" "Mozilla/4.0 (compatible; MSIE 8.0; Windows NT 5.1; Trident/4.0; .NET CLR 1.1.4322; .NET CLR 2.0.50727; .NET CLR 3.0.4506.2152; .NET CLR 3.5.30729; .NET4.0C; .NET4.0E)"
193.176.225.7 - - [19/Aug/2013:10:31:36 -0400] "GET /galleries/images/ctl_roy_gilles.jpg HTTP/1.1" 200 24052 "http://www.chris-nlp-hall.com/index.php?p=71" "Mozilla/4.0 (compatible; MSIE 8.0; Windows NT 5.1; Trident/4.0; .NET CLR 1.1.4322; .NET CLR 2.0.50727; .NET CLR 3.0.4506.2152; .NET CLR 3.5.30729; .NET4.0C; .NET4.0E)"
193.176.225.7 - - [19/Aug/2013:10:34:19 -0400] "GET /index.php?p=73 HTTP/1.1" 200 11470 "http://www.chris-nlp-hall.com/index.php?p=61" "Mozilla/4.0 (compatible; MSIE 8.0; Windows NT 5.1; Trident/4.0; .NET CLR 1.1.4322; .NET CLR 2.0.50727; .NET CLR 3.0.4506.2152; .NET CLR 3.5.30729; .NET4.0C; .NET4.0E)"
59.93.204.248 - - [19/Aug/2013:02:57:37 -0400] "GET /styles/sonlp_bg2.gif HTTP/1.1" 200 19608 "http://www.chris-nlp-hall.com/index.php?p=48" "Mozilla/5.0 (Windows NT 5.1) AppleWebKit/537.36 (KHTML, like Gecko) Chrome/28.0.1500.95 Safari/537.36"
65.55.215.41 - - [19/Aug/2013:20:44:15 -0400] "GET /galleries/images/ctl_felber_petra.jpg HTTP/1.1" 200 5327 "-" "msnbot-media/1.1 (+http://search.msn.com/msnbot.htm)"
208.115.113.83 - - [19/Aug/2013:23:47:04 -0400] "GET /index.php?p=40 HTTP/1.1" 200 16094 "-" "Mozilla/5.0 (compatible; Ezooms/1.0; ezooms.bot@gmail.com)"
92.234.13.172 - - [19/Aug/2013:09:03:56 -0400] "GET /styles/basic.css HTTP/1.1" 200 5091 "http://www.chris-nlp-hall.com/index.php?p=48" "Mozilla/5.0 (iPhone; CPU iPhone OS 6_1_4 like Mac OS X) AppleWebKit/536.26 (KHTML, like Gecko) Version/6.0 Mobile/10B350 Safari/8536.25"
92.234.13.172 - - [19/Aug/2013:09:03:56 -0400] "GET /urchin.js HTTP/1.1" 404 575 "http://www.chris-nlp-hall.com/index.php?p=48" "Mozilla/5.0 (iPhone; CPU iPhone OS 6_1_4 like Mac OS X) AppleWebKit/536.26 (KHTML, like Gecko) Version/6.0 Mobile/10B350 Safari/8536.25"
92.234.13.172 - - [19/Aug/2013:09:03:57 -0400] "GET /styles/hd_01_01.gif HTTP/1.1" 200 1035 "http://www.chris-nlp-hall.com/index.php?p=48" "Mozilla/5.0 (iPhone; CPU iPhone OS 6_1_4 like Mac OS X) AppleWebKit/536.26 (KHTML, like Gecko) Version/6.0 Mobile/10B350 Safari/8536.25"
27.55.130.201 - - [19/Aug/2013:09:33:33 -0400] "GET /styles/chris.css HTTP/1.1" 200 1641 "http://www.chris-nlp-hall.com/" "Mozilla/5.0 (Windows NT 6.1; WOW64; rv:2.0.1) Gecko/20100101 Firefox/4.0.1"
27.55.130.201 - - [19/Aug/2013:09:35:31 -0400] "GET /index.php?p=40 HTTP/1.1" 200 16094 "http://www.chris-nlp-hall.com/" "Mozilla/5.0 (Windows NT 6.1; WOW64; rv:2.0.1) Gecko/20100101 Firefox/4.0.1"
193.176.225.7 - - [19/Aug/2013:10:33:45 -0400] "GET /index.php?p=61 HTTP/1.1" 200 40201 "http://www.chris-nlp-hall.com/index.php?p=48" "Mozilla/4.0 (compatible; MSIE 8.0; Windows NT 5.1; Trident/4.0; .NET CLR 1.1.4322; .NET CLR 2.0.50727; .NET CLR 3.0.4506.2152; .NET CLR 3.5.30729; .NET4.0C; .NET4.0E)"
193.176.225.7 - - [19/Aug/2013:10:33:46 -0400] "GET /galleries/images/ctl_schimpke_michael.jpg HTTP/1.1" 200 3932 "http://www.chris-nlp-hall.com/index.php?p=61" "Mozilla/4.0 (compatible; MSIE 8.0; Windows NT 5.1; Trident/4.0; .NET CLR 1.1.4322; .NET CLR 2.0.50727; .NET CLR 3.0.4506.2152; .NET CLR 3.5.30729; .NET4.0C; .NET4.0E)"
193.176.225.7 - - [19/Aug/2013:10:33:46 -0400] "GET /galleries/images/ctl_mossbrucker_ute.jpg HTTP/1.1" 200 3510 "http://www.chris-nlp-hall.com/index.php?p=61" "Mozilla/4.0 (compatible; MSIE 8.0; Windows NT 5.1; Trident/4.0; .NET CLR 1.1.4322; .NET CLR 2.0.50727; .NET CLR 3.0.4506.2152; .NET CLR 3.5.30729; .NET4.0C; .NET4.0E)"
193.176.225.7 - - [19/Aug/2013:10:33:46 -0400] "GET /galleries/images/ctl_foesges_marlies.jpg HTTP/1.1" 200 22667 "http://www.chris-nlp-hall.com/index.php?p=61" "Mozilla/4.0 (compatible; MSIE 8.0; Windows NT 5.1; Trident/4.0; .NET CLR 1.1.4322; .NET CLR 2.0.50727; .NET CLR 3.0.4506.2152; .NET CLR 3.5.30729; .NET4.0C; .NET4.0E)"
193.176.225.7 - - [19/Aug/2013:10:33:46 -0400] "GET /galleries/images/ctl_gerecke_peter.jpg HTTP/1.1" 200 3652 "http://www.chris-nlp-hall.com/index.php?p=61" "Mozilla/4.0 (compatible; MSIE 8.0; Windows NT 5.1; Trident/4.0; .NET CLR 1.1.4322; .NET CLR 2.0.50727; .NET CLR 3.0.4506.2152; .NET CLR 3.5.30729; .NET4.0C; .NET4.0E)"
193.176.225.7 - - [19/Aug/2013:10:33:46 -0400] "GET /galleries/images/ctl_koenig_melanie.jpg HTTP/1.1" 200 3139 "http://www.chris-nlp-hall.com/index.php?p=61" "Mozilla/4.0 (compatible; MSIE 8.0; Windows NT 5.1; Trident/4.0; .NET CLR 1.1.4322; .NET CLR 2.0.50727; .NET CLR 3.0.4506.2152; .NET CLR 3.5.30729; .NET4.0C; .NET4.0E)"
193.176.225.7 - - [19/Aug/2013:10:33:46 -0400] "GET /galleries/images/ctl_huber_michi.jpg HTTP/1.1" 200 8416 "http://www.chris-nlp-hall.com/index.php?p=61" "Mozilla/4.0 (compatible; MSIE 8.0; Windows NT 5.1; Trident/4.0; .NET CLR 1.1.4322; .NET CLR 2.0.50727; .NET CLR 3.0.4506.2152; .NET CLR 3.5.30729; .NET4.0C; .NET4.0E)"
193.176.225.7 - - [19/Aug/2013:10:33:46 -0400] "GET /galleries/images/ctl_caspers_oliver.jpg HTTP/1.1" 200 3002 "http://www.chris-nlp-hall.com/index.php?p=61" "Mozilla/4.0 (compatible; MSIE 8.0; Windows NT 5.1; Trident/4.0; .NET CLR 1.1.4322; .NET CLR 2.0.50727; .NET CLR 3.0.4506.2152; .NET CLR 3.5.30729; .NET4.0C; .NET4.0E)"
