0byt3m1n1
Path:
/
data
/
0
/
0
/
96
/
4
/
96330
/
meta
/
97745
/
logs
/
[
Home
]
File: x-access_log.2013-08-19
192.149.74.10 - - [19/Aug/2013:13:01:43 -0400] "GET /styles/hd_04_01.jpg HTTP/1.1" 200 33075 "http://www.chris-nlp-hall.com/styles/basic.css" "Mozilla/5.0 (Windows NT 5.1; rv:17.0) Gecko/20100101 Firefox/17.0"
192.149.74.10 - - [19/Aug/2013:13:01:43 -0400] "GET /favicon.ico HTTP/1.1" 404 575 "-" "Mozilla/5.0 (Windows NT 5.1; rv:17.0) Gecko/20100101 Firefox/17.0"
192.149.74.10 - - [19/Aug/2013:13:01:43 -0400] "GET /favicon.ico HTTP/1.1" 404 575 "-" "Mozilla/5.0 (Windows NT 5.1; rv:17.0) Gecko/20100101 Firefox/17.0"
157.56.229.23 - - [19/Aug/2013:19:28:49 -0400] "GET /styles/chris.css HTTP/1.1" 200 1641 "-" "Mozilla/5.0 (compatible; bingbot/2.0; +http://www.bing.com/bingbot.htm)"
46.165.197.142 - - [19/Aug/2013:23:32:57 -0400] "GET /robots.txt HTTP/1.0" 404 575 "-" "Mozilla/5.0 (compatible; MJ12bot/v1.4.3; http://www.majestic12.co.uk/bot.php?+)"
27.55.130.201 - - [19/Aug/2013:09:33:47 -0400] "GET /styles/sonlp_bg2.gif HTTP/1.1" 200 19608 "http://www.chris-nlp-hall.com/styles/basic.css" "Mozilla/5.0 (Windows NT 6.1; WOW64; rv:2.0.1) Gecko/20100101 Firefox/4.0.1"
27.55.130.201 - - [19/Aug/2013:09:36:45 -0400] "GET /urchin.js HTTP/1.1" 404 575 "http://www.chris-nlp-hall.com/index.php?p=37" "Mozilla/5.0 (Windows NT 6.1; WOW64; rv:2.0.1) Gecko/20100101 Firefox/4.0.1"
27.55.130.201 - - [19/Aug/2013:09:38:00 -0400] "GET /index.php?p=41 HTTP/1.1" 200 9960 "http://www.chris-nlp-hall.com/index.php?p=37" "Mozilla/5.0 (Windows NT 6.1; WOW64; rv:2.0.1) Gecko/20100101 Firefox/4.0.1"
193.176.225.7 - - [19/Aug/2013:10:33:04 -0400] "GET /index.php?p=73 HTTP/1.1" 503 323 "http://www.chris-nlp-hall.com/index.php?p=48" "Mozilla/4.0 (compatible; MSIE 8.0; Windows NT 5.1; Trident/4.0; .NET CLR 1.1.4322; .NET CLR 2.0.50727; .NET CLR 3.0.4506.2152; .NET CLR 3.5.30729; .NET4.0C; .NET4.0E)"
184.154.48.82 - - [19/Aug/2013:02:31:01 -0400] "GET / HTTP/1.0" 200 6136 "-" "Mozilla/5.0 (compatible; MJ12bot/v1.4.3; http://www.majestic12.co.uk/bot.php?+)"
101.227.4.26 - - [19/Aug/2013:14:25:52 -0400] "GET /robots.txt HTTP/1.1" 404 575 "-" "Mozilla/5.0 ()"
91.207.9.226 - - [19/Aug/2013:03:24:07 -0400] "GET / HTTP/1.1" 200 6136 "http://www.conclav.ru/" "Mozilla/4.0 (compatible; MSIE 6.0; Windows NT 5.1; FREE; .NET CLR 1.1.4322)"
108.59.8.70 - - [19/Aug/2013:12:02:17 -0400] "GET / HTTP/1.0" 200 6136 "-" "Mozilla/5.0 (compatible; MJ12bot/v1.4.3; http://www.majestic12.co.uk/bot.php?+)"
112.215.66.72 - - [19/Aug/2013:15:20:08 -0400] "GET /index.php?p=37 HTTP/1.1" 200 7777 "http://www.chris-nlp-hall.com/index.php?p=41" "Mozilla/5.0 (Windows NT 6.2) AppleWebKit/537.36 (KHTML, like Gecko) Chrome/28.0.1500.95 Safari/537.36"
112.215.66.72 - - [19/Aug/2013:15:20:11 -0400] "GET /urchin.js HTTP/1.1" 404 575 "http://www.chris-nlp-hall.com/index.php?p=37" "Mozilla/5.0 (Windows NT 6.2) AppleWebKit/537.36 (KHTML, like Gecko) Chrome/28.0.1500.95 Safari/537.36"
157.55.36.49 - - [19/Aug/2013:18:22:59 -0400] "GET /robots.txt HTTP/1.1" 404 575 "-" "Mozilla/5.0 (compatible; bingbot/2.0; +http://www.bing.com/bingbot.htm)"
199.30.24.239 - - [19/Aug/2013:20:28:38 -0400] "GET /styles/hd_02_02.gif HTTP/1.1" 200 9351 "http://www.chris-nlp-hall.com/index.php?p=40" "Mozilla/5.0 (Windows NT 6.1; WOW64) AppleWebKit/534+ (KHTML, like Gecko) BingPreview/1.0b"
27.55.130.201 - - [19/Aug/2013:09:33:50 -0400] "GET /styles/almost_white.gif HTTP/1.1" 200 73 "http://www.chris-nlp-hall.com/" "Mozilla/5.0 (Windows NT 6.1; WOW64; rv:2.0.1) Gecko/20100101 Firefox/4.0.1"
89.84.25.79 - - [19/Aug/2013:09:45:05 -0400] "GET /styles/hd_02_02.gif HTTP/1.1" 200 9351 "http://www.chris-nlp-hall.com/styles/basic.css" "Mozilla/5.0 (Windows NT 6.1; WOW64; rv:23.0) Gecko/20100101 Firefox/23.0"
89.84.25.79 - - [19/Aug/2013:09:45:12 -0400] "GET /urchin.js HTTP/1.1" 404 575 "http://www.chris-nlp-hall.com/index.php?p=37" "Mozilla/5.0 (Windows NT 6.1; WOW64; rv:23.0) Gecko/20100101 Firefox/23.0"
74.193.70.231 - - [19/Aug/2013:10:23:52 -0400] "GET /styles/sonlp_bg2.gif HTTP/1.1" 200 19608 "http://www.chris-nlp-hall.com/" "Mozilla/5.0 (Windows NT 6.1; WOW64) AppleWebKit/537.36 (KHTML, like Gecko) Chrome/28.0.1500.95 Safari/537.36"
193.176.225.7 - - [19/Aug/2013:10:34:07 -0400] "GET /index.php?p=73 HTTP/1.1" 200 11470 "http://www.chris-nlp-hall.com/index.php?p=48" "Mozilla/4.0 (compatible; MSIE 8.0; Windows NT 5.1; Trident/4.0; .NET CLR 1.1.4322; .NET CLR 2.0.50727; .NET CLR 3.0.4506.2152; .NET CLR 3.5.30729; .NET4.0C; .NET4.0E)"
212.203.82.152 - - [19/Aug/2013:04:36:49 -0400] "GET /galleries/images/ctl_roy_gilles.jpg HTTP/1.1" 200 24052 "http://www.chris-nlp-hall.com/index.php?p=71" "Mozilla/5.0 (Windows NT 5.1; rv:22.0) Gecko/20100101 Firefox/22.0"
66.249.75.133 - - [19/Aug/2013:12:02:45 -0400] "GET /index.php?p=73 HTTP/1.1" 200 11470 "-" "Mozilla/5.0 (iPhone; U; CPU iPhone OS 4_1 like Mac OS X; en-us) AppleWebKit/532.9 (KHTML, like Gecko) Version/4.0.5 Mobile/8B117 Safari/6531.22.7 (compatible; Googlebot-Mobile/2.1; +http://www.google.com/bot.html)"
123.151.42.170 - - [19/Aug/2013:14:28:27 -0400] "GET /styles/basic.css HTTP/1.1" 200 5091 "http://www.chris-nlp-hall.com/" "Mozilla/5.0 (compatible; Sosospider/2.0; +http://help.soso.com/webspider.htm)"
112.215.66.70 - - [19/Aug/2013:15:19:53 -0400] "GET /styles/sonlp_bg2.gif HTTP/1.1" 200 19608 "http://www.chris-nlp-hall.com/index.php?p=41" "Mozilla/5.0 (Windows NT 6.2) AppleWebKit/537.36 (KHTML, like Gecko) Chrome/28.0.1500.95 Safari/537.36"
82.67.241.30 - - [19/Aug/2013:16:59:53 -0400] "GET /galleries/images/chris_hall_2012.jpg HTTP/1.1" 200 33187 "http://www.chris-nlp-hall.com/index.php?p=37" "Mozilla/5.0 (Windows NT 6.1; WOW64; rv:23.0) Gecko/20100101 Firefox/23.0"
82.67.241.30 - - [19/Aug/2013:16:59:54 -0400] "GET /styles/hd_02_01.gif HTTP/1.1" 200 3217 "http://www.chris-nlp-hall.com/styles/basic.css" "Mozilla/5.0 (Windows NT 6.1; WOW64; rv:23.0) Gecko/20100101 Firefox/23.0"
82.67.241.30 - - [19/Aug/2013:16:59:54 -0400] "GET /styles/hd_04_01.jpg HTTP/1.1" 200 33075 "http://www.chris-nlp-hall.com/styles/basic.css" "Mozilla/5.0 (Windows NT 6.1; WOW64; rv:23.0) Gecko/20100101 Firefox/23.0"
82.67.241.30 - - [19/Aug/2013:16:59:54 -0400] "GET /favicon.ico HTTP/1.1" 404 575 "-" "Mozilla/5.0 (Windows NT 6.1; WOW64; rv:23.0) Gecko/20100101 Firefox/23.0"
66.249.75.133 - - [19/Aug/2013:17:01:14 -0400] "GET / HTTP/1.1" 200 6136 "-" "Mozilla/5.0 (compatible; Googlebot/2.1; +http://www.google.com/bot.html)"
193.176.225.7 - - [19/Aug/2013:10:34:13 -0400] "GET /index.php?p=73 HTTP/1.1" 200 11470 "http://www.chris-nlp-hall.com/index.php?p=61" "Mozilla/4.0 (compatible; MSIE 8.0; Windows NT 5.1; Trident/4.0; .NET CLR 1.1.4322; .NET CLR 2.0.50727; .NET CLR 3.0.4506.2152; .NET CLR 3.5.30729; .NET4.0C; .NET4.0E)"
176.57.143.161 - - [19/Aug/2013:11:53:35 -0400] "GET /index.php?p=61 HTTP/1.1" 200 40201 "-" "Mozilla/5.0 (X11; Linux i686; rv:6.0) Gecko/20100101 Firefox/6.0"
212.203.82.152 - - [19/Aug/2013:04:36:41 -0400] "GET /index.php?p=48 HTTP/1.1" 200 7742 "http://www.pnl.ch/certifications-2" "Mozilla/5.0 (Windows NT 5.1; rv:22.0) Gecko/20100101 Firefox/22.0"
212.203.82.152 - - [19/Aug/2013:04:36:42 -0400] "GET /styles/basic.css HTTP/1.1" 200 5091 "http://www.chris-nlp-hall.com/index.php?p=48" "Mozilla/5.0 (Windows NT 5.1; rv:22.0) Gecko/20100101 Firefox/22.0"
212.203.82.152 - - [19/Aug/2013:04:36:42 -0400] "GET /styles/hd_01_01.gif HTTP/1.1" 200 1035 "http://www.chris-nlp-hall.com/styles/basic.css" "Mozilla/5.0 (Windows NT 5.1; rv:22.0) Gecko/20100101 Firefox/22.0"
212.203.82.152 - - [19/Aug/2013:04:36:42 -0400] "GET /styles/sonlp_bg2.gif HTTP/1.1" 200 19608 "http://www.chris-nlp-hall.com/styles/basic.css" "Mozilla/5.0 (Windows NT 5.1; rv:22.0) Gecko/20100101 Firefox/22.0"
65.55.215.250 - - [19/Aug/2013:04:40:44 -0400] "GET /styles/basic.css HTTP/1.1" 200 5091 "http://www.chris-nlp-hall.com/index.php?p=66+" "Mozilla/4.0 (compatible; MSIE 7.0; Windows NT 5.2; SV1; .NET CLR 1.1.4325; .NET CLR 2.0.50727; .NET CLR 3.0.30729; .NET CLR 3.5.30729; MS-RTC LM 8)"
80.74.149.13 - - [19/Aug/2013:05:01:12 -0400] "HEAD /index.php?p=48 HTTP/1.0" 200 - "-" "Drupal (+http://drupal.org/)"
192.149.74.10 - - [19/Aug/2013:13:01:43 -0400] "GET /galleries/images/lotus_small.jpg HTTP/1.1" 200 1988 "http://www.chris-nlp-hall.com/" "Mozilla/5.0 (Windows NT 5.1; rv:17.0) Gecko/20100101 Firefox/17.0"
192.149.74.10 - - [19/Aug/2013:13:01:43 -0400] "GET /styles/hd_02_01.gif HTTP/1.1" 200 3217 "http://www.chris-nlp-hall.com/styles/basic.css" "Mozilla/5.0 (Windows NT 5.1; rv:17.0) Gecko/20100101 Firefox/17.0"
65.55.215.41 - - [19/Aug/2013:20:44:15 -0400] "GET /robots.txt HTTP/1.1" 404 575 "-" "msnbot-media/1.1 (+http://search.msn.com/msnbot.htm)"
72.129.85.76 - - [19/Aug/2013:00:15:42 -0400] "GET /index.php?p=37 HTTP/1.1" 200 7777 "http://www.chris-nlp-hall.com/" "Mozilla/5.0 (Macintosh; U; Intel Mac OS X 10_6_8; en-us) AppleWebKit/533.21.1 (KHTML, like Gecko) Version/5.0.5 Safari/533.21.1"
27.55.130.201 - - [19/Aug/2013:09:33:22 -0400] "GET / HTTP/1.1" 200 6136 "http://www.google.co.th/url?sa=t&rct=j&q=&esrc=s&source=web&cd=6&ved=0CD8QFjAF&url=http%3A%2F%2Fwww.chris-nlp-hall.com%2F&ei=XR4SUoWPBYrprQfysIBQ&usg=AFQjCNHBkFLPcTie62jcLtQib0jZDdNWPA&sig2=ZWhmkrN6tX8RHXDkqiNEXA&bvm=bv.50768961,d.bmk" "Mozilla/5.0 (Windows NT 6.1; WOW64; rv:2.0.1) Gecko/20100101 Firefox/4.0.1"
193.176.225.7 - - [19/Aug/2013:10:30:59 -0400] "GET /index.php?p=39 HTTP/1.1" 200 4377 "http://www.chris-nlp-hall.com/index.php?p=1" "Mozilla/4.0 (compatible; MSIE 8.0; Windows NT 5.1; Trident/4.0; .NET CLR 1.1.4322; .NET CLR 2.0.50727; .NET CLR 3.0.4506.2152; .NET CLR 3.5.30729; .NET4.0C; .NET4.0E)"
193.176.225.7 - - [19/Aug/2013:10:31:00 -0400] "GET /urchin.js HTTP/1.1" 404 575 "http://www.chris-nlp-hall.com/index.php?p=39" "Mozilla/4.0 (compatible; MSIE 8.0; Windows NT 5.1; Trident/4.0; .NET CLR 1.1.4322; .NET CLR 2.0.50727; .NET CLR 3.0.4506.2152; .NET CLR 3.5.30729; .NET4.0C; .NET4.0E)"
193.176.225.7 - - [19/Aug/2013:10:34:44 -0400] "GET /urchin.js HTTP/1.1" 404 575 "http://www.chris-nlp-hall.com/index.php?p=73" "Mozilla/4.0 (compatible; MSIE 8.0; Windows NT 5.1; Trident/4.0; .NET CLR 1.1.4322; .NET CLR 2.0.50727; .NET CLR 3.0.4506.2152; .NET CLR 3.5.30729; .NET4.0C; .NET4.0E)"
37.9.53.248 - - [19/Aug/2013:11:42:57 -0400] "GET /admin.php HTTP/1.0" 403 211 "-" "Mozilla/5.0 (Windows NT 6.1; rv:19.0) Gecko/20100101 Firefox/19.0"
66.249.75.133 - - [19/Aug/2013:22:47:28 -0400] "GET /galleries/images/ctl_ragini_michaels.jpg HTTP/1.1" 304 - "-" "Googlebot-Image/1.0"
46.119.118.152 - - [19/Aug/2013:09:17:32 -0400] "GET / HTTP/1.1" 200 6136 "http://www.koskam.ru/" "Mozilla/3.0 (compatible; WebCapture 2.0; Auto; Windows)"
27.55.130.201 - - [19/Aug/2013:09:33:45 -0400] "GET /styles/hd_02_01.gif HTTP/1.1" 200 3217 "http://www.chris-nlp-hall.com/styles/basic.css" "Mozilla/5.0 (Windows NT 6.1; WOW64; rv:2.0.1) Gecko/20100101 Firefox/4.0.1"
27.55.130.201 - - [19/Aug/2013:09:34:09 -0400] "GET /favicon.ico HTTP/1.1" 404 575 "-" "Mozilla/5.0 (Windows NT 6.1; WOW64; rv:2.0.1) Gecko/20100101 Firefox/4.0.1"
27.55.130.201 - - [19/Aug/2013:09:34:15 -0400] "GET /favicon.ico HTTP/1.1" 404 575 "-" "Mozilla/5.0 (Windows NT 6.1; WOW64; rv:2.0.1) Gecko/20100101 Firefox/4.0.1"
89.84.25.79 - - [19/Aug/2013:09:45:04 -0400] "GET /styles/chris.css HTTP/1.1" 200 1641 "http://www.chris-nlp-hall.com/" "Mozilla/5.0 (Windows NT 6.1; WOW64; rv:23.0) Gecko/20100101 Firefox/23.0"
89.84.25.79 - - [19/Aug/2013:09:45:05 -0400] "GET /styles/hd_01_01.gif HTTP/1.1" 200 1035 "http://www.chris-nlp-hall.com/styles/basic.css" "Mozilla/5.0 (Windows NT 6.1; WOW64; rv:23.0) Gecko/20100101 Firefox/23.0"
89.84.25.79 - - [19/Aug/2013:09:45:05 -0400] "GET /styles/sonlp_bg2.gif HTTP/1.1" 200 19608 "http://www.chris-nlp-hall.com/styles/basic.css" "Mozilla/5.0 (Windows NT 6.1; WOW64; rv:23.0) Gecko/20100101 Firefox/23.0"
74.193.70.231 - - [19/Aug/2013:10:24:52 -0400] "GET /galleries/images/icon2_phone.gif HTTP/1.1" 200 574 "http://www.chris-nlp-hall.com/index.php?p=70" "Mozilla/5.0 (Windows NT 6.1; WOW64) AppleWebKit/537.36 (KHTML, like Gecko) Chrome/28.0.1500.95 Safari/537.36"
37.9.53.248 - - [19/Aug/2013:11:42:56 -0400] "GET /wp-login.php HTTP/1.0" 403 214 "-" "Mozilla/5.0 (Windows NT 6.1; rv:19.0) Gecko/20100101 Firefox/19.0"
46.119.118.152 - - [19/Aug/2013:02:50:31 -0400] "GET / HTTP/1.1" 200 6136 "http://murbook.com/" "Mozilla/4.0 (compatible; MSIE 6.0; MSIE 5.5; Windows NT 4.0) Opera 7.0 [en]"
65.55.213.57 - - [19/Aug/2013:13:49:17 -0400] "GET /index.php?p=51 HTTP/1.1" 200 9317 "-" "Mozilla/4.0 (compatible; MSIE 7.0; Windows NT 5.1; SV1)"
65.55.213.57 - - [19/Aug/2013:13:49:53 -0400] "GET /styles/basic.css HTTP/1.1" 200 5091 "http://www.chris-nlp-hall.com/index.php?p=51" "Mozilla/4.0 (compatible; MSIE 7.0; Windows NT 5.1; SV1)"
197.1.36.222 - - [19/Aug/2013:16:01:07 -0400] "GET /galleries/images/ctl_turki_karim.jpg HTTP/1.1" 200 2647 "http://www.chris-nlp-hall.com/index.php?p=69" "Mozilla/5.0 (Macintosh; Intel Mac OS X 10_7_5) AppleWebKit/534.57.7 (KHTML, like Gecko) Version/5.1.7 Safari/534.57.7"
197.1.36.222 - - [19/Aug/2013:16:01:07 -0400] "GET /galleries/images/icon2_world.gif HTTP/1.1" 200 668 "http://www.chris-nlp-hall.com/index.php?p=69" "Mozilla/5.0 (Macintosh; Intel Mac OS X 10_7_5) AppleWebKit/534.57.7 (KHTML, like Gecko) Version/5.1.7 Safari/534.57.7"
197.1.36.222 - - [19/Aug/2013:16:01:07 -0400] "GET /styles/hd_04_01.jpg HTTP/1.1" 200 33075 "http://www.chris-nlp-hall.com/index.php?p=69" "Mozilla/5.0 (Macintosh; Intel Mac OS X 10_7_5) AppleWebKit/534.57.7 (KHTML, like Gecko) Version/5.1.7 Safari/534.57.7"
197.1.36.222 - - [19/Aug/2013:16:01:07 -0400] "GET /styles/sonlp_bg2.gif HTTP/1.1" 200 19608 "http://www.chris-nlp-hall.com/index.php?p=69" "Mozilla/5.0 (Macintosh; Intel Mac OS X 10_7_5) AppleWebKit/534.57.7 (KHTML, like Gecko) Version/5.1.7 Safari/534.57.7"
59.93.204.248 - - [19/Aug/2013:03:07:40 -0400] "GET /galleries/images/icon2_email.gif HTTP/1.1" 200 613 "http://www.chris-nlp-hall.com/index.php?p=61" "Mozilla/5.0 (Windows NT 5.1) AppleWebKit/537.36 (KHTML, like Gecko) Chrome/28.0.1500.95 Safari/537.36"
59.93.204.248 - - [19/Aug/2013:03:07:41 -0400] "GET /galleries/images/ctl_lochmann_franziska.jpg HTTP/1.1" 200 2279 "http://www.chris-nlp-hall.com/index.php?p=61" "Mozilla/5.0 (Windows NT 5.1) AppleWebKit/537.36 (KHTML, like Gecko) Chrome/28.0.1500.95 Safari/537.36"
59.93.204.248 - - [19/Aug/2013:03:07:41 -0400] "GET /galleries/images/ctl_foesges_marlies.jpg HTTP/1.1" 200 22667 "http://www.chris-nlp-hall.com/index.php?p=61" "Mozilla/5.0 (Windows NT 5.1) AppleWebKit/537.36 (KHTML, like Gecko) Chrome/28.0.1500.95 Safari/537.36"
192.149.74.10 - - [19/Aug/2013:13:01:43 -0400] "GET /styles/chris.css HTTP/1.1" 200 1641 "http://www.chris-nlp-hall.com/" "Mozilla/5.0 (Windows NT 5.1; rv:17.0) Gecko/20100101 Firefox/17.0"
192.149.74.10 - - [19/Aug/2013:13:01:43 -0400] "GET /styles/hd_02_02.gif HTTP/1.1" 200 9351 "http://www.chris-nlp-hall.com/styles/basic.css" "Mozilla/5.0 (Windows NT 5.1; rv:17.0) Gecko/20100101 Firefox/17.0"
192.149.74.10 - - [19/Aug/2013:13:01:43 -0400] "GET /urchin.js HTTP/1.1" 404 575 "http://www.chris-nlp-hall.com/" "Mozilla/5.0 (Windows NT 5.1; rv:17.0) Gecko/20100101 Firefox/17.0"
112.215.66.78 - - [19/Aug/2013:15:19:49 -0400] "GET /index.php?p=41 HTTP/1.1" 200 9960 "http://www.bizdownload.net/christina-hall-discover-the-difference/" "Mozilla/5.0 (Windows NT 6.2) AppleWebKit/537.36 (KHTML, like Gecko) Chrome/28.0.1500.95 Safari/537.36"
112.215.66.78 - - [19/Aug/2013:15:19:51 -0400] "GET /styles/basic.css HTTP/1.1" 200 5091 "http://www.chris-nlp-hall.com/index.php?p=41" "Mozilla/5.0 (Windows NT 6.2) AppleWebKit/537.36 (KHTML, like Gecko) Chrome/28.0.1500.95 Safari/537.36"
112.215.66.78 - - [19/Aug/2013:15:19:52 -0400] "GET /styles/hd_02_02.gif HTTP/1.1" 200 9351 "http://www.chris-nlp-hall.com/index.php?p=41" "Mozilla/5.0 (Windows NT 6.2) AppleWebKit/537.36 (KHTML, like Gecko) Chrome/28.0.1500.95 Safari/537.36"
91.207.9.226 - - [19/Aug/2013:03:24:07 -0400] "GET / HTTP/1.1" 200 6136 "http://clubsovetov.ru/" "Mozilla/4.76 [en] (Windows NT 5.0; U)"
157.55.32.93 - - [19/Aug/2013:03:33:16 -0400] "GET /robots.txt HTTP/1.1" 404 575 "-" "Mozilla/5.0 (compatible; bingbot/2.0; +http://www.bing.com/bingbot.htm)"
197.2.82.64 - - [19/Aug/2013:05:07:04 -0400] "GET /galleries/images/ctl_turki_karim.jpg HTTP/1.1" 200 2647 "http://www.chris-nlp-hall.com/index.php?p=69" "Mozilla/5.0 (Macintosh; Intel Mac OS X 10_7_5) AppleWebKit/534.57.7 (KHTML, like Gecko) Version/5.1.7 Safari/534.57.7"
197.2.82.64 - - [19/Aug/2013:05:07:06 -0400] "GET /styles/hd_04_01.jpg HTTP/1.1" 200 33075 "http://www.chris-nlp-hall.com/index.php?p=69" "Mozilla/5.0 (Macintosh; Intel Mac OS X 10_7_5) AppleWebKit/534.57.7 (KHTML, like Gecko) Version/5.1.7 Safari/534.57.7"
193.252.118.167 - - [19/Aug/2013:22:08:16 -0400] "GET /index.php?p=1 HTTP/1.1" 200 6136 "-" "Mozilla/5.0 (Windows; U; Windows NT 5.1; fr; rv:1.8.1) VoilaBot BETA 1.2 (support.voilabot@orange-ftgroup.com)"
92.234.13.172 - - [19/Aug/2013:09:03:57 -0400] "GET /styles/hd_04_01.jpg HTTP/1.1" 200 33075 "http://www.chris-nlp-hall.com/index.php?p=48" "Mozilla/5.0 (iPhone; CPU iPhone OS 6_1_4 like Mac OS X) AppleWebKit/536.26 (KHTML, like Gecko) Version/6.0 Mobile/10B350 Safari/8536.25"
212.203.82.152 - - [19/Aug/2013:04:36:42 -0400] "GET /styles/chris.css HTTP/1.1" 200 1641 "http://www.chris-nlp-hall.com/index.php?p=48" "Mozilla/5.0 (Windows NT 5.1; rv:22.0) Gecko/20100101 Firefox/22.0"
212.203.82.152 - - [19/Aug/2013:04:36:42 -0400] "GET /urchin.js HTTP/1.1" 404 575 "http://www.chris-nlp-hall.com/index.php?p=48" "Mozilla/5.0 (Windows NT 5.1; rv:22.0) Gecko/20100101 Firefox/22.0"
212.203.82.152 - - [19/Aug/2013:04:36:43 -0400] "GET /styles/almost_white.gif HTTP/1.1" 200 73 "http://www.chris-nlp-hall.com/index.php?p=48" "Mozilla/5.0 (Windows NT 5.1; rv:22.0) Gecko/20100101 Firefox/22.0"
157.55.32.229 - - [19/Aug/2013:07:39:00 -0400] "GET /index.php?p=70 HTTP/1.1" 200 16422 "-" "Mozilla/5.0 (compatible; bingbot/2.0; +http://www.bing.com/bingbot.htm)"
180.76.5.99 - - [19/Aug/2013:17:58:34 -0400] "GET / HTTP/1.1" 200 6136 "-" "Mozilla/5.0 (compatible; Baiduspider/2.0; +http://www.baidu.com/search/spider.html)"
63.217.158.61 - - [19/Aug/2013:19:38:25 -0400] "GET /Summary HTTP/1.1" 404 575 "-" "Mozilla/5.0 (compatible; Baiduspider/2.0; +http://www.baidu.com/search/spider.html)"
109.120.157.179 - - [19/Aug/2013:08:58:36 -0400] "GET / HTTP/1.1" 200 6136 "http://bowlingadvisor.com/" "Mozilla/5.0 (compatible; Add Catalog/2.1;)"
66.249.75.133 - - [19/Aug/2013:15:10:50 -0400] "GET /index.php?p=44 HTTP/1.1" 200 16135 "-" "SAMSUNG-SGH-E250/1.0 Profile/MIDP-2.0 Configuration/CLDC-1.1 UP.Browser/6.2.3.3.c.1.101 (GUI) MMP/2.0 (compatible; Googlebot-Mobile/2.1; +http://www.google.com/bot.html)"
107.22.129.62 - - [19/Aug/2013:02:39:04 -0400] "GET / HTTP/1.1" 200 6136 "-" "Mozilla/5.0 (Windows; U; Windows NT 6.0; en-US; rv:1.9.2.3) Gecko/20100401 Firefox/3.6.3 GTB6 (.NET CLR 3.5.30729)"
46.118.126.194 - - [19/Aug/2013:09:17:55 -0400] "GET / HTTP/1.1" 200 6136 "http://www.echomsk.spb.ru/" "Mozilla/4.0 (compatible; MSIE 6.0; MSIE 5.5; Windows NT 4.0) Opera 7.0 [en]"
193.176.225.7 - - [19/Aug/2013:10:31:23 -0400] "GET /index.php?p=67 HTTP/1.1" 200 5951 "http://www.chris-nlp-hall.com/index.php?p=48" "Mozilla/4.0 (compatible; MSIE 8.0; Windows NT 5.1; Trident/4.0; .NET CLR 1.1.4322; .NET CLR 2.0.50727; .NET CLR 3.0.4506.2152; .NET CLR 3.5.30729; .NET4.0C; .NET4.0E)"
193.176.225.7 - - [19/Aug/2013:10:31:25 -0400] "GET /galleries/images/icon2_world.gif HTTP/1.1" 200 668 "http://www.chris-nlp-hall.com/index.php?p=67" "Mozilla/4.0 (compatible; MSIE 8.0; Windows NT 5.1; Trident/4.0; .NET CLR 1.1.4322; .NET CLR 2.0.50727; .NET CLR 3.0.4506.2152; .NET CLR 3.5.30729; .NET4.0C; .NET4.0E)"
193.176.225.7 - - [19/Aug/2013:10:31:25 -0400] "GET /galleries/images/icon2_email.gif HTTP/1.1" 200 613 "http://www.chris-nlp-hall.com/index.php?p=67" "Mozilla/4.0 (compatible; MSIE 8.0; Windows NT 5.1; Trident/4.0; .NET CLR 1.1.4322; .NET CLR 2.0.50727; .NET CLR 3.0.4506.2152; .NET CLR 3.5.30729; .NET4.0C; .NET4.0E)"
193.176.225.7 - - [19/Aug/2013:10:31:25 -0400] "GET /urchin.js HTTP/1.1" 404 575 "http://www.chris-nlp-hall.com/index.php?p=67" "Mozilla/4.0 (compatible; MSIE 8.0; Windows NT 5.1; Trident/4.0; .NET CLR 1.1.4322; .NET CLR 2.0.50727; .NET CLR 3.0.4506.2152; .NET CLR 3.5.30729; .NET4.0C; .NET4.0E)"
193.176.225.7 - - [19/Aug/2013:10:32:36 -0400] "GET /index.php?p=48 HTTP/1.1" 200 7742 "http://www.chris-nlp-hall.com/index.php?p=1" "Mozilla/4.0 (compatible; MSIE 8.0; Windows NT 5.1; Trident/4.0; .NET CLR 1.1.4322; .NET CLR 2.0.50727; .NET CLR 3.0.4506.2152; .NET CLR 3.5.30729; .NET4.0C; .NET4.0E)"
208.115.113.83 - - [19/Aug/2013:17:53:10 -0400] "GET /robots.txt HTTP/1.1" 404 575 "-" "Mozilla/5.0 (compatible; Ezooms/1.0; ezooms.bot@gmail.com)"
157.55.35.51 - - [19/Aug/2013:19:29:10 -0400] "GET /styles/basic.css HTTP/1.1" 200 5091 "-" "Mozilla/5.0 (compatible; bingbot/2.0; +http://www.bing.com/bingbot.htm)"
157.55.32.229 - - [19/Aug/2013:19:29:30 -0400] "GET /styles/almost_white.gif HTTP/1.1" 200 73 "-" "Mozilla/5.0 (compatible; bingbot/2.0; +http://www.bing.com/bingbot.htm)"
66.249.75.133 - - [19/Aug/2013:19:39:24 -0400] "GET /index.php?p=66 HTTP/1.1" 200 29092 "-" "Mozilla/5.0 (iPhone; U; CPU iPhone OS 4_1 like Mac OS X; en-us) AppleWebKit/532.9 (KHTML, like Gecko) Version/4.0.5 Mobile/8B117 Safari/6531.22.7 (compatible; Googlebot-Mobile/2.1; +http://www.google.com/bot.html)"
91.207.9.226 - - [19/Aug/2013:03:24:09 -0400] "GET / HTTP/1.1" 200 6136 "http://clubsovetov.ru/" "Mozilla/4.76 [en] (Windows NT 5.0; U)"
208.115.111.66 - - [19/Aug/2013:03:54:10 -0400] "GET /robots.txt HTTP/1.1" 404 575 "-" "Mozilla/5.0 (compatible; Ezooms/1.0; ezooms.bot@gmail.com)"
212.203.82.152 - - [19/Aug/2013:04:36:43 -0400] "GET /styles/hd_02_01.gif HTTP/1.1" 200 3217 "http://www.chris-nlp-hall.com/styles/basic.css" "Mozilla/5.0 (Windows NT 5.1; rv:22.0) Gecko/20100101 Firefox/22.0"
199.30.20.34 - - [19/Aug/2013:23:12:22 -0400] "GET /robots.txt HTTP/1.1" 404 575 "-" "msnbot-media/1.1 (+http://search.msn.com/msnbot.htm)"
193.252.118.165 - - [19/Aug/2013:23:46:09 -0400] "GET /robots.txt HTTP/1.1" 404 575 "-" "Mozilla/5.0 (Windows; U; Windows NT 5.1; fr; rv:1.8.1) VoilaBot BETA 1.2 (support.voilabot@orange-ftgroup.com)"
89.84.25.79 - - [19/Aug/2013:09:45:03 -0400] "GET / HTTP/1.1" 200 6136 "http://www.google.fr/url?sa=t&rct=j&q=&esrc=s&source=web&cd=1&ved=0CDQQFjAA&url=http%3A%2F%2Fwww.chris-nlp-hall.com%2F&ei=XCESUotk0tvsBsbLgZgB&usg=AFQjCNHBkFLPcTie62jcLtQib0jZDdNWPA&sig2=kcWJNJNWv2jzRrdbGCrmJg&bvm=bv.50768961,d.ZGU" "Mozilla/5.0 (Windows NT 6.1; WOW64; rv:23.0) Gecko/20100101 Firefox/23.0"
89.84.25.79 - - [19/Aug/2013:09:45:04 -0400] "GET /styles/basic.css HTTP/1.1" 200 5091 "http://www.chris-nlp-hall.com/" "Mozilla/5.0 (Windows NT 6.1; WOW64; rv:23.0) Gecko/20100101 Firefox/23.0"
89.84.25.79 - - [19/Aug/2013:09:45:04 -0400] "GET /urchin.js HTTP/1.1" 404 575 "http://www.chris-nlp-hall.com/" "Mozilla/5.0 (Windows NT 6.1; WOW64; rv:23.0) Gecko/20100101 Firefox/23.0"
89.84.25.79 - - [19/Aug/2013:09:45:05 -0400] "GET /styles/hd_03_01.gif HTTP/1.1" 200 3660 "http://www.chris-nlp-hall.com/styles/basic.css" "Mozilla/5.0 (Windows NT 6.1; WOW64; rv:23.0) Gecko/20100101 Firefox/23.0"
199.21.99.87 - - [19/Aug/2013:12:36:22 -0400] "GET /galleries/images/pl.gif HTTP/1.1" 304 - "-" "Mozilla/5.0 (compatible; YandexImages/3.0; +http://yandex.com/bots)"
123.151.42.170 - - [19/Aug/2013:14:28:37 -0400] "GET /styles/chris.css HTTP/1.1" 200 1641 "http://www.chris-nlp-hall.com/" "Mozilla/5.0 (compatible; Sosospider/2.0; +http://help.soso.com/webspider.htm)"
27.55.130.201 - - [19/Aug/2013:09:33:45 -0400] "GET /styles/hd_01_01.gif HTTP/1.1" 200 1035 "http://www.chris-nlp-hall.com/styles/basic.css" "Mozilla/5.0 (Windows NT 6.1; WOW64; rv:2.0.1) Gecko/20100101 Firefox/4.0.1"
192.149.74.10 - - [19/Aug/2013:13:01:43 -0400] "GET /styles/sonlp_bg2.gif HTTP/1.1" 200 19608 "http://www.chris-nlp-hall.com/styles/basic.css" "Mozilla/5.0 (Windows NT 5.1; rv:17.0) Gecko/20100101 Firefox/17.0"
66.249.75.133 - - [19/Aug/2013:15:13:38 -0400] "GET /index.php?p=65 HTTP/1.1" 200 11637 "-" "DoCoMo/2.0 N905i(c100;TB;W24H16) (compatible; Googlebot-Mobile/2.1; +http://www.google.com/bot.html)"
199.21.99.87 - - [19/Aug/2013:01:42:19 -0400] "GET /robots.txt HTTP/1.1" 404 575 "-" "Mozilla/5.0 (compatible; YandexBot/3.0; +http://yandex.com/bots)"
199.21.99.87 - - [19/Aug/2013:01:42:21 -0400] "GET /galleries/images/sl.jpg HTTP/1.1" 304 - "-" "Mozilla/5.0 (compatible; YandexImages/3.0; +http://yandex.com/bots)"
220.181.89.178 - - [19/Aug/2013:02:32:24 -0400] "GET /robots.txt HTTP/1.1" 404 575 "-" "Sogou web spider/4.0"
81.178.205.74 - - [19/Aug/2013:19:25:38 -0400] "GET /index.php?p=41 HTTP/1.1" 200 9960 "http://www.bizdownload.net/christina-hall-discover-the-difference/" "Mozilla/5.0 (Windows NT 6.0; rv:21.0) Gecko/20100101 Firefox/21.0"
199.30.24.239 - - [19/Aug/2013:20:28:38 -0400] "GET /styles/hd_03_01.gif HTTP/1.1" 200 3660 "http://www.chris-nlp-hall.com/index.php?p=40" "Mozilla/5.0 (Windows NT 6.1; WOW64) AppleWebKit/534+ (KHTML, like Gecko) BingPreview/1.0b"
59.93.204.248 - - [19/Aug/2013:03:07:41 -0400] "GET /galleries/images/ctl_vanhoorn_joerg.jpg HTTP/1.1" 200 3202 "http://www.chris-nlp-hall.com/index.php?p=61" "Mozilla/5.0 (Windows NT 5.1) AppleWebKit/537.36 (KHTML, like Gecko) Chrome/28.0.1500.95 Safari/537.36"
59.93.204.248 - - [19/Aug/2013:03:07:41 -0400] "GET /galleries/images/ctl_mossbrucker_ute.jpg HTTP/1.1" 200 3510 "http://www.chris-nlp-hall.com/index.php?p=61" "Mozilla/5.0 (Windows NT 5.1) AppleWebKit/537.36 (KHTML, like Gecko) Chrome/28.0.1500.95 Safari/537.36"
59.93.204.248 - - [19/Aug/2013:03:07:42 -0400] "GET /galleries/images/ctl_gerecke_peter.jpg HTTP/1.1" 200 3652 "http://www.chris-nlp-hall.com/index.php?p=61" "Mozilla/5.0 (Windows NT 5.1) AppleWebKit/537.36 (KHTML, like Gecko) Chrome/28.0.1500.95 Safari/537.36"
59.93.204.248 - - [19/Aug/2013:03:07:42 -0400] "GET /galleries/images/ctl_toennishoff_martina.jpg HTTP/1.1" 200 3170 "http://www.chris-nlp-hall.com/index.php?p=61" "Mozilla/5.0 (Windows NT 5.1) AppleWebKit/537.36 (KHTML, like Gecko) Chrome/28.0.1500.95 Safari/537.36"
212.203.82.152 - - [19/Aug/2013:04:36:48 -0400] "GET /index.php?p=71 HTTP/1.1" 200 8566 "http://www.chris-nlp-hall.com/index.php?p=48" "Mozilla/5.0 (Windows NT 5.1; rv:22.0) Gecko/20100101 Firefox/22.0"
212.203.82.152 - - [19/Aug/2013:04:36:49 -0400] "GET /galleries/images/de.gif HTTP/1.1" 200 362 "http://www.chris-nlp-hall.com/index.php?p=71" "Mozilla/5.0 (Windows NT 5.1; rv:22.0) Gecko/20100101 Firefox/22.0"
41.82.108.102 - - [19/Aug/2013:21:17:27 -0400] "GET /index.php?p=66&sa=U&ei=4MESUqbvLcak0QX26IE4&ved=0CJoCEBYwTw&usg=AFQjCNFPjKNBc0zT7aew1lHTwSNc9RztFA HTTP/1.1" 200 29092 "-" "Mozilla/4.0 (compatible; MSIE 8.0; Win32)"
72.167.35.119 - - [19/Aug/2013:21:59:46 -0400] "GET /index.php?p=49 HTTP/1.1" 200 16097 "-" "Mozilla/4.0 (compatible; MSIE 6.0; Windows NT 5.1; SV1; Mozilla/4.0 (compatible; MSIE 6.0; Windows NT 5.1; SV1) ; .NET CLR 1.0.3705)"
157.55.34.24 - - [19/Aug/2013:22:42:41 -0400] "GET /robots.txt HTTP/1.1" 404 575 "-" "Mozilla/5.0 (compatible; bingbot/2.0; +http://www.bing.com/bingbot.htm)"
208.177.76.9 - - [19/Aug/2013:03:58:25 -0400] "GET /index.php?p=52 HTTP/1.0" 200 10795 "http://www.chris-nlp-hall.com/index.php?p=52" "Mozilla/4.0 (compatible; MSIE 8.0; Windows NT 5.1; Trident/4.0)"
212.203.82.152 - - [19/Aug/2013:04:36:43 -0400] "GET /styles/hd_02_02.gif HTTP/1.1" 200 9351 "http://www.chris-nlp-hall.com/styles/basic.css" "Mozilla/5.0 (Windows NT 5.1; rv:22.0) Gecko/20100101 Firefox/22.0"
74.193.70.231 - - [19/Aug/2013:10:24:51 -0400] "GET /index.php?p=70 HTTP/1.1" 200 16422 "http://www.chris-nlp-hall.com/index.php?p=48" "Mozilla/5.0 (Windows NT 6.1; WOW64) AppleWebKit/537.36 (KHTML, like Gecko) Chrome/28.0.1500.95 Safari/537.36"
74.193.70.231 - - [19/Aug/2013:10:24:52 -0400] "GET /galleries/images/us.gif HTTP/1.1" 200 367 "http://www.chris-nlp-hall.com/index.php?p=70" "Mozilla/5.0 (Windows NT 6.1; WOW64) AppleWebKit/537.36 (KHTML, like Gecko) Chrome/28.0.1500.95 Safari/537.36"
74.193.70.231 - - [19/Aug/2013:10:24:52 -0400] "GET /galleries/images/empty.gif HTTP/1.1" 200 43 "http://www.chris-nlp-hall.com/index.php?p=70" "Mozilla/5.0 (Windows NT 6.1; WOW64) AppleWebKit/537.36 (KHTML, like Gecko) Chrome/28.0.1500.95 Safari/537.36"
74.193.70.231 - - [19/Aug/2013:10:24:52 -0400] "GET /galleries/images/ctl_watson_michael.png HTTP/1.1" 200 18928 "http://www.chris-nlp-hall.com/index.php?p=70" "Mozilla/5.0 (Windows NT 6.1; WOW64) AppleWebKit/537.36 (KHTML, like Gecko) Chrome/28.0.1500.95 Safari/537.36"
193.176.225.7 - - [19/Aug/2013:10:32:13 -0400] "GET /index.php?p=48 HTTP/1.1" 200 7742 "http://www.chris-nlp-hall.com/index.php?p=1" "Mozilla/4.0 (compatible; MSIE 8.0; Windows NT 5.1; Trident/4.0; .NET CLR 1.1.4322; .NET CLR 2.0.50727; .NET CLR 3.0.4506.2152; .NET CLR 3.5.30729; .NET4.0C; .NET4.0E)"
72.167.35.119 - - [19/Aug/2013:22:00:38 -0400] "POST /index.php/trackback/ HTTP/1.1" 200 6136 "http://www.chris-nlp-hall.com/index.php?p=49" "Mozilla/4.0 (compatible; MSIE 6.0; Windows NT 5.1; SV1; Mozilla/4.0 (compatible; MSIE 6.0; Windows NT 5.1; SV1) )"
193.252.118.176 - - [19/Aug/2013:23:34:10 -0400] "GET /index.php?p=67 HTTP/1.1" 200 5951 "-" "Mozilla/5.0 (Windows; U; Windows NT 5.1; fr; rv:1.8.1) VoilaBot BETA 1.2 (support.voilabot@orange-ftgroup.com)"
46.118.126.194 - - [19/Aug/2013:09:17:56 -0400] "GET / HTTP/1.1" 200 6136 "http://pornogig.com/" "Mozilla/4.0 (compatible; MSIE 6.0; MSIE 5.5; Windows NT 4.0) Opera 7.0 [en]"
89.84.25.79 - - [19/Aug/2013:09:45:10 -0400] "GET /index.php?p=37 HTTP/1.1" 200 7777 "http://www.chris-nlp-hall.com/" "Mozilla/5.0 (Windows NT 6.1; WOW64; rv:23.0) Gecko/20100101 Firefox/23.0"
89.84.25.79 - - [19/Aug/2013:09:45:11 -0400] "GET /galleries/images/chris_hall_2012.jpg HTTP/1.1" 200 33187 "http://www.chris-nlp-hall.com/index.php?p=37" "Mozilla/5.0 (Windows NT 6.1; WOW64; rv:23.0) Gecko/20100101 Firefox/23.0"
193.176.225.7 - - [19/Aug/2013:10:28:05 -0400] "GET /galleries/images/chris_hall_2012.jpg HTTP/1.1" 200 33187 "http://www.chris-nlp-hall.com/index.php?p=37" "Mozilla/4.0 (compatible; MSIE 8.0; Windows NT 5.1; Trident/4.0; .NET CLR 1.1.4322; .NET CLR 2.0.50727; .NET CLR 3.0.4506.2152; .NET CLR 3.5.30729; .NET4.0C; .NET4.0E)"
193.176.225.7 - - [19/Aug/2013:10:28:05 -0400] "GET /styles/hd_01_01.gif HTTP/1.1" 200 1035 "http://www.chris-nlp-hall.com/index.php?p=37" "Mozilla/4.0 (compatible; MSIE 8.0; Windows NT 5.1; Trident/4.0; .NET CLR 1.1.4322; .NET CLR 2.0.50727; .NET CLR 3.0.4506.2152; .NET CLR 3.5.30729; .NET4.0C; .NET4.0E)"
193.176.225.7 - - [19/Aug/2013:10:28:05 -0400] "GET /styles/hd_02_02.gif HTTP/1.1" 200 9351 "http://www.chris-nlp-hall.com/index.php?p=37" "Mozilla/4.0 (compatible; MSIE 8.0; Windows NT 5.1; Trident/4.0; .NET CLR 1.1.4322; .NET CLR 2.0.50727; .NET CLR 3.0.4506.2152; .NET CLR 3.5.30729; .NET4.0C; .NET4.0E)"
193.176.225.7 - - [19/Aug/2013:10:28:05 -0400] "GET /styles/hd_03_01.gif HTTP/1.1" 200 3660 "http://www.chris-nlp-hall.com/index.php?p=37" "Mozilla/4.0 (compatible; MSIE 8.0; Windows NT 5.1; Trident/4.0; .NET CLR 1.1.4322; .NET CLR 2.0.50727; .NET CLR 3.0.4506.2152; .NET CLR 3.5.30729; .NET4.0C; .NET4.0E)"
193.176.225.7 - - [19/Aug/2013:10:28:06 -0400] "GET /styles/almost_white.gif HTTP/1.1" 200 73 "http://www.chris-nlp-hall.com/index.php?p=37" "Mozilla/4.0 (compatible; MSIE 8.0; Windows NT 5.1; Trident/4.0; .NET CLR 1.1.4322; .NET CLR 2.0.50727; .NET CLR 3.0.4506.2152; .NET CLR 3.5.30729; .NET4.0C; .NET4.0E)"
193.176.225.7 - - [19/Aug/2013:10:31:25 -0400] "GET /galleries/images/nl.gif HTTP/1.1" 200 360 "http://www.chris-nlp-hall.com/index.php?p=67" "Mozilla/4.0 (compatible; MSIE 8.0; Windows NT 5.1; Trident/4.0; .NET CLR 1.1.4322; .NET CLR 2.0.50727; .NET CLR 3.0.4506.2152; .NET CLR 3.5.30729; .NET4.0C; .NET4.0E)"
78.125.213.246 - - [19/Aug/2013:10:37:32 -0400] "GET /styles/hd_03_01.gif HTTP/1.1" 200 3660 "http://www.chris-nlp-hall.com/styles/basic.css" "Mozilla/5.0 (Windows NT 6.0; rv:21.0) Gecko/20100101 Firefox/21.0"
37.9.53.248 - - [19/Aug/2013:11:37:54 -0400] "GET /wp-login.php HTTP/1.0" 403 214 "-" "Mozilla/5.0 (Windows NT 6.1; rv:19.0) Gecko/20100101 Firefox/19.0"
192.149.74.10 - - [19/Aug/2013:13:02:15 -0400] "GET /index.php?p=74 HTTP/1.1" 200 4646 "http://www.chris-nlp-hall.com/index.php?p=39" "Mozilla/5.0 (Windows NT 5.1; rv:17.0) Gecko/20100101 Firefox/17.0"
192.149.74.10 - - [19/Aug/2013:13:02:16 -0400] "GET /urchin.js HTTP/1.1" 404 575 "http://www.chris-nlp-hall.com/index.php?p=74" "Mozilla/5.0 (Windows NT 5.1; rv:17.0) Gecko/20100101 Firefox/17.0"
101.227.4.26 - - [19/Aug/2013:14:25:58 -0400] "GET /index.php?p=73 HTTP/1.1" 200 11470 "-" "Mozilla/5.0 (compatible; YYSpider; +http://www.yunyun.com/spider.html)"
59.93.204.248 - - [19/Aug/2013:02:57:34 -0400] "GET /index.php?p=48 HTTP/1.1" 200 7742 "http://classnlp.com/certification/snlp_profile" "Mozilla/5.0 (Windows NT 5.1) AppleWebKit/537.36 (KHTML, like Gecko) Chrome/28.0.1500.95 Safari/537.36"
59.93.204.248 - - [19/Aug/2013:02:57:36 -0400] "GET /styles/hd_02_02.gif HTTP/1.1" 200 9351 "http://www.chris-nlp-hall.com/index.php?p=48" "Mozilla/5.0 (Windows NT 5.1) AppleWebKit/537.36 (KHTML, like Gecko) Chrome/28.0.1500.95 Safari/537.36"
27.55.130.201 - - [19/Aug/2013:09:33:47 -0400] "GET /styles/hd_04_01.jpg HTTP/1.1" 200 33075 "http://www.chris-nlp-hall.com/styles/basic.css" "Mozilla/5.0 (Windows NT 6.1; WOW64; rv:2.0.1) Gecko/20100101 Firefox/4.0.1"
27.55.130.201 - - [19/Aug/2013:09:38:04 -0400] "GET /urchin.js HTTP/1.1" 404 575 "http://www.chris-nlp-hall.com/index.php?p=41" "Mozilla/5.0 (Windows NT 6.1; WOW64; rv:2.0.1) Gecko/20100101 Firefox/4.0.1"
74.193.70.231 - - [19/Aug/2013:10:23:52 -0400] "GET / HTTP/1.1" 200 6136 "http://www.nlplearningsystems.com/links.htm" "Mozilla/5.0 (Windows NT 6.1; WOW64) AppleWebKit/537.36 (KHTML, like Gecko) Chrome/28.0.1500.95 Safari/537.36"
74.193.70.231 - - [19/Aug/2013:10:23:52 -0400] "GET /styles/basic.css HTTP/1.1" 200 5091 "http://www.chris-nlp-hall.com/" "Mozilla/5.0 (Windows NT 6.1; WOW64) AppleWebKit/537.36 (KHTML, like Gecko) Chrome/28.0.1500.95 Safari/537.36"
74.193.70.231 - - [19/Aug/2013:10:23:52 -0400] "GET /styles/hd_02_02.gif HTTP/1.1" 200 9351 "http://www.chris-nlp-hall.com/" "Mozilla/5.0 (Windows NT 6.1; WOW64) AppleWebKit/537.36 (KHTML, like Gecko) Chrome/28.0.1500.95 Safari/537.36"
193.176.225.7 - - [19/Aug/2013:10:32:41 -0400] "GET /index.php?p=41 HTTP/1.1" 200 9960 "http://www.chris-nlp-hall.com/index.php?p=39" "Mozilla/4.0 (compatible; MSIE 8.0; Windows NT 5.1; Trident/4.0; .NET CLR 1.1.4322; .NET CLR 2.0.50727; .NET CLR 3.0.4506.2152; .NET CLR 3.5.30729; .NET4.0C; .NET4.0E)"
193.176.225.7 - - [19/Aug/2013:10:32:42 -0400] "GET /urchin.js HTTP/1.1" 404 575 "http://www.chris-nlp-hall.com/index.php?p=41" "Mozilla/4.0 (compatible; MSIE 8.0; Windows NT 5.1; Trident/4.0; .NET CLR 1.1.4322; .NET CLR 2.0.50727; .NET CLR 3.0.4506.2152; .NET CLR 3.5.30729; .NET4.0C; .NET4.0E)"
78.125.213.246 - - [19/Aug/2013:10:37:32 -0400] "GET /styles/hd_02_02.gif HTTP/1.1" 200 9351 "http://www.chris-nlp-hall.com/styles/basic.css" "Mozilla/5.0 (Windows NT 6.0; rv:21.0) Gecko/20100101 Firefox/21.0"
192.149.74.10 - - [19/Aug/2013:13:13:01 -0400] "GET /index.php?p=44 HTTP/1.1" 200 16135 "http://www.chris-nlp-hall.com/index.php?p=74" "Mozilla/5.0 (Windows NT 5.1; rv:17.0) Gecko/20100101 Firefox/17.0"
192.149.74.10 - - [19/Aug/2013:13:13:01 -0400] "GET /urchin.js HTTP/1.1" 404 575 "http://www.chris-nlp-hall.com/index.php?p=44" "Mozilla/5.0 (Windows NT 5.1; rv:17.0) Gecko/20100101 Firefox/17.0"
143.106.129.9 - - [19/Aug/2013:17:28:45 -0400] "GET /styles/hd_04_01.jpg HTTP/1.1" 200 33075 "http://www.chris-nlp-hall.com/" "Mozilla/5.0 (Windows NT 6.2; WOW64) AppleWebKit/537.36 (KHTML, like Gecko) Chrome/28.0.1500.95 Safari/537.36"
66.249.75.133 - - [19/Aug/2013:23:36:45 -0400] "GET /index.php?p=39 HTTP/1.1" 200 4377 "-" "Mozilla/5.0 (compatible; Googlebot/2.1; +http://www.google.com/bot.html)"
66.249.75.133 - - [19/Aug/2013:07:04:17 -0400] "GET /robots.txt HTTP/1.1" 404 575 "-" "Mozilla/5.0 (compatible; Googlebot/2.1; +http://www.google.com/bot.html)"
66.249.75.133 - - [19/Aug/2013:07:04:17 -0400] "GET /index.php?p=71 HTTP/1.1" 200 8566 "-" "Mozilla/5.0 (iPhone; U; CPU iPhone OS 4_1 like Mac OS X; en-us) AppleWebKit/532.9 (KHTML, like Gecko) Version/4.0.5 Mobile/8B117 Safari/6531.22.7 (compatible; Googlebot-Mobile/2.1; +http://www.google.com/bot.html)"
59.93.204.248 - - [19/Aug/2013:03:09:42 -0400] "GET /index.php?p=42 HTTP/1.1" 200 3851 "http://www.chris-nlp-hall.com/index.php?p=48" "Mozilla/5.0 (Windows NT 5.1) AppleWebKit/537.36 (KHTML, like Gecko) Chrome/28.0.1500.95 Safari/537.36"
59.93.204.248 - - [19/Aug/2013:03:09:46 -0400] "GET /urchin.js HTTP/1.1" 404 575 "http://www.chris-nlp-hall.com/index.php?p=42" "Mozilla/5.0 (Windows NT 5.1) AppleWebKit/537.36 (KHTML, like Gecko) Chrome/28.0.1500.95 Safari/537.36"
212.203.82.152 - - [19/Aug/2013:04:36:43 -0400] "GET /styles/hd_03_01.gif HTTP/1.1" 200 3660 "http://www.chris-nlp-hall.com/styles/basic.css" "Mozilla/5.0 (Windows NT 5.1; rv:22.0) Gecko/20100101 Firefox/22.0"
197.2.82.64 - - [19/Aug/2013:05:07:02 -0400] "GET /index.php?p=69 HTTP/1.1" 200 6700 "-" "Mozilla/5.0 (Macintosh; Intel Mac OS X 10_7_5) AppleWebKit/534.57.7 (KHTML, like Gecko) Version/5.1.7 Safari/534.57.7"
197.2.82.64 - - [19/Aug/2013:05:07:03 -0400] "GET /urchin.js HTTP/1.1" 404 575 "http://www.chris-nlp-hall.com/index.php?p=69" "Mozilla/5.0 (Macintosh; Intel Mac OS X 10_7_5) AppleWebKit/534.57.7 (KHTML, like Gecko) Version/5.1.7 Safari/534.57.7"
197.2.82.64 - - [19/Aug/2013:05:07:04 -0400] "GET /galleries/images/icon2_email.gif HTTP/1.1" 200 613 "http://www.chris-nlp-hall.com/index.php?p=69" "Mozilla/5.0 (Macintosh; Intel Mac OS X 10_7_5) AppleWebKit/534.57.7 (KHTML, like Gecko) Version/5.1.7 Safari/534.57.7"
197.2.82.64 - - [19/Aug/2013:05:07:06 -0400] "GET /styles/hd_01_01.gif HTTP/1.1" 200 1035 "http://www.chris-nlp-hall.com/index.php?p=69" "Mozilla/5.0 (Macintosh; Intel Mac OS X 10_7_5) AppleWebKit/534.57.7 (KHTML, like Gecko) Version/5.1.7 Safari/534.57.7"
197.2.82.64 - - [19/Aug/2013:05:07:06 -0400] "GET /styles/almost_white.gif HTTP/1.1" 200 73 "http://www.chris-nlp-hall.com/index.php?p=69" "Mozilla/5.0 (Macintosh; Intel Mac OS X 10_7_5) AppleWebKit/534.57.7 (KHTML, like Gecko) Version/5.1.7 Safari/534.57.7"
72.167.35.119 - - [19/Aug/2013:18:23:52 -0400] "GET /index.php?p=49 HTTP/1.1" 200 16097 "-" "Mozilla/4.0 (compatible; MSIE 6.0; Windows NT 5.1; SV1; Mozilla/4.0 (compatible; MSIE 6.0; Windows NT 5.1; SV1) ; .NET CLR 2.0.50727 ; .NET CLR 4.0.30319)"
81.178.205.74 - - [19/Aug/2013:19:25:41 -0400] "GET /styles/sonlp_bg2.gif HTTP/1.1" 200 19608 "http://www.chris-nlp-hall.com/styles/basic.css" "Mozilla/5.0 (Windows NT 6.0; rv:21.0) Gecko/20100101 Firefox/21.0"
208.115.113.83 - - [19/Aug/2013:19:46:52 -0400] "GET /index.php?p=42 HTTP/1.1" 200 3851 "-" "Mozilla/5.0 (compatible; Ezooms/1.0; ezooms.bot@gmail.com)"
46.118.126.194 - - [19/Aug/2013:20:44:43 -0400] "GET / HTTP/1.1" 200 6136 "http://udobno67.ru/" "Mozilla/4.0 (compatible; MSIE 6.0; MSIE 5.5; Windows NT 4.0) Opera 7.0 [en]"
192.149.74.10 - - [19/Aug/2013:13:13:25 -0400] "GET /index.php?p=49 HTTP/1.1" 200 16097 "http://www.chris-nlp-hall.com/index.php?p=44" "Mozilla/5.0 (Windows NT 5.1; rv:17.0) Gecko/20100101 Firefox/17.0"
192.149.74.10 - - [19/Aug/2013:13:13:26 -0400] "GET /urchin.js HTTP/1.1" 404 575 "http://www.chris-nlp-hall.com/index.php?p=49" "Mozilla/5.0 (Windows NT 5.1; rv:17.0) Gecko/20100101 Firefox/17.0"
46.119.118.152 - - [19/Aug/2013:09:17:31 -0400] "GET / HTTP/1.1" 200 6136 "http://www.koskam.ru/" "Mozilla/3.0 (compatible; WebCapture 2.0; Auto; Windows)"
193.176.225.7 - - [19/Aug/2013:10:31:31 -0400] "GET /urchin.js HTTP/1.1" 404 575 "http://www.chris-nlp-hall.com/index.php?p=48" "Mozilla/4.0 (compatible; MSIE 8.0; Windows NT 5.1; Trident/4.0; .NET CLR 1.1.4322; .NET CLR 2.0.50727; .NET CLR 3.0.4506.2152; .NET CLR 3.5.30729; .NET4.0C; .NET4.0E)"
59.93.204.248 - - [19/Aug/2013:02:57:37 -0400] "GET /styles/hd_04_01.jpg HTTP/1.1" 200 33075 "http://www.chris-nlp-hall.com/index.php?p=48" "Mozilla/5.0 (Windows NT 5.1) AppleWebKit/537.36 (KHTML, like Gecko) Chrome/28.0.1500.95 Safari/537.36"
59.93.204.248 - - [19/Aug/2013:02:57:38 -0400] "GET /favicon.ico HTTP/1.1" 404 575 "-" "Mozilla/5.0 (Windows NT 5.1) AppleWebKit/537.36 (KHTML, like Gecko) Chrome/28.0.1500.95 Safari/537.36"
46.118.126.194 - - [19/Aug/2013:09:17:54 -0400] "GET / HTTP/1.1" 200 6136 "http://pornogig.com/" "Mozilla/4.0 (compatible; MSIE 6.0; MSIE 5.5; Windows NT 4.0) Opera 7.0 [en]"
193.176.225.7 - - [19/Aug/2013:10:31:04 -0400] "GET /index.php?p=74 HTTP/1.1" 200 4646 "http://www.chris-nlp-hall.com/index.php?p=39" "Mozilla/4.0 (compatible; MSIE 8.0; Windows NT 5.1; Trident/4.0; .NET CLR 1.1.4322; .NET CLR 2.0.50727; .NET CLR 3.0.4506.2152; .NET CLR 3.5.30729; .NET4.0C; .NET4.0E)"
193.176.225.7 - - [19/Aug/2013:10:31:06 -0400] "GET /urchin.js HTTP/1.1" 404 575 "http://www.chris-nlp-hall.com/index.php?p=74" "Mozilla/4.0 (compatible; MSIE 8.0; Windows NT 5.1; Trident/4.0; .NET CLR 1.1.4322; .NET CLR 2.0.50727; .NET CLR 3.0.4506.2152; .NET CLR 3.5.30729; .NET4.0C; .NET4.0E)"
193.176.225.7 - - [19/Aug/2013:10:34:18 -0400] "GET /index.php?p=73 HTTP/1.1" 200 11470 "http://www.chris-nlp-hall.com/index.php?p=61" "Mozilla/4.0 (compatible; MSIE 8.0; Windows NT 5.1; Trident/4.0; .NET CLR 1.1.4322; .NET CLR 2.0.50727; .NET CLR 3.0.4506.2152; .NET CLR 3.5.30729; .NET4.0C; .NET4.0E)"
78.125.213.246 - - [19/Aug/2013:10:37:31 -0400] "GET /styles/chris.css HTTP/1.1" 200 1641 "http://www.chris-nlp-hall.com/" "Mozilla/5.0 (Windows NT 6.0; rv:21.0) Gecko/20100101 Firefox/21.0"
78.125.213.246 - - [19/Aug/2013:10:37:32 -0400] "GET /galleries/images/lotus_small.jpg HTTP/1.1" 200 1988 "http://www.chris-nlp-hall.com/" "Mozilla/5.0 (Windows NT 6.0; rv:21.0) Gecko/20100101 Firefox/21.0"
78.125.213.246 - - [19/Aug/2013:10:37:32 -0400] "GET /styles/hd_04_01.jpg HTTP/1.1" 200 33075 "http://www.chris-nlp-hall.com/styles/basic.css" "Mozilla/5.0 (Windows NT 6.0; rv:21.0) Gecko/20100101 Firefox/21.0"
78.125.213.246 - - [19/Aug/2013:10:37:32 -0400] "GET /favicon.ico HTTP/1.1" 404 575 "-" "Mozilla/5.0 (Windows NT 6.0; rv:21.0) Gecko/20100101 Firefox/21.0"
78.125.213.246 - - [19/Aug/2013:10:37:33 -0400] "GET /favicon.ico HTTP/1.1" 404 575 "-" "Mozilla/5.0 (Windows NT 6.0; rv:21.0) Gecko/20100101 Firefox/21.0"
46.119.118.152 - - [19/Aug/2013:02:50:29 -0400] "GET / HTTP/1.1" 200 6136 "http://murbook.com/" "Mozilla/4.0 (compatible; MSIE 6.0; MSIE 5.5; Windows NT 4.0) Opera 7.0 [en]"
27.55.130.201 - - [19/Aug/2013:09:39:29 -0400] "GET /urchin.js HTTP/1.1" 404 575 "http://www.chris-nlp-hall.com/index.php?p=40" "Mozilla/5.0 (Windows NT 6.1; WOW64; rv:2.0.1) Gecko/20100101 Firefox/4.0.1"
74.193.70.231 - - [19/Aug/2013:10:23:52 -0400] "GET /urchin.js HTTP/1.1" 404 575 "http://www.chris-nlp-hall.com/" "Mozilla/5.0 (Windows NT 6.1; WOW64) AppleWebKit/537.36 (KHTML, like Gecko) Chrome/28.0.1500.95 Safari/537.36"
74.193.70.231 - - [19/Aug/2013:10:23:52 -0400] "GET /styles/hd_02_01.gif HTTP/1.1" 200 3217 "http://www.chris-nlp-hall.com/" "Mozilla/5.0 (Windows NT 6.1; WOW64) AppleWebKit/537.36 (KHTML, like Gecko) Chrome/28.0.1500.95 Safari/537.36"
193.176.225.7 - - [19/Aug/2013:10:33:46 -0400] "GET /galleries/images/ctl_vanhoorn_joerg.jpg HTTP/1.1" 200 3202 "http://www.chris-nlp-hall.com/index.php?p=61" "Mozilla/4.0 (compatible; MSIE 8.0; Windows NT 5.1; Trident/4.0; .NET CLR 1.1.4322; .NET CLR 2.0.50727; .NET CLR 3.0.4506.2152; .NET CLR 3.5.30729; .NET4.0C; .NET4.0E)"
193.176.225.7 - - [19/Aug/2013:10:33:46 -0400] "GET /galleries/images/ctl_lochmann_franziska.jpg HTTP/1.1" 200 2279 "http://www.chris-nlp-hall.com/index.php?p=61" "Mozilla/4.0 (compatible; MSIE 8.0; Windows NT 5.1; Trident/4.0; .NET CLR 1.1.4322; .NET CLR 2.0.50727; .NET CLR 3.0.4506.2152; .NET CLR 3.5.30729; .NET4.0C; .NET4.0E)"
193.176.225.7 - - [19/Aug/2013:10:33:46 -0400] "GET /galleries/images/ctl_kless_gerhard.jpg HTTP/1.1" 200 3271 "http://www.chris-nlp-hall.com/index.php?p=61" "Mozilla/4.0 (compatible; MSIE 8.0; Windows NT 5.1; Trident/4.0; .NET CLR 1.1.4322; .NET CLR 2.0.50727; .NET CLR 3.0.4506.2152; .NET CLR 3.5.30729; .NET4.0C; .NET4.0E)"
193.176.225.7 - - [19/Aug/2013:10:33:46 -0400] "GET /galleries/images/ctl_alberts_ingeborg.jpg HTTP/1.1" 200 3373 "http://www.chris-nlp-hall.com/index.php?p=61" "Mozilla/4.0 (compatible; MSIE 8.0; Windows NT 5.1; Trident/4.0; .NET CLR 1.1.4322; .NET CLR 2.0.50727; .NET CLR 3.0.4506.2152; .NET CLR 3.5.30729; .NET4.0C; .NET4.0E)"
193.176.225.7 - - [19/Aug/2013:10:33:46 -0400] "GET /galleries/images/ctl_felber_petra.jpg HTTP/1.1" 200 5327 "http://www.chris-nlp-hall.com/index.php?p=61" "Mozilla/4.0 (compatible; MSIE 8.0; Windows NT 5.1; Trident/4.0; .NET CLR 1.1.4322; .NET CLR 2.0.50727; .NET CLR 3.0.4506.2152; .NET CLR 3.5.30729; .NET4.0C; .NET4.0E)"
193.176.225.7 - - [19/Aug/2013:10:33:46 -0400] "GET /galleries/images/ctl_baumann-weiss_iris.jpg HTTP/1.1" 200 3244 "http://www.chris-nlp-hall.com/index.php?p=61" "Mozilla/4.0 (compatible; MSIE 8.0; Windows NT 5.1; Trident/4.0; .NET CLR 1.1.4322; .NET CLR 2.0.50727; .NET CLR 3.0.4506.2152; .NET CLR 3.5.30729; .NET4.0C; .NET4.0E)"
193.176.225.7 - - [19/Aug/2013:10:33:46 -0400] "GET /galleries/images/ctl_toennishoff_martina.jpg HTTP/1.1" 200 3170 "http://www.chris-nlp-hall.com/index.php?p=61" "Mozilla/4.0 (compatible; MSIE 8.0; Windows NT 5.1; Trident/4.0; .NET CLR 1.1.4322; .NET CLR 2.0.50727; .NET CLR 3.0.4506.2152; .NET CLR 3.5.30729; .NET4.0C; .NET4.0E)"
193.176.225.7 - - [19/Aug/2013:10:33:47 -0400] "GET /galleries/images/ctl_dickhut_monika.jpg HTTP/1.1" 200 9633 "http://www.chris-nlp-hall.com/index.php?p=61" "Mozilla/4.0 (compatible; MSIE 8.0; Windows NT 5.1; Trident/4.0; .NET CLR 1.1.4322; .NET CLR 2.0.50727; .NET CLR 3.0.4506.2152; .NET CLR 3.5.30729; .NET4.0C; .NET4.0E)"
193.176.225.7 - - [19/Aug/2013:10:33:47 -0400] "GET /galleries/images/ctl_waegele_christian.jpg HTTP/1.1" 200 3531 "http://www.chris-nlp-hall.com/index.php?p=61" "Mozilla/4.0 (compatible; MSIE 8.0; Windows NT 5.1; Trident/4.0; .NET CLR 1.1.4322; .NET CLR 2.0.50727; .NET CLR 3.0.4506.2152; .NET CLR 3.5.30729; .NET4.0C; .NET4.0E)"
193.176.225.7 - - [19/Aug/2013:10:34:07 -0400] "GET /index.php?p=73 HTTP/1.1" 200 11470 "http://www.chris-nlp-hall.com/index.php?p=48" "Mozilla/4.0 (compatible; MSIE 8.0; Windows NT 5.1; Trident/4.0; .NET CLR 1.1.4322; .NET CLR 2.0.50727; .NET CLR 3.0.4506.2152; .NET CLR 3.5.30729; .NET4.0C; .NET4.0E)"
192.149.74.10 - - [19/Aug/2013:13:01:42 -0400] "GET / HTTP/1.1" 200 6136 "http://www.google.com/url?sa=t&rct=j&q=&esrc=s&source=web&cd=1&ved=0CDwQFjAA&url=http%3A%2F%2Fwww.chris-nlp-hall.com%2F&ei=bU8SUqK7H8LbyQG7pIBA&usg=AFQjCNHBkFLPcTie62jcLtQib0jZDdNWPA&sig2=9H4tntVXbAZGw0lsUShUBQ&bvm=bv.50768961,d.aWc" "Mozilla/5.0 (Windows NT 5.1; rv:17.0) Gecko/20100101 Firefox/17.0"
192.149.74.10 - - [19/Aug/2013:13:01:43 -0400] "GET /styles/basic.css HTTP/1.1" 200 5091 "http://www.chris-nlp-hall.com/" "Mozilla/5.0 (Windows NT 5.1; rv:17.0) Gecko/20100101 Firefox/17.0"
192.149.74.10 - - [19/Aug/2013:13:01:43 -0400] "GET /styles/hd_01_01.gif HTTP/1.1" 200 1035 "http://www.chris-nlp-hall.com/styles/basic.css" "Mozilla/5.0 (Windows NT 5.1; rv:17.0) Gecko/20100101 Firefox/17.0"
192.149.74.10 - - [19/Aug/2013:13:01:43 -0400] "GET /styles/almost_white.gif HTTP/1.1" 200 73 "http://www.chris-nlp-hall.com/styles/almost_white.gif" "Mozilla/5.0 (Windows NT 5.1; rv:17.0) Gecko/20100101 Firefox/17.0"
59.93.204.248 - - [19/Aug/2013:03:07:41 -0400] "GET /galleries/images/empty.gif HTTP/1.1" 200 43 "http://www.chris-nlp-hall.com/index.php?p=61" "Mozilla/5.0 (Windows NT 5.1) AppleWebKit/537.36 (KHTML, like Gecko) Chrome/28.0.1500.95 Safari/537.36"
59.93.204.248 - - [19/Aug/2013:03:07:41 -0400] "GET /galleries/images/icon2_phone.gif HTTP/1.1" 200 574 "http://www.chris-nlp-hall.com/index.php?p=61" "Mozilla/5.0 (Windows NT 5.1) AppleWebKit/537.36 (KHTML, like Gecko) Chrome/28.0.1500.95 Safari/537.36"
59.93.204.248 - - [19/Aug/2013:03:07:41 -0400] "GET /galleries/images/ctl_alberts_ingeborg.jpg HTTP/1.1" 200 3373 "http://www.chris-nlp-hall.com/index.php?p=61" "Mozilla/5.0 (Windows NT 5.1) AppleWebKit/537.36 (KHTML, like Gecko) Chrome/28.0.1500.95 Safari/537.36"
59.93.204.248 - - [19/Aug/2013:03:07:42 -0400] "GET /galleries/images/ctl_huber_michi.jpg HTTP/1.1" 200 8416 "http://www.chris-nlp-hall.com/index.php?p=61" "Mozilla/5.0 (Windows NT 5.1) AppleWebKit/537.36 (KHTML, like Gecko) Chrome/28.0.1500.95 Safari/537.36"
59.93.204.248 - - [19/Aug/2013:03:07:42 -0400] "GET /galleries/images/ctl_faust_artur.jpg HTTP/1.1" 200 2503 "http://www.chris-nlp-hall.com/index.php?p=61" "Mozilla/5.0 (Windows NT 5.1) AppleWebKit/537.36 (KHTML, like Gecko) Chrome/28.0.1500.95 Safari/537.36"
212.203.82.152 - - [19/Aug/2013:04:36:49 -0400] "GET /urchin.js HTTP/1.1" 404 575 "http://www.chris-nlp-hall.com/index.php?p=71" "Mozilla/5.0 (Windows NT 5.1; rv:22.0) Gecko/20100101 Firefox/22.0"
66.249.75.133 - - [19/Aug/2013:07:13:17 -0400] "GET /styles/chris.css HTTP/1.1" 200 1641 "-" "Mozilla/5.0 (compatible; Googlebot/2.1; +http://www.google.com/bot.html)"
157.55.32.229 - - [19/Aug/2013:07:38:32 -0400] "GET /robots.txt HTTP/1.1" 404 575 "-" "Mozilla/5.0 (compatible; bingbot/2.0; +http://www.bing.com/bingbot.htm)"
199.21.99.87 - - [19/Aug/2013:15:46:07 -0400] "GET /galleries/images/at.gif HTTP/1.1" 200 361 "-" "Mozilla/5.0 (compatible; YandexImages/3.0; +http://yandex.com/bots)"
197.1.36.222 - - [19/Aug/2013:16:01:07 -0400] "GET /styles/chris.css HTTP/1.1" 200 1641 "http://www.chris-nlp-hall.com/index.php?p=69" "Mozilla/5.0 (Macintosh; Intel Mac OS X 10_7_5) AppleWebKit/534.57.7 (KHTML, like Gecko) Version/5.1.7 Safari/534.57.7"
