82.80.154.166 - - [20/Jun/2014:03:41:48 -0400] "GET /templates/cnlp_neu/images/postquote.png HTTP/1.1" 200 3292 "http://www.chris-nlp-hall.com/templates/cnlp_neu/css/cnlp_neu.css" "Mozilla/5.0 (Windows NT 6.2; WOW64; rv:30.0) Gecko/20100101 Firefox/30.0"
62.146.2.234 - - [20/Jun/2014:03:43:38 -0400] "GET /robots.txt HTTP/1.1" 200 846 "-" "Domnutch-Bot/Nutch-1.0 (Domnutch; http://www.Nutch.de/)"
92.153.241.78 - - [20/Jun/2014:03:45:43 -0400] "GET /modules/mod_slideshowck/assets/jquery.min.js HTTP/1.1" 200 93888 "http://www.chris-nlp-hall.com/" "Mozilla/5.0 (iPad; CPU OS 7_1_1 like Mac OS X) AppleWebKit/537.51.2 (KHTML, like Gecko) Version/7.0 Mobile/11D201 Safari/9537.53"
92.153.241.78 - - [20/Jun/2014:03:45:44 -0400] "GET /modules/mod_slideshowck/assets/jquery.mobile.customized.min.js HTTP/1.1" 200 17519 "http://www.chris-nlp-hall.com/" "Mozilla/5.0 (iPad; CPU OS 7_1_1 like Mac OS X) AppleWebKit/537.51.2 (KHTML, like Gecko) Version/7.0 Mobile/11D201 Safari/9537.53"
84.94.178.105 - - [20/Jun/2014:04:05:08 -0400] "GET /images/trainers/flags/Austria.png HTTP/1.1" 200 466 "http://www.chris-nlp-hall.com/the-society-of-nlp/nlp-trainers-certified-by-christina-hall" "Mozilla/5.0 (Windows NT 6.2; WOW64; rv:30.0) Gecko/20100101 Firefox/30.0"
84.94.178.105 - - [20/Jun/2014:04:05:08 -0400] "GET /images/trainers/photos/ctl_puel_jacques.jpg HTTP/1.1" 200 3498 "http://www.chris-nlp-hall.com/the-society-of-nlp/nlp-trainers-certified-by-christina-hall" "Mozilla/5.0 (Windows NT 6.2; WOW64; rv:30.0) Gecko/20100101 Firefox/30.0"
84.94.178.105 - - [20/Jun/2014:04:05:08 -0400] "GET /images/trainers/photos/ctl_poupard_200.jpg HTTP/1.1" 200 47561 "http://www.chris-nlp-hall.com/the-society-of-nlp/nlp-trainers-certified-by-christina-hall" "Mozilla/5.0 (Windows NT 6.2; WOW64; rv:30.0) Gecko/20100101 Firefox/30.0"
84.94.178.105 - - [20/Jun/2014:04:05:09 -0400] "GET /images/trainers/photos/ctl_heller_200.jpg HTTP/1.1" 200 61501 "http://www.chris-nlp-hall.com/the-society-of-nlp/nlp-trainers-certified-by-christina-hall" "Mozilla/5.0 (Windows NT 6.2; WOW64; rv:30.0) Gecko/20100101 Firefox/30.0"
84.94.178.105 - - [20/Jun/2014:04:05:09 -0400] "GET /images/trainers/photos/ctl_faust_artur.jpg HTTP/1.1" 200 2503 "http://www.chris-nlp-hall.com/the-society-of-nlp/nlp-trainers-certified-by-christina-hall" "Mozilla/5.0 (Windows NT 6.2; WOW64; rv:30.0) Gecko/20100101 Firefox/30.0"
84.94.178.105 - - [20/Jun/2014:04:05:09 -0400] "GET /images/trainers/photos/ctl_yamasaki_hiroshi.jpg HTTP/1.1" 200 4152 "http://www.chris-nlp-hall.com/the-society-of-nlp/nlp-trainers-certified-by-christina-hall" "Mozilla/5.0 (Windows NT 6.2; WOW64; rv:30.0) Gecko/20100101 Firefox/30.0"
84.94.178.105 - - [20/Jun/2014:04:05:09 -0400] "GET /images/trainers/photos/ctl_mogami_yuta.jpg HTTP/1.1" 200 7079 "http://www.chris-nlp-hall.com/the-society-of-nlp/nlp-trainers-certified-by-christina-hall" "Mozilla/5.0 (Windows NT 6.2; WOW64; rv:30.0) Gecko/20100101 Firefox/30.0"
84.94.178.105 - - [20/Jun/2014:04:05:10 -0400] "GET /images/trainers/flags/Netherlands.png HTTP/1.1" 200 469 "http://www.chris-nlp-hall.com/the-society-of-nlp/nlp-trainers-certified-by-christina-hall" "Mozilla/5.0 (Windows NT 6.2; WOW64; rv:30.0) Gecko/20100101 Firefox/30.0"
84.94.178.105 - - [20/Jun/2014:04:05:10 -0400] "GET /images/trainers/photos/ctl_stul_200.jpg HTTP/1.1" 200 47392 "http://www.chris-nlp-hall.com/the-society-of-nlp/nlp-trainers-certified-by-christina-hall" "Mozilla/5.0 (Windows NT 6.2; WOW64; rv:30.0) Gecko/20100101 Firefox/30.0"
84.94.178.105 - - [20/Jun/2014:04:05:10 -0400] "GET /images/trainers/photos/ctl_bourdais_marie-france.jpg HTTP/1.1" 200 3059 "http://www.chris-nlp-hall.com/the-society-of-nlp/nlp-trainers-certified-by-christina-hall" "Mozilla/5.0 (Windows NT 6.2; WOW64; rv:30.0) Gecko/20100101 Firefox/30.0"
84.94.178.105 - - [20/Jun/2014:04:05:10 -0400] "GET /images/trainers/photos/ctl_gruenenfelder_200.jpg HTTP/1.1" 200 42152 "http://www.chris-nlp-hall.com/the-society-of-nlp/nlp-trainers-certified-by-christina-hall" "Mozilla/5.0 (Windows NT 6.2; WOW64; rv:30.0) Gecko/20100101 Firefox/30.0"
84.94.178.105 - - [20/Jun/2014:04:05:11 -0400] "GET /images/trainers/photos/ctl_rose_200.jpg HTTP/1.1" 200 23529 "http://www.chris-nlp-hall.com/the-society-of-nlp/nlp-trainers-certified-by-christina-hall" "Mozilla/5.0 (Windows NT 6.2; WOW64; rv:30.0) Gecko/20100101 Firefox/30.0"
84.94.178.105 - - [20/Jun/2014:04:05:11 -0400] "GET /images/trainers/photos/ctl_watson_200.jpg HTTP/1.1" 200 36916 "http://www.chris-nlp-hall.com/the-society-of-nlp/nlp-trainers-certified-by-christina-hall" "Mozilla/5.0 (Windows NT 6.2; WOW64; rv:30.0) Gecko/20100101 Firefox/30.0"
78.88.85.97 - - [20/Jun/2014:04:25:51 -0400] "GET /images/slides/welcome//20131020_UK_group.jpg?1403252749090 HTTP/1.1" 200 169376 "http://www.chris-nlp-hall.com/" "Mozilla/5.0 (Windows NT 6.3; rv:30.0) Gecko/20100101 Firefox/30.0"
78.88.85.97 - - [20/Jun/2014:04:25:56 -0400] "GET /images/slides/welcome//20090903_UK_group.jpg?1403252754610 HTTP/1.1" 200 196887 "http://www.chris-nlp-hall.com/" "Mozilla/5.0 (Windows NT 6.3; rv:30.0) Gecko/20100101 Firefox/30.0"
78.88.85.97 - - [20/Jun/2014:04:26:08 -0400] "GET /images/slides/welcome//20140301_JP_group.png?1403252766515 HTTP/1.1" 200 717226 "http://www.chris-nlp-hall.com/" "Mozilla/5.0 (Windows NT 6.3; rv:30.0) Gecko/20100101 Firefox/30.0"
178.192.198.81 - - [20/Jun/2014:05:04:18 -0400] "GET /media/system/js/mootools-more.js HTTP/1.1" 200 238331 "http://www.chris-nlp-hall.com/the-society-of-nlp" "Mozilla/5.0 (Macintosh; Intel Mac OS X 10_9_3) AppleWebKit/537.76.4 (KHTML, like Gecko) Version/7.0.4 Safari/537.76.4"
178.192.198.81 - - [20/Jun/2014:05:04:20 -0400] "GET /templates/cnlp_neu/favicon.ico HTTP/1.1" 200 1150 "http://www.chris-nlp-hall.com/the-society-of-nlp" "Mozilla/5.0 (Macintosh; Intel Mac OS X 10_9_3) AppleWebKit/537.76.4 (KHTML, like Gecko) Version/7.0.4 Safari/537.76.4"
84.94.178.105 - - [20/Jun/2014:06:04:26 -0400] "GET /templates/cnlp_neu/css/cnlp_neu.css HTTP/1.1" 304 - "http://www.chris-nlp-hall.com/nlp-product-boutique/nlp-audiobook-language-christina-hall" "Mozilla/5.0 (Windows NT 6.2; WOW64) AppleWebKit/537.36 (KHTML, like Gecko) Chrome/35.0.1916.153 Safari/537.36"
46.54.241.226 - - [20/Jun/2014:06:54:17 -0400] "GET /templates/cnlp_neu/css/cnlp_neu.css HTTP/1.1" 200 7538 "http://translate.googleusercontent.com/translate_c?depth=1&hl=sl&prev=/search%3Fq%3Dnlp%2Bslovenia%26start%3D30%26client%3Dtablet-android-philips%26sa%3DN%26noj%3D1%26biw%3D1024%26hl%3Dsl-SI%26source%3Dandroid-launcher-search%26bih%3D527&rurl=translate.google.si&sl=en&u=http://www.chris-nlp-hall.com/the-society-of-nlp&usg=ALkJrhhVPHOT1Cn1qEx0uvo_sAHGmazJGQ" "Mozilla/5.0 (Linux; U; Android 4.1.1; sl-si; Build/PI3100.00.00.24) AppleWebKit/534.30 (KHTML, like Gecko) Version/4.0 Safari/534.30"
81.2.67.162 - - [20/Jun/2014:13:03:19 -0400] "GET /images/workshops/sponsors/logo_foley.png HTTP/1.1" 200 5637 "http://www.chris-nlp-hall.com/nlp-workshops-and-trainings/calendar" "Mozilla/5.0 (Windows NT 6.3; WOW64) AppleWebKit/537.36 (KHTML, like Gecko) Chrome/35.0.1916.153 Safari/537.36"
5.199.142.250 - - [20/Jun/2014:14:01:04 -0400] "GET /images/saved.php HTTP/1.0" 301 274 "http://chrisnlphall.com/images/saved.php" "Mozilla/4.0 (compatible; MSIE 6.0; Windows 98; Win 9x 4.90)"
188.174.7.95 - - [20/Jun/2014:17:41:05 -0400] "GET /nlp-product-boutique HTTP/1.1" 200 3113 "http://www.chris-nlp-hall.com/the-society-of-nlp/nlp-trainers-certified-by-christina-hall" "Mozilla/5.0 (Macintosh; Intel Mac OS X 10_9_3) AppleWebKit/537.76.4 (KHTML, like Gecko) Version/7.0.4 Safari/537.76.4"
188.174.7.95 - - [20/Jun/2014:17:41:07 -0400] "GET /images/boutique/42-1-095-00-perspective.jpg HTTP/1.1" 200 53902 "http://www.chris-nlp-hall.com/nlp-product-boutique" "Mozilla/5.0 (Macintosh; Intel Mac OS X 10_9_3) AppleWebKit/537.76.4 (KHTML, like Gecko) Version/7.0.4 Safari/537.76.4"
188.174.7.95 - - [20/Jun/2014:17:41:09 -0400] "GET /nlp-product-boutique/nlp-audiobook-language-christina-hall HTTP/1.1" 200 10111 "http://www.chris-nlp-hall.com/nlp-product-boutique" "Mozilla/5.0 (Macintosh; Intel Mac OS X 10_9_3) AppleWebKit/537.76.4 (KHTML, like Gecko) Version/7.0.4 Safari/537.76.4"
188.174.7.95 - - [20/Jun/2014:17:41:11 -0400] "GET //components/com_quicksell/css/style.css HTTP/1.1" 200 77 "http://www.chris-nlp-hall.com/nlp-product-boutique/nlp-audiobook-language-christina-hall" "Mozilla/5.0 (Macintosh; Intel Mac OS X 10_9_3) AppleWebKit/537.76.4 (KHTML, like Gecko) Version/7.0.4 Safari/537.76.4"
188.174.7.95 - - [20/Jun/2014:17:41:12 -0400] "GET /templates/cnlp_neu/images/postquote.png HTTP/1.1" 200 3292 "http://www.chris-nlp-hall.com/nlp-product-boutique/nlp-audiobook-language-christina-hall" "Mozilla/5.0 (Macintosh; Intel Mac OS X 10_9_3) AppleWebKit/537.76.4 (KHTML, like Gecko) Version/7.0.4 Safari/537.76.4"
188.174.7.95 - - [20/Jun/2014:18:03:46 -0400] "POST /administrator/index.php?option=com_content&layout=edit&id=21 HTTP/1.1" 303 - "http://www.chris-nlp-hall.com/administrator/index.php?option=com_content&view=article&layout=edit&id=21" "Mozilla/5.0 (Macintosh; Intel Mac OS X 10_9_3) AppleWebKit/537.76.4 (KHTML, like Gecko) Version/7.0.4 Safari/537.76.4"
188.174.7.95 - - [20/Jun/2014:18:03:48 -0400] "GET /administrator/index.php?option=com_content&view=articles HTTP/1.1" 200 6623 "http://www.chris-nlp-hall.com/administrator/index.php?option=com_content&view=article&layout=edit&id=21" "Mozilla/5.0 (Macintosh; Intel Mac OS X 10_9_3) AppleWebKit/537.76.4 (KHTML, like Gecko) Version/7.0.4 Safari/537.76.4"
98.224.218.6 - - [20/Jun/2014:20:09:16 -0400] "GET /images/slides/welcome//20140601_PL_group.jpg?1403140628698 HTTP/1.1" 304 - "http://www.chris-nlp-hall.com/index.php?p=37" "Mozilla/5.0 (X11; Linux x86_64) AppleWebKit/537.36 (KHTML, like Gecko) Ubuntu Chromium/34.0.1847.116 Chrome/34.0.1847.116 Safari/537.36"
98.224.218.6 - - [20/Jun/2014:20:21:17 -0400] "GET /images/slides/welcome//20121020_JP_group.jpg?1403141343816 HTTP/1.1" 304 - "http://www.chris-nlp-hall.com/index.php?p=37" "Mozilla/5.0 (X11; Linux x86_64) AppleWebKit/537.36 (KHTML, like Gecko) Ubuntu Chromium/34.0.1847.116 Chrome/34.0.1847.116 Safari/537.36"
66.249.64.32 - - [20/Jun/2014:21:20:49 -0400] "GET /nlp-product-boutique HTTP/1.1" 200 3113 "-" "Mozilla/5.0 (compatible; Googlebot/2.1; +http://www.google.com/bot.html)"
216.244.82.26 - - [20/Jun/2014:21:29:00 -0400] "GET /nlp-infinity-forum HTTP/1.0" 200 8529 "http://www.chris-nlp-hall.com/nlp-infinity-forum" "Mozilla/5.0 (Windows NT 6.3; WOW64; rv:27.0) Gecko/20100101 Firefox/27.0"
88.198.56.239 - - [20/Jun/2014:21:50:00 -0400] "GET /profile-christina-hall-phd-nlp-meta-master-trainer/profile-christina-hall-nlp-meta-master-trainer HTTP/1.1" 200 12595 "-" "Mozilla/5.0 (Windows NT 6.0; rv:14.0) Gecko/20100101 Firefox/14.0.1"
41.189.48.82 - - [20/Jun/2014:23:20:12 -0400] "GET /images/trainers/photos/ctl_puel_jacques.jpg HTTP/1.1" 200 3498 "http://www.chris-nlp-hall.com/the-society-of-nlp/nlp-trainers-certified-by-christina-hall" "Mozilla/5.0 (Windows NT 5.1; rv:30.0) Gecko/20100101 Firefox/30.0"
41.189.48.82 - - [20/Jun/2014:23:20:13 -0400] "GET /images/trainers/photos/ctl_mossbrucker_ute.jpg HTTP/1.1" 200 3510 "http://www.chris-nlp-hall.com/the-society-of-nlp/nlp-trainers-certified-by-christina-hall" "Mozilla/5.0 (Windows NT 5.1; rv:30.0) Gecko/20100101 Firefox/30.0"
41.189.48.82 - - [20/Jun/2014:23:20:14 -0400] "GET /images/trainers/photos/ctl_gerecke_200.jpg HTTP/1.1" 200 57368 "http://www.chris-nlp-hall.com/the-society-of-nlp/nlp-trainers-certified-by-christina-hall" "Mozilla/5.0 (Windows NT 5.1; rv:30.0) Gecko/20100101 Firefox/30.0"
41.189.48.82 - - [20/Jun/2014:23:20:21 -0400] "GET /images/trainers/photos/ctl_konzoin_yoko.jpg HTTP/1.1" 200 8009 "http://www.chris-nlp-hall.com/the-society-of-nlp/nlp-trainers-certified-by-christina-hall" "Mozilla/5.0 (Windows NT 5.1; rv:30.0) Gecko/20100101 Firefox/30.0"
41.189.48.82 - - [20/Jun/2014:23:20:22 -0400] "GET /images/trainers/flags/Liechtenstein.png HTTP/1.1" 200 833 "http://www.chris-nlp-hall.com/the-society-of-nlp/nlp-trainers-certified-by-christina-hall" "Mozilla/5.0 (Windows NT 5.1; rv:30.0) Gecko/20100101 Firefox/30.0"
41.189.48.82 - - [20/Jun/2014:23:20:23 -0400] "GET /images/trainers/flags/Poland.png HTTP/1.1" 200 380 "http://www.chris-nlp-hall.com/the-society-of-nlp/nlp-trainers-certified-by-christina-hall" "Mozilla/5.0 (Windows NT 5.1; rv:30.0) Gecko/20100101 Firefox/30.0"
41.189.48.82 - - [20/Jun/2014:23:20:23 -0400] "GET /images/trainers/flags/Slovenia.png HTTP/1.1" 200 730 "http://www.chris-nlp-hall.com/the-society-of-nlp/nlp-trainers-certified-by-christina-hall" "Mozilla/5.0 (Windows NT 5.1; rv:30.0) Gecko/20100101 Firefox/30.0"
41.189.48.82 - - [20/Jun/2014:23:20:24 -0400] "GET /images/trainers/flags/Switzerland.png HTTP/1.1" 200 631 "http://www.chris-nlp-hall.com/the-society-of-nlp/nlp-trainers-certified-by-christina-hall" "Mozilla/5.0 (Windows NT 5.1; rv:30.0) Gecko/20100101 Firefox/30.0"
41.189.48.82 - - [20/Jun/2014:23:20:25 -0400] "GET /images/trainers/photos/ctl_stul_200.jpg HTTP/1.1" 200 47392 "http://www.chris-nlp-hall.com/the-society-of-nlp/nlp-trainers-certified-by-christina-hall" "Mozilla/5.0 (Windows NT 5.1; rv:30.0) Gecko/20100101 Firefox/30.0"
41.189.48.82 - - [20/Jun/2014:23:20:31 -0400] "GET /images/trainers/photos/ctl_demolina_michael.jpg HTTP/1.1" 200 6475 "http://www.chris-nlp-hall.com/the-society-of-nlp/nlp-trainers-certified-by-christina-hall" "Mozilla/5.0 (Windows NT 5.1; rv:30.0) Gecko/20100101 Firefox/30.0"
41.189.48.82 - - [20/Jun/2014:23:20:33 -0400] "GET /templates/cnlp_neu/images/px_transparent_50.png HTTP/1.1" 200 112 "http://www.chris-nlp-hall.com/templates/cnlp_neu/css/cnlp_neu.css" "Mozilla/5.0 (Windows NT 5.1; rv:30.0) Gecko/20100101 Firefox/30.0"
41.189.48.82 - - [20/Jun/2014:23:20:34 -0400] "GET //components/com_cnlp_trainers/css/cnlp_trainers_mail.png HTTP/1.1" 200 1984 "http://www.chris-nlp-hall.com//components/com_cnlp_trainers/css/cnlp_trainers.css" "Mozilla/5.0 (Windows NT 5.1; rv:30.0) Gecko/20100101 Firefox/30.0"
41.189.48.82 - - [20/Jun/2014:23:20:34 -0400] "GET /images/trainers/photos/ctl_faust_artur.jpg HTTP/1.1" 200 2503 "http://www.chris-nlp-hall.com/the-society-of-nlp/nlp-trainers-certified-by-christina-hall" "Mozilla/5.0 (Windows NT 5.1; rv:30.0) Gecko/20100101 Firefox/30.0"
79.87.91.25 - - [20/Jun/2014:07:36:36 -0400] "GET /media/system/js/mootools-core.js HTTP/1.1" 200 96362 "http://www.chris-nlp-hall.com/" "Mozilla/5.0 (Windows NT 6.1; WOW64; Trident/7.0; rv:11.0) like Gecko"
79.87.91.25 - - [20/Jun/2014:07:36:37 -0400] "GET /modules/mod_slideshowck/assets/camera.min.js HTTP/1.1" 200 40612 "http://www.chris-nlp-hall.com/" "Mozilla/5.0 (Windows NT 6.1; WOW64; Trident/7.0; rv:11.0) like Gecko"
79.87.91.25 - - [20/Jun/2014:07:36:38 -0400] "GET /templates/cnlp_neu/images/px_transparent_50.png HTTP/1.1" 200 112 "http://www.chris-nlp-hall.com/" "Mozilla/5.0 (Windows NT 6.1; WOW64; Trident/7.0; rv:11.0) like Gecko"
79.87.91.25 - - [20/Jun/2014:07:36:38 -0400] "GET /modules/mod_slideshowck/themes/default/images/camera-loader.gif HTTP/1.1" 200 9289 "http://www.chris-nlp-hall.com/" "Mozilla/5.0 (Windows NT 6.1; WOW64; Trident/7.0; rv:11.0) like Gecko"
199.115.117.243 - - [20/Jun/2014:09:58:43 -0400] "GET /images/trainers/photos/ctl_demolina_michael.jpg HTTP/1.1" 200 6475 "http://www.chris-nlp-hall.com/the-society-of-nlp/nlp-trainers-certified-by-christina-hall" "Mozilla/5.0 (Windows NT 6.1; WOW64; rv:29.0) Gecko/20100101 Firefox/29.0"
189.123.130.174 - - [20/Jun/2014:10:31:26 -0400] "GET /media/system/js/mootools-core.js HTTP/1.1" 200 96362 "http://www.chris-nlp-hall.com/" "Mozilla/5.0 (Windows NT 6.1; WOW64) AppleWebKit/537.36 (KHTML, like Gecko) Chrome/32.0.1700.107 Safari/537.36"
162.211.129.46 - - [20/Jun/2014:10:52:44 -0400] "GET /modules/mod_slideshowck/themes/default/css/camera.css HTTP/1.1" 200 26563 "http://www.chris-nlp-hall.com/" "Mozilla/5.0 (iPad; CPU OS 7_1_1 like Mac OS X) AppleWebKit/537.51.2 (KHTML, like Gecko) Version/7.0 Mobile/11D201 Safari/9537.53"
162.211.129.46 - - [20/Jun/2014:10:52:45 -0400] "GET /media/system/js/mootools-core.js HTTP/1.1" 200 96362 "http://www.chris-nlp-hall.com/" "Mozilla/5.0 (iPad; CPU OS 7_1_1 like Mac OS X) AppleWebKit/537.51.2 (KHTML, like Gecko) Version/7.0 Mobile/11D201 Safari/9537.53"
80.74.149.14 - - [20/Jun/2014:12:31:02 -0400] "HEAD /index.php?p=48 HTTP/1.0" 301 - "-" "Drupal (+http://drupal.org/)"
81.2.67.162 - - [20/Jun/2014:12:52:09 -0400] "GET /nlp-workshops-and-trainings HTTP/1.1" 200 4222 "http://www.chris-nlp-hall.com/" "Mozilla/5.0 (Windows NT 6.3; WOW64) AppleWebKit/537.36 (KHTML, like Gecko) Chrome/35.0.1916.153 Safari/537.36"
81.2.67.162 - - [20/Jun/2014:13:01:48 -0400] "GET / HTTP/1.1" 200 4772 "http://www.chris-nlp-hall.com/nlp-workshops-and-trainings/nlp-language-training" "Mozilla/5.0 (Windows NT 6.3; WOW64) AppleWebKit/537.36 (KHTML, like Gecko) Chrome/35.0.1916.153 Safari/537.36"
81.2.67.162 - - [20/Jun/2014:13:01:50 -0400] "GET /images/slides/welcome//20110212_UK_group.jpg?1403283711465 HTTP/1.1" 200 190204 "http://www.chris-nlp-hall.com/" "Mozilla/5.0 (Windows NT 6.3; WOW64) AppleWebKit/537.36 (KHTML, like Gecko) Chrome/35.0.1916.153 Safari/537.36"
81.2.67.162 - - [20/Jun/2014:13:03:01 -0400] "GET /images/slides/welcome//20111015_JP_group.jpg?1403283782463 HTTP/1.1" 200 226921 "http://www.chris-nlp-hall.com/" "Mozilla/5.0 (Windows NT 6.3; WOW64) AppleWebKit/537.36 (KHTML, like Gecko) Chrome/35.0.1916.153 Safari/537.36"
88.198.56.239 - - [20/Jun/2014:02:42:13 -0400] "GET /index.php?p=61 HTTP/1.1" 301 297 "-" "Mozilla/5.0 (Macintosh; Intel Mac OS X 10_6_8) AppleWebKit/534.58.2 (KHTML, like Gecko) Version/5.1.8 Safari/534.58.2"
62.146.2.234 - - [20/Jun/2014:03:43:39 -0400] "GET / HTTP/1.1" 200 4782 "-" "Domnutch-Bot/Nutch-1.0 (Domnutch; http://www.Nutch.de/)"
92.153.241.78 - - [20/Jun/2014:03:45:38 -0400] "GET /modules/mod_slideshowck/themes/default/css/camera.css HTTP/1.1" 200 26563 "http://www.chris-nlp-hall.com/" "Mozilla/5.0 (iPad; CPU OS 7_1_1 like Mac OS X) AppleWebKit/537.51.2 (KHTML, like Gecko) Version/7.0 Mobile/11D201 Safari/9537.53"
84.94.178.105 - - [20/Jun/2014:04:05:10 -0400] "GET /images/trainers/photos/ctl_turki_karim.jpg HTTP/1.1" 200 2647 "http://www.chris-nlp-hall.com/the-society-of-nlp/nlp-trainers-certified-by-christina-hall" "Mozilla/5.0 (Windows NT 6.2; WOW64; rv:30.0) Gecko/20100101 Firefox/30.0"
84.94.178.105 - - [20/Jun/2014:04:05:11 -0400] "GET /images/trainers/photos/ctl_freeth_peter.jpg HTTP/1.1" 200 3846 "http://www.chris-nlp-hall.com/the-society-of-nlp/nlp-trainers-certified-by-christina-hall" "Mozilla/5.0 (Windows NT 6.2; WOW64; rv:30.0) Gecko/20100101 Firefox/30.0"
84.94.178.105 - - [20/Jun/2014:04:05:11 -0400] "GET /images/trainers/photos/ctl_stageman_200.jpg HTTP/1.1" 200 12464 "http://www.chris-nlp-hall.com/the-society-of-nlp/nlp-trainers-certified-by-christina-hall" "Mozilla/5.0 (Windows NT 6.2; WOW64; rv:30.0) Gecko/20100101 Firefox/30.0"
84.94.178.105 - - [20/Jun/2014:04:43:31 -0400] "GET /images/slides/welcome//20110623_JP_Chris3.jpg?1403253809642 HTTP/1.1" 200 107912 "http://www.chris-nlp-hall.com/" "Mozilla/5.0 (Windows NT 6.2; WOW64; rv:30.0) Gecko/20100101 Firefox/30.0"
178.192.198.81 - - [20/Jun/2014:05:15:58 -0400] "GET /images/slides/welcome//20121020_JP_group.jpg?1403255759008 HTTP/1.1" 200 154874 "http://www.chris-nlp-hall.com/" "Mozilla/5.0 (Macintosh; Intel Mac OS X 10_9_3) AppleWebKit/537.76.4 (KHTML, like Gecko) Version/7.0.4 Safari/537.76.4"
188.174.7.95 - - [20/Jun/2014:06:07:55 -0400] "GET /images/slides/chris//IMG_3442.jpg?1403258877785 HTTP/1.1" 200 79391 "http://www.chris-nlp-hall.com/profile-christina-hall-phd-nlp-meta-master-trainer" "Mozilla/5.0 (iPad; CPU OS 7_1_1 like Mac OS X) AppleWebKit/537.51.2 (KHTML, like Gecko) Version/7.0 Mobile/11D201 Safari/9537.53"
68.180.224.233 - - [20/Jun/2014:15:57:15 -0400] "GET /index.php?p=69 HTTP/1.1" 301 297 "-" "Mozilla/5.0 (compatible; Yahoo! Slurp; http://help.yahoo.com/help/us/ysearch/slurp)"
98.224.218.6 - - [20/Jun/2014:20:10:52 -0400] "GET /images/slides/welcome//lotus_001.jpg?1403140718814 HTTP/1.1" 304 - "http://www.chris-nlp-hall.com/index.php?p=37" "Mozilla/5.0 (X11; Linux x86_64) AppleWebKit/537.36 (KHTML, like Gecko) Ubuntu Chromium/34.0.1847.116 Chrome/34.0.1847.116 Safari/537.36"
68.180.224.233 - - [20/Jun/2014:20:35:01 -0400] "GET /index.php?p=39 HTTP/1.1" 301 261 "-" "Mozilla/5.0 (compatible; Yahoo! Slurp; http://help.yahoo.com/help/us/ysearch/slurp)"
69.201.135.181 - - [20/Jun/2014:21:20:34 -0400] "GET //components/com_quicksell/css/style.css HTTP/1.1" 200 77 "http://www.chris-nlp-hall.com/nlp-product-boutique/nlp-audiobook-language-christina-hall" "Mozilla/5.0 (Macintosh; Intel Mac OS X 10.9; rv:30.0) Gecko/20100101 Firefox/30.0"
41.189.48.82 - - [20/Jun/2014:23:21:27 -0400] "GET /the-society-of-nlp HTTP/1.1" 200 3415 "http://www.chris-nlp-hall.com/contact-christina-hall-nlp-connection" "Mozilla/5.0 (Windows NT 5.1; rv:30.0) Gecko/20100101 Firefox/30.0"
193.111.141.134 - - [20/Jun/2014:07:38:10 -0400] "GET /index.php?p=60 HTTP/1.1" 301 297 "-" "Mozilla/5.0 (Macintosh; Intel Mac OS X 10_5_8) AppleWebKit/534.50.2 (KHTML, like Gecko) Version/5.0.6 Safari/533.22.3"
46.118.155.40 - - [20/Jun/2014:08:30:57 -0400] "GET / HTTP/1.1" 200 20402 "http://mtech-world.net/" "Mozilla/4.0 (compatible; MSIE 6.0; Windows NT 5.0; .NET CLR 1.0.3705; .NET CLR 1.1.4322)"
46.118.155.40 - - [20/Jun/2014:08:30:58 -0400] "GET / HTTP/1.1" 200 20402 "http://mtech-world.net/" "Mozilla/4.0 (compatible; MSIE 6.0; Windows NT 5.0; .NET CLR 1.0.3705; .NET CLR 1.1.4322)"
217.146.144.226 - - [20/Jun/2014:09:02:42 -0400] "GET /images/trainers/flags/United%20States%20of%20America%20(USA).png HTTP/1.1" 200 830 "http://www.chris-nlp-hall.com/the-society-of-nlp/nlp-trainers-certified-by-christina-hall" "Mozilla/5.0 (Windows NT 6.1; WOW64; Trident/7.0; rv:11.0) like Gecko"
199.115.117.243 - - [20/Jun/2014:09:58:12 -0400] "GET /images/trainers/flags/Austria.png HTTP/1.1" 200 466 "http://www.chris-nlp-hall.com/the-society-of-nlp/nlp-trainers-certified-by-christina-hall" "Mozilla/5.0 (Windows NT 6.1; WOW64; rv:29.0) Gecko/20100101 Firefox/29.0"
199.115.117.243 - - [20/Jun/2014:09:58:12 -0400] "GET /images/trainers/photos/ctl_rous_200.jpg HTTP/1.1" 200 35429 "http://www.chris-nlp-hall.com/the-society-of-nlp/nlp-trainers-certified-by-christina-hall" "Mozilla/5.0 (Windows NT 6.1; WOW64; rv:29.0) Gecko/20100101 Firefox/29.0"
199.115.117.243 - - [20/Jun/2014:09:58:12 -0400] "GET /images/trainers/photos/ctl_cary_200.jpg HTTP/1.1" 200 29938 "http://www.chris-nlp-hall.com/the-society-of-nlp/nlp-trainers-certified-by-christina-hall" "Mozilla/5.0 (Windows NT 6.1; WOW64; rv:29.0) Gecko/20100101 Firefox/29.0"
199.115.117.243 - - [20/Jun/2014:09:58:14 -0400] "GET /images/trainers/photos/ctl_voss_200.jpg HTTP/1.1" 200 50865 "http://www.chris-nlp-hall.com/the-society-of-nlp/nlp-trainers-certified-by-christina-hall" "Mozilla/5.0 (Windows NT 6.1; WOW64; rv:29.0) Gecko/20100101 Firefox/29.0"
199.115.117.243 - - [20/Jun/2014:09:58:15 -0400] "GET /images/trainers/photos/ctl_toennishoff_martina.jpg HTTP/1.1" 200 3170 "http://www.chris-nlp-hall.com/the-society-of-nlp/nlp-trainers-certified-by-christina-hall" "Mozilla/5.0 (Windows NT 6.1; WOW64; rv:29.0) Gecko/20100101 Firefox/29.0"
199.115.117.243 - - [20/Jun/2014:09:58:33 -0400] "GET /images/trainers/photos/ctl_streuli_karin.jpg HTTP/1.1" 200 4238 "http://www.chris-nlp-hall.com/the-society-of-nlp/nlp-trainers-certified-by-christina-hall" "Mozilla/5.0 (Windows NT 6.1; WOW64; rv:29.0) Gecko/20100101 Firefox/29.0"
199.115.117.243 - - [20/Jun/2014:09:58:35 -0400] "GET /images/trainers/photos/ctl_widler_esther.jpg HTTP/1.1" 200 3182 "http://www.chris-nlp-hall.com/the-society-of-nlp/nlp-trainers-certified-by-christina-hall" "Mozilla/5.0 (Windows NT 6.1; WOW64; rv:29.0) Gecko/20100101 Firefox/29.0"
199.115.117.243 - - [20/Jun/2014:09:58:36 -0400] "GET /images/trainers/photos/ctl_perri_200.jpg HTTP/1.1" 200 65768 "http://www.chris-nlp-hall.com/the-society-of-nlp/nlp-trainers-certified-by-christina-hall" "Mozilla/5.0 (Windows NT 6.1; WOW64; rv:29.0) Gecko/20100101 Firefox/29.0"
188.174.7.95 - - [20/Jun/2014:10:43:46 -0400] "GET //components/com_cnlp_workshops/css/cnlp_workshops.css HTTP/1.1" 304 - "http://www.chris-nlp-hall.com/" "Mozilla/5.0 (Macintosh; Intel Mac OS X 10_9_3) AppleWebKit/537.76.4 (KHTML, like Gecko) Version/7.0.4 Safari/537.76.4"
188.174.7.95 - - [20/Jun/2014:10:43:46 -0400] "GET /media/system/js/modal.js HTTP/1.1" 304 - "http://www.chris-nlp-hall.com/" "Mozilla/5.0 (Macintosh; Intel Mac OS X 10_9_3) AppleWebKit/537.76.4 (KHTML, like Gecko) Version/7.0.4 Safari/537.76.4"
188.174.7.95 - - [20/Jun/2014:10:43:47 -0400] "GET /templates/cnlp_neu/images/px_transparent_60.png HTTP/1.1" 304 - "http://www.chris-nlp-hall.com/" "Mozilla/5.0 (Macintosh; Intel Mac OS X 10_9_3) AppleWebKit/537.76.4 (KHTML, like Gecko) Version/7.0.4 Safari/537.76.4"
188.174.7.95 - - [20/Jun/2014:10:43:56 -0400] "GET /modules/mod_slideshowck/themes/default/css/camera.css HTTP/1.1" 304 - "http://www.chris-nlp-hall.com/" "Mozilla/5.0 (Macintosh; Intel Mac OS X 10_9_3) AppleWebKit/537.76.4 (KHTML, like Gecko) Version/7.0.4 Safari/537.76.4"
188.174.7.95 - - [20/Jun/2014:10:43:57 -0400] "GET /modules/mod_slideshowck/assets/jquery.min.js HTTP/1.1" 304 - "http://www.chris-nlp-hall.com/" "Mozilla/5.0 (Macintosh; Intel Mac OS X 10_9_3) AppleWebKit/537.76.4 (KHTML, like Gecko) Version/7.0.4 Safari/537.76.4"
188.174.7.95 - - [20/Jun/2014:10:43:57 -0400] "GET /templates/cnlp_neu/images/px_transparent_50.png HTTP/1.1" 304 - "http://www.chris-nlp-hall.com/" "Mozilla/5.0 (Macintosh; Intel Mac OS X 10_9_3) AppleWebKit/537.76.4 (KHTML, like Gecko) Version/7.0.4 Safari/537.76.4"
41.206.12.35 - - [20/Jun/2014:12:17:34 -0400] "GET /templates/cnlp_neu/images/px_transparent_60.png HTTP/1.1" 200 116 "http://www.chris-nlp-hall.com/templates/cnlp_neu/css/cnlp_neu.css" "Mozilla/5.0 (Windows NT 6.1; rv:29.0) Gecko/20100101 Firefox/29.0"
157.55.39.48 - - [20/Jun/2014:12:25:31 -0400] "GET /index.php?p=39 HTTP/1.1" 301 272 "-" "Mozilla/5.0 (compatible; bingbot/2.0; +http://www.bing.com/bingbot.htm)"
157.55.39.48 - - [20/Jun/2014:12:25:31 -0400] "GET /index.php?p=48 HTTP/1.1" 301 272 "-" "Mozilla/5.0 (compatible; bingbot/2.0; +http://www.bing.com/bingbot.htm)"
157.55.39.48 - - [20/Jun/2014:12:25:31 -0400] "GET / HTTP/1.1" 301 238 "-" "Mozilla/5.0 (compatible; bingbot/2.0; +http://www.bing.com/bingbot.htm)"
81.2.67.162 - - [20/Jun/2014:12:52:09 -0400] "GET /images/boutique/surprise-perspective.jpg HTTP/1.1" 200 6346 "http://www.chris-nlp-hall.com/nlp-product-boutique" "Mozilla/5.0 (Windows NT 6.3; WOW64) AppleWebKit/537.36 (KHTML, like Gecko) Chrome/35.0.1916.153 Safari/537.36"
199.30.20.7 - - [20/Jun/2014:03:03:27 -0400] "GET /galleries/images/ctl_schweitzer_corinne.jpg HTTP/1.1" 404 575 "-" "msnbot-media/1.1 (+http://search.msn.com/msnbot.htm)"
82.80.154.166 - - [20/Jun/2014:03:42:25 -0400] "GET /favicon.ico HTTP/1.1" 404 575 "-" "Mozilla/5.0 (Windows NT 6.2; WOW64; rv:30.0) Gecko/20100101 Firefox/30.0"
82.80.154.166 - - [20/Jun/2014:03:42:26 -0400] "GET /favicon.ico HTTP/1.1" 404 575 "-" "Mozilla/5.0 (Windows NT 6.2; WOW64; rv:30.0) Gecko/20100101 Firefox/30.0"
82.80.154.166 - - [20/Jun/2014:03:42:28 -0400] "GET /nlp-infinity-forum HTTP/1.1" 200 2353 "http://www.chris-nlp-hall.com/nlp-product-boutique/nlp-audiobook-language-christina-hall" "Mozilla/5.0 (Windows NT 6.2; WOW64; rv:30.0) Gecko/20100101 Firefox/30.0"
92.153.241.78 - - [20/Jun/2014:03:45:39 -0400] "GET /templates/cnlp_neu/css/cnlp_neu.css HTTP/1.1" 200 7538 "http://www.chris-nlp-hall.com/" "Mozilla/5.0 (iPad; CPU OS 7_1_1 like Mac OS X) AppleWebKit/537.51.2 (KHTML, like Gecko) Version/7.0 Mobile/11D201 Safari/9537.53"
66.249.67.70 - - [20/Jun/2014:04:06:52 -0400] "GET /images/trainers/photos/ctl_cary_200.jpg HTTP/1.1" 200 29938 "-" "Googlebot-Image/1.0"
78.88.85.97 - - [20/Jun/2014:04:26:01 -0400] "GET /images/slides/welcome//20120630_FRA_Gilles.jpg?1403252759201 HTTP/1.1" 200 187116 "http://www.chris-nlp-hall.com/" "Mozilla/5.0 (Windows NT 6.3; rv:30.0) Gecko/20100101 Firefox/30.0"
84.94.178.105 - - [20/Jun/2014:04:38:04 -0400] "GET /the-society-of-nlp HTTP/1.1" 200 3415 "http://www.chris-nlp-hall.com/nlp-workshops-and-trainings" "Mozilla/5.0 (Windows NT 6.2; WOW64; rv:30.0) Gecko/20100101 Firefox/30.0"
84.94.178.105 - - [20/Jun/2014:04:50:36 -0400] "GET /images/slides/welcome//20140407_US_group.jpg?1403254234062 HTTP/1.1" 200 162461 "http://www.chris-nlp-hall.com/" "Mozilla/5.0 (Windows NT 6.2; WOW64; rv:30.0) Gecko/20100101 Firefox/30.0"
84.94.178.105 - - [20/Jun/2014:04:51:22 -0400] "GET /images/slides/welcome//20110212_UK_group.jpg?1403254280867 HTTP/1.1" 200 190204 "http://www.chris-nlp-hall.com/" "Mozilla/5.0 (Windows NT 6.2; WOW64; rv:30.0) Gecko/20100101 Firefox/30.0"
84.94.178.105 - - [20/Jun/2014:05:15:10 -0400] "GET /contact-christina-hall-nlp-connection HTTP/1.1" 200 2405 "http://www.chris-nlp-hall.com/" "Mozilla/5.0 (Windows NT 6.2; WOW64) AppleWebKit/537.36 (KHTML, like Gecko) Chrome/35.0.1916.153 Safari/537.36"
31.165.216.121 - - [20/Jun/2014:05:36:09 -0400] "GET /media/system/js/core.js HTTP/1.1" 200 4784 "http://www.chris-nlp-hall.com/the-society-of-nlp" "Mozilla/5.0 (Macintosh; Intel Mac OS X 10_7_5) AppleWebKit/537.76.4 (KHTML, like Gecko) Version/6.1.4 Safari/537.76.4"
31.165.216.121 - - [20/Jun/2014:05:36:10 -0400] "GET /templates/cnlp_neu/images/px_transparent_60.png HTTP/1.1" 200 116 "http://www.chris-nlp-hall.com/the-society-of-nlp" "Mozilla/5.0 (Macintosh; Intel Mac OS X 10_7_5) AppleWebKit/537.76.4 (KHTML, like Gecko) Version/6.1.4 Safari/537.76.4"
188.174.7.95 - - [20/Jun/2014:05:58:52 -0400] "GET / HTTP/1.1" 200 4762 "-" "Mozilla/5.0 (iPad; CPU OS 7_1_1 like Mac OS X) AppleWebKit/537.51.2 (KHTML, like Gecko) Version/7.0 Mobile/11D201 Safari/9537.53"
81.2.67.162 - - [20/Jun/2014:13:01:54 -0400] "GET /images/slides/welcome//20120722_UK_group.jpg?1403283715543 HTTP/1.1" 200 182456 "http://www.chris-nlp-hall.com/" "Mozilla/5.0 (Windows NT 6.3; WOW64) AppleWebKit/537.36 (KHTML, like Gecko) Chrome/35.0.1916.153 Safari/537.36"
193.111.141.134 - - [20/Jun/2014:15:57:56 -0400] "GET / HTTP/1.1" 200 20402 "-" "Mozilla/5.0 (Macintosh; Intel Mac OS X 10_5_8) AppleWebKit/534.50.2 (KHTML, like Gecko) Version/5.0.6 Safari/533.22.3"
69.201.135.181 - - [20/Jun/2014:16:15:38 -0400] "GET /index.php?p=52 HTTP/1.1" 301 287 "http://www.chris-nlp-hall.com/index.php?p=50" "Mozilla/5.0 (Macintosh; Intel Mac OS X 10.9; rv:30.0) Gecko/20100101 Firefox/30.0"
69.201.135.181 - - [20/Jun/2014:16:15:38 -0400] "GET /nlp-workshops-and-trainings/nlp-language-training HTTP/1.1" 200 4911 "http://www.chris-nlp-hall.com/index.php?p=50" "Mozilla/5.0 (Macintosh; Intel Mac OS X 10.9; rv:30.0) Gecko/20100101 Firefox/30.0"
69.201.135.181 - - [20/Jun/2014:16:15:40 -0400] "GET /media/system/js/mootools-core.js HTTP/1.1" 200 96362 "http://www.chris-nlp-hall.com/nlp-workshops-and-trainings/nlp-language-training" "Mozilla/5.0 (Macintosh; Intel Mac OS X 10.9; rv:30.0) Gecko/20100101 Firefox/30.0"
69.201.135.181 - - [20/Jun/2014:16:15:41 -0400] "GET /templates/cnlp_neu/images/px_transparent_60.png HTTP/1.1" 200 116 "http://www.chris-nlp-hall.com/templates/cnlp_neu/css/cnlp_neu.css" "Mozilla/5.0 (Macintosh; Intel Mac OS X 10.9; rv:30.0) Gecko/20100101 Firefox/30.0"
188.174.7.95 - - [20/Jun/2014:17:51:31 -0400] "GET /images/trainers/photos/ctl_gerecke_200.jpg HTTP/1.1" 200 57368 "http://www.chris-nlp-hall.com/the-society-of-nlp/nlp-trainers-certified-by-christina-hall" "Mozilla/5.0 (Macintosh; Intel Mac OS X 10_9_3) AppleWebKit/537.76.4 (KHTML, like Gecko) Version/7.0.4 Safari/537.76.4"
188.174.7.95 - - [20/Jun/2014:17:51:32 -0400] "GET /images/trainers/photos/ctl_faust_artur.jpg HTTP/1.1" 200 2503 "http://www.chris-nlp-hall.com/the-society-of-nlp/nlp-trainers-certified-by-christina-hall" "Mozilla/5.0 (Macintosh; Intel Mac OS X 10_9_3) AppleWebKit/537.76.4 (KHTML, like Gecko) Version/7.0.4 Safari/537.76.4"
188.174.7.95 - - [20/Jun/2014:17:51:33 -0400] "GET /images/trainers/photos/ctl_suzuki_shinichi.jpg HTTP/1.1" 200 2328 "http://www.chris-nlp-hall.com/the-society-of-nlp/nlp-trainers-certified-by-christina-hall" "Mozilla/5.0 (Macintosh; Intel Mac OS X 10_9_3) AppleWebKit/537.76.4 (KHTML, like Gecko) Version/7.0.4 Safari/537.76.4"
188.174.7.95 - - [20/Jun/2014:17:51:33 -0400] "GET /images/trainers/photos/ctl_yamasaki_hiroshi.jpg HTTP/1.1" 200 4152 "http://www.chris-nlp-hall.com/the-society-of-nlp/nlp-trainers-certified-by-christina-hall" "Mozilla/5.0 (Macintosh; Intel Mac OS X 10_9_3) AppleWebKit/537.76.4 (KHTML, like Gecko) Version/7.0.4 Safari/537.76.4"
188.174.7.95 - - [20/Jun/2014:17:51:33 -0400] "GET /images/trainers/photos/ctl_ohe_akiko.jpg HTTP/1.1" 200 17766 "http://www.chris-nlp-hall.com/the-society-of-nlp/nlp-trainers-certified-by-christina-hall" "Mozilla/5.0 (Macintosh; Intel Mac OS X 10_9_3) AppleWebKit/537.76.4 (KHTML, like Gecko) Version/7.0.4 Safari/537.76.4"
188.174.7.95 - - [20/Jun/2014:17:51:33 -0400] "GET /images/trainers/photos/ctl_nakashima_200.jpg HTTP/1.1" 200 48352 "http://www.chris-nlp-hall.com/the-society-of-nlp/nlp-trainers-certified-by-christina-hall" "Mozilla/5.0 (Macintosh; Intel Mac OS X 10_9_3) AppleWebKit/537.76.4 (KHTML, like Gecko) Version/7.0.4 Safari/537.76.4"
188.174.7.95 - - [20/Jun/2014:17:51:35 -0400] "GET /images/trainers/flags/Tunisia.png HTTP/1.1" 200 1098 "http://www.chris-nlp-hall.com/the-society-of-nlp/nlp-trainers-certified-by-christina-hall" "Mozilla/5.0 (Macintosh; Intel Mac OS X 10_9_3) AppleWebKit/537.76.4 (KHTML, like Gecko) Version/7.0.4 Safari/537.76.4"
188.174.7.95 - - [20/Jun/2014:17:51:35 -0400] "GET /images/trainers/photos/ctl_freeth_peter.jpg HTTP/1.1" 200 3846 "http://www.chris-nlp-hall.com/the-society-of-nlp/nlp-trainers-certified-by-christina-hall" "Mozilla/5.0 (Macintosh; Intel Mac OS X 10_9_3) AppleWebKit/537.76.4 (KHTML, like Gecko) Version/7.0.4 Safari/537.76.4"
188.174.7.95 - - [20/Jun/2014:17:51:36 -0400] "GET /images/trainers/flags/United%20States%20of%20America%20(USA).png HTTP/1.1" 200 830 "http://www.chris-nlp-hall.com/the-society-of-nlp/nlp-trainers-certified-by-christina-hall" "Mozilla/5.0 (Macintosh; Intel Mac OS X 10_9_3) AppleWebKit/537.76.4 (KHTML, like Gecko) Version/7.0.4 Safari/537.76.4"
188.174.7.95 - - [20/Jun/2014:17:51:47 -0400] "GET /administrator/templates/bluestork/images/menu/icon-16-logout.png HTTP/1.1" 200 459 "http://www.chris-nlp-hall.com/administrator/index.php" "Mozilla/5.0 (Macintosh; Intel Mac OS X 10_9_3) AppleWebKit/537.76.4 (KHTML, like Gecko) Version/7.0.4 Safari/537.76.4"
188.174.7.95 - - [20/Jun/2014:17:51:48 -0400] "GET /administrator/templates/bluestork/images/menu/icon-16-clear.png HTTP/1.1" 200 566 "http://www.chris-nlp-hall.com/administrator/index.php" "Mozilla/5.0 (Macintosh; Intel Mac OS X 10_9_3) AppleWebKit/537.76.4 (KHTML, like Gecko) Version/7.0.4 Safari/537.76.4"
188.174.7.95 - - [20/Jun/2014:17:51:48 -0400] "GET /administrator/templates/bluestork/images/menu/icon-16-massmail.png HTTP/1.1" 200 703 "http://www.chris-nlp-hall.com/administrator/index.php" "Mozilla/5.0 (Macintosh; Intel Mac OS X 10_9_3) AppleWebKit/537.76.4 (KHTML, like Gecko) Version/7.0.4 Safari/537.76.4"
188.174.7.95 - - [20/Jun/2014:17:51:48 -0400] "GET /administrator/components/com_cnlp_trainers/assets/images/s_com_cnlp_trainers.png HTTP/1.1" 200 763 "http://www.chris-nlp-hall.com/administrator/index.php" "Mozilla/5.0 (Macintosh; Intel Mac OS X 10_9_3) AppleWebKit/537.76.4 (KHTML, like Gecko) Version/7.0.4 Safari/537.76.4"
188.174.7.95 - - [20/Jun/2014:17:51:49 -0400] "GET /administrator/templates/bluestork/images/menu/icon-16-new-privatemessage.png HTTP/1.1" 200 637 "http://www.chris-nlp-hall.com/administrator/index.php" "Mozilla/5.0 (Macintosh; Intel Mac OS X 10_9_3) AppleWebKit/537.76.4 (KHTML, like Gecko) Version/7.0.4 Safari/537.76.4"
188.174.7.95 - - [20/Jun/2014:17:51:49 -0400] "GET /administrator/templates/bluestork/images/menu/icon-16-module.png HTTP/1.1" 200 439 "http://www.chris-nlp-hall.com/administrator/index.php" "Mozilla/5.0 (Macintosh; Intel Mac OS X 10_9_3) AppleWebKit/537.76.4 (KHTML, like Gecko) Version/7.0.4 Safari/537.76.4"
188.174.7.95 - - [20/Jun/2014:17:51:49 -0400] "GET /administrator/templates/bluestork/images/menu/icon-16-help-docs.png HTTP/1.1" 200 518 "http://www.chris-nlp-hall.com/administrator/index.php" "Mozilla/5.0 (Macintosh; Intel Mac OS X 10_9_3) AppleWebKit/537.76.4 (KHTML, like Gecko) Version/7.0.4 Safari/537.76.4"
188.174.7.95 - - [20/Jun/2014:17:51:49 -0400] "GET /administrator/templates/bluestork/images/menu/icon-16-help-security.png HTTP/1.1" 200 637 "http://www.chris-nlp-hall.com/administrator/index.php" "Mozilla/5.0 (Macintosh; Intel Mac OS X 10_9_3) AppleWebKit/537.76.4 (KHTML, like Gecko) Version/7.0.4 Safari/537.76.4"
188.174.7.95 - - [20/Jun/2014:17:51:49 -0400] "GET /administrator/templates/bluestork/images/header/icon-48-media.png HTTP/1.1" 200 2170 "http://www.chris-nlp-hall.com/administrator/index.php" "Mozilla/5.0 (Macintosh; Intel Mac OS X 10_9_3) AppleWebKit/537.76.4 (KHTML, like Gecko) Version/7.0.4 Safari/537.76.4"
188.174.7.95 - - [20/Jun/2014:17:51:50 -0400] "GET /administrator/templates/bluestork/images/header/icon-48-config.png HTTP/1.1" 200 2712 "http://www.chris-nlp-hall.com/administrator/index.php" "Mozilla/5.0 (Macintosh; Intel Mac OS X 10_9_3) AppleWebKit/537.76.4 (KHTML, like Gecko) Version/7.0.4 Safari/537.76.4"
188.174.7.95 - - [20/Jun/2014:17:51:50 -0400] "GET /administrator/templates/bluestork/images/j_arrow_down.png HTTP/1.1" 200 223 "http://www.chris-nlp-hall.com/administrator/index.php" "Mozilla/5.0 (Macintosh; Intel Mac OS X 10_9_3) AppleWebKit/537.76.4 (KHTML, like Gecko) Version/7.0.4 Safari/537.76.4"
176.61.138.205 - - [20/Jun/2014:19:13:18 -0400] "GET /modules/mod_topic/mod_topic.php HTTP/1.0" 301 289 "http://chris-nlp-hall.com/modules/mod_topic/mod_topic.php" "Mozilla/4.0 (compatible; MSIE 6.0; Windows 98; Win 9x 4.90)"
188.174.7.95 - - [20/Jun/2014:19:25:24 -0400] "GET /images/slides/chris//00_DSCN1114.png?1403306724673 HTTP/1.1" 200 910571 "http://www.chris-nlp-hall.com/profile-christina-hall-phd-nlp-meta-master-trainer" "Mozilla/5.0 (Macintosh; Intel Mac OS X 10_9_3) AppleWebKit/537.76.4 (KHTML, like Gecko) Version/7.0.4 Safari/537.76.4"
188.174.7.95 - - [20/Jun/2014:19:25:37 -0400] "GET /images/slides/chris//DSCN0707.jpg?1403306737006 HTTP/1.1" 200 455374 "http://www.chris-nlp-hall.com/profile-christina-hall-phd-nlp-meta-master-trainer" "Mozilla/5.0 (Macintosh; Intel Mac OS X 10_9_3) AppleWebKit/537.76.4 (KHTML, like Gecko) Version/7.0.4 Safari/537.76.4"
98.224.218.6 - - [20/Jun/2014:20:26:53 -0400] "GET /images/slides/welcome//20131201_CH_Chris.jpg?1403141679814 HTTP/1.1" 304 - "http://www.chris-nlp-hall.com/index.php?p=37" "Mozilla/5.0 (X11; Linux x86_64) AppleWebKit/537.36 (KHTML, like Gecko) Ubuntu Chromium/34.0.1847.116 Chrome/34.0.1847.116 Safari/537.36"
98.224.218.6 - - [20/Jun/2014:20:29:17 -0400] "GET /images/slides/welcome//20090903_UK_group.jpg?1403141824814 HTTP/1.1" 304 - "http://www.chris-nlp-hall.com/index.php?p=37" "Mozilla/5.0 (X11; Linux x86_64) AppleWebKit/537.36 (KHTML, like Gecko) Ubuntu Chromium/34.0.1847.116 Chrome/34.0.1847.116 Safari/537.36"
98.224.218.6 - - [20/Jun/2014:20:30:53 -0400] "GET /images/slides/welcome//20120417_UK_group.jpg?1403141920814 HTTP/1.1" 304 - "http://www.chris-nlp-hall.com/index.php?p=37" "Mozilla/5.0 (X11; Linux x86_64) AppleWebKit/537.36 (KHTML, like Gecko) Ubuntu Chromium/34.0.1847.116 Chrome/34.0.1847.116 Safari/537.36"
41.189.48.82 - - [20/Jun/2014:23:20:00 -0400] "GET /templates/cnlp_neu/favicon.ico HTTP/1.1" 200 1150 "-" "Mozilla/5.0 (Windows NT 5.1; rv:30.0) Gecko/20100101 Firefox/30.0"
217.146.144.226 - - [20/Jun/2014:09:02:41 -0400] "GET /images/trainers/flags/Austria.png HTTP/1.1" 200 466 "http://www.chris-nlp-hall.com/the-society-of-nlp/nlp-trainers-certified-by-christina-hall" "Mozilla/5.0 (Windows NT 6.1; WOW64; Trident/7.0; rv:11.0) like Gecko"
217.146.144.226 - - [20/Jun/2014:09:02:41 -0400] "GET /images/trainers/photos/ctl_roy_200.jpg HTTP/1.1" 200 32328 "http://www.chris-nlp-hall.com/the-society-of-nlp/nlp-trainers-certified-by-christina-hall" "Mozilla/5.0 (Windows NT 6.1; WOW64; Trident/7.0; rv:11.0) like Gecko"
217.146.144.226 - - [20/Jun/2014:09:02:41 -0400] "GET /images/trainers/photos/ctl_toennishoff_martina.jpg HTTP/1.1" 200 3170 "http://www.chris-nlp-hall.com/the-society-of-nlp/nlp-trainers-certified-by-christina-hall" "Mozilla/5.0 (Windows NT 6.1; WOW64; Trident/7.0; rv:11.0) like Gecko"
217.146.144.226 - - [20/Jun/2014:09:02:42 -0400] "GET /images/trainers/photos/ctl_suzuki_emiko.jpg HTTP/1.1" 200 12900 "http://www.chris-nlp-hall.com/the-society-of-nlp/nlp-trainers-certified-by-christina-hall" "Mozilla/5.0 (Windows NT 6.1; WOW64; Trident/7.0; rv:11.0) like Gecko"
217.146.144.226 - - [20/Jun/2014:09:02:42 -0400] "GET /images/trainers/photos/ctl_sugihara_tadashi.jpg HTTP/1.1" 200 10895 "http://www.chris-nlp-hall.com/the-society-of-nlp/nlp-trainers-certified-by-christina-hall" "Mozilla/5.0 (Windows NT 6.1; WOW64; Trident/7.0; rv:11.0) like Gecko"
217.146.144.226 - - [20/Jun/2014:09:02:42 -0400] "GET /images/trainers/photos/ctl_wartenweiler_200.jpg HTTP/1.1" 200 60458 "http://www.chris-nlp-hall.com/the-society-of-nlp/nlp-trainers-certified-by-christina-hall" "Mozilla/5.0 (Windows NT 6.1; WOW64; Trident/7.0; rv:11.0) like Gecko"
217.146.144.226 - - [20/Jun/2014:09:02:42 -0400] "GET /images/trainers/photos/ctl_kerry_lynne.jpg HTTP/1.1" 200 2846 "http://www.chris-nlp-hall.com/the-society-of-nlp/nlp-trainers-certified-by-christina-hall" "Mozilla/5.0 (Windows NT 6.1; WOW64; Trident/7.0; rv:11.0) like Gecko"
217.146.144.226 - - [20/Jun/2014:09:02:43 -0400] "GET /templates/cnlp_neu/images/px_transparent_50.png HTTP/1.1" 200 112 "http://www.chris-nlp-hall.com/the-society-of-nlp/nlp-trainers-certified-by-christina-hall" "Mozilla/5.0 (Windows NT 6.1; WOW64; Trident/7.0; rv:11.0) like Gecko"
98.224.218.6 - - [20/Jun/2014:09:04:53 -0400] "GET /images/slides/welcome//lotus_001.jpg?1403140718814 HTTP/1.1" 304 - "http://www.chris-nlp-hall.com/index.php?p=37" "Mozilla/5.0 (X11; Linux x86_64) AppleWebKit/537.36 (KHTML, like Gecko) Ubuntu Chromium/34.0.1847.116 Chrome/34.0.1847.116 Safari/537.36"
188.174.7.95 - - [20/Jun/2014:10:38:39 -0400] "GET /images/slides/welcome//20110623_JP_Chris2.jpg?1403275118185 HTTP/1.1" 200 111845 "http://www.chris-nlp-hall.com/" "Mozilla/5.0 (Macintosh; Intel Mac OS X 10_9_3) AppleWebKit/537.76.4 (KHTML, like Gecko) Version/7.0.4 Safari/537.76.4"
188.174.7.95 - - [20/Jun/2014:10:47:10 -0400] "GET /images/slides/welcome//20110212_UK_group.jpg?1403275629462 HTTP/1.1" 200 190204 "http://www.chris-nlp-hall.com/" "Mozilla/5.0 (Macintosh; Intel Mac OS X 10_9_3) AppleWebKit/537.76.4 (KHTML, like Gecko) Version/7.0.4 Safari/537.76.4"
162.211.129.46 - - [20/Jun/2014:10:52:42 -0400] "GET / HTTP/1.1" 200 4768 "https://www.google.com.au/" "Mozilla/5.0 (iPad; CPU OS 7_1_1 like Mac OS X) AppleWebKit/537.51.2 (KHTML, like Gecko) Version/7.0 Mobile/11D201 Safari/9537.53"
162.211.129.46 - - [20/Jun/2014:10:52:44 -0400] "GET //components/com_cnlp_workshops/css/cnlp_workshops.css HTTP/1.1" 200 4039 "http://www.chris-nlp-hall.com/" "Mozilla/5.0 (iPad; CPU OS 7_1_1 like Mac OS X) AppleWebKit/537.51.2 (KHTML, like Gecko) Version/7.0 Mobile/11D201 Safari/9537.53"
162.211.129.46 - - [20/Jun/2014:10:52:45 -0400] "GET /media/system/js/core.js HTTP/1.1" 200 4784 "http://www.chris-nlp-hall.com/" "Mozilla/5.0 (iPad; CPU OS 7_1_1 like Mac OS X) AppleWebKit/537.51.2 (KHTML, like Gecko) Version/7.0 Mobile/11D201 Safari/9537.53"
162.211.129.46 - - [20/Jun/2014:10:52:45 -0400] "GET /media/system/js/modal.js HTTP/1.1" 200 9732 "http://www.chris-nlp-hall.com/" "Mozilla/5.0 (iPad; CPU OS 7_1_1 like Mac OS X) AppleWebKit/537.51.2 (KHTML, like Gecko) Version/7.0 Mobile/11D201 Safari/9537.53"
193.111.141.134 - - [20/Jun/2014:10:55:50 -0400] "GET /the-society-of-nlp/nlp-trainers-certified-by-christina-hall HTTP/1.1" 200 142500 "-" "Mozilla/5.0 (compatible; MSIE 10.0; Windows NT 6.1; Trident/5.0)"
41.206.12.35 - - [20/Jun/2014:12:17:13 -0400] "GET /images/trainers/photos/ctl_codoni_susanne.jpg HTTP/1.1" 200 3389 "http://www.chris-nlp-hall.com/the-society-of-nlp/nlp-trainers-certified-by-christina-hall" "Mozilla/5.0 (Windows NT 6.1; rv:29.0) Gecko/20100101 Firefox/29.0"
41.206.12.35 - - [20/Jun/2014:12:17:15 -0400] "GET /images/trainers/flags/master_medal.png HTTP/1.1" 200 4440 "http://www.chris-nlp-hall.com/the-society-of-nlp/nlp-trainers-certified-by-christina-hall" "Mozilla/5.0 (Windows NT 6.1; rv:29.0) Gecko/20100101 Firefox/29.0"
41.206.12.35 - - [20/Jun/2014:12:17:16 -0400] "GET /images/trainers/flags/Switzerland.png HTTP/1.1" 200 631 "http://www.chris-nlp-hall.com/the-society-of-nlp/nlp-trainers-certified-by-christina-hall" "Mozilla/5.0 (Windows NT 6.1; rv:29.0) Gecko/20100101 Firefox/29.0"
41.206.12.35 - - [20/Jun/2014:12:17:17 -0400] "GET /images/trainers/photos/ctl_kazuo_kikuchi.jpg HTTP/1.1" 200 2965 "http://www.chris-nlp-hall.com/the-society-of-nlp/nlp-trainers-certified-by-christina-hall" "Mozilla/5.0 (Windows NT 6.1; rv:29.0) Gecko/20100101 Firefox/29.0"
41.206.12.35 - - [20/Jun/2014:12:17:19 -0400] "GET /images/trainers/flags/Tunisia.png HTTP/1.1" 200 1098 "http://www.chris-nlp-hall.com/the-society-of-nlp/nlp-trainers-certified-by-christina-hall" "Mozilla/5.0 (Windows NT 6.1; rv:29.0) Gecko/20100101 Firefox/29.0"
41.206.12.35 - - [20/Jun/2014:12:17:21 -0400] "GET /images/trainers/photos/ctl_voss_200.jpg HTTP/1.1" 200 50865 "http://www.chris-nlp-hall.com/the-society-of-nlp/nlp-trainers-certified-by-christina-hall" "Mozilla/5.0 (Windows NT 6.1; rv:29.0) Gecko/20100101 Firefox/29.0"
66.249.64.32 - - [20/Jun/2014:12:57:23 -0400] "GET /styles/basic.css HTTP/1.1" 404 575 "-" "Mozilla/5.0 (compatible; Googlebot/2.1; +http://www.google.com/bot.html)"
50.168.74.144 - - [20/Jun/2014:14:33:13 -0400] "GET /media/system/js/core.js HTTP/1.1" 200 4784 "http://www.chris-nlp-hall.com/" "Mozilla/5.0 (Windows NT 6.1; WOW64) AppleWebKit/537.36 (KHTML, like Gecko) Chrome/32.0.1700.107 Safari/537.36"
50.168.74.144 - - [20/Jun/2014:14:33:13 -0400] "GET /modules/mod_slideshowck/assets/jquery.easing.1.3.js HTTP/1.1" 200 8097 "http://www.chris-nlp-hall.com/" "Mozilla/5.0 (Windows NT 6.1; WOW64) AppleWebKit/537.36 (KHTML, like Gecko) Chrome/32.0.1700.107 Safari/537.36"
50.168.74.144 - - [20/Jun/2014:14:33:14 -0400] "GET /modules/mod_slideshowck/assets/camera.min.js HTTP/1.1" 200 40612 "http://www.chris-nlp-hall.com/" "Mozilla/5.0 (Windows NT 6.1; WOW64) AppleWebKit/537.36 (KHTML, like Gecko) Chrome/32.0.1700.107 Safari/537.36"
50.168.74.144 - - [20/Jun/2014:14:33:14 -0400] "GET /modules/mod_slideshowck/themes/default/images/camera-loader.gif HTTP/1.1" 200 9289 "http://www.chris-nlp-hall.com/" "Mozilla/5.0 (Windows NT 6.1; WOW64) AppleWebKit/537.36 (KHTML, like Gecko) Chrome/32.0.1700.107 Safari/537.36"
188.174.7.95 - - [20/Jun/2014:17:25:20 -0400] "GET /images/bg.png HTTP/1.1" 304 - "http://www.chris-nlp-hall.com/" "Mozilla/5.0 (Macintosh; Intel Mac OS X 10_9_3) AppleWebKit/537.76.4 (KHTML, like Gecko) Version/7.0.4 Safari/537.76.4"
188.174.7.95 - - [20/Jun/2014:17:25:23 -0400] "GET /images/slides/welcome//20120702_FR_group.jpg?1403299522918 HTTP/1.1" 200 164957 "http://www.chris-nlp-hall.com/" "Mozilla/5.0 (Macintosh; Intel Mac OS X 10_9_3) AppleWebKit/537.76.4 (KHTML, like Gecko) Version/7.0.4 Safari/537.76.4"
188.174.7.95 - - [20/Jun/2014:17:28:37 -0400] "GET /images/slides/welcome//20120417_UK_group.jpg?1403299716981 HTTP/1.1" 200 137212 "http://www.chris-nlp-hall.com/" "Mozilla/5.0 (Macintosh; Intel Mac OS X 10_9_3) AppleWebKit/537.76.4 (KHTML, like Gecko) Version/7.0.4 Safari/537.76.4"
188.174.7.95 - - [20/Jun/2014:17:28:54 -0400] "GET /images/slides/welcome//lotus_001.jpg?1403299733836 HTTP/1.1" 200 116874 "http://www.chris-nlp-hall.com/" "Mozilla/5.0 (Macintosh; Intel Mac OS X 10_9_3) AppleWebKit/537.76.4 (KHTML, like Gecko) Version/7.0.4 Safari/537.76.4"
188.174.7.95 - - [20/Jun/2014:17:30:25 -0400] "GET /images/slides/welcome//20021001_CH_group.jpg?1403299825715 HTTP/1.1" 200 190889 "http://www.chris-nlp-hall.com/" "Mozilla/5.0 (Macintosh; Intel Mac OS X 10_9_3) AppleWebKit/537.76.4 (KHTML, like Gecko) Version/7.0.4 Safari/537.76.4"
188.174.7.95 - - [20/Jun/2014:17:46:12 -0400] "GET /nlp-articles-and-videos HTTP/1.1" 200 3497 "http://www.chris-nlp-hall.com/nlp-product-boutique/nlp-audiobook-language-christina-hall" "Mozilla/5.0 (Macintosh; Intel Mac OS X 10_9_3) AppleWebKit/537.76.4 (KHTML, like Gecko) Version/7.0.4 Safari/537.76.4"
188.174.7.95 - - [20/Jun/2014:17:46:15 -0400] "GET /images/publications/paradox_small.jpg HTTP/1.1" 200 6599 "http://www.chris-nlp-hall.com/nlp-articles-and-videos" "Mozilla/5.0 (Macintosh; Intel Mac OS X 10_9_3) AppleWebKit/537.76.4 (KHTML, like Gecko) Version/7.0.4 Safari/537.76.4"
208.115.113.83 - - [20/Jun/2014:17:52:38 -0400] "GET /robots.txt HTTP/1.1" 301 248 "-" "Mozilla/5.0 (compatible; DotBot/1.1; http://www.opensiteexplorer.org/dotbot, help@moz.com)"
46.118.155.40 - - [20/Jun/2014:17:58:44 -0400] "GET / HTTP/1.1" 200 20325 "http://vitanail.ru/" "Mozilla/4.0 (compatible; MSIE 5.0; Windows NT; DigExt)"
188.174.7.95 - - [20/Jun/2014:18:03:56 -0400] "GET /media/system/js/mootools-more.js HTTP/1.1" 304 - "http://www.chris-nlp-hall.com/the-society-of-nlp/nlp-trainers-certified-by-christina-hall" "Mozilla/5.0 (Macintosh; Intel Mac OS X 10_9_3) AppleWebKit/537.76.4 (KHTML, like Gecko) Version/7.0.4 Safari/537.76.4"
188.174.7.95 - - [20/Jun/2014:18:03:57 -0400] "GET /templates/cnlp_neu/images/postquote.png HTTP/1.1" 304 - "http://www.chris-nlp-hall.com/nlp-product-boutique/nlp-audiobook-language-christina-hall" "Mozilla/5.0 (Macintosh; Intel Mac OS X 10_9_3) AppleWebKit/537.76.4 (KHTML, like Gecko) Version/7.0.4 Safari/537.76.4"
