178.192.198.81 - - [20/Jun/2014:05:15:07 -0400] "GET /templates/cnlp_neu/images/postquote.png HTTP/1.1" 200 3292 "http://www.chris-nlp-hall.com/nlp-workshops-and-trainings/nlp-language-training" "Mozilla/5.0 (Macintosh; Intel Mac OS X 10_9_3) AppleWebKit/537.76.4 (KHTML, like Gecko) Version/7.0.4 Safari/537.76.4"
178.192.198.81 - - [20/Jun/2014:05:15:13 -0400] "GET /media/system/css/modal.css HTTP/1.1" 200 2823 "http://www.chris-nlp-hall.com/" "Mozilla/5.0 (Macintosh; Intel Mac OS X 10_9_3) AppleWebKit/537.76.4 (KHTML, like Gecko) Version/7.0.4 Safari/537.76.4"
178.192.198.81 - - [20/Jun/2014:05:15:14 -0400] "GET /modules/mod_slideshowck/assets/camera.min.js HTTP/1.1" 200 40612 "http://www.chris-nlp-hall.com/" "Mozilla/5.0 (Macintosh; Intel Mac OS X 10_9_3) AppleWebKit/537.76.4 (KHTML, like Gecko) Version/7.0.4 Safari/537.76.4"
178.192.198.81 - - [20/Jun/2014:05:15:15 -0400] "GET /modules/mod_slideshowck/themes/default/images/camera_skins.png HTTP/1.1" 200 24198 "http://www.chris-nlp-hall.com/" "Mozilla/5.0 (Macintosh; Intel Mac OS X 10_9_3) AppleWebKit/537.76.4 (KHTML, like Gecko) Version/7.0.4 Safari/537.76.4"
178.192.198.81 - - [20/Jun/2014:05:15:16 -0400] "GET /images/bg.png HTTP/1.1" 200 122 "http://www.chris-nlp-hall.com/" "Mozilla/5.0 (Macintosh; Intel Mac OS X 10_9_3) AppleWebKit/537.76.4 (KHTML, like Gecko) Version/7.0.4 Safari/537.76.4"
92.153.241.78 - - [20/Jun/2014:05:39:32 -0400] "GET /modules/mod_slideshowck/assets/jquery.mobile.customized.min.js HTTP/1.1" 200 17519 "http://www.chris-nlp-hall.com/" "Mozilla/5.0 (iPad; CPU OS 7_1_1 like Mac OS X) AppleWebKit/537.51.2 (KHTML, like Gecko) Version/7.0 Mobile/11D201 Safari/9537.53"
92.249.127.111 - - [20/Jun/2014:14:27:16 -0400] "GET / HTTP/1.1" 200 20402 "http://chimiver.info/" "Mozilla/4.0 (compatible; MSIE 6.0; Windows NT 5.1; SV1; MRA 4.6 (build 01425); MRSPUTNIK 1, 5, 0, 19 SW)"
69.201.135.181 - - [20/Jun/2014:16:15:40 -0400] "GET /media/system/js/core.js HTTP/1.1" 200 4784 "http://www.chris-nlp-hall.com/nlp-workshops-and-trainings/nlp-language-training" "Mozilla/5.0 (Macintosh; Intel Mac OS X 10.9; rv:30.0) Gecko/20100101 Firefox/30.0"
69.201.135.181 - - [20/Jun/2014:16:15:41 -0400] "GET /templates/cnlp_neu/images/postquote.png HTTP/1.1" 200 3292 "http://www.chris-nlp-hall.com/templates/cnlp_neu/css/cnlp_neu.css" "Mozilla/5.0 (Macintosh; Intel Mac OS X 10.9; rv:30.0) Gecko/20100101 Firefox/30.0"
188.174.7.95 - - [20/Jun/2014:17:29:34 -0400] "GET /images/slides/welcome//20110623_JP_Chris4.jpg?1403299774346 HTTP/1.1" 200 105317 "http://www.chris-nlp-hall.com/" "Mozilla/5.0 (Macintosh; Intel Mac OS X 10_9_3) AppleWebKit/537.76.4 (KHTML, like Gecko) Version/7.0.4 Safari/537.76.4"
66.249.81.154 - - [20/Jun/2014:17:35:46 -0400] "GET / HTTP/1.1" 200 4781 "-" "Mozilla/5.0 (compatible; X11; Linux x86_64; Google-StructuredDataTestingTool; +http://www.google.com/webmasters/tools/richsnippets)"
66.249.88.105 - - [20/Jun/2014:17:41:32 -0400] "GET /administrator/components/com_quicksell/images/css_buttons/0001/style.css HTTP/1.1" 200 860 "http://www.chris-nlp-hall.com/nlp-product-boutique/nlp-audiobook-language-christina-hall" "Mozilla/5.0 (en-us) AppleWebKit/537.36 (KHTML, like Gecko; Google PP Default) Chrome/27.0.1453 Safari/537.36"
188.174.7.95 - - [20/Jun/2014:17:51:41 -0400] "GET /administrator/templates/bluestork/images/j_login_lock.png HTTP/1.1" 200 3543 "http://www.chris-nlp-hall.com/administrator/" "Mozilla/5.0 (Macintosh; Intel Mac OS X 10_9_3) AppleWebKit/537.76.4 (KHTML, like Gecko) Version/7.0.4 Safari/537.76.4"
188.174.7.95 - - [20/Jun/2014:17:51:47 -0400] "GET /media/plg_quickicon_joomlaupdate/jupdatecheck.js HTTP/1.1" 200 2554 "http://www.chris-nlp-hall.com/administrator/index.php" "Mozilla/5.0 (Macintosh; Intel Mac OS X 10_9_3) AppleWebKit/537.76.4 (KHTML, like Gecko) Version/7.0.4 Safari/537.76.4"
188.174.7.95 - - [20/Jun/2014:17:51:47 -0400] "GET /administrator/templates/bluestork/images/menu/icon-16-user.png HTTP/1.1" 200 763 "http://www.chris-nlp-hall.com/administrator/index.php" "Mozilla/5.0 (Macintosh; Intel Mac OS X 10_9_3) AppleWebKit/537.76.4 (KHTML, like Gecko) Version/7.0.4 Safari/537.76.4"
188.174.7.95 - - [20/Jun/2014:17:51:47 -0400] "GET /administrator/templates/bluestork/images/menu/icon-16-cpanel.png HTTP/1.1" 200 518 "http://www.chris-nlp-hall.com/administrator/index.php" "Mozilla/5.0 (Macintosh; Intel Mac OS X 10_9_3) AppleWebKit/537.76.4 (KHTML, like Gecko) Version/7.0.4 Safari/537.76.4"
188.174.7.95 - - [20/Jun/2014:17:51:48 -0400] "GET /administrator/templates/bluestork/images/menu/icon-16-maintenance.png HTTP/1.1" 200 317 "http://www.chris-nlp-hall.com/administrator/index.php" "Mozilla/5.0 (Macintosh; Intel Mac OS X 10_9_3) AppleWebKit/537.76.4 (KHTML, like Gecko) Version/7.0.4 Safari/537.76.4"
188.174.7.95 - - [20/Jun/2014:17:51:48 -0400] "GET /administrator/templates/bluestork/images/menu/icon-16-groups.png HTTP/1.1" 200 826 "http://www.chris-nlp-hall.com/administrator/index.php" "Mozilla/5.0 (Macintosh; Intel Mac OS X 10_9_3) AppleWebKit/537.76.4 (KHTML, like Gecko) Version/7.0.4 Safari/537.76.4"
188.174.7.95 - - [20/Jun/2014:17:51:48 -0400] "GET /administrator/templates/bluestork/images/menu/icon-16-menu.png HTTP/1.1" 200 427 "http://www.chris-nlp-hall.com/administrator/index.php" "Mozilla/5.0 (Macintosh; Intel Mac OS X 10_9_3) AppleWebKit/537.76.4 (KHTML, like Gecko) Version/7.0.4 Safari/537.76.4"
188.174.7.95 - - [20/Jun/2014:17:51:48 -0400] "GET /administrator/components/com_cnlp_trainers/assets/images/s_trainers.png HTTP/1.1" 200 763 "http://www.chris-nlp-hall.com/administrator/index.php" "Mozilla/5.0 (Macintosh; Intel Mac OS X 10_9_3) AppleWebKit/537.76.4 (KHTML, like Gecko) Version/7.0.4 Safari/537.76.4"
188.174.7.95 - - [20/Jun/2014:17:51:49 -0400] "GET /administrator/templates/bluestork/images/menu/icon-16-install.png HTTP/1.1" 200 503 "http://www.chris-nlp-hall.com/administrator/index.php" "Mozilla/5.0 (Macintosh; Intel Mac OS X 10_9_3) AppleWebKit/537.76.4 (KHTML, like Gecko) Version/7.0.4 Safari/537.76.4"
188.174.7.95 - - [20/Jun/2014:17:51:49 -0400] "GET /administrator/components/com_xmap/images/xmap-favicon.png HTTP/1.1" 200 808 "http://www.chris-nlp-hall.com/administrator/index.php" "Mozilla/5.0 (Macintosh; Intel Mac OS X 10_9_3) AppleWebKit/537.76.4 (KHTML, like Gecko) Version/7.0.4 Safari/537.76.4"
188.174.7.95 - - [20/Jun/2014:17:51:49 -0400] "GET /administrator/templates/bluestork/images/menu/icon-16-help.png HTTP/1.1" 200 764 "http://www.chris-nlp-hall.com/administrator/index.php" "Mozilla/5.0 (Macintosh; Intel Mac OS X 10_9_3) AppleWebKit/537.76.4 (KHTML, like Gecko) Version/7.0.4 Safari/537.76.4"
188.174.7.95 - - [20/Jun/2014:17:51:49 -0400] "GET /administrator/templates/bluestork/images/menu/icon-16-help-jrd.png HTTP/1.1" 200 522 "http://www.chris-nlp-hall.com/administrator/index.php" "Mozilla/5.0 (Macintosh; Intel Mac OS X 10_9_3) AppleWebKit/537.76.4 (KHTML, like Gecko) Version/7.0.4 Safari/537.76.4"
188.174.7.95 - - [20/Jun/2014:17:51:49 -0400] "GET /administrator/templates/bluestork/images/header/icon-48-article.png HTTP/1.1" 200 2028 "http://www.chris-nlp-hall.com/administrator/index.php" "Mozilla/5.0 (Macintosh; Intel Mac OS X 10_9_3) AppleWebKit/537.76.4 (KHTML, like Gecko) Version/7.0.4 Safari/537.76.4"
188.174.7.95 - - [20/Jun/2014:17:51:50 -0400] "GET /administrator/templates/bluestork/images/header/icon-48-extension.png HTTP/1.1" 200 1499 "http://www.chris-nlp-hall.com/administrator/index.php" "Mozilla/5.0 (Macintosh; Intel Mac OS X 10_9_3) AppleWebKit/537.76.4 (KHTML, like Gecko) Version/7.0.4 Safari/537.76.4"
188.174.7.95 - - [20/Jun/2014:17:51:50 -0400] "GET /administrator/templates/bluestork/images/admin/tick.png HTTP/1.1" 200 563 "http://www.chris-nlp-hall.com/administrator/index.php" "Mozilla/5.0 (Macintosh; Intel Mac OS X 10_9_3) AppleWebKit/537.76.4 (KHTML, like Gecko) Version/7.0.4 Safari/537.76.4"
188.174.7.95 - - [20/Jun/2014:19:23:01 -0400] "GET /index.php?p=37 HTTP/1.1" 200 4779 "http://www.google.com/url?sa=t&rct=j&q=&esrc=s&source=web&cd=2&ved=0CCUQjBAwAQ&url=http%3A%2F%2Fwww.chris-nlp-hall.com%2Findex.php%3Fp%3D37&ei=N8KkU5zuHM7T7AbGzoH4Dw&usg=AFQjCNFTeQqpLGUe2uBqm3gKTf3lOecCtQ&bvm=bv.69411363,d.ZGU" "Mozilla/5.0 (Macintosh; Intel Mac OS X 10_9_3) AppleWebKit/537.76.4 (KHTML, like Gecko) Version/7.0.4 Safari/537.76.4"
188.174.7.95 - - [20/Jun/2014:19:23:03 -0400] "GET /images/ch_signature.png HTTP/1.1" 200 11785 "http://www.chris-nlp-hall.com/index.php?p=37" "Mozilla/5.0 (Macintosh; Intel Mac OS X 10_9_3) AppleWebKit/537.76.4 (KHTML, like Gecko) Version/7.0.4 Safari/537.76.4"
193.111.141.134 - - [20/Jun/2014:07:38:10 -0400] "GET /galleries/images/ctl_rous_marie-paule.jpg HTTP/1.1" 404 575 "-" "Mozilla/5.0 (Windows NT 6.0; rv:14.0) Gecko/20100101 Firefox/14.0.1"
79.87.91.25 - - [20/Jun/2014:07:41:30 -0400] "GET /images/slides/welcome//20110623_JP_Chris3.jpg?1403264497141 HTTP/1.1" 200 107912 "http://www.chris-nlp-hall.com/" "Mozilla/5.0 (Windows NT 6.1; WOW64; Trident/7.0; rv:11.0) like Gecko"
178.192.198.81 - - [20/Jun/2014:07:57:00 -0400] "GET / HTTP/1.1" 200 4786 "-" "Mozilla/5.0 (Macintosh; Intel Mac OS X 10_9_3) AppleWebKit/537.76.4 (KHTML, like Gecko) Version/7.0.4 Safari/537.76.4"
178.192.198.81 - - [20/Jun/2014:07:57:03 -0400] "GET /images/slides/welcome//20110623_JP_Chris3.jpg?1403265422360 HTTP/1.1" 200 107912 "http://www.chris-nlp-hall.com/" "Mozilla/5.0 (Macintosh; Intel Mac OS X 10_9_3) AppleWebKit/537.76.4 (KHTML, like Gecko) Version/7.0.4 Safari/537.76.4"
178.192.198.81 - - [20/Jun/2014:07:57:05 -0400] "GET /images/slides/welcome//20121018_JP_Shinichi.jpg?1403265424759 HTTP/1.1" 200 140615 "http://www.chris-nlp-hall.com/" "Mozilla/5.0 (Macintosh; Intel Mac OS X 10_9_3) AppleWebKit/537.76.4 (KHTML, like Gecko) Version/7.0.4 Safari/537.76.4"
162.210.196.97 - - [20/Jun/2014:08:55:47 -0400] "GET /robots.txt HTTP/1.0" 200 846 "-" "Mozilla/5.0 (compatible; MJ12bot/v1.4.5; http://www.majestic12.co.uk/bot.php?+)"
109.120.157.179 - - [20/Jun/2014:09:17:30 -0400] "GET /index.php HTTP/1.1" 200 20334 "http://rus-teh.narod.ru/" "Mozilla/5.0 (compatible; Add Catalog/2.1;)"
199.115.117.243 - - [20/Jun/2014:09:58:26 -0400] "GET /images/trainers/photos/ctl_bosonet_200.jpg HTTP/1.1" 200 41110 "http://www.chris-nlp-hall.com/the-society-of-nlp/nlp-trainers-certified-by-christina-hall" "Mozilla/5.0 (Windows NT 6.1; WOW64; rv:29.0) Gecko/20100101 Firefox/29.0"
188.174.7.95 - - [20/Jun/2014:10:48:41 -0400] "GET /images/slides/welcome//20120417_UK_group.jpg?1403275720189 HTTP/1.1" 200 137212 "http://www.chris-nlp-hall.com/" "Mozilla/5.0 (Macintosh; Intel Mac OS X 10_9_3) AppleWebKit/537.76.4 (KHTML, like Gecko) Version/7.0.4 Safari/537.76.4"
41.206.12.35 - - [20/Jun/2014:12:17:20 -0400] "GET /images/trainers/photos/ctl_nakashima_200.jpg HTTP/1.1" 200 48352 "http://www.chris-nlp-hall.com/the-society-of-nlp/nlp-trainers-certified-by-christina-hall" "Mozilla/5.0 (Windows NT 6.1; rv:29.0) Gecko/20100101 Firefox/29.0"
66.249.81.154 - - [20/Jun/2014:12:30:09 -0400] "GET /modules/mod_slideshowck/assets/jquery.mobile.customized.min.js HTTP/1.1" 200 17519 "http://www.chris-nlp-hall.com/index.php?p=37" "Mozilla/5.0 (X11; Linux x86_64) AppleWebKit/537.36 (KHTML, like Gecko; Google Web Preview) Chrome/27.0.1453 Safari/537.36"
66.249.81.154 - - [20/Jun/2014:12:30:10 -0400] "GET /modules/mod_slideshowck/themes/default/images/camera_skins.png HTTP/1.1" 200 24198 "http://www.chris-nlp-hall.com/index.php?p=37" "Mozilla/5.0 (X11; Linux x86_64) AppleWebKit/537.36 (KHTML, like Gecko; Google Web Preview) Chrome/27.0.1453 Safari/537.36"
66.249.67.57 - - [20/Jun/2014:00:37:30 -0400] "GET /images/trainers/photos/ctl_stul_200.jpg HTTP/1.1" 200 47392 "-" "Googlebot-Image/1.0"
66.249.67.70 - - [20/Jun/2014:01:22:20 -0400] "GET /profile-christina-hall-phd-nlp-meta-master-trainer/christina-hall-nlp-trainer-profile HTTP/1.1" 404 1402 "-" "Mozilla/5.0 (compatible; Googlebot/2.1; +http://www.google.com/bot.html)"
66.249.67.70 - - [20/Jun/2014:01:30:46 -0400] "GET /nlp-workshops-and-trainings?id=7 HTTP/1.1" 404 1402 "-" "Mozilla/5.0 (compatible; Googlebot/2.1; +http://www.google.com/bot.html)"
157.55.39.153 - - [20/Jun/2014:01:54:25 -0400] "GET /index.php?p=63 HTTP/1.1" 301 297 "-" "Mozilla/5.0 (compatible; bingbot/2.0; +http://www.bing.com/bingbot.htm)"
82.80.154.166 - - [20/Jun/2014:03:34:33 -0400] "GET /images/slides/welcome//20130503_JP_group.jpg?1403249671055 HTTP/1.1" 200 174970 "http://www.chris-nlp-hall.com/" "Mozilla/5.0 (Windows NT 6.2; WOW64; rv:30.0) Gecko/20100101 Firefox/30.0"
82.80.154.166 - - [20/Jun/2014:03:34:35 -0400] "GET /images/slides/welcome//20110623_JP_Chris4.jpg?1403249673633 HTTP/1.1" 200 105317 "http://www.chris-nlp-hall.com/" "Mozilla/5.0 (Windows NT 6.2; WOW64; rv:30.0) Gecko/20100101 Firefox/30.0"
82.80.154.166 - - [20/Jun/2014:03:36:15 -0400] "GET /images/slides/welcome//20111015_JP_group.jpg?1403249773201 HTTP/1.1" 200 226921 "http://www.chris-nlp-hall.com/" "Mozilla/5.0 (Windows NT 6.2; WOW64; rv:30.0) Gecko/20100101 Firefox/30.0"
92.153.241.78 - - [20/Jun/2014:03:45:59 -0400] "GET //components/com_cnlp_workshops/css/cnlp_ws_mail.png HTTP/1.1" 200 1984 "http://www.chris-nlp-hall.com/nlp-workshops-and-trainings/calendar" "Mozilla/5.0 (iPad; CPU OS 7_1_1 like Mac OS X) AppleWebKit/537.51.2 (KHTML, like Gecko) Version/7.0 Mobile/11D201 Safari/9537.53"
78.88.85.97 - - [20/Jun/2014:04:24:51 -0400] "GET /images/slides/welcome//20120722_UK_group.jpg?1403252689912 HTTP/1.1" 200 182456 "http://www.chris-nlp-hall.com/" "Mozilla/5.0 (Windows NT 6.3; rv:30.0) Gecko/20100101 Firefox/30.0"
84.94.178.105 - - [20/Jun/2014:04:46:31 -0400] "GET /images/slides/welcome//20130503_JP_group.jpg?1403253989504 HTTP/1.1" 200 174970 "http://www.chris-nlp-hall.com/" "Mozilla/5.0 (Windows NT 6.2; WOW64; rv:30.0) Gecko/20100101 Firefox/30.0"
84.94.178.105 - - [20/Jun/2014:04:52:01 -0400] "GET /images/slides/welcome//20121018_JP_Shinichi.jpg?1403254319010 HTTP/1.1" 200 140615 "http://www.chris-nlp-hall.com/" "Mozilla/5.0 (Windows NT 6.2; WOW64; rv:30.0) Gecko/20100101 Firefox/30.0"
84.94.178.105 - - [20/Jun/2014:05:04:48 -0400] "GET / HTTP/1.1" 200 4781 "-" "Mozilla/5.0 (Windows NT 6.2; WOW64) AppleWebKit/537.36 (KHTML, like Gecko) Chrome/35.0.1916.153 Safari/537.36"
84.94.178.105 - - [20/Jun/2014:05:04:51 -0400] "GET /media/system/js/core.js HTTP/1.1" 200 4784 "http://www.chris-nlp-hall.com/" "Mozilla/5.0 (Windows NT 6.2; WOW64) AppleWebKit/537.36 (KHTML, like Gecko) Chrome/35.0.1916.153 Safari/537.36"
84.94.178.105 - - [20/Jun/2014:05:04:51 -0400] "GET /media/system/js/modal.js HTTP/1.1" 200 9732 "http://www.chris-nlp-hall.com/" "Mozilla/5.0 (Windows NT 6.2; WOW64) AppleWebKit/537.36 (KHTML, like Gecko) Chrome/35.0.1916.153 Safari/537.36"
84.94.178.105 - - [20/Jun/2014:05:04:52 -0400] "GET /modules/mod_slideshowck/assets/jquery.mobile.customized.min.js HTTP/1.1" 200 17519 "http://www.chris-nlp-hall.com/" "Mozilla/5.0 (Windows NT 6.2; WOW64) AppleWebKit/537.36 (KHTML, like Gecko) Chrome/35.0.1916.153 Safari/537.36"
188.174.7.95 - - [20/Jun/2014:05:59:56 -0400] "GET /images/trainers/photos/ctl_rous_200.jpg HTTP/1.1" 200 35429 "http://www.chris-nlp-hall.com/the-society-of-nlp/nlp-trainers-certified-by-christina-hall" "Mozilla/5.0 (iPad; CPU OS 7_1_1 like Mac OS X) AppleWebKit/537.51.2 (KHTML, like Gecko) Version/7.0 Mobile/11D201 Safari/9537.53"
188.174.7.95 - - [20/Jun/2014:05:59:58 -0400] "GET /images/trainers/photos/ctl_puel_jacques.jpg HTTP/1.1" 200 3498 "http://www.chris-nlp-hall.com/the-society-of-nlp/nlp-trainers-certified-by-christina-hall" "Mozilla/5.0 (iPad; CPU OS 7_1_1 like Mac OS X) AppleWebKit/537.51.2 (KHTML, like Gecko) Version/7.0 Mobile/11D201 Safari/9537.53"
188.174.7.95 - - [20/Jun/2014:05:59:59 -0400] "GET /images/trainers/photos/ctl_schimpke_michael.jpg HTTP/1.1" 200 3932 "http://www.chris-nlp-hall.com/the-society-of-nlp/nlp-trainers-certified-by-christina-hall" "Mozilla/5.0 (iPad; CPU OS 7_1_1 like Mac OS X) AppleWebKit/537.51.2 (KHTML, like Gecko) Version/7.0 Mobile/11D201 Safari/9537.53"
188.174.7.95 - - [20/Jun/2014:05:59:59 -0400] "GET /images/trainers/photos/ctl_alberts_ingeborg.jpg HTTP/1.1" 200 3373 "http://www.chris-nlp-hall.com/the-society-of-nlp/nlp-trainers-certified-by-christina-hall" "Mozilla/5.0 (iPad; CPU OS 7_1_1 like Mac OS X) AppleWebKit/537.51.2 (KHTML, like Gecko) Version/7.0 Mobile/11D201 Safari/9537.53"
188.174.7.95 - - [20/Jun/2014:05:59:59 -0400] "GET /images/trainers/photos/ctl_baumann-weiss_iris.jpg HTTP/1.1" 200 3244 "http://www.chris-nlp-hall.com/the-society-of-nlp/nlp-trainers-certified-by-christina-hall" "Mozilla/5.0 (iPad; CPU OS 7_1_1 like Mac OS X) AppleWebKit/537.51.2 (KHTML, like Gecko) Version/7.0 Mobile/11D201 Safari/9537.53"
188.174.7.95 - - [20/Jun/2014:05:59:59 -0400] "GET /images/trainers/photos/ctl_dickhut_200.jpg HTTP/1.1" 200 54089 "http://www.chris-nlp-hall.com/the-society-of-nlp/nlp-trainers-certified-by-christina-hall" "Mozilla/5.0 (iPad; CPU OS 7_1_1 like Mac OS X) AppleWebKit/537.51.2 (KHTML, like Gecko) Version/7.0 Mobile/11D201 Safari/9537.53"
188.174.7.95 - - [20/Jun/2014:06:00:00 -0400] "GET /images/trainers/photos/ctl_suzuki_emiko.jpg HTTP/1.1" 200 12900 "http://www.chris-nlp-hall.com/the-society-of-nlp/nlp-trainers-certified-by-christina-hall" "Mozilla/5.0 (iPad; CPU OS 7_1_1 like Mac OS X) AppleWebKit/537.51.2 (KHTML, like Gecko) Version/7.0 Mobile/11D201 Safari/9537.53"
188.174.7.95 - - [20/Jun/2014:06:00:00 -0400] "GET /images/trainers/photos/ctl_ohe_akiko.jpg HTTP/1.1" 200 17766 "http://www.chris-nlp-hall.com/the-society-of-nlp/nlp-trainers-certified-by-christina-hall" "Mozilla/5.0 (iPad; CPU OS 7_1_1 like Mac OS X) AppleWebKit/537.51.2 (KHTML, like Gecko) Version/7.0 Mobile/11D201 Safari/9537.53"
188.174.7.95 - - [20/Jun/2014:06:00:02 -0400] "GET /images/trainers/photos/ctl_nakashima_200.jpg HTTP/1.1" 200 48352 "http://www.chris-nlp-hall.com/the-society-of-nlp/nlp-trainers-certified-by-christina-hall" "Mozilla/5.0 (iPad; CPU OS 7_1_1 like Mac OS X) AppleWebKit/537.51.2 (KHTML, like Gecko) Version/7.0 Mobile/11D201 Safari/9537.53"
188.174.7.95 - - [20/Jun/2014:06:00:03 -0400] "GET /images/trainers/flags/Poland.png HTTP/1.1" 200 380 "http://www.chris-nlp-hall.com/the-society-of-nlp/nlp-trainers-certified-by-christina-hall" "Mozilla/5.0 (iPad; CPU OS 7_1_1 like Mac OS X) AppleWebKit/537.51.2 (KHTML, like Gecko) Version/7.0 Mobile/11D201 Safari/9537.53"
188.174.7.95 - - [20/Jun/2014:06:00:04 -0400] "GET /images/trainers/photos/ctl_stul_200.jpg HTTP/1.1" 200 47392 "http://www.chris-nlp-hall.com/the-society-of-nlp/nlp-trainers-certified-by-christina-hall" "Mozilla/5.0 (iPad; CPU OS 7_1_1 like Mac OS X) AppleWebKit/537.51.2 (KHTML, like Gecko) Version/7.0 Mobile/11D201 Safari/9537.53"
188.174.7.95 - - [20/Jun/2014:06:00:04 -0400] "GET /images/trainers/photos/ctl_streuli_karin.jpg HTTP/1.1" 200 4238 "http://www.chris-nlp-hall.com/the-society-of-nlp/nlp-trainers-certified-by-christina-hall" "Mozilla/5.0 (iPad; CPU OS 7_1_1 like Mac OS X) AppleWebKit/537.51.2 (KHTML, like Gecko) Version/7.0 Mobile/11D201 Safari/9537.53"
188.174.7.95 - - [20/Jun/2014:06:00:04 -0400] "GET /images/trainers/photos/ctl_perri_200.jpg HTTP/1.1" 200 65768 "http://www.chris-nlp-hall.com/the-society-of-nlp/nlp-trainers-certified-by-christina-hall" "Mozilla/5.0 (iPad; CPU OS 7_1_1 like Mac OS X) AppleWebKit/537.51.2 (KHTML, like Gecko) Version/7.0 Mobile/11D201 Safari/9537.53"
188.174.7.95 - - [20/Jun/2014:06:00:05 -0400] "GET /images/trainers/photos/ctl_kerry_lynne.jpg HTTP/1.1" 200 2846 "http://www.chris-nlp-hall.com/the-society-of-nlp/nlp-trainers-certified-by-christina-hall" "Mozilla/5.0 (iPad; CPU OS 7_1_1 like Mac OS X) AppleWebKit/537.51.2 (KHTML, like Gecko) Version/7.0 Mobile/11D201 Safari/9537.53"
188.174.7.95 - - [20/Jun/2014:06:00:05 -0400] "GET /images/trainers/flags/United%20States%20of%20America%20(USA).png HTTP/1.1" 200 830 "http://www.chris-nlp-hall.com/the-society-of-nlp/nlp-trainers-certified-by-christina-hall" "Mozilla/5.0 (iPad; CPU OS 7_1_1 like Mac OS X) AppleWebKit/537.51.2 (KHTML, like Gecko) Version/7.0 Mobile/11D201 Safari/9537.53"
188.174.7.95 - - [20/Jun/2014:06:00:05 -0400] "GET /images/trainers/flags/master_medal.png HTTP/1.1" 200 4440 "http://www.chris-nlp-hall.com/the-society-of-nlp/nlp-trainers-certified-by-christina-hall" "Mozilla/5.0 (iPad; CPU OS 7_1_1 like Mac OS X) AppleWebKit/537.51.2 (KHTML, like Gecko) Version/7.0 Mobile/11D201 Safari/9537.53"
213.57.142.187 - - [20/Jun/2014:14:12:56 -0400] "GET /templates/cnlp_neu/images/px_transparent_50.png HTTP/1.1" 200 112 "http://www.chris-nlp-hall.com/" "Mozilla/5.0 (Windows NT 5.1) AppleWebKit/537.36 (KHTML, like Gecko) Chrome/35.0.1916.153 Safari/537.36"
213.57.142.187 - - [20/Jun/2014:14:12:56 -0400] "GET /images/slides/welcome//20130612_UK_group.jpg?1403287947708 HTTP/1.1" 200 211793 "http://www.chris-nlp-hall.com/" "Mozilla/5.0 (Windows NT 5.1) AppleWebKit/537.36 (KHTML, like Gecko) Chrome/35.0.1916.153 Safari/537.36"
213.57.142.187 - - [20/Jun/2014:14:12:58 -0400] "GET /images/slides/welcome//20121018_JP_Shinichi.jpg?1403287950417 HTTP/1.1" 200 140615 "http://www.chris-nlp-hall.com/" "Mozilla/5.0 (Windows NT 5.1) AppleWebKit/537.36 (KHTML, like Gecko) Chrome/35.0.1916.153 Safari/537.36"
69.201.135.181 - - [20/Jun/2014:16:16:53 -0400] "GET /images/boutique/surprise-perspective.jpg HTTP/1.1" 200 6346 "http://www.chris-nlp-hall.com/nlp-product-boutique" "Mozilla/5.0 (Macintosh; Intel Mac OS X 10.9; rv:30.0) Gecko/20100101 Firefox/30.0"
66.249.88.105 - - [20/Jun/2014:17:37:06 -0400] "GET /nlp-workshops-and-trainings/calendar HTTP/1.1" 200 3348 "-" "Mozilla/5.0 (en-us) AppleWebKit/537.36 (KHTML, like Gecko; Google PP Default) Chrome/27.0.1453 Safari/537.36"
188.174.7.95 - - [20/Jun/2014:17:51:55 -0400] "GET /administrator/templates/bluestork/images/toolbar/icon-32-archive.png HTTP/1.1" 200 1266 "http://www.chris-nlp-hall.com/administrator/index.php?option=com_content" "Mozilla/5.0 (Macintosh; Intel Mac OS X 10_9_3) AppleWebKit/537.76.4 (KHTML, like Gecko) Version/7.0.4 Safari/537.76.4"
188.174.7.95 - - [20/Jun/2014:17:51:55 -0400] "GET /administrator/templates/bluestork/images/toolbar/icon-32-config.png HTTP/1.1" 200 1791 "http://www.chris-nlp-hall.com/administrator/index.php?option=com_content" "Mozilla/5.0 (Macintosh; Intel Mac OS X 10_9_3) AppleWebKit/537.76.4 (KHTML, like Gecko) Version/7.0.4 Safari/537.76.4"
188.174.7.95 - - [20/Jun/2014:17:51:56 -0400] "GET /administrator/templates/bluestork/images/j_button2_prev_off.png HTTP/1.1" 200 569 "http://www.chris-nlp-hall.com/administrator/index.php?option=com_content" "Mozilla/5.0 (Macintosh; Intel Mac OS X 10_9_3) AppleWebKit/537.76.4 (KHTML, like Gecko) Version/7.0.4 Safari/537.76.4"
188.174.7.95 - - [20/Jun/2014:17:51:56 -0400] "GET /administrator/templates/bluestork/images/admin/publish_x.png HTTP/1.1" 200 495 "http://www.chris-nlp-hall.com/administrator/index.php?option=com_content" "Mozilla/5.0 (Macintosh; Intel Mac OS X 10_9_3) AppleWebKit/537.76.4 (KHTML, like Gecko) Version/7.0.4 Safari/537.76.4"
208.115.113.83 - - [20/Jun/2014:17:52:39 -0400] "GET /robots.txt HTTP/1.1" 200 846 "-" "Mozilla/5.0 (compatible; DotBot/1.1; http://www.opensiteexplorer.org/dotbot, help@moz.com)"
188.174.7.95 - - [20/Jun/2014:18:04:16 -0400] "GET / HTTP/1.1" 200 4795 "-" "Mozilla/5.0 (Macintosh; Intel Mac OS X 10_9_3) AppleWebKit/537.76.4 (KHTML, like Gecko) Version/7.0.4 Safari/537.76.4"
188.174.7.95 - - [20/Jun/2014:18:04:18 -0400] "GET /images/ch_signature.png HTTP/1.1" 200 11785 "http://www.chris-nlp-hall.com/" "Mozilla/5.0 (Macintosh; Intel Mac OS X 10_9_3) AppleWebKit/537.76.4 (KHTML, like Gecko) Version/7.0.4 Safari/537.76.4"
93.186.202.198 - - [20/Jun/2014:20:50:30 -0400] "GET /the-society-of-nlp/nlp-trainers-certified-by-christina-hall HTTP/1.1" 200 142500 "-" "Mozilla/5.0 (compatible; MSIE 10.0; Windows NT 6.1; Trident/6.0)"
68.180.224.233 - - [20/Jun/2014:22:13:11 -0400] "GET /index.php?p=48 HTTP/1.1" 301 256 "-" "Mozilla/5.0 (compatible; Yahoo! Slurp; http://help.yahoo.com/help/us/ysearch/slurp)"
46.119.120.207 - - [20/Jun/2014:22:50:50 -0400] "GET / HTTP/1.1" 200 20402 "http://pornokajf.com/" "Mozilla/4.0 (compatible; MSIE 5.5; Windows NT 5.0; .NET CLR 1.1.4322)"
79.87.91.25 - - [20/Jun/2014:07:36:34 -0400] "GET / HTTP/1.1" 200 4778 "http://www.google.fr/url?sa=t&rct=j&q=&esrc=s&source=web&cd=8&sqi=2&ved=0CDwQFjAH&url=http%3A%2F%2Fwww.chris-nlp-hall.com%2F&ei=qRykU4vwGPiysASpnIC4BQ&usg=AFQjCNHBkFLPcTie62jcLtQib0jZDdNWPA&bvm=bv.69411363,d.d2k" "Mozilla/5.0 (Windows NT 6.1; WOW64; Trident/7.0; rv:11.0) like Gecko"
79.87.91.25 - - [20/Jun/2014:07:36:36 -0400] "GET /media/system/css/modal.css HTTP/1.1" 200 2823 "http://www.chris-nlp-hall.com/" "Mozilla/5.0 (Windows NT 6.1; WOW64; Trident/7.0; rv:11.0) like Gecko"
79.87.91.25 - - [20/Jun/2014:07:36:36 -0400] "GET /media/system/js/mootools-more.js HTTP/1.1" 200 238331 "http://www.chris-nlp-hall.com/" "Mozilla/5.0 (Windows NT 6.1; WOW64; Trident/7.0; rv:11.0) like Gecko"
79.87.91.25 - - [20/Jun/2014:07:36:38 -0400] "GET /templates/cnlp_neu/images/lotus_3_800.png HTTP/1.1" 200 100930 "http://www.chris-nlp-hall.com/" "Mozilla/5.0 (Windows NT 6.1; WOW64; Trident/7.0; rv:11.0) like Gecko"
79.87.91.25 - - [20/Jun/2014:07:39:30 -0400] "GET /images/slides/welcome//20000501_FR_group.jpg?1403264377532 HTTP/1.1" 200 206005 "http://www.chris-nlp-hall.com/" "Mozilla/5.0 (Windows NT 6.1; WOW64; Trident/7.0; rv:11.0) like Gecko"
183.60.213.107 - - [20/Jun/2014:09:33:25 -0400] "GET /robots.txt HTTP/1.1" 200 846 "-" "Mozilla/5.0 (compatible; EasouSpider; +http://www.easou.com/search/spider.html)"
199.115.117.243 - - [20/Jun/2014:09:57:47 -0400] "GET /templates/cnlp_neu/favicon.ico HTTP/1.1" 200 1150 "-" "Mozilla/5.0 (Windows NT 6.1; WOW64; rv:29.0) Gecko/20100101 Firefox/29.0"
189.123.130.174 - - [20/Jun/2014:10:31:23 -0400] "GET / HTTP/1.1" 200 4776 "http://semalt.semalt.com/crawler.php?u=http://chrisnlphall.com" "Mozilla/5.0 (Windows NT 6.1; WOW64) AppleWebKit/537.36 (KHTML, like Gecko) Chrome/32.0.1700.107 Safari/537.36"
189.123.130.174 - - [20/Jun/2014:10:31:26 -0400] "GET //components/com_cnlp_workshops/css/cnlp_workshops.css HTTP/1.1" 200 4039 "http://www.chris-nlp-hall.com/" "Mozilla/5.0 (Windows NT 6.1; WOW64) AppleWebKit/537.36 (KHTML, like Gecko) Chrome/32.0.1700.107 Safari/537.36"
189.123.130.174 - - [20/Jun/2014:10:31:26 -0400] "GET /media/system/js/mootools-more.js HTTP/1.1" 200 238331 "http://www.chris-nlp-hall.com/" "Mozilla/5.0 (Windows NT 6.1; WOW64) AppleWebKit/537.36 (KHTML, like Gecko) Chrome/32.0.1700.107 Safari/537.36"
189.123.130.174 - - [20/Jun/2014:10:31:29 -0400] "GET /templates/cnlp_neu/images/lotus_3_800.png HTTP/1.1" 200 100930 "http://www.chris-nlp-hall.com/" "Mozilla/5.0 (Windows NT 6.1; WOW64) AppleWebKit/537.36 (KHTML, like Gecko) Chrome/32.0.1700.107 Safari/537.36"
188.174.7.95 - - [20/Jun/2014:10:43:56 -0400] "GET /media/system/js/mootools-core.js HTTP/1.1" 304 - "http://www.chris-nlp-hall.com/" "Mozilla/5.0 (Macintosh; Intel Mac OS X 10_9_3) AppleWebKit/537.76.4 (KHTML, like Gecko) Version/7.0.4 Safari/537.76.4"
188.174.7.95 - - [20/Jun/2014:10:43:57 -0400] "GET /modules/mod_slideshowck/assets/camera.min.js HTTP/1.1" 304 - "http://www.chris-nlp-hall.com/" "Mozilla/5.0 (Macintosh; Intel Mac OS X 10_9_3) AppleWebKit/537.76.4 (KHTML, like Gecko) Version/7.0.4 Safari/537.76.4"
188.174.7.95 - - [20/Jun/2014:10:43:57 -0400] "GET /images/slides/welcome//20120722_UK_group.jpg?1403275436564 HTTP/1.1" 200 182456 "http://www.chris-nlp-hall.com/" "Mozilla/5.0 (Macintosh; Intel Mac OS X 10_9_3) AppleWebKit/537.76.4 (KHTML, like Gecko) Version/7.0.4 Safari/537.76.4"
162.211.129.46 - - [20/Jun/2014:10:54:50 -0400] "GET /images/slides/welcome//20131201_CH_Chris.jpg?1403276088176 HTTP/1.1" 200 135617 "http://www.chris-nlp-hall.com/" "Mozilla/5.0 (iPad; CPU OS 7_1_1 like Mac OS X) AppleWebKit/537.51.2 (KHTML, like Gecko) Version/7.0 Mobile/11D201 Safari/9537.53"
66.249.81.154 - - [20/Jun/2014:12:29:56 -0400] "GET /media/system/js/core.js HTTP/1.1" 200 4784 "http://www.chris-nlp-hall.com/the-society-of-nlp" "Mozilla/5.0 (X11; Linux x86_64) AppleWebKit/537.36 (KHTML, like Gecko; Google Web Preview) Chrome/27.0.1453 Safari/537.36"
46.105.105.227 - - [20/Jun/2014:12:47:22 -0400] "GET /nlp-infinity-forum HTTP/1.1" 200 8529 "-" "Mozilla/5.0 (Windows NT 5.1; rv:15.0) Gecko/20120909 Firefox/15.0.1 SeaMonkey/2.12.1"
82.80.154.166 - - [20/Jun/2014:03:34:20 -0400] "GET /modules/mod_slideshowck/themes/default/css/camera.css HTTP/1.1" 200 26563 "http://www.chris-nlp-hall.com/" "Mozilla/5.0 (Windows NT 6.2; WOW64; rv:30.0) Gecko/20100101 Firefox/30.0"
84.94.178.105 - - [20/Jun/2014:04:07:19 -0400] "GET /images/slides/chris//IMG_3441.jpg?1403251637365 HTTP/1.1" 200 71475 "http://www.chris-nlp-hall.com/profile-christina-hall-phd-nlp-meta-master-trainer" "Mozilla/5.0 (Windows NT 6.2; WOW64; rv:30.0) Gecko/20100101 Firefox/30.0"
84.94.178.105 - - [20/Jun/2014:04:07:21 -0400] "GET /images/slides/chris//IMG_3442.jpg?1403251639997 HTTP/1.1" 200 79391 "http://www.chris-nlp-hall.com/profile-christina-hall-phd-nlp-meta-master-trainer" "Mozilla/5.0 (Windows NT 6.2; WOW64; rv:30.0) Gecko/20100101 Firefox/30.0"
98.224.218.6 - - [20/Jun/2014:04:44:40 -0400] "GET /images/slides/welcome//20000501_FR_group.jpg?1403142016808 HTTP/1.1" 304 - "http://www.chris-nlp-hall.com/index.php?p=37" "Mozilla/5.0 (X11; Linux x86_64) AppleWebKit/537.36 (KHTML, like Gecko) Ubuntu Chromium/34.0.1847.116 Chrome/34.0.1847.116 Safari/537.36"
84.94.178.105 - - [20/Jun/2014:05:04:51 -0400] "GET /media/system/css/modal.css HTTP/1.1" 200 2823 "http://www.chris-nlp-hall.com/" "Mozilla/5.0 (Windows NT 6.2; WOW64) AppleWebKit/537.36 (KHTML, like Gecko) Chrome/35.0.1916.153 Safari/537.36"
84.94.178.105 - - [20/Jun/2014:05:04:51 -0400] "GET /media/system/js/mootools-more.js HTTP/1.1" 200 238331 "http://www.chris-nlp-hall.com/" "Mozilla/5.0 (Windows NT 6.2; WOW64) AppleWebKit/537.36 (KHTML, like Gecko) Chrome/35.0.1916.153 Safari/537.36"
84.94.178.105 - - [20/Jun/2014:05:04:54 -0400] "GET /templates/cnlp_neu/images/lotus_3_800.png HTTP/1.1" 200 100930 "http://www.chris-nlp-hall.com/" "Mozilla/5.0 (Windows NT 6.2; WOW64) AppleWebKit/537.36 (KHTML, like Gecko) Chrome/35.0.1916.153 Safari/537.36"
84.94.178.105 - - [20/Jun/2014:05:04:54 -0400] "GET /modules/mod_slideshowck/themes/default/images/camera_skins.png HTTP/1.1" 200 24198 "http://www.chris-nlp-hall.com/" "Mozilla/5.0 (Windows NT 6.2; WOW64) AppleWebKit/537.36 (KHTML, like Gecko) Chrome/35.0.1916.153 Safari/537.36"
188.174.7.95 - - [20/Jun/2014:05:59:47 -0400] "GET /nlp-workshops-and-trainings/calendar HTTP/1.1" 200 3348 "http://www.chris-nlp-hall.com/nlp-workshops-and-trainings/nlp-master-trainer-training" "Mozilla/5.0 (iPad; CPU OS 7_1_1 like Mac OS X) AppleWebKit/537.51.2 (KHTML, like Gecko) Version/7.0 Mobile/11D201 Safari/9537.53"
188.174.7.95 - - [20/Jun/2014:05:59:49 -0400] "GET /images/workshops/sponsors/logo_gilles_roy.jpg HTTP/1.1" 200 11144 "http://www.chris-nlp-hall.com/nlp-workshops-and-trainings/calendar" "Mozilla/5.0 (iPad; CPU OS 7_1_1 like Mac OS X) AppleWebKit/537.51.2 (KHTML, like Gecko) Version/7.0 Mobile/11D201 Safari/9537.53"
188.174.7.95 - - [20/Jun/2014:05:59:49 -0400] "GET /images/workshops/sponsors/logo_foley.png HTTP/1.1" 200 5637 "http://www.chris-nlp-hall.com/nlp-workshops-and-trainings/calendar" "Mozilla/5.0 (iPad; CPU OS 7_1_1 like Mac OS X) AppleWebKit/537.51.2 (KHTML, like Gecko) Version/7.0 Mobile/11D201 Safari/9537.53"
180.76.5.191 - - [20/Jun/2014:06:56:34 -0400] "GET /index.php?p=68 HTTP/1.1" 301 297 "-" "Mozilla/5.0 (compatible; Baiduspider/2.0; +http://www.baidu.com/search/spider.html)"
208.115.113.91 - - [20/Jun/2014:15:45:46 -0400] "GET /robots.txt HTTP/1.1" 301 248 "-" "Mozilla/5.0 (compatible; DotBot/1.1; http://www.opensiteexplorer.org/dotbot, help@moz.com)"
100.43.85.13 - - [20/Jun/2014:17:13:57 -0400] "GET /nlp-articles-and-videos/working-from-the-heart-article-christina-hall HTTP/1.1" 200 6445 "-" "Mozilla/5.0 (compatible; YandexBot/3.0; +http://yandex.com/bots)"
66.249.88.105 - - [20/Jun/2014:17:41:36 -0400] "GET /images/boutique/42-1-095-00-perspective.jpg HTTP/1.1" 200 53902 "-" "Mozilla/5.0 (Macintosh; Intel Mac OS X 10_9_3) AppleWebKit/537.76.4 (KHTML, like Gecko) Version/7.0.4 Safari/537.76.4,gzip(gfe)"
188.174.7.95 - - [20/Jun/2014:17:46:15 -0400] "GET /images/publications/heart_large.jpg HTTP/1.1" 200 48342 "http://www.chris-nlp-hall.com/nlp-articles-and-videos" "Mozilla/5.0 (Macintosh; Intel Mac OS X 10_9_3) AppleWebKit/537.76.4 (KHTML, like Gecko) Version/7.0.4 Safari/537.76.4"
188.174.7.95 - - [20/Jun/2014:17:51:36 -0400] "GET /administrator/index.php?option=com_menus&view=items HTTP/1.1" 200 1645 "-" "Mozilla/5.0 (Macintosh; Intel Mac OS X 10_9_3) AppleWebKit/537.76.4 (KHTML, like Gecko) Version/7.0.4 Safari/537.76.4"
188.174.7.95 - - [20/Jun/2014:17:52:17 -0400] "GET /administrator/index.php?option=com_content&task=article.edit&id=31 HTTP/1.1" 303 - "http://www.chris-nlp-hall.com/administrator/index.php?option=com_content&view=articles" "Mozilla/5.0 (Macintosh; Intel Mac OS X 10_9_3) AppleWebKit/537.76.4 (KHTML, like Gecko) Version/7.0.4 Safari/537.76.4"
188.174.7.95 - - [20/Jun/2014:17:52:20 -0400] "GET /administrator/index.php?option=com_content&view=article&layout=edit&id=31 HTTP/1.1" 200 16902 "http://www.chris-nlp-hall.com/administrator/index.php?option=com_content&view=articles" "Mozilla/5.0 (Macintosh; Intel Mac OS X 10_9_3) AppleWebKit/537.76.4 (KHTML, like Gecko) Version/7.0.4 Safari/537.76.4"
188.174.7.95 - - [20/Jun/2014:17:52:22 -0400] "GET /administrator/templates/bluestork/images/toolbar/icon-32-apply.png HTTP/1.1" 200 1383 "http://www.chris-nlp-hall.com/administrator/index.php?option=com_content&view=article&layout=edit&id=31" "Mozilla/5.0 (Macintosh; Intel Mac OS X 10_9_3) AppleWebKit/537.76.4 (KHTML, like Gecko) Version/7.0.4 Safari/537.76.4"
188.174.7.95 - - [20/Jun/2014:17:52:22 -0400] "GET /administrator/templates/bluestork/images/j_button2_readmore.png HTTP/1.1" 200 625 "http://www.chris-nlp-hall.com/administrator/index.php?option=com_content&view=article&layout=edit&id=31" "Mozilla/5.0 (Macintosh; Intel Mac OS X 10_9_3) AppleWebKit/537.76.4 (KHTML, like Gecko) Version/7.0.4 Safari/537.76.4"
58.22.70.37 - - [20/Jun/2014:20:04:33 -0400] "GET /nlp-infinity-forum HTTP/1.0" 200 8529 "http://www.chris-nlp-hall.com/nlp-infinity-forum" "Mozilla/5.0 (Windows NT 5.1) AppleWebKit/537.36 (KHTML, like Gecko) Chrome/33.0.1750.146 Safari/537.36"
69.201.135.181 - - [20/Jun/2014:21:20:34 -0400] "GET /components/com_quicksell/js/jquery.min.js HTTP/1.1" 200 93107 "http://www.chris-nlp-hall.com/nlp-product-boutique/nlp-audiobook-language-christina-hall" "Mozilla/5.0 (Macintosh; Intel Mac OS X 10.9; rv:30.0) Gecko/20100101 Firefox/30.0"
46.119.120.207 - - [20/Jun/2014:22:50:46 -0400] "GET / HTTP/1.1" 200 20325 "http://pornokajf.com/" "Mozilla/4.0 (compatible; MSIE 5.5; Windows NT 5.0; .NET CLR 1.1.4322)"
193.111.141.134 - - [20/Jun/2014:07:38:11 -0400] "GET /the-society-of-nlp/nlp-trainers-certified-by-christina-hall HTTP/1.1" 200 142577 "-" "Mozilla/5.0 (Windows NT 6.2; WOW64) AppleWebKit/537.36 (KHTML, like Gecko) Chrome/27.0.1453.93 Safari/537.36"
98.224.218.6 - - [20/Jun/2014:09:23:15 -0400] "GET /images/slides/welcome//20090903_UK_group.jpg?1403141824814 HTTP/1.1" 304 - "http://www.chris-nlp-hall.com/index.php?p=37" "Mozilla/5.0 (X11; Linux x86_64) AppleWebKit/537.36 (KHTML, like Gecko) Ubuntu Chromium/34.0.1847.116 Chrome/34.0.1847.116 Safari/537.36"
199.115.117.243 - - [20/Jun/2014:09:58:13 -0400] "GET /images/trainers/photos/ctl_vanhoorn_200.jpg HTTP/1.1" 200 46536 "http://www.chris-nlp-hall.com/the-society-of-nlp/nlp-trainers-certified-by-christina-hall" "Mozilla/5.0 (Windows NT 6.1; WOW64; rv:29.0) Gecko/20100101 Firefox/29.0"
199.115.117.243 - - [20/Jun/2014:09:58:51 -0400] "GET //components/com_cnlp_trainers/css/cnlp_trainers_home.png HTTP/1.1" 200 1991 "http://www.chris-nlp-hall.com//components/com_cnlp_trainers/css/cnlp_trainers.css" "Mozilla/5.0 (Windows NT 6.1; WOW64; rv:29.0) Gecko/20100101 Firefox/29.0"
199.115.117.243 - - [20/Jun/2014:09:58:52 -0400] "GET //components/com_cnlp_trainers/css/cnlp_trainers_mail.png HTTP/1.1" 200 1984 "http://www.chris-nlp-hall.com//components/com_cnlp_trainers/css/cnlp_trainers.css" "Mozilla/5.0 (Windows NT 6.1; WOW64; rv:29.0) Gecko/20100101 Firefox/29.0"
188.174.7.95 - - [20/Jun/2014:10:43:56 -0400] "GET /media/system/js/core.js HTTP/1.1" 304 - "http://www.chris-nlp-hall.com/" "Mozilla/5.0 (Macintosh; Intel Mac OS X 10_9_3) AppleWebKit/537.76.4 (KHTML, like Gecko) Version/7.0.4 Safari/537.76.4"
188.174.7.95 - - [20/Jun/2014:10:43:57 -0400] "GET /modules/mod_slideshowck/assets/jquery.mobile.customized.min.js HTTP/1.1" 304 - "http://www.chris-nlp-hall.com/" "Mozilla/5.0 (Macintosh; Intel Mac OS X 10_9_3) AppleWebKit/537.76.4 (KHTML, like Gecko) Version/7.0.4 Safari/537.76.4"
188.174.7.95 - - [20/Jun/2014:10:47:34 -0400] "GET /media/system/js/mootools-core.js HTTP/1.1" 304 - "http://www.chris-nlp-hall.com/" "Mozilla/5.0 (Macintosh; Intel Mac OS X 10_9_3) AppleWebKit/537.76.4 (KHTML, like Gecko) Version/7.0.4 Safari/537.76.4"
188.174.7.95 - - [20/Jun/2014:10:47:34 -0400] "GET /modules/mod_slideshowck/assets/jquery.easing.1.3.js HTTP/1.1" 304 - "http://www.chris-nlp-hall.com/" "Mozilla/5.0 (Macintosh; Intel Mac OS X 10_9_3) AppleWebKit/537.76.4 (KHTML, like Gecko) Version/7.0.4 Safari/537.76.4"
188.174.7.95 - - [20/Jun/2014:10:47:35 -0400] "GET /images/slides/welcome//20120722_UK_group.jpg?1403275654118 HTTP/1.1" 200 182456 "http://www.chris-nlp-hall.com/" "Mozilla/5.0 (Macintosh; Intel Mac OS X 10_9_3) AppleWebKit/537.76.4 (KHTML, like Gecko) Version/7.0.4 Safari/537.76.4"
162.211.129.46 - - [20/Jun/2014:10:54:07 -0400] "GET /images/slides/welcome//20080101_UK_group.jpg?1403276045391 HTTP/1.1" 200 140161 "http://www.chris-nlp-hall.com/" "Mozilla/5.0 (iPad; CPU OS 7_1_1 like Mac OS X) AppleWebKit/537.51.2 (KHTML, like Gecko) Version/7.0 Mobile/11D201 Safari/9537.53"
41.206.12.35 - - [20/Jun/2014:12:16:50 -0400] "GET /images/trainers/photos/ctl_gerecke_200.jpg HTTP/1.1" 200 57368 "http://www.chris-nlp-hall.com/the-society-of-nlp/nlp-trainers-certified-by-christina-hall" "Mozilla/5.0 (Windows NT 6.1; rv:29.0) Gecko/20100101 Firefox/29.0"
41.206.12.35 - - [20/Jun/2014:12:17:34 -0400] "GET /images/trainers/photos/ctl_kerry_lynne.jpg HTTP/1.1" 200 2846 "http://www.chris-nlp-hall.com/the-society-of-nlp/nlp-trainers-certified-by-christina-hall" "Mozilla/5.0 (Windows NT 6.1; rv:29.0) Gecko/20100101 Firefox/29.0"
41.206.12.35 - - [20/Jun/2014:12:17:40 -0400] "GET /images/trainers/photos/ctl_kless_200.jpg HTTP/1.1" 200 45358 "http://www.chris-nlp-hall.com/the-society-of-nlp/nlp-trainers-certified-by-christina-hall" "Mozilla/5.0 (Windows NT 6.1; rv:29.0) Gecko/20100101 Firefox/29.0"
66.249.88.105 - - [20/Jun/2014:12:34:55 -0400] "GET /templates/cnlp_neu/css/cnlp_neu.css HTTP/1.1" 200 7306 "http://www.chris-nlp-hall.com/nlp-workshops-and-trainings/calendar" "Mozilla/5.0 (en-us) AppleWebKit/537.36 (KHTML, like Gecko; Google PP Default) Chrome/27.0.1453 Safari/537.36"
66.249.88.105 - - [20/Jun/2014:12:34:55 -0400] "GET //components/com_cnlp_workshops/css/cnlp_ws_home.png HTTP/1.1" 200 1991 "http://www.chris-nlp-hall.com/nlp-workshops-and-trainings/calendar" "Mozilla/5.0 (en-us) AppleWebKit/537.36 (KHTML, like Gecko; Google PP Default) Chrome/27.0.1453 Safari/537.36"
46.105.105.227 - - [20/Jun/2014:12:47:29 -0400] "GET /the-society-of-nlp HTTP/1.1" 200 12332 "-" "Mozilla/5.0 (Windows NT 5.1; rv:15.0) Gecko/20120909 Firefox/15.0.1 SeaMonkey/2.12.1"
82.80.154.166 - - [20/Jun/2014:03:36:07 -0400] "GET /images/slides/welcome//20140510_JP_group1.jpg?1403249765004 HTTP/1.1" 200 208929 "http://www.chris-nlp-hall.com/" "Mozilla/5.0 (Windows NT 6.2; WOW64; rv:30.0) Gecko/20100101 Firefox/30.0"
92.153.241.78 - - [20/Jun/2014:03:45:50 -0400] "GET /templates/cnlp_neu/images/px_transparent_60.png HTTP/1.1" 200 116 "http://www.chris-nlp-hall.com/" "Mozilla/5.0 (iPad; CPU OS 7_1_1 like Mac OS X) AppleWebKit/537.51.2 (KHTML, like Gecko) Version/7.0 Mobile/11D201 Safari/9537.53"
92.153.241.78 - - [20/Jun/2014:03:45:50 -0400] "GET /modules/mod_slideshowck/themes/default/images/camera_skins.png HTTP/1.1" 200 24198 "http://www.chris-nlp-hall.com/" "Mozilla/5.0 (iPad; CPU OS 7_1_1 like Mac OS X) AppleWebKit/537.51.2 (KHTML, like Gecko) Version/7.0 Mobile/11D201 Safari/9537.53"
78.88.85.97 - - [20/Jun/2014:04:24:20 -0400] "GET /media/system/js/mootools-core.js HTTP/1.1" 200 96362 "http://www.chris-nlp-hall.com/" "Mozilla/5.0 (Windows NT 6.3; rv:30.0) Gecko/20100101 Firefox/30.0"
78.88.85.97 - - [20/Jun/2014:04:24:21 -0400] "GET /templates/cnlp_neu/images/px_transparent_60.png HTTP/1.1" 200 116 "http://www.chris-nlp-hall.com/templates/cnlp_neu/css/cnlp_neu.css" "Mozilla/5.0 (Windows NT 6.3; rv:30.0) Gecko/20100101 Firefox/30.0"
78.88.85.97 - - [20/Jun/2014:04:26:51 -0400] "GET /images/slides/welcome//20120417_UK_group.jpg?1403252809519 HTTP/1.1" 200 137212 "http://www.chris-nlp-hall.com/" "Mozilla/5.0 (Windows NT 6.3; rv:30.0) Gecko/20100101 Firefox/30.0"
78.88.85.97 - - [20/Jun/2014:04:26:53 -0400] "GET /images/slides/welcome//20120702_FR_group.jpg?1403252812049 HTTP/1.1" 200 164957 "http://www.chris-nlp-hall.com/" "Mozilla/5.0 (Windows NT 6.3; rv:30.0) Gecko/20100101 Firefox/30.0"
78.88.85.97 - - [20/Jun/2014:04:26:56 -0400] "GET /images/slides/welcome//20130612_UK_group.jpg?1403252814570 HTTP/1.1" 200 211793 "http://www.chris-nlp-hall.com/" "Mozilla/5.0 (Windows NT 6.3; rv:30.0) Gecko/20100101 Firefox/30.0"
78.88.85.97 - - [20/Jun/2014:04:26:59 -0400] "GET /images/slides/welcome//20130926_PL_Chris2.jpg?1403252817248 HTTP/1.1" 200 114982 "http://www.chris-nlp-hall.com/" "Mozilla/5.0 (Windows NT 6.3; rv:30.0) Gecko/20100101 Firefox/30.0"
78.88.85.97 - - [20/Jun/2014:04:27:01 -0400] "GET /images/slides/welcome//20111015_JP_group.jpg?1403252819856 HTTP/1.1" 200 226921 "http://www.chris-nlp-hall.com/" "Mozilla/5.0 (Windows NT 6.3; rv:30.0) Gecko/20100101 Firefox/30.0"
98.224.218.6 - - [20/Jun/2014:04:27:04 -0400] "GET /images/slides/welcome//20140301_JP_group.png?1403140959817 HTTP/1.1" 304 - "http://www.chris-nlp-hall.com/index.php?p=37" "Mozilla/5.0 (X11; Linux x86_64) AppleWebKit/537.36 (KHTML, like Gecko) Ubuntu Chromium/34.0.1847.116 Chrome/34.0.1847.116 Safari/537.36"
84.94.178.105 - - [20/Jun/2014:04:35:17 -0400] "GET /nlp-workshops-and-trainings HTTP/1.1" 200 4222 "http://www.chris-nlp-hall.com/nlp-product-boutique/nlp-audiobook-language-christina-hall" "Mozilla/5.0 (Windows NT 6.2; WOW64; rv:30.0) Gecko/20100101 Firefox/30.0"
84.94.178.105 - - [20/Jun/2014:04:35:18 -0400] "GET /templates/cnlp_neu/css/cnlp_neu.css HTTP/1.1" 304 - "http://www.chris-nlp-hall.com/nlp-workshops-and-trainings" "Mozilla/5.0 (Windows NT 6.2; WOW64; rv:30.0) Gecko/20100101 Firefox/30.0"
84.94.178.105 - - [20/Jun/2014:04:51:42 -0400] "GET /images/slides/welcome//20021001_CH_group.jpg?1403254300639 HTTP/1.1" 200 190889 "http://www.chris-nlp-hall.com/" "Mozilla/5.0 (Windows NT 6.2; WOW64; rv:30.0) Gecko/20100101 Firefox/30.0"
84.94.178.105 - - [20/Jun/2014:05:04:51 -0400] "GET /media/system/js/mootools-core.js HTTP/1.1" 200 96362 "http://www.chris-nlp-hall.com/" "Mozilla/5.0 (Windows NT 6.2; WOW64) AppleWebKit/537.36 (KHTML, like Gecko) Chrome/35.0.1916.153 Safari/537.36"
178.192.198.81 - - [20/Jun/2014:06:03:13 -0400] "GET / HTTP/1.1" 200 4766 "-" "Mozilla/5.0 (Macintosh; Intel Mac OS X 10_9_3) AppleWebKit/537.76.4 (KHTML, like Gecko) Version/7.0.4 Safari/537.76.4"
84.94.178.105 - - [20/Jun/2014:06:04:26 -0400] "GET /administrator/components/com_quicksell/images/css_buttons/0001/style.css HTTP/1.1" 200 860 "http://www.chris-nlp-hall.com/nlp-product-boutique/nlp-audiobook-language-christina-hall" "Mozilla/5.0 (Windows NT 6.2; WOW64) AppleWebKit/537.36 (KHTML, like Gecko) Chrome/35.0.1916.153 Safari/537.36"
208.115.111.66 - - [20/Jun/2014:15:45:02 -0400] "GET /robots.txt HTTP/1.1" 200 846 "-" "Mozilla/5.0 (compatible; DotBot/1.1; http://www.opensiteexplorer.org/dotbot, help@moz.com)"
68.180.224.233 - - [20/Jun/2014:15:57:15 -0400] "GET /the-society-of-nlp/nlp-trainers-certified-by-christina-hall HTTP/1.1" 200 38726 "-" "Mozilla/5.0 (compatible; Yahoo! Slurp; http://help.yahoo.com/help/us/ysearch/slurp)"
188.174.7.95 - - [20/Jun/2014:19:25:45 -0400] "GET /images/slides/chris//IMG_3441.jpg?1403306745700 HTTP/1.1" 200 71475 "http://www.chris-nlp-hall.com/profile-christina-hall-phd-nlp-meta-master-trainer" "Mozilla/5.0 (Macintosh; Intel Mac OS X 10_9_3) AppleWebKit/537.76.4 (KHTML, like Gecko) Version/7.0.4 Safari/537.76.4"
50.243.130.138 - - [20/Jun/2014:20:21:28 -0400] "GET /nlp-infinity-forum HTTP/1.1" 200 8529 "-" "Mozilla/4.0 (compatible; MSIE 8.0; Win32)"
50.243.130.138 - - [20/Jun/2014:20:21:29 -0400] "GET /nlp-workshops-and-trainings HTTP/1.1" 200 14666 "-" "Mozilla/4.0 (compatible; MSIE 8.0; Win32)"
50.243.130.138 - - [20/Jun/2014:20:21:31 -0400] "GET /the-society-of-nlp HTTP/1.1" 200 12332 "-" "Mozilla/4.0 (compatible; MSIE 8.0; Win32)"
50.243.130.138 - - [20/Jun/2014:20:21:31 -0400] "GET /nlp-product-boutique HTTP/1.1" 200 10432 "-" "Mozilla/4.0 (compatible; MSIE 8.0; Win32)"
50.243.130.138 - - [20/Jun/2014:20:21:32 -0400] "GET /profile-christina-hall-phd-nlp-meta-master-trainer HTTP/1.1" 200 13381 "-" "Mozilla/4.0 (compatible; MSIE 8.0; Win32)"
50.243.130.138 - - [20/Jun/2014:20:21:34 -0400] "GET /the-society-of-nlp/tel:04%2067%2099%2005%2029 HTTP/1.1" 404 1402 "-" "Mozilla/4.0 (compatible; MSIE 8.0; Win32)"
50.243.130.138 - - [20/Jun/2014:20:21:35 -0400] "GET /the-society-of-nlp/tel:+33%20327%2065%2029%2053 HTTP/1.1" 404 1402 "-" "Mozilla/4.0 (compatible; MSIE 8.0; Win32)"
50.243.130.138 - - [20/Jun/2014:20:21:35 -0400] "GET /the-society-of-nlp/tel:0614%20236221 HTTP/1.1" 404 1402 "-" "Mozilla/4.0 (compatible; MSIE 8.0; Win32)"
50.243.130.138 - - [20/Jun/2014:20:21:36 -0400] "GET /the-society-of-nlp/tel:+49-7641-92%2041-0 HTTP/1.1" 404 1402 "-" "Mozilla/4.0 (compatible; MSIE 8.0; Win32)"
50.243.130.138 - - [20/Jun/2014:20:21:38 -0400] "GET /the-society-of-nlp/tel:(0%2060%2039)%2092%2066%2046 HTTP/1.1" 404 1402 "-" "Mozilla/4.0 (compatible; MSIE 8.0; Win32)"
50.243.130.138 - - [20/Jun/2014:20:21:40 -0400] "GET /the-society-of-nlp/tel:08139%208019950 HTTP/1.1" 404 1402 "-" "Mozilla/4.0 (compatible; MSIE 8.0; Win32)"
50.243.130.138 - - [20/Jun/2014:20:21:40 -0400] "GET /the-society-of-nlp/tel:03-6304-2301 HTTP/1.1" 404 1402 "-" "Mozilla/4.0 (compatible; MSIE 8.0; Win32)"
50.243.130.138 - - [20/Jun/2014:20:21:43 -0400] "GET /the-society-of-nlp/tel:+81-3-5373+3619 HTTP/1.1" 404 1402 "-" "Mozilla/4.0 (compatible; MSIE 8.0; Win32)"
50.243.130.138 - - [20/Jun/2014:20:21:44 -0400] "GET /the-society-of-nlp/tel:080-4807-3595 HTTP/1.1" 404 1402 "-" "Mozilla/4.0 (compatible; MSIE 8.0; Win32)"
50.243.130.138 - - [20/Jun/2014:20:21:45 -0400] "GET /the-society-of-nlp/tel:+48%2042%20684%2080%2067 HTTP/1.1" 404 1402 "-" "Mozilla/4.0 (compatible; MSIE 8.0; Win32)"
50.243.130.138 - - [20/Jun/2014:20:21:47 -0400] "GET /the-society-of-nlp/tel:+41%2052%20238%2018%2010 HTTP/1.1" 404 1402 "-" "Mozilla/4.0 (compatible; MSIE 8.0; Win32)"
98.224.218.6 - - [20/Jun/2014:20:55:42 -0400] "GET /images/slides/welcome//20090903_UK_Tony.jpg?1403141872815 HTTP/1.1" 304 - "http://www.chris-nlp-hall.com/index.php?p=37" "Mozilla/5.0 (X11; Linux x86_64) AppleWebKit/537.36 (KHTML, like Gecko) Ubuntu Chromium/34.0.1847.116 Chrome/34.0.1847.116 Safari/537.36"
41.189.48.82 - - [20/Jun/2014:23:20:12 -0400] "GET /images/trainers/flags/France.png HTTP/1.1" 200 637 "http://www.chris-nlp-hall.com/the-society-of-nlp/nlp-trainers-certified-by-christina-hall" "Mozilla/5.0 (Windows NT 5.1; rv:30.0) Gecko/20100101 Firefox/30.0"
41.189.48.82 - - [20/Jun/2014:23:20:12 -0400] "GET /images/trainers/photos/ctl_guittonny_florence.jpg HTTP/1.1" 200 23578 "http://www.chris-nlp-hall.com/the-society-of-nlp/nlp-trainers-certified-by-christina-hall" "Mozilla/5.0 (Windows NT 5.1; rv:30.0) Gecko/20100101 Firefox/30.0"
41.189.48.82 - - [20/Jun/2014:23:20:13 -0400] "GET /images/trainers/photos/ctl_poupard_200.jpg HTTP/1.1" 200 47561 "http://www.chris-nlp-hall.com/the-society-of-nlp/nlp-trainers-certified-by-christina-hall" "Mozilla/5.0 (Windows NT 5.1; rv:30.0) Gecko/20100101 Firefox/30.0"
41.189.48.82 - - [20/Jun/2014:23:20:13 -0400] "GET /images/trainers/photos/ctl_vanhoorn_200.jpg HTTP/1.1" 200 46536 "http://www.chris-nlp-hall.com/the-society-of-nlp/nlp-trainers-certified-by-christina-hall" "Mozilla/5.0 (Windows NT 5.1; rv:30.0) Gecko/20100101 Firefox/30.0"
199.115.117.243 - - [20/Jun/2014:09:58:12 -0400] "GET /images/trainers/photos/ctl_roy_200.jpg HTTP/1.1" 200 32328 "http://www.chris-nlp-hall.com/the-society-of-nlp/nlp-trainers-certified-by-christina-hall" "Mozilla/5.0 (Windows NT 6.1; WOW64; rv:29.0) Gecko/20100101 Firefox/29.0"
199.115.117.243 - - [20/Jun/2014:09:58:26 -0400] "GET /images/trainers/photos/ctl_stul_200.jpg HTTP/1.1" 200 47392 "http://www.chris-nlp-hall.com/the-society-of-nlp/nlp-trainers-certified-by-christina-hall" "Mozilla/5.0 (Windows NT 6.1; WOW64; rv:29.0) Gecko/20100101 Firefox/29.0"
188.174.7.95 - - [20/Jun/2014:10:39:36 -0400] "GET /media/system/css/modal.css HTTP/1.1" 304 - "http://www.chris-nlp-hall.com/" "Mozilla/5.0 (Macintosh; Intel Mac OS X 10_9_3) AppleWebKit/537.76.4 (KHTML, like Gecko) Version/7.0.4 Safari/537.76.4"
188.174.7.95 - - [20/Jun/2014:10:39:36 -0400] "GET /modules/mod_slideshowck/assets/jquery.mobile.customized.min.js HTTP/1.1" 304 - "http://www.chris-nlp-hall.com/" "Mozilla/5.0 (Macintosh; Intel Mac OS X 10_9_3) AppleWebKit/537.76.4 (KHTML, like Gecko) Version/7.0.4 Safari/537.76.4"
188.174.7.95 - - [20/Jun/2014:10:39:37 -0400] "GET /templates/cnlp_neu/images/px_transparent_50.png HTTP/1.1" 304 - "http://www.chris-nlp-hall.com/" "Mozilla/5.0 (Macintosh; Intel Mac OS X 10_9_3) AppleWebKit/537.76.4 (KHTML, like Gecko) Version/7.0.4 Safari/537.76.4"
