208.115.113.83 - - [20/Jun/2014:19:21:44 -0400] "GET / HTTP/1.1" 301 238 "-" "Mozilla/5.0 (compatible; DotBot/1.1; http://www.opensiteexplorer.org/dotbot, help@moz.com)"
98.224.218.6 - - [20/Jun/2014:20:10:04 -0400] "GET /images/slides/welcome//20111015_JP_group.jpg?1403140670829 HTTP/1.1" 304 - "http://www.chris-nlp-hall.com/index.php?p=37" "Mozilla/5.0 (X11; Linux x86_64) AppleWebKit/537.36 (KHTML, like Gecko) Ubuntu Chromium/34.0.1847.116 Chrome/34.0.1847.116 Safari/537.36"
41.189.48.82 - - [20/Jun/2014:23:20:21 -0400] "GET /images/trainers/photos/ctl_suzuki_shinichi.jpg HTTP/1.1" 200 2328 "http://www.chris-nlp-hall.com/the-society-of-nlp/nlp-trainers-certified-by-christina-hall" "Mozilla/5.0 (Windows NT 5.1; rv:30.0) Gecko/20100101 Firefox/30.0"
41.189.48.82 - - [20/Jun/2014:23:20:22 -0400] "GET /images/trainers/photos/ctl_matsuda_noriko.jpg HTTP/1.1" 200 2049 "http://www.chris-nlp-hall.com/the-society-of-nlp/nlp-trainers-certified-by-christina-hall" "Mozilla/5.0 (Windows NT 5.1; rv:30.0) Gecko/20100101 Firefox/30.0"
41.189.48.82 - - [20/Jun/2014:23:20:22 -0400] "GET /images/trainers/photos/ctl_sugihara_tadashi.jpg HTTP/1.1" 200 10895 "http://www.chris-nlp-hall.com/the-society-of-nlp/nlp-trainers-certified-by-christina-hall" "Mozilla/5.0 (Windows NT 5.1; rv:30.0) Gecko/20100101 Firefox/30.0"
98.224.218.6 - - [20/Jun/2014:09:05:39 -0400] "GET /images/slides/welcome//20120729_JP_group.jpg?1403140766817 HTTP/1.1" 304 - "http://www.chris-nlp-hall.com/index.php?p=37" "Mozilla/5.0 (X11; Linux x86_64) AppleWebKit/537.36 (KHTML, like Gecko) Ubuntu Chromium/34.0.1847.116 Chrome/34.0.1847.116 Safari/537.36"
188.174.7.95 - - [20/Jun/2014:10:39:19 -0400] "GET /images/slides/welcome//20140510_JP_group1.jpg?1403275158321 HTTP/1.1" 200 208929 "http://www.chris-nlp-hall.com/" "Mozilla/5.0 (Macintosh; Intel Mac OS X 10_9_3) AppleWebKit/537.76.4 (KHTML, like Gecko) Version/7.0.4 Safari/537.76.4"
218.30.103.65 - - [20/Jun/2014:10:43:41 -0400] "GET /index.php?p=63 HTTP/1.1" 301 297 "-" "Sogou web spider/4.0(+http://www.sogou.com/docs/help/webmasters.htm#07)"
188.174.7.95 - - [20/Jun/2014:10:45:24 -0400] "GET /images/slides/welcome//20120417_UK_group.jpg?1403275523241 HTTP/1.1" 200 137212 "http://www.chris-nlp-hall.com/" "Mozilla/5.0 (Macintosh; Intel Mac OS X 10_9_3) AppleWebKit/537.76.4 (KHTML, like Gecko) Version/7.0.4 Safari/537.76.4"
188.174.7.95 - - [20/Jun/2014:10:52:33 -0400] "GET /administrator/components/com_quicksell/css/tipTip.css HTTP/1.1" 200 2656 "http://www.chris-nlp-hall.com/administrator/index.php?option=com_quicksell" "Mozilla/5.0 (Macintosh; Intel Mac OS X 10_9_3) AppleWebKit/537.76.4 (KHTML, like Gecko) Version/7.0.4 Safari/537.76.4"
188.174.7.95 - - [20/Jun/2014:10:52:34 -0400] "GET /administrator/components/com_quicksell/images/clouds.png HTTP/1.1" 200 33055 "http://www.chris-nlp-hall.com/administrator/index.php?option=com_quicksell" "Mozilla/5.0 (Macintosh; Intel Mac OS X 10_9_3) AppleWebKit/537.76.4 (KHTML, like Gecko) Version/7.0.4 Safari/537.76.4"
41.206.12.35 - - [20/Jun/2014:12:18:24 -0400] "GET /images/trainers/photos/ctl_stageman_200.jpg HTTP/1.1" 200 12464 "http://www.chris-nlp-hall.com/the-society-of-nlp/nlp-trainers-certified-by-christina-hall" "Mozilla/5.0 (Windows NT 6.1; rv:29.0) Gecko/20100101 Firefox/29.0"
41.206.12.35 - - [20/Jun/2014:12:18:37 -0400] "GET /images/trainers/photos/ctl_blumenthal_200.jpg HTTP/1.1" 200 54300 "http://www.chris-nlp-hall.com/the-society-of-nlp/nlp-trainers-certified-by-christina-hall" "Mozilla/5.0 (Windows NT 6.1; rv:29.0) Gecko/20100101 Firefox/29.0"
66.249.64.32 - - [20/Jun/2014:12:22:03 -0400] "GET /sitemap.xml HTTP/1.1" 200 953 "-" "Mozilla/5.0 (compatible; Googlebot/2.1; +http://www.google.com/bot.html)"
66.249.81.154 - - [20/Jun/2014:12:30:09 -0400] "GET /modules/mod_slideshowck/assets/camera.min.js HTTP/1.1" 200 40612 "http://www.chris-nlp-hall.com/index.php?p=37" "Mozilla/5.0 (X11; Linux x86_64) AppleWebKit/537.36 (KHTML, like Gecko; Google Web Preview) Chrome/27.0.1453 Safari/537.36"
81.2.67.162 - - [20/Jun/2014:12:51:31 -0400] "GET /media/system/js/mootools-core.js HTTP/1.1" 200 96362 "http://www.chris-nlp-hall.com/" "Mozilla/5.0 (Windows NT 6.3; WOW64) AppleWebKit/537.36 (KHTML, like Gecko) Chrome/35.0.1916.153 Safari/537.36"
66.249.73.201 - - [20/Jun/2014:00:42:10 -0400] "GET /images/trainers/photos/ctl_ohe_akiko.jpg HTTP/1.1" 200 17766 "-" "Googlebot-Image/1.0"
65.55.215.38 - - [20/Jun/2014:01:04:00 -0400] "GET /galleries/images/ctl_faust_artur.jpg HTTP/1.1" 404 575 "-" "msnbot-media/1.1 (+http://search.msn.com/msnbot.htm)"
193.203.49.46 - - [20/Jun/2014:01:35:51 -0400] "GET /index.php?p=42 HTTP/1.1" 301 275 "-" "Mozilla/4.0 (compatible; Synapse)"
61.135.190.100 - - [20/Jun/2014:02:05:17 -0400] "GET / HTTP/1.1" 200 4767 "http://www.baidu.com/s?wd=TheNLPConnection-ChristinaHall%2CPh.D.-Welcome" "Mozilla/5.0 (Windows; U; Windows NT 5.1; zh-CN; rv:1.9.2.15) Gecko/20110303 Firefox/3.6.15"
61.135.190.100 - - [20/Jun/2014:02:05:21 -0400] "GET /media/system/js/core.js HTTP/1.1" 200 4784 "http://www.chris-nlp-hall.com/" "Mozilla/5.0 (Windows; U; Windows NT 5.1; zh-CN; rv:1.9.2.15) Gecko/20110303 Firefox/3.6.15"
61.135.190.100 - - [20/Jun/2014:02:05:22 -0400] "GET /media/system/js/mootools-more.js HTTP/1.1" 200 238331 "http://www.chris-nlp-hall.com/" "Mozilla/5.0 (Windows; U; Windows NT 5.1; zh-CN; rv:1.9.2.15) Gecko/20110303 Firefox/3.6.15"
61.135.190.100 - - [20/Jun/2014:02:05:23 -0400] "GET /modules/mod_slideshowck/assets/jquery.min.js HTTP/1.1" 200 93888 "http://www.chris-nlp-hall.com/" "Mozilla/5.0 (Windows; U; Windows NT 5.1; zh-CN; rv:1.9.2.15) Gecko/20110303 Firefox/3.6.15"
61.135.190.100 - - [20/Jun/2014:02:05:24 -0400] "GET /modules/mod_slideshowck/assets/jquery.mobile.customized.min.js HTTP/1.1" 200 17519 "http://www.chris-nlp-hall.com/" "Mozilla/5.0 (Windows; U; Windows NT 5.1; zh-CN; rv:1.9.2.15) Gecko/20110303 Firefox/3.6.15"
199.30.20.7 - - [20/Jun/2014:03:03:27 -0400] "GET /robots.txt HTTP/1.1" 200 846 "-" "msnbot-media/1.1 (+http://search.msn.com/msnbot.htm)"
84.94.178.105 - - [20/Jun/2014:04:02:35 -0400] "GET /nlp-workshops-and-trainings/calendar HTTP/1.1" 200 3348 "http://www.chris-nlp-hall.com/nlp-workshops-and-trainings" "Mozilla/5.0 (Windows NT 6.2; WOW64; rv:30.0) Gecko/20100101 Firefox/30.0"
84.94.178.105 - - [20/Jun/2014:04:02:37 -0400] "GET /images/workshops/sponsors/logo_gilles_roy.jpg HTTP/1.1" 200 11144 "http://www.chris-nlp-hall.com/nlp-workshops-and-trainings/calendar" "Mozilla/5.0 (Windows NT 6.2; WOW64; rv:30.0) Gecko/20100101 Firefox/30.0"
84.94.178.105 - - [20/Jun/2014:04:07:01 -0400] "GET /profile-christina-hall-phd-nlp-meta-master-trainer HTTP/1.1" 200 3764 "http://www.chris-nlp-hall.com/the-society-of-nlp/nlp-trainers-certified-by-christina-hall" "Mozilla/5.0 (Windows NT 6.2; WOW64; rv:30.0) Gecko/20100101 Firefox/30.0"
84.94.178.105 - - [20/Jun/2014:04:07:05 -0400] "GET /images/slides/chris//00_DSCN1114.png?1403251623282 HTTP/1.1" 200 910571 "http://www.chris-nlp-hall.com/profile-christina-hall-phd-nlp-meta-master-trainer" "Mozilla/5.0 (Windows NT 6.2; WOW64; rv:30.0) Gecko/20100101 Firefox/30.0"
84.94.178.105 - - [20/Jun/2014:04:07:08 -0400] "GET /images/slides/chris//DSCN0707.jpg?1403251626293 HTTP/1.1" 200 455374 "http://www.chris-nlp-hall.com/profile-christina-hall-phd-nlp-meta-master-trainer" "Mozilla/5.0 (Windows NT 6.2; WOW64; rv:30.0) Gecko/20100101 Firefox/30.0"
78.88.85.97 - - [20/Jun/2014:04:24:43 -0400] "GET /images/slides/welcome//20140601_PL_chris1.jpg?1403252681293 HTTP/1.1" 200 146368 "http://www.chris-nlp-hall.com/" "Mozilla/5.0 (Windows NT 6.3; rv:30.0) Gecko/20100101 Firefox/30.0"
178.192.198.81 - - [20/Jun/2014:05:14:39 -0400] "GET /images/workshops/sponsors/umami.png HTTP/1.1" 200 670 "http://www.chris-nlp-hall.com/nlp-workshops-and-trainings/calendar" "Mozilla/5.0 (Macintosh; Intel Mac OS X 10_9_3) AppleWebKit/537.76.4 (KHTML, like Gecko) Version/7.0.4 Safari/537.76.4"
84.94.178.105 - - [20/Jun/2014:05:17:29 -0400] "GET /profile-christina-hall-phd-nlp-meta-master-trainer HTTP/1.1" 200 3764 "http://www.chris-nlp-hall.com/nlp-product-boutique" "Mozilla/5.0 (Windows NT 6.2; WOW64) AppleWebKit/537.36 (KHTML, like Gecko) Chrome/35.0.1916.153 Safari/537.36"
84.94.178.105 - - [20/Jun/2014:05:17:32 -0400] "GET /images/slides/chris//00_DSCN1114.png?1403255850655 HTTP/1.1" 200 910571 "http://www.chris-nlp-hall.com/profile-christina-hall-phd-nlp-meta-master-trainer" "Mozilla/5.0 (Windows NT 6.2; WOW64) AppleWebKit/537.36 (KHTML, like Gecko) Chrome/35.0.1916.153 Safari/537.36"
84.94.178.105 - - [20/Jun/2014:05:17:35 -0400] "GET /images/slides/chris//DSCN0707.jpg?1403255853877 HTTP/1.1" 200 455374 "http://www.chris-nlp-hall.com/profile-christina-hall-phd-nlp-meta-master-trainer" "Mozilla/5.0 (Windows NT 6.2; WOW64) AppleWebKit/537.36 (KHTML, like Gecko) Chrome/35.0.1916.153 Safari/537.36"
92.153.241.78 - - [20/Jun/2014:05:32:15 -0400] "GET /templates/cnlp_neu/images/px_transparent_50.png HTTP/1.1" 200 112 "http://www.chris-nlp-hall.com/nlp-workshops-and-trainings/calendar" "Mozilla/5.0 (iPad; CPU OS 7_1_1 like Mac OS X) AppleWebKit/537.51.2 (KHTML, like Gecko) Version/7.0 Mobile/11D201 Safari/9537.53"
46.54.241.226 - - [20/Jun/2014:06:54:21 -0400] "GET /templates/cnlp_neu/images/px_transparent_50.png HTTP/1.1" 200 112 "http://translate.googleusercontent.com/translate_c?depth=1&hl=sl&prev=/search%3Fq%3Dnlp%2Bslovenia%26start%3D30%26client%3Dtablet-android-philips%26sa%3DN%26noj%3D1%26biw%3D1024%26hl%3Dsl-SI%26source%3Dandroid-launcher-search%26bih%3D527&rurl=translate.google.si&sl=en&u=http://www.chris-nlp-hall.com/the-society-of-nlp&usg=ALkJrhhVPHOT1Cn1qEx0uvo_sAHGmazJGQ" "Mozilla/5.0 (Linux; U; Android 4.1.1; sl-si; Build/PI3100.00.00.24) AppleWebKit/534.30 (KHTML, like Gecko) Version/4.0 Safari/534.30"
213.57.142.187 - - [20/Jun/2014:14:13:07 -0400] "GET /images/slides/welcome//lotus_001.jpg?1403287959053 HTTP/1.1" 200 116874 "http://www.chris-nlp-hall.com/" "Mozilla/5.0 (Windows NT 5.1) AppleWebKit/537.36 (KHTML, like Gecko) Chrome/35.0.1916.153 Safari/537.36"
213.57.142.187 - - [20/Jun/2014:14:13:10 -0400] "GET /images/slides/welcome//20130926_PL_Chris.jpg?1403287962078 HTTP/1.1" 200 110846 "http://www.chris-nlp-hall.com/" "Mozilla/5.0 (Windows NT 5.1) AppleWebKit/537.36 (KHTML, like Gecko) Chrome/35.0.1916.153 Safari/537.36"
213.57.142.187 - - [20/Jun/2014:14:13:12 -0400] "GET /images/slides/welcome//20130926_PL_Chris2.jpg?1403287963696 HTTP/1.1" 200 114982 "http://www.chris-nlp-hall.com/" "Mozilla/5.0 (Windows NT 5.1) AppleWebKit/537.36 (KHTML, like Gecko) Chrome/35.0.1916.153 Safari/537.36"
213.57.142.187 - - [20/Jun/2014:14:13:13 -0400] "GET /images/slides/welcome//20110623_JP_Chris4.jpg?1403287965429 HTTP/1.1" 200 105317 "http://www.chris-nlp-hall.com/" "Mozilla/5.0 (Windows NT 5.1) AppleWebKit/537.36 (KHTML, like Gecko) Chrome/35.0.1916.153 Safari/537.36"
213.57.142.187 - - [20/Jun/2014:14:13:15 -0400] "GET /images/slides/welcome//20120729_JP_group.jpg?1403287967108 HTTP/1.1" 200 198051 "http://www.chris-nlp-hall.com/" "Mozilla/5.0 (Windows NT 5.1) AppleWebKit/537.36 (KHTML, like Gecko) Chrome/35.0.1916.153 Safari/537.36"
213.57.142.187 - - [20/Jun/2014:14:13:17 -0400] "GET /images/slides/welcome//20130503_JP_group.jpg?1403287969103 HTTP/1.1" 200 174970 "http://www.chris-nlp-hall.com/" "Mozilla/5.0 (Windows NT 5.1) AppleWebKit/537.36 (KHTML, like Gecko) Chrome/35.0.1916.153 Safari/537.36"
213.57.142.187 - - [20/Jun/2014:14:13:19 -0400] "GET /images/slides/welcome//20110623_JP_Chris.jpg?1403287971292 HTTP/1.1" 200 190545 "http://www.chris-nlp-hall.com/" "Mozilla/5.0 (Windows NT 5.1) AppleWebKit/537.36 (KHTML, like Gecko) Chrome/35.0.1916.153 Safari/537.36"
213.57.142.187 - - [20/Jun/2014:14:13:21 -0400] "GET /images/slides/welcome//20110212_UK_group.jpg?1403287973326 HTTP/1.1" 200 190204 "http://www.chris-nlp-hall.com/" "Mozilla/5.0 (Windows NT 5.1) AppleWebKit/537.36 (KHTML, like Gecko) Chrome/35.0.1916.153 Safari/537.36"
188.174.7.95 - - [20/Jun/2014:17:05:19 -0400] "GET /images/publications/heart_large.jpg HTTP/1.1" 304 - "http://www.chris-nlp-hall.com/nlp-articles-and-videos" "Mozilla/5.0 (Macintosh; Intel Mac OS X 10_9_3) AppleWebKit/537.76.4 (KHTML, like Gecko) Version/7.0.4 Safari/537.76.4"
66.249.81.154 - - [20/Jun/2014:18:09:58 -0400] "GET /nlp-product-boutique/nlp-audiobook-language-christina-hall HTTP/1.1" 200 10171 "-" "Mozilla/5.0 (compatible; X11; Linux x86_64; Google-StructuredDataTestingTool; +http://www.google.com/webmasters/tools/richsnippets)"
193.111.141.54 - - [20/Jun/2014:18:25:52 -0400] "GET /the-society-of-nlp/nlp-trainers-certified-by-christina-hall HTTP/1.1" 200 142500 "-" "Mozilla/5.0 (Windows NT 6.1; WOW64; rv:21.0) Gecko/20130330 Firefox/21.0"
98.224.218.6 - - [20/Jun/2014:20:17:17 -0400] "GET /images/slides/welcome//20131020_UK_group.jpg?1403141103817 HTTP/1.1" 304 - "http://www.chris-nlp-hall.com/index.php?p=37" "Mozilla/5.0 (X11; Linux x86_64) AppleWebKit/537.36 (KHTML, like Gecko) Ubuntu Chromium/34.0.1847.116 Chrome/34.0.1847.116 Safari/537.36"
93.186.202.197 - - [20/Jun/2014:20:50:30 -0400] "GET /the-society-of-nlp/nlp-trainers-certified-by-christina-hall HTTP/1.1" 200 142500 "-" "Mozilla/5.0 (Windows NT 5.1) AppleWebKit/537.36 (KHTML, like Gecko) Chrome/27.0.1453.93 Safari/537.36"
192.95.30.211 - - [20/Jun/2014:08:24:00 -0400] "GET /robots.txt HTTP/1.1" 200 846 "-" "Mozilla/5.0 (compatible; meanpathbot/1.0; +http://www.meanpath.com/meanpathbot.html)"
192.95.30.211 - - [20/Jun/2014:08:24:00 -0400] "GET / HTTP/1.1" 200 4766 "-" "Mozilla/5.0 (compatible; meanpathbot/1.0; +http://www.meanpath.com/meanpathbot.html)"
199.115.117.243 - - [20/Jun/2014:09:58:40 -0400] "GET /images/trainers/photos/ctl_kerry_lynne.jpg HTTP/1.1" 200 2846 "http://www.chris-nlp-hall.com/the-society-of-nlp/nlp-trainers-certified-by-christina-hall" "Mozilla/5.0 (Windows NT 6.1; WOW64; rv:29.0) Gecko/20100101 Firefox/29.0"
199.115.117.243 - - [20/Jun/2014:09:58:41 -0400] "GET /images/trainers/photos/ctl_duffy_andrew.jpg HTTP/1.1" 200 3637 "http://www.chris-nlp-hall.com/the-society-of-nlp/nlp-trainers-certified-by-christina-hall" "Mozilla/5.0 (Windows NT 6.1; WOW64; rv:29.0) Gecko/20100101 Firefox/29.0"
188.174.7.95 - - [20/Jun/2014:10:39:32 -0400] "GET /images/slides/welcome//20130503_JP_group.jpg?1403275168762 HTTP/1.1" 200 174970 "http://www.chris-nlp-hall.com/" "Mozilla/5.0 (Macintosh; Intel Mac OS X 10_9_3) AppleWebKit/537.76.4 (KHTML, like Gecko) Version/7.0.4 Safari/537.76.4"
188.174.7.95 - - [20/Jun/2014:10:39:36 -0400] "GET / HTTP/1.1" 200 4776 "-" "Mozilla/5.0 (Macintosh; Intel Mac OS X 10_9_3) AppleWebKit/537.76.4 (KHTML, like Gecko) Version/7.0.4 Safari/537.76.4"
188.174.7.95 - - [20/Jun/2014:10:39:38 -0400] "GET /media/system/js/caption.js HTTP/1.1" 304 - "http://www.chris-nlp-hall.com/" "Mozilla/5.0 (Macintosh; Intel Mac OS X 10_9_3) AppleWebKit/537.76.4 (KHTML, like Gecko) Version/7.0.4 Safari/537.76.4"
188.174.7.95 - - [20/Jun/2014:10:39:39 -0400] "GET /media/system/js/mootools-more.js HTTP/1.1" 304 - "http://www.chris-nlp-hall.com/" "Mozilla/5.0 (Macintosh; Intel Mac OS X 10_9_3) AppleWebKit/537.76.4 (KHTML, like Gecko) Version/7.0.4 Safari/537.76.4"
188.174.7.95 - - [20/Jun/2014:10:39:39 -0400] "GET /templates/cnlp_neu/css/cnlp_neu.css HTTP/1.1" 304 - "http://www.chris-nlp-hall.com/" "Mozilla/5.0 (Macintosh; Intel Mac OS X 10_9_3) AppleWebKit/537.76.4 (KHTML, like Gecko) Version/7.0.4 Safari/537.76.4"
188.174.7.95 - - [20/Jun/2014:10:39:39 -0400] "GET /templates/cnlp_neu/images/lotus_3_800.png HTTP/1.1" 304 - "http://www.chris-nlp-hall.com/" "Mozilla/5.0 (Macintosh; Intel Mac OS X 10_9_3) AppleWebKit/537.76.4 (KHTML, like Gecko) Version/7.0.4 Safari/537.76.4"
188.174.7.95 - - [20/Jun/2014:10:39:41 -0400] "GET /images/slides/welcome//20110623_JP_Chris2.jpg?1403275178336 HTTP/1.1" 200 111845 "http://www.chris-nlp-hall.com/" "Mozilla/5.0 (Macintosh; Intel Mac OS X 10_9_3) AppleWebKit/537.76.4 (KHTML, like Gecko) Version/7.0.4 Safari/537.76.4"
188.174.7.95 - - [20/Jun/2014:10:40:24 -0400] "GET /images/slides/welcome//20090903_UK_Tony.jpg?1403275220877 HTTP/1.1" 200 160304 "http://www.chris-nlp-hall.com/" "Mozilla/5.0 (Macintosh; Intel Mac OS X 10_9_3) AppleWebKit/537.76.4 (KHTML, like Gecko) Version/7.0.4 Safari/537.76.4"
218.30.103.65 - - [20/Jun/2014:10:44:00 -0400] "GET /the-society-of-nlp/nlp-trainers-certified-by-christina-hall HTTP/1.1" 200 38726 "-" "Sogou web spider/4.0(+http://www.sogou.com/docs/help/webmasters.htm#07)"
188.174.7.95 - - [20/Jun/2014:10:45:01 -0400] "GET /images/slides/welcome//20131020_UK_group.jpg?1403275497794 HTTP/1.1" 200 169376 "http://www.chris-nlp-hall.com/" "Mozilla/5.0 (Macintosh; Intel Mac OS X 10_9_3) AppleWebKit/537.76.4 (KHTML, like Gecko) Version/7.0.4 Safari/537.76.4"
188.174.7.95 - - [20/Jun/2014:10:51:28 -0400] "GET /the-society-of-nlp HTTP/1.1" 200 3415 "http://www.chris-nlp-hall.com/nlp-articles-and-videos/language-and-change-video-christina-hall" "Mozilla/5.0 (Macintosh; Intel Mac OS X 10_9_3) AppleWebKit/537.76.4 (KHTML, like Gecko) Version/7.0.4 Safari/537.76.4"
188.174.7.95 - - [20/Jun/2014:10:51:30 -0400] "GET /templates/cnlp_neu/css/cnlp_neu.css HTTP/1.1" 304 - "http://www.chris-nlp-hall.com/" "Mozilla/5.0 (Macintosh; Intel Mac OS X 10_9_3) AppleWebKit/537.76.4 (KHTML, like Gecko) Version/7.0.4 Safari/537.76.4"
188.174.7.95 - - [20/Jun/2014:10:51:33 -0400] "GET /nlp-product-boutique HTTP/1.1" 200 3113 "http://www.chris-nlp-hall.com/the-society-of-nlp" "Mozilla/5.0 (Macintosh; Intel Mac OS X 10_9_3) AppleWebKit/537.76.4 (KHTML, like Gecko) Version/7.0.4 Safari/537.76.4"
188.174.7.95 - - [20/Jun/2014:10:51:33 -0400] "GET /images/boutique/surprise-perspective.jpg HTTP/1.1" 304 - "http://www.chris-nlp-hall.com/nlp-product-boutique" "Mozilla/5.0 (Macintosh; Intel Mac OS X 10_9_3) AppleWebKit/537.76.4 (KHTML, like Gecko) Version/7.0.4 Safari/537.76.4"
188.174.7.95 - - [20/Jun/2014:10:51:36 -0400] "GET /profile-christina-hall-phd-nlp-meta-master-trainer HTTP/1.1" 200 3764 "http://www.chris-nlp-hall.com/nlp-product-boutique" "Mozilla/5.0 (Macintosh; Intel Mac OS X 10_9_3) AppleWebKit/537.76.4 (KHTML, like Gecko) Version/7.0.4 Safari/537.76.4"
188.174.7.95 - - [20/Jun/2014:10:51:37 -0400] "GET /images/slides/chris//00_DSCN1114.png?1403275893878 HTTP/1.1" 200 910571 "http://www.chris-nlp-hall.com/profile-christina-hall-phd-nlp-meta-master-trainer" "Mozilla/5.0 (Macintosh; Intel Mac OS X 10_9_3) AppleWebKit/537.76.4 (KHTML, like Gecko) Version/7.0.4 Safari/537.76.4"
188.174.7.95 - - [20/Jun/2014:10:51:46 -0400] "GET /images/slides/chris//DSCN0707.jpg?1403275903552 HTTP/1.1" 200 455374 "http://www.chris-nlp-hall.com/profile-christina-hall-phd-nlp-meta-master-trainer" "Mozilla/5.0 (Macintosh; Intel Mac OS X 10_9_3) AppleWebKit/537.76.4 (KHTML, like Gecko) Version/7.0.4 Safari/537.76.4"
148.251.69.136 - - [20/Jun/2014:10:55:53 -0400] "GET /galleries/images/ctl_schimpke_michael.jpg HTTP/1.1" 404 575 "-" "Mozilla/5.0 (Windows NT 6.2; rv:21.0) Gecko/20130326 Firefox/21.0"
66.249.64.32 - - [20/Jun/2014:12:31:05 -0400] "GET /robots.txt HTTP/1.1" 200 846 "-" "Mozilla/5.0 (compatible; Googlebot/2.1; +http://www.google.com/bot.html)"
66.249.64.32 - - [20/Jun/2014:12:31:05 -0400] "GET / HTTP/1.1" 200 4769 "-" "Mozilla/5.0 (compatible; Googlebot/2.1; +http://www.google.com/bot.html)"
81.2.67.162 - - [20/Jun/2014:12:57:40 -0400] "GET /nlp-workshops-and-trainings/nlp-master-training HTTP/1.1" 200 4395 "http://www.chris-nlp-hall.com/nlp-workshops-and-trainings" "Mozilla/5.0 (Windows NT 6.3; WOW64) AppleWebKit/537.36 (KHTML, like Gecko) Chrome/35.0.1916.153 Safari/537.36"
66.249.67.57 - - [20/Jun/2014:00:14:14 -0400] "GET /images/trainers/photos/ctl_gruenenfelder_200.jpg HTTP/1.1" 200 42152 "-" "Googlebot-Image/1.0"
82.80.154.166 - - [20/Jun/2014:03:35:15 -0400] "GET /images/slides/welcome//20140601_PL_group.jpg?1403249711205 HTTP/1.1" 200 175563 "http://www.chris-nlp-hall.com/" "Mozilla/5.0 (Windows NT 6.2; WOW64; rv:30.0) Gecko/20100101 Firefox/30.0"
82.80.154.166 - - [20/Jun/2014:03:36:14 -0400] "GET /images/slides/welcome//20140407_US_group.jpg?1403249770278 HTTP/1.1" 200 162461 "http://www.chris-nlp-hall.com/" "Mozilla/5.0 (Windows NT 6.2; WOW64; rv:30.0) Gecko/20100101 Firefox/30.0"
220.181.108.146 - - [20/Jun/2014:03:47:56 -0400] "GET /index.php?p=40 HTTP/1.1" 301 272 "-" "Mozilla/5.0 (compatible; Baiduspider/2.0; +http://www.baidu.com/search/spider.html)"
84.94.178.105 - - [20/Jun/2014:04:50:08 -0400] "GET /images/slides/welcome//20140510_JP_group1.jpg?1403254204520 HTTP/1.1" 200 208929 "http://www.chris-nlp-hall.com/" "Mozilla/5.0 (Windows NT 6.2; WOW64; rv:30.0) Gecko/20100101 Firefox/30.0"
84.94.178.105 - - [20/Jun/2014:05:07:08 -0400] "GET /images/slides/welcome//20110623_JP_Chris3.jpg?1403255223815 HTTP/1.1" 200 107912 "http://www.chris-nlp-hall.com/" "Mozilla/5.0 (Windows NT 6.2; WOW64) AppleWebKit/537.36 (KHTML, like Gecko) Chrome/35.0.1916.153 Safari/537.36"
178.192.198.81 - - [20/Jun/2014:05:15:35 -0400] "GET /images/slides/welcome//20130612_UK_group.jpg?1403255733473 HTTP/1.1" 200 211793 "http://www.chris-nlp-hall.com/" "Mozilla/5.0 (Macintosh; Intel Mac OS X 10_9_3) AppleWebKit/537.76.4 (KHTML, like Gecko) Version/7.0.4 Safari/537.76.4"
92.153.241.78 - - [20/Jun/2014:05:32:12 -0400] "GET /media/system/js/mootools-core.js HTTP/1.1" 200 96362 "http://www.chris-nlp-hall.com/nlp-workshops-and-trainings/calendar" "Mozilla/5.0 (iPad; CPU OS 7_1_1 like Mac OS X) AppleWebKit/537.51.2 (KHTML, like Gecko) Version/7.0 Mobile/11D201 Safari/9537.53"
178.192.198.81 - - [20/Jun/2014:06:03:25 -0400] "GET //components/com_cnlp_trainers/css/cnlp_trainers_home.png HTTP/1.1" 200 1991 "http://www.chris-nlp-hall.com/the-society-of-nlp/nlp-trainers-certified-by-christina-hall" "Mozilla/5.0 (Macintosh; Intel Mac OS X 10_9_3) AppleWebKit/537.76.4 (KHTML, like Gecko) Version/7.0.4 Safari/537.76.4"
178.192.198.81 - - [20/Jun/2014:06:03:25 -0400] "GET /images/trainers/photos/ctl_cary_200.jpg HTTP/1.1" 200 29938 "http://www.chris-nlp-hall.com/the-society-of-nlp/nlp-trainers-certified-by-christina-hall" "Mozilla/5.0 (Macintosh; Intel Mac OS X 10_9_3) AppleWebKit/537.76.4 (KHTML, like Gecko) Version/7.0.4 Safari/537.76.4"
178.192.198.81 - - [20/Jun/2014:06:03:27 -0400] "GET /images/trainers/photos/ctl_vanhoorn_200.jpg HTTP/1.1" 200 46536 "http://www.chris-nlp-hall.com/the-society-of-nlp/nlp-trainers-certified-by-christina-hall" "Mozilla/5.0 (Macintosh; Intel Mac OS X 10_9_3) AppleWebKit/537.76.4 (KHTML, like Gecko) Version/7.0.4 Safari/537.76.4"
178.192.198.81 - - [20/Jun/2014:06:03:28 -0400] "GET /images/trainers/photos/ctl_gerecke_200.jpg HTTP/1.1" 200 57368 "http://www.chris-nlp-hall.com/the-society-of-nlp/nlp-trainers-certified-by-christina-hall" "Mozilla/5.0 (Macintosh; Intel Mac OS X 10_9_3) AppleWebKit/537.76.4 (KHTML, like Gecko) Version/7.0.4 Safari/537.76.4"
178.192.198.81 - - [20/Jun/2014:06:03:28 -0400] "GET /images/trainers/photos/ctl_huber_michi_400.jpg HTTP/1.1" 200 19810 "http://www.chris-nlp-hall.com/the-society-of-nlp/nlp-trainers-certified-by-christina-hall" "Mozilla/5.0 (Macintosh; Intel Mac OS X 10_9_3) AppleWebKit/537.76.4 (KHTML, like Gecko) Version/7.0.4 Safari/537.76.4"
178.192.198.81 - - [20/Jun/2014:06:03:28 -0400] "GET /images/trainers/photos/ctl_faust_artur.jpg HTTP/1.1" 200 2503 "http://www.chris-nlp-hall.com/the-society-of-nlp/nlp-trainers-certified-by-christina-hall" "Mozilla/5.0 (Macintosh; Intel Mac OS X 10_9_3) AppleWebKit/537.76.4 (KHTML, like Gecko) Version/7.0.4 Safari/537.76.4"
178.192.198.81 - - [20/Jun/2014:06:03:28 -0400] "GET /images/trainers/photos/ctl_suzuki_shinichi.jpg HTTP/1.1" 200 2328 "http://www.chris-nlp-hall.com/the-society-of-nlp/nlp-trainers-certified-by-christina-hall" "Mozilla/5.0 (Macintosh; Intel Mac OS X 10_9_3) AppleWebKit/537.76.4 (KHTML, like Gecko) Version/7.0.4 Safari/537.76.4"
178.192.198.81 - - [20/Jun/2014:06:03:28 -0400] "GET /images/trainers/photos/ctl_yamasaki_hiroshi.jpg HTTP/1.1" 200 4152 "http://www.chris-nlp-hall.com/the-society-of-nlp/nlp-trainers-certified-by-christina-hall" "Mozilla/5.0 (Macintosh; Intel Mac OS X 10_9_3) AppleWebKit/537.76.4 (KHTML, like Gecko) Version/7.0.4 Safari/537.76.4"
178.192.198.81 - - [20/Jun/2014:06:03:29 -0400] "GET /images/trainers/photos/ctl_ohe_akiko.jpg HTTP/1.1" 200 17766 "http://www.chris-nlp-hall.com/the-society-of-nlp/nlp-trainers-certified-by-christina-hall" "Mozilla/5.0 (Macintosh; Intel Mac OS X 10_9_3) AppleWebKit/537.76.4 (KHTML, like Gecko) Version/7.0.4 Safari/537.76.4"
178.192.198.81 - - [20/Jun/2014:06:03:29 -0400] "GET /images/trainers/photos/ctl_urayama_200.jpg HTTP/1.1" 200 12727 "http://www.chris-nlp-hall.com/the-society-of-nlp/nlp-trainers-certified-by-christina-hall" "Mozilla/5.0 (Macintosh; Intel Mac OS X 10_9_3) AppleWebKit/537.76.4 (KHTML, like Gecko) Version/7.0.4 Safari/537.76.4"
178.192.198.81 - - [20/Jun/2014:06:03:29 -0400] "GET /images/trainers/photos/ctl_fritsche_200.jpg HTTP/1.1" 200 92257 "http://www.chris-nlp-hall.com/the-society-of-nlp/nlp-trainers-certified-by-christina-hall" "Mozilla/5.0 (Macintosh; Intel Mac OS X 10_9_3) AppleWebKit/537.76.4 (KHTML, like Gecko) Version/7.0.4 Safari/537.76.4"
178.192.198.81 - - [20/Jun/2014:06:03:30 -0400] "GET /images/trainers/photos/ctl_stul_200.jpg HTTP/1.1" 200 47392 "http://www.chris-nlp-hall.com/the-society-of-nlp/nlp-trainers-certified-by-christina-hall" "Mozilla/5.0 (Macintosh; Intel Mac OS X 10_9_3) AppleWebKit/537.76.4 (KHTML, like Gecko) Version/7.0.4 Safari/537.76.4"
178.192.198.81 - - [20/Jun/2014:06:03:30 -0400] "GET /images/trainers/photos/ctl_bourdais_marie-france.jpg HTTP/1.1" 200 3059 "http://www.chris-nlp-hall.com/the-society-of-nlp/nlp-trainers-certified-by-christina-hall" "Mozilla/5.0 (Macintosh; Intel Mac OS X 10_9_3) AppleWebKit/537.76.4 (KHTML, like Gecko) Version/7.0.4 Safari/537.76.4"
178.192.198.81 - - [20/Jun/2014:06:03:30 -0400] "GET /images/trainers/photos/ctl_perri_200.jpg HTTP/1.1" 200 65768 "http://www.chris-nlp-hall.com/the-society-of-nlp/nlp-trainers-certified-by-christina-hall" "Mozilla/5.0 (Macintosh; Intel Mac OS X 10_9_3) AppleWebKit/537.76.4 (KHTML, like Gecko) Version/7.0.4 Safari/537.76.4"
178.192.198.81 - - [20/Jun/2014:06:03:31 -0400] "GET /images/trainers/photos/ctl_duffy_andrew.jpg HTTP/1.1" 200 3637 "http://www.chris-nlp-hall.com/the-society-of-nlp/nlp-trainers-certified-by-christina-hall" "Mozilla/5.0 (Macintosh; Intel Mac OS X 10_9_3) AppleWebKit/537.76.4 (KHTML, like Gecko) Version/7.0.4 Safari/537.76.4"
178.192.198.81 - - [20/Jun/2014:06:03:31 -0400] "GET /images/trainers/photos/ctl_demolina_michael.jpg HTTP/1.1" 200 6475 "http://www.chris-nlp-hall.com/the-society-of-nlp/nlp-trainers-certified-by-christina-hall" "Mozilla/5.0 (Macintosh; Intel Mac OS X 10_9_3) AppleWebKit/537.76.4 (KHTML, like Gecko) Version/7.0.4 Safari/537.76.4"
206.190.75.9 - - [20/Jun/2014:14:52:14 -0400] "GET /media/system/js/mootools-core.js HTTP/1.1" 200 96362 "http://www.chris-nlp-hall.com/" "Mozilla/5.0 (Windows NT 6.1; WOW64) AppleWebKit/537.36 (KHTML, like Gecko) Chrome/35.0.1916.153 Safari/537.36"
206.190.75.9 - - [20/Jun/2014:14:52:15 -0400] "GET /templates/cnlp_neu/images/px_transparent_50.png HTTP/1.1" 200 112 "http://www.chris-nlp-hall.com/" "Mozilla/5.0 (Windows NT 6.1; WOW64) AppleWebKit/537.36 (KHTML, like Gecko) Chrome/35.0.1916.153 Safari/537.36"
193.111.141.134 - - [20/Jun/2014:15:58:05 -0400] "GET /contact-christina-hall-nlp-connection HTTP/1.1" 200 8747 "-" "Mozilla/5.0 (Windows NT 6.2; rv:21.0) Gecko/20130326 Firefox/21.0"
100.43.85.13 - - [20/Jun/2014:17:13:57 -0400] "GET /index.php?p=74 HTTP/1.1" 301 307 "-" "Mozilla/5.0 (compatible; YandexBot/3.0; +http://yandex.com/bots)"
188.174.7.95 - - [20/Jun/2014:17:25:18 -0400] "GET / HTTP/1.1" 200 4777 "http://www.chris-nlp-hall.com/nlp-workshops-and-trainings" "Mozilla/5.0 (Macintosh; Intel Mac OS X 10_9_3) AppleWebKit/537.76.4 (KHTML, like Gecko) Version/7.0.4 Safari/537.76.4"
188.174.7.95 - - [20/Jun/2014:17:25:21 -0400] "GET /images/slides/welcome//20140407_US_group.jpg?1403299518931 HTTP/1.1" 200 162461 "http://www.chris-nlp-hall.com/" "Mozilla/5.0 (Macintosh; Intel Mac OS X 10_9_3) AppleWebKit/537.76.4 (KHTML, like Gecko) Version/7.0.4 Safari/537.76.4"
188.174.7.95 - - [20/Jun/2014:17:25:22 -0400] "GET /images/slides/welcome//20000501_FR_group.jpg?1403299519931 HTTP/1.1" 200 206005 "http://www.chris-nlp-hall.com/" "Mozilla/5.0 (Macintosh; Intel Mac OS X 10_9_3) AppleWebKit/537.76.4 (KHTML, like Gecko) Version/7.0.4 Safari/537.76.4"
188.174.7.95 - - [20/Jun/2014:17:51:50 -0400] "GET /administrator/templates/bluestork/images/menu/icon-16-back-user.png HTTP/1.1" 200 614 "http://www.chris-nlp-hall.com/administrator/index.php" "Mozilla/5.0 (Macintosh; Intel Mac OS X 10_9_3) AppleWebKit/537.76.4 (KHTML, like Gecko) Version/7.0.4 Safari/537.76.4"
188.174.7.95 - - [20/Jun/2014:17:51:50 -0400] "GET /administrator/templates/bluestork/images/menu/icon-16-info.png HTTP/1.1" 200 590 "http://www.chris-nlp-hall.com/administrator/index.php" "Mozilla/5.0 (Macintosh; Intel Mac OS X 10_9_3) AppleWebKit/537.76.4 (KHTML, like Gecko) Version/7.0.4 Safari/537.76.4"
188.174.7.95 - - [20/Jun/2014:17:51:50 -0400] "GET /administrator/templates/bluestork/images/menu/icon-16-category.png HTTP/1.1" 200 263 "http://www.chris-nlp-hall.com/administrator/index.php" "Mozilla/5.0 (Macintosh; Intel Mac OS X 10_9_3) AppleWebKit/537.76.4 (KHTML, like Gecko) Version/7.0.4 Safari/537.76.4"
188.174.7.95 - - [20/Jun/2014:17:51:51 -0400] "GET /administrator/templates/bluestork/images/menu/icon-16-media.png HTTP/1.1" 200 608 "http://www.chris-nlp-hall.com/administrator/index.php" "Mozilla/5.0 (Macintosh; Intel Mac OS X 10_9_3) AppleWebKit/537.76.4 (KHTML, like Gecko) Version/7.0.4 Safari/537.76.4"
188.174.7.95 - - [20/Jun/2014:17:51:51 -0400] "GET /administrator/components/com_cnlp_workshops/assets/images/s_sponsors.png HTTP/1.1" 200 523 "http://www.chris-nlp-hall.com/administrator/index.php" "Mozilla/5.0 (Macintosh; Intel Mac OS X 10_9_3) AppleWebKit/537.76.4 (KHTML, like Gecko) Version/7.0.4 Safari/537.76.4"
188.174.7.95 - - [20/Jun/2014:17:51:51 -0400] "GET /administrator/templates/bluestork/images/menu/icon-16-component.png HTTP/1.1" 200 491 "http://www.chris-nlp-hall.com/administrator/index.php" "Mozilla/5.0 (Macintosh; Intel Mac OS X 10_9_3) AppleWebKit/537.76.4 (KHTML, like Gecko) Version/7.0.4 Safari/537.76.4"
188.174.7.95 - - [20/Jun/2014:17:51:51 -0400] "GET /administrator/templates/bluestork/images/menu/icon-16-themes.png HTTP/1.1" 200 401 "http://www.chris-nlp-hall.com/administrator/index.php" "Mozilla/5.0 (Macintosh; Intel Mac OS X 10_9_3) AppleWebKit/537.76.4 (KHTML, like Gecko) Version/7.0.4 Safari/537.76.4"
188.174.7.95 - - [20/Jun/2014:17:51:51 -0400] "GET /administrator/templates/bluestork/images/menu/icon-16-help-jed.png HTTP/1.1" 200 475 "http://www.chris-nlp-hall.com/administrator/index.php" "Mozilla/5.0 (Macintosh; Intel Mac OS X 10_9_3) AppleWebKit/537.76.4 (KHTML, like Gecko) Version/7.0.4 Safari/537.76.4"
188.174.7.95 - - [20/Jun/2014:17:51:52 -0400] "GET /administrator/templates/bluestork/images/menu/icon-16-help-shop.png HTTP/1.1" 200 518 "http://www.chris-nlp-hall.com/administrator/index.php" "Mozilla/5.0 (Macintosh; Intel Mac OS X 10_9_3) AppleWebKit/537.76.4 (KHTML, like Gecko) Version/7.0.4 Safari/537.76.4"
188.174.7.95 - - [20/Jun/2014:17:51:52 -0400] "GET /administrator/templates/bluestork/images/header/icon-48-user.png HTTP/1.1" 200 2310 "http://www.chris-nlp-hall.com/administrator/index.php" "Mozilla/5.0 (Macintosh; Intel Mac OS X 10_9_3) AppleWebKit/537.76.4 (KHTML, like Gecko) Version/7.0.4 Safari/537.76.4"
188.174.7.95 - - [20/Jun/2014:17:51:52 -0400] "GET /administrator/templates/bluestork/images/header/icon-48-user-profile.png HTTP/1.1" 200 2269 "http://www.chris-nlp-hall.com/administrator/index.php" "Mozilla/5.0 (Macintosh; Intel Mac OS X 10_9_3) AppleWebKit/537.76.4 (KHTML, like Gecko) Version/7.0.4 Safari/537.76.4"
188.174.7.95 - - [20/Jun/2014:17:51:58 -0400] "GET /administrator/templates/bluestork/images/toolbar/icon-32-edit.png HTTP/1.1" 200 2456 "http://www.chris-nlp-hall.com/administrator/index.php?option=com_content" "Mozilla/5.0 (Macintosh; Intel Mac OS X 10_9_3) AppleWebKit/537.76.4 (KHTML, like Gecko) Version/7.0.4 Safari/537.76.4"
188.174.7.95 - - [20/Jun/2014:17:51:58 -0400] "GET /media/system/images/sort_asc.png HTTP/1.1" 200 130 "http://www.chris-nlp-hall.com/administrator/index.php?option=com_content" "Mozilla/5.0 (Macintosh; Intel Mac OS X 10_9_3) AppleWebKit/537.76.4 (KHTML, like Gecko) Version/7.0.4 Safari/537.76.4"
188.174.7.95 - - [20/Jun/2014:17:51:58 -0400] "GET /administrator/templates/bluestork/images/j_button2_right_cap.png HTTP/1.1" 200 239 "http://www.chris-nlp-hall.com/administrator/index.php?option=com_content" "Mozilla/5.0 (Macintosh; Intel Mac OS X 10_9_3) AppleWebKit/537.76.4 (KHTML, like Gecko) Version/7.0.4 Safari/537.76.4"
188.174.7.95 - - [20/Jun/2014:19:26:39 -0400] "GET /index.php?p=48 HTTP/1.1" 301 256 "http://www.google.com/url?sa=t&rct=j&q=&esrc=s&source=web&cd=3&ved=0CCkQjBAwAg&url=http%3A%2F%2Fwww.chris-nlp-hall.com%2Findex.php%3Fp%3D48&ei=N8KkU5zuHM7T7AbGzoH4Dw&usg=AFQjCNFzam9_CPRVtfDXsp8iN_A5EmVB2g&bvm=bv.69411363,d.ZGU" "Mozilla/5.0 (Macintosh; Intel Mac OS X 10_9_3) AppleWebKit/537.76.4 (KHTML, like Gecko) Version/7.0.4 Safari/537.76.4"
188.174.7.95 - - [20/Jun/2014:19:26:40 -0400] "GET /the-society-of-nlp HTTP/1.1" 200 3415 "http://www.google.com/url?sa=t&rct=j&q=&esrc=s&source=web&cd=3&ved=0CCkQjBAwAg&url=http%3A%2F%2Fwww.chris-nlp-hall.com%2Findex.php%3Fp%3D48&ei=N8KkU5zuHM7T7AbGzoH4Dw&usg=AFQjCNFzam9_CPRVtfDXsp8iN_A5EmVB2g&bvm=bv.69411363,d.ZGU" "Mozilla/5.0 (Macintosh; Intel Mac OS X 10_9_3) AppleWebKit/537.76.4 (KHTML, like Gecko) Version/7.0.4 Safari/537.76.4"
50.243.130.138 - - [20/Jun/2014:20:21:29 -0400] "GET /nlp-workshops-and-trainings/calendar HTTP/1.1" 200 14906 "-" "Mozilla/4.0 (compatible; MSIE 8.0; Win32)"
50.243.130.138 - - [20/Jun/2014:20:21:31 -0400] "GET / HTTP/1.1" 200 20325 "-" "Mozilla/4.0 (compatible; MSIE 8.0; Win32)"
50.243.130.138 - - [20/Jun/2014:20:21:32 -0400] "GET /nlp-articles-and-videos HTTP/1.1" 200 12103 "-" "Mozilla/4.0 (compatible; MSIE 8.0; Win32)"
50.243.130.138 - - [20/Jun/2014:20:21:34 -0400] "GET /contact-christina-hall-nlp-connection HTTP/1.1" 200 8747 "-" "Mozilla/4.0 (compatible; MSIE 8.0; Win32)"
50.243.130.138 - - [20/Jun/2014:20:21:35 -0400] "GET /www.comecoconsultants.com HTTP/1.1" 404 575 "-" "Mozilla/4.0 (compatible; MSIE 8.0; Win32)"
50.243.130.138 - - [20/Jun/2014:20:21:36 -0400] "GET /the-society-of-nlp/tel:+33%20(0)4%2091%2081%2084%2046 HTTP/1.1" 404 1402 "-" "Mozilla/4.0 (compatible; MSIE 8.0; Win32)"
50.243.130.138 - - [20/Jun/2014:20:21:36 -0400] "GET /the-society-of-nlp/tel:%20+33%20534%2040%2082%2081 HTTP/1.1" 404 1402 "-" "Mozilla/4.0 (compatible; MSIE 8.0; Win32)"
50.243.130.138 - - [20/Jun/2014:20:21:37 -0400] "GET /the-society-of-nlp/tel:+33%20682%2082%2091%2098%20or%200682%2082 HTTP/1.1" 404 1402 "-" "Mozilla/4.0 (compatible; MSIE 8.0; Win32)"
193.150.120.14 - - [20/Jun/2014:07:10:57 -0400] "GET / HTTP/1.1" 200 20402 "http://narkologicheskaya-pomosh.ru/" "Mozilla/4.0 (compatible; MSIE 6.0; Windows NT 5.1; SV1; InfoPath.1)"
98.224.218.6 - - [20/Jun/2014:09:12:51 -0400] "GET /images/slides/welcome//20140527_JP_chris.jpg?1403141199816 HTTP/1.1" 304 - "http://www.chris-nlp-hall.com/index.php?p=37" "Mozilla/5.0 (X11; Linux x86_64) AppleWebKit/537.36 (KHTML, like Gecko) Ubuntu Chromium/34.0.1847.116 Chrome/34.0.1847.116 Safari/537.36"
98.224.218.6 - - [20/Jun/2014:09:15:15 -0400] "GET /images/slides/welcome//20121020_JP_group.jpg?1403141343816 HTTP/1.1" 304 - "http://www.chris-nlp-hall.com/index.php?p=37" "Mozilla/5.0 (X11; Linux x86_64) AppleWebKit/537.36 (KHTML, like Gecko) Ubuntu Chromium/34.0.1847.116 Chrome/34.0.1847.116 Safari/537.36"
199.115.117.243 - - [20/Jun/2014:09:58:22 -0400] "GET /images/trainers/photos/ctl_matsuda_noriko.jpg HTTP/1.1" 200 2049 "http://www.chris-nlp-hall.com/the-society-of-nlp/nlp-trainers-certified-by-christina-hall" "Mozilla/5.0 (Windows NT 6.1; WOW64; rv:29.0) Gecko/20100101 Firefox/29.0"
188.174.7.95 - - [20/Jun/2014:10:46:57 -0400] "GET /media/system/js/mootools-core.js HTTP/1.1" 304 - "http://www.chris-nlp-hall.com/" "Mozilla/5.0 (Macintosh; Intel Mac OS X 10_9_3) AppleWebKit/537.76.4 (KHTML, like Gecko) Version/7.0.4 Safari/537.76.4"
188.174.7.95 - - [20/Jun/2014:10:46:57 -0400] "GET /modules/mod_slideshowck/assets/jquery.mobile.customized.min.js HTTP/1.1" 304 - "http://www.chris-nlp-hall.com/" "Mozilla/5.0 (Macintosh; Intel Mac OS X 10_9_3) AppleWebKit/537.76.4 (KHTML, like Gecko) Version/7.0.4 Safari/537.76.4"
188.174.7.95 - - [20/Jun/2014:10:46:57 -0400] "GET /images/slides/welcome//20120722_UK_group.jpg?1403275616933 HTTP/1.1" 200 182456 "http://www.chris-nlp-hall.com/" "Mozilla/5.0 (Macintosh; Intel Mac OS X 10_9_3) AppleWebKit/537.76.4 (KHTML, like Gecko) Version/7.0.4 Safari/537.76.4"
188.174.7.95 - - [20/Jun/2014:10:47:01 -0400] "GET /images/slides/welcome//20120630_FRA_Gilles.jpg?1403275620746 HTTP/1.1" 200 187116 "http://www.chris-nlp-hall.com/" "Mozilla/5.0 (Macintosh; Intel Mac OS X 10_9_3) AppleWebKit/537.76.4 (KHTML, like Gecko) Version/7.0.4 Safari/537.76.4"
188.174.7.95 - - [20/Jun/2014:10:49:07 -0400] "GET /images/slides/welcome//20130503_JP_group.jpg?1403275746596 HTTP/1.1" 200 174970 "http://www.chris-nlp-hall.com/" "Mozilla/5.0 (Macintosh; Intel Mac OS X 10_9_3) AppleWebKit/537.76.4 (KHTML, like Gecko) Version/7.0.4 Safari/537.76.4"
41.206.12.35 - - [20/Jun/2014:12:16:15 -0400] "GET //components/com_cnlp_trainers/css/cnlp_trainers.css HTTP/1.1" 200 3477 "http://www.chris-nlp-hall.com/the-society-of-nlp/nlp-trainers-certified-by-christina-hall" "Mozilla/5.0 (Windows NT 6.1; rv:29.0) Gecko/20100101 Firefox/29.0"
41.206.12.35 - - [20/Jun/2014:12:16:17 -0400] "GET /templates/cnlp_neu/css/cnlp_neu.css HTTP/1.1" 200 7306 "http://www.chris-nlp-hall.com/the-society-of-nlp/nlp-trainers-certified-by-christina-hall" "Mozilla/5.0 (Windows NT 6.1; rv:29.0) Gecko/20100101 Firefox/29.0"
41.206.12.35 - - [20/Jun/2014:12:16:53 -0400] "GET /images/trainers/photos/ctl_toennishoff_martina.jpg HTTP/1.1" 200 3170 "http://www.chris-nlp-hall.com/the-society-of-nlp/nlp-trainers-certified-by-christina-hall" "Mozilla/5.0 (Windows NT 6.1; rv:29.0) Gecko/20100101 Firefox/29.0"
41.206.12.35 - - [20/Jun/2014:12:16:56 -0400] "GET /images/trainers/photos/ctl_faust_artur.jpg HTTP/1.1" 200 2503 "http://www.chris-nlp-hall.com/the-society-of-nlp/nlp-trainers-certified-by-christina-hall" "Mozilla/5.0 (Windows NT 6.1; rv:29.0) Gecko/20100101 Firefox/29.0"
41.206.12.35 - - [20/Jun/2014:12:16:58 -0400] "GET /images/trainers/photos/ctl_suzuki_emiko.jpg HTTP/1.1" 200 12900 "http://www.chris-nlp-hall.com/the-society-of-nlp/nlp-trainers-certified-by-christina-hall" "Mozilla/5.0 (Windows NT 6.1; rv:29.0) Gecko/20100101 Firefox/29.0"
41.206.12.35 - - [20/Jun/2014:12:18:49 -0400] "GET /images/trainers/photos/ctl_yamasaki_hiroshi.jpg HTTP/1.1" 200 4152 "http://www.chris-nlp-hall.com/the-society-of-nlp/nlp-trainers-certified-by-christina-hall" "Mozilla/5.0 (Windows NT 6.1; rv:29.0) Gecko/20100101 Firefox/29.0"
66.249.81.154 - - [20/Jun/2014:12:33:16 -0400] "GET / HTTP/1.1" 200 4769 "-" "Mozilla/5.0 (compatible; X11; Linux x86_64; Google-StructuredDataTestingTool; +http://www.google.com/webmasters/tools/richsnippets)"
66.249.88.105 - - [20/Jun/2014:12:35:01 -0400] "GET /templates/cnlp_neu/css/cnlp_neu.css HTTP/1.1" 200 7306 "-" "Mozilla/5.0 (Macintosh; Intel Mac OS X 10_9_3) AppleWebKit/537.76.4 (KHTML, like Gecko) Version/7.0.4 Safari/537.76.4,gzip(gfe)"
66.249.88.105 - - [20/Jun/2014:12:35:03 -0400] "GET /images/workshops/sponsors/logo_gilles_roy.jpg HTTP/1.1" 200 11144 "-" "Mozilla/5.0 (Macintosh; Intel Mac OS X 10_9_3) AppleWebKit/537.76.4 (KHTML, like Gecko) Version/7.0.4 Safari/537.76.4,gzip(gfe)"
66.249.88.105 - - [20/Jun/2014:12:35:03 -0400] "GET /templates/cnlp_neu/images/lotus_3_800.png HTTP/1.1" 200 100930 "-" "Mozilla/5.0 (Macintosh; Intel Mac OS X 10_9_3) AppleWebKit/537.76.4 (KHTML, like Gecko) Version/7.0.4 Safari/537.76.4,gzip(gfe)"
66.249.88.105 - - [20/Jun/2014:12:35:03 -0400] "GET /templates/cnlp_neu/images/px_transparent_50.png HTTP/1.1" 200 112 "-" "Mozilla/5.0 (Macintosh; Intel Mac OS X 10_9_3) AppleWebKit/537.76.4 (KHTML, like Gecko) Version/7.0.4 Safari/537.76.4,gzip(gfe)"
66.249.88.105 - - [20/Jun/2014:12:35:04 -0400] "GET //components/com_cnlp_workshops/css/cnlp_ws_home.png HTTP/1.1" 200 1991 "-" "Mozilla/5.0 (Macintosh; Intel Mac OS X 10_9_3) AppleWebKit/537.76.4 (KHTML, like Gecko) Version/7.0.4 Safari/537.76.4,gzip(gfe)"
66.249.88.105 - - [20/Jun/2014:12:35:04 -0400] "GET //components/com_cnlp_workshops/css/cnlp_ws_mail.png HTTP/1.1" 200 1984 "-" "Mozilla/5.0 (Macintosh; Intel Mac OS X 10_9_3) AppleWebKit/537.76.4 (KHTML, like Gecko) Version/7.0.4 Safari/537.76.4,gzip(gfe)"
66.249.88.105 - - [20/Jun/2014:12:35:04 -0400] "GET /images/workshops/sponsors/logo_foley.png HTTP/1.1" 200 5637 "-" "Mozilla/5.0 (Macintosh; Intel Mac OS X 10_9_3) AppleWebKit/537.76.4 (KHTML, like Gecko) Version/7.0.4 Safari/537.76.4,gzip(gfe)"
66.249.88.105 - - [20/Jun/2014:12:35:04 -0400] "GET /templates/cnlp_neu/images/px_transparent_60.png HTTP/1.1" 200 116 "-" "Mozilla/5.0 (Macintosh; Intel Mac OS X 10_9_3) AppleWebKit/537.76.4 (KHTML, like Gecko) Version/7.0.4 Safari/537.76.4,gzip(gfe)"
81.2.67.162 - - [20/Jun/2014:12:52:24 -0400] "GET /templates/cnlp_neu/images/postquote.png HTTP/1.1" 200 3292 "http://www.chris-nlp-hall.com/nlp-product-boutique/nlp-audiobook-language-christina-hall" "Mozilla/5.0 (Windows NT 6.3; WOW64) AppleWebKit/537.36 (KHTML, like Gecko) Chrome/35.0.1916.153 Safari/537.36"
193.150.120.14 - - [20/Jun/2014:01:19:55 -0400] "GET / HTTP/1.1" 200 20325 "http://ladyselect.com/" "Mozilla/4.0 (compatible; MSIE 6.0; Windows NT 5.1; SV1; InfoPath.1)"
195.154.185.238 - - [20/Jun/2014:02:13:08 -0400] "GET /profile-christina-hall-phd-nlp-meta-master-trainer?format=feed&type=atom HTTP/1.0" 200 1090 "-" "Mozilla/5.0 (compatible; MJ12bot/v1.4.5; http://www.majestic12.co.uk/bot.php?+)"
82.80.154.166 - - [20/Jun/2014:03:38:04 -0400] "GET /images/slides/welcome//20130108_JP_Shinichi.jpg?1403249882354 HTTP/1.1" 200 136421 "http://www.chris-nlp-hall.com/" "Mozilla/5.0 (Windows NT 6.2; WOW64; rv:30.0) Gecko/20100101 Firefox/30.0"
178.192.198.81 - - [20/Jun/2014:05:14:37 -0400] "GET /nlp-workshops-and-trainings/calendar HTTP/1.1" 200 3348 "http://www.chris-nlp-hall.com/the-society-of-nlp" "Mozilla/5.0 (Macintosh; Intel Mac OS X 10_9_3) AppleWebKit/537.76.4 (KHTML, like Gecko) Version/7.0.4 Safari/537.76.4"
178.192.198.81 - - [20/Jun/2014:05:14:39 -0400] "GET /images/workshops/sponsors/logo_gilles_roy.jpg HTTP/1.1" 200 11144 "http://www.chris-nlp-hall.com/nlp-workshops-and-trainings/calendar" "Mozilla/5.0 (Macintosh; Intel Mac OS X 10_9_3) AppleWebKit/537.76.4 (KHTML, like Gecko) Version/7.0.4 Safari/537.76.4"
84.94.178.105 - - [20/Jun/2014:05:15:24 -0400] "GET /images/boutique/surprise-perspective.jpg HTTP/1.1" 200 6346 "http://www.chris-nlp-hall.com/nlp-product-boutique" "Mozilla/5.0 (Windows NT 6.2; WOW64) AppleWebKit/537.36 (KHTML, like Gecko) Chrome/35.0.1916.153 Safari/537.36"
92.153.241.78 - - [20/Jun/2014:05:36:07 -0400] "GET / HTTP/1.1" 200 4771 "-" "Mozilla/5.0 (iPad; CPU OS 7_1_1 like Mac OS X) AppleWebKit/537.51.2 (KHTML, like Gecko) Version/7.0 Mobile/11D201 Safari/9537.53"
92.153.241.78 - - [20/Jun/2014:05:36:11 -0400] "GET /media/system/css/modal.css HTTP/1.1" 200 2823 "http://www.chris-nlp-hall.com/" "Mozilla/5.0 (iPad; CPU OS 7_1_1 like Mac OS X) AppleWebKit/537.51.2 (KHTML, like Gecko) Version/7.0 Mobile/11D201 Safari/9537.53"
92.153.241.78 - - [20/Jun/2014:05:39:51 -0400] "GET /images/slides/welcome//20140301_JP_group.png?1403257192637 HTTP/1.1" 200 717226 "http://www.chris-nlp-hall.com/" "Mozilla/5.0 (iPad; CPU OS 7_1_1 like Mac OS X) AppleWebKit/537.51.2 (KHTML, like Gecko) Version/7.0 Mobile/11D201 Safari/9537.53"
113.199.154.193 - - [20/Jun/2014:05:56:13 -0400] "GET /galleries/docs/Press%20release.pdf HTTP/1.1" 404 1402 "https://www.google.com.np/" "Mozilla/5.0 (Windows NT 6.2; WOW64) AppleWebKit/537.36 (KHTML, like Gecko) Chrome/35.0.1916.153 Safari/537.36"
113.199.154.193 - - [20/Jun/2014:05:56:16 -0400] "GET /templates/system/css/error.css HTTP/1.1" 200 1443 "http://www.chris-nlp-hall.com/galleries/docs/Press%20release.pdf" "Mozilla/5.0 (Windows NT 6.2; WOW64) AppleWebKit/537.36 (KHTML, like Gecko) Chrome/35.0.1916.153 Safari/537.36"
113.199.154.193 - - [20/Jun/2014:05:56:16 -0400] "GET /favicon.ico HTTP/1.1" 404 575 "-" "Mozilla/5.0 (Windows NT 6.2; WOW64) AppleWebKit/537.36 (KHTML, like Gecko) Chrome/35.0.1916.153 Safari/537.36"
113.199.154.193 - - [20/Jun/2014:05:56:19 -0400] "GET /galleries/docs/Press%20release.pdf HTTP/1.1" 404 1402 "https://www.google.com.np/" "Mozilla/5.0 (Windows NT 6.2; WOW64) AppleWebKit/537.36 (KHTML, like Gecko) Chrome/35.0.1916.153 Safari/537.36"
113.199.154.193 - - [20/Jun/2014:05:56:20 -0400] "GET /templates/system/css/error.css HTTP/1.1" 304 - "http://www.chris-nlp-hall.com/galleries/docs/Press%20release.pdf" "Mozilla/5.0 (Windows NT 6.2; WOW64) AppleWebKit/537.36 (KHTML, like Gecko) Chrome/35.0.1916.153 Safari/537.36"
113.199.154.193 - - [20/Jun/2014:05:56:21 -0400] "GET /galleries/docs/Press%20release.pdf HTTP/1.1" 404 1402 "https://www.google.com.np/" "Mozilla/5.0 (Windows NT 6.2; WOW64) AppleWebKit/537.36 (KHTML, like Gecko) Chrome/35.0.1916.153 Safari/537.36"
113.199.154.193 - - [20/Jun/2014:05:56:22 -0400] "GET /templates/system/css/error.css HTTP/1.1" 304 - "http://www.chris-nlp-hall.com/galleries/docs/Press%20release.pdf" "Mozilla/5.0 (Windows NT 6.2; WOW64) AppleWebKit/537.36 (KHTML, like Gecko) Chrome/35.0.1916.153 Safari/537.36"
188.174.7.95 - - [20/Jun/2014:05:59:56 -0400] "GET /images/trainers/photos/ctl_castaing_anne.jpg HTTP/1.1" 200 24291 "http://www.chris-nlp-hall.com/the-society-of-nlp/nlp-trainers-certified-by-christina-hall" "Mozilla/5.0 (iPad; CPU OS 7_1_1 like Mac OS X) AppleWebKit/537.51.2 (KHTML, like Gecko) Version/7.0 Mobile/11D201 Safari/9537.53"
188.174.7.95 - - [20/Jun/2014:05:59:56 -0400] "GET /images/trainers/photos/ctl_roy_200.jpg HTTP/1.1" 200 32328 "http://www.chris-nlp-hall.com/the-society-of-nlp/nlp-trainers-certified-by-christina-hall" "Mozilla/5.0 (iPad; CPU OS 7_1_1 like Mac OS X) AppleWebKit/537.51.2 (KHTML, like Gecko) Version/7.0 Mobile/11D201 Safari/9537.53"
188.174.7.95 - - [20/Jun/2014:05:59:57 -0400] "GET /images/trainers/photos/ctl_lochmann_franziska.jpg HTTP/1.1" 200 2279 "http://www.chris-nlp-hall.com/the-society-of-nlp/nlp-trainers-certified-by-christina-hall" "Mozilla/5.0 (iPad; CPU OS 7_1_1 like Mac OS X) AppleWebKit/537.51.2 (KHTML, like Gecko) Version/7.0 Mobile/11D201 Safari/9537.53"
188.174.7.95 - - [20/Jun/2014:05:59:57 -0400] "GET /images/trainers/photos/ctl_gerecke_200.jpg HTTP/1.1" 200 57368 "http://www.chris-nlp-hall.com/the-society-of-nlp/nlp-trainers-certified-by-christina-hall" "Mozilla/5.0 (iPad; CPU OS 7_1_1 like Mac OS X) AppleWebKit/537.51.2 (KHTML, like Gecko) Version/7.0 Mobile/11D201 Safari/9537.53"
188.174.7.95 - - [20/Jun/2014:06:07:09 -0400] "GET /images/boutique/surprise-perspective.jpg HTTP/1.1" 200 6346 "http://www.chris-nlp-hall.com/nlp-product-boutique" "Mozilla/5.0 (iPad; CPU OS 7_1_1 like Mac OS X) AppleWebKit/537.51.2 (KHTML, like Gecko) Version/7.0 Mobile/11D201 Safari/9537.53"
50.168.74.144 - - [20/Jun/2014:14:33:13 -0400] "GET /media/system/js/mootools-core.js HTTP/1.1" 200 96362 "http://www.chris-nlp-hall.com/" "Mozilla/5.0 (Windows NT 6.1; WOW64) AppleWebKit/537.36 (KHTML, like Gecko) Chrome/32.0.1700.107 Safari/537.36"
50.168.74.144 - - [20/Jun/2014:14:33:14 -0400] "GET /images/ch_signature.png HTTP/1.1" 200 11785 "http://www.chris-nlp-hall.com/" "Mozilla/5.0 (Windows NT 6.1; WOW64) AppleWebKit/537.36 (KHTML, like Gecko) Chrome/32.0.1700.107 Safari/537.36"
188.174.7.95 - - [20/Jun/2014:18:09:38 -0400] "GET /nlp-product-boutique/nlp-audiobook-language-christina-hall HTTP/1.1" 200 10171 "http://www.chris-nlp-hall.com/nlp-product-boutique" "Mozilla/5.0 (Macintosh; Intel Mac OS X 10_9_3) AppleWebKit/537.76.4 (KHTML, like Gecko) Version/7.0.4 Safari/537.76.4"
41.189.48.82 - - [20/Jun/2014:23:20:28 -0400] "GET /images/trainers/photos/ctl_perri_200.jpg HTTP/1.1" 200 65768 "http://www.chris-nlp-hall.com/the-society-of-nlp/nlp-trainers-certified-by-christina-hall" "Mozilla/5.0 (Windows NT 5.1; rv:30.0) Gecko/20100101 Firefox/30.0"
212.204.157.42 - - [20/Jun/2014:07:28:28 -0400] "GET /images/trainers/photos/ctl_foesges_200.jpg HTTP/1.1" 200 34328 "-" "Mozilla/5.0 (Windows NT 6.1; rv:30.0) Gecko/20100101 Firefox/30.0"
79.87.91.25 - - [20/Jun/2014:07:40:21 -0400] "GET /images/slides/welcome//20131201_CH_Chris.jpg?1403264428578 HTTP/1.1" 200 135617 "http://www.chris-nlp-hall.com/" "Mozilla/5.0 (Windows NT 6.1; WOW64; Trident/7.0; rv:11.0) like Gecko"
79.87.91.25 - - [20/Jun/2014:07:40:38 -0400] "GET /images/slides/welcome//20131020_UK_group.jpg?1403264445510 HTTP/1.1" 200 169376 "http://www.chris-nlp-hall.com/" "Mozilla/5.0 (Windows NT 6.1; WOW64; Trident/7.0; rv:11.0) like Gecko"
79.87.91.25 - - [20/Jun/2014:07:41:12 -0400] "GET /images/slides/welcome//20140407_US_group.jpg?1403264479903 HTTP/1.1" 200 162461 "http://www.chris-nlp-hall.com/" "Mozilla/5.0 (Windows NT 6.1; WOW64; Trident/7.0; rv:11.0) like Gecko"
162.210.196.97 - - [20/Jun/2014:08:55:36 -0400] "GET /robots.txt HTTP/1.0" 200 846 "-" "Mozilla/5.0 (compatible; MJ12bot/v1.4.5; http://www.majestic12.co.uk/bot.php?+)"
98.224.218.6 - - [20/Jun/2014:09:22:27 -0400] "GET /images/slides/welcome//20110212_UK_group.jpg?1403141776819 HTTP/1.1" 304 - "http://www.chris-nlp-hall.com/index.php?p=37" "Mozilla/5.0 (X11; Linux x86_64) AppleWebKit/537.36 (KHTML, like Gecko) Ubuntu Chromium/34.0.1847.116 Chrome/34.0.1847.116 Safari/537.36"
