188.174.7.95 - - [20/Jun/2014:17:51:56 -0400] "GET /administrator/templates/bluestork/images/j_button2_first_off.png HTTP/1.1" 200 588 "http://www.chris-nlp-hall.com/administrator/index.php?option=com_content" "Mozilla/5.0 (Macintosh; Intel Mac OS X 10_9_3) AppleWebKit/537.76.4 (KHTML, like Gecko) Version/7.0.4 Safari/537.76.4"
188.174.7.95 - - [20/Jun/2014:17:51:56 -0400] "GET /administrator/templates/bluestork/images/j_button2_left.png HTTP/1.1" 200 306 "http://www.chris-nlp-hall.com/administrator/index.php?option=com_content" "Mozilla/5.0 (Macintosh; Intel Mac OS X 10_9_3) AppleWebKit/537.76.4 (KHTML, like Gecko) Version/7.0.4 Safari/537.76.4"
188.174.7.95 - - [20/Jun/2014:17:51:56 -0400] "GET /administrator/templates/bluestork/images/j_button2_last.png HTTP/1.1" 200 694 "http://www.chris-nlp-hall.com/administrator/index.php?option=com_content" "Mozilla/5.0 (Macintosh; Intel Mac OS X 10_9_3) AppleWebKit/537.76.4 (KHTML, like Gecko) Version/7.0.4 Safari/537.76.4"
188.174.7.95 - - [20/Jun/2014:17:51:56 -0400] "GET /administrator/templates/bluestork/images/admin/disabled.png HTTP/1.1" 200 448 "http://www.chris-nlp-hall.com/administrator/index.php?option=com_content" "Mozilla/5.0 (Macintosh; Intel Mac OS X 10_9_3) AppleWebKit/537.76.4 (KHTML, like Gecko) Version/7.0.4 Safari/537.76.4"
188.174.7.95 - - [20/Jun/2014:18:03:54 -0400] "GET /nlp-articles-and-videos/working-from-the-heart-article-christina-hall HTTP/1.1" 200 6509 "http://www.chris-nlp-hall.com/nlp-articles-and-videos" "Mozilla/5.0 (Macintosh; Intel Mac OS X 10_9_3) AppleWebKit/537.76.4 (KHTML, like Gecko) Version/7.0.4 Safari/537.76.4"
188.174.7.95 - - [20/Jun/2014:18:03:56 -0400] "GET /media/system/js/caption.js HTTP/1.1" 304 - "http://www.chris-nlp-hall.com/the-society-of-nlp/nlp-trainers-certified-by-christina-hall" "Mozilla/5.0 (Macintosh; Intel Mac OS X 10_9_3) AppleWebKit/537.76.4 (KHTML, like Gecko) Version/7.0.4 Safari/537.76.4"
188.174.7.95 - - [20/Jun/2014:18:03:57 -0400] "GET /templates/cnlp_neu/images/lotus_3_800.png HTTP/1.1" 304 - "http://www.chris-nlp-hall.com/the-society-of-nlp/nlp-trainers-certified-by-christina-hall" "Mozilla/5.0 (Macintosh; Intel Mac OS X 10_9_3) AppleWebKit/537.76.4 (KHTML, like Gecko) Version/7.0.4 Safari/537.76.4"
188.174.7.95 - - [20/Jun/2014:18:03:57 -0400] "GET /images/publications/heart_large.jpg HTTP/1.1" 304 - "http://www.chris-nlp-hall.com/nlp-articles-and-videos" "Mozilla/5.0 (Macintosh; Intel Mac OS X 10_9_3) AppleWebKit/537.76.4 (KHTML, like Gecko) Version/7.0.4 Safari/537.76.4"
188.174.7.95 - - [20/Jun/2014:19:26:14 -0400] "GET /index.php?p=37 HTTP/1.1" 301 288 "http://www.google.com/url?sa=t&rct=j&q=&esrc=s&source=web&cd=2&ved=0CCUQjBAwAQ&url=http%3A%2F%2Fwww.chris-nlp-hall.com%2Findex.php%3Fp%3D37&ei=N8KkU5zuHM7T7AbGzoH4Dw&usg=AFQjCNFTeQqpLGUe2uBqm3gKTf3lOecCtQ&bvm=bv.69411363,d.ZGU" "Mozilla/5.0 (Macintosh; Intel Mac OS X 10_9_3) AppleWebKit/537.76.4 (KHTML, like Gecko) Version/7.0.4 Safari/537.76.4"
188.174.7.95 - - [20/Jun/2014:19:26:14 -0400] "GET /profile-christina-hall-phd-nlp-meta-master-trainer HTTP/1.1" 200 3776 "http://www.google.com/url?sa=t&rct=j&q=&esrc=s&source=web&cd=2&ved=0CCUQjBAwAQ&url=http%3A%2F%2Fwww.chris-nlp-hall.com%2Findex.php%3Fp%3D37&ei=N8KkU5zuHM7T7AbGzoH4Dw&usg=AFQjCNFTeQqpLGUe2uBqm3gKTf3lOecCtQ&bvm=bv.69411363,d.ZGU" "Mozilla/5.0 (Macintosh; Intel Mac OS X 10_9_3) AppleWebKit/537.76.4 (KHTML, like Gecko) Version/7.0.4 Safari/537.76.4"
188.174.7.95 - - [20/Jun/2014:19:27:14 -0400] "GET /index.php?p=40 HTTP/1.1" 200 4783 "http://www.google.com/url?sa=t&rct=j&q=&esrc=s&source=web&cd=4&ved=0CC0QjBAwAw&url=http%3A%2F%2Fwww.chris-nlp-hall.com%2Findex.php%3Fp%3D40&ei=N8KkU5zuHM7T7AbGzoH4Dw&usg=AFQjCNEAXzEW0Oi6uJyIfy2RzVEpMdBkog&bvm=bv.69411363,d.ZGU" "Mozilla/5.0 (Macintosh; Intel Mac OS X 10_9_3) AppleWebKit/537.76.4 (KHTML, like Gecko) Version/7.0.4 Safari/537.76.4"
188.174.7.95 - - [20/Jun/2014:19:27:16 -0400] "GET /images/slides/welcome//20120417_UK_group.jpg?1403306836439 HTTP/1.1" 200 137212 "http://www.chris-nlp-hall.com/index.php?p=40" "Mozilla/5.0 (Macintosh; Intel Mac OS X 10_9_3) AppleWebKit/537.76.4 (KHTML, like Gecko) Version/7.0.4 Safari/537.76.4"
188.174.7.95 - - [20/Jun/2014:19:33:20 -0400] "GET / HTTP/1.1" 200 4776 "-" "Mozilla/5.0 (Macintosh; Intel Mac OS X 10_9_3) AppleWebKit/537.76.4 (KHTML, like Gecko) Version/7.0.4 Safari/537.76.4"
88.198.56.239 - - [20/Jun/2014:21:49:57 -0400] "GET / HTTP/1.1" 200 20325 "-" "Mozilla/5.0 (Macintosh; Intel Mac OS X 10_5_8) AppleWebKit/534.50.2 (KHTML, like Gecko) Version/5.0.6 Safari/533.22.3"
41.189.48.82 - - [20/Jun/2014:23:20:12 -0400] "GET /images/trainers/photos/ctl_cary_200.jpg HTTP/1.1" 200 29938 "http://www.chris-nlp-hall.com/the-society-of-nlp/nlp-trainers-certified-by-christina-hall" "Mozilla/5.0 (Windows NT 5.1; rv:30.0) Gecko/20100101 Firefox/30.0"
41.189.48.82 - - [20/Jun/2014:23:20:58 -0400] "GET /contact-christina-hall-nlp-connection HTTP/1.1" 200 2405 "http://www.chris-nlp-hall.com/the-society-of-nlp/nlp-trainers-certified-by-christina-hall" "Mozilla/5.0 (Windows NT 5.1; rv:30.0) Gecko/20100101 Firefox/30.0"
199.115.117.243 - - [20/Jun/2014:09:57:47 -0400] "GET /templates/cnlp_neu/css/cnlp_neu.css HTTP/1.1" 200 7538 "http://www.chris-nlp-hall.com/the-society-of-nlp/nlp-trainers-certified-by-christina-hall" "Mozilla/5.0 (Windows NT 6.1; WOW64; rv:29.0) Gecko/20100101 Firefox/29.0"
188.174.7.95 - - [20/Jun/2014:10:38:35 -0400] "GET /templates/cnlp_neu/css/cnlp_neu.css HTTP/1.1" 304 - "http://www.chris-nlp-hall.com/" "Mozilla/5.0 (Macintosh; Intel Mac OS X 10_9_3) AppleWebKit/537.76.4 (KHTML, like Gecko) Version/7.0.4 Safari/537.76.4"
188.174.7.95 - - [20/Jun/2014:10:43:46 -0400] "GET /media/system/js/mootools-core.js HTTP/1.1" 304 - "http://www.chris-nlp-hall.com/" "Mozilla/5.0 (Macintosh; Intel Mac OS X 10_9_3) AppleWebKit/537.76.4 (KHTML, like Gecko) Version/7.0.4 Safari/537.76.4"
188.174.7.95 - - [20/Jun/2014:10:43:46 -0400] "GET /modules/mod_slideshowck/assets/jquery.min.js HTTP/1.1" 304 - "http://www.chris-nlp-hall.com/" "Mozilla/5.0 (Macintosh; Intel Mac OS X 10_9_3) AppleWebKit/537.76.4 (KHTML, like Gecko) Version/7.0.4 Safari/537.76.4"
188.174.7.95 - - [20/Jun/2014:10:43:54 -0400] "GET / HTTP/1.1" 200 4768 "-" "Mozilla/5.0 (Macintosh; Intel Mac OS X 10_9_3) AppleWebKit/537.76.4 (KHTML, like Gecko) Version/7.0.4 Safari/537.76.4"
188.174.7.95 - - [20/Jun/2014:10:43:56 -0400] "GET /media/system/js/caption.js HTTP/1.1" 304 - "http://www.chris-nlp-hall.com/" "Mozilla/5.0 (Macintosh; Intel Mac OS X 10_9_3) AppleWebKit/537.76.4 (KHTML, like Gecko) Version/7.0.4 Safari/537.76.4"
188.174.7.95 - - [20/Jun/2014:10:43:57 -0400] "GET /media/system/js/mootools-more.js HTTP/1.1" 304 - "http://www.chris-nlp-hall.com/" "Mozilla/5.0 (Macintosh; Intel Mac OS X 10_9_3) AppleWebKit/537.76.4 (KHTML, like Gecko) Version/7.0.4 Safari/537.76.4"
188.174.7.95 - - [20/Jun/2014:10:43:57 -0400] "GET /templates/cnlp_neu/css/cnlp_neu.css HTTP/1.1" 304 - "http://www.chris-nlp-hall.com/" "Mozilla/5.0 (Macintosh; Intel Mac OS X 10_9_3) AppleWebKit/537.76.4 (KHTML, like Gecko) Version/7.0.4 Safari/537.76.4"
188.174.7.95 - - [20/Jun/2014:10:43:57 -0400] "GET /templates/cnlp_neu/images/lotus_3_800.png HTTP/1.1" 304 - "http://www.chris-nlp-hall.com/" "Mozilla/5.0 (Macintosh; Intel Mac OS X 10_9_3) AppleWebKit/537.76.4 (KHTML, like Gecko) Version/7.0.4 Safari/537.76.4"
188.174.7.95 - - [20/Jun/2014:10:44:00 -0400] "GET /images/slides/welcome//20120630_FRA_Gilles.jpg?1403275439186 HTTP/1.1" 200 187116 "http://www.chris-nlp-hall.com/" "Mozilla/5.0 (Macintosh; Intel Mac OS X 10_9_3) AppleWebKit/537.76.4 (KHTML, like Gecko) Version/7.0.4 Safari/537.76.4"
188.174.7.95 - - [20/Jun/2014:10:48:32 -0400] "GET /images/slides/welcome//20110623_JP_Chris2.jpg?1403275711696 HTTP/1.1" 200 111845 "http://www.chris-nlp-hall.com/" "Mozilla/5.0 (Macintosh; Intel Mac OS X 10_9_3) AppleWebKit/537.76.4 (KHTML, like Gecko) Version/7.0.4 Safari/537.76.4"
188.174.7.95 - - [20/Jun/2014:10:52:20 -0400] "POST /administrator/index.php?option=com_installer&view=update&task=update.ajax HTTP/1.1" 200 2 "http://www.chris-nlp-hall.com/administrator/index.php" "Mozilla/5.0 (Macintosh; Intel Mac OS X 10_9_3) AppleWebKit/537.76.4 (KHTML, like Gecko) Version/7.0.4 Safari/537.76.4"
162.211.129.46 - - [20/Jun/2014:10:52:45 -0400] "GET /modules/mod_slideshowck/assets/jquery.mobile.customized.min.js HTTP/1.1" 200 17519 "http://www.chris-nlp-hall.com/" "Mozilla/5.0 (iPad; CPU OS 7_1_1 like Mac OS X) AppleWebKit/537.51.2 (KHTML, like Gecko) Version/7.0 Mobile/11D201 Safari/9537.53"
162.211.129.46 - - [20/Jun/2014:10:52:51 -0400] "GET /templates/cnlp_neu/images/px_transparent_50.png HTTP/1.1" 200 112 "http://www.chris-nlp-hall.com/" "Mozilla/5.0 (iPad; CPU OS 7_1_1 like Mac OS X) AppleWebKit/537.51.2 (KHTML, like Gecko) Version/7.0 Mobile/11D201 Safari/9537.53"
41.206.12.35 - - [20/Jun/2014:12:17:06 -0400] "GET /images/trainers/photos/ctl_koteray_200.jpg HTTP/1.1" 200 50349 "http://www.chris-nlp-hall.com/the-society-of-nlp/nlp-trainers-certified-by-christina-hall" "Mozilla/5.0 (Windows NT 6.1; rv:29.0) Gecko/20100101 Firefox/29.0"
41.206.12.35 - - [20/Jun/2014:12:17:08 -0400] "GET /images/trainers/photos/ctl_vanhoorn_200.jpg HTTP/1.1" 200 46536 "http://www.chris-nlp-hall.com/the-society-of-nlp/nlp-trainers-certified-by-christina-hall" "Mozilla/5.0 (Windows NT 6.1; rv:29.0) Gecko/20100101 Firefox/29.0"
82.80.154.166 - - [20/Jun/2014:03:34:21 -0400] "GET /media/system/js/modal.js HTTP/1.1" 200 9732 "http://www.chris-nlp-hall.com/" "Mozilla/5.0 (Windows NT 6.2; WOW64; rv:30.0) Gecko/20100101 Firefox/30.0"
92.153.241.78 - - [20/Jun/2014:03:45:43 -0400] "GET /media/system/js/caption.js HTTP/1.1" 200 729 "http://www.chris-nlp-hall.com/" "Mozilla/5.0 (iPad; CPU OS 7_1_1 like Mac OS X) AppleWebKit/537.51.2 (KHTML, like Gecko) Version/7.0 Mobile/11D201 Safari/9537.53"
92.153.241.78 - - [20/Jun/2014:03:45:43 -0400] "GET /modules/mod_slideshowck/assets/camera.min.js HTTP/1.1" 200 40612 "http://www.chris-nlp-hall.com/" "Mozilla/5.0 (iPad; CPU OS 7_1_1 like Mac OS X) AppleWebKit/537.51.2 (KHTML, like Gecko) Version/7.0 Mobile/11D201 Safari/9537.53"
92.153.241.78 - - [20/Jun/2014:03:45:50 -0400] "GET /templates/cnlp_neu/images/px_transparent_50.png HTTP/1.1" 200 112 "http://www.chris-nlp-hall.com/" "Mozilla/5.0 (iPad; CPU OS 7_1_1 like Mac OS X) AppleWebKit/537.51.2 (KHTML, like Gecko) Version/7.0 Mobile/11D201 Safari/9537.53"
92.153.241.78 - - [20/Jun/2014:03:45:50 -0400] "GET /modules/mod_slideshowck/themes/default/images/camera-loader.gif HTTP/1.1" 200 9289 "http://www.chris-nlp-hall.com/" "Mozilla/5.0 (iPad; CPU OS 7_1_1 like Mac OS X) AppleWebKit/537.51.2 (KHTML, like Gecko) Version/7.0 Mobile/11D201 Safari/9537.53"
220.181.108.116 - - [20/Jun/2014:03:47:55 -0400] "GET /~96330.97745/htdocs/index.php?p=40 HTTP/1.1" 404 1902 "-" "Mozilla/5.0 (compatible; Baiduspider/2.0; +http://www.baidu.com/search/spider.html)"
78.88.85.97 - - [20/Jun/2014:04:25:39 -0400] "GET /images/slides/welcome//20130108_JP_Shinichi.jpg?1403252737795 HTTP/1.1" 200 136421 "http://www.chris-nlp-hall.com/" "Mozilla/5.0 (Windows NT 6.3; rv:30.0) Gecko/20100101 Firefox/30.0"
78.88.85.97 - - [20/Jun/2014:04:25:43 -0400] "GET /images/slides/welcome//20000501_FR_group.jpg?1403252741641 HTTP/1.1" 200 206005 "http://www.chris-nlp-hall.com/" "Mozilla/5.0 (Windows NT 6.3; rv:30.0) Gecko/20100101 Firefox/30.0"
78.88.85.97 - - [20/Jun/2014:04:25:47 -0400] "GET /images/slides/welcome//20090903_UK_Tony.jpg?1403252745998 HTTP/1.1" 200 160304 "http://www.chris-nlp-hall.com/" "Mozilla/5.0 (Windows NT 6.3; rv:30.0) Gecko/20100101 Firefox/30.0"
78.88.85.97 - - [20/Jun/2014:04:28:11 -0400] "GET /nlp-articles-and-videos HTTP/1.1" 200 3497 "http://www.chris-nlp-hall.com/nlp-product-boutique" "Mozilla/5.0 (Windows NT 6.3; rv:30.0) Gecko/20100101 Firefox/30.0"
78.88.85.97 - - [20/Jun/2014:04:28:13 -0400] "GET /images/publications/paradox_small.jpg HTTP/1.1" 200 6599 "http://www.chris-nlp-hall.com/nlp-articles-and-videos" "Mozilla/5.0 (Windows NT 6.3; rv:30.0) Gecko/20100101 Firefox/30.0"
84.94.178.105 - - [20/Jun/2014:04:51:13 -0400] "GET /images/slides/welcome//20140601_PL_group.jpg?1403254271484 HTTP/1.1" 200 175563 "http://www.chris-nlp-hall.com/" "Mozilla/5.0 (Windows NT 6.2; WOW64; rv:30.0) Gecko/20100101 Firefox/30.0"
84.94.178.105 - - [20/Jun/2014:04:52:10 -0400] "GET /images/slides/welcome//20130926_PL_Chris2.jpg?1403254328413 HTTP/1.1" 200 114982 "http://www.chris-nlp-hall.com/" "Mozilla/5.0 (Windows NT 6.2; WOW64; rv:30.0) Gecko/20100101 Firefox/30.0"
178.192.198.81 - - [20/Jun/2014:05:04:15 -0400] "GET /index.php?p=48 HTTP/1.1" 301 256 "http://www.pnl.ch/college-pnl/certifications" "Mozilla/5.0 (Macintosh; Intel Mac OS X 10_9_3) AppleWebKit/537.76.4 (KHTML, like Gecko) Version/7.0.4 Safari/537.76.4"
178.192.198.81 - - [20/Jun/2014:05:04:15 -0400] "GET /the-society-of-nlp HTTP/1.1" 200 3415 "http://www.pnl.ch/college-pnl/certifications" "Mozilla/5.0 (Macintosh; Intel Mac OS X 10_9_3) AppleWebKit/537.76.4 (KHTML, like Gecko) Version/7.0.4 Safari/537.76.4"
178.192.198.81 - - [20/Jun/2014:05:04:17 -0400] "GET /media/system/js/mootools-core.js HTTP/1.1" 200 96362 "http://www.chris-nlp-hall.com/the-society-of-nlp" "Mozilla/5.0 (Macintosh; Intel Mac OS X 10_9_3) AppleWebKit/537.76.4 (KHTML, like Gecko) Version/7.0.4 Safari/537.76.4"
178.192.198.81 - - [20/Jun/2014:05:04:19 -0400] "GET /templates/cnlp_neu/images/lotus_3_800.png HTTP/1.1" 200 100930 "http://www.chris-nlp-hall.com/the-society-of-nlp" "Mozilla/5.0 (Macintosh; Intel Mac OS X 10_9_3) AppleWebKit/537.76.4 (KHTML, like Gecko) Version/7.0.4 Safari/537.76.4"
31.165.216.121 - - [20/Jun/2014:05:36:09 -0400] "GET /templates/cnlp_neu/css/cnlp_neu.css HTTP/1.1" 200 7538 "http://www.chris-nlp-hall.com/the-society-of-nlp" "Mozilla/5.0 (Macintosh; Intel Mac OS X 10_7_5) AppleWebKit/537.76.4 (KHTML, like Gecko) Version/6.1.4 Safari/537.76.4"
178.192.198.81 - - [20/Jun/2014:06:17:27 -0400] "GET //components/com_quicksell/css/style.css HTTP/1.1" 200 77 "http://www.chris-nlp-hall.com/nlp-product-boutique/nlp-audiobook-language-christina-hall" "Mozilla/5.0 (Macintosh; Intel Mac OS X 10_9_3) AppleWebKit/537.76.4 (KHTML, like Gecko) Version/7.0.4 Safari/537.76.4"
50.168.74.144 - - [20/Jun/2014:14:33:10 -0400] "GET / HTTP/1.1" 301 238 "http://semalt.semalt.com/crawler.php?u=http://chrisnlphall.com" "Mozilla/5.0 (Windows NT 6.1; WOW64) AppleWebKit/537.36 (KHTML, like Gecko) Chrome/32.0.1700.107 Safari/537.36"
50.168.74.144 - - [20/Jun/2014:14:33:13 -0400] "GET /modules/mod_slideshowck/themes/default/css/camera.css HTTP/1.1" 200 26563 "http://www.chris-nlp-hall.com/" "Mozilla/5.0 (Windows NT 6.1; WOW64) AppleWebKit/537.36 (KHTML, like Gecko) Chrome/32.0.1700.107 Safari/537.36"
50.168.74.144 - - [20/Jun/2014:14:33:14 -0400] "GET /templates/cnlp_neu/css/cnlp_neu.css HTTP/1.1" 200 7306 "http://www.chris-nlp-hall.com/" "Mozilla/5.0 (Windows NT 6.1; WOW64) AppleWebKit/537.36 (KHTML, like Gecko) Chrome/32.0.1700.107 Safari/537.36"
50.168.74.144 - - [20/Jun/2014:14:33:14 -0400] "GET /templates/cnlp_neu/images/px_transparent_50.png HTTP/1.1" 200 112 "http://www.chris-nlp-hall.com/" "Mozilla/5.0 (Windows NT 6.1; WOW64) AppleWebKit/537.36 (KHTML, like Gecko) Chrome/32.0.1700.107 Safari/537.36"
69.201.135.181 - - [20/Jun/2014:16:15:40 -0400] "GET /media/system/js/mootools-more.js HTTP/1.1" 200 238331 "http://www.chris-nlp-hall.com/nlp-workshops-and-trainings/nlp-language-training" "Mozilla/5.0 (Macintosh; Intel Mac OS X 10.9; rv:30.0) Gecko/20100101 Firefox/30.0"
69.201.135.181 - - [20/Jun/2014:16:15:41 -0400] "GET /templates/cnlp_neu/images/lotus_3_800.png HTTP/1.1" 200 100930 "http://www.chris-nlp-hall.com/templates/cnlp_neu/css/cnlp_neu.css" "Mozilla/5.0 (Macintosh; Intel Mac OS X 10.9; rv:30.0) Gecko/20100101 Firefox/30.0"
98.224.218.6 - - [20/Jun/2014:20:12:29 -0400] "GET /images/slides/welcome//20130926_PL_Chris2.jpg?1403140815816 HTTP/1.1" 304 - "http://www.chris-nlp-hall.com/index.php?p=37" "Mozilla/5.0 (X11; Linux x86_64) AppleWebKit/537.36 (KHTML, like Gecko) Ubuntu Chromium/34.0.1847.116 Chrome/34.0.1847.116 Safari/537.36"
98.224.218.6 - - [20/Jun/2014:20:14:05 -0400] "GET /images/slides/welcome//20140601_PL_chris1.jpg?1403140911819 HTTP/1.1" 304 - "http://www.chris-nlp-hall.com/index.php?p=37" "Mozilla/5.0 (X11; Linux x86_64) AppleWebKit/537.36 (KHTML, like Gecko) Ubuntu Chromium/34.0.1847.116 Chrome/34.0.1847.116 Safari/537.36"
93.186.202.198 - - [20/Jun/2014:20:50:30 -0400] "GET /galleries/images/ctl_schimpke_michael.jpg HTTP/1.1" 404 575 "-" "Mozilla/5.0 (Windows NT 6.1) AppleWebKit/537.36 (KHTML, like Gecko) Chrome/27.0.1453.93 Safari/537.36"
146.120.129.84 - - [20/Jun/2014:20:54:10 -0400] "GET /galleries/docs/SummaryofLegalProceedings.pdf HTTP/1.0" 404 1402 "-" "Mozilla/5.0 (compatible; Googlebot/2.1; +http://www.google.com/bot.html)"
66.249.81.154 - - [20/Jun/2014:07:38:38 -0400] "GET /index.php?p=48 HTTP/1.1" 301 256 "-" "Mozilla/5.0 (Windows NT 6.1; WOW64; Trident/7.0; rv:11.0) like Gecko,gzip(gfe)"
66.249.81.154 - - [20/Jun/2014:07:38:38 -0400] "GET /the-society-of-nlp HTTP/1.1" 200 3415 "-" "Mozilla/5.0 (Windows NT 6.1; WOW64; Trident/7.0; rv:11.0) like Gecko,gzip(gfe)"
199.115.117.243 - - [20/Jun/2014:09:58:31 -0400] "GET /images/trainers/photos/ctl_schweitzer_200.jpg HTTP/1.1" 200 36510 "http://www.chris-nlp-hall.com/the-society-of-nlp/nlp-trainers-certified-by-christina-hall" "Mozilla/5.0 (Windows NT 6.1; WOW64; rv:29.0) Gecko/20100101 Firefox/29.0"
188.174.7.95 - - [20/Jun/2014:10:26:58 -0400] "GET /templates/cnlp_neu/css/cnlp_neu.css HTTP/1.1" 304 - "http://www.chris-nlp-hall.com/profile-christina-hall-phd-nlp-meta-master-trainer" "Mozilla/5.0 (iPad; CPU OS 7_1_1 like Mac OS X) AppleWebKit/537.51.2 (KHTML, like Gecko) Version/7.0 Mobile/11D201 Safari/9537.53"
188.174.7.95 - - [20/Jun/2014:10:39:56 -0400] "GET /images/slides/welcome//20140527_JP_chris.jpg?1403275195521 HTTP/1.1" 200 78152 "http://www.chris-nlp-hall.com/" "Mozilla/5.0 (Macintosh; Intel Mac OS X 10_9_3) AppleWebKit/537.76.4 (KHTML, like Gecko) Version/7.0.4 Safari/537.76.4"
188.174.7.95 - - [20/Jun/2014:10:43:46 -0400] "GET /media/system/css/modal.css HTTP/1.1" 304 - "http://www.chris-nlp-hall.com/" "Mozilla/5.0 (Macintosh; Intel Mac OS X 10_9_3) AppleWebKit/537.76.4 (KHTML, like Gecko) Version/7.0.4 Safari/537.76.4"
188.174.7.95 - - [20/Jun/2014:10:43:46 -0400] "GET /modules/mod_slideshowck/assets/jquery.mobile.customized.min.js HTTP/1.1" 304 - "http://www.chris-nlp-hall.com/" "Mozilla/5.0 (Macintosh; Intel Mac OS X 10_9_3) AppleWebKit/537.76.4 (KHTML, like Gecko) Version/7.0.4 Safari/537.76.4"
188.174.7.95 - - [20/Jun/2014:10:43:47 -0400] "GET /templates/cnlp_neu/images/px_transparent_50.png HTTP/1.1" 304 - "http://www.chris-nlp-hall.com/" "Mozilla/5.0 (Macintosh; Intel Mac OS X 10_9_3) AppleWebKit/537.76.4 (KHTML, like Gecko) Version/7.0.4 Safari/537.76.4"
218.30.103.124 - - [20/Jun/2014:10:44:37 -0400] "GET /templates/cnlp_neu/css/cnlp_neu.css HTTP/1.1" 200 7306 "-" "Mozilla/4.0 (compatible; MSIE 7.0; Windows NT 6.0; Trident/4.0)"
188.174.7.95 - - [20/Jun/2014:10:46:57 -0400] "GET /media/system/js/core.js HTTP/1.1" 304 - "http://www.chris-nlp-hall.com/" "Mozilla/5.0 (Macintosh; Intel Mac OS X 10_9_3) AppleWebKit/537.76.4 (KHTML, like Gecko) Version/7.0.4 Safari/537.76.4"
188.174.7.95 - - [20/Jun/2014:10:46:57 -0400] "GET /modules/mod_slideshowck/assets/camera.min.js HTTP/1.1" 304 - "http://www.chris-nlp-hall.com/" "Mozilla/5.0 (Macintosh; Intel Mac OS X 10_9_3) AppleWebKit/537.76.4 (KHTML, like Gecko) Version/7.0.4 Safari/537.76.4"
188.174.7.95 - - [20/Jun/2014:10:49:41 -0400] "GET /images/publications/interview_small.jpg HTTP/1.1" 304 - "http://www.chris-nlp-hall.com/nlp-articles-and-videos" "Mozilla/5.0 (Macintosh; Intel Mac OS X 10_9_3) AppleWebKit/537.76.4 (KHTML, like Gecko) Version/7.0.4 Safari/537.76.4"
162.211.129.46 - - [20/Jun/2014:10:55:15 -0400] "GET /images/slides/welcome//20130612_UK_group.jpg?1403276113866 HTTP/1.1" 200 211793 "http://www.chris-nlp-hall.com/" "Mozilla/5.0 (iPad; CPU OS 7_1_1 like Mac OS X) AppleWebKit/537.51.2 (KHTML, like Gecko) Version/7.0 Mobile/11D201 Safari/9537.53"
66.249.81.154 - - [20/Jun/2014:12:29:57 -0400] "GET /templates/cnlp_neu/images/px_transparent_50.png HTTP/1.1" 200 112 "http://www.chris-nlp-hall.com/the-society-of-nlp" "Mozilla/5.0 (X11; Linux x86_64) AppleWebKit/537.36 (KHTML, like Gecko; Google Web Preview) Chrome/27.0.1453 Safari/537.36"
46.105.105.227 - - [20/Jun/2014:12:47:19 -0400] "GET /nlp-workshops-and-trainings/calendar HTTP/1.1" 200 14906 "-" "Mozilla/5.0 (Windows NT 5.1; rv:15.0) Gecko/20120909 Firefox/15.0.1 SeaMonkey/2.12.1"
46.105.105.227 - - [20/Jun/2014:12:47:24 -0400] "GET / HTTP/1.1" 200 20325 "-" "Mozilla/5.0 (Windows NT 5.1; rv:15.0) Gecko/20120909 Firefox/15.0.1 SeaMonkey/2.12.1"
46.119.120.207 - - [20/Jun/2014:13:08:27 -0400] "GET / HTTP/1.1" 200 20402 "http://mine-crafts.net/" "Mozilla/4.0 (compatible; MSIE 6.0; Windows NT 5.0)"
213.57.142.187 - - [20/Jun/2014:14:12:50 -0400] "GET /media/system/js/core.js HTTP/1.1" 200 4784 "http://www.chris-nlp-hall.com/" "Mozilla/5.0 (Windows NT 5.1) AppleWebKit/537.36 (KHTML, like Gecko) Chrome/35.0.1916.153 Safari/537.36"
213.57.142.187 - - [20/Jun/2014:14:12:50 -0400] "GET /media/system/js/mootools-more.js HTTP/1.1" 200 238331 "http://www.chris-nlp-hall.com/" "Mozilla/5.0 (Windows NT 5.1) AppleWebKit/537.36 (KHTML, like Gecko) Chrome/35.0.1916.153 Safari/537.36"
213.57.142.187 - - [20/Jun/2014:14:12:56 -0400] "GET /modules/mod_slideshowck/themes/default/images/camera_skins.png HTTP/1.1" 200 24198 "http://www.chris-nlp-hall.com/" "Mozilla/5.0 (Windows NT 5.1) AppleWebKit/537.36 (KHTML, like Gecko) Chrome/35.0.1916.153 Safari/537.36"
213.57.142.187 - - [20/Jun/2014:14:12:59 -0400] "GET /images/bg.png HTTP/1.1" 200 122 "http://www.chris-nlp-hall.com/" "Mozilla/5.0 (Windows NT 5.1) AppleWebKit/537.36 (KHTML, like Gecko) Chrome/35.0.1916.153 Safari/537.36"
213.57.142.187 - - [20/Jun/2014:14:13:02 -0400] "GET /images/slides/welcome//20140527_JP_chris.jpg?1403287953243 HTTP/1.1" 200 78152 "http://www.chris-nlp-hall.com/" "Mozilla/5.0 (Windows NT 5.1) AppleWebKit/537.36 (KHTML, like Gecko) Chrome/35.0.1916.153 Safari/537.36"
213.57.142.187 - - [20/Jun/2014:14:13:03 -0400] "GET /templates/cnlp_neu/favicon.ico HTTP/1.1" 200 1150 "-" "Mozilla/5.0 (Windows NT 5.1) AppleWebKit/537.36 (KHTML, like Gecko) Chrome/35.0.1916.153 Safari/537.36"
213.57.142.187 - - [20/Jun/2014:14:13:04 -0400] "GET /images/slides/welcome//20110623_JP_Chris2.jpg?1403287955366 HTTP/1.1" 200 111845 "http://www.chris-nlp-hall.com/" "Mozilla/5.0 (Windows NT 5.1) AppleWebKit/537.36 (KHTML, like Gecko) Chrome/35.0.1916.153 Safari/537.36"
213.57.142.187 - - [20/Jun/2014:14:13:05 -0400] "GET /images/slides/welcome//20140407_US_group.jpg?1403287957080 HTTP/1.1" 200 162461 "http://www.chris-nlp-hall.com/" "Mozilla/5.0 (Windows NT 5.1) AppleWebKit/537.36 (KHTML, like Gecko) Chrome/35.0.1916.153 Safari/537.36"
195.154.185.238 - - [20/Jun/2014:02:13:34 -0400] "GET /the-society-of-nlp?format=feed&type=rss HTTP/1.0" 200 1555 "-" "Mozilla/5.0 (compatible; MJ12bot/v1.4.5; http://www.majestic12.co.uk/bot.php?+)"
82.80.154.166 - - [20/Jun/2014:03:34:20 -0400] "GET /media/system/js/core.js HTTP/1.1" 200 4784 "http://www.chris-nlp-hall.com/" "Mozilla/5.0 (Windows NT 6.2; WOW64; rv:30.0) Gecko/20100101 Firefox/30.0"
82.80.154.166 - - [20/Jun/2014:03:34:56 -0400] "GET /images/slides/welcome//20120729_JP_group.jpg?1403249694009 HTTP/1.1" 200 198051 "http://www.chris-nlp-hall.com/" "Mozilla/5.0 (Windows NT 6.2; WOW64; rv:30.0) Gecko/20100101 Firefox/30.0"
82.80.154.166 - - [20/Jun/2014:03:35:03 -0400] "GET /images/slides/welcome//20120630_FRA_Gilles.jpg?1403249701306 HTTP/1.1" 200 187116 "http://www.chris-nlp-hall.com/" "Mozilla/5.0 (Windows NT 6.2; WOW64; rv:30.0) Gecko/20100101 Firefox/30.0"
209.126.99.133 - - [20/Jun/2014:04:12:12 -0400] "GET /?/ HTTP/1.0" 200 20325 "-" "Mozilla/5.0 (compatible; MJ12bot/v1.4.5; http://www.majestic12.co.uk/bot.php?+)"
78.88.85.97 - - [20/Jun/2014:04:24:20 -0400] "GET /media/system/css/modal.css HTTP/1.1" 200 2823 "http://www.chris-nlp-hall.com/" "Mozilla/5.0 (Windows NT 6.3; rv:30.0) Gecko/20100101 Firefox/30.0"
78.88.85.97 - - [20/Jun/2014:04:24:20 -0400] "GET /media/system/js/modal.js HTTP/1.1" 200 9732 "http://www.chris-nlp-hall.com/" "Mozilla/5.0 (Windows NT 6.3; rv:30.0) Gecko/20100101 Firefox/30.0"
78.88.85.97 - - [20/Jun/2014:04:24:20 -0400] "GET /modules/mod_slideshowck/assets/jquery.mobile.customized.min.js HTTP/1.1" 200 17519 "http://www.chris-nlp-hall.com/" "Mozilla/5.0 (Windows NT 6.3; rv:30.0) Gecko/20100101 Firefox/30.0"
78.88.85.97 - - [20/Jun/2014:04:24:20 -0400] "GET /templates/cnlp_neu/favicon.ico HTTP/1.1" 200 1150 "-" "Mozilla/5.0 (Windows NT 6.3; rv:30.0) Gecko/20100101 Firefox/30.0"
78.88.85.97 - - [20/Jun/2014:04:24:21 -0400] "GET /modules/mod_slideshowck/themes/default/images/camera-loader.gif HTTP/1.1" 200 9289 "http://www.chris-nlp-hall.com/modules/mod_slideshowck/themes/default/css/camera.css" "Mozilla/5.0 (Windows NT 6.3; rv:30.0) Gecko/20100101 Firefox/30.0"
66.249.67.70 - - [20/Jun/2014:04:30:18 -0400] "GET /index.php?p=60 HTTP/1.1" 301 297 "-" "Mozilla/5.0 (compatible; Googlebot/2.1; +http://www.google.com/bot.html)"
84.94.178.105 - - [20/Jun/2014:04:43:06 -0400] "GET /images/slides/welcome//20000501_FR_group.jpg?1403253784531 HTTP/1.1" 200 206005 "http://www.chris-nlp-hall.com/" "Mozilla/5.0 (Windows NT 6.2; WOW64; rv:30.0) Gecko/20100101 Firefox/30.0"
84.94.178.105 - - [20/Jun/2014:04:43:57 -0400] "GET /images/slides/welcome//20120417_UK_group.jpg?1403253834851 HTTP/1.1" 200 137212 "http://www.chris-nlp-hall.com/" "Mozilla/5.0 (Windows NT 6.2; WOW64; rv:30.0) Gecko/20100101 Firefox/30.0"
178.192.198.81 - - [20/Jun/2014:05:14:39 -0400] "GET //components/com_cnlp_workshops/css/cnlp_ws_home.png HTTP/1.1" 200 1991 "http://www.chris-nlp-hall.com/nlp-workshops-and-trainings/calendar" "Mozilla/5.0 (Macintosh; Intel Mac OS X 10_9_3) AppleWebKit/537.76.4 (KHTML, like Gecko) Version/7.0.4 Safari/537.76.4"
178.192.198.81 - - [20/Jun/2014:05:15:11 -0400] "GET / HTTP/1.1" 200 4786 "http://www.chris-nlp-hall.com/nlp-workshops-and-trainings/nlp-language-training" "Mozilla/5.0 (Macintosh; Intel Mac OS X 10_9_3) AppleWebKit/537.76.4 (KHTML, like Gecko) Version/7.0.4 Safari/537.76.4"
178.192.198.81 - - [20/Jun/2014:05:15:13 -0400] "GET /modules/mod_slideshowck/assets/jquery.mobile.customized.min.js HTTP/1.1" 200 17519 "http://www.chris-nlp-hall.com/" "Mozilla/5.0 (Macintosh; Intel Mac OS X 10_9_3) AppleWebKit/537.76.4 (KHTML, like Gecko) Version/7.0.4 Safari/537.76.4"
178.192.198.81 - - [20/Jun/2014:05:15:15 -0400] "GET /images/ch_signature.png HTTP/1.1" 200 11785 "http://www.chris-nlp-hall.com/" "Mozilla/5.0 (Macintosh; Intel Mac OS X 10_9_3) AppleWebKit/537.76.4 (KHTML, like Gecko) Version/7.0.4 Safari/537.76.4"
178.192.198.81 - - [20/Jun/2014:05:15:16 -0400] "GET /images/slides/welcome//20021001_CH_group.jpg?1403255716197 HTTP/1.1" 200 190889 "http://www.chris-nlp-hall.com/" "Mozilla/5.0 (Macintosh; Intel Mac OS X 10_9_3) AppleWebKit/537.76.4 (KHTML, like Gecko) Version/7.0.4 Safari/537.76.4"
125.78.81.58 - - [20/Jun/2014:05:51:28 -0400] "GET /index.php?p=41 HTTP/1.1" 301 258 "-" "Mozilla/4.0 (compatible; MSIE 6.0; Windows NT 5.1)"
178.192.198.81 - - [20/Jun/2014:06:03:15 -0400] "GET /templates/cnlp_neu/css/cnlp_neu.css HTTP/1.1" 304 - "http://www.chris-nlp-hall.com/" "Mozilla/5.0 (Macintosh; Intel Mac OS X 10_9_3) AppleWebKit/537.76.4 (KHTML, like Gecko) Version/7.0.4 Safari/537.76.4"
178.192.198.81 - - [20/Jun/2014:06:03:15 -0400] "GET /images/slides/welcome//20121020_JP_group.jpg?1403258595528 HTTP/1.1" 200 154874 "http://www.chris-nlp-hall.com/" "Mozilla/5.0 (Macintosh; Intel Mac OS X 10_9_3) AppleWebKit/537.76.4 (KHTML, like Gecko) Version/7.0.4 Safari/537.76.4"
178.192.198.81 - - [20/Jun/2014:06:03:19 -0400] "GET /images/slides/welcome//20090903_UK_group.jpg?1403258599474 HTTP/1.1" 200 196887 "http://www.chris-nlp-hall.com/" "Mozilla/5.0 (Macintosh; Intel Mac OS X 10_9_3) AppleWebKit/537.76.4 (KHTML, like Gecko) Version/7.0.4 Safari/537.76.4"
178.192.198.81 - - [20/Jun/2014:06:03:20 -0400] "GET /the-society-of-nlp/nlp-trainers-certified-by-christina-hall HTTP/1.1" 200 38726 "http://www.chris-nlp-hall.com/" "Mozilla/5.0 (Macintosh; Intel Mac OS X 10_9_3) AppleWebKit/537.76.4 (KHTML, like Gecko) Version/7.0.4 Safari/537.76.4"
178.192.198.81 - - [20/Jun/2014:06:03:23 -0400] "GET /images/trainers/photos/ctl_roy_200.jpg HTTP/1.1" 200 32328 "http://www.chris-nlp-hall.com/the-society-of-nlp/nlp-trainers-certified-by-christina-hall" "Mozilla/5.0 (Macintosh; Intel Mac OS X 10_9_3) AppleWebKit/537.76.4 (KHTML, like Gecko) Version/7.0.4 Safari/537.76.4"
178.192.198.81 - - [20/Jun/2014:06:03:25 -0400] "GET /images/trainers/photos/ctl_lochmann_franziska.jpg HTTP/1.1" 200 2279 "http://www.chris-nlp-hall.com/the-society-of-nlp/nlp-trainers-certified-by-christina-hall" "Mozilla/5.0 (Macintosh; Intel Mac OS X 10_9_3) AppleWebKit/537.76.4 (KHTML, like Gecko) Version/7.0.4 Safari/537.76.4"
178.192.198.81 - - [20/Jun/2014:06:03:25 -0400] "GET /images/trainers/photos/ctl_alberts_ingeborg.jpg HTTP/1.1" 200 3373 "http://www.chris-nlp-hall.com/the-society-of-nlp/nlp-trainers-certified-by-christina-hall" "Mozilla/5.0 (Macintosh; Intel Mac OS X 10_9_3) AppleWebKit/537.76.4 (KHTML, like Gecko) Version/7.0.4 Safari/537.76.4"
178.192.198.81 - - [20/Jun/2014:06:03:25 -0400] "GET /images/trainers/photos/ctl_koenig_melanie.jpg HTTP/1.1" 200 3139 "http://www.chris-nlp-hall.com/the-society-of-nlp/nlp-trainers-certified-by-christina-hall" "Mozilla/5.0 (Macintosh; Intel Mac OS X 10_9_3) AppleWebKit/537.76.4 (KHTML, like Gecko) Version/7.0.4 Safari/537.76.4"
178.192.198.81 - - [20/Jun/2014:06:03:26 -0400] "GET /images/trainers/photos/ctl_voss_200.jpg HTTP/1.1" 200 50865 "http://www.chris-nlp-hall.com/the-society-of-nlp/nlp-trainers-certified-by-christina-hall" "Mozilla/5.0 (Macintosh; Intel Mac OS X 10_9_3) AppleWebKit/537.76.4 (KHTML, like Gecko) Version/7.0.4 Safari/537.76.4"
178.192.198.81 - - [20/Jun/2014:06:03:26 -0400] "GET /images/trainers/photos/ctl_matsuda_noriko.jpg HTTP/1.1" 200 2049 "http://www.chris-nlp-hall.com/the-society-of-nlp/nlp-trainers-certified-by-christina-hall" "Mozilla/5.0 (Macintosh; Intel Mac OS X 10_9_3) AppleWebKit/537.76.4 (KHTML, like Gecko) Version/7.0.4 Safari/537.76.4"
178.192.198.81 - - [20/Jun/2014:06:03:27 -0400] "GET /images/trainers/photos/ctl_nakashima_200.jpg HTTP/1.1" 200 48352 "http://www.chris-nlp-hall.com/the-society-of-nlp/nlp-trainers-certified-by-christina-hall" "Mozilla/5.0 (Macintosh; Intel Mac OS X 10_9_3) AppleWebKit/537.76.4 (KHTML, like Gecko) Version/7.0.4 Safari/537.76.4"
178.192.198.81 - - [20/Jun/2014:06:03:28 -0400] "GET /images/trainers/photos/ctl_bosonet_200.jpg HTTP/1.1" 200 41110 "http://www.chris-nlp-hall.com/the-society-of-nlp/nlp-trainers-certified-by-christina-hall" "Mozilla/5.0 (Macintosh; Intel Mac OS X 10_9_3) AppleWebKit/537.76.4 (KHTML, like Gecko) Version/7.0.4 Safari/537.76.4"
178.192.198.81 - - [20/Jun/2014:06:03:28 -0400] "GET /images/trainers/photos/ctl_beerli_tommike.jpg HTTP/1.1" 200 45894 "http://www.chris-nlp-hall.com/the-society-of-nlp/nlp-trainers-certified-by-christina-hall" "Mozilla/5.0 (Macintosh; Intel Mac OS X 10_9_3) AppleWebKit/537.76.4 (KHTML, like Gecko) Version/7.0.4 Safari/537.76.4"
178.192.198.81 - - [20/Jun/2014:06:03:29 -0400] "GET /images/trainers/photos/ctl_freeth_peter.jpg HTTP/1.1" 200 3846 "http://www.chris-nlp-hall.com/the-society-of-nlp/nlp-trainers-certified-by-christina-hall" "Mozilla/5.0 (Macintosh; Intel Mac OS X 10_9_3) AppleWebKit/537.76.4 (KHTML, like Gecko) Version/7.0.4 Safari/537.76.4"
178.192.198.81 - - [20/Jun/2014:06:03:29 -0400] "GET /images/trainers/photos/ctl_stageman_200.jpg HTTP/1.1" 200 12464 "http://www.chris-nlp-hall.com/the-society-of-nlp/nlp-trainers-certified-by-christina-hall" "Mozilla/5.0 (Macintosh; Intel Mac OS X 10_9_3) AppleWebKit/537.76.4 (KHTML, like Gecko) Version/7.0.4 Safari/537.76.4"
66.249.88.105 - - [20/Jun/2014:17:46:47 -0400] "GET /images/publications/heart_large.jpg HTTP/1.1" 200 48342 "-" "Mozilla/5.0 (Macintosh; Intel Mac OS X 10_9_3) AppleWebKit/537.76.4 (KHTML, like Gecko) Version/7.0.4 Safari/537.76.4,gzip(gfe)"
188.174.7.95 - - [20/Jun/2014:17:51:37 -0400] "GET /administrator/ HTTP/1.1" 200 1612 "-" "Mozilla/5.0 (Macintosh; Intel Mac OS X 10_9_3) AppleWebKit/537.76.4 (KHTML, like Gecko) Version/7.0.4 Safari/537.76.4"
176.61.138.205 - - [20/Jun/2014:19:13:49 -0400] "GET /modules/mod_topic/mod_topic.php HTTP/1.0" 301 289 "http://chrisnlphall.com/modules/mod_topic/mod_topic.php" "Mozilla/4.0 (compatible; MSIE 6.0; Windows 98; Win 9x 4.90)"
188.174.7.95 - - [20/Jun/2014:19:25:17 -0400] "GET /images/chris_portrait.png HTTP/1.1" 200 251176 "http://www.chris-nlp-hall.com/profile-christina-hall-phd-nlp-meta-master-trainer/profile-christina-hall-nlp-meta-master-trainer" "Mozilla/5.0 (Macintosh; Intel Mac OS X 10_9_3) AppleWebKit/537.76.4 (KHTML, like Gecko) Version/7.0.4 Safari/537.76.4"
98.224.218.6 - - [20/Jun/2014:20:18:53 -0400] "GET /images/slides/welcome//20140527_JP_chris.jpg?1403141199816 HTTP/1.1" 304 - "http://www.chris-nlp-hall.com/index.php?p=37" "Mozilla/5.0 (X11; Linux x86_64) AppleWebKit/537.36 (KHTML, like Gecko) Ubuntu Chromium/34.0.1847.116 Chrome/34.0.1847.116 Safari/537.36"
93.186.202.198 - - [20/Jun/2014:20:50:30 -0400] "GET /index.php?p=61 HTTP/1.1" 301 297 "-" "Mozilla/5.0 (compatible; MSIE 10.0; Windows NT 6.1; Trident/6.0)"
88.198.56.239 - - [20/Jun/2014:21:50:00 -0400] "GET /nlp-workshops-and-trainings/calendar HTTP/1.1" 200 14906 "-" "Mozilla/5.0 (Windows NT 6.1; WOW64; rv:21.0) Gecko/20130401 Firefox/21.0"
88.198.56.239 - - [20/Jun/2014:21:50:02 -0400] "GET /the-society-of-nlp/nlp-trainers-certified-by-christina-hall HTTP/1.1" 200 142500 "-" "Mozilla/5.0 (Macintosh; Intel Mac OS X 1084) AppleWebKit/536.29.13 (KHTML like Gecko) Version/6.0.4 Safari/536.29.13"
88.198.56.239 - - [20/Jun/2014:21:50:04 -0400] "GET /nlp-infinity-forum HTTP/1.1" 200 8529 "-" "Mozilla/5.0 (compatible; MSIE 10.0; Windows NT 6.1; WOW64; Trident/6.0)"
88.198.56.239 - - [20/Jun/2014:21:50:05 -0400] "GET / HTTP/1.1" 200 20402 "-" "Mozilla/5.0 (X11; Ubuntu; Linux x86_64; rv:21.0) Gecko/20100101 Firefox/21.0"
88.198.56.239 - - [20/Jun/2014:21:50:06 -0400] "GET /nlp-workshops-and-trainings HTTP/1.1" 200 14666 "-" "Mozilla/5.0 (Windows NT 5.0; rv:21.0) Gecko/20100101 Firefox/21.0"
88.198.56.239 - - [20/Jun/2014:21:50:06 -0400] "GET /profile-christina-hall-phd-nlp-meta-master-trainer/what-people-say-about-christina-hall HTTP/1.1" 200 11499 "-" "Mozilla/5.0 (Windows NT 6.1; WOW64) AppleWebKit/537.11 (KHTML, like Gecko) Chrome/23.0.1271.97 Safari/537.11"
88.198.56.239 - - [20/Jun/2014:21:50:07 -0400] "GET /nlp-product-boutique/more-products-to-come HTTP/1.1" 200 8918 "-" "Mozilla/5.0 (Windows NT 6.1) AppleWebKit/537.36 (KHTML, like Gecko) Chrome/27.0.1453.93 Safari/537.36"
88.198.56.239 - - [20/Jun/2014:21:50:07 -0400] "GET /contact-christina-hall-nlp-connection HTTP/1.1" 200 8747 "-" "Mozilla/5.0 (Macintosh; Intel Mac OS X 10_5_8) AppleWebKit/534.50.2 (KHTML, like Gecko) Version/5.0.6 Safari/533.22.3"
79.87.91.25 - - [20/Jun/2014:07:36:36 -0400] "GET /modules/mod_slideshowck/themes/default/css/camera.css HTTP/1.1" 200 26563 "http://www.chris-nlp-hall.com/" "Mozilla/5.0 (Windows NT 6.1; WOW64; Trident/7.0; rv:11.0) like Gecko"
79.87.91.25 - - [20/Jun/2014:07:36:37 -0400] "GET /images/ch_signature.png HTTP/1.1" 200 11785 "http://www.chris-nlp-hall.com/" "Mozilla/5.0 (Windows NT 6.1; WOW64; Trident/7.0; rv:11.0) like Gecko"
79.87.91.25 - - [20/Jun/2014:07:36:38 -0400] "GET /modules/mod_slideshowck/themes/default/images/camera_skins.png HTTP/1.1" 200 24198 "http://www.chris-nlp-hall.com/" "Mozilla/5.0 (Windows NT 6.1; WOW64; Trident/7.0; rv:11.0) like Gecko"
162.210.196.97 - - [20/Jun/2014:08:55:47 -0400] "GET /robots.txt HTTP/1.0" 301 248 "-" "Mozilla/5.0 (compatible; MJ12bot/v1.4.5; http://www.majestic12.co.uk/bot.php?+)"
217.146.144.226 - - [20/Jun/2014:09:02:41 -0400] "GET /images/trainers/photos/ctl_guittonny_florence.jpg HTTP/1.1" 200 23578 "http://www.chris-nlp-hall.com/the-society-of-nlp/nlp-trainers-certified-by-christina-hall" "Mozilla/5.0 (Windows NT 6.1; WOW64; Trident/7.0; rv:11.0) like Gecko"
217.146.144.226 - - [20/Jun/2014:09:02:41 -0400] "GET /images/trainers/photos/ctl_alberts_ingeborg.jpg HTTP/1.1" 200 3373 "http://www.chris-nlp-hall.com/the-society-of-nlp/nlp-trainers-certified-by-christina-hall" "Mozilla/5.0 (Windows NT 6.1; WOW64; Trident/7.0; rv:11.0) like Gecko"
217.146.144.226 - - [20/Jun/2014:09:02:41 -0400] "GET /images/trainers/photos/ctl_caspers_200.jpg HTTP/1.1" 404 575 "http://www.chris-nlp-hall.com/the-society-of-nlp/nlp-trainers-certified-by-christina-hall" "Mozilla/5.0 (Windows NT 6.1; WOW64; Trident/7.0; rv:11.0) like Gecko"
217.146.144.226 - - [20/Jun/2014:09:02:42 -0400] "GET /images/trainers/photos/ctl_konzoin_yoko.jpg HTTP/1.1" 200 8009 "http://www.chris-nlp-hall.com/the-society-of-nlp/nlp-trainers-certified-by-christina-hall" "Mozilla/5.0 (Windows NT 6.1; WOW64; Trident/7.0; rv:11.0) like Gecko"
217.146.144.226 - - [20/Jun/2014:09:02:42 -0400] "GET /images/trainers/flags/Liechtenstein.png HTTP/1.1" 200 833 "http://www.chris-nlp-hall.com/the-society-of-nlp/nlp-trainers-certified-by-christina-hall" "Mozilla/5.0 (Windows NT 6.1; WOW64; Trident/7.0; rv:11.0) like Gecko"
217.146.144.226 - - [20/Jun/2014:09:02:42 -0400] "GET /images/trainers/photos/ctl_schweitzer_200.jpg HTTP/1.1" 200 36510 "http://www.chris-nlp-hall.com/the-society-of-nlp/nlp-trainers-certified-by-christina-hall" "Mozilla/5.0 (Windows NT 6.1; WOW64; Trident/7.0; rv:11.0) like Gecko"
217.146.144.226 - - [20/Jun/2014:09:02:42 -0400] "GET /images/trainers/photos/ctl_gruenenfelder_200.jpg HTTP/1.1" 200 42152 "http://www.chris-nlp-hall.com/the-society-of-nlp/nlp-trainers-certified-by-christina-hall" "Mozilla/5.0 (Windows NT 6.1; WOW64; Trident/7.0; rv:11.0) like Gecko"
217.146.144.226 - - [20/Jun/2014:09:02:42 -0400] "GET /images/trainers/photos/ctl_watson_200.jpg HTTP/1.1" 200 36916 "http://www.chris-nlp-hall.com/the-society-of-nlp/nlp-trainers-certified-by-christina-hall" "Mozilla/5.0 (Windows NT 6.1; WOW64; Trident/7.0; rv:11.0) like Gecko"
217.146.144.226 - - [20/Jun/2014:09:02:43 -0400] "GET //components/com_cnlp_trainers/css/cnlp_trainers_mail.png HTTP/1.1" 200 1984 "http://www.chris-nlp-hall.com/the-society-of-nlp/nlp-trainers-certified-by-christina-hall" "Mozilla/5.0 (Windows NT 6.1; WOW64; Trident/7.0; rv:11.0) like Gecko"
189.123.130.174 - - [20/Jun/2014:10:31:23 -0400] "GET / HTTP/1.1" 301 238 "http://semalt.semalt.com/crawler.php?u=http://chrisnlphall.com" "Mozilla/5.0 (Windows NT 6.1; WOW64) AppleWebKit/537.36 (KHTML, like Gecko) Chrome/32.0.1700.107 Safari/537.36"
188.174.7.95 - - [20/Jun/2014:10:39:48 -0400] "GET /images/slides/welcome//20140601_PL_chris1.jpg?1403275187039 HTTP/1.1" 200 146368 "http://www.chris-nlp-hall.com/" "Mozilla/5.0 (Macintosh; Intel Mac OS X 10_9_3) AppleWebKit/537.76.4 (KHTML, like Gecko) Version/7.0.4 Safari/537.76.4"
188.174.7.95 - - [20/Jun/2014:10:40:38 -0400] "GET /images/slides/welcome//20000501_FR_group.jpg?1403275237871 HTTP/1.1" 200 206005 "http://www.chris-nlp-hall.com/" "Mozilla/5.0 (Macintosh; Intel Mac OS X 10_9_3) AppleWebKit/537.76.4 (KHTML, like Gecko) Version/7.0.4 Safari/537.76.4"
188.174.7.95 - - [20/Jun/2014:10:43:44 -0400] "GET / HTTP/1.1" 200 4764 "-" "Mozilla/5.0 (Macintosh; Intel Mac OS X 10_9_3) AppleWebKit/537.76.4 (KHTML, like Gecko) Version/7.0.4 Safari/537.76.4"
188.174.7.95 - - [20/Jun/2014:10:43:46 -0400] "GET /media/system/js/caption.js HTTP/1.1" 304 - "http://www.chris-nlp-hall.com/" "Mozilla/5.0 (Macintosh; Intel Mac OS X 10_9_3) AppleWebKit/537.76.4 (KHTML, like Gecko) Version/7.0.4 Safari/537.76.4"
188.174.7.95 - - [20/Jun/2014:10:43:46 -0400] "GET /media/system/js/mootools-more.js HTTP/1.1" 304 - "http://www.chris-nlp-hall.com/" "Mozilla/5.0 (Macintosh; Intel Mac OS X 10_9_3) AppleWebKit/537.76.4 (KHTML, like Gecko) Version/7.0.4 Safari/537.76.4"
188.174.7.95 - - [20/Jun/2014:10:43:47 -0400] "GET /templates/cnlp_neu/css/cnlp_neu.css HTTP/1.1" 200 7306 "http://www.chris-nlp-hall.com/" "Mozilla/5.0 (Macintosh; Intel Mac OS X 10_9_3) AppleWebKit/537.76.4 (KHTML, like Gecko) Version/7.0.4 Safari/537.76.4"
188.174.7.95 - - [20/Jun/2014:10:43:47 -0400] "GET /templates/cnlp_neu/images/lotus_3_800.png HTTP/1.1" 304 - "http://www.chris-nlp-hall.com/" "Mozilla/5.0 (Macintosh; Intel Mac OS X 10_9_3) AppleWebKit/537.76.4 (KHTML, like Gecko) Version/7.0.4 Safari/537.76.4"
188.174.7.95 - - [20/Jun/2014:10:43:49 -0400] "GET /images/slides/welcome//20120630_FRA_Gilles.jpg?1403275428583 HTTP/1.1" 200 187116 "http://www.chris-nlp-hall.com/" "Mozilla/5.0 (Macintosh; Intel Mac OS X 10_9_3) AppleWebKit/537.76.4 (KHTML, like Gecko) Version/7.0.4 Safari/537.76.4"
188.174.7.95 - - [20/Jun/2014:10:45:32 -0400] "GET /images/slides/welcome//20000501_FR_group.jpg?1403275531752 HTTP/1.1" 200 206005 "http://www.chris-nlp-hall.com/" "Mozilla/5.0 (Macintosh; Intel Mac OS X 10_9_3) AppleWebKit/537.76.4 (KHTML, like Gecko) Version/7.0.4 Safari/537.76.4"
188.174.7.95 - - [20/Jun/2014:10:47:27 -0400] "GET /images/slides/welcome//20140510_JP_group1.jpg?1403275646428 HTTP/1.1" 200 208929 "http://www.chris-nlp-hall.com/" "Mozilla/5.0 (Macintosh; Intel Mac OS X 10_9_3) AppleWebKit/537.76.4 (KHTML, like Gecko) Version/7.0.4 Safari/537.76.4"
188.174.7.95 - - [20/Jun/2014:10:52:32 -0400] "GET /administrator/components/com_quicksell/css/style.css HTTP/1.1" 200 1662 "http://www.chris-nlp-hall.com/administrator/index.php?option=com_quicksell" "Mozilla/5.0 (Macintosh; Intel Mac OS X 10_9_3) AppleWebKit/537.76.4 (KHTML, like Gecko) Version/7.0.4 Safari/537.76.4"
188.174.7.95 - - [20/Jun/2014:10:52:33 -0400] "GET /administrator/components/com_quicksell/js/jquery.plupload.queue/jquery.plupload.queue.js HTTP/1.1" 200 6511 "http://www.chris-nlp-hall.com/administrator/index.php?option=com_quicksell" "Mozilla/5.0 (Macintosh; Intel Mac OS X 10_9_3) AppleWebKit/537.76.4 (KHTML, like Gecko) Version/7.0.4 Safari/537.76.4"
188.174.7.95 - - [20/Jun/2014:10:52:33 -0400] "GET /administrator/components/com_quicksell/js/jquery.tipTip.minified.js HTTP/1.1" 200 5291 "http://www.chris-nlp-hall.com/administrator/index.php?option=com_quicksell" "Mozilla/5.0 (Macintosh; Intel Mac OS X 10_9_3) AppleWebKit/537.76.4 (KHTML, like Gecko) Version/7.0.4 Safari/537.76.4"
188.174.7.95 - - [20/Jun/2014:10:52:34 -0400] "GET /administrator/components/com_quicksell/images/icon-48-config.png HTTP/1.1" 200 2712 "http://www.chris-nlp-hall.com/administrator/index.php?option=com_quicksell" "Mozilla/5.0 (Macintosh; Intel Mac OS X 10_9_3) AppleWebKit/537.76.4 (KHTML, like Gecko) Version/7.0.4 Safari/537.76.4"
188.174.7.95 - - [20/Jun/2014:10:52:34 -0400] "GET /administrator/components/com_quicksell/images/icon-48-media.png HTTP/1.1" 200 2170 "http://www.chris-nlp-hall.com/administrator/index.php?option=com_quicksell" "Mozilla/5.0 (Macintosh; Intel Mac OS X 10_9_3) AppleWebKit/537.76.4 (KHTML, like Gecko) Version/7.0.4 Safari/537.76.4"
188.174.7.95 - - [20/Jun/2014:10:52:34 -0400] "GET /administrator/components/com_quicksell/images/icon-48-user-profile.png HTTP/1.1" 200 2269 "http://www.chris-nlp-hall.com/administrator/index.php?option=com_quicksell" "Mozilla/5.0 (Macintosh; Intel Mac OS X 10_9_3) AppleWebKit/537.76.4 (KHTML, like Gecko) Version/7.0.4 Safari/537.76.4"
41.206.12.35 - - [20/Jun/2014:12:16:16 -0400] "GET /media/system/js/caption.js HTTP/1.1" 200 729 "http://www.chris-nlp-hall.com/the-society-of-nlp/nlp-trainers-certified-by-christina-hall" "Mozilla/5.0 (Windows NT 6.1; rv:29.0) Gecko/20100101 Firefox/29.0"
41.206.12.35 - - [20/Jun/2014:12:16:17 -0400] "GET /templates/cnlp_neu/favicon.ico HTTP/1.1" 200 1150 "-" "Mozilla/5.0 (Windows NT 6.1; rv:29.0) Gecko/20100101 Firefox/29.0"
41.206.12.35 - - [20/Jun/2014:12:17:43 -0400] "GET /images/trainers/photos/ctl_ohe_akiko.jpg HTTP/1.1" 200 17766 "http://www.chris-nlp-hall.com/the-society-of-nlp/nlp-trainers-certified-by-christina-hall" "Mozilla/5.0 (Windows NT 6.1; rv:29.0) Gecko/20100101 Firefox/29.0"
81.2.67.162 - - [20/Jun/2014:12:52:20 -0400] "GET /components/com_quicksell/js/jquery.min.js HTTP/1.1" 200 93107 "http://www.chris-nlp-hall.com/nlp-product-boutique/nlp-audiobook-language-christina-hall" "Mozilla/5.0 (Windows NT 6.3; WOW64) AppleWebKit/537.36 (KHTML, like Gecko) Chrome/35.0.1916.153 Safari/537.36"
81.2.67.162 - - [20/Jun/2014:13:03:17 -0400] "GET /nlp-workshops-and-trainings/calendar HTTP/1.1" 200 3348 "http://www.chris-nlp-hall.com/nlp-workshops-and-trainings" "Mozilla/5.0 (Windows NT 6.3; WOW64) AppleWebKit/537.36 (KHTML, like Gecko) Chrome/35.0.1916.153 Safari/537.36"
81.2.67.162 - - [20/Jun/2014:13:03:19 -0400] "GET /images/workshops/sponsors/logo_gilles_roy.jpg HTTP/1.1" 200 11144 "http://www.chris-nlp-hall.com/nlp-workshops-and-trainings/calendar" "Mozilla/5.0 (Windows NT 6.3; WOW64) AppleWebKit/537.36 (KHTML, like Gecko) Chrome/35.0.1916.153 Safari/537.36"
208.115.113.83 - - [20/Jun/2014:13:50:27 -0400] "GET /robots.txt HTTP/1.1" 200 846 "-" "Mozilla/5.0 (compatible; DotBot/1.1; http://www.opensiteexplorer.org/dotbot, help@moz.com)"
46.244.245.1 - - [20/Jun/2014:14:44:56 -0400] "GET /images/trainers/photos/ctl_urayama_200.jpg HTTP/1.1" 200 12727 "http://www.chris-nlp-hall.com/the-society-of-nlp/nlp-trainers-certified-by-christina-hall" "Mozilla/5.0 (Windows NT 5.1; rv:28.0) Gecko/20100101 Firefox/28.0"
46.244.245.1 - - [20/Jun/2014:14:44:56 -0400] "GET /images/trainers/flags/Netherlands.png HTTP/1.1" 200 469 "http://www.chris-nlp-hall.com/the-society-of-nlp/nlp-trainers-certified-by-christina-hall" "Mozilla/5.0 (Windows NT 5.1; rv:28.0) Gecko/20100101 Firefox/28.0"
46.244.245.1 - - [20/Jun/2014:14:44:57 -0400] "GET /images/trainers/flags/Slovenia.png HTTP/1.1" 200 730 "http://www.chris-nlp-hall.com/the-society-of-nlp/nlp-trainers-certified-by-christina-hall" "Mozilla/5.0 (Windows NT 5.1; rv:28.0) Gecko/20100101 Firefox/28.0"
46.244.245.1 - - [20/Jun/2014:14:44:57 -0400] "GET /images/trainers/photos/ctl_bosonet_200.jpg HTTP/1.1" 200 41110 "http://www.chris-nlp-hall.com/the-society-of-nlp/nlp-trainers-certified-by-christina-hall" "Mozilla/5.0 (Windows NT 5.1; rv:28.0) Gecko/20100101 Firefox/28.0"
46.244.245.1 - - [20/Jun/2014:14:44:57 -0400] "GET /images/trainers/photos/ctl_schweitzer_200.jpg HTTP/1.1" 200 36510 "http://www.chris-nlp-hall.com/the-society-of-nlp/nlp-trainers-certified-by-christina-hall" "Mozilla/5.0 (Windows NT 5.1; rv:28.0) Gecko/20100101 Firefox/28.0"
46.244.245.1 - - [20/Jun/2014:14:44:57 -0400] "GET /images/trainers/photos/ctl_streuli_karin.jpg HTTP/1.1" 200 4238 "http://www.chris-nlp-hall.com/the-society-of-nlp/nlp-trainers-certified-by-christina-hall" "Mozilla/5.0 (Windows NT 5.1; rv:28.0) Gecko/20100101 Firefox/28.0"
46.244.245.1 - - [20/Jun/2014:14:44:57 -0400] "GET /images/trainers/photos/ctl_codoni_susanne.jpg HTTP/1.1" 200 3389 "http://www.chris-nlp-hall.com/the-society-of-nlp/nlp-trainers-certified-by-christina-hall" "Mozilla/5.0 (Windows NT 5.1; rv:28.0) Gecko/20100101 Firefox/28.0"
46.244.245.1 - - [20/Jun/2014:14:44:58 -0400] "GET /images/trainers/photos/ctl_beerli_tommike.jpg HTTP/1.1" 200 45894 "http://www.chris-nlp-hall.com/the-society-of-nlp/nlp-trainers-certified-by-christina-hall" "Mozilla/5.0 (Windows NT 5.1; rv:28.0) Gecko/20100101 Firefox/28.0"
94.153.129.134 - - [20/Jun/2014:01:35:53 -0400] "COOK /index.php?p=42 HTTP/1.1" 301 275 "-" "Mozilla/4.0 (compatible; Synapse)"
195.154.185.238 - - [20/Jun/2014:02:13:20 -0400] "GET /the-society-of-nlp/36-criteria-for-certification-as-nlp-practitioner HTTP/1.0" 200 3964 "-" "Mozilla/5.0 (compatible; MJ12bot/v1.4.5; http://www.majestic12.co.uk/bot.php?+)"
88.198.56.239 - - [20/Jun/2014:02:42:15 -0400] "GET /the-society-of-nlp/nlp-trainers-certified-by-christina-hall HTTP/1.1" 200 142500 "-" "Mozilla/5.0 (Macintosh; Intel Mac OS X 10_6_8) AppleWebKit/534.58.2 (KHTML, like Gecko) Version/5.1.8 Safari/534.58.2"
82.80.154.166 - - [20/Jun/2014:03:34:21 -0400] "GET /modules/mod_slideshowck/assets/jquery.mobile.customized.min.js HTTP/1.1" 200 17519 "http://www.chris-nlp-hall.com/" "Mozilla/5.0 (Windows NT 6.2; WOW64; rv:30.0) Gecko/20100101 Firefox/30.0"
82.80.154.166 - - [20/Jun/2014:03:34:58 -0400] "GET /images/slides/welcome//20090903_UK_group.jpg?1403249696256 HTTP/1.1" 200 196887 "http://www.chris-nlp-hall.com/" "Mozilla/5.0 (Windows NT 6.2; WOW64; rv:30.0) Gecko/20100101 Firefox/30.0"
92.153.241.78 - - [20/Jun/2014:03:45:43 -0400] "GET /media/system/js/modal.js HTTP/1.1" 200 9732 "http://www.chris-nlp-hall.com/" "Mozilla/5.0 (iPad; CPU OS 7_1_1 like Mac OS X) AppleWebKit/537.51.2 (KHTML, like Gecko) Version/7.0 Mobile/11D201 Safari/9537.53"
92.153.241.78 - - [20/Jun/2014:03:45:43 -0400] "GET /modules/mod_slideshowck/assets/jquery.easing.1.3.js HTTP/1.1" 200 8097 "http://www.chris-nlp-hall.com/" "Mozilla/5.0 (iPad; CPU OS 7_1_1 like Mac OS X) AppleWebKit/537.51.2 (KHTML, like Gecko) Version/7.0 Mobile/11D201 Safari/9537.53"
92.153.241.78 - - [20/Jun/2014:03:45:45 -0400] "GET /media/system/js/mootools-core.js HTTP/1.1" 200 96362 "http://www.chris-nlp-hall.com/" "Mozilla/5.0 (iPad; CPU OS 7_1_1 like Mac OS X) AppleWebKit/537.51.2 (KHTML, like Gecko) Version/7.0 Mobile/11D201 Safari/9537.53"
92.153.241.78 - - [20/Jun/2014:03:45:48 -0400] "GET /images/ch_signature.png HTTP/1.1" 200 11785 "http://www.chris-nlp-hall.com/" "Mozilla/5.0 (iPad; CPU OS 7_1_1 like Mac OS X) AppleWebKit/537.51.2 (KHTML, like Gecko) Version/7.0 Mobile/11D201 Safari/9537.53"
