188.174.7.95 - - [20/Jun/2014:10:52:12 -0400] "GET /administrator/ HTTP/1.1" 200 1611 "-" "Mozilla/5.0 (Macintosh; Intel Mac OS X 10_9_3) AppleWebKit/537.76.4 (KHTML, like Gecko) Version/7.0.4 Safari/537.76.4"
66.249.67.57 - - [20/Jun/2014:00:56:08 -0400] "GET /images/trainers/photos/ctl_kotera_hirohito.jpg HTTP/1.1" 200 2787 "-" "Googlebot-Image/1.0"
157.55.39.128 - - [20/Jun/2014:01:34:36 -0400] "GET /index.php?p=40 HTTP/1.1" 200 4771 "-" "Mozilla/5.0 (compatible; bingbot/2.0; +http://www.bing.com/bingbot.htm)"
92.153.241.78 - - [20/Jun/2014:03:45:44 -0400] "GET /media/system/js/core.js HTTP/1.1" 200 4784 "http://www.chris-nlp-hall.com/" "Mozilla/5.0 (iPad; CPU OS 7_1_1 like Mac OS X) AppleWebKit/537.51.2 (KHTML, like Gecko) Version/7.0 Mobile/11D201 Safari/9537.53"
82.80.154.166 - - [20/Jun/2014:03:47:15 -0400] "GET /the-society-of-nlp/introducing-the-society-of-nlp HTTP/1.1" 200 2934 "http://www.chris-nlp-hall.com/nlp-articles-and-videos/working-from-the-heart-article-christina-hall" "Mozilla/5.0 (Windows NT 6.2; WOW64; rv:30.0) Gecko/20100101 Firefox/30.0"
54.89.121.111 - - [20/Jun/2014:04:20:53 -0400] "GET / HTTP/1.1" 301 238 "-" "HTTPClient/1.0 (2.4.0, ruby 1.9.3 (2013-06-27))"
84.94.178.105 - - [20/Jun/2014:04:49:57 -0400] "GET /images/slides/welcome//20120630_FRA_Gilles.jpg?1403254195544 HTTP/1.1" 200 187116 "http://www.chris-nlp-hall.com/" "Mozilla/5.0 (Windows NT 6.2; WOW64; rv:30.0) Gecko/20100101 Firefox/30.0"
178.192.198.81 - - [20/Jun/2014:05:14:39 -0400] "GET /images/workshops/sponsors/logo_foley.png HTTP/1.1" 200 5637 "http://www.chris-nlp-hall.com/nlp-workshops-and-trainings/calendar" "Mozilla/5.0 (Macintosh; Intel Mac OS X 10_9_3) AppleWebKit/537.76.4 (KHTML, like Gecko) Version/7.0.4 Safari/537.76.4"
92.153.241.78 - - [20/Jun/2014:05:32:16 -0400] "GET //components/com_cnlp_workshops/css/cnlp_ws_home.png HTTP/1.1" 200 1991 "http://www.chris-nlp-hall.com/nlp-workshops-and-trainings/calendar" "Mozilla/5.0 (iPad; CPU OS 7_1_1 like Mac OS X) AppleWebKit/537.51.2 (KHTML, like Gecko) Version/7.0 Mobile/11D201 Safari/9537.53"
31.165.216.121 - - [20/Jun/2014:05:36:07 -0400] "GET /index.php?p=48 HTTP/1.1" 301 256 "http://www.pnl.ch/college-pnl/certifications" "Mozilla/5.0 (Macintosh; Intel Mac OS X 10_7_5) AppleWebKit/537.76.4 (KHTML, like Gecko) Version/6.1.4 Safari/537.76.4"
31.165.216.121 - - [20/Jun/2014:05:36:07 -0400] "GET /the-society-of-nlp HTTP/1.1" 200 3415 "http://www.pnl.ch/college-pnl/certifications" "Mozilla/5.0 (Macintosh; Intel Mac OS X 10_7_5) AppleWebKit/537.76.4 (KHTML, like Gecko) Version/6.1.4 Safari/537.76.4"
31.165.216.121 - - [20/Jun/2014:05:36:09 -0400] "GET /media/system/js/mootools-core.js HTTP/1.1" 200 96362 "http://www.chris-nlp-hall.com/the-society-of-nlp" "Mozilla/5.0 (Macintosh; Intel Mac OS X 10_7_5) AppleWebKit/537.76.4 (KHTML, like Gecko) Version/6.1.4 Safari/537.76.4"
31.165.216.121 - - [20/Jun/2014:05:36:10 -0400] "GET /templates/cnlp_neu/images/lotus_3_800.png HTTP/1.1" 200 100930 "http://www.chris-nlp-hall.com/the-society-of-nlp" "Mozilla/5.0 (Macintosh; Intel Mac OS X 10_7_5) AppleWebKit/537.76.4 (KHTML, like Gecko) Version/6.1.4 Safari/537.76.4"
178.192.198.81 - - [20/Jun/2014:06:16:46 -0400] "GET /nlp-product-boutique HTTP/1.1" 200 3113 "http://www.chris-nlp-hall.com/nlp-infinity-forum" "Mozilla/5.0 (Macintosh; Intel Mac OS X 10_9_3) AppleWebKit/537.76.4 (KHTML, like Gecko) Version/7.0.4 Safari/537.76.4"
178.192.198.81 - - [20/Jun/2014:06:16:48 -0400] "GET /images/boutique/42-1-095-00-perspective.jpg HTTP/1.1" 200 53902 "http://www.chris-nlp-hall.com/nlp-product-boutique" "Mozilla/5.0 (Macintosh; Intel Mac OS X 10_9_3) AppleWebKit/537.76.4 (KHTML, like Gecko) Version/7.0.4 Safari/537.76.4"
41.206.12.35 - - [20/Jun/2014:12:16:33 -0400] "GET /images/trainers/photos/ctl_cary_200.jpg HTTP/1.1" 200 29938 "http://www.chris-nlp-hall.com/the-society-of-nlp/nlp-trainers-certified-by-christina-hall" "Mozilla/5.0 (Windows NT 6.1; rv:29.0) Gecko/20100101 Firefox/29.0"
41.206.12.35 - - [20/Jun/2014:12:18:12 -0400] "GET /images/trainers/photos/ctl_felber_petra.jpg HTTP/1.1" 200 5327 "http://www.chris-nlp-hall.com/the-society-of-nlp/nlp-trainers-certified-by-christina-hall" "Mozilla/5.0 (Windows NT 6.1; rv:29.0) Gecko/20100101 Firefox/29.0"
188.174.7.95 - - [20/Jun/2014:12:24:17 -0400] "GET /robots.txt HTTP/1.1" 304 - "-" "Mozilla/5.0 (Macintosh; Intel Mac OS X 10_9_3) AppleWebKit/537.76.4 (KHTML, like Gecko) Version/7.0.4 Safari/537.76.4"
81.2.67.162 - - [20/Jun/2014:12:52:07 -0400] "GET /nlp-product-boutique HTTP/1.1" 200 3113 "http://www.chris-nlp-hall.com/" "Mozilla/5.0 (Windows NT 6.3; WOW64) AppleWebKit/537.36 (KHTML, like Gecko) Chrome/35.0.1916.153 Safari/537.36"
81.2.67.162 - - [20/Jun/2014:12:52:09 -0400] "GET /images/boutique/42-1-095-00-perspective.jpg HTTP/1.1" 200 53902 "http://www.chris-nlp-hall.com/nlp-product-boutique" "Mozilla/5.0 (Windows NT 6.3; WOW64) AppleWebKit/537.36 (KHTML, like Gecko) Chrome/35.0.1916.153 Safari/537.36"
81.2.67.162 - - [20/Jun/2014:13:02:42 -0400] "GET /images/slides/welcome//20090903_UK_group.jpg?1403283763242 HTTP/1.1" 200 196887 "http://www.chris-nlp-hall.com/" "Mozilla/5.0 (Windows NT 6.3; WOW64) AppleWebKit/537.36 (KHTML, like Gecko) Chrome/35.0.1916.153 Safari/537.36"
213.57.142.187 - - [20/Jun/2014:14:14:07 -0400] "GET /images/slides/welcome//20120722_UK_group.jpg?1403288019370 HTTP/1.1" 200 182456 "http://www.chris-nlp-hall.com/" "Mozilla/5.0 (Windows NT 5.1) AppleWebKit/537.36 (KHTML, like Gecko) Chrome/35.0.1916.153 Safari/537.36"
213.57.142.187 - - [20/Jun/2014:14:14:10 -0400] "GET /images/slides/welcome//20111015_JP_group.jpg?1403288022456 HTTP/1.1" 200 226921 "http://www.chris-nlp-hall.com/" "Mozilla/5.0 (Windows NT 5.1) AppleWebKit/537.36 (KHTML, like Gecko) Chrome/35.0.1916.153 Safari/537.36"
69.201.135.181 - - [20/Jun/2014:16:15:40 -0400] "GET /media/system/js/caption.js HTTP/1.1" 200 729 "http://www.chris-nlp-hall.com/nlp-workshops-and-trainings/nlp-language-training" "Mozilla/5.0 (Macintosh; Intel Mac OS X 10.9; rv:30.0) Gecko/20100101 Firefox/30.0"
112.137.166.238 - - [20/Jun/2014:16:32:14 -0400] "GET /wp-login.php HTTP/1.0" 403 214 "-" "-"
98.224.218.6 - - [20/Jun/2014:20:16:29 -0400] "GET /images/slides/welcome//20120702_FR_group.jpg?1403141055817 HTTP/1.1" 304 - "http://www.chris-nlp-hall.com/index.php?p=37" "Mozilla/5.0 (X11; Linux x86_64) AppleWebKit/537.36 (KHTML, like Gecko) Ubuntu Chromium/34.0.1847.116 Chrome/34.0.1847.116 Safari/537.36"
69.201.135.181 - - [20/Jun/2014:21:20:31 -0400] "GET /nlp-product-boutique/nlp-audiobook-language-christina-hall HTTP/1.1" 200 10169 "http://www.chris-nlp-hall.com/nlp-product-boutique" "Mozilla/5.0 (Macintosh; Intel Mac OS X 10.9; rv:30.0) Gecko/20100101 Firefox/30.0"
69.201.135.181 - - [20/Jun/2014:21:20:34 -0400] "GET /administrator/components/com_quicksell/images/css_buttons/0001/style.css HTTP/1.1" 200 860 "http://www.chris-nlp-hall.com/nlp-product-boutique/nlp-audiobook-language-christina-hall" "Mozilla/5.0 (Macintosh; Intel Mac OS X 10.9; rv:30.0) Gecko/20100101 Firefox/30.0"
79.87.91.25 - - [20/Jun/2014:07:38:02 -0400] "GET /images/slides/welcome//20140301_JP_group.png?1403264289352 HTTP/1.1" 200 717226 "http://www.chris-nlp-hall.com/" "Mozilla/5.0 (Windows NT 6.1; WOW64; Trident/7.0; rv:11.0) like Gecko"
79.87.91.25 - - [20/Jun/2014:07:39:04 -0400] "GET /images/slides/welcome//20110212_UK_group.jpg?1403264351866 HTTP/1.1" 200 190204 "http://www.chris-nlp-hall.com/" "Mozilla/5.0 (Windows NT 6.1; WOW64; Trident/7.0; rv:11.0) like Gecko"
162.210.196.97 - - [20/Jun/2014:08:55:38 -0400] "GET / HTTP/1.0" 301 238 "-" "Mozilla/5.0 (compatible; MJ12bot/v1.4.5; http://www.majestic12.co.uk/bot.php?+)"
217.146.144.226 - - [20/Jun/2014:09:02:41 -0400] "GET /templates/cnlp_neu/css/cnlp_neu.css HTTP/1.1" 200 7538 "http://www.chris-nlp-hall.com/the-society-of-nlp/nlp-trainers-certified-by-christina-hall" "Mozilla/5.0 (Windows NT 6.1; WOW64; Trident/7.0; rv:11.0) like Gecko"
217.146.144.226 - - [20/Jun/2014:09:02:41 -0400] "GET /images/trainers/photos/ctl_schimpke_michael.jpg HTTP/1.1" 200 3932 "http://www.chris-nlp-hall.com/the-society-of-nlp/nlp-trainers-certified-by-christina-hall" "Mozilla/5.0 (Windows NT 6.1; WOW64; Trident/7.0; rv:11.0) like Gecko"
217.146.144.226 - - [20/Jun/2014:09:02:41 -0400] "GET /images/trainers/photos/ctl_felber_petra.jpg HTTP/1.1" 200 5327 "http://www.chris-nlp-hall.com/the-society-of-nlp/nlp-trainers-certified-by-christina-hall" "Mozilla/5.0 (Windows NT 6.1; WOW64; Trident/7.0; rv:11.0) like Gecko"
217.146.144.226 - - [20/Jun/2014:09:02:41 -0400] "GET /images/trainers/photos/ctl_dickhut_200.jpg HTTP/1.1" 200 54089 "http://www.chris-nlp-hall.com/the-society-of-nlp/nlp-trainers-certified-by-christina-hall" "Mozilla/5.0 (Windows NT 6.1; WOW64; Trident/7.0; rv:11.0) like Gecko"
217.146.144.226 - - [20/Jun/2014:09:02:42 -0400] "GET /images/trainers/photos/ctl_urayama_200.jpg HTTP/1.1" 200 12727 "http://www.chris-nlp-hall.com/the-society-of-nlp/nlp-trainers-certified-by-christina-hall" "Mozilla/5.0 (Windows NT 6.1; WOW64; Trident/7.0; rv:11.0) like Gecko"
217.146.144.226 - - [20/Jun/2014:09:02:42 -0400] "GET /images/trainers/photos/ctl_stul_200.jpg HTTP/1.1" 200 47392 "http://www.chris-nlp-hall.com/the-society-of-nlp/nlp-trainers-certified-by-christina-hall" "Mozilla/5.0 (Windows NT 6.1; WOW64; Trident/7.0; rv:11.0) like Gecko"
98.224.218.6 - - [20/Jun/2014:09:20:03 -0400] "GET /images/slides/welcome//20110623_JP_Chris.jpg?1403141631814 HTTP/1.1" 304 - "http://www.chris-nlp-hall.com/index.php?p=37" "Mozilla/5.0 (X11; Linux x86_64) AppleWebKit/537.36 (KHTML, like Gecko) Ubuntu Chromium/34.0.1847.116 Chrome/34.0.1847.116 Safari/537.36"
199.115.117.243 - - [20/Jun/2014:09:58:25 -0400] "GET /images/trainers/photos/ctl_fritsche_200.jpg HTTP/1.1" 200 92257 "http://www.chris-nlp-hall.com/the-society-of-nlp/nlp-trainers-certified-by-christina-hall" "Mozilla/5.0 (Windows NT 6.1; WOW64; rv:29.0) Gecko/20100101 Firefox/29.0"
199.115.117.243 - - [20/Jun/2014:09:58:34 -0400] "GET /images/trainers/photos/ctl_bourdais_marie-france.jpg HTTP/1.1" 200 3059 "http://www.chris-nlp-hall.com/the-society-of-nlp/nlp-trainers-certified-by-christina-hall" "Mozilla/5.0 (Windows NT 6.1; WOW64; rv:29.0) Gecko/20100101 Firefox/29.0"
199.115.117.243 - - [20/Jun/2014:09:58:37 -0400] "GET /images/trainers/photos/ctl_gruenenfelder_200.jpg HTTP/1.1" 200 42152 "http://www.chris-nlp-hall.com/the-society-of-nlp/nlp-trainers-certified-by-christina-hall" "Mozilla/5.0 (Windows NT 6.1; WOW64; rv:29.0) Gecko/20100101 Firefox/29.0"
189.123.130.174 - - [20/Jun/2014:10:31:26 -0400] "GET /modules/mod_slideshowck/themes/default/css/camera.css HTTP/1.1" 200 26563 "http://www.chris-nlp-hall.com/" "Mozilla/5.0 (Windows NT 6.1; WOW64) AppleWebKit/537.36 (KHTML, like Gecko) Chrome/32.0.1700.107 Safari/537.36"
189.123.130.174 - - [20/Jun/2014:10:31:27 -0400] "GET /templates/cnlp_neu/css/cnlp_neu.css HTTP/1.1" 200 7538 "http://www.chris-nlp-hall.com/" "Mozilla/5.0 (Windows NT 6.1; WOW64) AppleWebKit/537.36 (KHTML, like Gecko) Chrome/32.0.1700.107 Safari/537.36"
189.123.130.174 - - [20/Jun/2014:10:31:29 -0400] "GET /templates/cnlp_neu/images/px_transparent_60.png HTTP/1.1" 200 116 "http://www.chris-nlp-hall.com/" "Mozilla/5.0 (Windows NT 6.1; WOW64) AppleWebKit/537.36 (KHTML, like Gecko) Chrome/32.0.1700.107 Safari/537.36"
189.123.130.174 - - [20/Jun/2014:10:31:29 -0400] "GET /images/ch_signature.png HTTP/1.1" 200 11785 "http://www.chris-nlp-hall.com/" "Mozilla/5.0 (Windows NT 6.1; WOW64) AppleWebKit/537.36 (KHTML, like Gecko) Chrome/32.0.1700.107 Safari/537.36"
189.123.130.174 - - [20/Jun/2014:10:31:30 -0400] "GET /modules/mod_slideshowck/themes/default/images/camera_skins.png HTTP/1.1" 200 24198 "http://www.chris-nlp-hall.com/" "Mozilla/5.0 (Windows NT 6.1; WOW64) AppleWebKit/537.36 (KHTML, like Gecko) Chrome/32.0.1700.107 Safari/537.36"
189.123.130.174 - - [20/Jun/2014:10:31:30 -0400] "GET /images/slides/welcome//20121018_JP_Shinichi.jpg?1403274686260 HTTP/1.1" 200 140615 "http://www.chris-nlp-hall.com/" "Mozilla/5.0 (Windows NT 6.1; WOW64) AppleWebKit/537.36 (KHTML, like Gecko) Chrome/32.0.1700.107 Safari/537.36"
188.174.7.95 - - [20/Jun/2014:10:39:36 -0400] "GET /modules/mod_slideshowck/themes/default/css/camera.css HTTP/1.1" 304 - "http://www.chris-nlp-hall.com/" "Mozilla/5.0 (Macintosh; Intel Mac OS X 10_9_3) AppleWebKit/537.76.4 (KHTML, like Gecko) Version/7.0.4 Safari/537.76.4"
188.174.7.95 - - [20/Jun/2014:10:39:36 -0400] "GET /modules/mod_slideshowck/assets/camera.min.js HTTP/1.1" 304 - "http://www.chris-nlp-hall.com/" "Mozilla/5.0 (Macintosh; Intel Mac OS X 10_9_3) AppleWebKit/537.76.4 (KHTML, like Gecko) Version/7.0.4 Safari/537.76.4"
188.174.7.95 - - [20/Jun/2014:10:39:37 -0400] "GET /images/ch_signature.png HTTP/1.1" 304 - "http://www.chris-nlp-hall.com/" "Mozilla/5.0 (Macintosh; Intel Mac OS X 10_9_3) AppleWebKit/537.76.4 (KHTML, like Gecko) Version/7.0.4 Safari/537.76.4"
188.174.7.95 - - [20/Jun/2014:10:44:37 -0400] "GET /modules/mod_slideshowck/themes/default/css/camera.css HTTP/1.1" 304 - "http://www.chris-nlp-hall.com/" "Mozilla/5.0 (Macintosh; Intel Mac OS X 10_9_3) AppleWebKit/537.76.4 (KHTML, like Gecko) Version/7.0.4 Safari/537.76.4"
188.174.7.95 - - [20/Jun/2014:10:44:38 -0400] "GET /modules/mod_slideshowck/assets/camera.min.js HTTP/1.1" 304 - "http://www.chris-nlp-hall.com/" "Mozilla/5.0 (Macintosh; Intel Mac OS X 10_9_3) AppleWebKit/537.76.4 (KHTML, like Gecko) Version/7.0.4 Safari/537.76.4"
188.174.7.95 - - [20/Jun/2014:10:44:38 -0400] "GET /images/ch_signature.png HTTP/1.1" 304 - "http://www.chris-nlp-hall.com/" "Mozilla/5.0 (Macintosh; Intel Mac OS X 10_9_3) AppleWebKit/537.76.4 (KHTML, like Gecko) Version/7.0.4 Safari/537.76.4"
188.174.7.95 - - [20/Jun/2014:10:49:16 -0400] "GET /images/slides/welcome//20140601_PL_chris1.jpg?1403275755103 HTTP/1.1" 200 146368 "http://www.chris-nlp-hall.com/" "Mozilla/5.0 (Macintosh; Intel Mac OS X 10_9_3) AppleWebKit/537.76.4 (KHTML, like Gecko) Version/7.0.4 Safari/537.76.4"
195.154.185.238 - - [20/Jun/2014:02:12:37 -0400] "GET /nlp-product-boutique?format=feed&type=atom HTTP/1.0" 200 1272 "-" "Mozilla/5.0 (compatible; MJ12bot/v1.4.5; http://www.majestic12.co.uk/bot.php?+)"
195.154.185.238 - - [20/Jun/2014:02:13:25 -0400] "GET /the-society-of-nlp/37-certification-nlp-master-practitioner HTTP/1.0" 200 4121 "-" "Mozilla/5.0 (compatible; MJ12bot/v1.4.5; http://www.majestic12.co.uk/bot.php?+)"
82.80.154.166 - - [20/Jun/2014:03:34:26 -0400] "GET /templates/cnlp_neu/images/px_transparent_50.png HTTP/1.1" 200 112 "http://www.chris-nlp-hall.com/templates/cnlp_neu/css/cnlp_neu.css" "Mozilla/5.0 (Windows NT 6.2; WOW64; rv:30.0) Gecko/20100101 Firefox/30.0"
82.80.154.166 - - [20/Jun/2014:03:34:26 -0400] "GET /modules/mod_slideshowck/themes/default/images/camera_skins.png HTTP/1.1" 200 24198 "http://www.chris-nlp-hall.com/modules/mod_slideshowck/themes/default/css/camera.css" "Mozilla/5.0 (Windows NT 6.2; WOW64; rv:30.0) Gecko/20100101 Firefox/30.0"
178.192.198.81 - - [20/Jun/2014:05:10:18 -0400] "GET /the-society-of-nlp/certification-as-nlp-master-practitioner HTTP/1.1" 200 4123 "http://www.chris-nlp-hall.com/the-society-of-nlp" "Mozilla/5.0 (Macintosh; Intel Mac OS X 10_9_3) AppleWebKit/537.76.4 (KHTML, like Gecko) Version/7.0.4 Safari/537.76.4"
92.153.241.78 - - [20/Jun/2014:05:31:43 -0400] "GET /templates/cnlp_neu/css/cnlp_neu.css HTTP/1.1" 200 7538 "http://www.chris-nlp-hall.com/nlp-workshops-and-trainings/calendar" "Mozilla/5.0 (iPad; CPU OS 7_1_1 like Mac OS X) AppleWebKit/537.51.2 (KHTML, like Gecko) Version/7.0 Mobile/11D201 Safari/9537.53"
92.153.241.78 - - [20/Jun/2014:05:32:07 -0400] "GET /media/system/js/caption.js HTTP/1.1" 200 729 "http://www.chris-nlp-hall.com/nlp-workshops-and-trainings/calendar" "Mozilla/5.0 (iPad; CPU OS 7_1_1 like Mac OS X) AppleWebKit/537.51.2 (KHTML, like Gecko) Version/7.0 Mobile/11D201 Safari/9537.53"
41.206.12.35 - - [20/Jun/2014:12:16:16 -0400] "GET /media/system/js/core.js HTTP/1.1" 200 4784 "http://www.chris-nlp-hall.com/the-society-of-nlp/nlp-trainers-certified-by-christina-hall" "Mozilla/5.0 (Windows NT 6.1; rv:29.0) Gecko/20100101 Firefox/29.0"
41.206.12.35 - - [20/Jun/2014:12:18:55 -0400] "GET /images/trainers/photos/ctl_schweitzer_200.jpg HTTP/1.1" 200 36510 "http://www.chris-nlp-hall.com/the-society-of-nlp/nlp-trainers-certified-by-christina-hall" "Mozilla/5.0 (Windows NT 6.1; rv:29.0) Gecko/20100101 Firefox/29.0"
157.55.39.48 - - [20/Jun/2014:12:25:28 -0400] "GET /robots.txt HTTP/1.1" 301 248 "-" "Mozilla/5.0 (compatible; bingbot/2.0; +http://www.bing.com/bingbot.htm)"
157.55.39.48 - - [20/Jun/2014:12:25:28 -0400] "GET /robots.txt HTTP/1.1" 200 846 "-" "Mozilla/5.0 (compatible; bingbot/2.0; +http://www.bing.com/bingbot.htm)"
66.249.88.105 - - [20/Jun/2014:12:34:53 -0400] "GET /nlp-workshops-and-trainings/calendar HTTP/1.1" 200 3348 "-" "Mozilla/5.0 (en-us) AppleWebKit/537.36 (KHTML, like Gecko; Google PP Default) Chrome/27.0.1453 Safari/537.36"
66.249.88.105 - - [20/Jun/2014:12:34:55 -0400] "GET /media/system/js/mootools-core.js HTTP/1.1" 200 96362 "http://www.chris-nlp-hall.com/nlp-workshops-and-trainings/calendar" "Mozilla/5.0 (en-us) AppleWebKit/537.36 (KHTML, like Gecko; Google PP Default) Chrome/27.0.1453 Safari/537.36"
66.249.88.105 - - [20/Jun/2014:12:34:55 -0400] "GET /templates/cnlp_neu/images/lotus_3_800.png HTTP/1.1" 200 100930 "http://www.chris-nlp-hall.com/nlp-workshops-and-trainings/calendar" "Mozilla/5.0 (en-us) AppleWebKit/537.36 (KHTML, like Gecko; Google PP Default) Chrome/27.0.1453 Safari/537.36"
66.249.88.105 - - [20/Jun/2014:12:34:55 -0400] "GET /images/workshops/sponsors/logo_voice.png HTTP/1.1" 200 6107 "http://www.chris-nlp-hall.com/nlp-workshops-and-trainings/calendar" "Mozilla/5.0 (en-us) AppleWebKit/537.36 (KHTML, like Gecko; Google PP Default) Chrome/27.0.1453 Safari/537.36"
46.105.105.227 - - [20/Jun/2014:12:47:33 -0400] "GET /profile-christina-hall-phd-nlp-meta-master-trainer HTTP/1.1" 200 13381 "-" "Mozilla/5.0 (Windows NT 5.1; rv:15.0) Gecko/20120909 Firefox/15.0.1 SeaMonkey/2.12.1"
46.105.105.227 - - [20/Jun/2014:12:47:39 -0400] "GET /nlp-articles-and-videos/language-and-time-article-christina-hall HTTP/1.1" 200 27144 "-" "Mozilla/5.0 (Windows NT 5.1; rv:15.0) Gecko/20120909 Firefox/15.0.1 SeaMonkey/2.12.1"
81.2.67.162 - - [20/Jun/2014:12:57:02 -0400] "GET /the-society-of-nlp HTTP/1.1" 200 3415 "http://www.chris-nlp-hall.com/nlp-workshops-and-trainings" "Mozilla/5.0 (Windows NT 6.3; WOW64) AppleWebKit/537.36 (KHTML, like Gecko) Chrome/35.0.1916.153 Safari/537.36"
66.249.64.32 - - [20/Jun/2014:12:57:22 -0400] "GET /styles/chris.css HTTP/1.1" 404 575 "-" "Mozilla/5.0 (compatible; Googlebot/2.1; +http://www.google.com/bot.html)"
46.119.120.207 - - [20/Jun/2014:13:18:35 -0400] "GET / HTTP/1.1" 200 20325 "http://traxdom.ru/" "Mozilla/4.0 (compatible; MSIE 6.0; Windows NT 5.0; .NET CLR 1.0.3705; .NET CLR 1.1.4322)"
213.57.142.187 - - [20/Jun/2014:14:13:47 -0400] "GET /images/slides/welcome//20110623_JP_Chris3.jpg?1403287998648 HTTP/1.1" 200 107912 "http://www.chris-nlp-hall.com/" "Mozilla/5.0 (Windows NT 5.1) AppleWebKit/537.36 (KHTML, like Gecko) Chrome/35.0.1916.153 Safari/537.36"
213.57.142.187 - - [20/Jun/2014:14:13:49 -0400] "GET /images/slides/welcome//20140301_JP_group.png?1403288001044 HTTP/1.1" 200 717226 "http://www.chris-nlp-hall.com/" "Mozilla/5.0 (Windows NT 5.1) AppleWebKit/537.36 (KHTML, like Gecko) Chrome/35.0.1916.153 Safari/537.36"
213.57.142.187 - - [20/Jun/2014:14:13:57 -0400] "GET /images/slides/welcome//20080101_UK_group.jpg?1403288008409 HTTP/1.1" 200 140161 "http://www.chris-nlp-hall.com/" "Mozilla/5.0 (Windows NT 5.1) AppleWebKit/537.36 (KHTML, like Gecko) Chrome/35.0.1916.153 Safari/537.36"
199.116.169.254 - - [20/Jun/2014:14:33:10 -0400] "GET / HTTP/1.1" 200 20325 "-" "Mozilla/4.0 (compatible; MSIE 7.0; Windows NT 5.1; InfoPath.1; .NET CLR 2.0.50727; .NET CLR 1.1.4322; MS-RTC LM 8; .NET CLR 3.0.4506.2152; .NET CLR 3.5.30729)"
206.190.75.9 - - [20/Jun/2014:14:52:11 -0400] "GET /media/system/css/modal.css HTTP/1.1" 200 2823 "http://www.chris-nlp-hall.com/" "Mozilla/5.0 (Windows NT 6.1; WOW64) AppleWebKit/537.36 (KHTML, like Gecko) Chrome/35.0.1916.153 Safari/537.36"
206.190.75.9 - - [20/Jun/2014:14:52:11 -0400] "GET /templates/cnlp_neu/css/cnlp_neu.css HTTP/1.1" 200 7306 "http://www.chris-nlp-hall.com/" "Mozilla/5.0 (Windows NT 6.1; WOW64) AppleWebKit/537.36 (KHTML, like Gecko) Chrome/35.0.1916.153 Safari/537.36"
206.190.75.9 - - [20/Jun/2014:14:52:12 -0400] "GET /modules/mod_slideshowck/assets/jquery.easing.1.3.js HTTP/1.1" 200 8097 "http://www.chris-nlp-hall.com/" "Mozilla/5.0 (Windows NT 6.1; WOW64) AppleWebKit/537.36 (KHTML, like Gecko) Chrome/35.0.1916.153 Safari/537.36"
206.190.75.9 - - [20/Jun/2014:14:52:12 -0400] "GET /images/ch_signature.png HTTP/1.1" 200 11785 "http://www.chris-nlp-hall.com/" "Mozilla/5.0 (Windows NT 6.1; WOW64) AppleWebKit/537.36 (KHTML, like Gecko) Chrome/35.0.1916.153 Safari/537.36"
206.190.75.9 - - [20/Jun/2014:14:52:11 -0400] "GET /media/system/js/mootools-more.js HTTP/1.1" 200 238331 "http://www.chris-nlp-hall.com/" "Mozilla/5.0 (Windows NT 6.1; WOW64) AppleWebKit/537.36 (KHTML, like Gecko) Chrome/35.0.1916.153 Safari/537.36"
206.190.75.9 - - [20/Jun/2014:14:52:12 -0400] "GET /templates/cnlp_neu/images/lotus_3_800.png HTTP/1.1" 200 100930 "http://www.chris-nlp-hall.com/" "Mozilla/5.0 (Windows NT 6.1; WOW64) AppleWebKit/537.36 (KHTML, like Gecko) Chrome/35.0.1916.153 Safari/537.36"
206.190.75.9 - - [20/Jun/2014:14:52:12 -0400] "GET /modules/mod_slideshowck/themes/default/images/camera-loader.gif HTTP/1.1" 200 9289 "http://www.chris-nlp-hall.com/" "Mozilla/5.0 (Windows NT 6.1; WOW64) AppleWebKit/537.36 (KHTML, like Gecko) Chrome/35.0.1916.153 Safari/537.36"
188.174.7.95 - - [20/Jun/2014:17:25:05 -0400] "GET /images/publications/interview_small.jpg HTTP/1.1" 304 - "http://www.chris-nlp-hall.com/nlp-articles-and-videos" "Mozilla/5.0 (Macintosh; Intel Mac OS X 10_9_3) AppleWebKit/537.76.4 (KHTML, like Gecko) Version/7.0.4 Safari/537.76.4"
188.174.7.95 - - [20/Jun/2014:17:29:51 -0400] "GET /images/slides/welcome//20140601_PL_chris1.jpg?1403299791295 HTTP/1.1" 200 146368 "http://www.chris-nlp-hall.com/" "Mozilla/5.0 (Macintosh; Intel Mac OS X 10_9_3) AppleWebKit/537.76.4 (KHTML, like Gecko) Version/7.0.4 Safari/537.76.4"
188.174.7.95 - - [20/Jun/2014:17:41:02 -0400] "GET /media/system/js/mootools-more.js HTTP/1.1" 200 238331 "http://www.chris-nlp-hall.com/the-society-of-nlp/nlp-trainers-certified-by-christina-hall" "Mozilla/5.0 (Macintosh; Intel Mac OS X 10_9_3) AppleWebKit/537.76.4 (KHTML, like Gecko) Version/7.0.4 Safari/537.76.4"
188.174.7.95 - - [20/Jun/2014:17:41:03 -0400] "GET /templates/cnlp_neu/images/px_transparent_50.png HTTP/1.1" 200 112 "http://www.chris-nlp-hall.com/the-society-of-nlp/nlp-trainers-certified-by-christina-hall" "Mozilla/5.0 (Macintosh; Intel Mac OS X 10_9_3) AppleWebKit/537.76.4 (KHTML, like Gecko) Version/7.0.4 Safari/537.76.4"
188.174.7.95 - - [20/Jun/2014:17:41:03 -0400] "GET //components/com_cnlp_trainers/css/cnlp_trainers_home.png HTTP/1.1" 200 1991 "http://www.chris-nlp-hall.com/the-society-of-nlp/nlp-trainers-certified-by-christina-hall" "Mozilla/5.0 (Macintosh; Intel Mac OS X 10_9_3) AppleWebKit/537.76.4 (KHTML, like Gecko) Version/7.0.4 Safari/537.76.4"
188.174.7.95 - - [20/Jun/2014:17:41:04 -0400] "GET //components/com_cnlp_trainers/css/cnlp_trainers_phone.png HTTP/1.1" 200 1892 "http://www.chris-nlp-hall.com/the-society-of-nlp/nlp-trainers-certified-by-christina-hall" "Mozilla/5.0 (Macintosh; Intel Mac OS X 10_9_3) AppleWebKit/537.76.4 (KHTML, like Gecko) Version/7.0.4 Safari/537.76.4"
188.174.7.95 - - [20/Jun/2014:17:41:04 -0400] "GET /images/trainers/photos/ctl_puel_jacques.jpg HTTP/1.1" 200 3498 "http://www.chris-nlp-hall.com/the-society-of-nlp/nlp-trainers-certified-by-christina-hall" "Mozilla/5.0 (Macintosh; Intel Mac OS X 10_9_3) AppleWebKit/537.76.4 (KHTML, like Gecko) Version/7.0.4 Safari/537.76.4"
188.174.7.95 - - [20/Jun/2014:17:41:04 -0400] "GET /images/trainers/photos/ctl_poupard_200.jpg HTTP/1.1" 200 47561 "http://www.chris-nlp-hall.com/the-society-of-nlp/nlp-trainers-certified-by-christina-hall" "Mozilla/5.0 (Macintosh; Intel Mac OS X 10_9_3) AppleWebKit/537.76.4 (KHTML, like Gecko) Version/7.0.4 Safari/537.76.4"
50.243.130.138 - - [20/Jun/2014:19:21:40 -0400] "GET /the-society-of-nlp/nlp-trainers-certified-by-christina-hall%2B41+@bluewin.ch+contacts+executives+directors+managers+--419,+--spam,+--scam HTTP/1.1" 404 575 "-" "Mozilla/4.0 (compatible; MSIE 8.0; Win32)"
41.189.48.82 - - [20/Jun/2014:23:20:28 -0400] "GET /images/trainers/photos/ctl_gruenenfelder_200.jpg HTTP/1.1" 200 42152 "http://www.chris-nlp-hall.com/the-society-of-nlp/nlp-trainers-certified-by-christina-hall" "Mozilla/5.0 (Windows NT 5.1; rv:30.0) Gecko/20100101 Firefox/30.0"
79.87.91.25 - - [20/Jun/2014:07:36:36 -0400] "GET /media/system/js/core.js HTTP/1.1" 200 4784 "http://www.chris-nlp-hall.com/" "Mozilla/5.0 (Windows NT 6.1; WOW64; Trident/7.0; rv:11.0) like Gecko"
79.87.91.25 - - [20/Jun/2014:07:36:36 -0400] "GET /modules/mod_slideshowck/assets/jquery.min.js HTTP/1.1" 200 93888 "http://www.chris-nlp-hall.com/" "Mozilla/5.0 (Windows NT 6.1; WOW64; Trident/7.0; rv:11.0) like Gecko"
79.87.91.25 - - [20/Jun/2014:07:36:38 -0400] "GET /images/bg.png HTTP/1.1" 200 122 "http://www.chris-nlp-hall.com/" "Mozilla/5.0 (Windows NT 6.1; WOW64; Trident/7.0; rv:11.0) like Gecko"
79.87.91.25 - - [20/Jun/2014:07:39:13 -0400] "GET /images/slides/welcome//20110623_JP_Chris2.jpg?1403264360368 HTTP/1.1" 200 111845 "http://www.chris-nlp-hall.com/" "Mozilla/5.0 (Windows NT 6.1; WOW64; Trident/7.0; rv:11.0) like Gecko"
79.87.91.25 - - [20/Jun/2014:07:40:04 -0400] "GET /images/slides/welcome//20120722_UK_group.jpg?1403264411362 HTTP/1.1" 200 182456 "http://www.chris-nlp-hall.com/" "Mozilla/5.0 (Windows NT 6.1; WOW64; Trident/7.0; rv:11.0) like Gecko"
101.226.33.203 - - [20/Jun/2014:08:57:08 -0400] "GET / HTTP/1.1" 301 238 "-" "Mozilla/4.0"
66.249.67.44 - - [20/Jun/2014:09:21:21 -0400] "GET /galleries/images/us.gif HTTP/1.1" 404 575 "-" "Googlebot-Image/1.0"
82.80.154.166 - - [20/Jun/2014:03:36:20 -0400] "GET /images/slides/welcome//20130926_PL_Chris.jpg?1403249778561 HTTP/1.1" 200 110846 "http://www.chris-nlp-hall.com/" "Mozilla/5.0 (Windows NT 6.2; WOW64; rv:30.0) Gecko/20100101 Firefox/30.0"
92.153.241.78 - - [20/Jun/2014:05:32:16 -0400] "GET /templates/cnlp_neu/images/lotus_3_800.png HTTP/1.1" 200 100930 "http://www.chris-nlp-hall.com/nlp-workshops-and-trainings/calendar" "Mozilla/5.0 (iPad; CPU OS 7_1_1 like Mac OS X) AppleWebKit/537.51.2 (KHTML, like Gecko) Version/7.0 Mobile/11D201 Safari/9537.53"
92.153.241.78 - - [20/Jun/2014:05:32:17 -0400] "GET //components/com_cnlp_workshops/css/cnlp_ws_mail.png HTTP/1.1" 200 1984 "http://www.chris-nlp-hall.com/nlp-workshops-and-trainings/calendar" "Mozilla/5.0 (iPad; CPU OS 7_1_1 like Mac OS X) AppleWebKit/537.51.2 (KHTML, like Gecko) Version/7.0 Mobile/11D201 Safari/9537.53"
188.174.7.95 - - [20/Jun/2014:05:59:49 -0400] "GET //components/com_cnlp_workshops/css/cnlp_ws_home.png HTTP/1.1" 200 1991 "http://www.chris-nlp-hall.com/nlp-workshops-and-trainings/calendar" "Mozilla/5.0 (iPad; CPU OS 7_1_1 like Mac OS X) AppleWebKit/537.51.2 (KHTML, like Gecko) Version/7.0 Mobile/11D201 Safari/9537.53"
188.174.7.95 - - [20/Jun/2014:05:59:49 -0400] "GET //components/com_cnlp_workshops/css/cnlp_ws_mail.png HTTP/1.1" 200 1984 "http://www.chris-nlp-hall.com/nlp-workshops-and-trainings/calendar" "Mozilla/5.0 (iPad; CPU OS 7_1_1 like Mac OS X) AppleWebKit/537.51.2 (KHTML, like Gecko) Version/7.0 Mobile/11D201 Safari/9537.53"
180.76.6.52 - - [20/Jun/2014:06:56:35 -0400] "GET /the-society-of-nlp/nlp-trainers-certified-by-christina-hall HTTP/1.1" 200 38726 "-" "Mozilla/5.0 (compatible; Baiduspider/2.0; +http://www.baidu.com/search/spider.html)"
41.206.12.35 - - [20/Jun/2014:12:16:32 -0400] "GET /images/trainers/flags/France.png HTTP/1.1" 200 637 "http://www.chris-nlp-hall.com/the-society-of-nlp/nlp-trainers-certified-by-christina-hall" "Mozilla/5.0 (Windows NT 6.1; rv:29.0) Gecko/20100101 Firefox/29.0"
41.206.12.35 - - [20/Jun/2014:12:16:34 -0400] "GET /images/trainers/photos/ctl_roy_200.jpg HTTP/1.1" 200 32328 "http://www.chris-nlp-hall.com/the-society-of-nlp/nlp-trainers-certified-by-christina-hall" "Mozilla/5.0 (Windows NT 6.1; rv:29.0) Gecko/20100101 Firefox/29.0"
41.206.12.35 - - [20/Jun/2014:12:18:12 -0400] "GET /images/trainers/photos/ctl_bosonet_200.jpg HTTP/1.1" 200 41110 "http://www.chris-nlp-hall.com/the-society-of-nlp/nlp-trainers-certified-by-christina-hall" "Mozilla/5.0 (Windows NT 6.1; rv:29.0) Gecko/20100101 Firefox/29.0"
207.46.13.48 - - [20/Jun/2014:12:25:50 -0400] "GET /index.php?p=42 HTTP/1.1" 301 272 "-" "Mozilla/5.0 (compatible; bingbot/2.0; +http://www.bing.com/bingbot.htm)"
207.46.13.48 - - [20/Jun/2014:12:25:50 -0400] "GET /coachconnie@mydbgroup.com HTTP/1.1" 301 263 "-" "Mozilla/5.0 (compatible; bingbot/2.0; +http://www.bing.com/bingbot.htm)"
39.55.197.46 - - [20/Jun/2014:12:27:05 -0400] "GET /media/system/js/mootools-more.js HTTP/1.1" 200 238331 "http://www.chris-nlp-hall.com/nlp-product-boutique/more-products-to-come" "Mozilla/5.0 (Windows NT 6.1) AppleWebKit/537.36 (KHTML, like Gecko) Chrome/35.0.1916.153 Safari/537.36"
39.55.197.46 - - [20/Jun/2014:12:27:08 -0400] "GET /templates/cnlp_neu/images/lotus_3_800.png HTTP/1.1" 200 100930 "http://www.chris-nlp-hall.com/nlp-product-boutique/more-products-to-come" "Mozilla/5.0 (Windows NT 6.1) AppleWebKit/537.36 (KHTML, like Gecko) Chrome/35.0.1916.153 Safari/537.36"
81.2.67.162 - - [20/Jun/2014:12:52:20 -0400] "GET //components/com_quicksell/css/style.css HTTP/1.1" 200 77 "http://www.chris-nlp-hall.com/nlp-product-boutique/nlp-audiobook-language-christina-hall" "Mozilla/5.0 (Windows NT 6.3; WOW64) AppleWebKit/537.36 (KHTML, like Gecko) Chrome/35.0.1916.153 Safari/537.36"
213.57.142.187 - - [20/Jun/2014:14:13:51 -0400] "GET /images/slides/welcome//20131201_CH_Chris.jpg?1403288002784 HTTP/1.1" 200 135617 "http://www.chris-nlp-hall.com/" "Mozilla/5.0 (Windows NT 5.1) AppleWebKit/537.36 (KHTML, like Gecko) Chrome/35.0.1916.153 Safari/537.36"
213.57.142.187 - - [20/Jun/2014:14:13:53 -0400] "GET /images/slides/welcome//20090903_UK_Tony.jpg?1403288005402 HTTP/1.1" 200 160304 "http://www.chris-nlp-hall.com/" "Mozilla/5.0 (Windows NT 5.1) AppleWebKit/537.36 (KHTML, like Gecko) Chrome/35.0.1916.153 Safari/537.36"
46.244.245.1 - - [20/Jun/2014:14:44:50 -0400] "GET /index.php?p=61 HTTP/1.1" 301 297 "-" "Mozilla/5.0 (Windows NT 5.1; rv:28.0) Gecko/20100101 Firefox/28.0"
46.244.245.1 - - [20/Jun/2014:14:44:50 -0400] "GET /the-society-of-nlp/nlp-trainers-certified-by-christina-hall HTTP/1.1" 200 38726 "-" "Mozilla/5.0 (Windows NT 5.1; rv:28.0) Gecko/20100101 Firefox/28.0"
46.244.245.1 - - [20/Jun/2014:14:44:54 -0400] "GET /images/trainers/flags/France.png HTTP/1.1" 200 637 "http://www.chris-nlp-hall.com/the-society-of-nlp/nlp-trainers-certified-by-christina-hall" "Mozilla/5.0 (Windows NT 5.1; rv:28.0) Gecko/20100101 Firefox/28.0"
46.244.245.1 - - [20/Jun/2014:14:44:54 -0400] "GET /images/trainers/photos/ctl_puel_jacques.jpg HTTP/1.1" 200 3498 "http://www.chris-nlp-hall.com/the-society-of-nlp/nlp-trainers-certified-by-christina-hall" "Mozilla/5.0 (Windows NT 5.1; rv:28.0) Gecko/20100101 Firefox/28.0"
46.244.245.1 - - [20/Jun/2014:14:44:54 -0400] "GET /images/trainers/flags/Germany.png HTTP/1.1" 200 602 "http://www.chris-nlp-hall.com/the-society-of-nlp/nlp-trainers-certified-by-christina-hall" "Mozilla/5.0 (Windows NT 5.1; rv:28.0) Gecko/20100101 Firefox/28.0"
46.244.245.1 - - [20/Jun/2014:14:44:54 -0400] "GET /images/trainers/photos/ctl_mossbrucker_ute.jpg HTTP/1.1" 200 3510 "http://www.chris-nlp-hall.com/the-society-of-nlp/nlp-trainers-certified-by-christina-hall" "Mozilla/5.0 (Windows NT 5.1; rv:28.0) Gecko/20100101 Firefox/28.0"
46.244.245.1 - - [20/Jun/2014:14:44:54 -0400] "GET /images/trainers/photos/ctl_felber_petra.jpg HTTP/1.1" 200 5327 "http://www.chris-nlp-hall.com/the-society-of-nlp/nlp-trainers-certified-by-christina-hall" "Mozilla/5.0 (Windows NT 5.1; rv:28.0) Gecko/20100101 Firefox/28.0"
46.244.245.1 - - [20/Jun/2014:14:44:56 -0400] "GET /images/trainers/flags/Poland.png HTTP/1.1" 200 380 "http://www.chris-nlp-hall.com/the-society-of-nlp/nlp-trainers-certified-by-christina-hall" "Mozilla/5.0 (Windows NT 5.1; rv:28.0) Gecko/20100101 Firefox/28.0"
46.244.245.1 - - [20/Jun/2014:14:44:57 -0400] "GET /images/trainers/flags/Switzerland.png HTTP/1.1" 200 631 "http://www.chris-nlp-hall.com/the-society-of-nlp/nlp-trainers-certified-by-christina-hall" "Mozilla/5.0 (Windows NT 5.1; rv:28.0) Gecko/20100101 Firefox/28.0"
46.244.245.1 - - [20/Jun/2014:14:44:57 -0400] "GET /images/trainers/photos/ctl_stul_200.jpg HTTP/1.1" 200 47392 "http://www.chris-nlp-hall.com/the-society-of-nlp/nlp-trainers-certified-by-christina-hall" "Mozilla/5.0 (Windows NT 5.1; rv:28.0) Gecko/20100101 Firefox/28.0"
46.244.245.1 - - [20/Jun/2014:14:44:57 -0400] "GET /images/trainers/photos/ctl_bourdais_marie-france.jpg HTTP/1.1" 200 3059 "http://www.chris-nlp-hall.com/the-society-of-nlp/nlp-trainers-certified-by-christina-hall" "Mozilla/5.0 (Windows NT 5.1; rv:28.0) Gecko/20100101 Firefox/28.0"
46.244.245.1 - - [20/Jun/2014:14:44:58 -0400] "GET /images/trainers/photos/ctl_widler_esther.jpg HTTP/1.1" 200 3182 "http://www.chris-nlp-hall.com/the-society-of-nlp/nlp-trainers-certified-by-christina-hall" "Mozilla/5.0 (Windows NT 5.1; rv:28.0) Gecko/20100101 Firefox/28.0"
46.244.245.1 - - [20/Jun/2014:14:44:58 -0400] "GET /images/trainers/photos/ctl_gruenenfelder_200.jpg HTTP/1.1" 200 42152 "http://www.chris-nlp-hall.com/the-society-of-nlp/nlp-trainers-certified-by-christina-hall" "Mozilla/5.0 (Windows NT 5.1; rv:28.0) Gecko/20100101 Firefox/28.0"
46.244.245.1 - - [20/Jun/2014:14:44:58 -0400] "GET /images/trainers/flags/United%20Kingdom(Great%20Britain).png HTTP/1.1" 200 1767 "http://www.chris-nlp-hall.com/the-society-of-nlp/nlp-trainers-certified-by-christina-hall" "Mozilla/5.0 (Windows NT 5.1; rv:28.0) Gecko/20100101 Firefox/28.0"
46.244.245.1 - - [20/Jun/2014:14:44:58 -0400] "GET /images/trainers/photos/ctl_freeth_peter.jpg HTTP/1.1" 200 3846 "http://www.chris-nlp-hall.com/the-society-of-nlp/nlp-trainers-certified-by-christina-hall" "Mozilla/5.0 (Windows NT 5.1; rv:28.0) Gecko/20100101 Firefox/28.0"
46.244.245.1 - - [20/Jun/2014:14:44:58 -0400] "GET /images/trainers/photos/ctl_rose_200.jpg HTTP/1.1" 200 23529 "http://www.chris-nlp-hall.com/the-society-of-nlp/nlp-trainers-certified-by-christina-hall" "Mozilla/5.0 (Windows NT 5.1; rv:28.0) Gecko/20100101 Firefox/28.0"
46.244.245.1 - - [20/Jun/2014:14:44:58 -0400] "GET /images/trainers/photos/ctl_michaels_200.jpg HTTP/1.1" 200 61654 "http://www.chris-nlp-hall.com/the-society-of-nlp/nlp-trainers-certified-by-christina-hall" "Mozilla/5.0 (Windows NT 5.1; rv:28.0) Gecko/20100101 Firefox/28.0"
188.174.7.95 - - [20/Jun/2014:17:30:16 -0400] "GET /images/slides/welcome//20130926_PL_Chris2.jpg?1403299816683 HTTP/1.1" 200 114982 "http://www.chris-nlp-hall.com/" "Mozilla/5.0 (Macintosh; Intel Mac OS X 10_9_3) AppleWebKit/537.76.4 (KHTML, like Gecko) Version/7.0.4 Safari/537.76.4"
66.249.64.27 - - [20/Jun/2014:17:42:10 -0400] "GET /nlp-workshops-and-trainings?format=feed&type=rss HTTP/1.1" 200 2240 "-" "Mozilla/5.0 (compatible; Googlebot/2.1; +http://www.google.com/bot.html)"
188.174.7.95 - - [20/Jun/2014:17:59:40 -0400] "POST /administrator/index.php?option=com_content&layout=edit&id=31 HTTP/1.1" 303 - "http://www.chris-nlp-hall.com/administrator/index.php?option=com_content&view=article&layout=edit&id=31" "Mozilla/5.0 (Macintosh; Intel Mac OS X 10_9_3) AppleWebKit/537.76.4 (KHTML, like Gecko) Version/7.0.4 Safari/537.76.4"
188.174.7.95 - - [20/Jun/2014:17:59:43 -0400] "GET /administrator/index.php?option=com_content&view=articles HTTP/1.1" 200 6169 "http://www.chris-nlp-hall.com/administrator/index.php?option=com_content&view=article&layout=edit&id=31" "Mozilla/5.0 (Macintosh; Intel Mac OS X 10_9_3) AppleWebKit/537.76.4 (KHTML, like Gecko) Version/7.0.4 Safari/537.76.4"
188.174.7.95 - - [20/Jun/2014:19:23:07 -0400] "GET /images/bg.png HTTP/1.1" 200 122 "http://www.chris-nlp-hall.com/index.php?p=37" "Mozilla/5.0 (Macintosh; Intel Mac OS X 10_9_3) AppleWebKit/537.76.4 (KHTML, like Gecko) Version/7.0.4 Safari/537.76.4"
178.137.129.209 - - [20/Jun/2014:23:11:34 -0400] "GET /index.php HTTP/1.1" 200 20411 "http://rentenova.com/" "Mozilla/4.0 (compatible; MSIE 6.0; America Online Browser 1.1; rev1.2; Windows NT 5.1; SV1; .NET CLR 1.1.4322)"
79.87.91.25 - - [20/Jun/2014:07:38:30 -0400] "GET /images/slides/welcome//20130612_UK_group.jpg?1403264317507 HTTP/1.1" 200 211793 "http://www.chris-nlp-hall.com/" "Mozilla/5.0 (Windows NT 6.1; WOW64; Trident/7.0; rv:11.0) like Gecko"
79.87.91.25 - - [20/Jun/2014:07:39:55 -0400] "GET /images/slides/welcome//20120702_FR_group.jpg?1403264402884 HTTP/1.1" 200 164957 "http://www.chris-nlp-hall.com/" "Mozilla/5.0 (Windows NT 6.1; WOW64; Trident/7.0; rv:11.0) like Gecko"
144.76.185.173 - - [20/Jun/2014:10:10:53 -0400] "GET /the-society-of-nlp/nlp-trainers-certified-by-christina-hall HTTP/1.1" 200 142500 "-" "Mozilla/5.0 (compatible; MSIE 10.0; Windows NT 6.1; Trident/6.0)"
188.174.7.95 - - [20/Jun/2014:10:51:53 -0400] "GET /images/slides/chris//IMG_3441.jpg?1403275912294 HTTP/1.1" 200 71475 "http://www.chris-nlp-hall.com/profile-christina-hall-phd-nlp-meta-master-trainer" "Mozilla/5.0 (Macintosh; Intel Mac OS X 10_9_3) AppleWebKit/537.76.4 (KHTML, like Gecko) Version/7.0.4 Safari/537.76.4"
188.174.7.95 - - [20/Jun/2014:10:52:16 -0400] "POST /administrator/index.php HTTP/1.1" 303 - "http://www.chris-nlp-hall.com/administrator/" "Mozilla/5.0 (Macintosh; Intel Mac OS X 10_9_3) AppleWebKit/537.76.4 (KHTML, like Gecko) Version/7.0.4 Safari/537.76.4"
188.174.7.95 - - [20/Jun/2014:10:52:18 -0400] "GET /administrator/index.php HTTP/1.1" 200 4659 "http://www.chris-nlp-hall.com/administrator/" "Mozilla/5.0 (Macintosh; Intel Mac OS X 10_9_3) AppleWebKit/537.76.4 (KHTML, like Gecko) Version/7.0.4 Safari/537.76.4"
188.174.7.95 - - [20/Jun/2014:10:52:20 -0400] "GET /administrator/components/com_xmap/images/xmap-favicon.png HTTP/1.1" 304 - "http://www.chris-nlp-hall.com/administrator/index.php" "Mozilla/5.0 (Macintosh; Intel Mac OS X 10_9_3) AppleWebKit/537.76.4 (KHTML, like Gecko) Version/7.0.4 Safari/537.76.4"
188.174.7.95 - - [20/Jun/2014:10:52:22 -0400] "POST /administrator/index.php?option=com_installer&view=update&task=update.ajax HTTP/1.1" 200 2 "http://www.chris-nlp-hall.com/administrator/index.php" "Mozilla/5.0 (Macintosh; Intel Mac OS X 10_9_3) AppleWebKit/537.76.4 (KHTML, like Gecko) Version/7.0.4 Safari/537.76.4"
188.174.7.95 - - [20/Jun/2014:10:52:32 -0400] "GET /administrator/index.php?option=com_quicksell HTTP/1.1" 200 3919 "http://www.chris-nlp-hall.com/administrator/index.php" "Mozilla/5.0 (Macintosh; Intel Mac OS X 10_9_3) AppleWebKit/537.76.4 (KHTML, like Gecko) Version/7.0.4 Safari/537.76.4"
188.174.7.95 - - [20/Jun/2014:10:52:32 -0400] "GET /administrator/components/com_quicksell/css/uniform.default.css HTTP/1.1" 200 12579 "http://www.chris-nlp-hall.com/administrator/index.php?option=com_quicksell" "Mozilla/5.0 (Macintosh; Intel Mac OS X 10_9_3) AppleWebKit/537.76.4 (KHTML, like Gecko) Version/7.0.4 Safari/537.76.4"
188.174.7.95 - - [20/Jun/2014:10:52:33 -0400] "GET /administrator/components/com_quicksell/js/main.js HTTP/1.1" 200 3508 "http://www.chris-nlp-hall.com/administrator/index.php?option=com_quicksell" "Mozilla/5.0 (Macintosh; Intel Mac OS X 10_9_3) AppleWebKit/537.76.4 (KHTML, like Gecko) Version/7.0.4 Safari/537.76.4"
188.174.7.95 - - [20/Jun/2014:10:52:34 -0400] "GET /administrator/components/com_quicksell//images/quicksell_logo.png HTTP/1.1" 200 6572 "http://www.chris-nlp-hall.com/administrator/index.php?option=com_quicksell" "Mozilla/5.0 (Macintosh; Intel Mac OS X 10_9_3) AppleWebKit/537.76.4 (KHTML, like Gecko) Version/7.0.4 Safari/537.76.4"
188.174.7.95 - - [20/Jun/2014:10:52:34 -0400] "GET /administrator/components/com_quicksell/images/stats.png HTTP/1.1" 200 3768 "http://www.chris-nlp-hall.com/administrator/index.php?option=com_quicksell" "Mozilla/5.0 (Macintosh; Intel Mac OS X 10_9_3) AppleWebKit/537.76.4 (KHTML, like Gecko) Version/7.0.4 Safari/537.76.4"
162.211.129.46 - - [20/Jun/2014:10:52:57 -0400] "GET /images/slides/welcome//20140407_US_group.jpg?1403275975330 HTTP/1.1" 200 162461 "http://www.chris-nlp-hall.com/" "Mozilla/5.0 (iPad; CPU OS 7_1_1 like Mac OS X) AppleWebKit/537.51.2 (KHTML, like Gecko) Version/7.0 Mobile/11D201 Safari/9537.53"
188.174.7.95 - - [20/Jun/2014:10:53:23 -0400] "GET /administrator/index.php?&option=com_quicksell&task=balance HTTP/1.1" 200 3509 "http://www.chris-nlp-hall.com/administrator/index.php?&option=com_quicksell&task=stats" "Mozilla/5.0 (Macintosh; Intel Mac OS X 10_9_3) AppleWebKit/537.76.4 (KHTML, like Gecko) Version/7.0.4 Safari/537.76.4"
162.211.129.46 - - [20/Jun/2014:10:54:41 -0400] "GET /images/slides/welcome//20021001_CH_group.jpg?1403276079628 HTTP/1.1" 200 190889 "http://www.chris-nlp-hall.com/" "Mozilla/5.0 (iPad; CPU OS 7_1_1 like Mac OS X) AppleWebKit/537.51.2 (KHTML, like Gecko) Version/7.0 Mobile/11D201 Safari/9537.53"
66.249.67.70 - - [20/Jun/2014:01:16:39 -0400] "GET /nlp-workshops-with-christina-hall/paradoxical-nature-of-change-nlp-christina-hall HTTP/1.1" 404 1402 "-" "Mozilla/5.0 (compatible; Googlebot/2.1; +http://www.google.com/bot.html)"
193.150.120.14 - - [20/Jun/2014:01:41:32 -0400] "GET / HTTP/1.1" 200 20402 "http://bodybuilding-shop.biz/" "Mozilla/4.0 (compatible; MSIE 6.0; Windows NT 5.1; SV1; InfoPath.1)"
82.80.154.166 - - [20/Jun/2014:03:34:15 -0400] "GET / HTTP/1.1" 200 4782 "http://www.google.co.il/url?sa=t&rct=j&q=&esrc=s&source=web&cd=1&ved=0CBwQFjAA&url=http%3A%2F%2Fwww.chris-nlp-hall.com%2F&ei=8eOjU7TsKcWTPe2ZgeAF&usg=AFQjCNHBkFLPcTie62jcLtQib0jZDdNWPA&sig2=0a7QPy5srEGfB7dmDkm-Aw" "Mozilla/5.0 (Windows NT 6.2; WOW64; rv:30.0) Gecko/20100101 Firefox/30.0"
92.153.241.78 - - [20/Jun/2014:03:45:59 -0400] "GET /images/workshops/sponsors/umami.png HTTP/1.1" 200 670 "http://www.chris-nlp-hall.com/nlp-workshops-and-trainings/calendar" "Mozilla/5.0 (iPad; CPU OS 7_1_1 like Mac OS X) AppleWebKit/537.51.2 (KHTML, like Gecko) Version/7.0 Mobile/11D201 Safari/9537.53"
84.94.178.105 - - [20/Jun/2014:04:02:38 -0400] "GET /images/workshops/sponsors/logo_foley.png HTTP/1.1" 200 5637 "http://www.chris-nlp-hall.com/nlp-workshops-and-trainings/calendar" "Mozilla/5.0 (Windows NT 6.2; WOW64; rv:30.0) Gecko/20100101 Firefox/30.0"
84.94.178.105 - - [20/Jun/2014:04:02:39 -0400] "GET //components/com_cnlp_workshops/css/cnlp_ws_mail.png HTTP/1.1" 200 1984 "http://www.chris-nlp-hall.com//components/com_cnlp_workshops/css/cnlp_workshops.css" "Mozilla/5.0 (Windows NT 6.2; WOW64; rv:30.0) Gecko/20100101 Firefox/30.0"
199.30.20.6 - - [20/Jun/2014:04:25:07 -0400] "GET /galleries/images/ctl_bourdais_marie-france.jpg HTTP/1.1" 404 575 "-" "msnbot-media/1.1 (+http://search.msn.com/msnbot.htm)"
78.88.85.97 - - [20/Jun/2014:04:28:13 -0400] "GET /images/publications/heart_large.jpg HTTP/1.1" 200 48342 "http://www.chris-nlp-hall.com/nlp-articles-and-videos" "Mozilla/5.0 (Windows NT 6.3; rv:30.0) Gecko/20100101 Firefox/30.0"
78.88.85.97 - - [20/Jun/2014:04:28:14 -0400] "GET /nlp-workshops-and-trainings HTTP/1.1" 200 4222 "http://www.chris-nlp-hall.com/nlp-articles-and-videos" "Mozilla/5.0 (Windows NT 6.3; rv:30.0) Gecko/20100101 Firefox/30.0"
84.94.178.105 - - [20/Jun/2014:05:04:51 -0400] "GET /modules/mod_slideshowck/themes/default/css/camera.css HTTP/1.1" 200 26563 "http://www.chris-nlp-hall.com/" "Mozilla/5.0 (Windows NT 6.2; WOW64) AppleWebKit/537.36 (KHTML, like Gecko) Chrome/35.0.1916.153 Safari/537.36"
84.94.178.105 - - [20/Jun/2014:05:04:52 -0400] "GET /images/ch_signature.png HTTP/1.1" 200 11785 "http://www.chris-nlp-hall.com/" "Mozilla/5.0 (Windows NT 6.2; WOW64) AppleWebKit/537.36 (KHTML, like Gecko) Chrome/35.0.1916.153 Safari/537.36"
178.192.198.81 - - [20/Jun/2014:05:15:14 -0400] "GET /modules/mod_slideshowck/assets/jquery.min.js HTTP/1.1" 200 93888 "http://www.chris-nlp-hall.com/" "Mozilla/5.0 (Macintosh; Intel Mac OS X 10_9_3) AppleWebKit/537.76.4 (KHTML, like Gecko) Version/7.0.4 Safari/537.76.4"
178.192.198.81 - - [20/Jun/2014:05:15:15 -0400] "GET /images/slides/welcome//20090903_UK_group.jpg?1403255715560 HTTP/1.1" 200 196887 "http://www.chris-nlp-hall.com/" "Mozilla/5.0 (Macintosh; Intel Mac OS X 10_9_3) AppleWebKit/537.76.4 (KHTML, like Gecko) Version/7.0.4 Safari/537.76.4"
84.94.178.105 - - [20/Jun/2014:05:18:03 -0400] "GET /nlp-product-boutique HTTP/1.1" 200 3113 "http://www.chris-nlp-hall.com/profile-christina-hall-phd-nlp-meta-master-trainer" "Mozilla/5.0 (Windows NT 6.2; WOW64) AppleWebKit/537.36 (KHTML, like Gecko) Chrome/35.0.1916.153 Safari/537.36"
92.153.241.78 - - [20/Jun/2014:05:32:07 -0400] "GET /media/system/js/core.js HTTP/1.1" 200 4784 "http://www.chris-nlp-hall.com/nlp-workshops-and-trainings/calendar" "Mozilla/5.0 (iPad; CPU OS 7_1_1 like Mac OS X) AppleWebKit/537.51.2 (KHTML, like Gecko) Version/7.0 Mobile/11D201 Safari/9537.53"
92.153.241.78 - - [20/Jun/2014:05:32:09 -0400] "GET /images/workshops/sponsors/logo_gilles_roy.jpg HTTP/1.1" 200 11144 "http://www.chris-nlp-hall.com/nlp-workshops-and-trainings/calendar" "Mozilla/5.0 (iPad; CPU OS 7_1_1 like Mac OS X) AppleWebKit/537.51.2 (KHTML, like Gecko) Version/7.0 Mobile/11D201 Safari/9537.53"
92.153.241.78 - - [20/Jun/2014:05:32:15 -0400] "GET /templates/cnlp_neu/images/px_transparent_60.png HTTP/1.1" 200 116 "http://www.chris-nlp-hall.com/nlp-workshops-and-trainings/calendar" "Mozilla/5.0 (iPad; CPU OS 7_1_1 like Mac OS X) AppleWebKit/537.51.2 (KHTML, like Gecko) Version/7.0 Mobile/11D201 Safari/9537.53"
41.206.12.35 - - [20/Jun/2014:12:17:11 -0400] "GET /images/trainers/photos/ctl_roesli_luc.jpg HTTP/1.1" 200 2532 "http://www.chris-nlp-hall.com/the-society-of-nlp/nlp-trainers-certified-by-christina-hall" "Mozilla/5.0 (Windows NT 6.1; rv:29.0) Gecko/20100101 Firefox/29.0"
41.206.12.35 - - [20/Jun/2014:12:17:11 -0400] "GET //components/com_cnlp_trainers/css/cnlp_trainers_phone.png HTTP/1.1" 200 1892 "http://www.chris-nlp-hall.com//components/com_cnlp_trainers/css/cnlp_trainers.css" "Mozilla/5.0 (Windows NT 6.1; rv:29.0) Gecko/20100101 Firefox/29.0"
41.206.12.35 - - [20/Jun/2014:12:17:12 -0400] "GET /images/trainers/photos/ctl_wartenweiler_200.jpg HTTP/1.1" 200 60458 "http://www.chris-nlp-hall.com/the-society-of-nlp/nlp-trainers-certified-by-christina-hall" "Mozilla/5.0 (Windows NT 6.1; rv:29.0) Gecko/20100101 Firefox/29.0"
41.206.12.35 - - [20/Jun/2014:12:17:12 -0400] "GET /images/trainers/photos/ctl_michaels_200.jpg HTTP/1.1" 200 61654 "http://www.chris-nlp-hall.com/the-society-of-nlp/nlp-trainers-certified-by-christina-hall" "Mozilla/5.0 (Windows NT 6.1; rv:29.0) Gecko/20100101 Firefox/29.0"
41.206.12.35 - - [20/Jun/2014:12:18:00 -0400] "GET //components/com_cnlp_trainers/css/cnlp_trainers_home.png HTTP/1.1" 200 1991 "http://www.chris-nlp-hall.com//components/com_cnlp_trainers/css/cnlp_trainers.css" "Mozilla/5.0 (Windows NT 6.1; rv:29.0) Gecko/20100101 Firefox/29.0"
66.249.88.105 - - [20/Jun/2014:12:34:55 -0400] "GET /images/workshops/sponsors/logo_foley.png HTTP/1.1" 200 5637 "http://www.chris-nlp-hall.com/nlp-workshops-and-trainings/calendar" "Mozilla/5.0 (en-us) AppleWebKit/537.36 (KHTML, like Gecko; Google PP Default) Chrome/27.0.1453 Safari/537.36"
46.105.105.227 - - [20/Jun/2014:12:47:16 -0400] "GET /nlp-product-boutique/nlp-audiobook-language-christina-hall HTTP/1.1" 200 59333 "-" "Mozilla/5.0 (Windows NT 5.1; rv:15.0) Gecko/20120909 Firefox/15.0.1 SeaMonkey/2.12.1"
213.57.142.187 - - [20/Jun/2014:14:14:43 -0400] "GET /images/slides/welcome//20000501_FR_group.jpg?1403288054531 HTTP/1.1" 200 206005 "http://www.chris-nlp-hall.com/" "Mozilla/5.0 (Windows NT 5.1) AppleWebKit/537.36 (KHTML, like Gecko) Chrome/35.0.1916.153 Safari/537.36"
213.57.142.187 - - [20/Jun/2014:14:14:45 -0400] "GET /images/slides/welcome//20120417_UK_group.jpg?1403288057516 HTTP/1.1" 200 137212 "http://www.chris-nlp-hall.com/" "Mozilla/5.0 (Windows NT 5.1) AppleWebKit/537.36 (KHTML, like Gecko) Chrome/35.0.1916.153 Safari/537.36"
5.40.34.126 - - [20/Jun/2014:14:39:26 -0400] "GET /apple-touch-icon.png HTTP/1.1" 404 575 "-" "Dolphin http client/10.3.1(283) (Android)"
5.40.34.126 - - [20/Jun/2014:14:39:27 -0400] "GET /favicon.ico HTTP/1.1" 404 575 "-" "Dolphin http client/10.3.1(283) (Android)"
188.174.7.95 - - [20/Jun/2014:17:51:36 -0400] "GET /images/trainers/photos/ctl_demolina_michael.jpg HTTP/1.1" 200 6475 "http://www.chris-nlp-hall.com/the-society-of-nlp/nlp-trainers-certified-by-christina-hall" "Mozilla/5.0 (Macintosh; Intel Mac OS X 10_9_3) AppleWebKit/537.76.4 (KHTML, like Gecko) Version/7.0.4 Safari/537.76.4"
188.174.7.95 - - [20/Jun/2014:17:52:21 -0400] "GET /media/system/js/calendar-setup.js HTTP/1.1" 200 3090 "http://www.chris-nlp-hall.com/administrator/index.php?option=com_content&view=article&layout=edit&id=31" "Mozilla/5.0 (Macintosh; Intel Mac OS X 10_9_3) AppleWebKit/537.76.4 (KHTML, like Gecko) Version/7.0.4 Safari/537.76.4"
188.174.7.95 - - [20/Jun/2014:17:52:22 -0400] "GET /administrator/templates/bluestork/images/toolbar/icon-32-save-copy.png HTTP/1.1" 200 1602 "http://www.chris-nlp-hall.com/administrator/index.php?option=com_content&view=article&layout=edit&id=31" "Mozilla/5.0 (Macintosh; Intel Mac OS X 10_9_3) AppleWebKit/537.76.4 (KHTML, like Gecko) Version/7.0.4 Safari/537.76.4"
188.174.7.95 - - [20/Jun/2014:17:52:22 -0400] "GET /administrator/templates/bluestork/images/admin/icon-16-denyinactive.png HTTP/1.1" 200 443 "http://www.chris-nlp-hall.com/administrator/index.php?option=com_content&view=article&layout=edit&id=31" "Mozilla/5.0 (Macintosh; Intel Mac OS X 10_9_3) AppleWebKit/537.76.4 (KHTML, like Gecko) Version/7.0.4 Safari/537.76.4"
