188.174.7.95 - - [20/Jun/2014:17:56:06 -0400] "GET /administrator/templates/bluestork/images/notice-info.png HTTP/1.1" 200 1168 "http://www.chris-nlp-hall.com/administrator/index.php?option=com_content&view=article&layout=edit&id=31" "Mozilla/5.0 (Macintosh; Intel Mac OS X 10_9_3) AppleWebKit/537.76.4 (KHTML, like Gecko) Version/7.0.4 Safari/537.76.4"
46.118.155.40 - - [20/Jun/2014:17:58:45 -0400] "GET / HTTP/1.1" 200 20402 "http://vitanail.ru/" "Mozilla/4.0 (compatible; MSIE 5.0; Windows NT; DigExt)"
188.174.7.95 - - [20/Jun/2014:18:03:56 -0400] "GET /media/system/js/mootools-core.js HTTP/1.1" 304 - "http://www.chris-nlp-hall.com/the-society-of-nlp/nlp-trainers-certified-by-christina-hall" "Mozilla/5.0 (Macintosh; Intel Mac OS X 10_9_3) AppleWebKit/537.76.4 (KHTML, like Gecko) Version/7.0.4 Safari/537.76.4"
188.174.7.95 - - [20/Jun/2014:18:03:57 -0400] "GET /templates/cnlp_neu/images/px_transparent_60.png HTTP/1.1" 304 - "http://www.chris-nlp-hall.com/the-society-of-nlp/nlp-trainers-certified-by-christina-hall" "Mozilla/5.0 (Macintosh; Intel Mac OS X 10_9_3) AppleWebKit/537.76.4 (KHTML, like Gecko) Version/7.0.4 Safari/537.76.4"
66.249.64.242 - - [20/Jun/2014:18:31:17 -0400] "GET /nlp-articles-and-videos/language-in-action-article-christina-hall HTTP/1.1" 200 6525 "-" "Mozilla/5.0 (compatible; Googlebot/2.1; +http://www.google.com/bot.html)"
68.180.224.233 - - [20/Jun/2014:22:13:11 -0400] "GET /the-society-of-nlp HTTP/1.1" 200 3415 "-" "Mozilla/5.0 (compatible; Yahoo! Slurp; http://help.yahoo.com/help/us/ysearch/slurp)"
41.189.48.82 - - [20/Jun/2014:23:20:00 -0400] "GET /media/system/js/core.js HTTP/1.1" 200 4784 "http://www.chris-nlp-hall.com/the-society-of-nlp/nlp-trainers-certified-by-christina-hall" "Mozilla/5.0 (Windows NT 5.1; rv:30.0) Gecko/20100101 Firefox/30.0"
41.189.48.82 - - [20/Jun/2014:23:20:12 -0400] "GET /images/trainers/photos/ctl_castaing_anne.jpg HTTP/1.1" 200 24291 "http://www.chris-nlp-hall.com/the-society-of-nlp/nlp-trainers-certified-by-christina-hall" "Mozilla/5.0 (Windows NT 5.1; rv:30.0) Gecko/20100101 Firefox/30.0"
41.189.48.82 - - [20/Jun/2014:23:20:13 -0400] "GET /images/trainers/photos/ctl_schimpke_michael.jpg HTTP/1.1" 200 3932 "http://www.chris-nlp-hall.com/the-society-of-nlp/nlp-trainers-certified-by-christina-hall" "Mozilla/5.0 (Windows NT 5.1; rv:30.0) Gecko/20100101 Firefox/30.0"
41.189.48.82 - - [20/Jun/2014:23:20:13 -0400] "GET /images/trainers/photos/ctl_foesges_200.jpg HTTP/1.1" 200 34328 "http://www.chris-nlp-hall.com/the-society-of-nlp/nlp-trainers-certified-by-christina-hall" "Mozilla/5.0 (Windows NT 5.1; rv:30.0) Gecko/20100101 Firefox/30.0"
41.189.48.82 - - [20/Jun/2014:23:20:15 -0400] "GET /images/trainers/photos/ctl_heller_200.jpg HTTP/1.1" 200 61501 "http://www.chris-nlp-hall.com/the-society-of-nlp/nlp-trainers-certified-by-christina-hall" "Mozilla/5.0 (Windows NT 5.1; rv:30.0) Gecko/20100101 Firefox/30.0"
41.189.48.82 - - [20/Jun/2014:23:20:17 -0400] "GET /images/trainers/photos/ctl_koenig_melanie.jpg HTTP/1.1" 200 3139 "http://www.chris-nlp-hall.com/the-society-of-nlp/nlp-trainers-certified-by-christina-hall" "Mozilla/5.0 (Windows NT 5.1; rv:30.0) Gecko/20100101 Firefox/30.0"
41.189.48.82 - - [20/Jun/2014:23:20:17 -0400] "GET /images/trainers/photos/ctl_baumann-weiss_iris.jpg HTTP/1.1" 200 3244 "http://www.chris-nlp-hall.com/the-society-of-nlp/nlp-trainers-certified-by-christina-hall" "Mozilla/5.0 (Windows NT 5.1; rv:30.0) Gecko/20100101 Firefox/30.0"
41.189.48.82 - - [20/Jun/2014:23:20:18 -0400] "GET /images/trainers/photos/ctl_huber_michi_400.jpg HTTP/1.1" 200 19810 "http://www.chris-nlp-hall.com/the-society-of-nlp/nlp-trainers-certified-by-christina-hall" "Mozilla/5.0 (Windows NT 5.1; rv:30.0) Gecko/20100101 Firefox/30.0"
41.189.48.82 - - [20/Jun/2014:23:20:18 -0400] "GET /images/trainers/photos/ctl_toennishoff_martina.jpg HTTP/1.1" 200 3170 "http://www.chris-nlp-hall.com/the-society-of-nlp/nlp-trainers-certified-by-christina-hall" "Mozilla/5.0 (Windows NT 5.1; rv:30.0) Gecko/20100101 Firefox/30.0"
41.189.48.82 - - [20/Jun/2014:23:20:21 -0400] "GET /images/trainers/photos/ctl_dickhut_200.jpg HTTP/1.1" 200 54089 "http://www.chris-nlp-hall.com/the-society-of-nlp/nlp-trainers-certified-by-christina-hall" "Mozilla/5.0 (Windows NT 5.1; rv:30.0) Gecko/20100101 Firefox/30.0"
79.87.91.25 - - [20/Jun/2014:07:37:51 -0400] "GET / HTTP/1.1" 200 4782 "http://www.pnl.ch/formateurs/christina-hall" "Mozilla/5.0 (Windows NT 6.1; WOW64; Trident/7.0; rv:11.0) like Gecko"
79.87.91.25 - - [20/Jun/2014:07:37:53 -0400] "GET /images/slides/welcome//20120630_FRA_Gilles.jpg?1403264280276 HTTP/1.1" 200 187116 "http://www.chris-nlp-hall.com/" "Mozilla/5.0 (Windows NT 6.1; WOW64; Trident/7.0; rv:11.0) like Gecko"
79.87.91.25 - - [20/Jun/2014:07:37:53 -0400] "GET /images/slides/welcome//20140510_JP_group1.jpg?1403264280996 HTTP/1.1" 200 208929 "http://www.chris-nlp-hall.com/" "Mozilla/5.0 (Windows NT 6.1; WOW64; Trident/7.0; rv:11.0) like Gecko"
144.76.155.8 - - [20/Jun/2014:07:38:11 -0400] "GET /index.php?p=71 HTTP/1.1" 301 297 "-" "Mozilla/5.0 (Windows NT 5.1) AppleWebKit/537.36 (KHTML, like Gecko) Chrome/27.0.1453.94 Safari/537.36"
79.87.91.25 - - [20/Jun/2014:07:38:13 -0400] "GET /images/slides/welcome//20140601_PL_chris1.jpg?1403264300322 HTTP/1.1" 200 146368 "http://www.chris-nlp-hall.com/" "Mozilla/5.0 (Windows NT 6.1; WOW64; Trident/7.0; rv:11.0) like Gecko"
79.87.91.25 - - [20/Jun/2014:07:41:21 -0400] "GET /images/slides/welcome//20130926_PL_Chris.jpg?1403264488516 HTTP/1.1" 200 110846 "http://www.chris-nlp-hall.com/" "Mozilla/5.0 (Windows NT 6.1; WOW64; Trident/7.0; rv:11.0) like Gecko"
217.146.144.226 - - [20/Jun/2014:09:02:41 -0400] "GET /media/system/js/caption.js HTTP/1.1" 200 729 "http://www.chris-nlp-hall.com/the-society-of-nlp/nlp-trainers-certified-by-christina-hall" "Mozilla/5.0 (Windows NT 6.1; WOW64; Trident/7.0; rv:11.0) like Gecko"
217.146.144.226 - - [20/Jun/2014:09:02:41 -0400] "GET /images/trainers/photos/ctl_castaing_anne.jpg HTTP/1.1" 200 24291 "http://www.chris-nlp-hall.com/the-society-of-nlp/nlp-trainers-certified-by-christina-hall" "Mozilla/5.0 (Windows NT 6.1; WOW64; Trident/7.0; rv:11.0) like Gecko"
217.146.144.226 - - [20/Jun/2014:09:02:41 -0400] "GET /images/trainers/photos/ctl_puel_jacques.jpg HTTP/1.1" 200 3498 "http://www.chris-nlp-hall.com/the-society-of-nlp/nlp-trainers-certified-by-christina-hall" "Mozilla/5.0 (Windows NT 6.1; WOW64; Trident/7.0; rv:11.0) like Gecko"
217.146.144.226 - - [20/Jun/2014:09:02:41 -0400] "GET /images/trainers/photos/ctl_lochmann_franziska.jpg HTTP/1.1" 200 2279 "http://www.chris-nlp-hall.com/the-society-of-nlp/nlp-trainers-certified-by-christina-hall" "Mozilla/5.0 (Windows NT 6.1; WOW64; Trident/7.0; rv:11.0) like Gecko"
217.146.144.226 - - [20/Jun/2014:09:02:41 -0400] "GET /images/trainers/photos/ctl_gerecke_200.jpg HTTP/1.1" 200 57368 "http://www.chris-nlp-hall.com/the-society-of-nlp/nlp-trainers-certified-by-christina-hall" "Mozilla/5.0 (Windows NT 6.1; WOW64; Trident/7.0; rv:11.0) like Gecko"
217.146.144.226 - - [20/Jun/2014:09:02:41 -0400] "GET /images/trainers/photos/ctl_heller_200.jpg HTTP/1.1" 200 61501 "http://www.chris-nlp-hall.com/the-society-of-nlp/nlp-trainers-certified-by-christina-hall" "Mozilla/5.0 (Windows NT 6.1; WOW64; Trident/7.0; rv:11.0) like Gecko"
217.146.144.226 - - [20/Jun/2014:09:02:42 -0400] "GET /images/trainers/photos/ctl_faust_artur.jpg HTTP/1.1" 200 2503 "http://www.chris-nlp-hall.com/the-society-of-nlp/nlp-trainers-certified-by-christina-hall" "Mozilla/5.0 (Windows NT 6.1; WOW64; Trident/7.0; rv:11.0) like Gecko"
217.146.144.226 - - [20/Jun/2014:09:02:42 -0400] "GET /images/trainers/photos/ctl_matsuda_noriko.jpg HTTP/1.1" 200 2049 "http://www.chris-nlp-hall.com/the-society-of-nlp/nlp-trainers-certified-by-christina-hall" "Mozilla/5.0 (Windows NT 6.1; WOW64; Trident/7.0; rv:11.0) like Gecko"
217.146.144.226 - - [20/Jun/2014:09:02:42 -0400] "GET /images/trainers/photos/ctl_nakashima_200.jpg HTTP/1.1" 200 48352 "http://www.chris-nlp-hall.com/the-society-of-nlp/nlp-trainers-certified-by-christina-hall" "Mozilla/5.0 (Windows NT 6.1; WOW64; Trident/7.0; rv:11.0) like Gecko"
217.146.144.226 - - [20/Jun/2014:09:02:42 -0400] "GET /images/trainers/flags/Slovenia.png HTTP/1.1" 200 730 "http://www.chris-nlp-hall.com/the-society-of-nlp/nlp-trainers-certified-by-christina-hall" "Mozilla/5.0 (Windows NT 6.1; WOW64; Trident/7.0; rv:11.0) like Gecko"
217.146.144.226 - - [20/Jun/2014:09:02:42 -0400] "GET /images/trainers/photos/ctl_bosonet_200.jpg HTTP/1.1" 200 41110 "http://www.chris-nlp-hall.com/the-society-of-nlp/nlp-trainers-certified-by-christina-hall" "Mozilla/5.0 (Windows NT 6.1; WOW64; Trident/7.0; rv:11.0) like Gecko"
217.146.144.226 - - [20/Jun/2014:09:02:42 -0400] "GET /images/trainers/photos/ctl_widler_esther.jpg HTTP/1.1" 200 3182 "http://www.chris-nlp-hall.com/the-society-of-nlp/nlp-trainers-certified-by-christina-hall" "Mozilla/5.0 (Windows NT 6.1; WOW64; Trident/7.0; rv:11.0) like Gecko"
217.146.144.226 - - [20/Jun/2014:09:02:42 -0400] "GET /images/trainers/flags/Tunisia.png HTTP/1.1" 200 1098 "http://www.chris-nlp-hall.com/the-society-of-nlp/nlp-trainers-certified-by-christina-hall" "Mozilla/5.0 (Windows NT 6.1; WOW64; Trident/7.0; rv:11.0) like Gecko"
217.146.144.226 - - [20/Jun/2014:09:02:42 -0400] "GET /images/trainers/photos/ctl_freeth_peter.jpg HTTP/1.1" 200 3846 "http://www.chris-nlp-hall.com/the-society-of-nlp/nlp-trainers-certified-by-christina-hall" "Mozilla/5.0 (Windows NT 6.1; WOW64; Trident/7.0; rv:11.0) like Gecko"
217.146.144.226 - - [20/Jun/2014:09:02:42 -0400] "GET /images/trainers/photos/ctl_rose_200.jpg HTTP/1.1" 200 23529 "http://www.chris-nlp-hall.com/the-society-of-nlp/nlp-trainers-certified-by-christina-hall" "Mozilla/5.0 (Windows NT 6.1; WOW64; Trident/7.0; rv:11.0) like Gecko"
217.146.144.226 - - [20/Jun/2014:09:02:42 -0400] "GET /images/trainers/flags/master_medal.png HTTP/1.1" 200 4440 "http://www.chris-nlp-hall.com/the-society-of-nlp/nlp-trainers-certified-by-christina-hall" "Mozilla/5.0 (Windows NT 6.1; WOW64; Trident/7.0; rv:11.0) like Gecko"
217.146.144.226 - - [20/Jun/2014:09:02:43 -0400] "GET //components/com_cnlp_trainers/css/cnlp_trainers_phone.png HTTP/1.1" 200 1892 "http://www.chris-nlp-hall.com/the-society-of-nlp/nlp-trainers-certified-by-christina-hall" "Mozilla/5.0 (Windows NT 6.1; WOW64; Trident/7.0; rv:11.0) like Gecko"
217.146.144.226 - - [20/Jun/2014:09:02:43 -0400] "GET /templates/cnlp_neu/images/px_transparent_60.png HTTP/1.1" 200 116 "http://www.chris-nlp-hall.com/the-society-of-nlp/nlp-trainers-certified-by-christina-hall" "Mozilla/5.0 (Windows NT 6.1; WOW64; Trident/7.0; rv:11.0) like Gecko"
193.111.141.44 - - [20/Jun/2014:09:22:53 -0400] "GET /the-society-of-nlp/nlp-trainers-certified-by-christina-hall HTTP/1.1" 200 142500 "-" "Mozilla/5.0 (Macintosh; Intel Mac OS X 10.8; rv:21.0) Gecko/20100101 Firefox/21.0"
199.115.117.243 - - [20/Jun/2014:09:58:15 -0400] "GET /images/trainers/photos/ctl_baumann-weiss_iris.jpg HTTP/1.1" 200 3244 "http://www.chris-nlp-hall.com/the-society-of-nlp/nlp-trainers-certified-by-christina-hall" "Mozilla/5.0 (Windows NT 6.1; WOW64; rv:29.0) Gecko/20100101 Firefox/29.0"
199.115.117.243 - - [20/Jun/2014:09:58:35 -0400] "GET /images/trainers/photos/ctl_beerli_tommike.jpg HTTP/1.1" 200 45894 "http://www.chris-nlp-hall.com/the-society-of-nlp/nlp-trainers-certified-by-christina-hall" "Mozilla/5.0 (Windows NT 6.1; WOW64; rv:29.0) Gecko/20100101 Firefox/29.0"
180.76.6.36 - - [20/Jun/2014:11:43:01 -0400] "GET /index.php?p=65 HTTP/1.1" 301 297 "-" "Mozilla/5.0 (compatible; Baiduspider/2.0; +http://www.baidu.com/search/spider.html)"
92.153.241.78 - - [20/Jun/2014:03:45:51 -0400] "GET /images/slides/welcome//20021001_CH_group.jpg?1403250352320 HTTP/1.1" 200 190889 "http://www.chris-nlp-hall.com/" "Mozilla/5.0 (iPad; CPU OS 7_1_1 like Mac OS X) AppleWebKit/537.51.2 (KHTML, like Gecko) Version/7.0 Mobile/11D201 Safari/9537.53"
92.153.241.78 - - [20/Jun/2014:03:45:54 -0400] "GET /images/slides/welcome//20110212_UK_group.jpg?1403250355573 HTTP/1.1" 200 190204 "http://www.chris-nlp-hall.com/" "Mozilla/5.0 (iPad; CPU OS 7_1_1 like Mac OS X) AppleWebKit/537.51.2 (KHTML, like Gecko) Version/7.0 Mobile/11D201 Safari/9537.53"
92.153.241.78 - - [20/Jun/2014:03:45:57 -0400] "GET /nlp-workshops-and-trainings/calendar HTTP/1.1" 200 3348 "http://www.chris-nlp-hall.com/" "Mozilla/5.0 (iPad; CPU OS 7_1_1 like Mac OS X) AppleWebKit/537.51.2 (KHTML, like Gecko) Version/7.0 Mobile/11D201 Safari/9537.53"
92.153.241.78 - - [20/Jun/2014:03:45:59 -0400] "GET /images/workshops/sponsors/logo_gilles_roy.jpg HTTP/1.1" 200 11144 "http://www.chris-nlp-hall.com/nlp-workshops-and-trainings/calendar" "Mozilla/5.0 (iPad; CPU OS 7_1_1 like Mac OS X) AppleWebKit/537.51.2 (KHTML, like Gecko) Version/7.0 Mobile/11D201 Safari/9537.53"
92.153.241.78 - - [20/Jun/2014:03:46:00 -0400] "GET /images/workshops/sponsors/logo_foley.png HTTP/1.1" 200 5637 "http://www.chris-nlp-hall.com/nlp-workshops-and-trainings/calendar" "Mozilla/5.0 (iPad; CPU OS 7_1_1 like Mac OS X) AppleWebKit/537.51.2 (KHTML, like Gecko) Version/7.0 Mobile/11D201 Safari/9537.53"
78.88.85.97 - - [20/Jun/2014:04:24:18 -0400] "GET / HTTP/1.1" 200 4773 "http://www.google.pl/url?sa=t&rct=j&q=&esrc=s&source=web&cd=1&cad=rja&uact=8&ved=0CDwQFjAA&url=http%3A%2F%2Fwww.chris-nlp-hall.com%2F&ei=qu-jU_elBoi20wXQ-4HYCA&usg=AFQjCNHBkFLPcTie62jcLtQib0jZDdNWPA&bvm=bv.69411363,d.d2k" "Mozilla/5.0 (Windows NT 6.3; rv:30.0) Gecko/20100101 Firefox/30.0"
78.88.85.97 - - [20/Jun/2014:04:24:20 -0400] "GET //components/com_cnlp_workshops/css/cnlp_workshops.css HTTP/1.1" 200 4039 "http://www.chris-nlp-hall.com/" "Mozilla/5.0 (Windows NT 6.3; rv:30.0) Gecko/20100101 Firefox/30.0"
78.88.85.97 - - [20/Jun/2014:04:24:20 -0400] "GET /media/system/js/mootools-more.js HTTP/1.1" 200 238331 "http://www.chris-nlp-hall.com/" "Mozilla/5.0 (Windows NT 6.3; rv:30.0) Gecko/20100101 Firefox/30.0"
78.88.85.97 - - [20/Jun/2014:04:24:21 -0400] "GET /images/ch_signature.png HTTP/1.1" 200 11785 "http://www.chris-nlp-hall.com/" "Mozilla/5.0 (Windows NT 6.3; rv:30.0) Gecko/20100101 Firefox/30.0"
78.88.85.97 - - [20/Jun/2014:04:24:21 -0400] "GET /templates/cnlp_neu/images/lotus_3_800.png HTTP/1.1" 200 100930 "http://www.chris-nlp-hall.com/templates/cnlp_neu/css/cnlp_neu.css" "Mozilla/5.0 (Windows NT 6.3; rv:30.0) Gecko/20100101 Firefox/30.0"
78.88.85.97 - - [20/Jun/2014:04:24:22 -0400] "GET /images/slides/welcome//20130926_PL_Chris.jpg?1403252661002 HTTP/1.1" 200 110846 "http://www.chris-nlp-hall.com/" "Mozilla/5.0 (Windows NT 6.3; rv:30.0) Gecko/20100101 Firefox/30.0"
78.88.85.97 - - [20/Jun/2014:04:24:23 -0400] "GET /images/bg.png HTTP/1.1" 200 122 "http://www.chris-nlp-hall.com/" "Mozilla/5.0 (Windows NT 6.3; rv:30.0) Gecko/20100101 Firefox/30.0"
78.88.85.97 - - [20/Jun/2014:04:25:35 -0400] "GET /images/slides/welcome//20140601_PL_group.jpg?1403252733451 HTTP/1.1" 200 175563 "http://www.chris-nlp-hall.com/" "Mozilla/5.0 (Windows NT 6.3; rv:30.0) Gecko/20100101 Firefox/30.0"
178.192.198.81 - - [20/Jun/2014:05:14:31 -0400] "GET /nlp-workshops-and-trainings HTTP/1.1" 200 4222 "http://www.chris-nlp-hall.com/the-society-of-nlp" "Mozilla/5.0 (Macintosh; Intel Mac OS X 10_9_3) AppleWebKit/537.76.4 (KHTML, like Gecko) Version/7.0.4 Safari/537.76.4"
178.192.198.81 - - [20/Jun/2014:05:14:39 -0400] "GET //components/com_cnlp_workshops/css/cnlp_ws_mail.png HTTP/1.1" 200 1984 "http://www.chris-nlp-hall.com/nlp-workshops-and-trainings/calendar" "Mozilla/5.0 (Macintosh; Intel Mac OS X 10_9_3) AppleWebKit/537.76.4 (KHTML, like Gecko) Version/7.0.4 Safari/537.76.4"
31.165.216.121 - - [20/Jun/2014:05:36:09 -0400] "GET /media/system/js/mootools-more.js HTTP/1.1" 200 238331 "http://www.chris-nlp-hall.com/the-society-of-nlp" "Mozilla/5.0 (Macintosh; Intel Mac OS X 10_7_5) AppleWebKit/537.76.4 (KHTML, like Gecko) Version/6.1.4 Safari/537.76.4"
125.78.81.58 - - [20/Jun/2014:05:51:28 -0400] "GET /nlp-product-boutique HTTP/1.1" 200 3113 "-" "Mozilla/4.0 (compatible; MSIE 6.0; Windows NT 5.1)"
84.94.178.105 - - [20/Jun/2014:06:04:26 -0400] "GET /components/com_quicksell/js/jquery.min.js HTTP/1.1" 200 93107 "http://www.chris-nlp-hall.com/nlp-product-boutique/nlp-audiobook-language-christina-hall" "Mozilla/5.0 (Windows NT 6.2; WOW64) AppleWebKit/537.36 (KHTML, like Gecko) Chrome/35.0.1916.153 Safari/537.36"
84.94.178.105 - - [20/Jun/2014:06:04:27 -0400] "GET /templates/cnlp_neu/images/postquote.png HTTP/1.1" 200 3292 "http://www.chris-nlp-hall.com/nlp-product-boutique/nlp-audiobook-language-christina-hall" "Mozilla/5.0 (Windows NT 6.2; WOW64) AppleWebKit/537.36 (KHTML, like Gecko) Chrome/35.0.1916.153 Safari/537.36"
178.192.198.81 - - [20/Jun/2014:06:17:42 -0400] "GET /profile-christina-hall-phd-nlp-meta-master-trainer HTTP/1.1" 200 3776 "http://www.chris-nlp-hall.com/nlp-product-boutique/nlp-audiobook-language-christina-hall" "Mozilla/5.0 (Macintosh; Intel Mac OS X 10_9_3) AppleWebKit/537.76.4 (KHTML, like Gecko) Version/7.0.4 Safari/537.76.4"
178.192.198.81 - - [20/Jun/2014:06:17:43 -0400] "GET /images/slides/chris//00_DSCN1114.png?1403259464051 HTTP/1.1" 200 910571 "http://www.chris-nlp-hall.com/profile-christina-hall-phd-nlp-meta-master-trainer" "Mozilla/5.0 (Macintosh; Intel Mac OS X 10_9_3) AppleWebKit/537.76.4 (KHTML, like Gecko) Version/7.0.4 Safari/537.76.4"
178.192.198.81 - - [20/Jun/2014:06:17:47 -0400] "GET /images/slides/chris//DSCN0707.jpg?1403259467667 HTTP/1.1" 200 455374 "http://www.chris-nlp-hall.com/profile-christina-hall-phd-nlp-meta-master-trainer" "Mozilla/5.0 (Macintosh; Intel Mac OS X 10_9_3) AppleWebKit/537.76.4 (KHTML, like Gecko) Version/7.0.4 Safari/537.76.4"
178.192.198.81 - - [20/Jun/2014:06:17:50 -0400] "GET /profile-christina-hall-phd-nlp-meta-master-trainer/profile-christina-hall-nlp-meta-master-trainer HTTP/1.1" 200 4109 "http://www.chris-nlp-hall.com/profile-christina-hall-phd-nlp-meta-master-trainer" "Mozilla/5.0 (Macintosh; Intel Mac OS X 10_9_3) AppleWebKit/537.76.4 (KHTML, like Gecko) Version/7.0.4 Safari/537.76.4"
178.192.198.81 - - [20/Jun/2014:06:17:50 -0400] "GET /images/chris_portrait.png HTTP/1.1" 200 251176 "http://www.chris-nlp-hall.com/profile-christina-hall-phd-nlp-meta-master-trainer/profile-christina-hall-nlp-meta-master-trainer" "Mozilla/5.0 (Macintosh; Intel Mac OS X 10_9_3) AppleWebKit/537.76.4 (KHTML, like Gecko) Version/7.0.4 Safari/537.76.4"
41.206.12.35 - - [20/Jun/2014:12:16:58 -0400] "GET /images/trainers/photos/ctl_waegele_christian.jpg HTTP/1.1" 200 3531 "http://www.chris-nlp-hall.com/the-society-of-nlp/nlp-trainers-certified-by-christina-hall" "Mozilla/5.0 (Windows NT 6.1; rv:29.0) Gecko/20100101 Firefox/29.0"
39.55.197.46 - - [20/Jun/2014:12:27:02 -0400] "GET /nlp-product-boutique/more-products-to-come HTTP/1.1" 200 2534 "https://www.google.com.pk/" "Mozilla/5.0 (Windows NT 6.1) AppleWebKit/537.36 (KHTML, like Gecko) Chrome/35.0.1916.153 Safari/537.36"
39.55.197.46 - - [20/Jun/2014:12:27:04 -0400] "GET /media/system/js/mootools-core.js HTTP/1.1" 200 96362 "http://www.chris-nlp-hall.com/nlp-product-boutique/more-products-to-come" "Mozilla/5.0 (Windows NT 6.1) AppleWebKit/537.36 (KHTML, like Gecko) Chrome/35.0.1916.153 Safari/537.36"
66.249.81.154 - - [20/Jun/2014:12:29:56 -0400] "GET /media/system/js/caption.js HTTP/1.1" 200 729 "http://www.chris-nlp-hall.com/the-society-of-nlp" "Mozilla/5.0 (X11; Linux x86_64) AppleWebKit/537.36 (KHTML, like Gecko; Google Web Preview) Chrome/27.0.1453 Safari/537.36"
81.2.67.162 - - [20/Jun/2014:12:52:18 -0400] "GET /nlp-product-boutique/nlp-audiobook-language-christina-hall HTTP/1.1" 200 10128 "http://www.chris-nlp-hall.com/nlp-product-boutique" "Mozilla/5.0 (Windows NT 6.3; WOW64) AppleWebKit/537.36 (KHTML, like Gecko) Chrome/35.0.1916.153 Safari/537.36"
213.57.142.187 - - [20/Jun/2014:14:12:47 -0400] "GET / HTTP/1.1" 200 4777 "https://www.google.co.il/" "Mozilla/5.0 (Windows NT 5.1) AppleWebKit/537.36 (KHTML, like Gecko) Chrome/35.0.1916.153 Safari/537.36"
213.57.142.187 - - [20/Jun/2014:14:12:49 -0400] "GET //components/com_cnlp_workshops/css/cnlp_workshops.css HTTP/1.1" 200 4039 "http://www.chris-nlp-hall.com/" "Mozilla/5.0 (Windows NT 5.1) AppleWebKit/537.36 (KHTML, like Gecko) Chrome/35.0.1916.153 Safari/537.36"
213.57.142.187 - - [20/Jun/2014:14:12:50 -0400] "GET /media/system/css/modal.css HTTP/1.1" 200 2823 "http://www.chris-nlp-hall.com/" "Mozilla/5.0 (Windows NT 5.1) AppleWebKit/537.36 (KHTML, like Gecko) Chrome/35.0.1916.153 Safari/537.36"
213.57.142.187 - - [20/Jun/2014:14:12:50 -0400] "GET /media/system/js/mootools-core.js HTTP/1.1" 200 96362 "http://www.chris-nlp-hall.com/" "Mozilla/5.0 (Windows NT 5.1) AppleWebKit/537.36 (KHTML, like Gecko) Chrome/35.0.1916.153 Safari/537.36"
213.57.142.187 - - [20/Jun/2014:14:12:51 -0400] "GET /modules/mod_slideshowck/assets/jquery.easing.1.3.js HTTP/1.1" 200 8097 "http://www.chris-nlp-hall.com/" "Mozilla/5.0 (Windows NT 5.1) AppleWebKit/537.36 (KHTML, like Gecko) Chrome/35.0.1916.153 Safari/537.36"
46.244.245.1 - - [20/Jun/2014:14:44:52 -0400] "GET /media/system/js/mootools-core.js HTTP/1.1" 200 96362 "http://www.chris-nlp-hall.com/the-society-of-nlp/nlp-trainers-certified-by-christina-hall" "Mozilla/5.0 (Windows NT 5.1; rv:28.0) Gecko/20100101 Firefox/28.0"
46.244.245.1 - - [20/Jun/2014:14:44:54 -0400] "GET /images/trainers/flags/Austria.png HTTP/1.1" 200 466 "http://www.chris-nlp-hall.com/the-society-of-nlp/nlp-trainers-certified-by-christina-hall" "Mozilla/5.0 (Windows NT 5.1; rv:28.0) Gecko/20100101 Firefox/28.0"
46.244.245.1 - - [20/Jun/2014:14:44:54 -0400] "GET /images/trainers/photos/ctl_cary_200.jpg HTTP/1.1" 200 29938 "http://www.chris-nlp-hall.com/the-society-of-nlp/nlp-trainers-certified-by-christina-hall" "Mozilla/5.0 (Windows NT 5.1; rv:28.0) Gecko/20100101 Firefox/28.0"
46.244.245.1 - - [20/Jun/2014:14:44:54 -0400] "GET /images/trainers/photos/ctl_roy_200.jpg HTTP/1.1" 200 32328 "http://www.chris-nlp-hall.com/the-society-of-nlp/nlp-trainers-certified-by-christina-hall" "Mozilla/5.0 (Windows NT 5.1; rv:28.0) Gecko/20100101 Firefox/28.0"
46.244.245.1 - - [20/Jun/2014:14:44:54 -0400] "GET /images/trainers/photos/ctl_vanhoorn_200.jpg HTTP/1.1" 200 46536 "http://www.chris-nlp-hall.com/the-society-of-nlp/nlp-trainers-certified-by-christina-hall" "Mozilla/5.0 (Windows NT 5.1; rv:28.0) Gecko/20100101 Firefox/28.0"
46.244.245.1 - - [20/Jun/2014:14:44:54 -0400] "GET /images/trainers/photos/ctl_kless_200.jpg HTTP/1.1" 200 45358 "http://www.chris-nlp-hall.com/the-society-of-nlp/nlp-trainers-certified-by-christina-hall" "Mozilla/5.0 (Windows NT 5.1; rv:28.0) Gecko/20100101 Firefox/28.0"
46.244.245.1 - - [20/Jun/2014:14:44:55 -0400] "GET /images/trainers/photos/ctl_koenig_melanie.jpg HTTP/1.1" 200 3139 "http://www.chris-nlp-hall.com/the-society-of-nlp/nlp-trainers-certified-by-christina-hall" "Mozilla/5.0 (Windows NT 5.1; rv:28.0) Gecko/20100101 Firefox/28.0"
46.244.245.1 - - [20/Jun/2014:14:44:55 -0400] "GET /images/trainers/photos/ctl_voss_200.jpg HTTP/1.1" 200 50865 "http://www.chris-nlp-hall.com/the-society-of-nlp/nlp-trainers-certified-by-christina-hall" "Mozilla/5.0 (Windows NT 5.1; rv:28.0) Gecko/20100101 Firefox/28.0"
46.244.245.1 - - [20/Jun/2014:14:44:56 -0400] "GET /images/trainers/photos/ctl_ohe_akiko.jpg HTTP/1.1" 200 17766 "http://www.chris-nlp-hall.com/the-society-of-nlp/nlp-trainers-certified-by-christina-hall" "Mozilla/5.0 (Windows NT 5.1; rv:28.0) Gecko/20100101 Firefox/28.0"
46.244.245.1 - - [20/Jun/2014:14:44:56 -0400] "GET /images/trainers/photos/ctl_fritsche_200.jpg HTTP/1.1" 200 92257 "http://www.chris-nlp-hall.com/the-society-of-nlp/nlp-trainers-certified-by-christina-hall" "Mozilla/5.0 (Windows NT 5.1; rv:28.0) Gecko/20100101 Firefox/28.0"
46.244.245.1 - - [20/Jun/2014:14:44:58 -0400] "GET /images/trainers/flags/Tunisia.png HTTP/1.1" 200 1098 "http://www.chris-nlp-hall.com/the-society-of-nlp/nlp-trainers-certified-by-christina-hall" "Mozilla/5.0 (Windows NT 5.1; rv:28.0) Gecko/20100101 Firefox/28.0"
46.244.245.1 - - [20/Jun/2014:14:44:58 -0400] "GET /images/trainers/photos/ctl_turki_karim.jpg HTTP/1.1" 200 2647 "http://www.chris-nlp-hall.com/the-society-of-nlp/nlp-trainers-certified-by-christina-hall" "Mozilla/5.0 (Windows NT 5.1; rv:28.0) Gecko/20100101 Firefox/28.0"
46.244.245.1 - - [20/Jun/2014:14:44:58 -0400] "GET /images/trainers/photos/ctl_kerry_lynne.jpg HTTP/1.1" 200 2846 "http://www.chris-nlp-hall.com/the-society-of-nlp/nlp-trainers-certified-by-christina-hall" "Mozilla/5.0 (Windows NT 5.1; rv:28.0) Gecko/20100101 Firefox/28.0"
46.244.245.1 - - [20/Jun/2014:14:44:58 -0400] "GET /images/trainers/photos/ctl_duffy_andrew.jpg HTTP/1.1" 200 3637 "http://www.chris-nlp-hall.com/the-society-of-nlp/nlp-trainers-certified-by-christina-hall" "Mozilla/5.0 (Windows NT 5.1; rv:28.0) Gecko/20100101 Firefox/28.0"
46.244.245.1 - - [20/Jun/2014:14:44:58 -0400] "GET /images/trainers/flags/United%20States%20of%20America%20(USA).png HTTP/1.1" 200 830 "http://www.chris-nlp-hall.com/the-society-of-nlp/nlp-trainers-certified-by-christina-hall" "Mozilla/5.0 (Windows NT 5.1; rv:28.0) Gecko/20100101 Firefox/28.0"
46.244.245.1 - - [20/Jun/2014:14:44:59 -0400] "GET /images/trainers/photos/ctl_stageman_200.jpg HTTP/1.1" 200 12464 "http://www.chris-nlp-hall.com/the-society-of-nlp/nlp-trainers-certified-by-christina-hall" "Mozilla/5.0 (Windows NT 5.1; rv:28.0) Gecko/20100101 Firefox/28.0"
46.244.245.1 - - [20/Jun/2014:14:44:59 -0400] "GET /images/trainers/photos/ctl_demolina_michael.jpg HTTP/1.1" 200 6475 "http://www.chris-nlp-hall.com/the-society-of-nlp/nlp-trainers-certified-by-christina-hall" "Mozilla/5.0 (Windows NT 5.1; rv:28.0) Gecko/20100101 Firefox/28.0"
46.244.245.1 - - [20/Jun/2014:14:44:59 -0400] "GET /images/trainers/flags/master_medal.png HTTP/1.1" 200 4440 "http://www.chris-nlp-hall.com/the-society-of-nlp/nlp-trainers-certified-by-christina-hall" "Mozilla/5.0 (Windows NT 5.1; rv:28.0) Gecko/20100101 Firefox/28.0"
46.244.245.1 - - [20/Jun/2014:14:44:59 -0400] "GET /templates/cnlp_neu/images/lotus_3_800.png HTTP/1.1" 200 100930 "http://www.chris-nlp-hall.com/templates/cnlp_neu/css/cnlp_neu.css" "Mozilla/5.0 (Windows NT 5.1; rv:28.0) Gecko/20100101 Firefox/28.0"
188.174.7.95 - - [20/Jun/2014:17:05:19 -0400] "GET /images/publications/interview_small.jpg HTTP/1.1" 304 - "http://www.chris-nlp-hall.com/nlp-articles-and-videos" "Mozilla/5.0 (Macintosh; Intel Mac OS X 10_9_3) AppleWebKit/537.76.4 (KHTML, like Gecko) Version/7.0.4 Safari/537.76.4"
66.249.88.105 - - [20/Jun/2014:17:46:39 -0400] "GET /nlp-articles-and-videos/working-from-the-heart-article-christina-hall HTTP/1.1" 200 6445 "-" "Mozilla/5.0 (en-us) AppleWebKit/537.36 (KHTML, like Gecko; Google PP Default) Chrome/27.0.1453 Safari/537.36"
66.249.88.105 - - [20/Jun/2014:17:46:41 -0400] "GET /images/publications/heart_large.jpg HTTP/1.1" 200 48342 "http://www.chris-nlp-hall.com/nlp-articles-and-videos/working-from-the-heart-article-christina-hall" "Mozilla/5.0 (en-us) AppleWebKit/537.36 (KHTML, like Gecko; Google PP Default) Chrome/27.0.1453 Safari/537.36"
188.174.7.95 - - [20/Jun/2014:17:55:59 -0400] "POST /administrator/index.php?option=com_content&layout=edit&id=31 HTTP/1.1" 303 - "http://www.chris-nlp-hall.com/administrator/index.php?option=com_content&view=article&layout=edit&id=31" "Mozilla/5.0 (Macintosh; Intel Mac OS X 10_9_3) AppleWebKit/537.76.4 (KHTML, like Gecko) Version/7.0.4 Safari/537.76.4"
188.174.7.95 - - [20/Jun/2014:17:56:04 -0400] "GET /administrator/index.php?option=com_content&view=article&layout=edit&id=31 HTTP/1.1" 200 16980 "http://www.chris-nlp-hall.com/administrator/index.php?option=com_content&view=article&layout=edit&id=31" "Mozilla/5.0 (Macintosh; Intel Mac OS X 10_9_3) AppleWebKit/537.76.4 (KHTML, like Gecko) Version/7.0.4 Safari/537.76.4"
88.198.56.239 - - [20/Jun/2014:21:49:56 -0400] "GET / HTTP/1.1" 301 238 "-" "Mozilla/5.0 (Macintosh; Intel Mac OS X 10_5_8) AppleWebKit/534.50.2 (KHTML, like Gecko) Version/5.0.6 Safari/533.22.3"
41.189.48.82 - - [20/Jun/2014:23:20:28 -0400] "GET /images/trainers/photos/ctl_widler_esther.jpg HTTP/1.1" 200 3182 "http://www.chris-nlp-hall.com/the-society-of-nlp/nlp-trainers-certified-by-christina-hall" "Mozilla/5.0 (Windows NT 5.1; rv:30.0) Gecko/20100101 Firefox/30.0"
41.189.48.82 - - [20/Jun/2014:23:20:28 -0400] "GET /images/trainers/photos/ctl_turki_karim.jpg HTTP/1.1" 200 2647 "http://www.chris-nlp-hall.com/the-society-of-nlp/nlp-trainers-certified-by-christina-hall" "Mozilla/5.0 (Windows NT 5.1; rv:30.0) Gecko/20100101 Firefox/30.0"
41.189.48.82 - - [20/Jun/2014:23:20:28 -0400] "GET /images/trainers/photos/ctl_kerry_lynne.jpg HTTP/1.1" 200 2846 "http://www.chris-nlp-hall.com/the-society-of-nlp/nlp-trainers-certified-by-christina-hall" "Mozilla/5.0 (Windows NT 5.1; rv:30.0) Gecko/20100101 Firefox/30.0"
41.189.48.82 - - [20/Jun/2014:23:20:29 -0400] "GET /images/trainers/photos/ctl_duffy_andrew.jpg HTTP/1.1" 200 3637 "http://www.chris-nlp-hall.com/the-society-of-nlp/nlp-trainers-certified-by-christina-hall" "Mozilla/5.0 (Windows NT 5.1; rv:30.0) Gecko/20100101 Firefox/30.0"
41.189.48.82 - - [20/Jun/2014:23:20:29 -0400] "GET /images/trainers/flags/United%20States%20of%20America%20(USA).png HTTP/1.1" 200 830 "http://www.chris-nlp-hall.com/the-society-of-nlp/nlp-trainers-certified-by-christina-hall" "Mozilla/5.0 (Windows NT 5.1; rv:30.0) Gecko/20100101 Firefox/30.0"
41.189.48.82 - - [20/Jun/2014:23:20:30 -0400] "GET /images/trainers/photos/ctl_stageman_200.jpg HTTP/1.1" 200 12464 "http://www.chris-nlp-hall.com/the-society-of-nlp/nlp-trainers-certified-by-christina-hall" "Mozilla/5.0 (Windows NT 5.1; rv:30.0) Gecko/20100101 Firefox/30.0"
41.189.48.82 - - [20/Jun/2014:23:20:31 -0400] "GET /images/trainers/photos/ctl_watson_200.jpg HTTP/1.1" 200 36916 "http://www.chris-nlp-hall.com/the-society-of-nlp/nlp-trainers-certified-by-christina-hall" "Mozilla/5.0 (Windows NT 5.1; rv:30.0) Gecko/20100101 Firefox/30.0"
41.189.48.82 - - [20/Jun/2014:23:20:32 -0400] "GET /templates/cnlp_neu/images/lotus_3_800.png HTTP/1.1" 200 100930 "http://www.chris-nlp-hall.com/templates/cnlp_neu/css/cnlp_neu.css" "Mozilla/5.0 (Windows NT 5.1; rv:30.0) Gecko/20100101 Firefox/30.0"
41.189.48.82 - - [20/Jun/2014:23:20:34 -0400] "GET /images/trainers/photos/ctl_koteray_200.jpg HTTP/1.1" 200 50349 "http://www.chris-nlp-hall.com/the-society-of-nlp/nlp-trainers-certified-by-christina-hall" "Mozilla/5.0 (Windows NT 5.1; rv:30.0) Gecko/20100101 Firefox/30.0"
79.87.91.25 - - [20/Jun/2014:07:36:36 -0400] "GET /templates/cnlp_neu/css/cnlp_neu.css HTTP/1.1" 200 7538 "http://www.chris-nlp-hall.com/" "Mozilla/5.0 (Windows NT 6.1; WOW64; Trident/7.0; rv:11.0) like Gecko"
79.87.91.25 - - [20/Jun/2014:07:36:37 -0400] "GET /modules/mod_slideshowck/assets/jquery.easing.1.3.js HTTP/1.1" 200 8097 "http://www.chris-nlp-hall.com/" "Mozilla/5.0 (Windows NT 6.1; WOW64; Trident/7.0; rv:11.0) like Gecko"
79.87.91.25 - - [20/Jun/2014:07:36:37 -0400] "GET /modules/mod_slideshowck/assets/jquery.mobile.customized.min.js HTTP/1.1" 200 17519 "http://www.chris-nlp-hall.com/" "Mozilla/5.0 (Windows NT 6.1; WOW64; Trident/7.0; rv:11.0) like Gecko"
79.87.91.25 - - [20/Jun/2014:07:36:38 -0400] "GET /templates/cnlp_neu/images/px_transparent_60.png HTTP/1.1" 200 116 "http://www.chris-nlp-hall.com/" "Mozilla/5.0 (Windows NT 6.1; WOW64; Trident/7.0; rv:11.0) like Gecko"
79.87.91.25 - - [20/Jun/2014:07:36:39 -0400] "GET /templates/cnlp_neu/favicon.ico HTTP/1.1" 200 1150 "-" "Mozilla/5.0 (Windows NT 6.1; Win64; x64; Trident/7.0; rv:11.0) like Gecko"
79.87.91.25 - - [20/Jun/2014:07:38:21 -0400] "GET /images/slides/welcome//20121018_JP_Shinichi.jpg?1403264308907 HTTP/1.1" 200 140615 "http://www.chris-nlp-hall.com/" "Mozilla/5.0 (Windows NT 6.1; WOW64; Trident/7.0; rv:11.0) like Gecko"
79.87.91.25 - - [20/Jun/2014:07:38:55 -0400] "GET / HTTP/1.1" 200 4782 "http://www.google.fr/url?sa=t&rct=j&q=&esrc=s&source=web&cd=8&sqi=2&ved=0CDwQFjAH&url=http%3A%2F%2Fwww.chris-nlp-hall.com%2F&ei=qRykU4vwGPiysASpnIC4BQ&usg=AFQjCNHBkFLPcTie62jcLtQib0jZDdNWPA" "Mozilla/5.0 (Windows NT 6.1; WOW64; Trident/7.0; rv:11.0) like Gecko"
79.87.91.25 - - [20/Jun/2014:07:38:57 -0400] "GET /images/slides/welcome//20120630_FRA_Gilles.jpg?1403264344224 HTTP/1.1" 200 187116 "http://www.chris-nlp-hall.com/" "Mozilla/5.0 (Windows NT 6.1; WOW64; Trident/7.0; rv:11.0) like Gecko"
79.87.91.25 - - [20/Jun/2014:07:38:57 -0400] "GET /images/slides/welcome//20140510_JP_group1.jpg?1403264344942 HTTP/1.1" 200 208929 "http://www.chris-nlp-hall.com/" "Mozilla/5.0 (Windows NT 6.1; WOW64; Trident/7.0; rv:11.0) like Gecko"
79.87.91.25 - - [20/Jun/2014:07:39:06 -0400] "GET /images/slides/welcome//20140301_JP_group.png?1403264353762 HTTP/1.1" 200 717226 "http://www.chris-nlp-hall.com/" "Mozilla/5.0 (Windows NT 6.1; WOW64; Trident/7.0; rv:11.0) like Gecko"
79.87.91.25 - - [20/Jun/2014:07:39:21 -0400] "GET /images/slides/welcome//20130503_JP_group.jpg?1403264368994 HTTP/1.1" 200 174970 "http://www.chris-nlp-hall.com/" "Mozilla/5.0 (Windows NT 6.1; WOW64; Trident/7.0; rv:11.0) like Gecko"
217.146.144.226 - - [20/Jun/2014:09:02:41 -0400] "GET /images/trainers/photos/ctl_rous_200.jpg HTTP/1.1" 200 35429 "http://www.chris-nlp-hall.com/the-society-of-nlp/nlp-trainers-certified-by-christina-hall" "Mozilla/5.0 (Windows NT 6.1; WOW64; Trident/7.0; rv:11.0) like Gecko"
217.146.144.226 - - [20/Jun/2014:09:02:41 -0400] "GET /images/trainers/photos/ctl_huber_michi_400.jpg HTTP/1.1" 200 19810 "http://www.chris-nlp-hall.com/the-society-of-nlp/nlp-trainers-certified-by-christina-hall" "Mozilla/5.0 (Windows NT 6.1; WOW64; Trident/7.0; rv:11.0) like Gecko"
217.146.144.226 - - [20/Jun/2014:09:02:42 -0400] "GET /images/trainers/photos/ctl_suzuki_shinichi.jpg HTTP/1.1" 200 2328 "http://www.chris-nlp-hall.com/the-society-of-nlp/nlp-trainers-certified-by-christina-hall" "Mozilla/5.0 (Windows NT 6.1; WOW64; Trident/7.0; rv:11.0) like Gecko"
217.146.144.226 - - [20/Jun/2014:09:02:42 -0400] "GET /images/trainers/photos/ctl_mogami_yuta.jpg HTTP/1.1" 200 7079 "http://www.chris-nlp-hall.com/the-society-of-nlp/nlp-trainers-certified-by-christina-hall" "Mozilla/5.0 (Windows NT 6.1; WOW64; Trident/7.0; rv:11.0) like Gecko"
217.146.144.226 - - [20/Jun/2014:09:02:42 -0400] "GET /images/trainers/photos/ctl_roesli_luc.jpg HTTP/1.1" 200 2532 "http://www.chris-nlp-hall.com/the-society-of-nlp/nlp-trainers-certified-by-christina-hall" "Mozilla/5.0 (Windows NT 6.1; WOW64; Trident/7.0; rv:11.0) like Gecko"
217.146.144.226 - - [20/Jun/2014:09:02:42 -0400] "GET /images/trainers/photos/ctl_beerli_tommike.jpg HTTP/1.1" 200 45894 "http://www.chris-nlp-hall.com/the-society-of-nlp/nlp-trainers-certified-by-christina-hall" "Mozilla/5.0 (Windows NT 6.1; WOW64; Trident/7.0; rv:11.0) like Gecko"
217.146.144.226 - - [20/Jun/2014:09:02:42 -0400] "GET /images/trainers/photos/ctl_michaels_200.jpg HTTP/1.1" 200 61654 "http://www.chris-nlp-hall.com/the-society-of-nlp/nlp-trainers-certified-by-christina-hall" "Mozilla/5.0 (Windows NT 6.1; WOW64; Trident/7.0; rv:11.0) like Gecko"
188.174.7.95 - - [20/Jun/2014:10:40:05 -0400] "GET /images/slides/welcome//20140510_JP_group1.jpg?1403275203986 HTTP/1.1" 200 208929 "http://www.chris-nlp-hall.com/" "Mozilla/5.0 (Macintosh; Intel Mac OS X 10_9_3) AppleWebKit/537.76.4 (KHTML, like Gecko) Version/7.0.4 Safari/537.76.4"
188.174.7.95 - - [20/Jun/2014:10:46:43 -0400] "GET /images/slides/welcome//20140510_JP_group1.jpg?1403275602588 HTTP/1.1" 200 208929 "http://www.chris-nlp-hall.com/" "Mozilla/5.0 (Macintosh; Intel Mac OS X 10_9_3) AppleWebKit/537.76.4 (KHTML, like Gecko) Version/7.0.4 Safari/537.76.4"
162.211.129.46 - - [20/Jun/2014:10:53:33 -0400] "GET /images/slides/welcome//20140510_JP_group1.jpg?1403276011151 HTTP/1.1" 200 208929 "http://www.chris-nlp-hall.com/" "Mozilla/5.0 (iPad; CPU OS 7_1_1 like Mac OS X) AppleWebKit/537.51.2 (KHTML, like Gecko) Version/7.0 Mobile/11D201 Safari/9537.53"
41.206.12.35 - - [20/Jun/2014:12:16:59 -0400] "GET /images/trainers/photos/ctl_suzuki_shinichi.jpg HTTP/1.1" 200 2328 "http://www.chris-nlp-hall.com/the-society-of-nlp/nlp-trainers-certified-by-christina-hall" "Mozilla/5.0 (Windows NT 6.1; rv:29.0) Gecko/20100101 Firefox/29.0"
41.206.12.35 - - [20/Jun/2014:12:17:07 -0400] "GET /images/trainers/photos/ctl_mogami_yuta.jpg HTTP/1.1" 200 7079 "http://www.chris-nlp-hall.com/the-society-of-nlp/nlp-trainers-certified-by-christina-hall" "Mozilla/5.0 (Windows NT 6.1; rv:29.0) Gecko/20100101 Firefox/29.0"
66.249.81.154 - - [20/Jun/2014:12:30:07 -0400] "GET /index.php?p=37 HTTP/1.1" 200 4772 "http://www.google.com/search" "Mozilla/5.0 (X11; Linux x86_64) AppleWebKit/537.36 (KHTML, like Gecko; Google Web Preview) Chrome/27.0.1453 Safari/537.36"
66.249.81.154 - - [20/Jun/2014:12:30:09 -0400] "GET /media/system/css/modal.css HTTP/1.1" 200 2823 "http://www.chris-nlp-hall.com/index.php?p=37" "Mozilla/5.0 (X11; Linux x86_64) AppleWebKit/537.36 (KHTML, like Gecko; Google Web Preview) Chrome/27.0.1453 Safari/537.36"
66.249.81.154 - - [20/Jun/2014:12:30:09 -0400] "GET /modules/mod_slideshowck/assets/jquery.min.js HTTP/1.1" 200 93888 "http://www.chris-nlp-hall.com/index.php?p=37" "Mozilla/5.0 (X11; Linux x86_64) AppleWebKit/537.36 (KHTML, like Gecko; Google Web Preview) Chrome/27.0.1453 Safari/537.36"
66.249.81.154 - - [20/Jun/2014:12:30:10 -0400] "GET /modules/mod_slideshowck/themes/default/images/camera-loader.gif HTTP/1.1" 200 9289 "http://www.chris-nlp-hall.com/index.php?p=37" "Mozilla/5.0 (X11; Linux x86_64) AppleWebKit/537.36 (KHTML, like Gecko; Google Web Preview) Chrome/27.0.1453 Safari/537.36"
66.249.81.154 - - [20/Jun/2014:12:30:10 -0400] "GET /images/slides/welcome//20120729_JP_group.jpg?1403222400025 HTTP/1.1" 200 198051 "http://www.chris-nlp-hall.com/index.php?p=37" "Mozilla/5.0 (X11; Linux x86_64) AppleWebKit/537.36 (KHTML, like Gecko; Google Web Preview) Chrome/27.0.1453 Safari/537.36"
66.249.81.154 - - [20/Jun/2014:12:30:11 -0400] "GET /images/bg.png HTTP/1.1" 200 122 "http://www.chris-nlp-hall.com/index.php?p=37" "Mozilla/5.0 (X11; Linux x86_64) AppleWebKit/537.36 (KHTML, like Gecko; Google Web Preview) Chrome/27.0.1453 Safari/537.36"
148.251.75.46 - - [20/Jun/2014:01:13:10 -0400] "GET /index.php?p=63 HTTP/1.1" 301 297 "-" "Mozilla/5.0 (Windows NT 5.1) AppleWebKit/537.36 (KHTML, like Gecko) Chrome/27.0.1453.94 Safari/537.36"
195.154.185.238 - - [20/Jun/2014:02:12:42 -0400] "GET /nlp-product-boutique?format=feed&type=rss HTTP/1.0" 200 1185 "-" "Mozilla/5.0 (compatible; MJ12bot/v1.4.5; http://www.majestic12.co.uk/bot.php?+)"
92.153.241.78 - - [20/Jun/2014:03:45:36 -0400] "GET / HTTP/1.1" 200 4782 "-" "Mozilla/5.0 (iPad; CPU OS 7_1_1 like Mac OS X) AppleWebKit/537.51.2 (KHTML, like Gecko) Version/7.0 Mobile/11D201 Safari/9537.53"
92.153.241.78 - - [20/Jun/2014:03:45:38 -0400] "GET //components/com_cnlp_workshops/css/cnlp_workshops.css HTTP/1.1" 200 4039 "http://www.chris-nlp-hall.com/" "Mozilla/5.0 (iPad; CPU OS 7_1_1 like Mac OS X) AppleWebKit/537.51.2 (KHTML, like Gecko) Version/7.0 Mobile/11D201 Safari/9537.53"
78.88.85.97 - - [20/Jun/2014:04:28:01 -0400] "GET /images/boutique/surprise-perspective.jpg HTTP/1.1" 200 6346 "http://www.chris-nlp-hall.com/nlp-product-boutique" "Mozilla/5.0 (Windows NT 6.3; rv:30.0) Gecko/20100101 Firefox/30.0"
98.224.218.6 - - [20/Jun/2014:04:36:40 -0400] "GET /images/slides/welcome//20021001_CH_group.jpg?1403141535816 HTTP/1.1" 304 - "http://www.chris-nlp-hall.com/index.php?p=37" "Mozilla/5.0 (X11; Linux x86_64) AppleWebKit/537.36 (KHTML, like Gecko) Ubuntu Chromium/34.0.1847.116 Chrome/34.0.1847.116 Safari/537.36"
66.249.67.57 - - [20/Jun/2014:05:48:51 -0400] "GET /index.php?p=37 HTTP/1.1" 200 4784 "-" "SAMSUNG-SGH-E250/1.0 Profile/MIDP-2.0 Configuration/CLDC-1.1 UP.Browser/6.2.3.3.c.1.101 (GUI) MMP/2.0 (compatible; Googlebot-Mobile/2.1; +http://www.google.com/bot.html)"
208.115.113.83 - - [20/Jun/2014:13:50:23 -0400] "GET /robots.txt HTTP/1.1" 301 248 "-" "Mozilla/5.0 (compatible; DotBot/1.1; http://www.opensiteexplorer.org/dotbot, help@moz.com)"
98.224.218.6 - - [20/Jun/2014:20:22:53 -0400] "GET /images/slides/welcome//20110623_JP_Chris3.jpg?1403141439813 HTTP/1.1" 304 - "http://www.chris-nlp-hall.com/index.php?p=37" "Mozilla/5.0 (X11; Linux x86_64) AppleWebKit/537.36 (KHTML, like Gecko) Ubuntu Chromium/34.0.1847.116 Chrome/34.0.1847.116 Safari/537.36"
146.120.134.224 - - [20/Jun/2014:21:58:54 -0400] "GET /galleries/docs/SummaryofLegalProceedings.pdf HTTP/1.0" 404 1402 "-" "Mozilla/5.0 (compatible; Googlebot/2.1; +http://www.google.com/bot.html)"
41.189.48.82 - - [20/Jun/2014:23:20:19 -0400] "GET /images/trainers/photos/ctl_caspers_200.jpg HTTP/1.1" 404 575 "http://www.chris-nlp-hall.com/the-society-of-nlp/nlp-trainers-certified-by-christina-hall" "Mozilla/5.0 (Windows NT 5.1; rv:30.0) Gecko/20100101 Firefox/30.0"
41.189.48.82 - - [20/Jun/2014:23:20:20 -0400] "GET /images/trainers/photos/ctl_voss_200.jpg HTTP/1.1" 200 50865 "http://www.chris-nlp-hall.com/the-society-of-nlp/nlp-trainers-certified-by-christina-hall" "Mozilla/5.0 (Windows NT 5.1; rv:30.0) Gecko/20100101 Firefox/30.0"
41.189.48.82 - - [20/Jun/2014:23:20:21 -0400] "GET /images/trainers/flags/Japan.png HTTP/1.1" 200 705 "http://www.chris-nlp-hall.com/the-society-of-nlp/nlp-trainers-certified-by-christina-hall" "Mozilla/5.0 (Windows NT 5.1; rv:30.0) Gecko/20100101 Firefox/30.0"
41.189.48.82 - - [20/Jun/2014:23:20:21 -0400] "GET /images/trainers/photos/ctl_ohe_akiko.jpg HTTP/1.1" 200 17766 "http://www.chris-nlp-hall.com/the-society-of-nlp/nlp-trainers-certified-by-christina-hall" "Mozilla/5.0 (Windows NT 5.1; rv:30.0) Gecko/20100101 Firefox/30.0"
41.189.48.82 - - [20/Jun/2014:23:20:22 -0400] "GET /images/trainers/photos/ctl_nakashima_200.jpg HTTP/1.1" 200 48352 "http://www.chris-nlp-hall.com/the-society-of-nlp/nlp-trainers-certified-by-christina-hall" "Mozilla/5.0 (Windows NT 5.1; rv:30.0) Gecko/20100101 Firefox/30.0"
199.115.117.243 - - [20/Jun/2014:09:58:47 -0400] "GET /images/trainers/flags/master_medal.png HTTP/1.1" 200 4440 "http://www.chris-nlp-hall.com/the-society-of-nlp/nlp-trainers-certified-by-christina-hall" "Mozilla/5.0 (Windows NT 6.1; WOW64; rv:29.0) Gecko/20100101 Firefox/29.0"
188.174.7.95 - - [20/Jun/2014:10:39:36 -0400] "GET /media/system/js/mootools-core.js HTTP/1.1" 304 - "http://www.chris-nlp-hall.com/" "Mozilla/5.0 (Macintosh; Intel Mac OS X 10_9_3) AppleWebKit/537.76.4 (KHTML, like Gecko) Version/7.0.4 Safari/537.76.4"
188.174.7.95 - - [20/Jun/2014:10:39:36 -0400] "GET /modules/mod_slideshowck/assets/jquery.min.js HTTP/1.1" 304 - "http://www.chris-nlp-hall.com/" "Mozilla/5.0 (Macintosh; Intel Mac OS X 10_9_3) AppleWebKit/537.76.4 (KHTML, like Gecko) Version/7.0.4 Safari/537.76.4"
188.174.7.95 - - [20/Jun/2014:10:47:29 -0400] "GET / HTTP/1.1" 200 4768 "-" "Mozilla/5.0 (Macintosh; Intel Mac OS X 10_9_3) AppleWebKit/537.76.4 (KHTML, like Gecko) Version/7.0.4 Safari/537.76.4"
188.174.7.95 - - [20/Jun/2014:10:47:34 -0400] "GET /media/system/js/caption.js HTTP/1.1" 304 - "http://www.chris-nlp-hall.com/" "Mozilla/5.0 (Macintosh; Intel Mac OS X 10_9_3) AppleWebKit/537.76.4 (KHTML, like Gecko) Version/7.0.4 Safari/537.76.4"
188.174.7.95 - - [20/Jun/2014:10:47:34 -0400] "GET /media/system/js/mootools-more.js HTTP/1.1" 304 - "http://www.chris-nlp-hall.com/" "Mozilla/5.0 (Macintosh; Intel Mac OS X 10_9_3) AppleWebKit/537.76.4 (KHTML, like Gecko) Version/7.0.4 Safari/537.76.4"
188.174.7.95 - - [20/Jun/2014:10:47:34 -0400] "GET /templates/cnlp_neu/css/cnlp_neu.css HTTP/1.1" 200 7306 "http://www.chris-nlp-hall.com/" "Mozilla/5.0 (Macintosh; Intel Mac OS X 10_9_3) AppleWebKit/537.76.4 (KHTML, like Gecko) Version/7.0.4 Safari/537.76.4"
188.174.7.95 - - [20/Jun/2014:10:47:35 -0400] "GET /templates/cnlp_neu/images/lotus_3_800.png HTTP/1.1" 304 - "http://www.chris-nlp-hall.com/" "Mozilla/5.0 (Macintosh; Intel Mac OS X 10_9_3) AppleWebKit/537.76.4 (KHTML, like Gecko) Version/7.0.4 Safari/537.76.4"
188.174.7.95 - - [20/Jun/2014:10:47:37 -0400] "GET /images/slides/welcome//20120630_FRA_Gilles.jpg?1403275656436 HTTP/1.1" 200 187116 "http://www.chris-nlp-hall.com/" "Mozilla/5.0 (Macintosh; Intel Mac OS X 10_9_3) AppleWebKit/537.76.4 (KHTML, like Gecko) Version/7.0.4 Safari/537.76.4"
188.174.7.95 - - [20/Jun/2014:10:48:07 -0400] "GET /images/slides/welcome//20110212_UK_group.jpg?1403275686228 HTTP/1.1" 200 190204 "http://www.chris-nlp-hall.com/" "Mozilla/5.0 (Macintosh; Intel Mac OS X 10_9_3) AppleWebKit/537.76.4 (KHTML, like Gecko) Version/7.0.4 Safari/537.76.4"
188.174.7.95 - - [20/Jun/2014:10:48:50 -0400] "GET /images/slides/welcome//20000501_FR_group.jpg?1403275728947 HTTP/1.1" 200 206005 "http://www.chris-nlp-hall.com/" "Mozilla/5.0 (Macintosh; Intel Mac OS X 10_9_3) AppleWebKit/537.76.4 (KHTML, like Gecko) Version/7.0.4 Safari/537.76.4"
39.55.197.46 - - [20/Jun/2014:12:27:03 -0400] "GET /nlp-product-boutique HTTP/1.1" 200 3113 "https://www.google.com.pk/" "Mozilla/5.0 (Windows NT 6.1) AppleWebKit/537.36 (KHTML, like Gecko) Chrome/35.0.1916.153 Safari/537.36"
39.55.197.46 - - [20/Jun/2014:12:27:05 -0400] "GET /images/boutique/42-1-095-00-perspective.jpg HTTP/1.1" 200 53902 "http://www.chris-nlp-hall.com/nlp-product-boutique" "Mozilla/5.0 (Windows NT 6.1) AppleWebKit/537.36 (KHTML, like Gecko) Chrome/35.0.1916.153 Safari/537.36"
39.55.197.46 - - [20/Jun/2014:12:27:08 -0400] "GET /templates/cnlp_neu/images/px_transparent_60.png HTTP/1.1" 200 116 "http://www.chris-nlp-hall.com/nlp-product-boutique" "Mozilla/5.0 (Windows NT 6.1) AppleWebKit/537.36 (KHTML, like Gecko) Chrome/35.0.1916.153 Safari/537.36"
46.105.105.227 - - [20/Jun/2014:12:47:42 -0400] "GET /the-society-of-nlp/introducing-the-society-of-nlp HTTP/1.1" 200 10197 "-" "Mozilla/5.0 (Windows NT 5.1; rv:15.0) Gecko/20120909 Firefox/15.0.1 SeaMonkey/2.12.1"
193.150.120.14 - - [20/Jun/2014:01:19:57 -0400] "GET / HTTP/1.1" 200 20325 "http://2kata.ru/" "Mozilla/4.0 (compatible; MSIE 6.0; Windows NT 5.1; SV1; InfoPath.1)"
193.150.120.14 - - [20/Jun/2014:01:19:56 -0400] "GET / HTTP/1.1" 200 20402 "http://ladyselect.com/" "Mozilla/4.0 (compatible; MSIE 6.0; Windows NT 5.1; SV1; InfoPath.1)"
82.80.154.166 - - [20/Jun/2014:03:34:26 -0400] "GET /templates/cnlp_neu/images/px_transparent_60.png HTTP/1.1" 200 116 "http://www.chris-nlp-hall.com/templates/cnlp_neu/css/cnlp_neu.css" "Mozilla/5.0 (Windows NT 6.2; WOW64; rv:30.0) Gecko/20100101 Firefox/30.0"
82.80.154.166 - - [20/Jun/2014:03:34:26 -0400] "GET /images/slides/welcome//20021001_CH_group.jpg?1403249662519 HTTP/1.1" 200 190889 "http://www.chris-nlp-hall.com/" "Mozilla/5.0 (Windows NT 6.2; WOW64; rv:30.0) Gecko/20100101 Firefox/30.0"
82.80.154.166 - - [20/Jun/2014:03:34:52 -0400] "GET /images/slides/welcome//20080101_UK_group.jpg?1403249690225 HTTP/1.1" 200 140161 "http://www.chris-nlp-hall.com/" "Mozilla/5.0 (Windows NT 6.2; WOW64; rv:30.0) Gecko/20100101 Firefox/30.0"
82.80.154.166 - - [20/Jun/2014:03:43:02 -0400] "GET /nlp-workshops-and-trainings/nlp-meta-programs HTTP/1.1" 200 3886 "http://www.chris-nlp-hall.com/nlp-infinity-forum" "Mozilla/5.0 (Windows NT 6.2; WOW64; rv:30.0) Gecko/20100101 Firefox/30.0"
92.153.241.78 - - [20/Jun/2014:03:45:43 -0400] "GET /media/system/js/mootools-more.js HTTP/1.1" 200 238331 "http://www.chris-nlp-hall.com/" "Mozilla/5.0 (iPad; CPU OS 7_1_1 like Mac OS X) AppleWebKit/537.51.2 (KHTML, like Gecko) Version/7.0 Mobile/11D201 Safari/9537.53"
92.153.241.78 - - [20/Jun/2014:03:45:54 -0400] "GET /images/bg.png HTTP/1.1" 200 122 "http://www.chris-nlp-hall.com/" "Mozilla/5.0 (iPad; CPU OS 7_1_1 like Mac OS X) AppleWebKit/537.51.2 (KHTML, like Gecko) Version/7.0 Mobile/11D201 Safari/9537.53"
84.94.178.105 - - [20/Jun/2014:04:49:33 -0400] "GET /images/slides/welcome//20080101_UK_group.jpg?1403254170903 HTTP/1.1" 200 140161 "http://www.chris-nlp-hall.com/" "Mozilla/5.0 (Windows NT 6.2; WOW64; rv:30.0) Gecko/20100101 Firefox/30.0"
84.94.178.105 - - [20/Jun/2014:05:04:51 -0400] "GET /templates/cnlp_neu/css/cnlp_neu.css HTTP/1.1" 200 7538 "http://www.chris-nlp-hall.com/" "Mozilla/5.0 (Windows NT 6.2; WOW64) AppleWebKit/537.36 (KHTML, like Gecko) Chrome/35.0.1916.153 Safari/537.36"
84.94.178.105 - - [20/Jun/2014:05:04:52 -0400] "GET /modules/mod_slideshowck/assets/jquery.easing.1.3.js HTTP/1.1" 200 8097 "http://www.chris-nlp-hall.com/" "Mozilla/5.0 (Windows NT 6.2; WOW64) AppleWebKit/537.36 (KHTML, like Gecko) Chrome/35.0.1916.153 Safari/537.36"
84.94.178.105 - - [20/Jun/2014:05:04:52 -0400] "GET /modules/mod_slideshowck/assets/camera.min.js HTTP/1.1" 200 40612 "http://www.chris-nlp-hall.com/" "Mozilla/5.0 (Windows NT 6.2; WOW64) AppleWebKit/537.36 (KHTML, like Gecko) Chrome/35.0.1916.153 Safari/537.36"
84.94.178.105 - - [20/Jun/2014:05:04:54 -0400] "GET /templates/cnlp_neu/images/px_transparent_60.png HTTP/1.1" 200 116 "http://www.chris-nlp-hall.com/" "Mozilla/5.0 (Windows NT 6.2; WOW64) AppleWebKit/537.36 (KHTML, like Gecko) Chrome/35.0.1916.153 Safari/537.36"
84.94.178.105 - - [20/Jun/2014:05:04:54 -0400] "GET /modules/mod_slideshowck/themes/default/images/camera-loader.gif HTTP/1.1" 200 9289 "http://www.chris-nlp-hall.com/" "Mozilla/5.0 (Windows NT 6.2; WOW64) AppleWebKit/537.36 (KHTML, like Gecko) Chrome/35.0.1916.153 Safari/537.36"
84.94.178.105 - - [20/Jun/2014:05:04:56 -0400] "GET /images/bg.png HTTP/1.1" 200 122 "http://www.chris-nlp-hall.com/" "Mozilla/5.0 (Windows NT 6.2; WOW64) AppleWebKit/537.36 (KHTML, like Gecko) Chrome/35.0.1916.153 Safari/537.36"
84.94.178.105 - - [20/Jun/2014:05:04:57 -0400] "GET /templates/cnlp_neu/favicon.ico HTTP/1.1" 200 1150 "-" "Mozilla/5.0 (Windows NT 6.2; WOW64) AppleWebKit/537.36 (KHTML, like Gecko) Chrome/35.0.1916.153 Safari/537.36"
84.94.178.105 - - [20/Jun/2014:05:07:53 -0400] "GET /images/slides/welcome//20140601_PL_chris1.jpg?1403255271810 HTTP/1.1" 200 146368 "http://www.chris-nlp-hall.com/" "Mozilla/5.0 (Windows NT 6.2; WOW64) AppleWebKit/537.36 (KHTML, like Gecko) Chrome/35.0.1916.153 Safari/537.36"
