199.115.117.243 - - [20/Jun/2014:09:57:46 -0400] "GET /media/system/js/mootools-core.js HTTP/1.1" 200 96362 "http://www.chris-nlp-hall.com/the-society-of-nlp/nlp-trainers-certified-by-christina-hall" "Mozilla/5.0 (Windows NT 6.1; WOW64; rv:29.0) Gecko/20100101 Firefox/29.0"
199.115.117.243 - - [20/Jun/2014:09:58:46 -0400] "GET /images/trainers/photos/ctl_watson_200.jpg HTTP/1.1" 200 36916 "http://www.chris-nlp-hall.com/the-society-of-nlp/nlp-trainers-certified-by-christina-hall" "Mozilla/5.0 (Windows NT 6.1; WOW64; rv:29.0) Gecko/20100101 Firefox/29.0"
199.115.117.243 - - [20/Jun/2014:09:58:51 -0400] "GET /templates/cnlp_neu/images/px_transparent_50.png HTTP/1.1" 200 112 "http://www.chris-nlp-hall.com/templates/cnlp_neu/css/cnlp_neu.css" "Mozilla/5.0 (Windows NT 6.1; WOW64; rv:29.0) Gecko/20100101 Firefox/29.0"
199.115.117.243 - - [20/Jun/2014:09:58:52 -0400] "GET //components/com_cnlp_trainers/css/cnlp_trainers_phone.png HTTP/1.1" 200 1892 "http://www.chris-nlp-hall.com//components/com_cnlp_trainers/css/cnlp_trainers.css" "Mozilla/5.0 (Windows NT 6.1; WOW64; rv:29.0) Gecko/20100101 Firefox/29.0"
199.115.117.243 - - [20/Jun/2014:09:59:15 -0400] "GET /templates/cnlp_neu/favicon.ico HTTP/1.1" 200 1150 "-" "Mozilla/5.0 (Windows NT 6.1; WOW64; rv:29.0) Gecko/20100101 Firefox/29.0"
188.174.7.95 - - [20/Jun/2014:10:26:27 -0400] "GET /images/slides/chris//00_DSCN1114.png?1403274389907 HTTP/1.1" 200 910571 "http://www.chris-nlp-hall.com/profile-christina-hall-phd-nlp-meta-master-trainer" "Mozilla/5.0 (iPad; CPU OS 7_1_1 like Mac OS X) AppleWebKit/537.51.2 (KHTML, like Gecko) Version/7.0 Mobile/11D201 Safari/9537.53"
189.123.130.174 - - [20/Jun/2014:10:31:26 -0400] "GET /media/system/css/modal.css HTTP/1.1" 200 2823 "http://www.chris-nlp-hall.com/" "Mozilla/5.0 (Windows NT 6.1; WOW64) AppleWebKit/537.36 (KHTML, like Gecko) Chrome/32.0.1700.107 Safari/537.36"
189.123.130.174 - - [20/Jun/2014:10:31:26 -0400] "GET /media/system/js/modal.js HTTP/1.1" 200 9732 "http://www.chris-nlp-hall.com/" "Mozilla/5.0 (Windows NT 6.1; WOW64) AppleWebKit/537.36 (KHTML, like Gecko) Chrome/32.0.1700.107 Safari/537.36"
189.123.130.174 - - [20/Jun/2014:10:31:26 -0400] "GET /modules/mod_slideshowck/assets/jquery.mobile.customized.min.js HTTP/1.1" 200 17519 "http://www.chris-nlp-hall.com/" "Mozilla/5.0 (Windows NT 6.1; WOW64) AppleWebKit/537.36 (KHTML, like Gecko) Chrome/32.0.1700.107 Safari/537.36"
189.123.130.174 - - [20/Jun/2014:10:31:29 -0400] "GET /templates/cnlp_neu/images/px_transparent_50.png HTTP/1.1" 200 112 "http://www.chris-nlp-hall.com/" "Mozilla/5.0 (Windows NT 6.1; WOW64) AppleWebKit/537.36 (KHTML, like Gecko) Chrome/32.0.1700.107 Safari/537.36"
189.123.130.174 - - [20/Jun/2014:10:31:30 -0400] "GET /modules/mod_slideshowck/themes/default/images/camera-loader.gif HTTP/1.1" 200 9289 "http://www.chris-nlp-hall.com/" "Mozilla/5.0 (Windows NT 6.1; WOW64) AppleWebKit/537.36 (KHTML, like Gecko) Chrome/32.0.1700.107 Safari/537.36"
188.174.7.95 - - [20/Jun/2014:10:38:32 -0400] "GET / HTTP/1.1" 200 4776 "-" "Mozilla/5.0 (Macintosh; Intel Mac OS X 10_9_3) AppleWebKit/537.76.4 (KHTML, like Gecko) Version/7.0.4 Safari/537.76.4"
188.174.7.95 - - [20/Jun/2014:10:47:54 -0400] "GET /media/system/css/modal.css HTTP/1.1" 304 - "http://www.chris-nlp-hall.com/" "Mozilla/5.0 (Macintosh; Intel Mac OS X 10_9_3) AppleWebKit/537.76.4 (KHTML, like Gecko) Version/7.0.4 Safari/537.76.4"
188.174.7.95 - - [20/Jun/2014:10:47:54 -0400] "GET /media/system/js/modal.js HTTP/1.1" 304 - "http://www.chris-nlp-hall.com/" "Mozilla/5.0 (Macintosh; Intel Mac OS X 10_9_3) AppleWebKit/537.76.4 (KHTML, like Gecko) Version/7.0.4 Safari/537.76.4"
188.174.7.95 - - [20/Jun/2014:10:47:54 -0400] "GET /templates/cnlp_neu/images/px_transparent_60.png HTTP/1.1" 304 - "http://www.chris-nlp-hall.com/" "Mozilla/5.0 (Macintosh; Intel Mac OS X 10_9_3) AppleWebKit/537.76.4 (KHTML, like Gecko) Version/7.0.4 Safari/537.76.4"
188.174.7.95 - - [20/Jun/2014:10:52:01 -0400] "GET /images/slides/chris//IMG_3442.jpg?1403275920807 HTTP/1.1" 200 79391 "http://www.chris-nlp-hall.com/profile-christina-hall-phd-nlp-meta-master-trainer" "Mozilla/5.0 (Macintosh; Intel Mac OS X 10_9_3) AppleWebKit/537.76.4 (KHTML, like Gecko) Version/7.0.4 Safari/537.76.4"
41.206.12.35 - - [20/Jun/2014:12:16:16 -0400] "GET /media/system/js/mootools-more.js HTTP/1.1" 200 238331 "http://www.chris-nlp-hall.com/the-society-of-nlp/nlp-trainers-certified-by-christina-hall" "Mozilla/5.0 (Windows NT 6.1; rv:29.0) Gecko/20100101 Firefox/29.0"
41.206.12.35 - - [20/Jun/2014:12:16:32 -0400] "GET /images/trainers/flags/Austria.png HTTP/1.1" 200 466 "http://www.chris-nlp-hall.com/the-society-of-nlp/nlp-trainers-certified-by-christina-hall" "Mozilla/5.0 (Windows NT 6.1; rv:29.0) Gecko/20100101 Firefox/29.0"
41.206.12.35 - - [20/Jun/2014:12:16:34 -0400] "GET /images/trainers/photos/ctl_puel_jacques.jpg HTTP/1.1" 200 3498 "http://www.chris-nlp-hall.com/the-society-of-nlp/nlp-trainers-certified-by-christina-hall" "Mozilla/5.0 (Windows NT 6.1; rv:29.0) Gecko/20100101 Firefox/29.0"
41.206.12.35 - - [20/Jun/2014:12:16:37 -0400] "GET /images/trainers/flags/Germany.png HTTP/1.1" 200 602 "http://www.chris-nlp-hall.com/the-society-of-nlp/nlp-trainers-certified-by-christina-hall" "Mozilla/5.0 (Windows NT 6.1; rv:29.0) Gecko/20100101 Firefox/29.0"
41.206.12.35 - - [20/Jun/2014:12:16:50 -0400] "GET /images/trainers/photos/ctl_heller_200.jpg HTTP/1.1" 200 61501 "http://www.chris-nlp-hall.com/the-society-of-nlp/nlp-trainers-certified-by-christina-hall" "Mozilla/5.0 (Windows NT 6.1; rv:29.0) Gecko/20100101 Firefox/29.0"
157.55.39.153 - - [20/Jun/2014:12:25:46 -0400] "GET /index.php?p=37 HTTP/1.1" 301 272 "-" "Mozilla/5.0 (compatible; bingbot/2.0; +http://www.bing.com/bingbot.htm)"
157.55.39.153 - - [20/Jun/2014:12:25:46 -0400] "GET /index.php?p=41 HTTP/1.1" 301 272 "-" "Mozilla/5.0 (compatible; bingbot/2.0; +http://www.bing.com/bingbot.htm)"
157.55.39.153 - - [20/Jun/2014:12:25:46 -0400] "GET /index.php?p=1 HTTP/1.1" 301 271 "-" "Mozilla/5.0 (compatible; bingbot/2.0; +http://www.bing.com/bingbot.htm)"
66.249.88.105 - - [20/Jun/2014:12:34:55 -0400] "GET /media/system/js/core.js HTTP/1.1" 200 4784 "http://www.chris-nlp-hall.com/nlp-workshops-and-trainings/calendar" "Mozilla/5.0 (en-us) AppleWebKit/537.36 (KHTML, like Gecko; Google PP Default) Chrome/27.0.1453 Safari/537.36"
66.249.88.105 - - [20/Jun/2014:12:34:55 -0400] "GET /images/workshops/sponsors/logo_gilles_roy.jpg HTTP/1.1" 200 11144 "http://www.chris-nlp-hall.com/nlp-workshops-and-trainings/calendar" "Mozilla/5.0 (en-us) AppleWebKit/537.36 (KHTML, like Gecko; Google PP Default) Chrome/27.0.1453 Safari/537.36"
46.105.105.227 - - [20/Jun/2014:12:47:40 -0400] "GET /nlp-articles-and-videos/language-in-action-article-christina-hall HTTP/1.1" 200 18623 "-" "Mozilla/5.0 (Windows NT 5.1; rv:15.0) Gecko/20120909 Firefox/15.0.1 SeaMonkey/2.12.1"
195.154.185.238 - - [20/Jun/2014:02:13:29 -0400] "GET /the-society-of-nlp?format=feed&type=atom HTTP/1.0" 200 1697 "-" "Mozilla/5.0 (compatible; MJ12bot/v1.4.5; http://www.majestic12.co.uk/bot.php?+)"
82.80.154.166 - - [20/Jun/2014:03:34:21 -0400] "GET /modules/mod_slideshowck/assets/jquery.min.js HTTP/1.1" 200 93888 "http://www.chris-nlp-hall.com/" "Mozilla/5.0 (Windows NT 6.2; WOW64; rv:30.0) Gecko/20100101 Firefox/30.0"
92.153.241.78 - - [20/Jun/2014:03:45:59 -0400] "GET /images/workshops/sponsors/logo_voice.png HTTP/1.1" 200 6107 "http://www.chris-nlp-hall.com/nlp-workshops-and-trainings/calendar" "Mozilla/5.0 (iPad; CPU OS 7_1_1 like Mac OS X) AppleWebKit/537.51.2 (KHTML, like Gecko) Version/7.0 Mobile/11D201 Safari/9537.53"
84.94.178.105 - - [20/Jun/2014:04:08:14 -0400] "GET /nlp-product-boutique/nlp-audiobook-language-christina-hall HTTP/1.1" 200 10114 "http://www.chris-nlp-hall.com/nlp-product-boutique" "Mozilla/5.0 (Windows NT 6.2; WOW64; rv:30.0) Gecko/20100101 Firefox/30.0"
178.192.198.81 - - [20/Jun/2014:05:04:18 -0400] "GET /templates/cnlp_neu/css/cnlp_neu.css HTTP/1.1" 200 7538 "http://www.chris-nlp-hall.com/the-society-of-nlp" "Mozilla/5.0 (Macintosh; Intel Mac OS X 10_9_3) AppleWebKit/537.76.4 (KHTML, like Gecko) Version/7.0.4 Safari/537.76.4"
178.192.198.81 - - [20/Jun/2014:06:03:22 -0400] "GET //components/com_cnlp_trainers/css/cnlp_trainers.css HTTP/1.1" 200 3477 "http://www.chris-nlp-hall.com/the-society-of-nlp/nlp-trainers-certified-by-christina-hall" "Mozilla/5.0 (Macintosh; Intel Mac OS X 10_9_3) AppleWebKit/537.76.4 (KHTML, like Gecko) Version/7.0.4 Safari/537.76.4"
178.192.198.81 - - [20/Jun/2014:06:03:23 -0400] "GET /images/trainers/flags/Austria.png HTTP/1.1" 200 466 "http://www.chris-nlp-hall.com/the-society-of-nlp/nlp-trainers-certified-by-christina-hall" "Mozilla/5.0 (Macintosh; Intel Mac OS X 10_9_3) AppleWebKit/537.76.4 (KHTML, like Gecko) Version/7.0.4 Safari/537.76.4"
178.192.198.81 - - [20/Jun/2014:06:03:23 -0400] "GET //components/com_cnlp_trainers/css/cnlp_trainers_phone.png HTTP/1.1" 200 1892 "http://www.chris-nlp-hall.com/the-society-of-nlp/nlp-trainers-certified-by-christina-hall" "Mozilla/5.0 (Macintosh; Intel Mac OS X 10_9_3) AppleWebKit/537.76.4 (KHTML, like Gecko) Version/7.0.4 Safari/537.76.4"
178.192.198.81 - - [20/Jun/2014:06:03:23 -0400] "GET /images/trainers/photos/ctl_rous_200.jpg HTTP/1.1" 200 35429 "http://www.chris-nlp-hall.com/the-society-of-nlp/nlp-trainers-certified-by-christina-hall" "Mozilla/5.0 (Macintosh; Intel Mac OS X 10_9_3) AppleWebKit/537.76.4 (KHTML, like Gecko) Version/7.0.4 Safari/537.76.4"
178.192.198.81 - - [20/Jun/2014:06:03:25 -0400] "GET /images/trainers/photos/ctl_mossbrucker_ute.jpg HTTP/1.1" 200 3510 "http://www.chris-nlp-hall.com/the-society-of-nlp/nlp-trainers-certified-by-christina-hall" "Mozilla/5.0 (Macintosh; Intel Mac OS X 10_9_3) AppleWebKit/537.76.4 (KHTML, like Gecko) Version/7.0.4 Safari/537.76.4"
178.192.198.81 - - [20/Jun/2014:06:03:25 -0400] "GET /images/trainers/photos/ctl_heller_200.jpg HTTP/1.1" 200 61501 "http://www.chris-nlp-hall.com/the-society-of-nlp/nlp-trainers-certified-by-christina-hall" "Mozilla/5.0 (Macintosh; Intel Mac OS X 10_9_3) AppleWebKit/537.76.4 (KHTML, like Gecko) Version/7.0.4 Safari/537.76.4"
178.192.198.81 - - [20/Jun/2014:06:03:27 -0400] "GET /images/trainers/flags/Netherlands.png HTTP/1.1" 200 469 "http://www.chris-nlp-hall.com/the-society-of-nlp/nlp-trainers-certified-by-christina-hall" "Mozilla/5.0 (Macintosh; Intel Mac OS X 10_9_3) AppleWebKit/537.76.4 (KHTML, like Gecko) Version/7.0.4 Safari/537.76.4"
178.192.198.81 - - [20/Jun/2014:06:03:27 -0400] "GET /images/trainers/flags/Slovenia.png HTTP/1.1" 200 730 "http://www.chris-nlp-hall.com/the-society-of-nlp/nlp-trainers-certified-by-christina-hall" "Mozilla/5.0 (Macintosh; Intel Mac OS X 10_9_3) AppleWebKit/537.76.4 (KHTML, like Gecko) Version/7.0.4 Safari/537.76.4"
178.192.198.81 - - [20/Jun/2014:06:03:28 -0400] "GET /images/trainers/photos/ctl_schweitzer_200.jpg HTTP/1.1" 200 36510 "http://www.chris-nlp-hall.com/the-society-of-nlp/nlp-trainers-certified-by-christina-hall" "Mozilla/5.0 (Macintosh; Intel Mac OS X 10_9_3) AppleWebKit/537.76.4 (KHTML, like Gecko) Version/7.0.4 Safari/537.76.4"
178.192.198.81 - - [20/Jun/2014:06:03:28 -0400] "GET /images/trainers/photos/ctl_turki_karim.jpg HTTP/1.1" 200 2647 "http://www.chris-nlp-hall.com/the-society-of-nlp/nlp-trainers-certified-by-christina-hall" "Mozilla/5.0 (Macintosh; Intel Mac OS X 10_9_3) AppleWebKit/537.76.4 (KHTML, like Gecko) Version/7.0.4 Safari/537.76.4"
178.192.198.81 - - [20/Jun/2014:06:03:29 -0400] "GET /images/trainers/photos/ctl_rose_200.jpg HTTP/1.1" 200 23529 "http://www.chris-nlp-hall.com/the-society-of-nlp/nlp-trainers-certified-by-christina-hall" "Mozilla/5.0 (Macintosh; Intel Mac OS X 10_9_3) AppleWebKit/537.76.4 (KHTML, like Gecko) Version/7.0.4 Safari/537.76.4"
92.249.127.111 - - [20/Jun/2014:14:27:14 -0400] "GET / HTTP/1.1" 200 20402 "http://chimiver.info/" "Mozilla/4.0 (compatible; MSIE 6.0; Windows NT 5.1; SV1; MRA 4.6 (build 01425); MRSPUTNIK 1, 5, 0, 19 SW)"
46.244.245.1 - - [20/Jun/2014:14:44:52 -0400] "GET /media/system/js/core.js HTTP/1.1" 200 4784 "http://www.chris-nlp-hall.com/the-society-of-nlp/nlp-trainers-certified-by-christina-hall" "Mozilla/5.0 (Windows NT 5.1; rv:28.0) Gecko/20100101 Firefox/28.0"
46.244.245.1 - - [20/Jun/2014:14:44:54 -0400] "GET /images/trainers/photos/ctl_rous_200.jpg HTTP/1.1" 200 35429 "http://www.chris-nlp-hall.com/the-society-of-nlp/nlp-trainers-certified-by-christina-hall" "Mozilla/5.0 (Windows NT 5.1; rv:28.0) Gecko/20100101 Firefox/28.0"
46.244.245.1 - - [20/Jun/2014:14:44:54 -0400] "GET /images/trainers/photos/ctl_schimpke_michael.jpg HTTP/1.1" 200 3932 "http://www.chris-nlp-hall.com/the-society-of-nlp/nlp-trainers-certified-by-christina-hall" "Mozilla/5.0 (Windows NT 5.1; rv:28.0) Gecko/20100101 Firefox/28.0"
46.244.245.1 - - [20/Jun/2014:14:44:54 -0400] "GET /images/trainers/photos/ctl_alberts_ingeborg.jpg HTTP/1.1" 200 3373 "http://www.chris-nlp-hall.com/the-society-of-nlp/nlp-trainers-certified-by-christina-hall" "Mozilla/5.0 (Windows NT 5.1; rv:28.0) Gecko/20100101 Firefox/28.0"
46.244.245.1 - - [20/Jun/2014:14:44:55 -0400] "GET /images/trainers/photos/ctl_heller_200.jpg HTTP/1.1" 200 61501 "http://www.chris-nlp-hall.com/the-society-of-nlp/nlp-trainers-certified-by-christina-hall" "Mozilla/5.0 (Windows NT 5.1; rv:28.0) Gecko/20100101 Firefox/28.0"
46.244.245.1 - - [20/Jun/2014:14:44:55 -0400] "GET /images/trainers/photos/ctl_huber_michi_400.jpg HTTP/1.1" 200 19810 "http://www.chris-nlp-hall.com/the-society-of-nlp/nlp-trainers-certified-by-christina-hall" "Mozilla/5.0 (Windows NT 5.1; rv:28.0) Gecko/20100101 Firefox/28.0"
46.244.245.1 - - [20/Jun/2014:14:44:55 -0400] "GET /images/trainers/photos/ctl_caspers_200.jpg HTTP/1.1" 404 575 "http://www.chris-nlp-hall.com/the-society-of-nlp/nlp-trainers-certified-by-christina-hall" "Mozilla/5.0 (Windows NT 5.1; rv:28.0) Gecko/20100101 Firefox/28.0"
46.244.245.1 - - [20/Jun/2014:14:44:55 -0400] "GET /images/trainers/photos/ctl_waegele_christian.jpg HTTP/1.1" 200 3531 "http://www.chris-nlp-hall.com/the-society-of-nlp/nlp-trainers-certified-by-christina-hall" "Mozilla/5.0 (Windows NT 5.1; rv:28.0) Gecko/20100101 Firefox/28.0"
46.244.245.1 - - [20/Jun/2014:14:44:55 -0400] "GET /images/trainers/photos/ctl_suzuki_shinichi.jpg HTTP/1.1" 200 2328 "http://www.chris-nlp-hall.com/the-society-of-nlp/nlp-trainers-certified-by-christina-hall" "Mozilla/5.0 (Windows NT 5.1; rv:28.0) Gecko/20100101 Firefox/28.0"
46.244.245.1 - - [20/Jun/2014:14:44:55 -0400] "GET /images/trainers/photos/ctl_konzoin_yoko.jpg HTTP/1.1" 200 8009 "http://www.chris-nlp-hall.com/the-society-of-nlp/nlp-trainers-certified-by-christina-hall" "Mozilla/5.0 (Windows NT 5.1; rv:28.0) Gecko/20100101 Firefox/28.0"
188.174.7.95 - - [20/Jun/2014:17:25:13 -0400] "GET //components/com_cnlp_workshops/css/cnlp_workshops.css HTTP/1.1" 304 - "http://www.chris-nlp-hall.com/nlp-workshops-and-trainings" "Mozilla/5.0 (Macintosh; Intel Mac OS X 10_9_3) AppleWebKit/537.76.4 (KHTML, like Gecko) Version/7.0.4 Safari/537.76.4"
188.174.7.95 - - [20/Jun/2014:18:03:27 -0400] "GET /administrator/templates/bluestork/images/selector-arrow.png HTTP/1.1" 200 211 "http://www.chris-nlp-hall.com/administrator/index.php?option=com_content&view=article&layout=edit&id=21" "Mozilla/5.0 (Macintosh; Intel Mac OS X 10_9_3) AppleWebKit/537.76.4 (KHTML, like Gecko) Version/7.0.4 Safari/537.76.4"
128.30.52.73 - - [20/Jun/2014:18:31:56 -0400] "GET /nlp-product-boutique/nlp-audiobook-language-christina-hall HTTP/1.1" 200 10179 "-" "W3C_Validator/1.3 http://validator.w3.org/services"
188.174.7.95 - - [20/Jun/2014:19:25:15 -0400] "GET /profile-christina-hall-phd-nlp-meta-master-trainer/profile-christina-hall-nlp-meta-master-trainer HTTP/1.1" 200 4109 "http://www.chris-nlp-hall.com/profile-christina-hall-phd-nlp-meta-master-trainer" "Mozilla/5.0 (Macintosh; Intel Mac OS X 10_9_3) AppleWebKit/537.76.4 (KHTML, like Gecko) Version/7.0.4 Safari/537.76.4"
58.22.70.37 - - [20/Jun/2014:20:04:19 -0400] "GET /index.php HTTP/1.0" 200 20334 "http://www.chris-nlp-hall.com/index.php" "Mozilla/5.0 (Windows NT 5.1) AppleWebKit/537.36 (KHTML, like Gecko) Chrome/33.0.1750.146 Safari/537.36"
81.52.143.33 - - [20/Jun/2014:21:59:01 -0400] "GET /robots.txt HTTP/1.1" 200 846 "-" "Mozilla/5.0 (Windows NT 5.1; U; Win64; fr; rv:1.8.1) VoilaBot BETA 1.2 (support.voilabot@orange-ftgroup.com)"
66.249.64.32 - - [20/Jun/2014:23:55:00 -0400] "GET /index.php?p=49 HTTP/1.1" 200 4786 "-" "Mozilla/5.0 (compatible; Googlebot/2.1; +http://www.google.com/bot.html)"
144.76.163.48 - - [20/Jun/2014:07:37:18 -0400] "GET /the-society-of-nlp/nlp-trainers-certified-by-christina-hall HTTP/1.1" 200 142577 "-" "Mozilla/5.0 (Macintosh; Intel Mac OS X 10_8_3) AppleWebKit/537.36 (KHTML, like Gecko) Chrome/27.0.1453.93 Safari/537.36"
79.87.91.25 - - [20/Jun/2014:07:37:46 -0400] "GET /images/slides/welcome//lotus_001.jpg?1403264326118 HTTP/1.1" 200 116874 "http://www.chris-nlp-hall.com/" "Mozilla/5.0 (Windows NT 6.1; WOW64; Trident/7.0; rv:11.0) like Gecko"
98.224.218.6 - - [20/Jun/2014:09:01:33 -0400] "GET /images/slides/welcome//20140510_JP_group1.jpg?1403140627014 HTTP/1.1" 304 - "http://www.chris-nlp-hall.com/index.php?p=37" "Mozilla/5.0 (X11; Linux x86_64) AppleWebKit/537.36 (KHTML, like Gecko) Ubuntu Chromium/34.0.1847.116 Chrome/34.0.1847.116 Safari/537.36"
98.224.218.6 - - [20/Jun/2014:09:15:10 -0400] "GET /images/slides/welcome//20130503_JP_group.jpg?1403141391824 HTTP/1.1" 304 - "http://www.chris-nlp-hall.com/index.php?p=37" "Mozilla/5.0 (X11; Linux x86_64) AppleWebKit/537.36 (KHTML, like Gecko) Ubuntu Chromium/34.0.1847.116 Chrome/34.0.1847.116 Safari/537.36"
199.115.117.243 - - [20/Jun/2014:09:57:19 -0400] "GET /images/trainers/flags/France.png HTTP/1.1" 200 637 "http://www.chris-nlp-hall.com/the-society-of-nlp/nlp-trainers-certified-by-christina-hall" "Mozilla/5.0 (Windows NT 6.1; WOW64; rv:29.0) Gecko/20100101 Firefox/29.0"
199.115.117.243 - - [20/Jun/2014:09:57:20 -0400] "GET /images/trainers/photos/ctl_lochmann_franziska.jpg HTTP/1.1" 200 2279 "http://www.chris-nlp-hall.com/the-society-of-nlp/nlp-trainers-certified-by-christina-hall" "Mozilla/5.0 (Windows NT 6.1; WOW64; rv:29.0) Gecko/20100101 Firefox/29.0"
199.115.117.243 - - [20/Jun/2014:09:57:21 -0400] "GET /images/trainers/photos/ctl_caspers_200.jpg HTTP/1.1" 404 575 "http://www.chris-nlp-hall.com/the-society-of-nlp/nlp-trainers-certified-by-christina-hall" "Mozilla/5.0 (Windows NT 6.1; WOW64; rv:29.0) Gecko/20100101 Firefox/29.0"
199.115.117.243 - - [20/Jun/2014:09:57:22 -0400] "GET /images/trainers/photos/ctl_felber_petra.jpg HTTP/1.1" 200 5327 "http://www.chris-nlp-hall.com/the-society-of-nlp/nlp-trainers-certified-by-christina-hall" "Mozilla/5.0 (Windows NT 6.1; WOW64; rv:29.0) Gecko/20100101 Firefox/29.0"
199.115.117.243 - - [20/Jun/2014:09:57:22 -0400] "GET /images/trainers/photos/ctl_heller_200.jpg HTTP/1.1" 200 61501 "http://www.chris-nlp-hall.com/the-society-of-nlp/nlp-trainers-certified-by-christina-hall" "Mozilla/5.0 (Windows NT 6.1; WOW64; rv:29.0) Gecko/20100101 Firefox/29.0"
188.174.7.95 - - [20/Jun/2014:10:43:57 -0400] "GET /images/slides/welcome//20110212_UK_group.jpg?1403275489285 HTTP/1.1" 200 190204 "http://www.chris-nlp-hall.com/" "Mozilla/5.0 (Macintosh; Intel Mac OS X 10_9_3) AppleWebKit/537.76.4 (KHTML, like Gecko) Version/7.0.4 Safari/537.76.4"
188.174.7.95 - - [20/Jun/2014:10:46:41 -0400] "GET /media/system/css/modal.css HTTP/1.1" 304 - "http://www.chris-nlp-hall.com/" "Mozilla/5.0 (Macintosh; Intel Mac OS X 10_9_3) AppleWebKit/537.76.4 (KHTML, like Gecko) Version/7.0.4 Safari/537.76.4"
188.174.7.95 - - [20/Jun/2014:10:46:41 -0400] "GET /modules/mod_slideshowck/assets/jquery.min.js HTTP/1.1" 304 - "http://www.chris-nlp-hall.com/" "Mozilla/5.0 (Macintosh; Intel Mac OS X 10_9_3) AppleWebKit/537.76.4 (KHTML, like Gecko) Version/7.0.4 Safari/537.76.4"
188.174.7.95 - - [20/Jun/2014:10:46:42 -0400] "GET /templates/cnlp_neu/images/px_transparent_50.png HTTP/1.1" 304 - "http://www.chris-nlp-hall.com/" "Mozilla/5.0 (Macintosh; Intel Mac OS X 10_9_3) AppleWebKit/537.76.4 (KHTML, like Gecko) Version/7.0.4 Safari/537.76.4"
188.174.7.95 - - [20/Jun/2014:10:47:01 -0400] "GET /media/system/js/mootools-core.js HTTP/1.1" 304 - "http://www.chris-nlp-hall.com/" "Mozilla/5.0 (Macintosh; Intel Mac OS X 10_9_3) AppleWebKit/537.76.4 (KHTML, like Gecko) Version/7.0.4 Safari/537.76.4"
188.174.7.95 - - [20/Jun/2014:10:47:01 -0400] "GET /modules/mod_slideshowck/assets/jquery.mobile.customized.min.js HTTP/1.1" 304 - "http://www.chris-nlp-hall.com/" "Mozilla/5.0 (Macintosh; Intel Mac OS X 10_9_3) AppleWebKit/537.76.4 (KHTML, like Gecko) Version/7.0.4 Safari/537.76.4"
188.174.7.95 - - [20/Jun/2014:10:47:02 -0400] "GET /images/slides/welcome//20120722_UK_group.jpg?1403275673930 HTTP/1.1" 200 182456 "http://www.chris-nlp-hall.com/" "Mozilla/5.0 (Macintosh; Intel Mac OS X 10_9_3) AppleWebKit/537.76.4 (KHTML, like Gecko) Version/7.0.4 Safari/537.76.4"
188.174.7.95 - - [20/Jun/2014:10:47:05 -0400] "GET /images/slides/welcome//20120630_FRA_Gilles.jpg?1403275677516 HTTP/1.1" 200 187116 "http://www.chris-nlp-hall.com/" "Mozilla/5.0 (Macintosh; Intel Mac OS X 10_9_3) AppleWebKit/537.76.4 (KHTML, like Gecko) Version/7.0.4 Safari/537.76.4"
188.174.7.95 - - [20/Jun/2014:10:42:49 -0400] "GET /images/slides/welcome//20140301_JP_group.png?1403275421161 HTTP/1.1" 200 717226 "http://www.chris-nlp-hall.com/" "Mozilla/5.0 (Macintosh; Intel Mac OS X 10_9_3) AppleWebKit/537.76.4 (KHTML, like Gecko) Version/7.0.4 Safari/537.76.4"
41.206.12.35 - - [20/Jun/2014:12:15:52 -0400] "GET /images/trainers/photos/ctl_lochmann_franziska.jpg HTTP/1.1" 200 2279 "http://www.chris-nlp-hall.com/the-society-of-nlp/nlp-trainers-certified-by-christina-hall" "Mozilla/5.0 (Windows NT 6.1; rv:29.0) Gecko/20100101 Firefox/29.0"
41.206.12.35 - - [20/Jun/2014:12:15:54 -0400] "GET /images/trainers/photos/ctl_mossbrucker_ute.jpg HTTP/1.1" 200 3510 "http://www.chris-nlp-hall.com/the-society-of-nlp/nlp-trainers-certified-by-christina-hall" "Mozilla/5.0 (Windows NT 6.1; rv:29.0) Gecko/20100101 Firefox/29.0"
66.249.64.27 - - [20/Jun/2014:12:35:21 -0400] "GET / HTTP/1.1" 200 4769 "-" "Mozilla/5.0 (compatible; Googlebot/2.1; +http://www.google.com/bot.html)"
46.105.105.227 - - [20/Jun/2014:12:46:34 -0400] "GET /nlp-articles-and-videos HTTP/1.1" 200 12103 "-" "Mozilla/5.0 (Windows NT 5.1; rv:15.0) Gecko/20120909 Firefox/15.0.1 SeaMonkey/2.12.1"
84.94.178.105 - - [20/Jun/2014:05:08:37 -0400] "GET /images/slides/welcome//20140301_JP_group.png?1403255367807 HTTP/1.1" 200 717226 "http://www.chris-nlp-hall.com/" "Mozilla/5.0 (Windows NT 6.2; WOW64) AppleWebKit/537.36 (KHTML, like Gecko) Chrome/35.0.1916.153 Safari/537.36"
178.192.198.81 - - [20/Jun/2014:05:13:47 -0400] "GET /images/workshops/sponsors/logo_voice.png HTTP/1.1" 200 6107 "http://www.chris-nlp-hall.com/nlp-workshops-and-trainings/calendar" "Mozilla/5.0 (Macintosh; Intel Mac OS X 10_9_3) AppleWebKit/537.76.4 (KHTML, like Gecko) Version/7.0.4 Safari/537.76.4"
178.192.198.81 - - [20/Jun/2014:05:14:57 -0400] "GET /images/slides/welcome//20000501_FR_group.jpg?1403255750465 HTTP/1.1" 200 206005 "http://www.chris-nlp-hall.com/" "Mozilla/5.0 (Macintosh; Intel Mac OS X 10_9_3) AppleWebKit/537.76.4 (KHTML, like Gecko) Version/7.0.4 Safari/537.76.4"
92.153.241.78 - - [20/Jun/2014:05:38:39 -0400] "GET /modules/mod_slideshowck/assets/camera.min.js HTTP/1.1" 200 40612 "http://www.chris-nlp-hall.com/" "Mozilla/5.0 (iPad; CPU OS 7_1_1 like Mac OS X) AppleWebKit/537.51.2 (KHTML, like Gecko) Version/7.0 Mobile/11D201 Safari/9537.53"
92.153.241.78 - - [20/Jun/2014:05:39:13 -0400] "GET /nlp-workshops-and-trainings HTTP/1.1" 200 4222 "http://www.chris-nlp-hall.com/" "Mozilla/5.0 (iPad; CPU OS 7_1_1 like Mac OS X) AppleWebKit/537.51.2 (KHTML, like Gecko) Version/7.0 Mobile/11D201 Safari/9537.53"
5.199.142.250 - - [20/Jun/2014:14:00:01 -0400] "GET /images/saved.php HTTP/1.0" 301 274 "http://chris-nlp-hall.com/images/saved.php" "Mozilla/4.0 (compatible; MSIE 6.0; Windows 98; Win 9x 4.90)"
213.57.142.187 - - [20/Jun/2014:14:11:57 -0400] "GET /modules/mod_slideshowck/themes/default/css/camera.css HTTP/1.1" 200 26563 "http://www.chris-nlp-hall.com/" "Mozilla/5.0 (Windows NT 5.1) AppleWebKit/537.36 (KHTML, like Gecko) Chrome/35.0.1916.153 Safari/537.36"
213.57.142.187 - - [20/Jun/2014:14:11:58 -0400] "GET /media/system/js/modal.js HTTP/1.1" 200 9732 "http://www.chris-nlp-hall.com/" "Mozilla/5.0 (Windows NT 5.1) AppleWebKit/537.36 (KHTML, like Gecko) Chrome/35.0.1916.153 Safari/537.36"
213.57.142.187 - - [20/Jun/2014:14:11:58 -0400] "GET /modules/mod_slideshowck/assets/jquery.mobile.customized.min.js HTTP/1.1" 200 17519 "http://www.chris-nlp-hall.com/" "Mozilla/5.0 (Windows NT 5.1) AppleWebKit/537.36 (KHTML, like Gecko) Chrome/35.0.1916.153 Safari/537.36"
213.57.142.187 - - [20/Jun/2014:14:11:59 -0400] "GET /templates/cnlp_neu/css/cnlp_neu.css HTTP/1.1" 200 7306 "http://www.chris-nlp-hall.com/" "Mozilla/5.0 (Windows NT 5.1) AppleWebKit/537.36 (KHTML, like Gecko) Chrome/35.0.1916.153 Safari/537.36"
46.119.115.144 - - [20/Jun/2014:15:56:53 -0400] "GET / HTTP/1.1" 200 20402 "http://askow.ru/" "Mozilla/4.0 (compatible; MSIE 6.0; Windows NT 5.1) Opera 7.54 [en]"
188.174.7.95 - - [20/Jun/2014:17:04:19 -0400] "GET /images/trainers/photos/ctl_urayama_200.jpg HTTP/1.1" 304 - "http://www.chris-nlp-hall.com/the-society-of-nlp/nlp-trainers-certified-by-christina-hall" "Mozilla/5.0 (Macintosh; Intel Mac OS X 10_9_3) AppleWebKit/537.76.4 (KHTML, like Gecko) Version/7.0.4 Safari/537.76.4"
66.249.81.154 - - [20/Jun/2014:17:35:19 -0400] "GET / HTTP/1.1" 200 4781 "-" "Mozilla/5.0 (compatible; X11; Linux x86_64; Google-StructuredDataTestingTool; +http://www.google.com/webmasters/tools/richsnippets)"
188.174.7.95 - - [20/Jun/2014:17:40:18 -0400] "GET /administrator/components/com_quicksell/images/css_buttons/0001/style.css HTTP/1.1" 200 860 "http://www.chris-nlp-hall.com/nlp-product-boutique/nlp-audiobook-language-christina-hall" "Mozilla/5.0 (Macintosh; Intel Mac OS X 10_9_3) AppleWebKit/537.76.4 (KHTML, like Gecko) Version/7.0.4 Safari/537.76.4"
188.174.7.95 - - [20/Jun/2014:17:51:28 -0400] "GET /media/system/css/calendar-jos.css HTTP/1.1" 200 4031 "http://www.chris-nlp-hall.com/administrator/index.php?option=com_content&view=article&layout=edit&id=31" "Mozilla/5.0 (Macintosh; Intel Mac OS X 10_9_3) AppleWebKit/537.76.4 (KHTML, like Gecko) Version/7.0.4 Safari/537.76.4"
188.174.7.95 - - [20/Jun/2014:17:51:29 -0400] "GET /administrator/templates/bluestork/images/toolbar/icon-32-save.png HTTP/1.1" 200 1232 "http://www.chris-nlp-hall.com/administrator/index.php?option=com_content&view=article&layout=edit&id=31" "Mozilla/5.0 (Macintosh; Intel Mac OS X 10_9_3) AppleWebKit/537.76.4 (KHTML, like Gecko) Version/7.0.4 Safari/537.76.4"
188.174.7.95 - - [20/Jun/2014:17:51:29 -0400] "GET /administrator/templates/bluestork/images/j_button2_pagebreak.png HTTP/1.1" 200 554 "http://www.chris-nlp-hall.com/administrator/index.php?option=com_content&view=article&layout=edit&id=31" "Mozilla/5.0 (Macintosh; Intel Mac OS X 10_9_3) AppleWebKit/537.76.4 (KHTML, like Gecko) Version/7.0.4 Safari/537.76.4"
188.174.7.95 - - [20/Jun/2014:19:22:11 -0400] "GET /modules/mod_slideshowck/themes/default/images/camera_skins.png HTTP/1.1" 200 24198 "http://www.chris-nlp-hall.com/index.php?p=37" "Mozilla/5.0 (Macintosh; Intel Mac OS X 10_9_3) AppleWebKit/537.76.4 (KHTML, like Gecko) Version/7.0.4 Safari/537.76.4"
188.174.7.95 - - [20/Jun/2014:19:24:11 -0400] "GET /profile-christina-hall-phd-nlp-meta-master-trainer HTTP/1.1" 200 3764 "http://www.chris-nlp-hall.com/the-society-of-nlp/nlp-trainers-certified-by-christina-hall" "Mozilla/5.0 (Macintosh; Intel Mac OS X 10_9_3) AppleWebKit/537.76.4 (KHTML, like Gecko) Version/7.0.4 Safari/537.76.4"
207.46.13.71 - - [20/Jun/2014:19:26:35 -0400] "GET /the-society-of-nlp/nlp-trainers-certified-by-christina-hall HTTP/1.1" 200 38726 "-" "Mozilla/5.0 (compatible; bingbot/2.0; +http://www.bing.com/bingbot.htm)"
188.174.7.95 - - [20/Jun/2014:19:24:12 -0400] "GET /images/slides/chris//00_DSCN1114.png?1403306705812 HTTP/1.1" 200 910571 "http://www.chris-nlp-hall.com/profile-christina-hall-phd-nlp-meta-master-trainer" "Mozilla/5.0 (Macintosh; Intel Mac OS X 10_9_3) AppleWebKit/537.76.4 (KHTML, like Gecko) Version/7.0.4 Safari/537.76.4"
188.174.7.95 - - [20/Jun/2014:19:32:27 -0400] "GET /templates/cnlp_neu/css/cnlp_neu.css HTTP/1.1" 304 - "http://www.chris-nlp-hall.com/nlp-workshops-and-trainings" "Mozilla/5.0 (Macintosh; Intel Mac OS X 10_9_3) AppleWebKit/537.76.4 (KHTML, like Gecko) Version/7.0.4 Safari/537.76.4"
41.189.48.82 - - [20/Jun/2014:23:19:34 -0400] "GET /images/trainers/photos/ctl_bourdais_marie-france.jpg HTTP/1.1" 200 3059 "http://www.chris-nlp-hall.com/the-society-of-nlp/nlp-trainers-certified-by-christina-hall" "Mozilla/5.0 (Windows NT 5.1; rv:30.0) Gecko/20100101 Firefox/30.0"
41.189.48.82 - - [20/Jun/2014:23:19:35 -0400] "GET /images/trainers/photos/ctl_beerli_tommike.jpg HTTP/1.1" 200 45894 "http://www.chris-nlp-hall.com/the-society-of-nlp/nlp-trainers-certified-by-christina-hall" "Mozilla/5.0 (Windows NT 5.1; rv:30.0) Gecko/20100101 Firefox/30.0"
41.189.48.82 - - [20/Jun/2014:23:19:36 -0400] "GET /images/trainers/photos/ctl_rose_200.jpg HTTP/1.1" 200 23529 "http://www.chris-nlp-hall.com/the-society-of-nlp/nlp-trainers-certified-by-christina-hall" "Mozilla/5.0 (Windows NT 5.1; rv:30.0) Gecko/20100101 Firefox/30.0"
41.189.48.82 - - [20/Jun/2014:23:19:37 -0400] "GET /images/trainers/photos/ctl_michaels_200.jpg HTTP/1.1" 200 61654 "http://www.chris-nlp-hall.com/the-society-of-nlp/nlp-trainers-certified-by-christina-hall" "Mozilla/5.0 (Windows NT 5.1; rv:30.0) Gecko/20100101 Firefox/30.0"
162.210.196.97 - - [20/Jun/2014:08:55:47 -0400] "GET /robots.txt HTTP/1.0" 301 248 "-" "Mozilla/5.0 (compatible; MJ12bot/v1.4.5; http://www.majestic12.co.uk/bot.php?+)"
217.146.144.226 - - [20/Jun/2014:09:02:52 -0400] "GET /media/system/js/mootools-core.js HTTP/1.1" 200 96362 "http://www.chris-nlp-hall.com/the-society-of-nlp/nlp-trainers-certified-by-christina-hall" "Mozilla/5.0 (Windows NT 6.1; WOW64; Trident/7.0; rv:11.0) like Gecko"
217.146.144.226 - - [20/Jun/2014:09:02:53 -0400] "GET /images/trainers/photos/ctl_yamasaki_hiroshi.jpg HTTP/1.1" 200 4152 "http://www.chris-nlp-hall.com/the-society-of-nlp/nlp-trainers-certified-by-christina-hall" "Mozilla/5.0 (Windows NT 6.1; WOW64; Trident/7.0; rv:11.0) like Gecko"
217.146.144.226 - - [20/Jun/2014:09:02:53 -0400] "GET /images/trainers/photos/ctl_fritsche_200.jpg HTTP/1.1" 200 92257 "http://www.chris-nlp-hall.com/the-society-of-nlp/nlp-trainers-certified-by-christina-hall" "Mozilla/5.0 (Windows NT 6.1; WOW64; Trident/7.0; rv:11.0) like Gecko"
217.146.144.226 - - [20/Jun/2014:09:02:54 -0400] "GET /images/trainers/flags/United%20Kingdom(Great%20Britain).png HTTP/1.1" 200 1767 "http://www.chris-nlp-hall.com/the-society-of-nlp/nlp-trainers-certified-by-christina-hall" "Mozilla/5.0 (Windows NT 6.1; WOW64; Trident/7.0; rv:11.0) like Gecko"
217.146.144.226 - - [20/Jun/2014:09:02:54 -0400] "GET /images/trainers/photos/ctl_demolina_michael.jpg HTTP/1.1" 200 6475 "http://www.chris-nlp-hall.com/the-society-of-nlp/nlp-trainers-certified-by-christina-hall" "Mozilla/5.0 (Windows NT 6.1; WOW64; Trident/7.0; rv:11.0) like Gecko"
199.115.117.243 - - [20/Jun/2014:09:58:23 -0400] "GET /images/trainers/photos/ctl_guittonny_florence.jpg HTTP/1.1" 200 23578 "http://www.chris-nlp-hall.com/the-society-of-nlp/nlp-trainers-certified-by-christina-hall" "Mozilla/5.0 (Windows NT 6.1; WOW64; rv:29.0) Gecko/20100101 Firefox/29.0"
199.115.117.243 - - [20/Jun/2014:09:58:26 -0400] "GET /images/trainers/photos/ctl_gerecke_200.jpg HTTP/1.1" 200 57368 "http://www.chris-nlp-hall.com/the-society-of-nlp/nlp-trainers-certified-by-christina-hall" "Mozilla/5.0 (Windows NT 6.1; WOW64; rv:29.0) Gecko/20100101 Firefox/29.0"
199.115.117.243 - - [20/Jun/2014:09:58:53 -0400] "GET /images/trainers/photos/ctl_peters_200.jpg HTTP/1.1" 200 69746 "http://www.chris-nlp-hall.com/the-society-of-nlp/nlp-trainers-certified-by-christina-hall" "Mozilla/5.0 (Windows NT 6.1; WOW64; rv:29.0) Gecko/20100101 Firefox/29.0"
199.115.117.243 - - [20/Jun/2014:09:58:54 -0400] "GET /images/trainers/photos/ctl_stageman_200.jpg HTTP/1.1" 200 12464 "http://www.chris-nlp-hall.com/the-society-of-nlp/nlp-trainers-certified-by-christina-hall" "Mozilla/5.0 (Windows NT 6.1; WOW64; rv:29.0) Gecko/20100101 Firefox/29.0"
188.174.7.95 - - [20/Jun/2014:10:40:58 -0400] "GET /images/slides/welcome//20140407_US_group.jpg?1403275246357 HTTP/1.1" 200 162461 "http://www.chris-nlp-hall.com/" "Mozilla/5.0 (Macintosh; Intel Mac OS X 10_9_3) AppleWebKit/537.76.4 (KHTML, like Gecko) Version/7.0.4 Safari/537.76.4"
188.174.7.95 - - [20/Jun/2014:10:46:46 -0400] "GET /images/slides/welcome//20131020_UK_group.jpg?1403275594098 HTTP/1.1" 200 169376 "http://www.chris-nlp-hall.com/" "Mozilla/5.0 (Macintosh; Intel Mac OS X 10_9_3) AppleWebKit/537.76.4 (KHTML, like Gecko) Version/7.0.4 Safari/537.76.4"
188.174.7.95 - - [20/Jun/2014:10:47:45 -0400] "GET /modules/mod_slideshowck/themes/default/css/camera.css HTTP/1.1" 304 - "http://www.chris-nlp-hall.com/" "Mozilla/5.0 (Macintosh; Intel Mac OS X 10_9_3) AppleWebKit/537.76.4 (KHTML, like Gecko) Version/7.0.4 Safari/537.76.4"
188.174.7.95 - - [20/Jun/2014:10:47:46 -0400] "GET /modules/mod_slideshowck/assets/camera.min.js HTTP/1.1" 304 - "http://www.chris-nlp-hall.com/" "Mozilla/5.0 (Macintosh; Intel Mac OS X 10_9_3) AppleWebKit/537.76.4 (KHTML, like Gecko) Version/7.0.4 Safari/537.76.4"
188.174.7.95 - - [20/Jun/2014:10:47:46 -0400] "GET /images/ch_signature.png HTTP/1.1" 304 - "http://www.chris-nlp-hall.com/" "Mozilla/5.0 (Macintosh; Intel Mac OS X 10_9_3) AppleWebKit/537.76.4 (KHTML, like Gecko) Version/7.0.4 Safari/537.76.4"
188.174.7.95 - - [20/Jun/2014:10:48:35 -0400] "GET /images/slides/welcome//20140510_JP_group1.jpg?1403275703240 HTTP/1.1" 200 208929 "http://www.chris-nlp-hall.com/" "Mozilla/5.0 (Macintosh; Intel Mac OS X 10_9_3) AppleWebKit/537.76.4 (KHTML, like Gecko) Version/7.0.4 Safari/537.76.4"
162.211.129.46 - - [20/Jun/2014:10:52:56 -0400] "GET /media/system/css/modal.css HTTP/1.1" 200 2823 "http://www.chris-nlp-hall.com/" "Mozilla/5.0 (iPad; CPU OS 7_1_1 like Mac OS X) AppleWebKit/537.51.2 (KHTML, like Gecko) Version/7.0 Mobile/11D201 Safari/9537.53"
162.211.129.46 - - [20/Jun/2014:10:52:56 -0400] "GET /templates/cnlp_neu/css/cnlp_neu.css HTTP/1.1" 200 7306 "http://www.chris-nlp-hall.com/" "Mozilla/5.0 (iPad; CPU OS 7_1_1 like Mac OS X) AppleWebKit/537.51.2 (KHTML, like Gecko) Version/7.0 Mobile/11D201 Safari/9537.53"
162.211.129.46 - - [20/Jun/2014:10:52:56 -0400] "GET /media/system/js/caption.js HTTP/1.1" 200 729 "http://www.chris-nlp-hall.com/" "Mozilla/5.0 (iPad; CPU OS 7_1_1 like Mac OS X) AppleWebKit/537.51.2 (KHTML, like Gecko) Version/7.0 Mobile/11D201 Safari/9537.53"
162.211.129.46 - - [20/Jun/2014:10:52:57 -0400] "GET /modules/mod_slideshowck/assets/camera.min.js HTTP/1.1" 200 40612 "http://www.chris-nlp-hall.com/" "Mozilla/5.0 (iPad; CPU OS 7_1_1 like Mac OS X) AppleWebKit/537.51.2 (KHTML, like Gecko) Version/7.0 Mobile/11D201 Safari/9537.53"
162.211.129.46 - - [20/Jun/2014:10:52:56 -0400] "GET /media/system/js/mootools-more.js HTTP/1.1" 200 238331 "http://www.chris-nlp-hall.com/" "Mozilla/5.0 (iPad; CPU OS 7_1_1 like Mac OS X) AppleWebKit/537.51.2 (KHTML, like Gecko) Version/7.0 Mobile/11D201 Safari/9537.53"
66.249.81.154 - - [20/Jun/2014:12:30:09 -0400] "GET /templates/cnlp_neu/images/px_transparent_60.png HTTP/1.1" 200 116 "http://www.chris-nlp-hall.com/the-society-of-nlp" "Mozilla/5.0 (X11; Linux x86_64) AppleWebKit/537.36 (KHTML, like Gecko; Google Web Preview) Chrome/27.0.1453 Safari/537.36"
81.2.67.162 - - [20/Jun/2014:12:51:49 -0400] "GET /templates/cnlp_neu/images/px_transparent_50.png HTTP/1.1" 200 112 "http://www.chris-nlp-hall.com/" "Mozilla/5.0 (Windows NT 6.3; WOW64) AppleWebKit/537.36 (KHTML, like Gecko) Chrome/35.0.1916.153 Safari/537.36"
66.249.67.57 - - [20/Jun/2014:00:09:44 -0400] "GET /images/trainers/photos/ctl_peters_200.jpg HTTP/1.1" 200 69746 "-" "Googlebot-Image/1.0"
193.150.120.14 - - [20/Jun/2014:01:41:42 -0400] "GET / HTTP/1.1" 200 20402 "http://bodybuilding-shop.biz/" "Mozilla/4.0 (compatible; MSIE 6.0; Windows NT 5.1; SV1; InfoPath.1)"
84.94.178.105 - - [20/Jun/2014:04:42:53 -0400] "GET /images/slides/welcome//20110623_JP_Chris.jpg?1403253759485 HTTP/1.1" 200 190545 "http://www.chris-nlp-hall.com/" "Mozilla/5.0 (Windows NT 6.2; WOW64; rv:30.0) Gecko/20100101 Firefox/30.0"
188.174.7.95 - - [20/Jun/2014:06:00:00 -0400] "GET /images/workshops/sponsors/logo_voice.png HTTP/1.1" 200 6107 "http://www.chris-nlp-hall.com/nlp-workshops-and-trainings/calendar" "Mozilla/5.0 (iPad; CPU OS 7_1_1 like Mac OS X) AppleWebKit/537.51.2 (KHTML, like Gecko) Version/7.0 Mobile/11D201 Safari/9537.53"
216.244.82.26 - - [20/Jun/2014:06:15:16 -0400] "GET /the-society-of-nlp/nlp-trainers-certified-by-christina-hall HTTP/1.0" 200 142500 "http://www.chris-nlp-hall.com/the-society-of-nlp/nlp-trainers-certified-by-christina-hall" "Mozilla/5.0 (Windows NT 5.1; rv:27.0) Gecko/20100101 Firefox/27.0"
178.192.198.81 - - [20/Jun/2014:06:17:37 -0400] "GET /nlp-product-boutique/nlp-audiobook-language-christina-hall HTTP/1.1" 200 10121 "http://www.chris-nlp-hall.com/nlp-product-boutique" "Mozilla/5.0 (Macintosh; Intel Mac OS X 10_9_3) AppleWebKit/537.76.4 (KHTML, like Gecko) Version/7.0.4 Safari/537.76.4"
188.174.7.95 - - [20/Jun/2014:17:28:57 -0400] "GET /images/slides/welcome//20090903_UK_Tony.jpg?1403299725406 HTTP/1.1" 200 160304 "http://www.chris-nlp-hall.com/" "Mozilla/5.0 (Macintosh; Intel Mac OS X 10_9_3) AppleWebKit/537.76.4 (KHTML, like Gecko) Version/7.0.4 Safari/537.76.4"
66.249.81.154 - - [20/Jun/2014:18:17:27 -0400] "GET /nlp-product-boutique/nlp-audiobook-language-christina-hall HTTP/1.1" 200 10171 "-" "Mozilla/5.0 (compatible; X11; Linux x86_64; Google-StructuredDataTestingTool; +http://www.google.com/webmasters/tools/richsnippets)"
217.146.144.226 - - [20/Jun/2014:09:02:41 -0400] "GET /media/system/js/mootools-more.js HTTP/1.1" 200 238331 "http://www.chris-nlp-hall.com/the-society-of-nlp/nlp-trainers-certified-by-christina-hall" "Mozilla/5.0 (Windows NT 6.1; WOW64; Trident/7.0; rv:11.0) like Gecko"
217.146.144.226 - - [20/Jun/2014:09:02:42 -0400] "GET /images/trainers/flags/Poland.png HTTP/1.1" 200 380 "http://www.chris-nlp-hall.com/the-society-of-nlp/nlp-trainers-certified-by-christina-hall" "Mozilla/5.0 (Windows NT 6.1; WOW64; Trident/7.0; rv:11.0) like Gecko"
217.146.144.226 - - [20/Jun/2014:09:02:42 -0400] "GET /images/trainers/photos/ctl_streuli_karin.jpg HTTP/1.1" 200 4238 "http://www.chris-nlp-hall.com/the-society-of-nlp/nlp-trainers-certified-by-christina-hall" "Mozilla/5.0 (Windows NT 6.1; WOW64; Trident/7.0; rv:11.0) like Gecko"
217.146.144.226 - - [20/Jun/2014:09:02:42 -0400] "GET /images/trainers/photos/ctl_peters_200.jpg HTTP/1.1" 200 69746 "http://www.chris-nlp-hall.com/the-society-of-nlp/nlp-trainers-certified-by-christina-hall" "Mozilla/5.0 (Windows NT 6.1; WOW64; Trident/7.0; rv:11.0) like Gecko"
217.146.144.226 - - [20/Jun/2014:09:02:43 -0400] "GET /templates/cnlp_neu/favicon.ico HTTP/1.1" 200 1150 "-" "Mozilla/5.0 (Windows NT 6.1; WOW64; Trident/7.0; rv:11.0) like Gecko"
199.115.117.243 - - [20/Jun/2014:09:58:15 -0400] "GET /images/trainers/photos/ctl_koenig_melanie.jpg HTTP/1.1" 200 3139 "http://www.chris-nlp-hall.com/the-society-of-nlp/nlp-trainers-certified-by-christina-hall" "Mozilla/5.0 (Windows NT 6.1; WOW64; rv:29.0) Gecko/20100101 Firefox/29.0"
199.115.117.243 - - [20/Jun/2014:09:58:32 -0400] "GET /images/trainers/photos/ctl_blumenthal_200.jpg HTTP/1.1" 200 54300 "http://www.chris-nlp-hall.com/the-society-of-nlp/nlp-trainers-certified-by-christina-hall" "Mozilla/5.0 (Windows NT 6.1; WOW64; rv:29.0) Gecko/20100101 Firefox/29.0"
199.115.117.243 - - [20/Jun/2014:09:58:42 -0400] "GET /images/trainers/flags/United%20States%20of%20America%20(USA).png HTTP/1.1" 200 830 "http://www.chris-nlp-hall.com/the-society-of-nlp/nlp-trainers-certified-by-christina-hall" "Mozilla/5.0 (Windows NT 6.1; WOW64; rv:29.0) Gecko/20100101 Firefox/29.0"
144.76.185.173 - - [20/Jun/2014:10:10:53 -0400] "GET /index.php?p=66 HTTP/1.1" 301 297 "-" "Mozilla/5.0 (compatible; MSIE 10.0; Windows NT 6.1; Trident/6.0)"
188.174.7.95 - - [20/Jun/2014:10:40:30 -0400] "GET /images/slides/welcome//20140601_PL_group.jpg?1403275229358 HTTP/1.1" 200 175563 "http://www.chris-nlp-hall.com/" "Mozilla/5.0 (Macintosh; Intel Mac OS X 10_9_3) AppleWebKit/537.76.4 (KHTML, like Gecko) Version/7.0.4 Safari/537.76.4"
188.174.7.95 - - [20/Jun/2014:10:46:11 -0400] "GET / HTTP/1.1" 200 4768 "-" "Mozilla/5.0 (Macintosh; Intel Mac OS X 10_9_3) AppleWebKit/537.76.4 (KHTML, like Gecko) Version/7.0.4 Safari/537.76.4"
188.174.7.95 - - [20/Jun/2014:10:46:15 -0400] "GET /images/ch_signature.png HTTP/1.1" 304 - "http://www.chris-nlp-hall.com/" "Mozilla/5.0 (Macintosh; Intel Mac OS X 10_9_3) AppleWebKit/537.76.4 (KHTML, like Gecko) Version/7.0.4 Safari/537.76.4"
188.174.7.95 - - [20/Jun/2014:10:46:16 -0400] "GET /images/slides/welcome//20120630_FRA_Gilles.jpg?1403275575254 HTTP/1.1" 200 187116 "http://www.chris-nlp-hall.com/" "Mozilla/5.0 (Macintosh; Intel Mac OS X 10_9_3) AppleWebKit/537.76.4 (KHTML, like Gecko) Version/7.0.4 Safari/537.76.4"
188.174.7.95 - - [20/Jun/2014:10:47:19 -0400] "GET /images/slides/welcome//20131020_UK_group.jpg?1403275637961 HTTP/1.1" 200 169376 "http://www.chris-nlp-hall.com/" "Mozilla/5.0 (Macintosh; Intel Mac OS X 10_9_3) AppleWebKit/537.76.4 (KHTML, like Gecko) Version/7.0.4 Safari/537.76.4"
188.174.7.95 - - [20/Jun/2014:10:49:41 -0400] "GET /images/publications/heart_large.jpg HTTP/1.1" 304 - "http://www.chris-nlp-hall.com/nlp-articles-and-videos" "Mozilla/5.0 (Macintosh; Intel Mac OS X 10_9_3) AppleWebKit/537.76.4 (KHTML, like Gecko) Version/7.0.4 Safari/537.76.4"
41.206.12.35 - - [20/Jun/2014:12:17:47 -0400] "GET /templates/cnlp_neu/images/px_transparent_50.png HTTP/1.1" 200 112 "http://www.chris-nlp-hall.com/templates/cnlp_neu/css/cnlp_neu.css" "Mozilla/5.0 (Windows NT 6.1; rv:29.0) Gecko/20100101 Firefox/29.0"
41.206.12.35 - - [20/Jun/2014:12:19:00 -0400] "GET /images/trainers/photos/ctl_duffy_andrew.jpg HTTP/1.1" 200 3637 "http://www.chris-nlp-hall.com/the-society-of-nlp/nlp-trainers-certified-by-christina-hall" "Mozilla/5.0 (Windows NT 6.1; rv:29.0) Gecko/20100101 Firefox/29.0"
41.206.12.35 - - [20/Jun/2014:12:19:03 -0400] "GET /images/trainers/photos/ctl_streuli_karin.jpg HTTP/1.1" 200 4238 "http://www.chris-nlp-hall.com/the-society-of-nlp/nlp-trainers-certified-by-christina-hall" "Mozilla/5.0 (Windows NT 6.1; rv:29.0) Gecko/20100101 Firefox/29.0"
46.118.155.40 - - [20/Jun/2014:00:53:45 -0400] "GET / HTTP/1.1" 200 20402 "http://www.da-hostel.ru/" "Mozilla/4.0 (compatible; MSIE 6.0; Windows NT 5.1; SV1; .NET CLR 1.1.4322) Babya Discoverer 8.0:"
82.80.154.166 - - [20/Jun/2014:03:34:21 -0400] "GET /modules/mod_slideshowck/assets/jquery.easing.1.3.js HTTP/1.1" 200 8097 "http://www.chris-nlp-hall.com/" "Mozilla/5.0 (Windows NT 6.2; WOW64; rv:30.0) Gecko/20100101 Firefox/30.0"
82.80.154.166 - - [20/Jun/2014:03:37:55 -0400] "GET /images/slides/welcome//20131201_CH_Chris.jpg?1403249873376 HTTP/1.1" 200 135617 "http://www.chris-nlp-hall.com/" "Mozilla/5.0 (Windows NT 6.2; WOW64; rv:30.0) Gecko/20100101 Firefox/30.0"
78.88.85.97 - - [20/Jun/2014:04:27:59 -0400] "GET /nlp-product-boutique HTTP/1.1" 200 3113 "http://www.chris-nlp-hall.com/" "Mozilla/5.0 (Windows NT 6.3; rv:30.0) Gecko/20100101 Firefox/30.0"
78.88.85.97 - - [20/Jun/2014:04:28:01 -0400] "GET /images/boutique/42-1-095-00-perspective.jpg HTTP/1.1" 200 53902 "http://www.chris-nlp-hall.com/nlp-product-boutique" "Mozilla/5.0 (Windows NT 6.3; rv:30.0) Gecko/20100101 Firefox/30.0"
5.199.142.250 - - [20/Jun/2014:04:33:03 -0400] "GET /public_html/modules/mod_sape/mod_sape.php HTTP/1.0" 301 299 "http://chrisnlphall.com/public_html/modules/mod_sape/mod_sape.php" "Mozilla/4.0 (compatible; MSIE 6.0; Windows 98; Win 9x 4.90)"
92.153.241.78 - - [20/Jun/2014:05:32:14 -0400] "GET /images/workshops/sponsors/logo_foley.png HTTP/1.1" 200 5637 "http://www.chris-nlp-hall.com/nlp-workshops-and-trainings/calendar" "Mozilla/5.0 (iPad; CPU OS 7_1_1 like Mac OS X) AppleWebKit/537.51.2 (KHTML, like Gecko) Version/7.0 Mobile/11D201 Safari/9537.53"
92.153.241.78 - - [20/Jun/2014:05:32:16 -0400] "GET /images/workshops/sponsors/logo_voice.png HTTP/1.1" 200 6107 "http://www.chris-nlp-hall.com/nlp-workshops-and-trainings/calendar" "Mozilla/5.0 (iPad; CPU OS 7_1_1 like Mac OS X) AppleWebKit/537.51.2 (KHTML, like Gecko) Version/7.0 Mobile/11D201 Safari/9537.53"
92.153.241.78 - - [20/Jun/2014:05:39:32 -0400] "GET /modules/mod_slideshowck/assets/jquery.easing.1.3.js HTTP/1.1" 200 8097 "http://www.chris-nlp-hall.com/" "Mozilla/5.0 (iPad; CPU OS 7_1_1 like Mac OS X) AppleWebKit/537.51.2 (KHTML, like Gecko) Version/7.0 Mobile/11D201 Safari/9537.53"
92.153.241.78 - - [20/Jun/2014:05:39:32 -0400] "GET /modules/mod_slideshowck/assets/jquery.min.js HTTP/1.1" 200 93888 "http://www.chris-nlp-hall.com/" "Mozilla/5.0 (iPad; CPU OS 7_1_1 like Mac OS X) AppleWebKit/537.51.2 (KHTML, like Gecko) Version/7.0 Mobile/11D201 Safari/9537.53"
92.153.241.78 - - [20/Jun/2014:05:39:33 -0400] "GET /images/ch_signature.png HTTP/1.1" 200 11785 "http://www.chris-nlp-hall.com/" "Mozilla/5.0 (iPad; CPU OS 7_1_1 like Mac OS X) AppleWebKit/537.51.2 (KHTML, like Gecko) Version/7.0 Mobile/11D201 Safari/9537.53"
92.153.241.78 - - [20/Jun/2014:05:39:33 -0400] "GET /modules/mod_slideshowck/themes/default/images/camera-loader.gif HTTP/1.1" 200 9289 "http://www.chris-nlp-hall.com/" "Mozilla/5.0 (iPad; CPU OS 7_1_1 like Mac OS X) AppleWebKit/537.51.2 (KHTML, like Gecko) Version/7.0 Mobile/11D201 Safari/9537.53"
92.153.241.78 - - [20/Jun/2014:05:39:33 -0400] "GET /images/slides/welcome//20131201_CH_Chris.jpg?1403257175081 HTTP/1.1" 200 135617 "http://www.chris-nlp-hall.com/" "Mozilla/5.0 (iPad; CPU OS 7_1_1 like Mac OS X) AppleWebKit/537.51.2 (KHTML, like Gecko) Version/7.0 Mobile/11D201 Safari/9537.53"
92.153.241.78 - - [20/Jun/2014:05:39:36 -0400] "GET /images/bg.png HTTP/1.1" 200 122 "http://www.chris-nlp-hall.com/" "Mozilla/5.0 (iPad; CPU OS 7_1_1 like Mac OS X) AppleWebKit/537.51.2 (KHTML, like Gecko) Version/7.0 Mobile/11D201 Safari/9537.53"
213.57.142.187 - - [20/Jun/2014:14:13:32 -0400] "GET /images/slides/welcome//20130108_JP_Shinichi.jpg?1403287983831 HTTP/1.1" 200 136421 "http://www.chris-nlp-hall.com/" "Mozilla/5.0 (Windows NT 5.1) AppleWebKit/537.36 (KHTML, like Gecko) Chrome/35.0.1916.153 Safari/537.36"
213.57.142.187 - - [20/Jun/2014:14:13:34 -0400] "GET /images/slides/welcome//20140601_PL_group.jpg?1403287985876 HTTP/1.1" 200 175563 "http://www.chris-nlp-hall.com/" "Mozilla/5.0 (Windows NT 5.1) AppleWebKit/537.36 (KHTML, like Gecko) Chrome/35.0.1916.153 Safari/537.36"
213.57.142.187 - - [20/Jun/2014:14:13:36 -0400] "GET /images/slides/welcome//20140601_PL_chris1.jpg?1403287988603 HTTP/1.1" 200 146368 "http://www.chris-nlp-hall.com/" "Mozilla/5.0 (Windows NT 5.1) AppleWebKit/537.36 (KHTML, like Gecko) Chrome/35.0.1916.153 Safari/537.36"
46.244.245.1 - - [20/Jun/2014:14:44:52 -0400] "GET /media/system/js/caption.js HTTP/1.1" 200 729 "http://www.chris-nlp-hall.com/the-society-of-nlp/nlp-trainers-certified-by-christina-hall" "Mozilla/5.0 (Windows NT 5.1; rv:28.0) Gecko/20100101 Firefox/28.0"
46.244.245.1 - - [20/Jun/2014:14:44:53 -0400] "GET /templates/cnlp_neu/favicon.ico HTTP/1.1" 200 1150 "-" "Mozilla/5.0 (Windows NT 5.1; rv:28.0) Gecko/20100101 Firefox/28.0"
46.244.245.1 - - [20/Jun/2014:14:44:54 -0400] "GET /images/trainers/photos/ctl_castaing_anne.jpg HTTP/1.1" 200 24291 "http://www.chris-nlp-hall.com/the-society-of-nlp/nlp-trainers-certified-by-christina-hall" "Mozilla/5.0 (Windows NT 5.1; rv:28.0) Gecko/20100101 Firefox/28.0"
193.111.141.134 - - [20/Jun/2014:15:58:13 -0400] "GET /index.php?p=61 HTTP/1.1" 301 297 "-" "Mozilla/5.0 (Windows NT 6.1; WOW64; rv:18.0) Gecko/20100101 Firefox/18.0"
193.111.141.134 - - [20/Jun/2014:15:58:13 -0400] "GET /the-society-of-nlp/nlp-trainers-certified-by-christina-hall HTTP/1.1" 200 142500 "-" "Mozilla/5.0 (Windows NT 6.1; WOW64; rv:18.0) Gecko/20100101 Firefox/18.0"
188.174.7.95 - - [20/Jun/2014:17:51:55 -0400] "GET /media/system/js/multiselect.js HTTP/1.1" 200 1104 "http://www.chris-nlp-hall.com/administrator/index.php?option=com_content" "Mozilla/5.0 (Macintosh; Intel Mac OS X 10_9_3) AppleWebKit/537.76.4 (KHTML, like Gecko) Version/7.0.4 Safari/537.76.4"
188.174.7.95 - - [20/Jun/2014:17:51:55 -0400] "GET /administrator/templates/bluestork/images/toolbar/icon-32-unpublish.png HTTP/1.1" 200 2358 "http://www.chris-nlp-hall.com/administrator/index.php?option=com_content" "Mozilla/5.0 (Macintosh; Intel Mac OS X 10_9_3) AppleWebKit/537.76.4 (KHTML, like Gecko) Version/7.0.4 Safari/537.76.4"
188.174.7.95 - - [20/Jun/2014:17:51:55 -0400] "GET /administrator/templates/bluestork/images/toolbar/icon-32-featured.png HTTP/1.1" 200 2360 "http://www.chris-nlp-hall.com/administrator/index.php?option=com_content" "Mozilla/5.0 (Macintosh; Intel Mac OS X 10_9_3) AppleWebKit/537.76.4 (KHTML, like Gecko) Version/7.0.4 Safari/537.76.4"
188.174.7.95 - - [20/Jun/2014:17:51:55 -0400] "GET /administrator/templates/bluestork/images/toolbar/icon-32-trash.png HTTP/1.1" 200 2258 "http://www.chris-nlp-hall.com/administrator/index.php?option=com_content" "Mozilla/5.0 (Macintosh; Intel Mac OS X 10_9_3) AppleWebKit/537.76.4 (KHTML, like Gecko) Version/7.0.4 Safari/537.76.4"
188.174.7.95 - - [20/Jun/2014:17:51:55 -0400] "GET /administrator/templates/bluestork/images/toolbar/icon-32-help.png HTTP/1.1" 200 2959 "http://www.chris-nlp-hall.com/administrator/index.php?option=com_content" "Mozilla/5.0 (Macintosh; Intel Mac OS X 10_9_3) AppleWebKit/537.76.4 (KHTML, like Gecko) Version/7.0.4 Safari/537.76.4"
