188.174.7.95 - - [20/Jun/2014:06:06:57 -0400] "GET /the-society-of-nlp HTTP/1.1" 200 3415 "http://www.chris-nlp-hall.com/the-society-of-nlp/certification-as-nlp-master-trainer" "Mozilla/5.0 (iPad; CPU OS 7_1_1 like Mac OS X) AppleWebKit/537.51.2 (KHTML, like Gecko) Version/7.0 Mobile/11D201 Safari/9537.53"
188.174.7.95 - - [20/Jun/2014:06:30:59 -0400] "GET / HTTP/1.1" 200 4772 "-" "Mozilla/5.0 (iPad; CPU OS 7_1_1 like Mac OS X) AppleWebKit/537.51.2 (KHTML, like Gecko) Version/7.0 Mobile/11D201 Safari/9537.53"
81.2.67.162 - - [20/Jun/2014:13:03:18 -0400] "GET //components/com_cnlp_workshops/css/cnlp_ws_home.png HTTP/1.1" 200 1991 "http://www.chris-nlp-hall.com/nlp-workshops-and-trainings/calendar" "Mozilla/5.0 (Windows NT 6.3; WOW64) AppleWebKit/537.36 (KHTML, like Gecko) Chrome/35.0.1916.153 Safari/537.36"
46.119.120.207 - - [20/Jun/2014:13:45:41 -0400] "GET / HTTP/1.1" 200 20402 "http://schellenberg.center/" "Mozilla/4.0 (compatible; MSIE 6.0; Windows NT 5.0; .NET CLR 1.0.3705; .NET CLR 1.1.4322)"
213.57.142.187 - - [20/Jun/2014:14:14:39 -0400] "GET /images/slides/welcome//20131020_UK_group.jpg?1403288051033 HTTP/1.1" 200 169376 "http://www.chris-nlp-hall.com/" "Mozilla/5.0 (Windows NT 5.1) AppleWebKit/537.36 (KHTML, like Gecko) Chrome/35.0.1916.153 Safari/537.36"
92.249.127.111 - - [20/Jun/2014:14:27:13 -0400] "GET / HTTP/1.1" 200 20402 "http://chimiver.info/" "Mozilla/4.0 (compatible; MSIE 6.0; Windows NT 5.1; SV1; MRA 4.6 (build 01425); MRSPUTNIK 1, 5, 0, 19 SW)"
46.244.245.1 - - [20/Jun/2014:14:44:59 -0400] "GET //components/com_cnlp_trainers/css/cnlp_trainers_mail.png HTTP/1.1" 200 1984 "http://www.chris-nlp-hall.com//components/com_cnlp_trainers/css/cnlp_trainers.css" "Mozilla/5.0 (Windows NT 5.1; rv:28.0) Gecko/20100101 Firefox/28.0"
100.43.85.13 - - [20/Jun/2014:15:06:56 -0400] "GET /index.php?p=1 HTTP/1.1" 200 4795 "-" "Mozilla/5.0 (compatible; YandexBot/3.0; +http://yandex.com/bots)"
193.111.141.134 - - [20/Jun/2014:15:58:02 -0400] "GET /the-society-of-nlp/nlp-trainers-certified-by-christina-hall HTTP/1.1" 200 142500 "-" "Mozilla/5.0 (Windows NT 6.1) AppleWebKit/537.22 (KHTML, like Gecko) Chrome/25.0.1364.169 Safari/537.22"
193.111.141.134 - - [20/Jun/2014:15:58:05 -0400] "GET /profile-christina-hall-phd-nlp-meta-master-trainer/what-people-say-about-christina-hall HTTP/1.1" 200 11499 "-" "Mozilla/5.0 (Macintosh; Intel Mac OS X 10_6_8) AppleWebKit/534.58.2 (KHTML, like Gecko) Version/5.1.8 Safari/534.58.2"
69.201.135.181 - - [20/Jun/2014:16:15:40 -0400] "GET /templates/cnlp_neu/favicon.ico HTTP/1.1" 200 1150 "-" "Mozilla/5.0 (Macintosh; Intel Mac OS X 10.9; rv:30.0) Gecko/20100101 Firefox/30.0"
41.85.176.29 - - [20/Jun/2014:17:06:51 -0400] "GET /the-society-of-nlp/nlp-trainers-certified-by-christina-hall HTTP/1.1" 200 142500 "-" "Mozilla/4.0 (compatible)"
188.174.7.95 - - [20/Jun/2014:17:25:00 -0400] "GET /the-society-of-nlp/nlp-trainers-certified-by-christina-hall HTTP/1.1" 200 38726 "-" "Mozilla/5.0 (Macintosh; Intel Mac OS X 10_9_3) AppleWebKit/537.76.4 (KHTML, like Gecko) Version/7.0.4 Safari/537.76.4"
188.174.7.95 - - [20/Jun/2014:17:25:02 -0400] "GET /images/trainers/photos/ctl_stageman_200.jpg HTTP/1.1" 304 - "http://www.chris-nlp-hall.com/the-society-of-nlp/nlp-trainers-certified-by-christina-hall" "Mozilla/5.0 (Macintosh; Intel Mac OS X 10_9_3) AppleWebKit/537.76.4 (KHTML, like Gecko) Version/7.0.4 Safari/537.76.4"
188.174.7.95 - - [20/Jun/2014:17:25:04 -0400] "GET /nlp-articles-and-videos HTTP/1.1" 200 3497 "http://www.chris-nlp-hall.com/the-society-of-nlp/nlp-trainers-certified-by-christina-hall" "Mozilla/5.0 (Macintosh; Intel Mac OS X 10_9_3) AppleWebKit/537.76.4 (KHTML, like Gecko) Version/7.0.4 Safari/537.76.4"
188.174.7.95 - - [20/Jun/2014:17:25:05 -0400] "GET /images/publications/paradox_small.jpg HTTP/1.1" 304 - "http://www.chris-nlp-hall.com/nlp-articles-and-videos" "Mozilla/5.0 (Macintosh; Intel Mac OS X 10_9_3) AppleWebKit/537.76.4 (KHTML, like Gecko) Version/7.0.4 Safari/537.76.4"
188.174.7.95 - - [20/Jun/2014:17:30:08 -0400] "GET /images/slides/welcome//20090903_UK_group.jpg?1403299808213 HTTP/1.1" 200 196887 "http://www.chris-nlp-hall.com/" "Mozilla/5.0 (Macintosh; Intel Mac OS X 10_9_3) AppleWebKit/537.76.4 (KHTML, like Gecko) Version/7.0.4 Safari/537.76.4"
188.174.7.95 - - [20/Jun/2014:17:52:21 -0400] "GET /media/system/js/validate.js HTTP/1.1" 200 2950 "http://www.chris-nlp-hall.com/administrator/index.php?option=com_content&view=article&layout=edit&id=31" "Mozilla/5.0 (Macintosh; Intel Mac OS X 10_9_3) AppleWebKit/537.76.4 (KHTML, like Gecko) Version/7.0.4 Safari/537.76.4"
188.174.7.95 - - [20/Jun/2014:17:52:22 -0400] "GET /administrator/templates/bluestork/images/toolbar/icon-32-save-new.png HTTP/1.1" 200 1736 "http://www.chris-nlp-hall.com/administrator/index.php?option=com_content&view=article&layout=edit&id=31" "Mozilla/5.0 (Macintosh; Intel Mac OS X 10_9_3) AppleWebKit/537.76.4 (KHTML, like Gecko) Version/7.0.4 Safari/537.76.4"
188.174.7.95 - - [20/Jun/2014:17:52:22 -0400] "GET /administrator/templates/bluestork/images/j_button2_image.png HTTP/1.1" 200 806 "http://www.chris-nlp-hall.com/administrator/index.php?option=com_content&view=article&layout=edit&id=31" "Mozilla/5.0 (Macintosh; Intel Mac OS X 10_9_3) AppleWebKit/537.76.4 (KHTML, like Gecko) Version/7.0.4 Safari/537.76.4"
193.111.141.54 - - [20/Jun/2014:18:25:52 -0400] "GET /index.php?p=63 HTTP/1.1" 301 297 "-" "Mozilla/5.0 (Windows NT 6.1; WOW64; rv:21.0) Gecko/20130330 Firefox/21.0"
188.174.7.95 - - [20/Jun/2014:19:22:51 -0400] "GET /index.php?p=51 HTTP/1.1" 301 286 "http://www.google.com/url?sa=t&rct=j&q=&esrc=s&source=web&cd=6&ved=0CCsQjBAwBQ&url=http%3A%2F%2Fwww.chris-nlp-hall.com%2Findex.php%3Fp%3D51&ei=N8KkU5zuHM7T7AbGzoH4Dw&usg=AFQjCNGz4QKX2RPj1tL81LMHr9Mrs5CGqg&bvm=bv.69411363,d.ZGU" "Mozilla/5.0 (Macintosh; Intel Mac OS X 10_9_3) AppleWebKit/537.76.4 (KHTML, like Gecko) Version/7.0.4 Safari/537.76.4"
188.174.7.95 - - [20/Jun/2014:19:22:51 -0400] "GET /nlp-workshops-and-trainings/nlp-trainer-training HTTP/1.1" 200 4295 "http://www.google.com/url?sa=t&rct=j&q=&esrc=s&source=web&cd=6&ved=0CCsQjBAwBQ&url=http%3A%2F%2Fwww.chris-nlp-hall.com%2Findex.php%3Fp%3D51&ei=N8KkU5zuHM7T7AbGzoH4Dw&usg=AFQjCNGz4QKX2RPj1tL81LMHr9Mrs5CGqg&bvm=bv.69411363,d.ZGU" "Mozilla/5.0 (Macintosh; Intel Mac OS X 10_9_3) AppleWebKit/537.76.4 (KHTML, like Gecko) Version/7.0.4 Safari/537.76.4"
188.174.7.95 - - [20/Jun/2014:19:22:53 -0400] "GET /templates/cnlp_neu/css/cnlp_neu.css HTTP/1.1" 304 - "http://www.chris-nlp-hall.com/nlp-workshops-and-trainings/nlp-trainer-training" "Mozilla/5.0 (Macintosh; Intel Mac OS X 10_9_3) AppleWebKit/537.76.4 (KHTML, like Gecko) Version/7.0.4 Safari/537.76.4"
188.174.7.95 - - [20/Jun/2014:19:28:47 -0400] "GET /index.php?p=40 HTTP/1.1" 301 265 "http://www.google.com/url?sa=t&rct=j&q=&esrc=s&source=web&cd=4&ved=0CC0QjBAwAw&url=http%3A%2F%2Fwww.chris-nlp-hall.com%2Findex.php%3Fp%3D40&ei=N8KkU5zuHM7T7AbGzoH4Dw&usg=AFQjCNEAXzEW0Oi6uJyIfy2RzVEpMdBkog&bvm=bv.69411363,d.ZGU" "Mozilla/5.0 (Macintosh; Intel Mac OS X 10_9_3) AppleWebKit/537.76.4 (KHTML, like Gecko) Version/7.0.4 Safari/537.76.4"
188.174.7.95 - - [20/Jun/2014:19:28:47 -0400] "GET /nlp-workshops-and-trainings HTTP/1.1" 200 4222 "http://www.google.com/url?sa=t&rct=j&q=&esrc=s&source=web&cd=4&ved=0CC0QjBAwAw&url=http%3A%2F%2Fwww.chris-nlp-hall.com%2Findex.php%3Fp%3D40&ei=N8KkU5zuHM7T7AbGzoH4Dw&usg=AFQjCNEAXzEW0Oi6uJyIfy2RzVEpMdBkog&bvm=bv.69411363,d.ZGU" "Mozilla/5.0 (Macintosh; Intel Mac OS X 10_9_3) AppleWebKit/537.76.4 (KHTML, like Gecko) Version/7.0.4 Safari/537.76.4"
41.189.48.82 - - [20/Jun/2014:23:20:21 -0400] "GET /images/trainers/photos/ctl_suzuki_emiko.jpg HTTP/1.1" 200 12900 "http://www.chris-nlp-hall.com/the-society-of-nlp/nlp-trainers-certified-by-christina-hall" "Mozilla/5.0 (Windows NT 5.1; rv:30.0) Gecko/20100101 Firefox/30.0"
79.87.91.25 - - [20/Jun/2014:07:41:55 -0400] "GET /images/slides/welcome//20140601_PL_group.jpg?1403264522960 HTTP/1.1" 200 175563 "http://www.chris-nlp-hall.com/" "Mozilla/5.0 (Windows NT 6.1; WOW64; Trident/7.0; rv:11.0) like Gecko"
46.118.155.40 - - [20/Jun/2014:08:30:54 -0400] "GET / HTTP/1.1" 200 20402 "http://mtech-world.net/" "Mozilla/4.0 (compatible; MSIE 6.0; Windows NT 5.0; .NET CLR 1.0.3705; .NET CLR 1.1.4322)"
217.146.144.226 - - [20/Jun/2014:09:02:40 -0400] "GET /media/system/js/core.js HTTP/1.1" 200 4784 "http://www.chris-nlp-hall.com/the-society-of-nlp/nlp-trainers-certified-by-christina-hall" "Mozilla/5.0 (Windows NT 6.1; WOW64; Trident/7.0; rv:11.0) like Gecko"
217.146.144.226 - - [20/Jun/2014:09:02:41 -0400] "GET /images/trainers/photos/ctl_kless_200.jpg HTTP/1.1" 200 45358 "http://www.chris-nlp-hall.com/the-society-of-nlp/nlp-trainers-certified-by-christina-hall" "Mozilla/5.0 (Windows NT 6.1; WOW64; Trident/7.0; rv:11.0) like Gecko"
217.146.144.226 - - [20/Jun/2014:09:02:41 -0400] "GET /images/trainers/photos/ctl_kazuo_kikuchi.jpg HTTP/1.1" 200 2965 "http://www.chris-nlp-hall.com/the-society-of-nlp/nlp-trainers-certified-by-christina-hall" "Mozilla/5.0 (Windows NT 6.1; WOW64; Trident/7.0; rv:11.0) like Gecko"
217.146.144.226 - - [20/Jun/2014:09:02:41 -0400] "GET /images/trainers/flags/Netherlands.png HTTP/1.1" 200 469 "http://www.chris-nlp-hall.com/the-society-of-nlp/nlp-trainers-certified-by-christina-hall" "Mozilla/5.0 (Windows NT 6.1; WOW64; Trident/7.0; rv:11.0) like Gecko"
144.76.155.8 - - [20/Jun/2014:10:11:07 -0400] "GET /the-society-of-nlp/nlp-trainers-certified-by-christina-hall HTTP/1.1" 200 142500 "-" "Mozilla/5.0 (Windows NT 6.1; U;WOW64; de;rv:11.0) Gecko Firefox/11.0"
188.174.7.95 - - [20/Jun/2014:10:26:37 -0400] "GET /images/slides/welcome//20121020_JP_group.jpg?1403274400902 HTTP/1.1" 200 154874 "http://www.chris-nlp-hall.com/" "Mozilla/5.0 (iPad; CPU OS 7_1_1 like Mac OS X) AppleWebKit/537.51.2 (KHTML, like Gecko) Version/7.0 Mobile/11D201 Safari/9537.53"
188.174.7.95 - - [20/Jun/2014:10:26:38 -0400] "GET /images/slides/welcome//20090903_UK_group.jpg?1403274402394 HTTP/1.1" 200 196887 "http://www.chris-nlp-hall.com/" "Mozilla/5.0 (iPad; CPU OS 7_1_1 like Mac OS X) AppleWebKit/537.51.2 (KHTML, like Gecko) Version/7.0 Mobile/11D201 Safari/9537.53"
188.174.7.95 - - [20/Jun/2014:10:47:53 -0400] "GET /media/system/js/core.js HTTP/1.1" 304 - "http://www.chris-nlp-hall.com/" "Mozilla/5.0 (Macintosh; Intel Mac OS X 10_9_3) AppleWebKit/537.76.4 (KHTML, like Gecko) Version/7.0.4 Safari/537.76.4"
188.174.7.95 - - [20/Jun/2014:10:47:53 -0400] "GET /modules/mod_slideshowck/assets/jquery.easing.1.3.js HTTP/1.1" 304 - "http://www.chris-nlp-hall.com/" "Mozilla/5.0 (Macintosh; Intel Mac OS X 10_9_3) AppleWebKit/537.76.4 (KHTML, like Gecko) Version/7.0.4 Safari/537.76.4"
188.174.7.95 - - [20/Jun/2014:10:47:54 -0400] "GET /images/ch_signature.png HTTP/1.1" 304 - "http://www.chris-nlp-hall.com/" "Mozilla/5.0 (Macintosh; Intel Mac OS X 10_9_3) AppleWebKit/537.76.4 (KHTML, like Gecko) Version/7.0.4 Safari/537.76.4"
162.211.129.46 - - [20/Jun/2014:10:53:41 -0400] "GET /images/slides/welcome//20110623_JP_Chris2.jpg?1403276019711 HTTP/1.1" 200 111845 "http://www.chris-nlp-hall.com/" "Mozilla/5.0 (iPad; CPU OS 7_1_1 like Mac OS X) AppleWebKit/537.51.2 (KHTML, like Gecko) Version/7.0 Mobile/11D201 Safari/9537.53"
96.239.109.83 - - [20/Jun/2014:11:36:34 -0400] "GET /galleries/docs/Summary%20of%20Legal%20Proceedings.pdf HTTP/1.1" 404 1402 "-" "Mozilla/5.0 (Windows NT 6.0; rv:29.0) Gecko/20100101 Firefox/29.0"
41.206.12.35 - - [20/Jun/2014:12:16:32 -0400] "GET /images/trainers/photos/ctl_rolion_michel.jpg HTTP/1.1" 200 3173 "http://www.chris-nlp-hall.com/the-society-of-nlp/nlp-trainers-certified-by-christina-hall" "Mozilla/5.0 (Windows NT 6.1; rv:29.0) Gecko/20100101 Firefox/29.0"
41.206.12.35 - - [20/Jun/2014:12:16:34 -0400] "GET /images/trainers/photos/ctl_poupard_200.jpg HTTP/1.1" 200 47561 "http://www.chris-nlp-hall.com/the-society-of-nlp/nlp-trainers-certified-by-christina-hall" "Mozilla/5.0 (Windows NT 6.1; rv:29.0) Gecko/20100101 Firefox/29.0"
46.105.105.227 - - [20/Jun/2014:12:47:36 -0400] "GET /www.comecoconsultants.com HTTP/1.1" 404 575 "-" "Mozilla/5.0 (Windows NT 5.1; rv:15.0) Gecko/20120909 Firefox/15.0.1 SeaMonkey/2.12.1"
81.2.67.162 - - [20/Jun/2014:12:51:30 -0400] "GET / HTTP/1.1" 200 4772 "https://www.google.co.uk/" "Mozilla/5.0 (Windows NT 6.3; WOW64) AppleWebKit/537.36 (KHTML, like Gecko) Chrome/35.0.1916.153 Safari/537.36"
81.2.67.162 - - [20/Jun/2014:12:51:31 -0400] "GET //components/com_cnlp_workshops/css/cnlp_workshops.css HTTP/1.1" 200 4039 "http://www.chris-nlp-hall.com/" "Mozilla/5.0 (Windows NT 6.3; WOW64) AppleWebKit/537.36 (KHTML, like Gecko) Chrome/35.0.1916.153 Safari/537.36"
81.2.67.162 - - [20/Jun/2014:12:51:31 -0400] "GET /modules/mod_slideshowck/themes/default/css/camera.css HTTP/1.1" 200 26563 "http://www.chris-nlp-hall.com/" "Mozilla/5.0 (Windows NT 6.3; WOW64) AppleWebKit/537.36 (KHTML, like Gecko) Chrome/35.0.1916.153 Safari/537.36"
81.2.67.162 - - [20/Jun/2014:12:51:31 -0400] "GET /media/system/js/modal.js HTTP/1.1" 200 9732 "http://www.chris-nlp-hall.com/" "Mozilla/5.0 (Windows NT 6.3; WOW64) AppleWebKit/537.36 (KHTML, like Gecko) Chrome/35.0.1916.153 Safari/537.36"
81.2.67.162 - - [20/Jun/2014:12:51:32 -0400] "GET /modules/mod_slideshowck/assets/camera.min.js HTTP/1.1" 200 40612 "http://www.chris-nlp-hall.com/" "Mozilla/5.0 (Windows NT 6.3; WOW64) AppleWebKit/537.36 (KHTML, like Gecko) Chrome/35.0.1916.153 Safari/537.36"
81.2.67.162 - - [20/Jun/2014:12:51:32 -0400] "GET /images/ch_signature.png HTTP/1.1" 200 11785 "http://www.chris-nlp-hall.com/" "Mozilla/5.0 (Windows NT 6.3; WOW64) AppleWebKit/537.36 (KHTML, like Gecko) Chrome/35.0.1916.153 Safari/537.36"
82.80.154.166 - - [20/Jun/2014:03:34:20 -0400] "GET /media/system/js/caption.js HTTP/1.1" 200 729 "http://www.chris-nlp-hall.com/" "Mozilla/5.0 (Windows NT 6.2; WOW64; rv:30.0) Gecko/20100101 Firefox/30.0"
82.80.154.166 - - [20/Jun/2014:03:34:20 -0400] "GET /templates/cnlp_neu/css/cnlp_neu.css HTTP/1.1" 200 7538 "http://www.chris-nlp-hall.com/" "Mozilla/5.0 (Windows NT 6.2; WOW64; rv:30.0) Gecko/20100101 Firefox/30.0"
82.80.154.166 - - [20/Jun/2014:03:36:23 -0400] "GET /images/slides/welcome//20131020_UK_group.jpg?1403249781831 HTTP/1.1" 200 169376 "http://www.chris-nlp-hall.com/" "Mozilla/5.0 (Windows NT 6.2; WOW64; rv:30.0) Gecko/20100101 Firefox/30.0"
82.80.154.166 - - [20/Jun/2014:03:36:25 -0400] "GET /images/slides/welcome//20110623_JP_Chris.jpg?1403249784056 HTTP/1.1" 200 190545 "http://www.chris-nlp-hall.com/" "Mozilla/5.0 (Windows NT 6.2; WOW64; rv:30.0) Gecko/20100101 Firefox/30.0"
84.94.178.105 - - [20/Jun/2014:04:05:07 -0400] "GET //components/com_cnlp_trainers/css/cnlp_trainers.css HTTP/1.1" 200 3477 "http://www.chris-nlp-hall.com/the-society-of-nlp/nlp-trainers-certified-by-christina-hall" "Mozilla/5.0 (Windows NT 6.2; WOW64; rv:30.0) Gecko/20100101 Firefox/30.0"
84.94.178.105 - - [20/Jun/2014:04:05:07 -0400] "GET /images/trainers/photos/ctl_castaing_anne.jpg HTTP/1.1" 200 24291 "http://www.chris-nlp-hall.com/the-society-of-nlp/nlp-trainers-certified-by-christina-hall" "Mozilla/5.0 (Windows NT 6.2; WOW64; rv:30.0) Gecko/20100101 Firefox/30.0"
84.94.178.105 - - [20/Jun/2014:04:05:08 -0400] "GET /images/trainers/photos/ctl_vanhoorn_200.jpg HTTP/1.1" 200 46536 "http://www.chris-nlp-hall.com/the-society-of-nlp/nlp-trainers-certified-by-christina-hall" "Mozilla/5.0 (Windows NT 6.2; WOW64; rv:30.0) Gecko/20100101 Firefox/30.0"
84.94.178.105 - - [20/Jun/2014:04:05:08 -0400] "GET /images/trainers/photos/ctl_alberts_ingeborg.jpg HTTP/1.1" 200 3373 "http://www.chris-nlp-hall.com/the-society-of-nlp/nlp-trainers-certified-by-christina-hall" "Mozilla/5.0 (Windows NT 6.2; WOW64; rv:30.0) Gecko/20100101 Firefox/30.0"
84.94.178.105 - - [20/Jun/2014:04:05:08 -0400] "GET /images/trainers/photos/ctl_baumann-weiss_iris.jpg HTTP/1.1" 200 3244 "http://www.chris-nlp-hall.com/the-society-of-nlp/nlp-trainers-certified-by-christina-hall" "Mozilla/5.0 (Windows NT 6.2; WOW64; rv:30.0) Gecko/20100101 Firefox/30.0"
84.94.178.105 - - [20/Jun/2014:04:05:08 -0400] "GET /images/trainers/photos/ctl_dickhut_200.jpg HTTP/1.1" 200 54089 "http://www.chris-nlp-hall.com/the-society-of-nlp/nlp-trainers-certified-by-christina-hall" "Mozilla/5.0 (Windows NT 6.2; WOW64; rv:30.0) Gecko/20100101 Firefox/30.0"
84.94.178.105 - - [20/Jun/2014:04:05:09 -0400] "GET /images/trainers/photos/ctl_konzoin_yoko.jpg HTTP/1.1" 200 8009 "http://www.chris-nlp-hall.com/the-society-of-nlp/nlp-trainers-certified-by-christina-hall" "Mozilla/5.0 (Windows NT 6.2; WOW64; rv:30.0) Gecko/20100101 Firefox/30.0"
84.94.178.105 - - [20/Jun/2014:04:05:09 -0400] "GET /images/trainers/photos/ctl_koteray_200.jpg HTTP/1.1" 200 50349 "http://www.chris-nlp-hall.com/the-society-of-nlp/nlp-trainers-certified-by-christina-hall" "Mozilla/5.0 (Windows NT 6.2; WOW64; rv:30.0) Gecko/20100101 Firefox/30.0"
84.94.178.105 - - [20/Jun/2014:04:05:09 -0400] "GET /images/trainers/photos/ctl_fritsche_200.jpg HTTP/1.1" 200 92257 "http://www.chris-nlp-hall.com/the-society-of-nlp/nlp-trainers-certified-by-christina-hall" "Mozilla/5.0 (Windows NT 6.2; WOW64; rv:30.0) Gecko/20100101 Firefox/30.0"
84.94.178.105 - - [20/Jun/2014:04:05:09 -0400] "GET /images/trainers/photos/ctl_wartenweiler_200.jpg HTTP/1.1" 200 60458 "http://www.chris-nlp-hall.com/the-society-of-nlp/nlp-trainers-certified-by-christina-hall" "Mozilla/5.0 (Windows NT 6.2; WOW64; rv:30.0) Gecko/20100101 Firefox/30.0"
78.88.85.97 - - [20/Jun/2014:04:27:06 -0400] "GET /images/slides/welcome//20140527_JP_chris.jpg?1403252825243 HTTP/1.1" 200 78152 "http://www.chris-nlp-hall.com/" "Mozilla/5.0 (Windows NT 6.3; rv:30.0) Gecko/20100101 Firefox/30.0"
78.88.85.97 - - [20/Jun/2014:04:27:08 -0400] "GET /images/slides/welcome//20131201_CH_Chris.jpg?1403252827530 HTTP/1.1" 200 135617 "http://www.chris-nlp-hall.com/" "Mozilla/5.0 (Windows NT 6.3; rv:30.0) Gecko/20100101 Firefox/30.0"
78.88.85.97 - - [20/Jun/2014:04:27:10 -0400] "GET /images/slides/welcome//20110623_JP_Chris3.jpg?1403252829266 HTTP/1.1" 200 107912 "http://www.chris-nlp-hall.com/" "Mozilla/5.0 (Windows NT 6.3; rv:30.0) Gecko/20100101 Firefox/30.0"
84.94.178.105 - - [20/Jun/2014:04:50:54 -0400] "GET /images/slides/welcome//20140301_JP_group.png?1403254253115 HTTP/1.1" 200 717226 "http://www.chris-nlp-hall.com/" "Mozilla/5.0 (Windows NT 6.2; WOW64; rv:30.0) Gecko/20100101 Firefox/30.0"
178.192.198.81 - - [20/Jun/2014:05:15:13 -0400] "GET /modules/mod_slideshowck/assets/jquery.easing.1.3.js HTTP/1.1" 200 8097 "http://www.chris-nlp-hall.com/" "Mozilla/5.0 (Macintosh; Intel Mac OS X 10_9_3) AppleWebKit/537.76.4 (KHTML, like Gecko) Version/7.0.4 Safari/537.76.4"
37.58.100.150 - - [20/Jun/2014:05:44:44 -0400] "GET /index.php?p=72 HTTP/1.1" 301 297 "-" "Mozilla/5.0 (compatible; AhrefsBot/5.0; +http://ahrefs.com/robot/)"
188.174.7.95 - - [20/Jun/2014:05:58:55 -0400] "GET /templates/cnlp_neu/css/cnlp_neu.css HTTP/1.1" 304 - "http://www.chris-nlp-hall.com/" "Mozilla/5.0 (iPad; CPU OS 7_1_1 like Mac OS X) AppleWebKit/537.51.2 (KHTML, like Gecko) Version/7.0 Mobile/11D201 Safari/9537.53"
69.201.135.181 - - [20/Jun/2014:16:16:51 -0400] "GET /index.php?p=41 HTTP/1.1" 301 258 "http://www.chris-nlp-hall.com/index.php?p=40" "Mozilla/5.0 (Macintosh; Intel Mac OS X 10.9; rv:30.0) Gecko/20100101 Firefox/30.0"
69.201.135.181 - - [20/Jun/2014:16:16:51 -0400] "GET /nlp-product-boutique HTTP/1.1" 200 3113 "http://www.chris-nlp-hall.com/index.php?p=40" "Mozilla/5.0 (Macintosh; Intel Mac OS X 10.9; rv:30.0) Gecko/20100101 Firefox/30.0"
69.201.135.181 - - [20/Jun/2014:16:16:53 -0400] "GET /images/boutique/42-1-095-00-perspective.jpg HTTP/1.1" 200 53902 "http://www.chris-nlp-hall.com/nlp-product-boutique" "Mozilla/5.0 (Macintosh; Intel Mac OS X 10.9; rv:30.0) Gecko/20100101 Firefox/30.0"
188.174.7.95 - - [20/Jun/2014:17:46:14 -0400] "GET /images/publications/interview_small.jpg HTTP/1.1" 200 12722 "http://www.chris-nlp-hall.com/nlp-articles-and-videos" "Mozilla/5.0 (Macintosh; Intel Mac OS X 10_9_3) AppleWebKit/537.76.4 (KHTML, like Gecko) Version/7.0.4 Safari/537.76.4"
188.174.7.95 - - [20/Jun/2014:17:51:39 -0400] "GET /media/system/css/system.css HTTP/1.1" 200 1446 "http://www.chris-nlp-hall.com/administrator/" "Mozilla/5.0 (Macintosh; Intel Mac OS X 10_9_3) AppleWebKit/537.76.4 (KHTML, like Gecko) Version/7.0.4 Safari/537.76.4"
188.174.7.95 - - [20/Jun/2014:17:51:40 -0400] "GET /administrator/templates/bluestork/images/j_button1_left.png HTTP/1.1" 200 328 "http://www.chris-nlp-hall.com/administrator/" "Mozilla/5.0 (Macintosh; Intel Mac OS X 10_9_3) AppleWebKit/537.76.4 (KHTML, like Gecko) Version/7.0.4 Safari/537.76.4"
188.174.7.95 - - [20/Jun/2014:17:52:04 -0400] "POST /administrator/index.php?option=com_content&view=articles HTTP/1.1" 200 6120 "http://www.chris-nlp-hall.com/administrator/index.php?option=com_content" "Mozilla/5.0 (Macintosh; Intel Mac OS X 10_9_3) AppleWebKit/537.76.4 (KHTML, like Gecko) Version/7.0.4 Safari/537.76.4"
41.189.48.82 - - [20/Jun/2014:23:19:58 -0400] "GET //components/com_cnlp_trainers/css/cnlp_trainers.css HTTP/1.1" 200 3477 "http://www.chris-nlp-hall.com/the-society-of-nlp/nlp-trainers-certified-by-christina-hall" "Mozilla/5.0 (Windows NT 5.1; rv:30.0) Gecko/20100101 Firefox/30.0"
41.189.48.82 - - [20/Jun/2014:23:19:59 -0400] "GET /media/system/js/mootools-more.js HTTP/1.1" 200 238331 "http://www.chris-nlp-hall.com/the-society-of-nlp/nlp-trainers-certified-by-christina-hall" "Mozilla/5.0 (Windows NT 5.1; rv:30.0) Gecko/20100101 Firefox/30.0"
41.189.48.82 - - [20/Jun/2014:23:20:11 -0400] "GET /images/trainers/flags/Austria.png HTTP/1.1" 200 466 "http://www.chris-nlp-hall.com/the-society-of-nlp/nlp-trainers-certified-by-christina-hall" "Mozilla/5.0 (Windows NT 5.1; rv:30.0) Gecko/20100101 Firefox/30.0"
41.189.48.82 - - [20/Jun/2014:23:20:12 -0400] "GET /images/trainers/photos/ctl_rolion_michel.jpg HTTP/1.1" 200 3173 "http://www.chris-nlp-hall.com/the-society-of-nlp/nlp-trainers-certified-by-christina-hall" "Mozilla/5.0 (Windows NT 5.1; rv:30.0) Gecko/20100101 Firefox/30.0"
41.189.48.82 - - [20/Jun/2014:23:20:12 -0400] "GET /images/trainers/photos/ctl_roy_200.jpg HTTP/1.1" 200 32328 "http://www.chris-nlp-hall.com/the-society-of-nlp/nlp-trainers-certified-by-christina-hall" "Mozilla/5.0 (Windows NT 5.1; rv:30.0) Gecko/20100101 Firefox/30.0"
41.189.48.82 - - [20/Jun/2014:23:20:13 -0400] "GET /images/trainers/photos/ctl_felber_petra.jpg HTTP/1.1" 200 5327 "http://www.chris-nlp-hall.com/the-society-of-nlp/nlp-trainers-certified-by-christina-hall" "Mozilla/5.0 (Windows NT 5.1; rv:30.0) Gecko/20100101 Firefox/30.0"
79.87.91.25 - - [20/Jun/2014:07:38:36 -0400] "GET /media/system/js/mootools-core.js HTTP/1.1" 304 - "http://translate.googleusercontent.com/translate_c?depth=1&hl=fr&prev=/search%3Fq%3Dchristina%2Bhall%26biw%3D1366%26bih%3D651&rurl=translate.google.fr&sl=en&u=http://www.chris-nlp-hall.com/the-society-of-nlp&usg=ALkJrhiur1wcjXTVGTAXDG6yELjW2_YvvA" "Mozilla/5.0 (Windows NT 6.1; WOW64; Trident/7.0; rv:11.0) like Gecko"
79.87.91.25 - - [20/Jun/2014:07:38:36 -0400] "GET /media/system/js/core.js HTTP/1.1" 304 - "http://translate.googleusercontent.com/translate_c?depth=1&hl=fr&prev=/search%3Fq%3Dchristina%2Bhall%26biw%3D1366%26bih%3D651&rurl=translate.google.fr&sl=en&u=http://www.chris-nlp-hall.com/the-society-of-nlp&usg=ALkJrhiur1wcjXTVGTAXDG6yELjW2_YvvA" "Mozilla/5.0 (Windows NT 6.1; WOW64; Trident/7.0; rv:11.0) like Gecko"
79.87.91.25 - - [20/Jun/2014:07:38:37 -0400] "GET /templates/cnlp_neu/images/px_transparent_50.png HTTP/1.1" 304 - "http://translate.googleusercontent.com/translate_c?depth=1&hl=fr&prev=/search%3Fq%3Dchristina%2Bhall%26biw%3D1366%26bih%3D651&rurl=translate.google.fr&sl=en&u=http://www.chris-nlp-hall.com/the-society-of-nlp&usg=ALkJrhiur1wcjXTVGTAXDG6yELjW2_YvvA" "Mozilla/5.0 (Windows NT 6.1; WOW64; Trident/7.0; rv:11.0) like Gecko"
79.87.91.25 - - [20/Jun/2014:07:38:37 -0400] "GET /templates/cnlp_neu/images/lotus_3_800.png HTTP/1.1" 304 - "http://translate.googleusercontent.com/translate_c?depth=1&hl=fr&prev=/search%3Fq%3Dchristina%2Bhall%26biw%3D1366%26bih%3D651&rurl=translate.google.fr&sl=en&u=http://www.chris-nlp-hall.com/the-society-of-nlp&usg=ALkJrhiur1wcjXTVGTAXDG6yELjW2_YvvA" "Mozilla/5.0 (Windows NT 6.1; WOW64; Trident/7.0; rv:11.0) like Gecko"
79.87.91.25 - - [20/Jun/2014:07:39:34 -0400] "GET /images/slides/welcome//20120417_UK_group.jpg?1403264385987 HTTP/1.1" 200 137212 "http://www.chris-nlp-hall.com/" "Mozilla/5.0 (Windows NT 6.1; WOW64; Trident/7.0; rv:11.0) like Gecko"
79.87.91.25 - - [20/Jun/2014:07:42:08 -0400] "GET /images/slides/welcome//20090903_UK_group.jpg?1403264540181 HTTP/1.1" 200 196887 "http://www.chris-nlp-hall.com/" "Mozilla/5.0 (Windows NT 6.1; WOW64; Trident/7.0; rv:11.0) like Gecko"
98.224.218.6 - - [20/Jun/2014:09:27:10 -0400] "GET /images/slides/welcome//20080101_UK_group.jpg?1403142064815 HTTP/1.1" 304 - "http://www.chris-nlp-hall.com/index.php?p=37" "Mozilla/5.0 (X11; Linux x86_64) AppleWebKit/537.36 (KHTML, like Gecko) Ubuntu Chromium/34.0.1847.116 Chrome/34.0.1847.116 Safari/537.36"
199.115.117.243 - - [20/Jun/2014:09:58:22 -0400] "GET /images/trainers/photos/ctl_roesli_luc.jpg HTTP/1.1" 200 2532 "http://www.chris-nlp-hall.com/the-society-of-nlp/nlp-trainers-certified-by-christina-hall" "Mozilla/5.0 (Windows NT 6.1; WOW64; rv:29.0) Gecko/20100101 Firefox/29.0"
188.174.7.95 - - [20/Jun/2014:10:44:15 -0400] "GET /images/slides/welcome//20131020_UK_group.jpg?1403275458399 HTTP/1.1" 200 169376 "http://www.chris-nlp-hall.com/" "Mozilla/5.0 (Macintosh; Intel Mac OS X 10_9_3) AppleWebKit/537.76.4 (KHTML, like Gecko) Version/7.0.4 Safari/537.76.4"
188.174.7.95 - - [20/Jun/2014:10:44:33 -0400] "GET /media/system/js/mootools-core.js HTTP/1.1" 304 - "http://www.chris-nlp-hall.com/" "Mozilla/5.0 (Macintosh; Intel Mac OS X 10_9_3) AppleWebKit/537.76.4 (KHTML, like Gecko) Version/7.0.4 Safari/537.76.4"
188.174.7.95 - - [20/Jun/2014:10:44:33 -0400] "GET /modules/mod_slideshowck/assets/jquery.easing.1.3.js HTTP/1.1" 304 - "http://www.chris-nlp-hall.com/" "Mozilla/5.0 (Macintosh; Intel Mac OS X 10_9_3) AppleWebKit/537.76.4 (KHTML, like Gecko) Version/7.0.4 Safari/537.76.4"
188.174.7.95 - - [20/Jun/2014:10:52:28 -0400] "GET /administrator/components/com_quicksell/js/plupload.full.js HTTP/1.1" 200 50564 "http://www.chris-nlp-hall.com/administrator/index.php?option=com_quicksell" "Mozilla/5.0 (Macintosh; Intel Mac OS X 10_9_3) AppleWebKit/537.76.4 (KHTML, like Gecko) Version/7.0.4 Safari/537.76.4"
188.174.7.95 - - [20/Jun/2014:10:52:30 -0400] "GET /administrator/components/com_quicksell/images/icon-48-category.png HTTP/1.1" 200 722 "http://www.chris-nlp-hall.com/administrator/index.php?option=com_quicksell" "Mozilla/5.0 (Macintosh; Intel Mac OS X 10_9_3) AppleWebKit/537.76.4 (KHTML, like Gecko) Version/7.0.4 Safari/537.76.4"
162.211.129.46 - - [20/Jun/2014:10:52:47 -0400] "GET /modules/mod_slideshowck/themes/default/images/camera_skins.png HTTP/1.1" 200 24198 "http://www.chris-nlp-hall.com/" "Mozilla/5.0 (iPad; CPU OS 7_1_1 like Mac OS X) AppleWebKit/537.51.2 (KHTML, like Gecko) Version/7.0 Mobile/11D201 Safari/9537.53"
41.206.12.35 - - [20/Jun/2014:12:18:49 -0400] "GET /images/trainers/photos/ctl_widler_esther.jpg HTTP/1.1" 200 3182 "http://www.chris-nlp-hall.com/the-society-of-nlp/nlp-trainers-certified-by-christina-hall" "Mozilla/5.0 (Windows NT 6.1; rv:29.0) Gecko/20100101 Firefox/29.0"
41.206.12.35 - - [20/Jun/2014:12:19:02 -0400] "GET /images/trainers/photos/ctl_freeth_peter.jpg HTTP/1.1" 200 3846 "http://www.chris-nlp-hall.com/the-society-of-nlp/nlp-trainers-certified-by-christina-hall" "Mozilla/5.0 (Windows NT 6.1; rv:29.0) Gecko/20100101 Firefox/29.0"
39.55.197.46 - - [20/Jun/2014:12:27:00 -0400] "GET /media/system/js/caption.js HTTP/1.1" 200 729 "http://www.chris-nlp-hall.com/nlp-product-boutique/more-products-to-come" "Mozilla/5.0 (Windows NT 6.1) AppleWebKit/537.36 (KHTML, like Gecko) Chrome/35.0.1916.153 Safari/537.36"
39.55.197.46 - - [20/Jun/2014:12:27:01 -0400] "GET /images/boutique/surprise-perspective.jpg HTTP/1.1" 200 6346 "http://www.chris-nlp-hall.com/nlp-product-boutique/more-products-to-come" "Mozilla/5.0 (Windows NT 6.1) AppleWebKit/537.36 (KHTML, like Gecko) Chrome/35.0.1916.153 Safari/537.36"
66.249.81.154 - - [20/Jun/2014:12:29:51 -0400] "GET /index.php?p=48 HTTP/1.1" 301 256 "http://www.google.com/search" "Mozilla/5.0 (X11; Linux x86_64) AppleWebKit/537.36 (KHTML, like Gecko; Google Web Preview) Chrome/27.0.1453 Safari/537.36"
66.249.81.154 - - [20/Jun/2014:12:29:51 -0400] "GET /the-society-of-nlp HTTP/1.1" 200 3415 "http://www.google.com/search" "Mozilla/5.0 (X11; Linux x86_64) AppleWebKit/537.36 (KHTML, like Gecko; Google Web Preview) Chrome/27.0.1453 Safari/537.36"
66.249.81.154 - - [20/Jun/2014:12:29:52 -0400] "GET /templates/cnlp_neu/css/cnlp_neu.css HTTP/1.1" 200 7306 "http://www.chris-nlp-hall.com/the-society-of-nlp" "Mozilla/5.0 (X11; Linux x86_64) AppleWebKit/537.36 (KHTML, like Gecko; Google Web Preview) Chrome/27.0.1453 Safari/537.36"
46.105.105.227 - - [20/Jun/2014:12:47:21 -0400] "GET /nlp-workshops-and-trainings HTTP/1.1" 200 14666 "-" "Mozilla/5.0 (Windows NT 5.1; rv:15.0) Gecko/20120909 Firefox/15.0.1 SeaMonkey/2.12.1"
46.105.105.227 - - [20/Jun/2014:12:47:42 -0400] "GET /the-society-of-nlp/certification-as-nlp-master-practitioner HTTP/1.1" 200 13218 "-" "Mozilla/5.0 (Windows NT 5.1; rv:15.0) Gecko/20120909 Firefox/15.0.1 SeaMonkey/2.12.1"
148.251.75.46 - - [20/Jun/2014:01:13:07 -0400] "GET /the-society-of-nlp/nlp-trainers-certified-by-christina-hall HTTP/1.1" 200 142500 "-" "Mozilla/5.0 (Windows NT 5.1) AppleWebKit/537.36 (KHTML, like Gecko) Chrome/27.0.1453.94 Safari/537.36"
195.154.185.238 - - [20/Jun/2014:02:12:29 -0400] "GET /nlp-articles-and-videos?format=feed&type=rss HTTP/1.0" 200 1666 "-" "Mozilla/5.0 (compatible; MJ12bot/v1.4.5; http://www.majestic12.co.uk/bot.php?+)"
195.154.185.238 - - [20/Jun/2014:02:12:42 -0400] "GET /nlp-workshops-and-trainings?format=feed&type=atom HTTP/1.0" 200 2431 "-" "Mozilla/5.0 (compatible; MJ12bot/v1.4.5; http://www.majestic12.co.uk/bot.php?+)"
82.80.154.166 - - [20/Jun/2014:03:36:45 -0400] "GET /images/slides/welcome//20110623_JP_Chris3.jpg?1403249807714 HTTP/1.1" 200 107912 "http://www.chris-nlp-hall.com/" "Mozilla/5.0 (Windows NT 6.2; WOW64; rv:30.0) Gecko/20100101 Firefox/30.0"
84.94.178.105 - - [20/Jun/2014:05:05:33 -0400] "GET /images/slides/welcome//20131201_CH_Chris.jpg?1403255135455 HTTP/1.1" 200 135617 "http://www.chris-nlp-hall.com/" "Mozilla/5.0 (Windows NT 6.2; WOW64) AppleWebKit/537.36 (KHTML, like Gecko) Chrome/35.0.1916.153 Safari/537.36"
202.46.61.101 - - [20/Jun/2014:05:41:36 -0400] "GET / HTTP/1.1" 200 20402 "-" "Mozilla/5.0 (Windows NT 6.1; WOW64; rv:22.0) Gecko/20100101 Firefox/22.0"
178.192.198.81 - - [20/Jun/2014:06:03:19 -0400] "GET /images/trainers/photos/ctl_guittonny_florence.jpg HTTP/1.1" 200 23578 "http://www.chris-nlp-hall.com/the-society-of-nlp/nlp-trainers-certified-by-christina-hall" "Mozilla/5.0 (Macintosh; Intel Mac OS X 10_9_3) AppleWebKit/537.76.4 (KHTML, like Gecko) Version/7.0.4 Safari/537.76.4"
178.192.198.81 - - [20/Jun/2014:06:03:20 -0400] "GET /images/trainers/photos/ctl_poupard_200.jpg HTTP/1.1" 200 47561 "http://www.chris-nlp-hall.com/the-society-of-nlp/nlp-trainers-certified-by-christina-hall" "Mozilla/5.0 (Macintosh; Intel Mac OS X 10_9_3) AppleWebKit/537.76.4 (KHTML, like Gecko) Version/7.0.4 Safari/537.76.4"
178.192.198.81 - - [20/Jun/2014:06:03:21 -0400] "GET /images/trainers/photos/ctl_kless_200.jpg HTTP/1.1" 200 45358 "http://www.chris-nlp-hall.com/the-society-of-nlp/nlp-trainers-certified-by-christina-hall" "Mozilla/5.0 (Macintosh; Intel Mac OS X 10_9_3) AppleWebKit/537.76.4 (KHTML, like Gecko) Version/7.0.4 Safari/537.76.4"
178.192.198.81 - - [20/Jun/2014:06:03:21 -0400] "GET /images/trainers/photos/ctl_felber_petra.jpg HTTP/1.1" 200 5327 "http://www.chris-nlp-hall.com/the-society-of-nlp/nlp-trainers-certified-by-christina-hall" "Mozilla/5.0 (Macintosh; Intel Mac OS X 10_9_3) AppleWebKit/537.76.4 (KHTML, like Gecko) Version/7.0.4 Safari/537.76.4"
178.192.198.81 - - [20/Jun/2014:06:03:21 -0400] "GET /images/trainers/photos/ctl_toennishoff_martina.jpg HTTP/1.1" 200 3170 "http://www.chris-nlp-hall.com/the-society-of-nlp/nlp-trainers-certified-by-christina-hall" "Mozilla/5.0 (Macintosh; Intel Mac OS X 10_9_3) AppleWebKit/537.76.4 (KHTML, like Gecko) Version/7.0.4 Safari/537.76.4"
178.192.198.81 - - [20/Jun/2014:06:03:22 -0400] "GET /images/trainers/photos/ctl_waegele_christian.jpg HTTP/1.1" 200 3531 "http://www.chris-nlp-hall.com/the-society-of-nlp/nlp-trainers-certified-by-christina-hall" "Mozilla/5.0 (Macintosh; Intel Mac OS X 10_9_3) AppleWebKit/537.76.4 (KHTML, like Gecko) Version/7.0.4 Safari/537.76.4"
178.192.198.81 - - [20/Jun/2014:06:03:22 -0400] "GET /images/trainers/photos/ctl_suzuki_emiko.jpg HTTP/1.1" 200 12900 "http://www.chris-nlp-hall.com/the-society-of-nlp/nlp-trainers-certified-by-christina-hall" "Mozilla/5.0 (Macintosh; Intel Mac OS X 10_9_3) AppleWebKit/537.76.4 (KHTML, like Gecko) Version/7.0.4 Safari/537.76.4"
178.192.198.81 - - [20/Jun/2014:06:03:22 -0400] "GET /images/trainers/photos/ctl_kazuo_kikuchi.jpg HTTP/1.1" 200 2965 "http://www.chris-nlp-hall.com/the-society-of-nlp/nlp-trainers-certified-by-christina-hall" "Mozilla/5.0 (Macintosh; Intel Mac OS X 10_9_3) AppleWebKit/537.76.4 (KHTML, like Gecko) Version/7.0.4 Safari/537.76.4"
178.192.198.81 - - [20/Jun/2014:06:03:22 -0400] "GET /images/trainers/photos/ctl_koteray_200.jpg HTTP/1.1" 200 50349 "http://www.chris-nlp-hall.com/the-society-of-nlp/nlp-trainers-certified-by-christina-hall" "Mozilla/5.0 (Macintosh; Intel Mac OS X 10_9_3) AppleWebKit/537.76.4 (KHTML, like Gecko) Version/7.0.4 Safari/537.76.4"
178.192.198.81 - - [20/Jun/2014:06:03:23 -0400] "GET /images/trainers/flags/Liechtenstein.png HTTP/1.1" 200 833 "http://www.chris-nlp-hall.com/the-society-of-nlp/nlp-trainers-certified-by-christina-hall" "Mozilla/5.0 (Macintosh; Intel Mac OS X 10_9_3) AppleWebKit/537.76.4 (KHTML, like Gecko) Version/7.0.4 Safari/537.76.4"
178.192.198.81 - - [20/Jun/2014:06:03:23 -0400] "GET /images/trainers/photos/ctl_widera-wysoczanska_200.jpg HTTP/1.1" 200 24940 "http://www.chris-nlp-hall.com/the-society-of-nlp/nlp-trainers-certified-by-christina-hall" "Mozilla/5.0 (Macintosh; Intel Mac OS X 10_9_3) AppleWebKit/537.76.4 (KHTML, like Gecko) Version/7.0.4 Safari/537.76.4"
178.192.198.81 - - [20/Jun/2014:06:03:23 -0400] "GET /images/trainers/photos/ctl_roesli_luc.jpg HTTP/1.1" 200 2532 "http://www.chris-nlp-hall.com/the-society-of-nlp/nlp-trainers-certified-by-christina-hall" "Mozilla/5.0 (Macintosh; Intel Mac OS X 10_9_3) AppleWebKit/537.76.4 (KHTML, like Gecko) Version/7.0.4 Safari/537.76.4"
178.192.198.81 - - [20/Jun/2014:06:03:23 -0400] "GET /images/trainers/photos/ctl_streuli_karin.jpg HTTP/1.1" 200 4238 "http://www.chris-nlp-hall.com/the-society-of-nlp/nlp-trainers-certified-by-christina-hall" "Mozilla/5.0 (Macintosh; Intel Mac OS X 10_9_3) AppleWebKit/537.76.4 (KHTML, like Gecko) Version/7.0.4 Safari/537.76.4"
178.192.198.81 - - [20/Jun/2014:06:03:24 -0400] "GET /images/trainers/photos/ctl_widler_esther.jpg HTTP/1.1" 200 3182 "http://www.chris-nlp-hall.com/the-society-of-nlp/nlp-trainers-certified-by-christina-hall" "Mozilla/5.0 (Macintosh; Intel Mac OS X 10_9_3) AppleWebKit/537.76.4 (KHTML, like Gecko) Version/7.0.4 Safari/537.76.4"
178.192.198.81 - - [20/Jun/2014:06:03:24 -0400] "GET /images/trainers/flags/Tunisia.png HTTP/1.1" 200 1098 "http://www.chris-nlp-hall.com/the-society-of-nlp/nlp-trainers-certified-by-christina-hall" "Mozilla/5.0 (Macintosh; Intel Mac OS X 10_9_3) AppleWebKit/537.76.4 (KHTML, like Gecko) Version/7.0.4 Safari/537.76.4"
178.192.198.81 - - [20/Jun/2014:06:03:25 -0400] "GET /images/trainers/photos/ctl_kerry_lynne.jpg HTTP/1.1" 200 2846 "http://www.chris-nlp-hall.com/the-society-of-nlp/nlp-trainers-certified-by-christina-hall" "Mozilla/5.0 (Macintosh; Intel Mac OS X 10_9_3) AppleWebKit/537.76.4 (KHTML, like Gecko) Version/7.0.4 Safari/537.76.4"
178.192.198.81 - - [20/Jun/2014:06:03:25 -0400] "GET /images/trainers/photos/ctl_michaels_200.jpg HTTP/1.1" 200 61654 "http://www.chris-nlp-hall.com/the-society-of-nlp/nlp-trainers-certified-by-christina-hall" "Mozilla/5.0 (Macintosh; Intel Mac OS X 10_9_3) AppleWebKit/537.76.4 (KHTML, like Gecko) Version/7.0.4 Safari/537.76.4"
178.192.198.81 - - [20/Jun/2014:06:03:25 -0400] "GET /images/trainers/flags/master_medal.png HTTP/1.1" 200 4440 "http://www.chris-nlp-hall.com/the-society-of-nlp/nlp-trainers-certified-by-christina-hall" "Mozilla/5.0 (Macintosh; Intel Mac OS X 10_9_3) AppleWebKit/537.76.4 (KHTML, like Gecko) Version/7.0.4 Safari/537.76.4"
178.192.198.81 - - [20/Jun/2014:06:17:23 -0400] "GET /administrator/components/com_quicksell/images/css_buttons/0001/style.css HTTP/1.1" 200 860 "http://www.chris-nlp-hall.com/nlp-product-boutique/nlp-audiobook-language-christina-hall" "Mozilla/5.0 (Macintosh; Intel Mac OS X 10_9_3) AppleWebKit/537.76.4 (KHTML, like Gecko) Version/7.0.4 Safari/537.76.4"
178.192.198.81 - - [20/Jun/2014:06:17:23 -0400] "GET /components/com_quicksell/js/jquery.min.js HTTP/1.1" 200 93107 "http://www.chris-nlp-hall.com/nlp-product-boutique/nlp-audiobook-language-christina-hall" "Mozilla/5.0 (Macintosh; Intel Mac OS X 10_9_3) AppleWebKit/537.76.4 (KHTML, like Gecko) Version/7.0.4 Safari/537.76.4"
50.168.74.144 - - [20/Jun/2014:14:33:08 -0400] "GET / HTTP/1.1" 200 4789 "http://semalt.semalt.com/crawler.php?u=http://chrisnlphall.com" "Mozilla/5.0 (Windows NT 6.1; WOW64) AppleWebKit/537.36 (KHTML, like Gecko) Chrome/32.0.1700.107 Safari/537.36"
50.168.74.144 - - [20/Jun/2014:14:33:09 -0400] "GET //components/com_cnlp_workshops/css/cnlp_workshops.css HTTP/1.1" 200 4039 "http://www.chris-nlp-hall.com/" "Mozilla/5.0 (Windows NT 6.1; WOW64) AppleWebKit/537.36 (KHTML, like Gecko) Chrome/32.0.1700.107 Safari/537.36"
50.168.74.144 - - [20/Jun/2014:14:33:09 -0400] "GET /media/system/js/mootools-more.js HTTP/1.1" 200 238331 "http://www.chris-nlp-hall.com/" "Mozilla/5.0 (Windows NT 6.1; WOW64) AppleWebKit/537.36 (KHTML, like Gecko) Chrome/32.0.1700.107 Safari/537.36"
50.168.74.144 - - [20/Jun/2014:14:33:10 -0400] "GET /templates/cnlp_neu/images/lotus_3_800.png HTTP/1.1" 200 100930 "http://www.chris-nlp-hall.com/" "Mozilla/5.0 (Windows NT 6.1; WOW64) AppleWebKit/537.36 (KHTML, like Gecko) Chrome/32.0.1700.107 Safari/537.36"
188.174.7.95 - - [20/Jun/2014:17:35:55 -0400] "GET //components/com_cnlp_workshops/css/cnlp_workshops.css HTTP/1.1" 200 4039 "http://www.chris-nlp-hall.com/" "Mozilla/5.0 (Macintosh; Intel Mac OS X 10_9_3) AppleWebKit/537.76.4 (KHTML, like Gecko) Version/7.0.4 Safari/537.76.4"
188.174.7.95 - - [20/Jun/2014:17:35:55 -0400] "GET /media/system/js/modal.js HTTP/1.1" 200 9732 "http://www.chris-nlp-hall.com/" "Mozilla/5.0 (Macintosh; Intel Mac OS X 10_9_3) AppleWebKit/537.76.4 (KHTML, like Gecko) Version/7.0.4 Safari/537.76.4"
188.174.7.95 - - [20/Jun/2014:17:35:55 -0400] "GET /modules/mod_slideshowck/assets/jquery.mobile.customized.min.js HTTP/1.1" 200 17519 "http://www.chris-nlp-hall.com/" "Mozilla/5.0 (Macintosh; Intel Mac OS X 10_9_3) AppleWebKit/537.76.4 (KHTML, like Gecko) Version/7.0.4 Safari/537.76.4"
188.174.7.95 - - [20/Jun/2014:17:35:55 -0400] "GET /templates/cnlp_neu/css/cnlp_neu.css HTTP/1.1" 200 7306 "http://www.chris-nlp-hall.com/" "Mozilla/5.0 (Macintosh; Intel Mac OS X 10_9_3) AppleWebKit/537.76.4 (KHTML, like Gecko) Version/7.0.4 Safari/537.76.4"
66.249.88.105 - - [20/Jun/2014:17:41:32 -0400] "GET /administrator/components/com_quicksell/images/css_buttons/0001/style.css HTTP/1.1" 200 860 "-" "Mozilla/5.0 (Macintosh; Intel Mac OS X 10_9_3) AppleWebKit/537.76.4 (KHTML, like Gecko) Version/7.0.4 Safari/537.76.4,gzip(gfe)"
66.249.88.105 - - [20/Jun/2014:17:41:32 -0400] "GET /templates/cnlp_neu/images/postquote.png HTTP/1.1" 200 3292 "-" "Mozilla/5.0 (Macintosh; Intel Mac OS X 10_9_3) AppleWebKit/537.76.4 (KHTML, like Gecko) Version/7.0.4 Safari/537.76.4,gzip(gfe)"
188.174.7.95 - - [20/Jun/2014:17:51:27 -0400] "GET /images/trainers/photos/ctl_felber_petra.jpg HTTP/1.1" 200 5327 "http://www.chris-nlp-hall.com/the-society-of-nlp/nlp-trainers-certified-by-christina-hall" "Mozilla/5.0 (Macintosh; Intel Mac OS X 10_9_3) AppleWebKit/537.76.4 (KHTML, like Gecko) Version/7.0.4 Safari/537.76.4"
188.174.7.95 - - [20/Jun/2014:17:51:28 -0400] "GET /images/trainers/photos/ctl_koenig_melanie.jpg HTTP/1.1" 200 3139 "http://www.chris-nlp-hall.com/the-society-of-nlp/nlp-trainers-certified-by-christina-hall" "Mozilla/5.0 (Macintosh; Intel Mac OS X 10_9_3) AppleWebKit/537.76.4 (KHTML, like Gecko) Version/7.0.4 Safari/537.76.4"
188.174.7.95 - - [20/Jun/2014:17:51:28 -0400] "GET /images/trainers/photos/ctl_toennishoff_martina.jpg HTTP/1.1" 200 3170 "http://www.chris-nlp-hall.com/the-society-of-nlp/nlp-trainers-certified-by-christina-hall" "Mozilla/5.0 (Macintosh; Intel Mac OS X 10_9_3) AppleWebKit/537.76.4 (KHTML, like Gecko) Version/7.0.4 Safari/537.76.4"
188.174.7.95 - - [20/Jun/2014:17:51:28 -0400] "GET /images/trainers/photos/ctl_voss_200.jpg HTTP/1.1" 200 50865 "http://www.chris-nlp-hall.com/the-society-of-nlp/nlp-trainers-certified-by-christina-hall" "Mozilla/5.0 (Macintosh; Intel Mac OS X 10_9_3) AppleWebKit/537.76.4 (KHTML, like Gecko) Version/7.0.4 Safari/537.76.4"
188.174.7.95 - - [20/Jun/2014:17:51:29 -0400] "GET /images/trainers/flags/Liechtenstein.png HTTP/1.1" 200 833 "http://www.chris-nlp-hall.com/the-society-of-nlp/nlp-trainers-certified-by-christina-hall" "Mozilla/5.0 (Macintosh; Intel Mac OS X 10_9_3) AppleWebKit/537.76.4 (KHTML, like Gecko) Version/7.0.4 Safari/537.76.4"
188.174.7.95 - - [20/Jun/2014:17:51:29 -0400] "GET /images/trainers/photos/ctl_widera-wysoczanska_200.jpg HTTP/1.1" 200 24940 "http://www.chris-nlp-hall.com/the-society-of-nlp/nlp-trainers-certified-by-christina-hall" "Mozilla/5.0 (Macintosh; Intel Mac OS X 10_9_3) AppleWebKit/537.76.4 (KHTML, like Gecko) Version/7.0.4 Safari/537.76.4"
188.174.7.95 - - [20/Jun/2014:17:51:30 -0400] "GET /images/trainers/photos/ctl_bosonet_200.jpg HTTP/1.1" 200 41110 "http://www.chris-nlp-hall.com/the-society-of-nlp/nlp-trainers-certified-by-christina-hall" "Mozilla/5.0 (Macintosh; Intel Mac OS X 10_9_3) AppleWebKit/537.76.4 (KHTML, like Gecko) Version/7.0.4 Safari/537.76.4"
188.174.7.95 - - [20/Jun/2014:17:51:30 -0400] "GET /images/trainers/photos/ctl_streuli_karin.jpg HTTP/1.1" 200 4238 "http://www.chris-nlp-hall.com/the-society-of-nlp/nlp-trainers-certified-by-christina-hall" "Mozilla/5.0 (Macintosh; Intel Mac OS X 10_9_3) AppleWebKit/537.76.4 (KHTML, like Gecko) Version/7.0.4 Safari/537.76.4"
188.174.7.95 - - [20/Jun/2014:17:51:30 -0400] "GET /images/trainers/photos/ctl_codoni_susanne.jpg HTTP/1.1" 200 3389 "http://www.chris-nlp-hall.com/the-society-of-nlp/nlp-trainers-certified-by-christina-hall" "Mozilla/5.0 (Macintosh; Intel Mac OS X 10_9_3) AppleWebKit/537.76.4 (KHTML, like Gecko) Version/7.0.4 Safari/537.76.4"
188.174.7.95 - - [20/Jun/2014:17:51:30 -0400] "GET /images/trainers/photos/ctl_beerli_tommike.jpg HTTP/1.1" 200 45894 "http://www.chris-nlp-hall.com/the-society-of-nlp/nlp-trainers-certified-by-christina-hall" "Mozilla/5.0 (Macintosh; Intel Mac OS X 10_9_3) AppleWebKit/537.76.4 (KHTML, like Gecko) Version/7.0.4 Safari/537.76.4"
188.174.7.95 - - [20/Jun/2014:17:51:31 -0400] "GET /images/trainers/photos/ctl_turki_karim.jpg HTTP/1.1" 200 2647 "http://www.chris-nlp-hall.com/the-society-of-nlp/nlp-trainers-certified-by-christina-hall" "Mozilla/5.0 (Macintosh; Intel Mac OS X 10_9_3) AppleWebKit/537.76.4 (KHTML, like Gecko) Version/7.0.4 Safari/537.76.4"
188.174.7.95 - - [20/Jun/2014:17:51:31 -0400] "GET /images/trainers/photos/ctl_duffy_andrew.jpg HTTP/1.1" 200 3637 "http://www.chris-nlp-hall.com/the-society-of-nlp/nlp-trainers-certified-by-christina-hall" "Mozilla/5.0 (Macintosh; Intel Mac OS X 10_9_3) AppleWebKit/537.76.4 (KHTML, like Gecko) Version/7.0.4 Safari/537.76.4"
188.174.7.95 - - [20/Jun/2014:17:51:31 -0400] "GET /images/trainers/photos/ctl_michaels_200.jpg HTTP/1.1" 200 61654 "http://www.chris-nlp-hall.com/the-society-of-nlp/nlp-trainers-certified-by-christina-hall" "Mozilla/5.0 (Macintosh; Intel Mac OS X 10_9_3) AppleWebKit/537.76.4 (KHTML, like Gecko) Version/7.0.4 Safari/537.76.4"
41.189.48.82 - - [20/Jun/2014:23:19:52 -0400] "GET /the-society-of-nlp/nlp-trainers-certified-by-christina-hall HTTP/1.1" 200 38726 "http://www.google.ci/url?sa=t&rct=j&q=&esrc=s&source=web&cd=133&cad=rja&uact=8&ved=0CC8QFjACOIIB&url=http%3A%2F%2Fwww.chris-nlp-hall.com%2Fthe-society-of-nlp%2Fnlp-trainers-certified-by-christina-hall&ei=nvmkU9qZFInhOsK7gIgG&usg=AFQjCNE2HPyme2159ayPe6_W59B2GcJQ2w&bvm=bv.69411363,d.ZWU" "Mozilla/5.0 (Windows NT 5.1; rv:30.0) Gecko/20100101 Firefox/30.0"
79.87.91.25 - - [20/Jun/2014:07:38:39 -0400] "GET /templates/cnlp_neu/css/cnlp_neu.css HTTP/1.1" 304 - "http://translate.googleusercontent.com/translate_c?depth=1&hl=fr&prev=/search%3Fq%3Dchristina%2Bhall%26biw%3D1366%26bih%3D651&rurl=translate.google.fr&sl=en&u=http://www.chris-nlp-hall.com/the-society-of-nlp&usg=ALkJrhiur1wcjXTVGTAXDG6yELjW2_YvvA" "Mozilla/5.0 (Windows NT 6.1; WOW64; Trident/7.0; rv:11.0) like Gecko"
79.87.91.25 - - [20/Jun/2014:07:38:46 -0400] "GET /images/slides/welcome//20110623_JP_Chris4.jpg?1403264334758 HTTP/1.1" 200 105317 "http://www.chris-nlp-hall.com/" "Mozilla/5.0 (Windows NT 6.1; WOW64; Trident/7.0; rv:11.0) like Gecko"
157.55.39.47 - - [20/Jun/2014:08:03:20 -0400] "GET / HTTP/1.1" 200 4791 "-" "Mozilla/5.0 (compatible; bingbot/2.0; +http://www.bing.com/bingbot.htm)"
217.146.144.226 - - [20/Jun/2014:09:02:37 -0400] "GET /index.php?p=61 HTTP/1.1" 301 297 "http://www.bing.com/search?q=EMDR+Gerecke&qs=n&pq=emdr+gerecke&sc=0-9&sp=-1&sk=&cvid=320d5e13fb28405ba08f6337a3fc5351&first=31&FORM=PORE" "Mozilla/5.0 (Windows NT 6.1; WOW64; Trident/7.0; rv:11.0) like Gecko"
217.146.144.226 - - [20/Jun/2014:09:02:37 -0400] "GET /the-society-of-nlp/nlp-trainers-certified-by-christina-hall HTTP/1.1" 200 142500 "http://www.bing.com/search?q=EMDR+Gerecke&qs=n&pq=emdr+gerecke&sc=0-9&sp=-1&sk=&cvid=320d5e13fb28405ba08f6337a3fc5351&first=31&FORM=PORE" "Mozilla/5.0 (Windows NT 6.1; WOW64; Trident/7.0; rv:11.0) like Gecko"
217.146.144.226 - - [20/Jun/2014:09:02:40 -0400] "GET //components/com_cnlp_trainers/css/cnlp_trainers.css HTTP/1.1" 200 3477 "http://www.chris-nlp-hall.com/the-society-of-nlp/nlp-trainers-certified-by-christina-hall" "Mozilla/5.0 (Windows NT 6.1; WOW64; Trident/7.0; rv:11.0) like Gecko"
217.146.144.226 - - [20/Jun/2014:09:02:40 -0400] "GET /images/trainers/photos/ctl_cary_200.jpg HTTP/1.1" 200 29938 "http://www.chris-nlp-hall.com/the-society-of-nlp/nlp-trainers-certified-by-christina-hall" "Mozilla/5.0 (Windows NT 6.1; WOW64; Trident/7.0; rv:11.0) like Gecko"
217.146.144.226 - - [20/Jun/2014:09:02:40 -0400] "GET /images/trainers/photos/ctl_vanhoorn_200.jpg HTTP/1.1" 200 46536 "http://www.chris-nlp-hall.com/the-society-of-nlp/nlp-trainers-certified-by-christina-hall" "Mozilla/5.0 (Windows NT 6.1; WOW64; Trident/7.0; rv:11.0) like Gecko"
217.146.144.226 - - [20/Jun/2014:09:02:40 -0400] "GET /images/trainers/photos/ctl_foesges_200.jpg HTTP/1.1" 200 34328 "http://www.chris-nlp-hall.com/the-society-of-nlp/nlp-trainers-certified-by-christina-hall" "Mozilla/5.0 (Windows NT 6.1; WOW64; Trident/7.0; rv:11.0) like Gecko"
217.146.144.226 - - [20/Jun/2014:09:02:40 -0400] "GET /images/trainers/photos/ctl_baumann-weiss_iris.jpg HTTP/1.1" 200 3244 "http://www.chris-nlp-hall.com/the-society-of-nlp/nlp-trainers-certified-by-christina-hall" "Mozilla/5.0 (Windows NT 6.1; WOW64; Trident/7.0; rv:11.0) like Gecko"
217.146.144.226 - - [20/Jun/2014:09:02:41 -0400] "GET /images/trainers/flags/Japan.png HTTP/1.1" 200 705 "http://www.chris-nlp-hall.com/the-society-of-nlp/nlp-trainers-certified-by-christina-hall" "Mozilla/5.0 (Windows NT 6.1; WOW64; Trident/7.0; rv:11.0) like Gecko"
217.146.144.226 - - [20/Jun/2014:09:02:41 -0400] "GET /images/trainers/photos/ctl_koteray_200.jpg HTTP/1.1" 200 50349 "http://www.chris-nlp-hall.com/the-society-of-nlp/nlp-trainers-certified-by-christina-hall" "Mozilla/5.0 (Windows NT 6.1; WOW64; Trident/7.0; rv:11.0) like Gecko"
217.146.144.226 - - [20/Jun/2014:09:02:41 -0400] "GET /images/trainers/flags/Switzerland.png HTTP/1.1" 200 631 "http://www.chris-nlp-hall.com/the-society-of-nlp/nlp-trainers-certified-by-christina-hall" "Mozilla/5.0 (Windows NT 6.1; WOW64; Trident/7.0; rv:11.0) like Gecko"
217.146.144.226 - - [20/Jun/2014:09:02:41 -0400] "GET /images/trainers/photos/ctl_codoni_susanne.jpg HTTP/1.1" 200 3389 "http://www.chris-nlp-hall.com/the-society-of-nlp/nlp-trainers-certified-by-christina-hall" "Mozilla/5.0 (Windows NT 6.1; WOW64; Trident/7.0; rv:11.0) like Gecko"
217.146.144.226 - - [20/Jun/2014:09:02:41 -0400] "GET /images/trainers/photos/ctl_duffy_andrew.jpg HTTP/1.1" 200 3637 "http://www.chris-nlp-hall.com/the-society-of-nlp/nlp-trainers-certified-by-christina-hall" "Mozilla/5.0 (Windows NT 6.1; WOW64; Trident/7.0; rv:11.0) like Gecko"
217.146.144.226 - - [20/Jun/2014:09:02:42 -0400] "GET //components/com_cnlp_trainers/css/cnlp_trainers_home.png HTTP/1.1" 200 1991 "http://www.chris-nlp-hall.com/the-society-of-nlp/nlp-trainers-certified-by-christina-hall" "Mozilla/5.0 (Windows NT 6.1; WOW64; Trident/7.0; rv:11.0) like Gecko"
188.174.7.95 - - [20/Jun/2014:10:38:32 -0400] "GET / HTTP/1.1" 200 4776 "-" "Mozilla/5.0 (Macintosh; Intel Mac OS X 10_9_3) AppleWebKit/537.76.4 (KHTML, like Gecko) Version/7.0.4 Safari/537.76.4"
188.174.7.95 - - [20/Jun/2014:10:38:34 -0400] "GET /templates/cnlp_neu/images/px_transparent_60.png HTTP/1.1" 304 - "http://www.chris-nlp-hall.com/" "Mozilla/5.0 (Macintosh; Intel Mac OS X 10_9_3) AppleWebKit/537.76.4 (KHTML, like Gecko) Version/7.0.4 Safari/537.76.4"
