0byt3m1n1
Path:
/
data
/
0
/
0
/
96
/
69
/
96558
/
meta
/
97973
/
logs
/
[
Home
]
File: access_log
83.36.78.213 - - [12/May/2006:06:00:18 -0400] "GET /pages/2/page2.html HTTP/1.1" 200 2003 "-" "Mozilla/4.0 (compatible; MSIE 6.0; Windows 98)"
66.194.6.76 - - [12/May/2006:06:56:24 -0400] "GET / HTTP/1.1" 200 287 "-" "Mozilla/5.0 (compatible; Konqueror/3.1-rc4; i686 Linux; 20021101)"
67.49.35.237 - - [12/May/2006:21:55:22 -0400] "GET /pages/2/page2.html HTTP/1.1" 200 2003 "http://cccammo.com/" "Mozilla/5.0 (Windows; U; Windows NT 5.1; en-US; rv:1.8.0.3) Gecko/20060426 Firefox/1.5.0.3"
67.49.35.237 - - [12/May/2006:21:55:22 -0400] "GET /338/scripts/master.css HTTP/1.1" 404 228 "http://www.ammunition-ccc.net/pages/2/page2.html" "Mozilla/5.0 (Windows; U; Windows NT 5.1; en-US; rv:1.8.0.3) Gecko/20060426 Firefox/1.5.0.3"
67.49.35.237 - - [12/May/2006:21:55:22 -0400] "GET /scripts/user.js HTTP/1.1" 404 221 "http://www.ammunition-ccc.net/pages/2/page2.html" "Mozilla/5.0 (Windows; U; Windows NT 5.1; en-US; rv:1.8.0.3) Gecko/20060426 Firefox/1.5.0.3"
67.49.35.237 - - [12/May/2006:21:55:23 -0400] "GET /pages/2/MarkIV-front.jpg HTTP/1.1" 200 18229 "http://www.ammunition-ccc.net/pages/2/page2.html" "Mozilla/5.0 (Windows; U; Windows NT 5.1; en-US; rv:1.8.0.3) Gecko/20060426 Firefox/1.5.0.3"
67.49.35.237 - - [12/May/2006:21:55:23 -0400] "GET /favicon.ico HTTP/1.1" 404 217 "-" "Mozilla/5.0 (Windows; U; Windows NT 5.1; en-US; rv:1.8.0.3) Gecko/20060426 Firefox/1.5.0.3"
67.49.35.237 - - [12/May/2006:21:55:23 -0400] "GET /pages/2/page2.2.jpg HTTP/1.1" 200 71642 "http://www.ammunition-ccc.net/pages/2/page2.html" "Mozilla/5.0 (Windows; U; Windows NT 5.1; en-US; rv:1.8.0.3) Gecko/20060426 Firefox/1.5.0.3"
65.214.44.193 - - [13/May/2006:03:40:07 -0400] "GET /robots.txt HTTP/1.0" 404 204 "-" "Mozilla/2.0 (compatible; Ask Jeeves/Teoma; +http://sp.ask.com/docs/about/tech_crawling.html)"
207.200.116.203 - - [13/May/2006:15:21:45 -0400] "GET /pages/2/page2.html HTTP/1.0" 200 2003 "http://www.cccammo.com/" "Mozilla/4.0 (compatible; MSIE 6.0; AOL 9.0; Windows NT 5.1; SV1; .NET CLR 1.1.4322)"
207.200.116.139 - - [13/May/2006:15:21:46 -0400] "GET /scripts/user.js HTTP/1.0" 404 209 "http://www.ammunition-ccc.net/pages/2/page2.html" "Mozilla/4.0 (compatible; MSIE 6.0; AOL 9.0; Windows NT 5.1; SV1; .NET CLR 1.1.4322)"
207.200.116.137 - - [13/May/2006:15:21:46 -0400] "GET /338/scripts/master.css HTTP/1.0" 404 216 "http://www.ammunition-ccc.net/pages/2/page2.html" "Mozilla/4.0 (compatible; MSIE 6.0; AOL 9.0; Windows NT 5.1; SV1; .NET CLR 1.1.4322)"
207.200.116.65 - - [13/May/2006:15:21:48 -0400] "GET /pages/2/page2.2.jpg HTTP/1.0" 200 71642 "http://www.ammunition-ccc.net/pages/2/page2.html" "Mozilla/4.0 (compatible; MSIE 6.0; AOL 9.0; Windows NT 5.1; SV1; .NET CLR 1.1.4322)"
68.142.251.133 - - [13/May/2006:16:24:48 -0400] "GET /robots.txt HTTP/1.0" 404 204 "-" "Mozilla/5.0 (compatible; Yahoo! Slurp; http://help.yahoo.com/help/us/ysearch/slurp)"
72.30.216.18 - - [13/May/2006:20:30:33 -0400] "GET /robots.txt HTTP/1.0" 404 204 "-" "Mozilla/5.0 (compatible; Yahoo! Slurp; http://help.yahoo.com/help/us/ysearch/slurp)"
72.30.129.109 - - [13/May/2006:20:36:14 -0400] "GET /pages/2/ HTTP/1.0" 403 206 "-" "Mozilla/5.0 (compatible; Yahoo! Slurp; http://help.yahoo.com/help/us/ysearch/slurp)"
70.136.50.245 - - [16/May/2006:14:35:42 -0400] "GET /scripts/user.js HTTP/1.1" 404 221 "http://www.ammunition-ccc.net/pages/2/page2.html" "Mozilla/4.0 (compatible; MSIE 6.0; Windows NT 5.1; SV1; .NET CLR 1.1.4322)"
70.136.50.245 - - [16/May/2006:14:35:42 -0400] "GET /pages/2/page2.2.jpg HTTP/1.1" 200 71642 "http://www.ammunition-ccc.net/pages/2/page2.html" "Mozilla/4.0 (compatible; MSIE 6.0; Windows NT 5.1; SV1; .NET CLR 1.1.4322)"
205.173.58.13 - - [16/May/2006:16:18:42 -0400] "GET /scripts/user.js HTTP/1.1" 404 221 "http://www.ammunition-ccc.net/pages/2/page2.html" "Mozilla/4.0 (compatible; MSIE 6.0; Windows NT 5.1; SV1; .NET CLR 1.1.4322; InfoPath.1)"
205.173.58.13 - - [16/May/2006:16:18:42 -0400] "GET /pages/2/page2.2.jpg HTTP/1.1" 200 71642 "http://www.ammunition-ccc.net/pages/2/page2.html" "Mozilla/4.0 (compatible; MSIE 6.0; Windows NT 5.1; SV1; .NET CLR 1.1.4322; InfoPath.1)"
219.83.5.76 - - [17/May/2006:08:29:31 -0400] "GET / HTTP/1.1" 200 287 "http://www.google.co.id/search?q=www.ammunition+com/&hl=en&lr=&start=30&sa=N" "Mozilla/5.0 (Windows; U; Windows NT 5.1; en-US; rv:1.8.0.3) Gecko/20060426 Firefox/1.5.0.3"
219.83.5.76 - - [17/May/2006:08:29:32 -0400] "GET /favicon.ico HTTP/1.1" 404 217 "-" "Mozilla/5.0 (Windows; U; Windows NT 5.1; en-US; rv:1.8.0.3) Gecko/20060426 Firefox/1.5.0.3"
219.83.5.76 - - [17/May/2006:08:29:49 -0400] "GET / HTTP/1.1" 200 287 "http://www.google.co.id/search?q=www.ammunition+com/&hl=en&lr=&start=30&sa=N" "Mozilla/5.0 (Windows; U; Windows NT 5.1; en-US; rv:1.8.0.3) Gecko/20060426 Firefox/1.5.0.3"
219.83.5.76 - - [17/May/2006:08:29:49 -0400] "GET /favicon.ico HTTP/1.1" 404 217 "-" "Mozilla/5.0 (Windows; U; Windows NT 5.1; en-US; rv:1.8.0.3) Gecko/20060426 Firefox/1.5.0.3"
66.194.6.73 - - [17/May/2006:12:18:36 -0400] "GET / HTTP/1.1" 200 287 "-" "Mozilla/4.0 (compatible; MSIE 6.0; Windows NT 5.1; Q312466)"
66.194.6.73 - - [17/May/2006:12:18:36 -0400] "GET / HTTP/1.1" 200 287 "-" "Mozilla/4.0 (compatible; MSIE 6.0; Windows NT 5.1; Q312469)"
71.113.248.21 - - [17/May/2006:18:19:49 -0400] "GET /pages/2/page2.html HTTP/1.1" 200 2003 "http://www.cccammo.com/" "Mozilla/4.0 (compatible; MSIE 6.0; Windows NT 5.1; SV1; .NET CLR 1.0.3705)"
71.113.248.21 - - [17/May/2006:18:19:49 -0400] "GET /338/scripts/master.css HTTP/1.1" 404 228 "http://www.ammunition-ccc.net/pages/2/page2.html" "Mozilla/4.0 (compatible; MSIE 6.0; Windows NT 5.1; SV1; .NET CLR 1.0.3705)"
71.113.248.21 - - [17/May/2006:18:19:49 -0400] "GET /scripts/user.js HTTP/1.1" 404 221 "http://www.ammunition-ccc.net/pages/2/page2.html" "Mozilla/4.0 (compatible; MSIE 6.0; Windows NT 5.1; SV1; .NET CLR 1.0.3705)"
71.113.248.21 - - [17/May/2006:18:19:50 -0400] "GET /pages/2/MarkIV-front.jpg HTTP/1.1" 200 18229 "http://www.ammunition-ccc.net/pages/2/page2.html" "Mozilla/4.0 (compatible; MSIE 6.0; Windows NT 5.1; SV1; .NET CLR 1.0.3705)"
71.113.248.21 - - [17/May/2006:18:19:50 -0400] "GET /pages/2/page2.2.jpg HTTP/1.1" 200 71642 "http://www.ammunition-ccc.net/pages/2/page2.html" "Mozilla/4.0 (compatible; MSIE 6.0; Windows NT 5.1; SV1; .NET CLR 1.0.3705)"
83.36.78.213 - - [12/May/2006:06:00:18 -0400] "GET /pages/2/page2.html HTTP/1.1" 200 2003 "-" "Mozilla/4.0 (compatible; MSIE 6.0; Windows 98)"
66.194.6.76 - - [12/May/2006:06:56:24 -0400] "GET / HTTP/1.1" 200 287 "-" "Mozilla/5.0 (compatible; Konqueror/3.1-rc4; i686 Linux; 20021101)"
67.49.35.237 - - [12/May/2006:21:55:22 -0400] "GET /pages/2/page2.html HTTP/1.1" 200 2003 "http://cccammo.com/" "Mozilla/5.0 (Windows; U; Windows NT 5.1; en-US; rv:1.8.0.3) Gecko/20060426 Firefox/1.5.0.3"
67.49.35.237 - - [12/May/2006:21:55:22 -0400] "GET /338/scripts/master.css HTTP/1.1" 404 228 "http://www.ammunition-ccc.net/pages/2/page2.html" "Mozilla/5.0 (Windows; U; Windows NT 5.1; en-US; rv:1.8.0.3) Gecko/20060426 Firefox/1.5.0.3"
67.49.35.237 - - [12/May/2006:21:55:22 -0400] "GET /scripts/user.js HTTP/1.1" 404 221 "http://www.ammunition-ccc.net/pages/2/page2.html" "Mozilla/5.0 (Windows; U; Windows NT 5.1; en-US; rv:1.8.0.3) Gecko/20060426 Firefox/1.5.0.3"
67.49.35.237 - - [12/May/2006:21:55:23 -0400] "GET /pages/2/MarkIV-front.jpg HTTP/1.1" 200 18229 "http://www.ammunition-ccc.net/pages/2/page2.html" "Mozilla/5.0 (Windows; U; Windows NT 5.1; en-US; rv:1.8.0.3) Gecko/20060426 Firefox/1.5.0.3"
67.49.35.237 - - [12/May/2006:21:55:23 -0400] "GET /favicon.ico HTTP/1.1" 404 217 "-" "Mozilla/5.0 (Windows; U; Windows NT 5.1; en-US; rv:1.8.0.3) Gecko/20060426 Firefox/1.5.0.3"
67.49.35.237 - - [12/May/2006:21:55:23 -0400] "GET /pages/2/page2.2.jpg HTTP/1.1" 200 71642 "http://www.ammunition-ccc.net/pages/2/page2.html" "Mozilla/5.0 (Windows; U; Windows NT 5.1; en-US; rv:1.8.0.3) Gecko/20060426 Firefox/1.5.0.3"
65.214.44.193 - - [13/May/2006:03:40:07 -0400] "GET /robots.txt HTTP/1.0" 404 204 "-" "Mozilla/2.0 (compatible; Ask Jeeves/Teoma; +http://sp.ask.com/docs/about/tech_crawling.html)"
207.200.116.203 - - [13/May/2006:15:21:45 -0400] "GET /pages/2/page2.html HTTP/1.0" 200 2003 "http://www.cccammo.com/" "Mozilla/4.0 (compatible; MSIE 6.0; AOL 9.0; Windows NT 5.1; SV1; .NET CLR 1.1.4322)"
207.200.116.139 - - [13/May/2006:15:21:46 -0400] "GET /scripts/user.js HTTP/1.0" 404 209 "http://www.ammunition-ccc.net/pages/2/page2.html" "Mozilla/4.0 (compatible; MSIE 6.0; AOL 9.0; Windows NT 5.1; SV1; .NET CLR 1.1.4322)"
207.200.116.137 - - [13/May/2006:15:21:46 -0400] "GET /338/scripts/master.css HTTP/1.0" 404 216 "http://www.ammunition-ccc.net/pages/2/page2.html" "Mozilla/4.0 (compatible; MSIE 6.0; AOL 9.0; Windows NT 5.1; SV1; .NET CLR 1.1.4322)"
207.200.116.65 - - [13/May/2006:15:21:48 -0400] "GET /pages/2/page2.2.jpg HTTP/1.0" 200 71642 "http://www.ammunition-ccc.net/pages/2/page2.html" "Mozilla/4.0 (compatible; MSIE 6.0; AOL 9.0; Windows NT 5.1; SV1; .NET CLR 1.1.4322)"
68.142.251.133 - - [13/May/2006:16:24:48 -0400] "GET /robots.txt HTTP/1.0" 404 204 "-" "Mozilla/5.0 (compatible; Yahoo! Slurp; http://help.yahoo.com/help/us/ysearch/slurp)"
72.30.216.18 - - [13/May/2006:20:30:33 -0400] "GET /robots.txt HTTP/1.0" 404 204 "-" "Mozilla/5.0 (compatible; Yahoo! Slurp; http://help.yahoo.com/help/us/ysearch/slurp)"
72.30.129.109 - - [13/May/2006:20:36:14 -0400] "GET /pages/2/ HTTP/1.0" 403 206 "-" "Mozilla/5.0 (compatible; Yahoo! Slurp; http://help.yahoo.com/help/us/ysearch/slurp)"
70.136.50.245 - - [16/May/2006:14:35:42 -0400] "GET /scripts/user.js HTTP/1.1" 404 221 "http://www.ammunition-ccc.net/pages/2/page2.html" "Mozilla/4.0 (compatible; MSIE 6.0; Windows NT 5.1; SV1; .NET CLR 1.1.4322)"
70.136.50.245 - - [16/May/2006:14:35:42 -0400] "GET /pages/2/page2.2.jpg HTTP/1.1" 200 71642 "http://www.ammunition-ccc.net/pages/2/page2.html" "Mozilla/4.0 (compatible; MSIE 6.0; Windows NT 5.1; SV1; .NET CLR 1.1.4322)"
205.173.58.13 - - [16/May/2006:16:18:42 -0400] "GET /scripts/user.js HTTP/1.1" 404 221 "http://www.ammunition-ccc.net/pages/2/page2.html" "Mozilla/4.0 (compatible; MSIE 6.0; Windows NT 5.1; SV1; .NET CLR 1.1.4322; InfoPath.1)"
205.173.58.13 - - [16/May/2006:16:18:42 -0400] "GET /pages/2/page2.2.jpg HTTP/1.1" 200 71642 "http://www.ammunition-ccc.net/pages/2/page2.html" "Mozilla/4.0 (compatible; MSIE 6.0; Windows NT 5.1; SV1; .NET CLR 1.1.4322; InfoPath.1)"
66.249.66.212 - - [18/May/2006:01:47:59 -0400] "GET /robots.txt HTTP/1.1" 404 216 "-" "Mozilla/5.0 (compatible; Googlebot/2.1; +http://www.google.com/bot.html)"
66.249.66.212 - - [18/May/2006:01:47:59 -0400] "GET /pages/2/page2.html HTTP/1.1" 200 2003 "-" "Mozilla/5.0 (compatible; Googlebot/2.1; +http://www.google.com/bot.html)"
68.203.191.107 - - [18/May/2006:11:28:07 -0400] "GET /scripts/user.js HTTP/1.1" 404 221 "http://www.ammunition-ccc.net/pages/2/page2.html" "Mozilla/4.0 (compatible; MSIE 6.0; Windows NT 5.1; SV1; FunWebProducts; .NET CLR 1.1.4322)"
68.203.191.107 - - [18/May/2006:11:28:08 -0400] "GET /pages/2/page2.2.jpg HTTP/1.1" 200 71642 "http://www.ammunition-ccc.net/pages/2/page2.html" "Mozilla/4.0 (compatible; MSIE 6.0; Windows NT 5.1; SV1; FunWebProducts; .NET CLR 1.1.4322)"
68.203.191.107 - - [18/May/2006:11:28:24 -0400] "GET /scripts/user.js HTTP/1.1" 404 221 "http://www.ammunition-ccc.net/pages/2/page2.html" "Mozilla/4.0 (compatible; MSIE 6.0; Windows NT 5.1; SV1; FunWebProducts; .NET CLR 1.1.4322)"
68.203.191.107 - - [18/May/2006:11:28:24 -0400] "GET /338/scripts/master.css HTTP/1.1" 404 228 "http://www.ammunition-ccc.net/pages/2/page2.html" "Mozilla/4.0 (compatible; MSIE 6.0; Windows NT 5.1; SV1; FunWebProducts; .NET CLR 1.1.4322)"
83.36.78.213 - - [12/May/2006:06:00:18 -0400] "GET /pages/2/page2.html HTTP/1.1" 200 2003 "-" "Mozilla/4.0 (compatible; MSIE 6.0; Windows 98)"
66.194.6.76 - - [12/May/2006:06:56:24 -0400] "GET / HTTP/1.1" 200 287 "-" "Mozilla/5.0 (compatible; Konqueror/3.1-rc4; i686 Linux; 20021101)"
67.49.35.237 - - [12/May/2006:21:55:22 -0400] "GET /pages/2/page2.html HTTP/1.1" 200 2003 "http://cccammo.com/" "Mozilla/5.0 (Windows; U; Windows NT 5.1; en-US; rv:1.8.0.3) Gecko/20060426 Firefox/1.5.0.3"
67.49.35.237 - - [12/May/2006:21:55:22 -0400] "GET /338/scripts/master.css HTTP/1.1" 404 228 "http://www.ammunition-ccc.net/pages/2/page2.html" "Mozilla/5.0 (Windows; U; Windows NT 5.1; en-US; rv:1.8.0.3) Gecko/20060426 Firefox/1.5.0.3"
67.49.35.237 - - [12/May/2006:21:55:22 -0400] "GET /scripts/user.js HTTP/1.1" 404 221 "http://www.ammunition-ccc.net/pages/2/page2.html" "Mozilla/5.0 (Windows; U; Windows NT 5.1; en-US; rv:1.8.0.3) Gecko/20060426 Firefox/1.5.0.3"
67.49.35.237 - - [12/May/2006:21:55:23 -0400] "GET /pages/2/MarkIV-front.jpg HTTP/1.1" 200 18229 "http://www.ammunition-ccc.net/pages/2/page2.html" "Mozilla/5.0 (Windows; U; Windows NT 5.1; en-US; rv:1.8.0.3) Gecko/20060426 Firefox/1.5.0.3"
67.49.35.237 - - [12/May/2006:21:55:23 -0400] "GET /favicon.ico HTTP/1.1" 404 217 "-" "Mozilla/5.0 (Windows; U; Windows NT 5.1; en-US; rv:1.8.0.3) Gecko/20060426 Firefox/1.5.0.3"
67.49.35.237 - - [12/May/2006:21:55:23 -0400] "GET /pages/2/page2.2.jpg HTTP/1.1" 200 71642 "http://www.ammunition-ccc.net/pages/2/page2.html" "Mozilla/5.0 (Windows; U; Windows NT 5.1; en-US; rv:1.8.0.3) Gecko/20060426 Firefox/1.5.0.3"
65.214.44.193 - - [13/May/2006:03:40:07 -0400] "GET /robots.txt HTTP/1.0" 404 204 "-" "Mozilla/2.0 (compatible; Ask Jeeves/Teoma; +http://sp.ask.com/docs/about/tech_crawling.html)"
207.200.116.203 - - [13/May/2006:15:21:45 -0400] "GET /pages/2/page2.html HTTP/1.0" 200 2003 "http://www.cccammo.com/" "Mozilla/4.0 (compatible; MSIE 6.0; AOL 9.0; Windows NT 5.1; SV1; .NET CLR 1.1.4322)"
207.200.116.139 - - [13/May/2006:15:21:46 -0400] "GET /scripts/user.js HTTP/1.0" 404 209 "http://www.ammunition-ccc.net/pages/2/page2.html" "Mozilla/4.0 (compatible; MSIE 6.0; AOL 9.0; Windows NT 5.1; SV1; .NET CLR 1.1.4322)"
207.200.116.137 - - [13/May/2006:15:21:46 -0400] "GET /338/scripts/master.css HTTP/1.0" 404 216 "http://www.ammunition-ccc.net/pages/2/page2.html" "Mozilla/4.0 (compatible; MSIE 6.0; AOL 9.0; Windows NT 5.1; SV1; .NET CLR 1.1.4322)"
207.200.116.65 - - [13/May/2006:15:21:48 -0400] "GET /pages/2/page2.2.jpg HTTP/1.0" 200 71642 "http://www.ammunition-ccc.net/pages/2/page2.html" "Mozilla/4.0 (compatible; MSIE 6.0; AOL 9.0; Windows NT 5.1; SV1; .NET CLR 1.1.4322)"
68.142.251.133 - - [13/May/2006:16:24:48 -0400] "GET /robots.txt HTTP/1.0" 404 204 "-" "Mozilla/5.0 (compatible; Yahoo! Slurp; http://help.yahoo.com/help/us/ysearch/slurp)"
72.30.216.18 - - [13/May/2006:20:30:33 -0400] "GET /robots.txt HTTP/1.0" 404 204 "-" "Mozilla/5.0 (compatible; Yahoo! Slurp; http://help.yahoo.com/help/us/ysearch/slurp)"
72.30.129.109 - - [13/May/2006:20:36:14 -0400] "GET /pages/2/ HTTP/1.0" 403 206 "-" "Mozilla/5.0 (compatible; Yahoo! Slurp; http://help.yahoo.com/help/us/ysearch/slurp)"
68.203.191.107 - - [18/May/2006:11:28:07 -0400] "GET /pages/2/page2.html HTTP/1.1" 200 2003 "http://www.cccammo.com/" "Mozilla/4.0 (compatible; MSIE 6.0; Windows NT 5.1; SV1; FunWebProducts; .NET CLR 1.1.4322)"
68.203.191.107 - - [18/May/2006:11:28:07 -0400] "GET /338/scripts/master.css HTTP/1.1" 404 228 "http://www.ammunition-ccc.net/pages/2/page2.html" "Mozilla/4.0 (compatible; MSIE 6.0; Windows NT 5.1; SV1; FunWebProducts; .NET CLR 1.1.4322)"
68.203.191.107 - - [18/May/2006:11:28:07 -0400] "GET /pages/2/MarkIV-front.jpg HTTP/1.1" 200 18229 "http://www.ammunition-ccc.net/pages/2/page2.html" "Mozilla/4.0 (compatible; MSIE 6.0; Windows NT 5.1; SV1; FunWebProducts; .NET CLR 1.1.4322)"
66.194.6.81 - - [19/May/2006:07:34:21 -0400] "GET / HTTP/1.1" 200 287 "-" "Mozilla/5.0 (compatible; Konqueror/3.0; i686 Linux; 20020617)"
66.194.6.81 - - [19/May/2006:07:34:23 -0400] "GET / HTTP/1.1" 200 287 "-" "Mozilla/5.0 (compatible; Konqueror/3.0-rc4; i686 Linux; 20020307)"
152.3.18.36 - - [19/May/2006:11:41:24 -0400] "GET /pages/2/page2.html HTTP/1.1" 200 2003 "-" "Mozilla/5.0 (Windows; U; Windows NT 5.1; en-US; rv:1.8.0.3) Gecko/20060426 Firefox/1.5.0.3"
152.3.18.36 - - [19/May/2006:11:41:45 -0400] "GET /scripts/user.js HTTP/1.1" 404 221 "-" "Mozilla/5.0 (Windows; U; Windows NT 5.1; en-US; rv:1.8.0.3) Gecko/20060426 Firefox/1.5.0.3"
152.3.18.36 - - [19/May/2006:11:41:45 -0400] "GET /pages/2/MarkIV-front.jpg HTTP/1.1" 200 18229 "-" "Mozilla/5.0 (Windows; U; Windows NT 5.1; en-US; rv:1.8.0.3) Gecko/20060426 Firefox/1.5.0.3"
152.3.18.36 - - [19/May/2006:11:41:45 -0400] "GET /pages/2/page2.2.jpg HTTP/1.1" 200 71642 "-" "Mozilla/5.0 (Windows; U; Windows NT 5.1; en-US; rv:1.8.0.3) Gecko/20060426 Firefox/1.5.0.3"
152.3.18.36 - - [19/May/2006:11:41:46 -0400] "GET /favicon.ico HTTP/1.1" 404 217 "-" "Mozilla/5.0 (Windows; U; Windows NT 5.1; en-US; rv:1.8.0.3) Gecko/20060426 Firefox/1.5.0.3"
152.3.18.36 - - [19/May/2006:11:46:02 -0400] "GET /338/scripts/master.css HTTP/1.1" 404 228 "-" "Mozilla/5.0 (Windows; U; Windows NT 5.1; en-US; rv:1.8.0.3) Gecko/20060426 Firefox/1.5.0.3"
63.153.207.159 - - [19/May/2006:14:18:47 -0400] "GET /pages/2/page2.html HTTP/1.1" 200 2003 "http://www.cccammo.com/" "Mozilla/4.0 (compatible; MSIE 6.0; Windows NT 5.1; SV1)"
63.153.207.159 - - [19/May/2006:14:18:47 -0400] "GET /338/scripts/master.css HTTP/1.1" 404 228 "http://www.ammunition-ccc.net/pages/2/page2.html" "Mozilla/4.0 (compatible; MSIE 6.0; Windows NT 5.1; SV1)"
63.153.207.159 - - [19/May/2006:14:18:48 -0400] "GET /scripts/user.js HTTP/1.1" 404 221 "http://www.ammunition-ccc.net/pages/2/page2.html" "Mozilla/4.0 (compatible; MSIE 6.0; Windows NT 5.1; SV1)"
63.153.207.159 - - [19/May/2006:14:18:50 -0400] "GET /pages/2/MarkIV-front.jpg HTTP/1.1" 200 18229 "http://www.ammunition-ccc.net/pages/2/page2.html" "Mozilla/4.0 (compatible; MSIE 6.0; Windows NT 5.1; SV1)"
63.153.207.159 - - [19/May/2006:14:18:53 -0400] "GET /pages/2/page2.2.jpg HTTP/1.1" 200 13512 "http://www.ammunition-ccc.net/pages/2/page2.html" "Mozilla/4.0 (compatible; MSIE 6.0; Windows NT 5.1; SV1)"
68.176.102.248 - - [19/May/2006:20:09:57 -0400] "GET /pages/2/page2.html HTTP/1.1" 200 2003 "http://www.cccammo.com/" "Mozilla/4.0 (compatible; MSIE 6.0; Windows NT 5.1; SV1; .NET CLR 1.1.4322; MSN 9.0;MSN 9.1; MSNbMSNI; MSNmen-us; MSNcIA; MPLUS)"
68.176.102.248 - - [19/May/2006:20:09:58 -0400] "GET /scripts/user.js HTTP/1.1" 404 221 "http://www.ammunition-ccc.net/pages/2/page2.html" "Mozilla/4.0 (compatible; MSIE 6.0; Windows NT 5.1; SV1; .NET CLR 1.1.4322; MSN 9.0;MSN 9.1; MSNbMSNI; MSNmen-us; MSNcIA; MPLUS)"
68.176.102.248 - - [19/May/2006:20:09:58 -0400] "GET /338/scripts/master.css HTTP/1.1" 404 228 "http://www.ammunition-ccc.net/pages/2/page2.html" "Mozilla/4.0 (compatible; MSIE 6.0; Windows NT 5.1; SV1; .NET CLR 1.1.4322; MSN 9.0;MSN 9.1; MSNbMSNI; MSNmen-us; MSNcIA; MPLUS)"
68.176.102.248 - - [19/May/2006:20:10:02 -0400] "GET /pages/2/MarkIV-front.jpg HTTP/1.1" 200 18229 "http://www.ammunition-ccc.net/pages/2/page2.html" "Mozilla/4.0 (compatible; MSIE 6.0; Windows NT 5.1; SV1; .NET CLR 1.1.4322; MSN 9.0;MSN 9.1; MSNbMSNI; MSNmen-us; MSNcIA; MPLUS)"
68.176.102.248 - - [19/May/2006:20:10:29 -0400] "GET /pages/2/page2.2.jpg HTTP/1.1" 200 71642 "http://www.ammunition-ccc.net/pages/2/page2.html" "Mozilla/4.0 (compatible; MSIE 6.0; Windows NT 5.1; SV1; .NET CLR 1.1.4322; MSN 9.0;MSN 9.1; MSNbMSNI; MSNmen-us; MSNcIA; MPLUS)"
68.176.105.173 - - [20/May/2006:00:40:12 -0400] "GET /pages/2/page2.html HTTP/1.1" 304 - "http://www.cccammo.com/" "Mozilla/4.0 (compatible; MSIE 6.0; Windows NT 5.1; SV1; .NET CLR 1.1.4322; MSN 9.0;MSN 9.1; MSNbMSNI; MSNmen-us; MSNcIA; MPLUS)"
68.176.105.173 - - [20/May/2006:00:40:12 -0400] "GET /338/scripts/master.css HTTP/1.1" 404 228 "http://www.ammunition-ccc.net/pages/2/page2.html" "Mozilla/4.0 (compatible; MSIE 6.0; Windows NT 5.1; SV1; .NET CLR 1.1.4322; MSN 9.0;MSN 9.1; MSNbMSNI; MSNmen-us; MSNcIA; MPLUS)"
68.176.105.173 - - [20/May/2006:00:40:13 -0400] "GET /pages/2/MarkIV-front.jpg HTTP/1.1" 304 - "http://www.ammunition-ccc.net/pages/2/page2.html" "Mozilla/4.0 (compatible; MSIE 6.0; Windows NT 5.1; SV1; .NET CLR 1.1.4322; MSN 9.0;MSN 9.1; MSNbMSNI; MSNmen-us; MSNcIA; MPLUS)"
68.176.105.173 - - [20/May/2006:00:40:14 -0400] "GET /pages/2/page2.2.jpg HTTP/1.1" 304 - "http://www.ammunition-ccc.net/pages/2/page2.html" "Mozilla/4.0 (compatible; MSIE 6.0; Windows NT 5.1; SV1; .NET CLR 1.1.4322; MSN 9.0;MSN 9.1; MSNbMSNI; MSNmen-us; MSNcIA; MPLUS)"
66.249.66.212 - - [20/May/2006:00:47:36 -0400] "GET /robots.txt HTTP/1.1" 404 216 "-" "Mozilla/5.0 (compatible; Googlebot/2.1; +http://www.google.com/bot.html)"
66.249.66.212 - - [20/May/2006:00:47:36 -0400] "GET / HTTP/1.1" 304 - "-" "Mozilla/5.0 (compatible; Googlebot/2.1; +http://www.google.com/bot.html)"
83.36.78.213 - - [12/May/2006:06:00:18 -0400] "GET /pages/2/page2.html HTTP/1.1" 200 2003 "-" "Mozilla/4.0 (compatible; MSIE 6.0; Windows 98)"
66.194.6.76 - - [12/May/2006:06:56:24 -0400] "GET / HTTP/1.1" 200 287 "-" "Mozilla/5.0 (compatible; Konqueror/3.1-rc4; i686 Linux; 20021101)"
67.49.35.237 - - [12/May/2006:21:55:22 -0400] "GET /pages/2/page2.html HTTP/1.1" 200 2003 "http://cccammo.com/" "Mozilla/5.0 (Windows; U; Windows NT 5.1; en-US; rv:1.8.0.3) Gecko/20060426 Firefox/1.5.0.3"
67.49.35.237 - - [12/May/2006:21:55:22 -0400] "GET /338/scripts/master.css HTTP/1.1" 404 228 "http://www.ammunition-ccc.net/pages/2/page2.html" "Mozilla/5.0 (Windows; U; Windows NT 5.1; en-US; rv:1.8.0.3) Gecko/20060426 Firefox/1.5.0.3"
67.49.35.237 - - [12/May/2006:21:55:22 -0400] "GET /scripts/user.js HTTP/1.1" 404 221 "http://www.ammunition-ccc.net/pages/2/page2.html" "Mozilla/5.0 (Windows; U; Windows NT 5.1; en-US; rv:1.8.0.3) Gecko/20060426 Firefox/1.5.0.3"
67.49.35.237 - - [12/May/2006:21:55:23 -0400] "GET /pages/2/MarkIV-front.jpg HTTP/1.1" 200 18229 "http://www.ammunition-ccc.net/pages/2/page2.html" "Mozilla/5.0 (Windows; U; Windows NT 5.1; en-US; rv:1.8.0.3) Gecko/20060426 Firefox/1.5.0.3"
67.49.35.237 - - [12/May/2006:21:55:23 -0400] "GET /favicon.ico HTTP/1.1" 404 217 "-" "Mozilla/5.0 (Windows; U; Windows NT 5.1; en-US; rv:1.8.0.3) Gecko/20060426 Firefox/1.5.0.3"
67.49.35.237 - - [12/May/2006:21:55:23 -0400] "GET /pages/2/page2.2.jpg HTTP/1.1" 200 71642 "http://www.ammunition-ccc.net/pages/2/page2.html" "Mozilla/5.0 (Windows; U; Windows NT 5.1; en-US; rv:1.8.0.3) Gecko/20060426 Firefox/1.5.0.3"
65.214.44.193 - - [13/May/2006:03:40:07 -0400] "GET /robots.txt HTTP/1.0" 404 204 "-" "Mozilla/2.0 (compatible; Ask Jeeves/Teoma; +http://sp.ask.com/docs/about/tech_crawling.html)"
207.200.116.203 - - [13/May/2006:15:21:45 -0400] "GET /pages/2/page2.html HTTP/1.0" 200 2003 "http://www.cccammo.com/" "Mozilla/4.0 (compatible; MSIE 6.0; AOL 9.0; Windows NT 5.1; SV1; .NET CLR 1.1.4322)"
207.200.116.139 - - [13/May/2006:15:21:46 -0400] "GET /scripts/user.js HTTP/1.0" 404 209 "http://www.ammunition-ccc.net/pages/2/page2.html" "Mozilla/4.0 (compatible; MSIE 6.0; AOL 9.0; Windows NT 5.1; SV1; .NET CLR 1.1.4322)"
207.200.116.137 - - [13/May/2006:15:21:46 -0400] "GET /338/scripts/master.css HTTP/1.0" 404 216 "http://www.ammunition-ccc.net/pages/2/page2.html" "Mozilla/4.0 (compatible; MSIE 6.0; AOL 9.0; Windows NT 5.1; SV1; .NET CLR 1.1.4322)"
207.200.116.65 - - [13/May/2006:15:21:48 -0400] "GET /pages/2/page2.2.jpg HTTP/1.0" 200 71642 "http://www.ammunition-ccc.net/pages/2/page2.html" "Mozilla/4.0 (compatible; MSIE 6.0; AOL 9.0; Windows NT 5.1; SV1; .NET CLR 1.1.4322)"
68.142.251.133 - - [13/May/2006:16:24:48 -0400] "GET /robots.txt HTTP/1.0" 404 204 "-" "Mozilla/5.0 (compatible; Yahoo! Slurp; http://help.yahoo.com/help/us/ysearch/slurp)"
72.30.216.18 - - [13/May/2006:20:30:33 -0400] "GET /robots.txt HTTP/1.0" 404 204 "-" "Mozilla/5.0 (compatible; Yahoo! Slurp; http://help.yahoo.com/help/us/ysearch/slurp)"
72.30.129.109 - - [13/May/2006:20:36:14 -0400] "GET /pages/2/ HTTP/1.0" 403 206 "-" "Mozilla/5.0 (compatible; Yahoo! Slurp; http://help.yahoo.com/help/us/ysearch/slurp)"
70.115.164.80 - - [20/May/2006:02:11:08 -0400] "GET /pages/2/page2.html HTTP/1.1" 200 2003 "http://www.cccammo.com/" "Mozilla/4.0 (compatible; MSIE 6.0; Windows NT 5.1; SV1; Maxthon; .NET CLR 1.1.4322)"
70.115.164.80 - - [20/May/2006:02:11:08 -0400] "GET /338/scripts/master.css HTTP/1.1" 404 228 "http://www.ammunition-ccc.net/pages/2/page2.html" "Mozilla/4.0 (compatible; MSIE 6.0; Windows NT 5.1; SV1; Maxthon; .NET CLR 1.1.4322)"
70.115.164.80 - - [20/May/2006:02:11:08 -0400] "GET /pages/2/MarkIV-front.jpg HTTP/1.1" 200 18229 "http://www.ammunition-ccc.net/pages/2/page2.html" "Mozilla/4.0 (compatible; MSIE 6.0; Windows NT 5.1; SV1; Maxthon; .NET CLR 1.1.4322)"
70.115.164.80 - - [20/May/2006:02:11:08 -0400] "GET /scripts/user.js HTTP/1.1" 404 221 "http://www.ammunition-ccc.net/pages/2/page2.html" "Mozilla/4.0 (compatible; MSIE 6.0; Windows NT 5.1; SV1; Maxthon; .NET CLR 1.1.4322)"
70.115.164.80 - - [20/May/2006:02:11:09 -0400] "GET /favicon.ico HTTP/1.1" 404 217 "-" "Mozilla/4.0 (compatible; MSIE 6.0; Windows NT 5.1; SV1; Maxthon; .NET CLR 1.1.4322)"
70.115.164.80 - - [20/May/2006:02:11:09 -0400] "GET /pages/2/page2.2.jpg HTTP/1.1" 200 71642 "http://www.ammunition-ccc.net/pages/2/page2.html" "Mozilla/4.0 (compatible; MSIE 6.0; Windows NT 5.1; SV1; Maxthon; .NET CLR 1.1.4322)"
62.194.115.58 - - [20/May/2006:22:40:40 -0400] "GET /pages/2/page2.html HTTP/1.1" 200 2003 "-" "Mozilla/4.0 (compatible; MSIE 6.0; Windows 98)"
83.36.78.213 - - [12/May/2006:06:00:18 -0400] "GET /pages/2/page2.html HTTP/1.1" 200 2003 "-" "Mozilla/4.0 (compatible; MSIE 6.0; Windows 98)"
66.194.6.76 - - [12/May/2006:06:56:24 -0400] "GET / HTTP/1.1" 200 287 "-" "Mozilla/5.0 (compatible; Konqueror/3.1-rc4; i686 Linux; 20021101)"
67.49.35.237 - - [12/May/2006:21:55:22 -0400] "GET /pages/2/page2.html HTTP/1.1" 200 2003 "http://cccammo.com/" "Mozilla/5.0 (Windows; U; Windows NT 5.1; en-US; rv:1.8.0.3) Gecko/20060426 Firefox/1.5.0.3"
67.49.35.237 - - [12/May/2006:21:55:22 -0400] "GET /338/scripts/master.css HTTP/1.1" 404 228 "http://www.ammunition-ccc.net/pages/2/page2.html" "Mozilla/5.0 (Windows; U; Windows NT 5.1; en-US; rv:1.8.0.3) Gecko/20060426 Firefox/1.5.0.3"
67.49.35.237 - - [12/May/2006:21:55:22 -0400] "GET /scripts/user.js HTTP/1.1" 404 221 "http://www.ammunition-ccc.net/pages/2/page2.html" "Mozilla/5.0 (Windows; U; Windows NT 5.1; en-US; rv:1.8.0.3) Gecko/20060426 Firefox/1.5.0.3"
67.49.35.237 - - [12/May/2006:21:55:23 -0400] "GET /pages/2/MarkIV-front.jpg HTTP/1.1" 200 18229 "http://www.ammunition-ccc.net/pages/2/page2.html" "Mozilla/5.0 (Windows; U; Windows NT 5.1; en-US; rv:1.8.0.3) Gecko/20060426 Firefox/1.5.0.3"
67.49.35.237 - - [12/May/2006:21:55:23 -0400] "GET /favicon.ico HTTP/1.1" 404 217 "-" "Mozilla/5.0 (Windows; U; Windows NT 5.1; en-US; rv:1.8.0.3) Gecko/20060426 Firefox/1.5.0.3"
67.49.35.237 - - [12/May/2006:21:55:23 -0400] "GET /pages/2/page2.2.jpg HTTP/1.1" 200 71642 "http://www.ammunition-ccc.net/pages/2/page2.html" "Mozilla/5.0 (Windows; U; Windows NT 5.1; en-US; rv:1.8.0.3) Gecko/20060426 Firefox/1.5.0.3"
65.214.44.193 - - [13/May/2006:03:40:07 -0400] "GET /robots.txt HTTP/1.0" 404 204 "-" "Mozilla/2.0 (compatible; Ask Jeeves/Teoma; +http://sp.ask.com/docs/about/tech_crawling.html)"
207.200.116.203 - - [13/May/2006:15:21:45 -0400] "GET /pages/2/page2.html HTTP/1.0" 200 2003 "http://www.cccammo.com/" "Mozilla/4.0 (compatible; MSIE 6.0; AOL 9.0; Windows NT 5.1; SV1; .NET CLR 1.1.4322)"
207.200.116.139 - - [13/May/2006:15:21:46 -0400] "GET /scripts/user.js HTTP/1.0" 404 209 "http://www.ammunition-ccc.net/pages/2/page2.html" "Mozilla/4.0 (compatible; MSIE 6.0; AOL 9.0; Windows NT 5.1; SV1; .NET CLR 1.1.4322)"
207.200.116.137 - - [13/May/2006:15:21:46 -0400] "GET /338/scripts/master.css HTTP/1.0" 404 216 "http://www.ammunition-ccc.net/pages/2/page2.html" "Mozilla/4.0 (compatible; MSIE 6.0; AOL 9.0; Windows NT 5.1; SV1; .NET CLR 1.1.4322)"
207.200.116.65 - - [13/May/2006:15:21:48 -0400] "GET /pages/2/page2.2.jpg HTTP/1.0" 200 71642 "http://www.ammunition-ccc.net/pages/2/page2.html" "Mozilla/4.0 (compatible; MSIE 6.0; AOL 9.0; Windows NT 5.1; SV1; .NET CLR 1.1.4322)"
68.142.251.133 - - [13/May/2006:16:24:48 -0400] "GET /robots.txt HTTP/1.0" 404 204 "-" "Mozilla/5.0 (compatible; Yahoo! Slurp; http://help.yahoo.com/help/us/ysearch/slurp)"
72.30.216.18 - - [13/May/2006:20:30:33 -0400] "GET /robots.txt HTTP/1.0" 404 204 "-" "Mozilla/5.0 (compatible; Yahoo! Slurp; http://help.yahoo.com/help/us/ysearch/slurp)"
72.30.129.109 - - [13/May/2006:20:36:14 -0400] "GET /pages/2/ HTTP/1.0" 403 206 "-" "Mozilla/5.0 (compatible; Yahoo! Slurp; http://help.yahoo.com/help/us/ysearch/slurp)"
206.183.1.74 - - [21/May/2006:01:39:55 -0400] "GET /robots.txt HTTP/1.0" 404 204 "-" "Mozilla/4.0 (compatible; T-H-U-N-D-E-R-S-T-O-N-E)"
206.183.1.74 - - [21/May/2006:01:39:56 -0400] "GET / HTTP/1.0" 200 287 "-" "Mozilla/4.0 (compatible; T-H-U-N-D-E-R-S-T-O-N-E)"
206.183.1.74 - - [21/May/2006:01:40:07 -0400] "GET / HTTP/1.0" 200 287 "-" "Mozilla/4.0 (compatible; T-H-U-N-D-E-R-S-T-O-N-E)"
206.183.1.74 - - [21/May/2006:01:40:07 -0400] "GET /robots.txt HTTP/1.0" 404 204 "-" "Mozilla/4.0 (compatible; T-H-U-N-D-E-R-S-T-O-N-E)"
66.194.6.72 - - [21/May/2006:05:23:40 -0400] "GET / HTTP/1.1" 200 287 "-" "Mozilla/5.0 (compatible; Konqueror/3.0-rc5; i686 Linux; 20020409)"
66.194.6.72 - - [21/May/2006:05:23:40 -0400] "GET / HTTP/1.1" 200 287 "-" "Mozilla/4.0 (compatible; MSIE 6.0; Windows NT 5.1; Q312465)"
69.153.83.85 - - [21/May/2006:17:53:26 -0400] "GET /pages/2/page2.html HTTP/1.1" 200 2003 "http://www.cccammo.com/" "Mozilla/4.0 (compatible; MSIE 6.0; Windows NT 5.1; YPC 3.0.1; SV1)"
69.153.83.85 - - [21/May/2006:17:53:26 -0400] "GET /338/scripts/master.css HTTP/1.1" 404 228 "http://www.ammunition-ccc.net/pages/2/page2.html" "Mozilla/4.0 (compatible; MSIE 6.0; Windows NT 5.1; YPC 3.0.1; SV1)"
69.153.83.85 - - [21/May/2006:17:53:26 -0400] "GET /pages/2/MarkIV-front.jpg HTTP/1.1" 200 18229 "http://www.ammunition-ccc.net/pages/2/page2.html" "Mozilla/4.0 (compatible; MSIE 6.0; Windows NT 5.1; YPC 3.0.1; SV1)"
69.153.83.85 - - [21/May/2006:17:53:26 -0400] "GET /scripts/user.js HTTP/1.1" 404 221 "http://www.ammunition-ccc.net/pages/2/page2.html" "Mozilla/4.0 (compatible; MSIE 6.0; Windows NT 5.1; YPC 3.0.1; SV1)"
69.153.83.85 - - [21/May/2006:17:53:27 -0400] "GET /pages/2/page2.2.jpg HTTP/1.1" 200 71642 "http://www.ammunition-ccc.net/pages/2/page2.html" "Mozilla/4.0 (compatible; MSIE 6.0; Windows NT 5.1; YPC 3.0.1; SV1)"
83.36.78.213 - - [12/May/2006:06:00:18 -0400] "GET /pages/2/page2.html HTTP/1.1" 200 2003 "-" "Mozilla/4.0 (compatible; MSIE 6.0; Windows 98)"
66.194.6.76 - - [12/May/2006:06:56:24 -0400] "GET / HTTP/1.1" 200 287 "-" "Mozilla/5.0 (compatible; Konqueror/3.1-rc4; i686 Linux; 20021101)"
67.49.35.237 - - [12/May/2006:21:55:22 -0400] "GET /pages/2/page2.html HTTP/1.1" 200 2003 "http://cccammo.com/" "Mozilla/5.0 (Windows; U; Windows NT 5.1; en-US; rv:1.8.0.3) Gecko/20060426 Firefox/1.5.0.3"
67.49.35.237 - - [12/May/2006:21:55:22 -0400] "GET /338/scripts/master.css HTTP/1.1" 404 228 "http://www.ammunition-ccc.net/pages/2/page2.html" "Mozilla/5.0 (Windows; U; Windows NT 5.1; en-US; rv:1.8.0.3) Gecko/20060426 Firefox/1.5.0.3"
67.49.35.237 - - [12/May/2006:21:55:22 -0400] "GET /scripts/user.js HTTP/1.1" 404 221 "http://www.ammunition-ccc.net/pages/2/page2.html" "Mozilla/5.0 (Windows; U; Windows NT 5.1; en-US; rv:1.8.0.3) Gecko/20060426 Firefox/1.5.0.3"
67.49.35.237 - - [12/May/2006:21:55:23 -0400] "GET /pages/2/MarkIV-front.jpg HTTP/1.1" 200 18229 "http://www.ammunition-ccc.net/pages/2/page2.html" "Mozilla/5.0 (Windows; U; Windows NT 5.1; en-US; rv:1.8.0.3) Gecko/20060426 Firefox/1.5.0.3"
67.49.35.237 - - [12/May/2006:21:55:23 -0400] "GET /favicon.ico HTTP/1.1" 404 217 "-" "Mozilla/5.0 (Windows; U; Windows NT 5.1; en-US; rv:1.8.0.3) Gecko/20060426 Firefox/1.5.0.3"
67.49.35.237 - - [12/May/2006:21:55:23 -0400] "GET /pages/2/page2.2.jpg HTTP/1.1" 200 71642 "http://www.ammunition-ccc.net/pages/2/page2.html" "Mozilla/5.0 (Windows; U; Windows NT 5.1; en-US; rv:1.8.0.3) Gecko/20060426 Firefox/1.5.0.3"
65.214.44.193 - - [13/May/2006:03:40:07 -0400] "GET /robots.txt HTTP/1.0" 404 204 "-" "Mozilla/2.0 (compatible; Ask Jeeves/Teoma; +http://sp.ask.com/docs/about/tech_crawling.html)"
207.200.116.203 - - [13/May/2006:15:21:45 -0400] "GET /pages/2/page2.html HTTP/1.0" 200 2003 "http://www.cccammo.com/" "Mozilla/4.0 (compatible; MSIE 6.0; AOL 9.0; Windows NT 5.1; SV1; .NET CLR 1.1.4322)"
207.200.116.139 - - [13/May/2006:15:21:46 -0400] "GET /scripts/user.js HTTP/1.0" 404 209 "http://www.ammunition-ccc.net/pages/2/page2.html" "Mozilla/4.0 (compatible; MSIE 6.0; AOL 9.0; Windows NT 5.1; SV1; .NET CLR 1.1.4322)"
207.200.116.137 - - [13/May/2006:15:21:46 -0400] "GET /338/scripts/master.css HTTP/1.0" 404 216 "http://www.ammunition-ccc.net/pages/2/page2.html" "Mozilla/4.0 (compatible; MSIE 6.0; AOL 9.0; Windows NT 5.1; SV1; .NET CLR 1.1.4322)"
207.200.116.65 - - [13/May/2006:15:21:48 -0400] "GET /pages/2/page2.2.jpg HTTP/1.0" 200 71642 "http://www.ammunition-ccc.net/pages/2/page2.html" "Mozilla/4.0 (compatible; MSIE 6.0; AOL 9.0; Windows NT 5.1; SV1; .NET CLR 1.1.4322)"
68.142.251.133 - - [13/May/2006:16:24:48 -0400] "GET /robots.txt HTTP/1.0" 404 204 "-" "Mozilla/5.0 (compatible; Yahoo! Slurp; http://help.yahoo.com/help/us/ysearch/slurp)"
72.30.216.18 - - [13/May/2006:20:30:33 -0400] "GET /robots.txt HTTP/1.0" 404 204 "-" "Mozilla/5.0 (compatible; Yahoo! Slurp; http://help.yahoo.com/help/us/ysearch/slurp)"
72.30.129.109 - - [13/May/2006:20:36:14 -0400] "GET /pages/2/ HTTP/1.0" 403 206 "-" "Mozilla/5.0 (compatible; Yahoo! Slurp; http://help.yahoo.com/help/us/ysearch/slurp)"
67.9.172.144 - - [22/May/2006:03:02:34 -0400] "GET /pages/2/page2.html HTTP/1.1" 200 2003 "http://www.cccammo.com/" "Mozilla/4.0 (compatible; MSIE 6.0; Windows NT 5.1; SV1; .NET CLR 1.1.4322)"
67.9.172.144 - - [22/May/2006:03:02:35 -0400] "GET /scripts/user.js HTTP/1.1" 404 221 "http://www.ammunition-ccc.net/pages/2/page2.html" "Mozilla/4.0 (compatible; MSIE 6.0; Windows NT 5.1; SV1; .NET CLR 1.1.4322)"
67.9.172.144 - - [22/May/2006:03:02:35 -0400] "GET /pages/2/page2.2.jpg HTTP/1.1" 200 71642 "http://www.ammunition-ccc.net/pages/2/page2.html" "Mozilla/4.0 (compatible; MSIE 6.0; Windows NT 5.1; SV1; .NET CLR 1.1.4322)"
67.9.172.144 - - [22/May/2006:03:02:35 -0400] "GET /338/scripts/master.css HTTP/1.1" 404 228 "http://www.ammunition-ccc.net/pages/2/page2.html" "Mozilla/4.0 (compatible; MSIE 6.0; Windows NT 5.1; SV1; .NET CLR 1.1.4322)"
67.9.172.144 - - [22/May/2006:03:02:35 -0400] "GET /pages/2/MarkIV-front.jpg HTTP/1.1" 200 18229 "http://www.ammunition-ccc.net/pages/2/page2.html" "Mozilla/4.0 (compatible; MSIE 6.0; Windows NT 5.1; SV1; .NET CLR 1.1.4322)"
209.223.40.85 - - [22/May/2006:09:21:33 -0400] "GET /pages/2/page2.html HTTP/1.1" 200 2003 "http://www.cccammo.com/" "Mozilla/5.0 (Windows; U; Windows NT 5.1; en-US; rv:1.7.8) Gecko/20050511 Firefox/1.0.4"
209.223.40.85 - - [22/May/2006:09:21:33 -0400] "GET /338/scripts/master.css HTTP/1.1" 404 228 "http://www.ammunition-ccc.net/pages/2/page2.html" "Mozilla/5.0 (Windows; U; Windows NT 5.1; en-US; rv:1.7.8) Gecko/20050511 Firefox/1.0.4"
209.223.40.85 - - [22/May/2006:09:21:34 -0400] "GET /scripts/user.js HTTP/1.1" 404 221 "http://www.ammunition-ccc.net/pages/2/page2.html" "Mozilla/5.0 (Windows; U; Windows NT 5.1; en-US; rv:1.7.8) Gecko/20050511 Firefox/1.0.4"
209.223.40.85 - - [22/May/2006:09:21:34 -0400] "GET /pages/2/MarkIV-front.jpg HTTP/1.1" 200 18229 "http://www.ammunition-ccc.net/pages/2/page2.html" "Mozilla/5.0 (Windows; U; Windows NT 5.1; en-US; rv:1.7.8) Gecko/20050511 Firefox/1.0.4"
209.223.40.85 - - [22/May/2006:09:21:36 -0400] "GET /pages/2/page2.2.jpg HTTP/1.1" 200 71642 "http://www.ammunition-ccc.net/pages/2/page2.html" "Mozilla/5.0 (Windows; U; Windows NT 5.1; en-US; rv:1.7.8) Gecko/20050511 Firefox/1.0.4"
209.223.40.85 - - [22/May/2006:09:21:37 -0400] "GET /favicon.ico HTTP/1.1" 404 217 "-" "Mozilla/5.0 (Windows; U; Windows NT 5.1; en-US; rv:1.7.8) Gecko/20050511 Firefox/1.0.4"
216.106.19.66 - - [22/May/2006:16:36:34 -0400] "GET /pages/6 HTTP/1.1" 301 254 "http://webferret.search.com/click?wf,.44+AND+special+AND+ammunition,,www.ammunition-ccc.net%2Fpages%2F6,,hotbot" "Mozilla/4.0 (compatible; MSIE 6.0; Windows NT 5.1; SV1; .NET CLR 1.1.4322)"
216.106.19.66 - - [22/May/2006:16:36:34 -0400] "GET /pages/6/ HTTP/1.1" 200 936 "http://webferret.search.com/click?wf,.44+AND+special+AND+ammunition,,www.ammunition-ccc.net%2Fpages%2F6,,hotbot" "Mozilla/4.0 (compatible; MSIE 6.0; Windows NT 5.1; SV1; .NET CLR 1.1.4322)"
216.106.19.66 - - [22/May/2006:16:36:34 -0400] "GET /scripts/user.js HTTP/1.1" 404 221 "http://www.ammunition-ccc.net/pages/6/" "Mozilla/4.0 (compatible; MSIE 6.0; Windows NT 5.1; SV1; .NET CLR 1.1.4322)"
216.106.19.66 - - [22/May/2006:16:36:35 -0400] "GET /pages/6/header.htm HTTP/1.1" 404 224 "http://www.ammunition-ccc.net/pages/6/" "Mozilla/4.0 (compatible; MSIE 6.0; Windows NT 5.1; SV1; .NET CLR 1.1.4322)"
216.106.19.66 - - [22/May/2006:16:36:35 -0400] "GET /pages/6/page6.html?refresh=1121862193013 HTTP/1.1" 200 13194 "http://www.ammunition-ccc.net/pages/6/" "Mozilla/4.0 (compatible; MSIE 6.0; Windows NT 5.1; SV1; .NET CLR 1.1.4322)"
216.106.19.66 - - [22/May/2006:16:36:35 -0400] "GET /338/scripts/master.css HTTP/1.1" 404 228 "http://www.ammunition-ccc.net/pages/6/page6.html?refresh=1121862193013" "Mozilla/4.0 (compatible; MSIE 6.0; Windows NT 5.1; SV1; .NET CLR 1.1.4322)"
216.106.19.66 - - [22/May/2006:16:36:35 -0400] "GET /338/scripts/master.css HTTP/1.1" 404 228 "http://www.ammunition-ccc.net/pages/6/nav.htm" "Mozilla/4.0 (compatible; MSIE 6.0; Windows NT 5.1; SV1; .NET CLR 1.1.4322)"
216.106.19.66 - - [22/May/2006:16:36:35 -0400] "GET /338/images/back.jpg HTTP/1.1" 404 225 "http://www.ammunition-ccc.net/pages/6/page6.html?refresh=1121862193013" "Mozilla/4.0 (compatible; MSIE 6.0; Windows NT 5.1; SV1; .NET CLR 1.1.4322)"
216.106.19.66 - - [22/May/2006:16:36:35 -0400] "GET /images/120_Picture2.gif HTTP/1.1" 404 229 "http://www.ammunition-ccc.net/pages/6/page6.html?refresh=1121862193013" "Mozilla/4.0 (compatible; MSIE 6.0; Windows NT 5.1; SV1; .NET CLR 1.1.4322)"
216.106.19.66 - - [22/May/2006:16:36:35 -0400] "GET /pages/6/nav.htm HTTP/1.1" 200 5883 "http://www.ammunition-ccc.net/pages/6/" "Mozilla/4.0 (compatible; MSIE 6.0; Windows NT 5.1; SV1; .NET CLR 1.1.4322)"
216.106.19.66 - - [22/May/2006:16:36:35 -0400] "GET /pages/6/footer.htm HTTP/1.1" 404 224 "http://www.ammunition-ccc.net/pages/6/" "Mozilla/4.0 (compatible; MSIE 6.0; Windows NT 5.1; SV1; .NET CLR 1.1.4322)"
216.106.19.66 - - [22/May/2006:16:36:35 -0400] "GET /scripts/user.js HTTP/1.1" 404 221 "http://www.ammunition-ccc.net/pages/6/page6.html?refresh=1121862193013" "Mozilla/4.0 (compatible; MSIE 6.0; Windows NT 5.1; SV1; .NET CLR 1.1.4322)"
216.106.19.66 - - [22/May/2006:16:36:35 -0400] "GET /scripts/user.js HTTP/1.1" 404 221 "http://www.ammunition-ccc.net/pages/6/nav.htm" "Mozilla/4.0 (compatible; MSIE 6.0; Windows NT 5.1; SV1; .NET CLR 1.1.4322)"
216.106.19.66 - - [22/May/2006:16:36:35 -0400] "GET /338/images/back_content.jpg HTTP/1.1" 404 233 "http://www.ammunition-ccc.net/pages/6/page6.html?refresh=1121862193013" "Mozilla/4.0 (compatible; MSIE 6.0; Windows NT 5.1; SV1; .NET CLR 1.1.4322)"
216.106.19.66 - - [22/May/2006:16:36:35 -0400] "GET /images/60_mailbox.gif HTTP/1.1" 404 227 "http://www.ammunition-ccc.net/pages/6/page6.html?refresh=1121862193013" "Mozilla/4.0 (compatible; MSIE 6.0; Windows NT 5.1; SV1; .NET CLR 1.1.4322)"
216.106.19.66 - - [22/May/2006:16:36:36 -0400] "GET /338/images/index_06.jpg HTTP/1.1" 404 229 "http://www.ammunition-ccc.net/pages/6/page6.html?refresh=1121862193013" "Mozilla/4.0 (compatible; MSIE 6.0; Windows NT 5.1; SV1; .NET CLR 1.1.4322)"
216.106.19.66 - - [22/May/2006:16:36:36 -0400] "GET /338/images/back_repeat.jpg HTTP/1.1" 404 232 "http://www.ammunition-ccc.net/pages/6/nav.htm" "Mozilla/4.0 (compatible; MSIE 6.0; Windows NT 5.1; SV1; .NET CLR 1.1.4322)"
216.106.19.66 - - [22/May/2006:16:36:36 -0400] "GET /338/images/02b.jpg HTTP/1.1" 404 224 "http://www.ammunition-ccc.net/pages/6/nav.htm" "Mozilla/4.0 (compatible; MSIE 6.0; Windows NT 5.1; SV1; .NET CLR 1.1.4322)"
216.106.19.66 - - [22/May/2006:16:36:36 -0400] "GET /338/images/04b.jpg HTTP/1.1" 404 224 "http://www.ammunition-ccc.net/pages/6/nav.htm" "Mozilla/4.0 (compatible; MSIE 6.0; Windows NT 5.1; SV1; .NET CLR 1.1.4322)"
216.106.19.66 - - [22/May/2006:16:36:36 -0400] "GET /338/images/06b.jpg HTTP/1.1" 404 224 "http://www.ammunition-ccc.net/pages/6/nav.htm" "Mozilla/4.0 (compatible; MSIE 6.0; Windows NT 5.1; SV1; .NET CLR 1.1.4322)"
216.106.19.66 - - [22/May/2006:16:36:36 -0400] "GET /338/images/08b.jpg HTTP/1.1" 404 224 "http://www.ammunition-ccc.net/pages/6/nav.htm" "Mozilla/4.0 (compatible; MSIE 6.0; Windows NT 5.1; SV1; .NET CLR 1.1.4322)"
216.106.19.66 - - [22/May/2006:16:36:36 -0400] "GET /338/images/10b.jpg HTTP/1.1" 404 224 "http://www.ammunition-ccc.net/pages/6/nav.htm" "Mozilla/4.0 (compatible; MSIE 6.0; Windows NT 5.1; SV1; .NET CLR 1.1.4322)"
216.106.19.66 - - [22/May/2006:16:36:36 -0400] "GET /338/images/spacer.gif HTTP/1.1" 404 227 "http://www.ammunition-ccc.net/pages/6/nav.htm" "Mozilla/4.0 (compatible; MSIE 6.0; Windows NT 5.1; SV1; .NET CLR 1.1.4322)"
216.106.19.66 - - [22/May/2006:16:36:36 -0400] "GET /338/images/02a.jpg HTTP/1.1" 404 224 "http://www.ammunition-ccc.net/pages/6/nav.htm" "Mozilla/4.0 (compatible; MSIE 6.0; Windows NT 5.1; SV1; .NET CLR 1.1.4322)"
216.106.19.66 - - [22/May/2006:16:36:36 -0400] "GET /338/images/03a.jpg HTTP/1.1" 404 224 "http://www.ammunition-ccc.net/pages/6/nav.htm" "Mozilla/4.0 (compatible; MSIE 6.0; Windows NT 5.1; SV1; .NET CLR 1.1.4322)"
216.106.19.66 - - [22/May/2006:16:36:36 -0400] "GET /338/images/05a.jpg HTTP/1.1" 404 224 "http://www.ammunition-ccc.net/pages/6/nav.htm" "Mozilla/4.0 (compatible; MSIE 6.0; Windows NT 5.1; SV1; .NET CLR 1.1.4322)"
216.106.19.66 - - [22/May/2006:16:36:36 -0400] "GET /images/150_WarPaint.jpg HTTP/1.1" 404 229 "http://www.ammunition-ccc.net/pages/6/page6.html?refresh=1121862193013" "Mozilla/4.0 (compatible; MSIE 6.0; Windows NT 5.1; SV1; .NET CLR 1.1.4322)"
216.106.19.66 - - [22/May/2006:16:36:36 -0400] "GET /338/images/01b.jpg HTTP/1.1" 404 224 "http://www.ammunition-ccc.net/pages/6/nav.htm" "Mozilla/4.0 (compatible; MSIE 6.0; Windows NT 5.1; SV1; .NET CLR 1.1.4322)"
216.106.19.66 - - [22/May/2006:16:36:36 -0400] "GET /338/images/03b.jpg HTTP/1.1" 404 224 "http://www.ammunition-ccc.net/pages/6/nav.htm" "Mozilla/4.0 (compatible; MSIE 6.0; Windows NT 5.1; SV1; .NET CLR 1.1.4322)"
216.106.19.66 - - [22/May/2006:16:36:36 -0400] "GET /338/images/05b.jpg HTTP/1.1" 404 224 "http://www.ammunition-ccc.net/pages/6/nav.htm" "Mozilla/4.0 (compatible; MSIE 6.0; Windows NT 5.1; SV1; .NET CLR 1.1.4322)"
216.106.19.66 - - [22/May/2006:16:36:36 -0400] "GET /338/images/07b.jpg HTTP/1.1" 404 224 "http://www.ammunition-ccc.net/pages/6/nav.htm" "Mozilla/4.0 (compatible; MSIE 6.0; Windows NT 5.1; SV1; .NET CLR 1.1.4322)"
216.106.19.66 - - [22/May/2006:16:36:36 -0400] "GET /338/images/09b.jpg HTTP/1.1" 404 224 "http://www.ammunition-ccc.net/pages/6/nav.htm" "Mozilla/4.0 (compatible; MSIE 6.0; Windows NT 5.1; SV1; .NET CLR 1.1.4322)"
216.106.19.66 - - [22/May/2006:16:36:36 -0400] "GET /338/images/nav_back.jpg HTTP/1.1" 404 229 "http://www.ammunition-ccc.net/pages/6/nav.htm" "Mozilla/4.0 (compatible; MSIE 6.0; Windows NT 5.1; SV1; .NET CLR 1.1.4322)"
216.106.19.66 - - [22/May/2006:16:36:36 -0400] "GET /338/images/01a.jpg HTTP/1.1" 404 224 "http://www.ammunition-ccc.net/pages/6/nav.htm" "Mozilla/4.0 (compatible; MSIE 6.0; Windows NT 5.1; SV1; .NET CLR 1.1.4322)"
216.106.19.66 - - [22/May/2006:16:36:36 -0400] "GET /338/images/index_04.jpg HTTP/1.1" 404 229 "http://www.ammunition-ccc.net/pages/6/nav.htm" "Mozilla/4.0 (compatible; MSIE 6.0; Windows NT 5.1; SV1; .NET CLR 1.1.4322)"
216.106.19.66 - - [22/May/2006:16:36:36 -0400] "GET /338/images/04a.jpg HTTP/1.1" 404 224 "http://www.ammunition-ccc.net/pages/6/nav.htm" "Mozilla/4.0 (compatible; MSIE 6.0; Windows NT 5.1; SV1; .NET CLR 1.1.4322)"
216.106.19.66 - - [22/May/2006:16:36:39 -0400] "GET /scripts/user.js HTTP/1.1" 404 221 "http://www.ammunition-ccc.net/pages/6/" "Mozilla/4.0 (compatible; MSIE 6.0; Windows NT 5.1; SV1; .NET CLR 1.1.4322)"
216.106.19.66 - - [22/May/2006:16:36:39 -0400] "GET /338/scripts/master.css HTTP/1.1" 404 228 "http://www.ammunition-ccc.net/pages/6/page6.html?refresh=1121862193013" "Mozilla/4.0 (compatible; MSIE 6.0; Windows NT 5.1; SV1; .NET CLR 1.1.4322)"
216.106.19.66 - - [22/May/2006:16:36:39 -0400] "GET /pages/6/footer.htm HTTP/1.1" 404 224 "http://www.ammunition-ccc.net/pages/6/" "Mozilla/4.0 (compatible; MSIE 6.0; Windows NT 5.1; SV1; .NET CLR 1.1.4322)"
216.106.19.66 - - [22/May/2006:16:36:39 -0400] "GET /338/images/back_repeat.jpg HTTP/1.1" 404 232 "http://www.ammunition-ccc.net/pages/6/nav.htm" "Mozilla/4.0 (compatible; MSIE 6.0; Windows NT 5.1; SV1; .NET CLR 1.1.4322)"
216.106.19.66 - - [22/May/2006:16:36:39 -0400] "GET /338/images/back_content.jpg HTTP/1.1" 404 233 "http://www.ammunition-ccc.net/pages/6/page6.html?refresh=1121862193013" "Mozilla/4.0 (compatible; MSIE 6.0; Windows NT 5.1; SV1; .NET CLR 1.1.4322)"
216.106.19.66 - - [22/May/2006:16:36:39 -0400] "GET /pages/6 HTTP/1.1" 301 254 "http://webferret.search.com/search?q=%2E44+AND+special+AND+ammunition&source=44&frame=1&index=-1&url=http%3A%2F%2Fwww%2Eammunition%2Dccc%2Enet%2Fpages%2F6" "Mozilla/4.0 (compatible; MSIE 6.0; Windows NT 5.1; SV1; .NET CLR 1.1.4322)"
216.106.19.66 - - [22/May/2006:16:36:39 -0400] "GET /pages/6/header.htm HTTP/1.1" 404 224 "http://www.ammunition-ccc.net/pages/6/" "Mozilla/4.0 (compatible; MSIE 6.0; Windows NT 5.1; SV1; .NET CLR 1.1.4322)"
216.106.19.66 - - [22/May/2006:16:36:39 -0400] "GET /scripts/user.js HTTP/1.1" 404 221 "http://www.ammunition-ccc.net/pages/6/page6.html?refresh=1121862193013" "Mozilla/4.0 (compatible; MSIE 6.0; Windows NT 5.1; SV1; .NET CLR 1.1.4322)"
216.106.19.66 - - [22/May/2006:16:36:39 -0400] "GET /338/images/back.jpg HTTP/1.1" 404 225 "http://www.ammunition-ccc.net/pages/6/page6.html?refresh=1121862193013" "Mozilla/4.0 (compatible; MSIE 6.0; Windows NT 5.1; SV1; .NET CLR 1.1.4322)"
216.106.19.66 - - [22/May/2006:16:36:40 -0400] "GET /images/150_WarPaint.jpg HTTP/1.1" 404 229 "http://www.ammunition-ccc.net/pages/6/page6.html?refresh=1121862193013" "Mozilla/4.0 (compatible; MSIE 6.0; Windows NT 5.1; SV1; .NET CLR 1.1.4322)"
216.106.19.66 - - [22/May/2006:16:36:40 -0400] "GET /images/60_mailbox.gif HTTP/1.1" 404 227 "http://www.ammunition-ccc.net/pages/6/page6.html?refresh=1121862193013" "Mozilla/4.0 (compatible; MSIE 6.0; Windows NT 5.1; SV1; .NET CLR 1.1.4322)"
216.106.19.66 - - [22/May/2006:16:36:40 -0400] "GET /338/images/02b.jpg HTTP/1.1" 404 224 "http://www.ammunition-ccc.net/pages/6/nav.htm" "Mozilla/4.0 (compatible; MSIE 6.0; Windows NT 5.1; SV1; .NET CLR 1.1.4322)"
216.106.19.66 - - [22/May/2006:16:36:40 -0400] "GET /338/images/04b.jpg HTTP/1.1" 404 224 "http://www.ammunition-ccc.net/pages/6/nav.htm" "Mozilla/4.0 (compatible; MSIE 6.0; Windows NT 5.1; SV1; .NET CLR 1.1.4322)"
216.106.19.66 - - [22/May/2006:16:36:40 -0400] "GET /338/images/06b.jpg HTTP/1.1" 404 224 "http://www.ammunition-ccc.net/pages/6/nav.htm" "Mozilla/4.0 (compatible; MSIE 6.0; Windows NT 5.1; SV1; .NET CLR 1.1.4322)"
216.106.19.66 - - [22/May/2006:16:36:40 -0400] "GET /338/images/08b.jpg HTTP/1.1" 404 224 "http://www.ammunition-ccc.net/pages/6/nav.htm" "Mozilla/4.0 (compatible; MSIE 6.0; Windows NT 5.1; SV1; .NET CLR 1.1.4322)"
216.106.19.66 - - [22/May/2006:16:36:40 -0400] "GET /338/images/10b.jpg HTTP/1.1" 404 224 "http://www.ammunition-ccc.net/pages/6/nav.htm" "Mozilla/4.0 (compatible; MSIE 6.0; Windows NT 5.1; SV1; .NET CLR 1.1.4322)"
216.106.19.66 - - [22/May/2006:16:36:40 -0400] "GET /338/images/nav_back.jpg HTTP/1.1" 404 229 "http://www.ammunition-ccc.net/pages/6/nav.htm" "Mozilla/4.0 (compatible; MSIE 6.0; Windows NT 5.1; SV1; .NET CLR 1.1.4322)"
216.106.19.66 - - [22/May/2006:16:36:40 -0400] "GET /338/images/03a.jpg HTTP/1.1" 404 224 "http://www.ammunition-ccc.net/pages/6/nav.htm" "Mozilla/4.0 (compatible; MSIE 6.0; Windows NT 5.1; SV1; .NET CLR 1.1.4322)"
216.106.19.66 - - [22/May/2006:16:36:40 -0400] "GET /338/images/01a.jpg HTTP/1.1" 404 224 "http://www.ammunition-ccc.net/pages/6/nav.htm" "Mozilla/4.0 (compatible; MSIE 6.0; Windows NT 5.1; SV1; .NET CLR 1.1.4322)"
216.106.19.66 - - [22/May/2006:16:36:40 -0400] "GET /338/images/04a.jpg HTTP/1.1" 404 224 "http://www.ammunition-ccc.net/pages/6/nav.htm" "Mozilla/4.0 (compatible; MSIE 6.0; Windows NT 5.1; SV1; .NET CLR 1.1.4322)"
216.106.19.66 - - [22/May/2006:16:36:40 -0400] "GET /images/120_Picture2.gif HTTP/1.1" 404 229 "http://www.ammunition-ccc.net/pages/6/page6.html?refresh=1121862193013" "Mozilla/4.0 (compatible; MSIE 6.0; Windows NT 5.1; SV1; .NET CLR 1.1.4322)"
216.106.19.66 - - [22/May/2006:16:36:40 -0400] "GET /338/images/index_06.jpg HTTP/1.1" 404 229 "http://www.ammunition-ccc.net/pages/6/page6.html?refresh=1121862193013" "Mozilla/4.0 (compatible; MSIE 6.0; Windows NT 5.1; SV1; .NET CLR 1.1.4322)"
216.106.19.66 - - [22/May/2006:16:36:40 -0400] "GET /338/images/01b.jpg HTTP/1.1" 404 224 "http://www.ammunition-ccc.net/pages/6/nav.htm" "Mozilla/4.0 (compatible; MSIE 6.0; Windows NT 5.1; SV1; .NET CLR 1.1.4322)"
216.106.19.66 - - [22/May/2006:16:36:40 -0400] "GET /338/images/03b.jpg HTTP/1.1" 404 224 "http://www.ammunition-ccc.net/pages/6/nav.htm" "Mozilla/4.0 (compatible; MSIE 6.0; Windows NT 5.1; SV1; .NET CLR 1.1.4322)"
216.106.19.66 - - [22/May/2006:16:36:40 -0400] "GET /338/images/05b.jpg HTTP/1.1" 404 224 "http://www.ammunition-ccc.net/pages/6/nav.htm" "Mozilla/4.0 (compatible; MSIE 6.0; Windows NT 5.1; SV1; .NET CLR 1.1.4322)"
