216.106.19.66 - - [22/May/2006:16:36:40 -0400] "GET /338/images/07b.jpg HTTP/1.1" 404 224 "http://www.ammunition-ccc.net/pages/6/nav.htm" "Mozilla/4.0 (compatible; MSIE 6.0; Windows NT 5.1; SV1; .NET CLR 1.1.4322)"
216.106.19.66 - - [22/May/2006:16:36:40 -0400] "GET /338/images/09b.jpg HTTP/1.1" 404 224 "http://www.ammunition-ccc.net/pages/6/nav.htm" "Mozilla/4.0 (compatible; MSIE 6.0; Windows NT 5.1; SV1; .NET CLR 1.1.4322)"
216.106.19.66 - - [22/May/2006:16:36:40 -0400] "GET /338/images/index_04.jpg HTTP/1.1" 404 229 "http://www.ammunition-ccc.net/pages/6/nav.htm" "Mozilla/4.0 (compatible; MSIE 6.0; Windows NT 5.1; SV1; .NET CLR 1.1.4322)"
216.106.19.66 - - [22/May/2006:16:36:40 -0400] "GET /338/images/spacer.gif HTTP/1.1" 404 227 "http://www.ammunition-ccc.net/pages/6/nav.htm" "Mozilla/4.0 (compatible; MSIE 6.0; Windows NT 5.1; SV1; .NET CLR 1.1.4322)"
216.106.19.66 - - [22/May/2006:16:36:40 -0400] "GET /338/images/02a.jpg HTTP/1.1" 404 224 "http://www.ammunition-ccc.net/pages/6/nav.htm" "Mozilla/4.0 (compatible; MSIE 6.0; Windows NT 5.1; SV1; .NET CLR 1.1.4322)"
216.106.19.66 - - [22/May/2006:16:36:40 -0400] "GET /338/images/05a.jpg HTTP/1.1" 404 224 "http://www.ammunition-ccc.net/pages/6/nav.htm" "Mozilla/4.0 (compatible; MSIE 6.0; Windows NT 5.1; SV1; .NET CLR 1.1.4322)"
216.106.19.66 - - [22/May/2006:16:37:17 -0400] "GET /338/images/03a.jpg HTTP/1.1" 404 224 "http://www.ammunition-ccc.net/pages/6/nav.htm" "Mozilla/4.0 (compatible; MSIE 6.0; Windows NT 5.1; SV1; .NET CLR 1.1.4322)"
216.106.19.66 - - [22/May/2006:16:37:17 -0400] "GET /338/images/05a.jpg HTTP/1.1" 404 224 "http://www.ammunition-ccc.net/pages/6/nav.htm" "Mozilla/4.0 (compatible; MSIE 6.0; Windows NT 5.1; SV1; .NET CLR 1.1.4322)"
216.106.19.66 - - [22/May/2006:16:37:17 -0400] "GET /338/images/04a.jpg HTTP/1.1" 404 224 "http://www.ammunition-ccc.net/pages/6/nav.htm" "Mozilla/4.0 (compatible; MSIE 6.0; Windows NT 5.1; SV1; .NET CLR 1.1.4322)"
216.106.19.66 - - [22/May/2006:16:37:18 -0400] "GET /338/images/01b.jpg HTTP/1.1" 404 224 "http://www.ammunition-ccc.net/pages/6/nav.htm" "Mozilla/4.0 (compatible; MSIE 6.0; Windows NT 5.1; SV1; .NET CLR 1.1.4322)"
216.106.19.66 - - [22/May/2006:16:37:18 -0400] "GET /338/images/02a.jpg HTTP/1.1" 404 224 "http://www.ammunition-ccc.net/pages/6/nav.htm" "Mozilla/4.0 (compatible; MSIE 6.0; Windows NT 5.1; SV1; .NET CLR 1.1.4322)"
216.106.19.66 - - [22/May/2006:16:37:18 -0400] "GET /338/images/01a.jpg HTTP/1.1" 404 224 "http://www.ammunition-ccc.net/pages/6/nav.htm" "Mozilla/4.0 (compatible; MSIE 6.0; Windows NT 5.1; SV1; .NET CLR 1.1.4322)"
216.106.19.66 - - [22/May/2006:16:37:18 -0400] "GET /338/images/02b.jpg HTTP/1.1" 404 224 "http://www.ammunition-ccc.net/pages/6/nav.htm" "Mozilla/4.0 (compatible; MSIE 6.0; Windows NT 5.1; SV1; .NET CLR 1.1.4322)"
72.177.190.249 - - [22/May/2006:17:08:39 -0400] "GET /pages/2/page2.html HTTP/1.1" 200 2003 "http://www.cccammo.com/" "Mozilla/4.0 (compatible; MSIE 6.0; Windows NT 5.1; SV1; .NET CLR 2.0.50727; .NET CLR 1.1.4322)"
72.177.190.249 - - [22/May/2006:17:08:39 -0400] "GET /338/scripts/master.css HTTP/1.1" 404 228 "http://www.ammunition-ccc.net/pages/2/page2.html" "Mozilla/4.0 (compatible; MSIE 6.0; Windows NT 5.1; SV1; .NET CLR 2.0.50727; .NET CLR 1.1.4322)"
72.177.190.249 - - [22/May/2006:17:08:40 -0400] "GET /scripts/user.js HTTP/1.1" 404 221 "http://www.ammunition-ccc.net/pages/2/page2.html" "Mozilla/4.0 (compatible; MSIE 6.0; Windows NT 5.1; SV1; .NET CLR 2.0.50727; .NET CLR 1.1.4322)"
72.177.190.249 - - [22/May/2006:17:08:40 -0400] "GET /pages/2/page2.2.jpg HTTP/1.1" 200 71642 "http://www.ammunition-ccc.net/pages/2/page2.html" "Mozilla/4.0 (compatible; MSIE 6.0; Windows NT 5.1; SV1; .NET CLR 2.0.50727; .NET CLR 1.1.4322)"
72.177.190.249 - - [22/May/2006:17:08:40 -0400] "GET /pages/2/MarkIV-front.jpg HTTP/1.1" 200 18229 "http://www.ammunition-ccc.net/pages/2/page2.html" "Mozilla/4.0 (compatible; MSIE 6.0; Windows NT 5.1; SV1; .NET CLR 2.0.50727; .NET CLR 1.1.4322)"
68.203.174.172 - - [22/May/2006:20:51:01 -0400] "GET /scripts/user.js HTTP/1.1" 404 221 "http://www.ammunition-ccc.net/pages/2/page2.html" "Mozilla/4.0 (compatible; MSIE 6.0; Windows NT 5.1; SV1)"
68.203.174.172 - - [22/May/2006:20:51:01 -0400] "GET /pages/2/page2.html HTTP/1.1" 200 2003 "http://www.cccammo.com/" "Mozilla/4.0 (compatible; MSIE 6.0; Windows NT 5.1; SV1)"
68.203.174.172 - - [22/May/2006:20:51:01 -0400] "GET /338/scripts/master.css HTTP/1.1" 404 228 "http://www.ammunition-ccc.net/pages/2/page2.html" "Mozilla/4.0 (compatible; MSIE 6.0; Windows NT 5.1; SV1)"
68.203.174.172 - - [22/May/2006:20:51:01 -0400] "GET /pages/2/MarkIV-front.jpg HTTP/1.1" 200 18229 "http://www.ammunition-ccc.net/pages/2/page2.html" "Mozilla/4.0 (compatible; MSIE 6.0; Windows NT 5.1; SV1)"
68.203.174.172 - - [22/May/2006:20:51:02 -0400] "GET /pages/2/page2.2.jpg HTTP/1.1" 200 71642 "http://www.ammunition-ccc.net/pages/2/page2.html" "Mozilla/4.0 (compatible; MSIE 6.0; Windows NT 5.1; SV1)"
68.203.174.172 - - [22/May/2006:20:52:53 -0400] "GET /scripts/user.js HTTP/1.1" 404 221 "http://www.ammunition-ccc.net/pages/2/page2.html" "Mozilla/4.0 (compatible; MSIE 6.0; Windows NT 5.1; SV1)"
68.203.174.172 - - [22/May/2006:20:52:53 -0400] "GET /338/scripts/master.css HTTP/1.1" 404 228 "http://www.ammunition-ccc.net/pages/2/page2.html" "Mozilla/4.0 (compatible; MSIE 6.0; Windows NT 5.1; SV1)"
66.245.89.102 - - [22/May/2006:21:05:32 -0400] "GET /scripts/user.js HTTP/1.1" 404 221 "http://www.ammunition-ccc.net/pages/2/page2.html" "Mozilla/4.0 (compatible; MSIE 6.0; Windows NT 5.1; SV1; .NET CLR 1.1.4322)"
66.245.89.102 - - [22/May/2006:21:05:32 -0400] "GET /pages/2/page2.html HTTP/1.1" 200 2003 "http://cccammo.com/" "Mozilla/4.0 (compatible; MSIE 6.0; Windows NT 5.1; SV1; .NET CLR 1.1.4322)"
66.245.89.102 - - [22/May/2006:21:05:32 -0400] "GET /338/scripts/master.css HTTP/1.1" 404 228 "http://www.ammunition-ccc.net/pages/2/page2.html" "Mozilla/4.0 (compatible; MSIE 6.0; Windows NT 5.1; SV1; .NET CLR 1.1.4322)"
66.245.89.102 - - [22/May/2006:21:05:33 -0400] "GET /pages/2/page2.2.jpg HTTP/1.1" 200 71642 "http://www.ammunition-ccc.net/pages/2/page2.html" "Mozilla/4.0 (compatible; MSIE 6.0; Windows NT 5.1; SV1; .NET CLR 1.1.4322)"
66.245.89.102 - - [22/May/2006:21:05:33 -0400] "GET /pages/2/MarkIV-front.jpg HTTP/1.1" 200 18229 "http://www.ammunition-ccc.net/pages/2/page2.html" "Mozilla/4.0 (compatible; MSIE 6.0; Windows NT 5.1; SV1; .NET CLR 1.1.4322)"
70.70.138.3 - - [22/May/2006:23:15:37 -0400] "GET /pages/2/page2.html HTTP/1.1" 200 2003 "http://www.cccammo.com/" "Mozilla/4.0 (compatible; MSIE 6.0; Windows NT 5.1; SV1)"
70.70.138.3 - - [22/May/2006:23:15:37 -0400] "GET /338/scripts/master.css HTTP/1.1" 404 228 "http://www.ammunition-ccc.net/pages/2/page2.html" "Mozilla/4.0 (compatible; MSIE 6.0; Windows NT 5.1; SV1)"
70.70.138.3 - - [22/May/2006:23:15:37 -0400] "GET /scripts/user.js HTTP/1.1" 404 221 "http://www.ammunition-ccc.net/pages/2/page2.html" "Mozilla/4.0 (compatible; MSIE 6.0; Windows NT 5.1; SV1)"
70.70.138.3 - - [22/May/2006:23:15:38 -0400] "GET /pages/2/MarkIV-front.jpg HTTP/1.1" 200 18229 "http://www.ammunition-ccc.net/pages/2/page2.html" "Mozilla/4.0 (compatible; MSIE 6.0; Windows NT 5.1; SV1)"
70.70.138.3 - - [22/May/2006:23:15:38 -0400] "GET /pages/2/page2.2.jpg HTTP/1.1" 200 71642 "http://www.ammunition-ccc.net/pages/2/page2.html" "Mozilla/4.0 (compatible; MSIE 6.0; Windows NT 5.1; SV1)"
66.194.6.80 - - [22/May/2006:23:45:23 -0400] "GET / HTTP/1.1" 200 287 "-" "Mozilla/4.0 (compatible; MSIE 6.0; Windows NT 5.1; Q312462)"
66.194.6.80 - - [22/May/2006:23:45:23 -0400] "GET / HTTP/1.1" 200 287 "-" "Mozilla/4.0 (compatible; MSIE 6.0; Windows NT 5.1; Q312465)"
83.36.78.213 - - [12/May/2006:06:00:18 -0400] "GET /pages/2/page2.html HTTP/1.1" 200 2003 "-" "Mozilla/4.0 (compatible; MSIE 6.0; Windows 98)"
66.194.6.76 - - [12/May/2006:06:56:24 -0400] "GET / HTTP/1.1" 200 287 "-" "Mozilla/5.0 (compatible; Konqueror/3.1-rc4; i686 Linux; 20021101)"
67.49.35.237 - - [12/May/2006:21:55:22 -0400] "GET /pages/2/page2.html HTTP/1.1" 200 2003 "http://cccammo.com/" "Mozilla/5.0 (Windows; U; Windows NT 5.1; en-US; rv:1.8.0.3) Gecko/20060426 Firefox/1.5.0.3"
67.49.35.237 - - [12/May/2006:21:55:22 -0400] "GET /338/scripts/master.css HTTP/1.1" 404 228 "http://www.ammunition-ccc.net/pages/2/page2.html" "Mozilla/5.0 (Windows; U; Windows NT 5.1; en-US; rv:1.8.0.3) Gecko/20060426 Firefox/1.5.0.3"
67.49.35.237 - - [12/May/2006:21:55:22 -0400] "GET /scripts/user.js HTTP/1.1" 404 221 "http://www.ammunition-ccc.net/pages/2/page2.html" "Mozilla/5.0 (Windows; U; Windows NT 5.1; en-US; rv:1.8.0.3) Gecko/20060426 Firefox/1.5.0.3"
67.49.35.237 - - [12/May/2006:21:55:23 -0400] "GET /pages/2/MarkIV-front.jpg HTTP/1.1" 200 18229 "http://www.ammunition-ccc.net/pages/2/page2.html" "Mozilla/5.0 (Windows; U; Windows NT 5.1; en-US; rv:1.8.0.3) Gecko/20060426 Firefox/1.5.0.3"
67.49.35.237 - - [12/May/2006:21:55:23 -0400] "GET /favicon.ico HTTP/1.1" 404 217 "-" "Mozilla/5.0 (Windows; U; Windows NT 5.1; en-US; rv:1.8.0.3) Gecko/20060426 Firefox/1.5.0.3"
67.49.35.237 - - [12/May/2006:21:55:23 -0400] "GET /pages/2/page2.2.jpg HTTP/1.1" 200 71642 "http://www.ammunition-ccc.net/pages/2/page2.html" "Mozilla/5.0 (Windows; U; Windows NT 5.1; en-US; rv:1.8.0.3) Gecko/20060426 Firefox/1.5.0.3"
65.214.44.193 - - [13/May/2006:03:40:07 -0400] "GET /robots.txt HTTP/1.0" 404 204 "-" "Mozilla/2.0 (compatible; Ask Jeeves/Teoma; +http://sp.ask.com/docs/about/tech_crawling.html)"
207.200.116.203 - - [13/May/2006:15:21:45 -0400] "GET /pages/2/page2.html HTTP/1.0" 200 2003 "http://www.cccammo.com/" "Mozilla/4.0 (compatible; MSIE 6.0; AOL 9.0; Windows NT 5.1; SV1; .NET CLR 1.1.4322)"
207.200.116.139 - - [13/May/2006:15:21:46 -0400] "GET /scripts/user.js HTTP/1.0" 404 209 "http://www.ammunition-ccc.net/pages/2/page2.html" "Mozilla/4.0 (compatible; MSIE 6.0; AOL 9.0; Windows NT 5.1; SV1; .NET CLR 1.1.4322)"
207.200.116.137 - - [13/May/2006:15:21:46 -0400] "GET /338/scripts/master.css HTTP/1.0" 404 216 "http://www.ammunition-ccc.net/pages/2/page2.html" "Mozilla/4.0 (compatible; MSIE 6.0; AOL 9.0; Windows NT 5.1; SV1; .NET CLR 1.1.4322)"
207.200.116.65 - - [13/May/2006:15:21:48 -0400] "GET /pages/2/page2.2.jpg HTTP/1.0" 200 71642 "http://www.ammunition-ccc.net/pages/2/page2.html" "Mozilla/4.0 (compatible; MSIE 6.0; AOL 9.0; Windows NT 5.1; SV1; .NET CLR 1.1.4322)"
68.142.251.133 - - [13/May/2006:16:24:48 -0400] "GET /robots.txt HTTP/1.0" 404 204 "-" "Mozilla/5.0 (compatible; Yahoo! Slurp; http://help.yahoo.com/help/us/ysearch/slurp)"
72.30.216.18 - - [13/May/2006:20:30:33 -0400] "GET /robots.txt HTTP/1.0" 404 204 "-" "Mozilla/5.0 (compatible; Yahoo! Slurp; http://help.yahoo.com/help/us/ysearch/slurp)"
72.30.129.109 - - [13/May/2006:20:36:14 -0400] "GET /pages/2/ HTTP/1.0" 403 206 "-" "Mozilla/5.0 (compatible; Yahoo! Slurp; http://help.yahoo.com/help/us/ysearch/slurp)"
68.142.251.156 - - [23/May/2006:07:26:04 -0400] "GET /robots.txt HTTP/1.0" 404 204 "-" "Mozilla/5.0 (compatible; Yahoo! Slurp; http://help.yahoo.com/help/us/ysearch/slurp)"
68.142.251.92 - - [23/May/2006:09:48:43 -0400] "GET /robots.txt HTTP/1.0" 404 204 "-" "Mozilla/5.0 (compatible; Yahoo! Slurp; http://help.yahoo.com/help/us/ysearch/slurp)"
68.142.251.92 - - [23/May/2006:10:32:15 -0400] "GET /robots.txt HTTP/1.0" 404 204 "-" "Mozilla/5.0 (compatible; Yahoo! Slurp; http://help.yahoo.com/help/us/ysearch/slurp)"
68.169.216.149 - - [23/May/2006:10:46:14 -0400] "GET /pages/2/page2.html HTTP/1.1" 200 2003 "http://www.cccammo.com/" "Mozilla/4.0 (compatible; MSIE 6.0; Windows NT 5.1; SV1; .NET CLR 1.1.4322)"
68.169.216.149 - - [23/May/2006:10:46:14 -0400] "GET /338/scripts/master.css HTTP/1.1" 404 228 "http://www.ammunition-ccc.net/pages/2/page2.html" "Mozilla/4.0 (compatible; MSIE 6.0; Windows NT 5.1; SV1; .NET CLR 1.1.4322)"
68.169.216.149 - - [23/May/2006:10:46:14 -0400] "GET /scripts/user.js HTTP/1.1" 404 221 "http://www.ammunition-ccc.net/pages/2/page2.html" "Mozilla/4.0 (compatible; MSIE 6.0; Windows NT 5.1; SV1; .NET CLR 1.1.4322)"
68.169.216.149 - - [23/May/2006:10:46:15 -0400] "GET /pages/2/MarkIV-front.jpg HTTP/1.1" 200 18229 "http://www.ammunition-ccc.net/pages/2/page2.html" "Mozilla/4.0 (compatible; MSIE 6.0; Windows NT 5.1; SV1; .NET CLR 1.1.4322)"
68.169.216.149 - - [23/May/2006:10:46:15 -0400] "GET /pages/2/page2.2.jpg HTTP/1.1" 200 71642 "http://www.ammunition-ccc.net/pages/2/page2.html" "Mozilla/4.0 (compatible; MSIE 6.0; Windows NT 5.1; SV1; .NET CLR 1.1.4322)"
68.142.251.156 - - [23/May/2006:16:49:23 -0400] "GET /robots.txt HTTP/1.0" 404 204 "-" "Mozilla/5.0 (compatible; Yahoo! Slurp; http://help.yahoo.com/help/us/ysearch/slurp)"
72.30.134.21 - - [23/May/2006:18:03:08 -0400] "GET /robots.txt HTTP/1.0" 404 204 "-" "Mozilla/5.0 (compatible; Yahoo! Slurp; http://help.yahoo.com/help/us/ysearch/slurp)"
72.30.135.216 - - [23/May/2006:18:05:19 -0400] "GET / HTTP/1.0" 304 - "-" "Mozilla/5.0 (compatible; Yahoo! Slurp; http://help.yahoo.com/help/us/ysearch/slurp)"
83.36.78.213 - - [12/May/2006:06:00:18 -0400] "GET /pages/2/page2.html HTTP/1.1" 200 2003 "-" "Mozilla/4.0 (compatible; MSIE 6.0; Windows 98)"
66.194.6.76 - - [12/May/2006:06:56:24 -0400] "GET / HTTP/1.1" 200 287 "-" "Mozilla/5.0 (compatible; Konqueror/3.1-rc4; i686 Linux; 20021101)"
67.49.35.237 - - [12/May/2006:21:55:22 -0400] "GET /pages/2/page2.html HTTP/1.1" 200 2003 "http://cccammo.com/" "Mozilla/5.0 (Windows; U; Windows NT 5.1; en-US; rv:1.8.0.3) Gecko/20060426 Firefox/1.5.0.3"
67.49.35.237 - - [12/May/2006:21:55:22 -0400] "GET /338/scripts/master.css HTTP/1.1" 404 228 "http://www.ammunition-ccc.net/pages/2/page2.html" "Mozilla/5.0 (Windows; U; Windows NT 5.1; en-US; rv:1.8.0.3) Gecko/20060426 Firefox/1.5.0.3"
67.49.35.237 - - [12/May/2006:21:55:22 -0400] "GET /scripts/user.js HTTP/1.1" 404 221 "http://www.ammunition-ccc.net/pages/2/page2.html" "Mozilla/5.0 (Windows; U; Windows NT 5.1; en-US; rv:1.8.0.3) Gecko/20060426 Firefox/1.5.0.3"
67.49.35.237 - - [12/May/2006:21:55:23 -0400] "GET /pages/2/MarkIV-front.jpg HTTP/1.1" 200 18229 "http://www.ammunition-ccc.net/pages/2/page2.html" "Mozilla/5.0 (Windows; U; Windows NT 5.1; en-US; rv:1.8.0.3) Gecko/20060426 Firefox/1.5.0.3"
67.49.35.237 - - [12/May/2006:21:55:23 -0400] "GET /favicon.ico HTTP/1.1" 404 217 "-" "Mozilla/5.0 (Windows; U; Windows NT 5.1; en-US; rv:1.8.0.3) Gecko/20060426 Firefox/1.5.0.3"
67.49.35.237 - - [12/May/2006:21:55:23 -0400] "GET /pages/2/page2.2.jpg HTTP/1.1" 200 71642 "http://www.ammunition-ccc.net/pages/2/page2.html" "Mozilla/5.0 (Windows; U; Windows NT 5.1; en-US; rv:1.8.0.3) Gecko/20060426 Firefox/1.5.0.3"
65.214.44.193 - - [13/May/2006:03:40:07 -0400] "GET /robots.txt HTTP/1.0" 404 204 "-" "Mozilla/2.0 (compatible; Ask Jeeves/Teoma; +http://sp.ask.com/docs/about/tech_crawling.html)"
207.200.116.203 - - [13/May/2006:15:21:45 -0400] "GET /pages/2/page2.html HTTP/1.0" 200 2003 "http://www.cccammo.com/" "Mozilla/4.0 (compatible; MSIE 6.0; AOL 9.0; Windows NT 5.1; SV1; .NET CLR 1.1.4322)"
207.200.116.139 - - [13/May/2006:15:21:46 -0400] "GET /scripts/user.js HTTP/1.0" 404 209 "http://www.ammunition-ccc.net/pages/2/page2.html" "Mozilla/4.0 (compatible; MSIE 6.0; AOL 9.0; Windows NT 5.1; SV1; .NET CLR 1.1.4322)"
207.200.116.137 - - [13/May/2006:15:21:46 -0400] "GET /338/scripts/master.css HTTP/1.0" 404 216 "http://www.ammunition-ccc.net/pages/2/page2.html" "Mozilla/4.0 (compatible; MSIE 6.0; AOL 9.0; Windows NT 5.1; SV1; .NET CLR 1.1.4322)"
207.200.116.65 - - [13/May/2006:15:21:48 -0400] "GET /pages/2/page2.2.jpg HTTP/1.0" 200 71642 "http://www.ammunition-ccc.net/pages/2/page2.html" "Mozilla/4.0 (compatible; MSIE 6.0; AOL 9.0; Windows NT 5.1; SV1; .NET CLR 1.1.4322)"
68.142.251.133 - - [13/May/2006:16:24:48 -0400] "GET /robots.txt HTTP/1.0" 404 204 "-" "Mozilla/5.0 (compatible; Yahoo! Slurp; http://help.yahoo.com/help/us/ysearch/slurp)"
72.30.216.18 - - [13/May/2006:20:30:33 -0400] "GET /robots.txt HTTP/1.0" 404 204 "-" "Mozilla/5.0 (compatible; Yahoo! Slurp; http://help.yahoo.com/help/us/ysearch/slurp)"
72.30.129.109 - - [13/May/2006:20:36:14 -0400] "GET /pages/2/ HTTP/1.0" 403 206 "-" "Mozilla/5.0 (compatible; Yahoo! Slurp; http://help.yahoo.com/help/us/ysearch/slurp)"
66.196.65.34 - - [24/May/2006:04:03:06 -0400] "GET /robots.txt HTTP/1.0" 404 204 "-" "Mozilla/5.0 (compatible; Yahoo! Slurp; http://help.yahoo.com/help/us/ysearch/slurp)"
72.30.61.88 - - [24/May/2006:04:03:07 -0400] "GET /pages/2/page2.html HTTP/1.0" 200 2003 "-" "Mozilla/5.0 (compatible; Yahoo! Slurp; http://help.yahoo.com/help/us/ysearch/slurp)"
68.142.251.92 - - [24/May/2006:06:09:39 -0400] "GET /robots.txt HTTP/1.0" 404 204 "-" "Mozilla/5.0 (compatible; Yahoo! Slurp; http://help.yahoo.com/help/us/ysearch/slurp)"
66.249.66.212 - - [24/May/2006:06:12:18 -0400] "GET / HTTP/1.1" 304 - "-" "Mozilla/5.0 (compatible; Googlebot/2.1; +http://www.google.com/bot.html)"
66.249.66.212 - - [24/May/2006:06:12:18 -0400] "GET /robots.txt HTTP/1.1" 404 216 "-" "Mozilla/5.0 (compatible; Googlebot/2.1; +http://www.google.com/bot.html)"
70.184.20.104 - - [24/May/2006:11:51:02 -0400] "GET /pages/2/page2.html HTTP/1.1" 200 2003 "-" "Mozilla/4.0 (compatible; MSIE 6.0; Windows NT 5.1; SV1)"
70.184.20.104 - - [24/May/2006:11:51:03 -0400] "GET /338/scripts/master.css HTTP/1.1" 404 228 "http://www.ammunition-ccc.net/pages/2/page2.html" "Mozilla/4.0 (compatible; MSIE 6.0; Windows NT 5.1; SV1)"
70.184.20.104 - - [24/May/2006:11:51:03 -0400] "GET /scripts/user.js HTTP/1.1" 404 221 "http://www.ammunition-ccc.net/pages/2/page2.html" "Mozilla/4.0 (compatible; MSIE 6.0; Windows NT 5.1; SV1)"
70.184.20.104 - - [24/May/2006:11:51:04 -0400] "GET /pages/2/MarkIV-front.jpg HTTP/1.1" 200 18229 "http://www.ammunition-ccc.net/pages/2/page2.html" "Mozilla/4.0 (compatible; MSIE 6.0; Windows NT 5.1; SV1)"
70.184.20.104 - - [24/May/2006:11:51:04 -0400] "GET /pages/2/page2.2.jpg HTTP/1.1" 200 71642 "http://www.ammunition-ccc.net/pages/2/page2.html" "Mozilla/4.0 (compatible; MSIE 6.0; Windows NT 5.1; SV1)"
66.194.6.73 - - [24/May/2006:12:14:50 -0400] "GET / HTTP/1.1" 200 287 "-" "Mozilla/5.0 (compatible; Konqueror/3.0-rc6; i686 Linux; 20020625)"
66.194.6.73 - - [24/May/2006:12:14:50 -0400] "GET / HTTP/1.1" 200 287 "-" "Mozilla/5.0 (compatible; Konqueror/3.0-rc5; i686 Linux; 20021021)"
68.142.251.156 - - [24/May/2006:18:06:26 -0400] "GET /robots.txt HTTP/1.0" 404 204 "-" "Mozilla/5.0 (compatible; Yahoo! Slurp; http://help.yahoo.com/help/us/ysearch/slurp)"
68.142.250.115 - - [24/May/2006:18:11:11 -0400] "GET /pages/2 HTTP/1.0" 301 242 "-" "Mozilla/5.0 (compatible; Yahoo! Slurp; http://help.yahoo.com/help/us/ysearch/slurp)"
68.142.250.115 - - [24/May/2006:18:12:12 -0400] "GET /pages/2/ HTTP/1.0" 403 206 "-" "Mozilla/5.0 (compatible; Yahoo! Slurp; http://help.yahoo.com/help/us/ysearch/slurp)"
68.142.251.97 - - [24/May/2006:21:01:36 -0400] "GET /robots.txt HTTP/1.0" 404 204 "-" "Mozilla/5.0 (compatible; Yahoo! Slurp; http://help.yahoo.com/help/us/ysearch/slurp)"
68.142.251.29 - - [24/May/2006:21:04:44 -0400] "GET / HTTP/1.0" 200 287 "-" "Mozilla/5.0 (compatible; Yahoo! Slurp; http://help.yahoo.com/help/us/ysearch/slurp)"
4.235.241.132 - - [24/May/2006:22:55:00 -0400] "GET /pages/2/page2.html HTTP/1.1" 200 2003 "http://www.cccammo.com/" "Mozilla/4.0 (compatible; MSIE 6.0; Windows NT 5.1; SV1; .NET CLR 1.1.4322)"
4.235.241.132 - - [24/May/2006:22:55:01 -0400] "GET /scripts/user.js HTTP/1.1" 404 221 "http://www.ammunition-ccc.net/pages/2/page2.html" "Mozilla/4.0 (compatible; MSIE 6.0; Windows NT 5.1; SV1; .NET CLR 1.1.4322)"
4.235.241.132 - - [24/May/2006:22:55:01 -0400] "GET /338/scripts/master.css HTTP/1.1" 404 228 "http://www.ammunition-ccc.net/pages/2/page2.html" "Mozilla/4.0 (compatible; MSIE 6.0; Windows NT 5.1; SV1; .NET CLR 1.1.4322)"
4.235.241.132 - - [24/May/2006:22:55:07 -0400] "GET /pages/2/MarkIV-front.jpg HTTP/1.1" 200 18229 "http://www.ammunition-ccc.net/pages/2/page2.html" "Mozilla/4.0 (compatible; MSIE 6.0; Windows NT 5.1; SV1; .NET CLR 1.1.4322)"
4.235.241.132 - - [24/May/2006:22:55:16 -0400] "GET /pages/2/page2.2.jpg HTTP/1.1" 200 71642 "http://www.ammunition-ccc.net/pages/2/page2.html" "Mozilla/4.0 (compatible; MSIE 6.0; Windows NT 5.1; SV1; .NET CLR 1.1.4322)"
83.36.78.213 - - [12/May/2006:06:00:18 -0400] "GET /pages/2/page2.html HTTP/1.1" 200 2003 "-" "Mozilla/4.0 (compatible; MSIE 6.0; Windows 98)"
66.194.6.76 - - [12/May/2006:06:56:24 -0400] "GET / HTTP/1.1" 200 287 "-" "Mozilla/5.0 (compatible; Konqueror/3.1-rc4; i686 Linux; 20021101)"
67.49.35.237 - - [12/May/2006:21:55:22 -0400] "GET /pages/2/page2.html HTTP/1.1" 200 2003 "http://cccammo.com/" "Mozilla/5.0 (Windows; U; Windows NT 5.1; en-US; rv:1.8.0.3) Gecko/20060426 Firefox/1.5.0.3"
67.49.35.237 - - [12/May/2006:21:55:22 -0400] "GET /338/scripts/master.css HTTP/1.1" 404 228 "http://www.ammunition-ccc.net/pages/2/page2.html" "Mozilla/5.0 (Windows; U; Windows NT 5.1; en-US; rv:1.8.0.3) Gecko/20060426 Firefox/1.5.0.3"
67.49.35.237 - - [12/May/2006:21:55:22 -0400] "GET /scripts/user.js HTTP/1.1" 404 221 "http://www.ammunition-ccc.net/pages/2/page2.html" "Mozilla/5.0 (Windows; U; Windows NT 5.1; en-US; rv:1.8.0.3) Gecko/20060426 Firefox/1.5.0.3"
67.49.35.237 - - [12/May/2006:21:55:23 -0400] "GET /pages/2/MarkIV-front.jpg HTTP/1.1" 200 18229 "http://www.ammunition-ccc.net/pages/2/page2.html" "Mozilla/5.0 (Windows; U; Windows NT 5.1; en-US; rv:1.8.0.3) Gecko/20060426 Firefox/1.5.0.3"
67.49.35.237 - - [12/May/2006:21:55:23 -0400] "GET /favicon.ico HTTP/1.1" 404 217 "-" "Mozilla/5.0 (Windows; U; Windows NT 5.1; en-US; rv:1.8.0.3) Gecko/20060426 Firefox/1.5.0.3"
67.49.35.237 - - [12/May/2006:21:55:23 -0400] "GET /pages/2/page2.2.jpg HTTP/1.1" 200 71642 "http://www.ammunition-ccc.net/pages/2/page2.html" "Mozilla/5.0 (Windows; U; Windows NT 5.1; en-US; rv:1.8.0.3) Gecko/20060426 Firefox/1.5.0.3"
65.214.44.193 - - [13/May/2006:03:40:07 -0400] "GET /robots.txt HTTP/1.0" 404 204 "-" "Mozilla/2.0 (compatible; Ask Jeeves/Teoma; +http://sp.ask.com/docs/about/tech_crawling.html)"
207.200.116.203 - - [13/May/2006:15:21:45 -0400] "GET /pages/2/page2.html HTTP/1.0" 200 2003 "http://www.cccammo.com/" "Mozilla/4.0 (compatible; MSIE 6.0; AOL 9.0; Windows NT 5.1; SV1; .NET CLR 1.1.4322)"
207.200.116.139 - - [13/May/2006:15:21:46 -0400] "GET /scripts/user.js HTTP/1.0" 404 209 "http://www.ammunition-ccc.net/pages/2/page2.html" "Mozilla/4.0 (compatible; MSIE 6.0; AOL 9.0; Windows NT 5.1; SV1; .NET CLR 1.1.4322)"
207.200.116.137 - - [13/May/2006:15:21:46 -0400] "GET /338/scripts/master.css HTTP/1.0" 404 216 "http://www.ammunition-ccc.net/pages/2/page2.html" "Mozilla/4.0 (compatible; MSIE 6.0; AOL 9.0; Windows NT 5.1; SV1; .NET CLR 1.1.4322)"
207.200.116.65 - - [13/May/2006:15:21:48 -0400] "GET /pages/2/page2.2.jpg HTTP/1.0" 200 71642 "http://www.ammunition-ccc.net/pages/2/page2.html" "Mozilla/4.0 (compatible; MSIE 6.0; AOL 9.0; Windows NT 5.1; SV1; .NET CLR 1.1.4322)"
68.142.251.133 - - [13/May/2006:16:24:48 -0400] "GET /robots.txt HTTP/1.0" 404 204 "-" "Mozilla/5.0 (compatible; Yahoo! Slurp; http://help.yahoo.com/help/us/ysearch/slurp)"
72.30.216.18 - - [13/May/2006:20:30:33 -0400] "GET /robots.txt HTTP/1.0" 404 204 "-" "Mozilla/5.0 (compatible; Yahoo! Slurp; http://help.yahoo.com/help/us/ysearch/slurp)"
72.30.129.109 - - [13/May/2006:20:36:14 -0400] "GET /pages/2/ HTTP/1.0" 403 206 "-" "Mozilla/5.0 (compatible; Yahoo! Slurp; http://help.yahoo.com/help/us/ysearch/slurp)"
209.193.43.51 - - [25/May/2006:02:42:15 -0400] "GET /pages/2/page2.html HTTP/1.1" 200 2003 "http://www.cccammo.com/" "Mozilla/4.0 (compatible; MSIE 6.0; Windows 98)"
209.193.43.51 - - [25/May/2006:02:42:16 -0400] "GET /scripts/user.js HTTP/1.1" 404 221 "http://www.ammunition-ccc.net/pages/2/page2.html" "Mozilla/4.0 (compatible; MSIE 6.0; Windows 98)"
209.193.43.51 - - [25/May/2006:02:42:16 -0400] "GET /338/scripts/master.css HTTP/1.1" 404 228 "http://www.ammunition-ccc.net/pages/2/page2.html" "Mozilla/4.0 (compatible; MSIE 6.0; Windows 98)"
209.193.43.51 - - [25/May/2006:02:42:20 -0400] "GET /pages/2/MarkIV-front.jpg HTTP/1.1" 200 18229 "http://www.ammunition-ccc.net/pages/2/page2.html" "Mozilla/4.0 (compatible; MSIE 6.0; Windows 98)"
209.193.43.51 - - [25/May/2006:02:42:38 -0400] "GET /pages/2/page2.2.jpg HTTP/1.1" 200 71642 "http://www.ammunition-ccc.net/pages/2/page2.html" "Mozilla/4.0 (compatible; MSIE 6.0; Windows 98)"
64.242.88.60 - - [25/May/2006:17:13:31 -0400] "GET /robots.txt HTTP/1.1" 404 216 "-" "Mozilla/4.0 compatible ZyBorg/1.0 (wn-16.zyborg@looksmart.net; http://www.WISEnutbot.com)"
64.242.88.60 - - [25/May/2006:18:14:17 -0400] "GET / HTTP/1.1" 200 287 "-" "Mozilla/4.0 compatible ZyBorg/1.0 (wn-16.zyborg@looksmart.net; http://www.WISEnutbot.com)"
66.249.66.237 - - [27/May/2006:00:21:15 -0400] "GET /robots.txt HTTP/1.1" 404 216 "-" "Mozilla/5.0 (compatible; Googlebot/2.1; +http://www.google.com/bot.html)"
66.249.66.237 - - [27/May/2006:00:21:16 -0400] "GET / HTTP/1.1" 200 287 "-" "Mozilla/5.0 (compatible; Googlebot/2.1; +http://www.google.com/bot.html)"
83.36.78.213 - - [12/May/2006:06:00:18 -0400] "GET /pages/2/page2.html HTTP/1.1" 200 2003 "-" "Mozilla/4.0 (compatible; MSIE 6.0; Windows 98)"
66.194.6.76 - - [12/May/2006:06:56:24 -0400] "GET / HTTP/1.1" 200 287 "-" "Mozilla/5.0 (compatible; Konqueror/3.1-rc4; i686 Linux; 20021101)"
67.49.35.237 - - [12/May/2006:21:55:22 -0400] "GET /pages/2/page2.html HTTP/1.1" 200 2003 "http://cccammo.com/" "Mozilla/5.0 (Windows; U; Windows NT 5.1; en-US; rv:1.8.0.3) Gecko/20060426 Firefox/1.5.0.3"
67.49.35.237 - - [12/May/2006:21:55:22 -0400] "GET /338/scripts/master.css HTTP/1.1" 404 228 "http://www.ammunition-ccc.net/pages/2/page2.html" "Mozilla/5.0 (Windows; U; Windows NT 5.1; en-US; rv:1.8.0.3) Gecko/20060426 Firefox/1.5.0.3"
67.49.35.237 - - [12/May/2006:21:55:22 -0400] "GET /scripts/user.js HTTP/1.1" 404 221 "http://www.ammunition-ccc.net/pages/2/page2.html" "Mozilla/5.0 (Windows; U; Windows NT 5.1; en-US; rv:1.8.0.3) Gecko/20060426 Firefox/1.5.0.3"
67.49.35.237 - - [12/May/2006:21:55:23 -0400] "GET /pages/2/MarkIV-front.jpg HTTP/1.1" 200 18229 "http://www.ammunition-ccc.net/pages/2/page2.html" "Mozilla/5.0 (Windows; U; Windows NT 5.1; en-US; rv:1.8.0.3) Gecko/20060426 Firefox/1.5.0.3"
67.49.35.237 - - [12/May/2006:21:55:23 -0400] "GET /favicon.ico HTTP/1.1" 404 217 "-" "Mozilla/5.0 (Windows; U; Windows NT 5.1; en-US; rv:1.8.0.3) Gecko/20060426 Firefox/1.5.0.3"
67.49.35.237 - - [12/May/2006:21:55:23 -0400] "GET /pages/2/page2.2.jpg HTTP/1.1" 200 71642 "http://www.ammunition-ccc.net/pages/2/page2.html" "Mozilla/5.0 (Windows; U; Windows NT 5.1; en-US; rv:1.8.0.3) Gecko/20060426 Firefox/1.5.0.3"
65.214.44.193 - - [13/May/2006:03:40:07 -0400] "GET /robots.txt HTTP/1.0" 404 204 "-" "Mozilla/2.0 (compatible; Ask Jeeves/Teoma; +http://sp.ask.com/docs/about/tech_crawling.html)"
207.200.116.203 - - [13/May/2006:15:21:45 -0400] "GET /pages/2/page2.html HTTP/1.0" 200 2003 "http://www.cccammo.com/" "Mozilla/4.0 (compatible; MSIE 6.0; AOL 9.0; Windows NT 5.1; SV1; .NET CLR 1.1.4322)"
207.200.116.139 - - [13/May/2006:15:21:46 -0400] "GET /scripts/user.js HTTP/1.0" 404 209 "http://www.ammunition-ccc.net/pages/2/page2.html" "Mozilla/4.0 (compatible; MSIE 6.0; AOL 9.0; Windows NT 5.1; SV1; .NET CLR 1.1.4322)"
207.200.116.137 - - [13/May/2006:15:21:46 -0400] "GET /338/scripts/master.css HTTP/1.0" 404 216 "http://www.ammunition-ccc.net/pages/2/page2.html" "Mozilla/4.0 (compatible; MSIE 6.0; AOL 9.0; Windows NT 5.1; SV1; .NET CLR 1.1.4322)"
207.200.116.65 - - [13/May/2006:15:21:48 -0400] "GET /pages/2/page2.2.jpg HTTP/1.0" 200 71642 "http://www.ammunition-ccc.net/pages/2/page2.html" "Mozilla/4.0 (compatible; MSIE 6.0; AOL 9.0; Windows NT 5.1; SV1; .NET CLR 1.1.4322)"
68.142.251.133 - - [13/May/2006:16:24:48 -0400] "GET /robots.txt HTTP/1.0" 404 204 "-" "Mozilla/5.0 (compatible; Yahoo! Slurp; http://help.yahoo.com/help/us/ysearch/slurp)"
72.30.216.18 - - [13/May/2006:20:30:33 -0400] "GET /robots.txt HTTP/1.0" 404 204 "-" "Mozilla/5.0 (compatible; Yahoo! Slurp; http://help.yahoo.com/help/us/ysearch/slurp)"
72.30.129.109 - - [13/May/2006:20:36:14 -0400] "GET /pages/2/ HTTP/1.0" 403 206 "-" "Mozilla/5.0 (compatible; Yahoo! Slurp; http://help.yahoo.com/help/us/ysearch/slurp)"
71.201.129.230 - - [27/May/2006:01:55:07 -0400] "GET /scripts/user.js HTTP/1.1" 404 221 "http://www.ammunition-ccc.net/pages/2/page2.html" "Mozilla/4.0 (compatible; MSIE 6.0; Windows NT 5.1; SV1)"
71.201.129.230 - - [27/May/2006:01:55:07 -0400] "GET /pages/2/page2.2.jpg HTTP/1.1" 200 71642 "http://www.ammunition-ccc.net/pages/2/page2.html" "Mozilla/4.0 (compatible; MSIE 6.0; Windows NT 5.1; SV1)"
71.201.129.230 - - [27/May/2006:01:55:07 -0400] "GET /pages/2/page2.html HTTP/1.1" 200 2003 "http://www.cccammo.com/" "Mozilla/4.0 (compatible; MSIE 6.0; Windows NT 5.1; SV1)"
71.201.129.230 - - [27/May/2006:01:55:07 -0400] "GET /338/scripts/master.css HTTP/1.1" 404 228 "http://www.ammunition-ccc.net/pages/2/page2.html" "Mozilla/4.0 (compatible; MSIE 6.0; Windows NT 5.1; SV1)"
71.201.129.230 - - [27/May/2006:01:55:07 -0400] "GET /pages/2/MarkIV-front.jpg HTTP/1.1" 200 18229 "http://www.ammunition-ccc.net/pages/2/page2.html" "Mozilla/4.0 (compatible; MSIE 6.0; Windows NT 5.1; SV1)"
136.2.1.153 - - [27/May/2006:04:05:14 -0400] "GET /pages/2/page2.html HTTP/1.1" 200 2003 "http://www.cccammo.com/" "Mozilla/4.0 (compatible; MSIE 6.0; Windows NT 5.1; F-6.0SP1-20030218)"
136.2.1.153 - - [27/May/2006:04:05:14 -0400] "GET /338/scripts/master.css HTTP/1.1" 404 228 "http://www.ammunition-ccc.net/pages/2/page2.html" "Mozilla/4.0 (compatible; MSIE 6.0; Windows NT 5.1; F-6.0SP1-20030218)"
136.2.1.153 - - [27/May/2006:04:05:14 -0400] "GET /pages/2/page2.2.jpg HTTP/1.1" 200 71642 "http://www.ammunition-ccc.net/pages/2/page2.html" "Mozilla/4.0 (compatible; MSIE 6.0; Windows NT 5.1; F-6.0SP1-20030218)"
136.2.1.153 - - [27/May/2006:04:05:14 -0400] "GET /scripts/user.js HTTP/1.1" 404 221 "http://www.ammunition-ccc.net/pages/2/page2.html" "Mozilla/4.0 (compatible; MSIE 6.0; Windows NT 5.1; F-6.0SP1-20030218)"
136.2.1.153 - - [27/May/2006:04:05:14 -0400] "GET /pages/2/MarkIV-front.jpg HTTP/1.1" 200 18229 "http://www.ammunition-ccc.net/pages/2/page2.html" "Mozilla/4.0 (compatible; MSIE 6.0; Windows NT 5.1; F-6.0SP1-20030218)"
64.242.88.60 - - [27/May/2006:06:06:17 -0400] "GET /robots.txt HTTP/1.1" 404 216 "-" "Mozilla/4.0 compatible ZyBorg/1.0 (wn-16.zyborg@looksmart.net; http://www.WISEnutbot.com)"
65.214.44.38 - - [27/May/2006:09:19:27 -0400] "GET /robots.txt HTTP/1.0" 404 204 "-" "Mozilla/2.0 (compatible; Ask Jeeves/Teoma; +http://about.ask.com/en/docs/about/webmasters.shtml)"
65.214.44.38 - - [27/May/2006:09:19:27 -0400] "GET /pages/6/index.htm HTTP/1.0" 304 - "-" "Mozilla/2.0 (compatible; Ask Jeeves/Teoma; +http://about.ask.com/en/docs/about/webmasters.shtml)"
68.142.251.158 - - [27/May/2006:09:56:30 -0400] "GET /robots.txt HTTP/1.0" 404 204 "-" "Mozilla/5.0 (compatible; Yahoo! Slurp; http://help.yahoo.com/help/us/ysearch/slurp)"
68.142.250.20 - - [27/May/2006:10:01:02 -0400] "GET /pages/1 HTTP/1.0" 301 242 "-" "Mozilla/5.0 (compatible; Yahoo! Slurp; http://help.yahoo.com/help/us/ysearch/slurp)"
68.142.250.20 - - [27/May/2006:10:08:50 -0400] "GET /pages/1/ HTTP/1.0" 200 10389 "-" "Mozilla/5.0 (compatible; Yahoo! Slurp; http://help.yahoo.com/help/us/ysearch/slurp)"
65.214.44.38 - - [27/May/2006:11:25:12 -0400] "GET /pages/2/page2.html HTTP/1.0" 200 2003 "-" "Mozilla/2.0 (compatible; Ask Jeeves/Teoma; +http://about.ask.com/en/docs/about/webmasters.shtml)"
65.214.44.38 - - [27/May/2006:11:45:02 -0400] "GET /pages/1/index.htm HTTP/1.0" 304 - "-" "Mozilla/2.0 (compatible; Ask Jeeves/Teoma; +http://about.ask.com/en/docs/about/webmasters.shtml)"
65.214.44.38 - - [27/May/2006:11:57:21 -0400] "GET /pages/5/index.htm HTTP/1.0" 304 - "-" "Mozilla/2.0 (compatible; Ask Jeeves/Teoma; +http://about.ask.com/en/docs/about/webmasters.shtml)"
65.214.44.38 - - [27/May/2006:12:48:10 -0400] "GET /pages/2/index.htm HTTP/1.0" 404 211 "-" "Mozilla/2.0 (compatible; Ask Jeeves/Teoma; +http://about.ask.com/en/docs/about/webmasters.shtml)"
209.139.220.252 - - [27/May/2006:15:03:00 -0400] "GET / HTTP/1.1" 200 287 "http://yellowbrickroad.to.oz" "Inquent-Metamend/1.0"
209.120.206.178 - - [27/May/2006:15:03:12 -0400] "GET / HTTP/1.0" 200 287 "-" "Marvin v0.3"
83.36.78.213 - - [12/May/2006:06:00:18 -0400] "GET /pages/2/page2.html HTTP/1.1" 200 2003 "-" "Mozilla/4.0 (compatible; MSIE 6.0; Windows 98)"
66.194.6.76 - - [12/May/2006:06:56:24 -0400] "GET / HTTP/1.1" 200 287 "-" "Mozilla/5.0 (compatible; Konqueror/3.1-rc4; i686 Linux; 20021101)"
67.49.35.237 - - [12/May/2006:21:55:22 -0400] "GET /pages/2/page2.html HTTP/1.1" 200 2003 "http://cccammo.com/" "Mozilla/5.0 (Windows; U; Windows NT 5.1; en-US; rv:1.8.0.3) Gecko/20060426 Firefox/1.5.0.3"
67.49.35.237 - - [12/May/2006:21:55:22 -0400] "GET /338/scripts/master.css HTTP/1.1" 404 228 "http://www.ammunition-ccc.net/pages/2/page2.html" "Mozilla/5.0 (Windows; U; Windows NT 5.1; en-US; rv:1.8.0.3) Gecko/20060426 Firefox/1.5.0.3"
67.49.35.237 - - [12/May/2006:21:55:22 -0400] "GET /scripts/user.js HTTP/1.1" 404 221 "http://www.ammunition-ccc.net/pages/2/page2.html" "Mozilla/5.0 (Windows; U; Windows NT 5.1; en-US; rv:1.8.0.3) Gecko/20060426 Firefox/1.5.0.3"
67.49.35.237 - - [12/May/2006:21:55:23 -0400] "GET /pages/2/MarkIV-front.jpg HTTP/1.1" 200 18229 "http://www.ammunition-ccc.net/pages/2/page2.html" "Mozilla/5.0 (Windows; U; Windows NT 5.1; en-US; rv:1.8.0.3) Gecko/20060426 Firefox/1.5.0.3"
67.49.35.237 - - [12/May/2006:21:55:23 -0400] "GET /favicon.ico HTTP/1.1" 404 217 "-" "Mozilla/5.0 (Windows; U; Windows NT 5.1; en-US; rv:1.8.0.3) Gecko/20060426 Firefox/1.5.0.3"
67.49.35.237 - - [12/May/2006:21:55:23 -0400] "GET /pages/2/page2.2.jpg HTTP/1.1" 200 71642 "http://www.ammunition-ccc.net/pages/2/page2.html" "Mozilla/5.0 (Windows; U; Windows NT 5.1; en-US; rv:1.8.0.3) Gecko/20060426 Firefox/1.5.0.3"
65.214.44.193 - - [13/May/2006:03:40:07 -0400] "GET /robots.txt HTTP/1.0" 404 204 "-" "Mozilla/2.0 (compatible; Ask Jeeves/Teoma; +http://sp.ask.com/docs/about/tech_crawling.html)"
207.200.116.203 - - [13/May/2006:15:21:45 -0400] "GET /pages/2/page2.html HTTP/1.0" 200 2003 "http://www.cccammo.com/" "Mozilla/4.0 (compatible; MSIE 6.0; AOL 9.0; Windows NT 5.1; SV1; .NET CLR 1.1.4322)"
207.200.116.139 - - [13/May/2006:15:21:46 -0400] "GET /scripts/user.js HTTP/1.0" 404 209 "http://www.ammunition-ccc.net/pages/2/page2.html" "Mozilla/4.0 (compatible; MSIE 6.0; AOL 9.0; Windows NT 5.1; SV1; .NET CLR 1.1.4322)"
207.200.116.137 - - [13/May/2006:15:21:46 -0400] "GET /338/scripts/master.css HTTP/1.0" 404 216 "http://www.ammunition-ccc.net/pages/2/page2.html" "Mozilla/4.0 (compatible; MSIE 6.0; AOL 9.0; Windows NT 5.1; SV1; .NET CLR 1.1.4322)"
207.200.116.65 - - [13/May/2006:15:21:48 -0400] "GET /pages/2/page2.2.jpg HTTP/1.0" 200 71642 "http://www.ammunition-ccc.net/pages/2/page2.html" "Mozilla/4.0 (compatible; MSIE 6.0; AOL 9.0; Windows NT 5.1; SV1; .NET CLR 1.1.4322)"
68.142.251.133 - - [13/May/2006:16:24:48 -0400] "GET /robots.txt HTTP/1.0" 404 204 "-" "Mozilla/5.0 (compatible; Yahoo! Slurp; http://help.yahoo.com/help/us/ysearch/slurp)"
72.30.216.18 - - [13/May/2006:20:30:33 -0400] "GET /robots.txt HTTP/1.0" 404 204 "-" "Mozilla/5.0 (compatible; Yahoo! Slurp; http://help.yahoo.com/help/us/ysearch/slurp)"
72.30.129.109 - - [13/May/2006:20:36:14 -0400] "GET /pages/2/ HTTP/1.0" 403 206 "-" "Mozilla/5.0 (compatible; Yahoo! Slurp; http://help.yahoo.com/help/us/ysearch/slurp)"
68.142.251.158 - - [28/May/2006:11:24:59 -0400] "GET /robots.txt HTTP/1.0" 404 204 "-" "Mozilla/5.0 (compatible; Yahoo! Slurp; http://help.yahoo.com/help/us/ysearch/slurp)"
66.194.6.70 - - [28/May/2006:11:59:40 -0400] "GET / HTTP/1.1" 200 287 "-" "Mozilla/4.0 (compatible; MSIE 6.0; Windows NT 5.1; Q312468)"
66.194.6.70 - - [28/May/2006:11:59:40 -0400] "GET / HTTP/1.1" 200 287 "-" "Mozilla/4.0 (compatible; MSIE 6.0; Windows NT 5.1; Q312464)"
69.173.77.117 - - [28/May/2006:21:38:27 -0400] "GET /favicon.ico HTTP/1.1" 404 217 "-" "-"
69.173.77.117 - - [28/May/2006:21:38:52 -0400] "GET /favicon.ico HTTP/1.1" 404 217 "-" "-"
83.36.78.213 - - [12/May/2006:06:00:18 -0400] "GET /pages/2/page2.html HTTP/1.1" 200 2003 "-" "Mozilla/4.0 (compatible; MSIE 6.0; Windows 98)"
66.194.6.76 - - [12/May/2006:06:56:24 -0400] "GET / HTTP/1.1" 200 287 "-" "Mozilla/5.0 (compatible; Konqueror/3.1-rc4; i686 Linux; 20021101)"
67.49.35.237 - - [12/May/2006:21:55:22 -0400] "GET /pages/2/page2.html HTTP/1.1" 200 2003 "http://cccammo.com/" "Mozilla/5.0 (Windows; U; Windows NT 5.1; en-US; rv:1.8.0.3) Gecko/20060426 Firefox/1.5.0.3"
67.49.35.237 - - [12/May/2006:21:55:22 -0400] "GET /338/scripts/master.css HTTP/1.1" 404 228 "http://www.ammunition-ccc.net/pages/2/page2.html" "Mozilla/5.0 (Windows; U; Windows NT 5.1; en-US; rv:1.8.0.3) Gecko/20060426 Firefox/1.5.0.3"
67.49.35.237 - - [12/May/2006:21:55:22 -0400] "GET /scripts/user.js HTTP/1.1" 404 221 "http://www.ammunition-ccc.net/pages/2/page2.html" "Mozilla/5.0 (Windows; U; Windows NT 5.1; en-US; rv:1.8.0.3) Gecko/20060426 Firefox/1.5.0.3"
67.49.35.237 - - [12/May/2006:21:55:23 -0400] "GET /pages/2/MarkIV-front.jpg HTTP/1.1" 200 18229 "http://www.ammunition-ccc.net/pages/2/page2.html" "Mozilla/5.0 (Windows; U; Windows NT 5.1; en-US; rv:1.8.0.3) Gecko/20060426 Firefox/1.5.0.3"
67.49.35.237 - - [12/May/2006:21:55:23 -0400] "GET /favicon.ico HTTP/1.1" 404 217 "-" "Mozilla/5.0 (Windows; U; Windows NT 5.1; en-US; rv:1.8.0.3) Gecko/20060426 Firefox/1.5.0.3"
67.49.35.237 - - [12/May/2006:21:55:23 -0400] "GET /pages/2/page2.2.jpg HTTP/1.1" 200 71642 "http://www.ammunition-ccc.net/pages/2/page2.html" "Mozilla/5.0 (Windows; U; Windows NT 5.1; en-US; rv:1.8.0.3) Gecko/20060426 Firefox/1.5.0.3"
65.214.44.193 - - [13/May/2006:03:40:07 -0400] "GET /robots.txt HTTP/1.0" 404 204 "-" "Mozilla/2.0 (compatible; Ask Jeeves/Teoma; +http://sp.ask.com/docs/about/tech_crawling.html)"
207.200.116.203 - - [13/May/2006:15:21:45 -0400] "GET /pages/2/page2.html HTTP/1.0" 200 2003 "http://www.cccammo.com/" "Mozilla/4.0 (compatible; MSIE 6.0; AOL 9.0; Windows NT 5.1; SV1; .NET CLR 1.1.4322)"
207.200.116.139 - - [13/May/2006:15:21:46 -0400] "GET /scripts/user.js HTTP/1.0" 404 209 "http://www.ammunition-ccc.net/pages/2/page2.html" "Mozilla/4.0 (compatible; MSIE 6.0; AOL 9.0; Windows NT 5.1; SV1; .NET CLR 1.1.4322)"
207.200.116.137 - - [13/May/2006:15:21:46 -0400] "GET /338/scripts/master.css HTTP/1.0" 404 216 "http://www.ammunition-ccc.net/pages/2/page2.html" "Mozilla/4.0 (compatible; MSIE 6.0; AOL 9.0; Windows NT 5.1; SV1; .NET CLR 1.1.4322)"
207.200.116.65 - - [13/May/2006:15:21:48 -0400] "GET /pages/2/page2.2.jpg HTTP/1.0" 200 71642 "http://www.ammunition-ccc.net/pages/2/page2.html" "Mozilla/4.0 (compatible; MSIE 6.0; AOL 9.0; Windows NT 5.1; SV1; .NET CLR 1.1.4322)"
68.142.251.133 - - [13/May/2006:16:24:48 -0400] "GET /robots.txt HTTP/1.0" 404 204 "-" "Mozilla/5.0 (compatible; Yahoo! Slurp; http://help.yahoo.com/help/us/ysearch/slurp)"
72.30.216.18 - - [13/May/2006:20:30:33 -0400] "GET /robots.txt HTTP/1.0" 404 204 "-" "Mozilla/5.0 (compatible; Yahoo! Slurp; http://help.yahoo.com/help/us/ysearch/slurp)"
72.30.129.109 - - [13/May/2006:20:36:14 -0400] "GET /pages/2/ HTTP/1.0" 403 206 "-" "Mozilla/5.0 (compatible; Yahoo! Slurp; http://help.yahoo.com/help/us/ysearch/slurp)"
68.142.251.158 - - [28/May/2006:11:24:59 -0400] "GET /robots.txt HTTP/1.0" 404 204 "-" "Mozilla/5.0 (compatible; Yahoo! Slurp; http://help.yahoo.com/help/us/ysearch/slurp)"
66.194.6.70 - - [28/May/2006:11:59:40 -0400] "GET / HTTP/1.1" 200 287 "-" "Mozilla/4.0 (compatible; MSIE 6.0; Windows NT 5.1; Q312468)"
69.173.77.117 - - [28/May/2006:21:38:52 -0400] "GET /favicon.ico HTTP/1.1" 404 217 "-" "-"
66.194.6.80 - - [29/May/2006:05:55:40 -0400] "GET / HTTP/1.1" 200 287 "-" "Mozilla/5.0 (compatible; Konqueror/3.0-rc1; i686 Linux; 20020624)"
198.8.3.35 - - [29/May/2006:12:24:12 -0400] "GET /338/scripts/master.css HTTP/1.0" 404 216 "http://www.ammunition-ccc.net/pages/2/page2.html" "Mozilla/4.0 (compatible; MSIE 6.0; Windows NT 5.0; H010818; Entergy; .NET CLR 1.0.3705; .NET CLR 1.1.4322)"
198.8.3.35 - - [29/May/2006:12:24:12 -0400] "GET /scripts/user.js HTTP/1.0" 404 209 "http://www.ammunition-ccc.net/pages/2/page2.html" "Mozilla/4.0 (compatible; MSIE 6.0; Windows NT 5.0; H010818; Entergy; .NET CLR 1.0.3705; .NET CLR 1.1.4322)"
204.246.129.196 - - [29/May/2006:12:24:12 -0400] "GET /scripts/user.js HTTP/1.1" 404 221 "-" "Mozilla/4.0 (compatible; MSIE 5.5; Windows NT 5.0)"
198.8.3.35 - - [29/May/2006:12:24:12 -0400] "GET /pages/2/MarkIV-front.jpg HTTP/1.0" 200 18229 "http://www.ammunition-ccc.net/pages/2/page2.html" "Mozilla/4.0 (compatible; MSIE 6.0; Windows NT 5.0; H010818; Entergy; .NET CLR 1.0.3705; .NET CLR 1.1.4322)"
204.246.129.196 - - [29/May/2006:12:32:52 -0400] "GET /scripts/user.js HTTP/1.1" 404 221 "-" "Mozilla/4.0 (compatible;)"
69.42.74.75 - - [29/May/2006:16:32:35 -0400] "GET / HTTP/1.1" 200 287 "-" "Mozilla/4.0 (compatible; MSIE 6.0)"
68.142.251.159 - - [29/May/2006:16:55:55 -0400] "GET /robots.txt HTTP/1.0" 404 204 "-" "Mozilla/5.0 (compatible; Yahoo! Slurp; http://help.yahoo.com/help/us/ysearch/slurp)"
209.191.208.204 - - [29/May/2006:18:27:41 -0400] "GET /pages/2/page2.html HTTP/1.1" 200 2003 "http://www.cccammo.com/" "Mozilla/4.0 (compatible; MSIE 6.0; Windows NT 5.1; SV1; PAUL BUNYAN NET; Ringo; .NET CLR 1.1.4322)"
209.191.208.204 - - [29/May/2006:18:27:41 -0400] "GET /338/scripts/master.css HTTP/1.1" 404 228 "http://www.ammunition-ccc.net/pages/2/page2.html" "Mozilla/4.0 (compatible; MSIE 6.0; Windows NT 5.1; SV1; PAUL BUNYAN NET; Ringo; .NET CLR 1.1.4322)"
209.191.208.204 - - [29/May/2006:18:27:41 -0400] "GET /pages/2/MarkIV-front.jpg HTTP/1.1" 200 18229 "http://www.ammunition-ccc.net/pages/2/page2.html" "Mozilla/4.0 (compatible; MSIE 6.0; Windows NT 5.1; SV1; PAUL BUNYAN NET; Ringo; .NET CLR 1.1.4322)"
65.70.39.113 - - [29/May/2006:18:27:44 -0400] "GET /scripts/user.js HTTP/1.1" 404 221 "http://www.ammunition-ccc.net/pages/2/page2.html" "Mozilla/4.0 (compatible; MSIE 6.0; Windows NT 5.1; SV1; FunWebProducts)"
65.70.39.113 - - [29/May/2006:18:27:44 -0400] "GET /pages/2/page2.2.jpg HTTP/1.1" 200 71642 "http://www.ammunition-ccc.net/pages/2/page2.html" "Mozilla/4.0 (compatible; MSIE 6.0; Windows NT 5.1; SV1; FunWebProducts)"
65.70.39.113 - - [29/May/2006:18:27:44 -0400] "GET /pages/2/page2.html HTTP/1.1" 200 2003 "http://cccammo.com/" "Mozilla/4.0 (compatible; MSIE 6.0; Windows NT 5.1; SV1; FunWebProducts)"
65.70.39.113 - - [29/May/2006:18:27:44 -0400] "GET /338/scripts/master.css HTTP/1.1" 404 228 "http://www.ammunition-ccc.net/pages/2/page2.html" "Mozilla/4.0 (compatible; MSIE 6.0; Windows NT 5.1; SV1; FunWebProducts)"
65.70.39.113 - - [29/May/2006:18:27:44 -0400] "GET /pages/2/MarkIV-front.jpg HTTP/1.1" 200 18229 "http://www.ammunition-ccc.net/pages/2/page2.html" "Mozilla/4.0 (compatible; MSIE 6.0; Windows NT 5.1; SV1; FunWebProducts)"
65.70.39.113 - - [29/May/2006:18:27:45 -0400] "GET /favicon.ico HTTP/1.1" 404 217 "-" "-"
83.36.78.213 - - [12/May/2006:06:00:18 -0400] "GET /pages/2/page2.html HTTP/1.1" 200 2003 "-" "Mozilla/4.0 (compatible; MSIE 6.0; Windows 98)"
66.194.6.76 - - [12/May/2006:06:56:24 -0400] "GET / HTTP/1.1" 200 287 "-" "Mozilla/5.0 (compatible; Konqueror/3.1-rc4; i686 Linux; 20021101)"
67.49.35.237 - - [12/May/2006:21:55:22 -0400] "GET /pages/2/page2.html HTTP/1.1" 200 2003 "http://cccammo.com/" "Mozilla/5.0 (Windows; U; Windows NT 5.1; en-US; rv:1.8.0.3) Gecko/20060426 Firefox/1.5.0.3"
67.49.35.237 - - [12/May/2006:21:55:22 -0400] "GET /338/scripts/master.css HTTP/1.1" 404 228 "http://www.ammunition-ccc.net/pages/2/page2.html" "Mozilla/5.0 (Windows; U; Windows NT 5.1; en-US; rv:1.8.0.3) Gecko/20060426 Firefox/1.5.0.3"
67.49.35.237 - - [12/May/2006:21:55:22 -0400] "GET /scripts/user.js HTTP/1.1" 404 221 "http://www.ammunition-ccc.net/pages/2/page2.html" "Mozilla/5.0 (Windows; U; Windows NT 5.1; en-US; rv:1.8.0.3) Gecko/20060426 Firefox/1.5.0.3"
67.49.35.237 - - [12/May/2006:21:55:23 -0400] "GET /pages/2/MarkIV-front.jpg HTTP/1.1" 200 18229 "http://www.ammunition-ccc.net/pages/2/page2.html" "Mozilla/5.0 (Windows; U; Windows NT 5.1; en-US; rv:1.8.0.3) Gecko/20060426 Firefox/1.5.0.3"
67.49.35.237 - - [12/May/2006:21:55:23 -0400] "GET /favicon.ico HTTP/1.1" 404 217 "-" "Mozilla/5.0 (Windows; U; Windows NT 5.1; en-US; rv:1.8.0.3) Gecko/20060426 Firefox/1.5.0.3"
67.49.35.237 - - [12/May/2006:21:55:23 -0400] "GET /pages/2/page2.2.jpg HTTP/1.1" 200 71642 "http://www.ammunition-ccc.net/pages/2/page2.html" "Mozilla/5.0 (Windows; U; Windows NT 5.1; en-US; rv:1.8.0.3) Gecko/20060426 Firefox/1.5.0.3"
65.214.44.193 - - [13/May/2006:03:40:07 -0400] "GET /robots.txt HTTP/1.0" 404 204 "-" "Mozilla/2.0 (compatible; Ask Jeeves/Teoma; +http://sp.ask.com/docs/about/tech_crawling.html)"
207.200.116.203 - - [13/May/2006:15:21:45 -0400] "GET /pages/2/page2.html HTTP/1.0" 200 2003 "http://www.cccammo.com/" "Mozilla/4.0 (compatible; MSIE 6.0; AOL 9.0; Windows NT 5.1; SV1; .NET CLR 1.1.4322)"
207.200.116.139 - - [13/May/2006:15:21:46 -0400] "GET /scripts/user.js HTTP/1.0" 404 209 "http://www.ammunition-ccc.net/pages/2/page2.html" "Mozilla/4.0 (compatible; MSIE 6.0; AOL 9.0; Windows NT 5.1; SV1; .NET CLR 1.1.4322)"
207.200.116.137 - - [13/May/2006:15:21:46 -0400] "GET /338/scripts/master.css HTTP/1.0" 404 216 "http://www.ammunition-ccc.net/pages/2/page2.html" "Mozilla/4.0 (compatible; MSIE 6.0; AOL 9.0; Windows NT 5.1; SV1; .NET CLR 1.1.4322)"
207.200.116.65 - - [13/May/2006:15:21:48 -0400] "GET /pages/2/page2.2.jpg HTTP/1.0" 200 71642 "http://www.ammunition-ccc.net/pages/2/page2.html" "Mozilla/4.0 (compatible; MSIE 6.0; AOL 9.0; Windows NT 5.1; SV1; .NET CLR 1.1.4322)"
68.142.251.133 - - [13/May/2006:16:24:48 -0400] "GET /robots.txt HTTP/1.0" 404 204 "-" "Mozilla/5.0 (compatible; Yahoo! Slurp; http://help.yahoo.com/help/us/ysearch/slurp)"
72.30.216.18 - - [13/May/2006:20:30:33 -0400] "GET /robots.txt HTTP/1.0" 404 204 "-" "Mozilla/5.0 (compatible; Yahoo! Slurp; http://help.yahoo.com/help/us/ysearch/slurp)"
72.30.129.109 - - [13/May/2006:20:36:14 -0400] "GET /pages/2/ HTTP/1.0" 403 206 "-" "Mozilla/5.0 (compatible; Yahoo! Slurp; http://help.yahoo.com/help/us/ysearch/slurp)"
68.142.251.158 - - [28/May/2006:11:24:59 -0400] "GET /robots.txt HTTP/1.0" 404 204 "-" "Mozilla/5.0 (compatible; Yahoo! Slurp; http://help.yahoo.com/help/us/ysearch/slurp)"
66.194.6.70 - - [28/May/2006:11:59:40 -0400] "GET / HTTP/1.1" 200 287 "-" "Mozilla/4.0 (compatible; MSIE 6.0; Windows NT 5.1; Q312468)"
69.173.77.117 - - [28/May/2006:21:38:52 -0400] "GET /favicon.ico HTTP/1.1" 404 217 "-" "-"
68.142.251.159 - - [30/May/2006:03:38:07 -0400] "GET /robots.txt HTTP/1.0" 404 204 "-" "Mozilla/5.0 (compatible; Yahoo! Slurp; http://help.yahoo.com/help/us/ysearch/slurp)"
70.185.2.16 - - [30/May/2006:06:03:33 -0400] "GET /pages/1/WarPaint_1.jpg HTTP/1.1" 200 20663 "http://www.ammunition-ccc.com/pages/1/index.htm" "Mozilla/4.0 (compatible; MSIE 6.0; Windows NT 5.1; SV1; .NET CLR 1.1.4322)"
70.185.2.16 - - [30/May/2006:06:03:33 -0400] "GET /pages/1/C_HorseRider.jpg HTTP/1.1" 200 23108 "http://www.ammunition-ccc.com/pages/1/index.htm" "Mozilla/4.0 (compatible; MSIE 6.0; Windows NT 5.1; SV1; .NET CLR 1.1.4322)"
70.185.2.16 - - [30/May/2006:06:03:33 -0400] "GET /pages/1/index.htm HTTP/1.1" 200 10389 "-" "Mozilla/4.0 (compatible; MSIE 6.0; Windows NT 5.1; SV1; .NET CLR 1.1.4322)"
70.185.2.16 - - [30/May/2006:06:03:33 -0400] "GET /pages/1/redbox2.jpg HTTP/1.1" 200 2949 "http://www.ammunition-ccc.com/pages/1/index.htm" "Mozilla/4.0 (compatible; MSIE 6.0; Windows NT 5.1; SV1; .NET CLR 1.1.4322)"
70.185.2.16 - - [30/May/2006:06:03:33 -0400] "GET /pages/1/45_200.gif HTTP/1.1" 200 11782 "http://www.ammunition-ccc.com/pages/1/index.htm" "Mozilla/4.0 (compatible; MSIE 6.0; Windows NT 5.1; SV1; .NET CLR 1.1.4322)"
70.185.2.16 - - [30/May/2006:06:03:33 -0400] "GET /pages/1/umc_pr_mn.jpg HTTP/1.1" 200 11349 "http://www.ammunition-ccc.com/pages/1/index.htm" "Mozilla/4.0 (compatible; MSIE 6.0; Windows NT 5.1; SV1; .NET CLR 1.1.4322)"
70.185.2.16 - - [30/May/2006:06:03:34 -0400] "GET /pages/1/a223bband.gif HTTP/1.1" 200 9075 "http://www.ammunition-ccc.com/pages/1/index.htm" "Mozilla/4.0 (compatible; MSIE 6.0; Windows NT 5.1; SV1; .NET CLR 1.1.4322)"
70.185.2.16 - - [30/May/2006:06:03:34 -0400] "GET /pages/1/safbul1a.gif HTTP/1.1" 200 2054 "http://www.ammunition-ccc.com/pages/1/index.htm" "Mozilla/4.0 (compatible; MSIE 6.0; Windows NT 5.1; SV1; .NET CLR 1.1.4322)"
70.185.2.16 - - [30/May/2006:07:57:36 -0400] "GET /pages/1/WarPaint_1.jpg HTTP/1.1" 200 20663 "http://www.ammunition-ccc.net/pages/1/index.htm" "Mozilla/4.0 (compatible; MSIE 6.0; Windows NT 5.1; SV1; .NET CLR 1.1.4322)"
70.185.2.16 - - [30/May/2006:07:57:36 -0400] "GET /pages/1/C_HorseRider.jpg HTTP/1.1" 200 23108 "http://www.ammunition-ccc.net/pages/1/index.htm" "Mozilla/4.0 (compatible; MSIE 6.0; Windows NT 5.1; SV1; .NET CLR 1.1.4322)"
70.185.2.16 - - [30/May/2006:07:57:36 -0400] "GET /pages/1/a223bband.gif HTTP/1.1" 200 9075 "http://www.ammunition-ccc.net/pages/1/index.htm" "Mozilla/4.0 (compatible; MSIE 6.0; Windows NT 5.1; SV1; .NET CLR 1.1.4322)"
70.185.2.16 - - [30/May/2006:07:57:57 -0400] "GET /_vti_inf.html HTTP/1.1" 200 1754 "-" "Mozilla/2.0 (compatible; MS FrontPage 4.0)"
70.185.2.16 - ntsl283428 [30/May/2006:07:58:28 -0400] "POST /_vti_bin/_vti_aut/author.exe HTTP/1.1" 401 409 "-" "MSFrontPage/4.0"
70.185.2.16 - - [30/May/2006:07:58:34 -0400] "GET /pages/1/index.htm HTTP/1.1" 200 10389 "-" "Mozilla/2.0 (compatible; MS FrontPage 4.0)"
70.185.2.16 - - [30/May/2006:07:58:35 -0400] "GET /pages/1/45_200.gif HTTP/1.1" 200 11782 "-" "Mozilla/2.0 (compatible; MS FrontPage 4.0)"
70.185.2.16 - - [30/May/2006:07:58:36 -0400] "GET /pages/1/a223bband.gif HTTP/1.1" 200 9075 "-" "Mozilla/2.0 (compatible; MS FrontPage 4.0)"
70.185.2.16 - - [30/May/2006:07:58:42 -0400] "GET /pages/1/C_HorseRider.jpg HTTP/1.1" 200 23108 "-" "Mozilla/2.0 (compatible; MS FrontPage 4.0)"
