67.49.35.237 - - [12/May/2006:21:55:23 -0400] "GET /favicon.ico HTTP/1.1" 404 217 "-" "Mozilla/5.0 (Windows; U; Windows NT 5.1; en-US; rv:1.8.0.3) Gecko/20060426 Firefox/1.5.0.3"
67.49.35.237 - - [12/May/2006:21:55:23 -0400] "GET /pages/2/page2.2.jpg HTTP/1.1" 200 71642 "http://www.ammunition-ccc.net/pages/2/page2.html" "Mozilla/5.0 (Windows; U; Windows NT 5.1; en-US; rv:1.8.0.3) Gecko/20060426 Firefox/1.5.0.3"
65.214.44.193 - - [13/May/2006:03:40:07 -0400] "GET /robots.txt HTTP/1.0" 404 204 "-" "Mozilla/2.0 (compatible; Ask Jeeves/Teoma; +http://sp.ask.com/docs/about/tech_crawling.html)"
207.200.116.203 - - [13/May/2006:15:21:45 -0400] "GET /pages/2/page2.html HTTP/1.0" 200 2003 "http://www.cccammo.com/" "Mozilla/4.0 (compatible; MSIE 6.0; AOL 9.0; Windows NT 5.1; SV1; .NET CLR 1.1.4322)"
207.200.116.139 - - [13/May/2006:15:21:46 -0400] "GET /scripts/user.js HTTP/1.0" 404 209 "http://www.ammunition-ccc.net/pages/2/page2.html" "Mozilla/4.0 (compatible; MSIE 6.0; AOL 9.0; Windows NT 5.1; SV1; .NET CLR 1.1.4322)"
207.200.116.137 - - [13/May/2006:15:21:46 -0400] "GET /338/scripts/master.css HTTP/1.0" 404 216 "http://www.ammunition-ccc.net/pages/2/page2.html" "Mozilla/4.0 (compatible; MSIE 6.0; AOL 9.0; Windows NT 5.1; SV1; .NET CLR 1.1.4322)"
207.200.116.65 - - [13/May/2006:15:21:48 -0400] "GET /pages/2/page2.2.jpg HTTP/1.0" 200 71642 "http://www.ammunition-ccc.net/pages/2/page2.html" "Mozilla/4.0 (compatible; MSIE 6.0; AOL 9.0; Windows NT 5.1; SV1; .NET CLR 1.1.4322)"
68.142.251.133 - - [13/May/2006:16:24:48 -0400] "GET /robots.txt HTTP/1.0" 404 204 "-" "Mozilla/5.0 (compatible; Yahoo! Slurp; http://help.yahoo.com/help/us/ysearch/slurp)"
72.30.216.18 - - [13/May/2006:20:30:33 -0400] "GET /robots.txt HTTP/1.0" 404 204 "-" "Mozilla/5.0 (compatible; Yahoo! Slurp; http://help.yahoo.com/help/us/ysearch/slurp)"
72.30.129.109 - - [13/May/2006:20:36:14 -0400] "GET /pages/2/ HTTP/1.0" 403 206 "-" "Mozilla/5.0 (compatible; Yahoo! Slurp; http://help.yahoo.com/help/us/ysearch/slurp)"
208.17.184.71 - - [09/Jun/2006:01:29:07 -0400] "GET /robots.txt HTTP/1.1" 404 216 "-" "Mozilla/5.0 (X11; U; Linux i686; en-US; rv:1.7.12) Gecko/20050922 Fedora/1.0.7-1.1.fc4 Firefox/1.0.7"
208.17.184.71 - - [09/Jun/2006:01:29:08 -0400] "GET / HTTP/1.1" 200 287 "" "Mozilla/5.0 (X11; U; Linux i686; en-US; rv:1.7.12) Gecko/20050922 Fedora/1.0.7-1.1.fc4 Firefox/1.0.7"
204.246.129.196 - - [09/Jun/2006:01:36:42 -0400] "GET /pages/2/page2.html HTTP/1.1" 200 2003 "-" "Mozilla/4.0 (compatible; MSIE 5.5; Windows NT 5.0)"
204.246.129.196 - - [09/Jun/2006:01:36:43 -0400] "GET /scripts/user.js HTTP/1.1" 404 221 "-" "Mozilla/4.0 (compatible; MSIE 5.5; Windows NT 5.0)"
198.8.3.35 - - [09/Jun/2006:01:36:43 -0400] "GET /338/scripts/master.css HTTP/1.0" 404 216 "http://www.ammunition-ccc.net/pages/2/page2.html" "Mozilla/4.0 (compatible; MSIE 6.0; Windows NT 5.0; H010818; Entergy; .NET CLR 1.0.3705; .NET CLR 1.1.4322)"
198.8.3.35 - - [09/Jun/2006:01:36:43 -0400] "GET /scripts/user.js HTTP/1.0" 404 209 "http://www.ammunition-ccc.net/pages/2/page2.html" "Mozilla/4.0 (compatible; MSIE 6.0; Windows NT 5.0; H010818; Entergy; .NET CLR 1.0.3705; .NET CLR 1.1.4322)"
204.246.129.196 - - [09/Jun/2006:01:48:55 -0400] "GET /pages/2/page2.html HTTP/1.1" 304 - "-" "Mozilla/4.0 (compatible;)"
204.246.129.196 - - [09/Jun/2006:01:56:57 -0400] "GET /pages/2/page2.html HTTP/1.1" 304 - "-" "Mozilla/4.0 (compatible;)"
204.246.129.196 - - [09/Jun/2006:02:08:59 -0400] "GET /pages/2/page2.html HTTP/1.1" 304 - "-" "Mozilla/4.0 (compatible;)"
216.7.179.20 - - [09/Jun/2006:02:11:41 -0400] "GET /robots.txt HTTP/1.0" 404 204 "-" "lwp-trivial/1.41"
216.7.179.20 - - [09/Jun/2006:02:11:41 -0400] "GET / HTTP/1.1" 206 287 "-" "Syntryx ANT Scout Chassis Pheromone; Mozilla/4.0 compatible crawler"
204.246.129.196 - - [09/Jun/2006:02:33:04 -0400] "GET /pages/2/page2.html HTTP/1.1" 304 - "-" "Mozilla/4.0 (compatible;)"
68.142.251.73 - - [09/Jun/2006:03:03:07 -0400] "GET /robots.txt HTTP/1.0" 404 204 "-" "Mozilla/5.0 (compatible; Yahoo! Slurp; http://help.yahoo.com/help/us/ysearch/slurp)"
65.54.188.58 - - [09/Jun/2006:03:08:04 -0400] "GET /pages/2/page2.html HTTP/1.0" 200 2003 "-" "msnbot/1.0 (+http://search.msn.com/msnbot.htm)"
65.54.188.58 - - [09/Jun/2006:03:08:04 -0400] "GET /robots.txt HTTP/1.0" 404 204 "-" "msnbot/1.0 (+http://search.msn.com/msnbot.htm)"
68.142.251.29 - - [09/Jun/2006:03:09:22 -0400] "GET / HTTP/1.0" 304 - "-" "Mozilla/5.0 (compatible; Yahoo! Slurp; http://help.yahoo.com/help/us/ysearch/slurp)"
204.246.129.196 - - [09/Jun/2006:03:17:14 -0400] "GET /pages/2/page2.html HTTP/1.1" 304 - "-" "Mozilla/4.0 (compatible;)"
204.246.129.196 - - [09/Jun/2006:04:41:32 -0400] "GET /pages/2/page2.html HTTP/1.1" 304 - "-" "Mozilla/4.0 (compatible;)"
84.103.92.240 - - [09/Jun/2006:05:02:41 -0400] "GET / HTTP/1.0" 200 287 "-" "-"
204.246.129.196 - - [09/Jun/2006:07:26:07 -0400] "GET /pages/2/page2.html HTTP/1.1" 304 - "-" "Mozilla/4.0 (compatible;)"
68.142.212.238 - - [09/Jun/2006:09:11:03 -0400] "GET /robots.txt HTTP/1.0" 404 204 "-" "Yahoo-MMCrawler/3.x (mms dash mmcrawler dash support at yahoo dash inc dot com)"
68.142.212.238 - - [09/Jun/2006:09:11:25 -0400] "GET /pages/1/umc_pr_mn.jpg HTTP/1.0" 304 - "-" "Yahoo-MMCrawler/3.x (mms dash mmcrawler dash support at yahoo dash inc dot com)"
68.142.212.238 - - [09/Jun/2006:09:13:06 -0400] "GET /pages/1/WarPaint_1.jpg HTTP/1.0" 304 - "-" "Yahoo-MMCrawler/3.x (mms dash mmcrawler dash support at yahoo dash inc dot com)"
63.100.163.63 - - [09/Jun/2006:09:39:54 -0400] "GET / HTTP/1.1" 200 287 "-" "Mozilla/4.0 (compatible; MSIE 6.0; Windows XP)"
68.142.251.154 - - [09/Jun/2006:09:43:11 -0400] "GET /robots.txt HTTP/1.0" 404 204 "-" "Mozilla/5.0 (compatible; Yahoo! Slurp; http://help.yahoo.com/help/us/ysearch/slurp)"
72.30.226.135 - - [09/Jun/2006:09:43:54 -0400] "GET /robots.txt HTTP/1.0" 404 204 "-" "Mozilla/5.0 (compatible; Yahoo! Slurp; http://help.yahoo.com/help/us/ysearch/slurp)"
66.194.6.70 - - [09/Jun/2006:10:57:07 -0400] "GET / HTTP/1.1" 200 287 "-" "Mozilla/5.0 (compatible; Konqueror/3.1; i686 Linux; 20020513)"
66.194.6.70 - - [09/Jun/2006:10:57:11 -0400] "GET / HTTP/1.1" 200 287 "-" "Mozilla/4.0 (compatible; MSIE 6.0; Windows NT 5.1; Q312460)"
204.246.129.196 - - [09/Jun/2006:12:55:20 -0400] "GET /pages/2/page2.html HTTP/1.1" 304 - "-" "Mozilla/4.0 (compatible;)"
68.142.212.238 - - [09/Jun/2006:14:11:34 -0400] "GET /pages/1/C_HorseRider.jpg HTTP/1.0" 304 - "-" "Yahoo-MMCrawler/3.x (mms dash mmcrawler dash support at yahoo dash inc dot com)"
67.128.219.210 - - [09/Jun/2006:15:00:35 -0400] "GET /scripts/user.js HTTP/1.0" 404 209 "http://www.ammunition-ccc.net/pages/2/page2.html" "Mozilla/4.0 (compatible; MSIE 6.0; Windows NT 5.1; SV1)"
67.128.219.210 - - [09/Jun/2006:15:00:35 -0400] "GET /pages/2/page2.html HTTP/1.0" 200 2003 "http://www.cccammo.com/" "Mozilla/4.0 (compatible; MSIE 6.0; Windows NT 5.1; SV1)"
67.128.219.210 - - [09/Jun/2006:15:00:35 -0400] "GET /338/scripts/master.css HTTP/1.0" 404 216 "http://www.ammunition-ccc.net/pages/2/page2.html" "Mozilla/4.0 (compatible; MSIE 6.0; Windows NT 5.1; SV1)"
67.128.219.210 - - [09/Jun/2006:15:00:36 -0400] "GET /pages/2/page2.2.jpg HTTP/1.0" 200 71642 "http://www.ammunition-ccc.net/pages/2/page2.html" "Mozilla/4.0 (compatible; MSIE 6.0; Windows NT 5.1; SV1)"
67.128.219.210 - - [09/Jun/2006:15:00:37 -0400] "GET /pages/2/MarkIV-front.jpg HTTP/1.0" 200 18229 "http://www.ammunition-ccc.net/pages/2/page2.html" "Mozilla/4.0 (compatible; MSIE 6.0; Windows NT 5.1; SV1)"
68.188.82.232 - - [09/Jun/2006:17:00:48 -0400] "GET /pages/2/page2.html HTTP/1.1" 304 - "http://www.cccammo.com/" "Mozilla/4.0 (compatible; MSIE 6.0; Windows NT 5.1)"
68.188.82.232 - - [09/Jun/2006:17:00:48 -0400] "GET /338/scripts/master.css HTTP/1.1" 404 228 "http://www.ammunition-ccc.net/pages/2/page2.html" "Mozilla/4.0 (compatible; MSIE 6.0; Windows NT 5.1)"
68.188.82.232 - - [09/Jun/2006:17:00:48 -0400] "GET /scripts/user.js HTTP/1.1" 404 221 "http://www.ammunition-ccc.net/pages/2/page2.html" "Mozilla/4.0 (compatible; MSIE 6.0; Windows NT 5.1)"
68.188.82.232 - - [09/Jun/2006:17:00:49 -0400] "GET /pages/2/page2.2.jpg HTTP/1.1" 304 - "http://www.ammunition-ccc.net/pages/2/page2.html" "Mozilla/4.0 (compatible; MSIE 6.0; Windows NT 5.1)"
68.188.82.232 - - [09/Jun/2006:17:00:49 -0400] "GET /pages/2/MarkIV-front.jpg HTTP/1.1" 304 - "http://www.ammunition-ccc.net/pages/2/page2.html" "Mozilla/4.0 (compatible; MSIE 6.0; Windows NT 5.1)"
66.249.65.201 - - [09/Jun/2006:17:08:48 -0400] "GET /robots.txt HTTP/1.1" 404 216 "-" "Mozilla/5.0 (compatible; Googlebot/2.1; +http://www.google.com/bot.html)"
66.249.65.201 - - [09/Jun/2006:17:08:48 -0400] "GET / HTTP/1.1" 304 - "-" "Mozilla/5.0 (compatible; Googlebot/2.1; +http://www.google.com/bot.html)"
66.81.202.134 - - [09/Jun/2006:17:10:53 -0400] "GET /pages/2/page2.html HTTP/1.1" 200 2003 "http://www.cccammo.com/" "Mozilla/4.0 (compatible; MSIE 6.0; Windows NT 5.1; Q312461; SV1)"
66.81.202.134 - - [09/Jun/2006:17:10:55 -0400] "GET /scripts/user.js HTTP/1.1" 404 221 "http://www.ammunition-ccc.net/pages/2/page2.html" "Mozilla/4.0 (compatible; MSIE 6.0; Windows NT 5.1; Q312461; SV1)"
66.81.202.134 - - [09/Jun/2006:17:10:55 -0400] "GET /338/scripts/master.css HTTP/1.1" 404 228 "http://www.ammunition-ccc.net/pages/2/page2.html" "Mozilla/4.0 (compatible; MSIE 6.0; Windows NT 5.1; Q312461; SV1)"
66.81.202.134 - - [09/Jun/2006:17:10:58 -0400] "GET /pages/2/MarkIV-front.jpg HTTP/1.1" 200 18229 "http://www.ammunition-ccc.net/pages/2/page2.html" "Mozilla/4.0 (compatible; MSIE 6.0; Windows NT 5.1; Q312461; SV1)"
66.81.202.134 - - [09/Jun/2006:17:11:15 -0400] "GET /pages/2/page2.2.jpg HTTP/1.1" 200 71642 "http://www.ammunition-ccc.net/pages/2/page2.html" "Mozilla/4.0 (compatible; MSIE 6.0; Windows NT 5.1; Q312461; SV1)"
70.177.186.72 - - [09/Jun/2006:18:37:09 -0400] "GET /pages/2/page2.html HTTP/1.1" 200 2003 "http://www.cccammo.com/" "Mozilla/4.0 (compatible; MSIE 6.0; Windows NT 5.1; SV1; .NET CLR 1.0.3705)"
70.177.186.72 - - [09/Jun/2006:18:37:09 -0400] "GET /338/scripts/master.css HTTP/1.1" 404 228 "http://www.ammunition-ccc.net/pages/2/page2.html" "Mozilla/4.0 (compatible; MSIE 6.0; Windows NT 5.1; SV1; .NET CLR 1.0.3705)"
70.177.186.72 - - [09/Jun/2006:18:37:09 -0400] "GET /scripts/user.js HTTP/1.1" 404 221 "http://www.ammunition-ccc.net/pages/2/page2.html" "Mozilla/4.0 (compatible; MSIE 6.0; Windows NT 5.1; SV1; .NET CLR 1.0.3705)"
70.177.186.72 - - [09/Jun/2006:18:37:09 -0400] "GET /pages/2/MarkIV-front.jpg HTTP/1.1" 200 18229 "http://www.ammunition-ccc.net/pages/2/page2.html" "Mozilla/4.0 (compatible; MSIE 6.0; Windows NT 5.1; SV1; .NET CLR 1.0.3705)"
70.177.186.72 - - [09/Jun/2006:18:37:09 -0400] "GET /pages/2/page2.2.jpg HTTP/1.1" 200 71642 "http://www.ammunition-ccc.net/pages/2/page2.html" "Mozilla/4.0 (compatible; MSIE 6.0; Windows NT 5.1; SV1; .NET CLR 1.0.3705)"
65.214.45.100 - - [09/Jun/2006:19:32:58 -0400] "GET /robots.txt HTTP/1.0" 404 204 "-" "Mozilla/2.0 (compatible; Ask Jeeves/Teoma; +http://about.ask.com/en/docs/about/webmasters.shtml)"
65.214.45.100 - - [09/Jun/2006:19:33:27 -0400] "GET / HTTP/1.0" 200 287 "-" "Mozilla/2.0 (compatible; Ask Jeeves/Teoma; +http://about.ask.com/en/docs/about/webmasters.shtml)"
66.249.65.201 - - [09/Jun/2006:20:54:10 -0400] "GET /robots.txt HTTP/1.1" 404 216 "-" "Googlebot-Image/1.0"
66.249.65.201 - - [09/Jun/2006:20:54:10 -0400] "HEAD /images/150_WarPaint.jpg HTTP/1.1" 404 0 "-" "Googlebot-Image/1.0"
68.142.251.154 - - [09/Jun/2006:22:31:21 -0400] "GET /robots.txt HTTP/1.0" 404 204 "-" "Mozilla/5.0 (compatible; Yahoo! Slurp; http://help.yahoo.com/help/us/ysearch/slurp)"
204.246.129.196 - - [09/Jun/2006:23:49:39 -0400] "GET /pages/2/page2.html HTTP/1.1" 304 - "-" "Mozilla/4.0 (compatible;)"
83.36.78.213 - - [12/May/2006:06:00:18 -0400] "GET /pages/2/page2.html HTTP/1.1" 200 2003 "-" "Mozilla/4.0 (compatible; MSIE 6.0; Windows 98)"
66.194.6.76 - - [12/May/2006:06:56:24 -0400] "GET / HTTP/1.1" 200 287 "-" "Mozilla/5.0 (compatible; Konqueror/3.1-rc4; i686 Linux; 20021101)"
67.49.35.237 - - [12/May/2006:21:55:22 -0400] "GET /pages/2/page2.html HTTP/1.1" 200 2003 "http://cccammo.com/" "Mozilla/5.0 (Windows; U; Windows NT 5.1; en-US; rv:1.8.0.3) Gecko/20060426 Firefox/1.5.0.3"
67.49.35.237 - - [12/May/2006:21:55:22 -0400] "GET /338/scripts/master.css HTTP/1.1" 404 228 "http://www.ammunition-ccc.net/pages/2/page2.html" "Mozilla/5.0 (Windows; U; Windows NT 5.1; en-US; rv:1.8.0.3) Gecko/20060426 Firefox/1.5.0.3"
67.49.35.237 - - [12/May/2006:21:55:22 -0400] "GET /scripts/user.js HTTP/1.1" 404 221 "http://www.ammunition-ccc.net/pages/2/page2.html" "Mozilla/5.0 (Windows; U; Windows NT 5.1; en-US; rv:1.8.0.3) Gecko/20060426 Firefox/1.5.0.3"
67.49.35.237 - - [12/May/2006:21:55:23 -0400] "GET /pages/2/MarkIV-front.jpg HTTP/1.1" 200 18229 "http://www.ammunition-ccc.net/pages/2/page2.html" "Mozilla/5.0 (Windows; U; Windows NT 5.1; en-US; rv:1.8.0.3) Gecko/20060426 Firefox/1.5.0.3"
67.49.35.237 - - [12/May/2006:21:55:23 -0400] "GET /favicon.ico HTTP/1.1" 404 217 "-" "Mozilla/5.0 (Windows; U; Windows NT 5.1; en-US; rv:1.8.0.3) Gecko/20060426 Firefox/1.5.0.3"
67.49.35.237 - - [12/May/2006:21:55:23 -0400] "GET /pages/2/page2.2.jpg HTTP/1.1" 200 71642 "http://www.ammunition-ccc.net/pages/2/page2.html" "Mozilla/5.0 (Windows; U; Windows NT 5.1; en-US; rv:1.8.0.3) Gecko/20060426 Firefox/1.5.0.3"
65.214.44.193 - - [13/May/2006:03:40:07 -0400] "GET /robots.txt HTTP/1.0" 404 204 "-" "Mozilla/2.0 (compatible; Ask Jeeves/Teoma; +http://sp.ask.com/docs/about/tech_crawling.html)"
207.200.116.203 - - [13/May/2006:15:21:45 -0400] "GET /pages/2/page2.html HTTP/1.0" 200 2003 "http://www.cccammo.com/" "Mozilla/4.0 (compatible; MSIE 6.0; AOL 9.0; Windows NT 5.1; SV1; .NET CLR 1.1.4322)"
207.200.116.139 - - [13/May/2006:15:21:46 -0400] "GET /scripts/user.js HTTP/1.0" 404 209 "http://www.ammunition-ccc.net/pages/2/page2.html" "Mozilla/4.0 (compatible; MSIE 6.0; AOL 9.0; Windows NT 5.1; SV1; .NET CLR 1.1.4322)"
207.200.116.137 - - [13/May/2006:15:21:46 -0400] "GET /338/scripts/master.css HTTP/1.0" 404 216 "http://www.ammunition-ccc.net/pages/2/page2.html" "Mozilla/4.0 (compatible; MSIE 6.0; AOL 9.0; Windows NT 5.1; SV1; .NET CLR 1.1.4322)"
207.200.116.65 - - [13/May/2006:15:21:48 -0400] "GET /pages/2/page2.2.jpg HTTP/1.0" 200 71642 "http://www.ammunition-ccc.net/pages/2/page2.html" "Mozilla/4.0 (compatible; MSIE 6.0; AOL 9.0; Windows NT 5.1; SV1; .NET CLR 1.1.4322)"
68.142.251.133 - - [13/May/2006:16:24:48 -0400] "GET /robots.txt HTTP/1.0" 404 204 "-" "Mozilla/5.0 (compatible; Yahoo! Slurp; http://help.yahoo.com/help/us/ysearch/slurp)"
72.30.216.18 - - [13/May/2006:20:30:33 -0400] "GET /robots.txt HTTP/1.0" 404 204 "-" "Mozilla/5.0 (compatible; Yahoo! Slurp; http://help.yahoo.com/help/us/ysearch/slurp)"
72.30.129.109 - - [13/May/2006:20:36:14 -0400] "GET /pages/2/ HTTP/1.0" 403 206 "-" "Mozilla/5.0 (compatible; Yahoo! Slurp; http://help.yahoo.com/help/us/ysearch/slurp)"
66.249.65.201 - - [10/Jun/2006:01:20:02 -0400] "HEAD /images/150_Picture2.gif HTTP/1.1" 404 0 "-" "Googlebot-Image/1.0"
68.142.251.154 - - [10/Jun/2006:02:43:27 -0400] "GET /robots.txt HTTP/1.0" 404 204 "-" "Mozilla/5.0 (compatible; Yahoo! Slurp; http://help.yahoo.com/help/us/ysearch/slurp)"
62.194.97.130 - - [10/Jun/2006:07:25:37 -0400] "GET /pages/2/page2.html HTTP/1.1" 200 2003 "-" "Mozilla/4.0 (compatible; MSIE 6.0; Windows NT 5.0)"
72.30.226.150 - - [10/Jun/2006:08:14:19 -0400] "GET /robots.txt HTTP/1.0" 404 204 "-" "Mozilla/5.0 (compatible; Yahoo! Slurp; http://help.yahoo.com/help/us/ysearch/slurp)"
72.30.135.216 - - [10/Jun/2006:08:16:13 -0400] "GET / HTTP/1.0" 304 - "-" "Mozilla/5.0 (compatible; Yahoo! Slurp; http://help.yahoo.com/help/us/ysearch/slurp)"
67.166.202.157 - - [10/Jun/2006:12:16:29 -0400] "GET /pages/2/page2.html HTTP/1.1" 200 2003 "http://www.cccammo.com/" "Mozilla/5.0 (Windows; U; Windows NT 5.1; en-US; rv:1.8.0.2) Gecko/20060308 Firefox/1.5.0.3"
67.166.202.157 - - [10/Jun/2006:12:16:29 -0400] "GET /338/scripts/master.css HTTP/1.1" 404 228 "http://www.ammunition-ccc.net/pages/2/page2.html" "Mozilla/5.0 (Windows; U; Windows NT 5.1; en-US; rv:1.8.0.2) Gecko/20060308 Firefox/1.5.0.3"
67.166.202.157 - - [10/Jun/2006:12:16:29 -0400] "GET /scripts/user.js HTTP/1.1" 404 221 "http://www.ammunition-ccc.net/pages/2/page2.html" "Mozilla/5.0 (Windows; U; Windows NT 5.1; en-US; rv:1.8.0.2) Gecko/20060308 Firefox/1.5.0.3"
67.166.202.157 - - [10/Jun/2006:12:16:30 -0400] "GET /pages/2/MarkIV-front.jpg HTTP/1.1" 200 18229 "http://www.ammunition-ccc.net/pages/2/page2.html" "Mozilla/5.0 (Windows; U; Windows NT 5.1; en-US; rv:1.8.0.2) Gecko/20060308 Firefox/1.5.0.3"
67.166.202.157 - - [10/Jun/2006:12:16:30 -0400] "GET /favicon.ico HTTP/1.1" 404 217 "-" "Mozilla/5.0 (Windows; U; Windows NT 5.1; en-US; rv:1.8.0.2) Gecko/20060308 Firefox/1.5.0.3"
67.166.202.157 - - [10/Jun/2006:12:16:30 -0400] "GET /pages/2/page2.2.jpg HTTP/1.1" 200 71642 "http://www.ammunition-ccc.net/pages/2/page2.html" "Mozilla/5.0 (Windows; U; Windows NT 5.1; en-US; rv:1.8.0.2) Gecko/20060308 Firefox/1.5.0.3"
67.166.202.157 - - [10/Jun/2006:12:17:28 -0400] "GET /338/scripts/master.css HTTP/1.1" 404 228 "http://www.ammunition-ccc.net/pages/2/page2.html" "Mozilla/5.0 (Windows; U; Windows NT 5.1; en-US; rv:1.8.0.2) Gecko/20060308 Firefox/1.5.0.3"
67.166.202.157 - - [10/Jun/2006:12:17:28 -0400] "GET /scripts/user.js HTTP/1.1" 404 221 "http://www.ammunition-ccc.net/pages/2/page2.html" "Mozilla/5.0 (Windows; U; Windows NT 5.1; en-US; rv:1.8.0.2) Gecko/20060308 Firefox/1.5.0.3"
66.249.65.201 - - [10/Jun/2006:16:59:15 -0400] "GET /robots.txt HTTP/1.1" 404 216 "-" "Googlebot-Image/1.0"
66.249.65.201 - - [10/Jun/2006:16:59:15 -0400] "HEAD /images/130_Picture2.gif HTTP/1.1" 404 0 "-" "Googlebot-Image/1.0"
72.30.226.201 - - [10/Jun/2006:23:54:37 -0400] "GET /robots.txt HTTP/1.0" 404 204 "-" "Mozilla/5.0 (compatible; Yahoo! Slurp; http://help.yahoo.com/help/us/ysearch/slurp)"
72.30.133.221 - - [10/Jun/2006:23:57:16 -0400] "GET /pages/7 HTTP/1.0" 301 242 "-" "Mozilla/5.0 (compatible; Yahoo! Slurp; http://help.yahoo.com/help/us/ysearch/slurp)"
72.30.133.221 - - [10/Jun/2006:23:58:20 -0400] "GET /pages/7/ HTTP/1.0" 200 1328 "-" "Mozilla/5.0 (compatible; Yahoo! Slurp; http://help.yahoo.com/help/us/ysearch/slurp)"
72.30.133.221 - - [10/Jun/2006:23:59:00 -0400] "GET /pages/7/header.htm HTTP/1.0" 404 212 "-" "Mozilla/5.0 (compatible; Yahoo! Slurp; http://help.yahoo.com/help/us/ysearch/slurp)"
72.30.133.221 - - [10/Jun/2006:23:59:17 -0400] "GET /pages/7/nav.htm HTTP/1.0" 200 5838 "-" "Mozilla/5.0 (compatible; Yahoo! Slurp; http://help.yahoo.com/help/us/ysearch/slurp)"
72.30.133.221 - - [10/Jun/2006:23:59:28 -0400] "GET /pages/7/page7.html?refresh=1121862193160 HTTP/1.0" 200 399 "-" "Mozilla/5.0 (compatible; Yahoo! Slurp; http://help.yahoo.com/help/us/ysearch/slurp)"
72.30.133.221 - - [10/Jun/2006:23:59:49 -0400] "GET /pages/7/footer.htm HTTP/1.0" 404 212 "-" "Mozilla/5.0 (compatible; Yahoo! Slurp; http://help.yahoo.com/help/us/ysearch/slurp)"
66.194.6.70 - - [11/Jun/2006:00:21:27 -0400] "GET / HTTP/1.1" 200 287 "-" "Mozilla/5.0 (compatible; Konqueror/3.1-rc2; i686 Linux; 20020324)"
66.194.6.70 - - [11/Jun/2006:00:21:27 -0400] "GET / HTTP/1.1" 200 287 "-" "Mozilla/4.0 (compatible; MSIE 6.0; Windows NT 5.1; Q312462)"
66.249.65.201 - - [11/Jun/2006:01:00:02 -0400] "GET /robots.txt HTTP/1.1" 404 216 "-" "Googlebot-Image/1.0"
66.249.65.201 - - [11/Jun/2006:01:00:02 -0400] "HEAD /images/120_Picture2.gif HTTP/1.1" 404 0 "-" "Googlebot-Image/1.0"
83.36.78.213 - - [12/May/2006:06:00:18 -0400] "GET /pages/2/page2.html HTTP/1.1" 200 2003 "-" "Mozilla/4.0 (compatible; MSIE 6.0; Windows 98)"
66.194.6.76 - - [12/May/2006:06:56:24 -0400] "GET / HTTP/1.1" 200 287 "-" "Mozilla/5.0 (compatible; Konqueror/3.1-rc4; i686 Linux; 20021101)"
67.49.35.237 - - [12/May/2006:21:55:22 -0400] "GET /pages/2/page2.html HTTP/1.1" 200 2003 "http://cccammo.com/" "Mozilla/5.0 (Windows; U; Windows NT 5.1; en-US; rv:1.8.0.3) Gecko/20060426 Firefox/1.5.0.3"
67.49.35.237 - - [12/May/2006:21:55:22 -0400] "GET /338/scripts/master.css HTTP/1.1" 404 228 "http://www.ammunition-ccc.net/pages/2/page2.html" "Mozilla/5.0 (Windows; U; Windows NT 5.1; en-US; rv:1.8.0.3) Gecko/20060426 Firefox/1.5.0.3"
67.49.35.237 - - [12/May/2006:21:55:22 -0400] "GET /scripts/user.js HTTP/1.1" 404 221 "http://www.ammunition-ccc.net/pages/2/page2.html" "Mozilla/5.0 (Windows; U; Windows NT 5.1; en-US; rv:1.8.0.3) Gecko/20060426 Firefox/1.5.0.3"
67.49.35.237 - - [12/May/2006:21:55:23 -0400] "GET /pages/2/MarkIV-front.jpg HTTP/1.1" 200 18229 "http://www.ammunition-ccc.net/pages/2/page2.html" "Mozilla/5.0 (Windows; U; Windows NT 5.1; en-US; rv:1.8.0.3) Gecko/20060426 Firefox/1.5.0.3"
67.49.35.237 - - [12/May/2006:21:55:23 -0400] "GET /favicon.ico HTTP/1.1" 404 217 "-" "Mozilla/5.0 (Windows; U; Windows NT 5.1; en-US; rv:1.8.0.3) Gecko/20060426 Firefox/1.5.0.3"
67.49.35.237 - - [12/May/2006:21:55:23 -0400] "GET /pages/2/page2.2.jpg HTTP/1.1" 200 71642 "http://www.ammunition-ccc.net/pages/2/page2.html" "Mozilla/5.0 (Windows; U; Windows NT 5.1; en-US; rv:1.8.0.3) Gecko/20060426 Firefox/1.5.0.3"
65.214.44.193 - - [13/May/2006:03:40:07 -0400] "GET /robots.txt HTTP/1.0" 404 204 "-" "Mozilla/2.0 (compatible; Ask Jeeves/Teoma; +http://sp.ask.com/docs/about/tech_crawling.html)"
207.200.116.203 - - [13/May/2006:15:21:45 -0400] "GET /pages/2/page2.html HTTP/1.0" 200 2003 "http://www.cccammo.com/" "Mozilla/4.0 (compatible; MSIE 6.0; AOL 9.0; Windows NT 5.1; SV1; .NET CLR 1.1.4322)"
207.200.116.139 - - [13/May/2006:15:21:46 -0400] "GET /scripts/user.js HTTP/1.0" 404 209 "http://www.ammunition-ccc.net/pages/2/page2.html" "Mozilla/4.0 (compatible; MSIE 6.0; AOL 9.0; Windows NT 5.1; SV1; .NET CLR 1.1.4322)"
207.200.116.137 - - [13/May/2006:15:21:46 -0400] "GET /338/scripts/master.css HTTP/1.0" 404 216 "http://www.ammunition-ccc.net/pages/2/page2.html" "Mozilla/4.0 (compatible; MSIE 6.0; AOL 9.0; Windows NT 5.1; SV1; .NET CLR 1.1.4322)"
207.200.116.65 - - [13/May/2006:15:21:48 -0400] "GET /pages/2/page2.2.jpg HTTP/1.0" 200 71642 "http://www.ammunition-ccc.net/pages/2/page2.html" "Mozilla/4.0 (compatible; MSIE 6.0; AOL 9.0; Windows NT 5.1; SV1; .NET CLR 1.1.4322)"
68.142.251.133 - - [13/May/2006:16:24:48 -0400] "GET /robots.txt HTTP/1.0" 404 204 "-" "Mozilla/5.0 (compatible; Yahoo! Slurp; http://help.yahoo.com/help/us/ysearch/slurp)"
72.30.216.18 - - [13/May/2006:20:30:33 -0400] "GET /robots.txt HTTP/1.0" 404 204 "-" "Mozilla/5.0 (compatible; Yahoo! Slurp; http://help.yahoo.com/help/us/ysearch/slurp)"
72.30.129.109 - - [13/May/2006:20:36:14 -0400] "GET /pages/2/ HTTP/1.0" 403 206 "-" "Mozilla/5.0 (compatible; Yahoo! Slurp; http://help.yahoo.com/help/us/ysearch/slurp)"
66.249.65.201 - - [11/Jun/2006:02:23:53 -0400] "HEAD /images/450_WarPaint.jpg HTTP/1.1" 404 0 "-" "Googlebot-Image/1.0"
204.246.129.196 - - [11/Jun/2006:02:43:05 -0400] "GET /pages/2/page2.html HTTP/1.1" 304 - "-" "Mozilla/4.0 (compatible;)"
66.249.65.201 - - [11/Jun/2006:02:59:58 -0400] "GET /robots.txt HTTP/1.1" 404 216 "-" "Googlebot-Image/1.0"
66.249.65.201 - - [11/Jun/2006:02:59:58 -0400] "HEAD /pages/2/page2.2.jpg HTTP/1.1" 200 0 "-" "Googlebot-Image/1.0"
24.219.205.5 - - [11/Jun/2006:05:07:39 -0400] "GET /pages/2/page2.html HTTP/1.1" 200 2003 "http://www.cccammo.com/" "Mozilla/4.0 (compatible; MSIE 6.0; Windows NT 5.1) Opera 7.54u1 [en]"
24.219.205.5 - - [11/Jun/2006:05:07:40 -0400] "GET /338/scripts/master.css HTTP/1.1" 404 228 "http://www.ammunition-ccc.net/pages/2/page2.html" "Mozilla/4.0 (compatible; MSIE 6.0; Windows NT 5.1) Opera 7.54u1 [en]"
24.219.205.5 - - [11/Jun/2006:05:07:40 -0400] "GET /pages/2/MarkIV-front.jpg HTTP/1.1" 200 18229 "http://www.ammunition-ccc.net/pages/2/page2.html" "Mozilla/4.0 (compatible; MSIE 6.0; Windows NT 5.1) Opera 7.54u1 [en]"
24.219.205.5 - - [11/Jun/2006:05:07:40 -0400] "GET /scripts/user.js HTTP/1.1" 404 221 "http://www.ammunition-ccc.net/pages/2/page2.html" "Mozilla/4.0 (compatible; MSIE 6.0; Windows NT 5.1) Opera 7.54u1 [en]"
24.219.205.5 - - [11/Jun/2006:05:07:40 -0400] "GET /favicon.ico HTTP/1.1" 404 217 "http://www.ammunition-ccc.net/pages/2/page2.html" "Mozilla/4.0 (compatible; MSIE 6.0; Windows NT 5.1) Opera 7.54u1 [en]"
24.219.205.5 - - [11/Jun/2006:05:07:41 -0400] "GET /pages/2/page2.2.jpg HTTP/1.1" 200 71642 "http://www.ammunition-ccc.net/pages/2/page2.html" "Mozilla/4.0 (compatible; MSIE 6.0; Windows NT 5.1) Opera 7.54u1 [en]"
80.57.210.194 - - [11/Jun/2006:09:00:17 -0400] "GET /pages/2/page2.html HTTP/1.1" 200 2003 "-" "Mozilla/4.0 (compatible; MSIE 6.0; Windows 98)"
68.142.251.156 - - [11/Jun/2006:15:41:57 -0400] "GET /robots.txt HTTP/1.0" 404 204 "-" "Mozilla/5.0 (compatible; Yahoo! Slurp; http://help.yahoo.com/help/us/ysearch/slurp)"
68.142.250.20 - - [11/Jun/2006:15:49:40 -0400] "GET /pages/1 HTTP/1.0" 301 242 "-" "Mozilla/5.0 (compatible; Yahoo! Slurp; http://help.yahoo.com/help/us/ysearch/slurp)"
68.142.250.20 - - [11/Jun/2006:15:54:00 -0400] "GET /pages/1/ HTTP/1.0" 200 10389 "-" "Mozilla/5.0 (compatible; Yahoo! Slurp; http://help.yahoo.com/help/us/ysearch/slurp)"
24.116.179.189 - - [11/Jun/2006:16:07:28 -0400] "GET /pages/1/WarPaint_1.jpg HTTP/1.1" 200 20663 "http://www.ammunition-ccc.net/pages/1/index.htm" "Mozilla/4.0 (compatible; MSIE 6.0; Windows NT 5.1; .NET CLR 1.0.3705; SpamBlockerUtility 4.7.5)"
24.116.179.189 - - [11/Jun/2006:16:07:28 -0400] "GET /pages/1/index.htm HTTP/1.1" 200 10389 "-" "Mozilla/4.0 (compatible; MSIE 6.0; Windows NT 5.1; .NET CLR 1.0.3705; SpamBlockerUtility 4.7.5)"
24.116.179.189 - - [11/Jun/2006:16:07:28 -0400] "GET /pages/1/redbox2.jpg HTTP/1.1" 200 2949 "http://www.ammunition-ccc.net/pages/1/index.htm" "Mozilla/4.0 (compatible; MSIE 6.0; Windows NT 5.1; .NET CLR 1.0.3705; SpamBlockerUtility 4.7.5)"
24.116.179.189 - - [11/Jun/2006:16:07:28 -0400] "GET /pages/1/45_200.gif HTTP/1.1" 200 11782 "http://www.ammunition-ccc.net/pages/1/index.htm" "Mozilla/4.0 (compatible; MSIE 6.0; Windows NT 5.1; .NET CLR 1.0.3705; SpamBlockerUtility 4.7.5)"
24.116.179.189 - - [11/Jun/2006:16:07:29 -0400] "GET /pages/1/C_HorseRider.jpg HTTP/1.1" 200 23108 "http://www.ammunition-ccc.net/pages/1/index.htm" "Mozilla/4.0 (compatible; MSIE 6.0; Windows NT 5.1; .NET CLR 1.0.3705; SpamBlockerUtility 4.7.5)"
24.116.179.189 - - [11/Jun/2006:16:07:29 -0400] "GET /pages/1/umc_pr_mn.jpg HTTP/1.1" 200 11349 "http://www.ammunition-ccc.net/pages/1/index.htm" "Mozilla/4.0 (compatible; MSIE 6.0; Windows NT 5.1; .NET CLR 1.0.3705; SpamBlockerUtility 4.7.5)"
24.116.179.189 - - [11/Jun/2006:16:07:29 -0400] "GET /pages/1/a223bband.gif HTTP/1.1" 200 9075 "http://www.ammunition-ccc.net/pages/1/index.htm" "Mozilla/4.0 (compatible; MSIE 6.0; Windows NT 5.1; .NET CLR 1.0.3705; SpamBlockerUtility 4.7.5)"
24.116.179.189 - - [11/Jun/2006:16:07:29 -0400] "GET /pages/1/safbul1a.gif HTTP/1.1" 200 2054 "http://www.ammunition-ccc.net/pages/1/index.htm" "Mozilla/4.0 (compatible; MSIE 6.0; Windows NT 5.1; .NET CLR 1.0.3705; SpamBlockerUtility 4.7.5)"
63.148.99.237 - - [11/Jun/2006:23:32:08 -0400] "GET / HTTP/1.1" 200 287 "-" "Mozilla/4.0 (compatible; MSIE 6.0; Windows XP)"
204.246.129.196 - - [12/Jun/2006:00:40:16 -0400] "GET /pages/2/page2.html HTTP/1.1" 304 - "-" "Mozilla/4.0 (compatible;)"
66.194.6.73 - - [16/Jun/2006:01:31:08 -0400] "GET / HTTP/1.1" 200 287 "-" "Mozilla/4.0 (compatible; MSIE 6.0; Windows NT 5.1; Q312467)"
66.194.6.73 - - [16/Jun/2006:01:31:08 -0400] "GET / HTTP/1.1" 200 287 "-" "Mozilla/4.0 (compatible; MSIE 6.0; Windows NT 5.1; Q312463)"
68.142.251.158 - - [16/Jun/2006:07:18:20 -0400] "GET /robots.txt HTTP/1.0" 404 204 "-" "Mozilla/5.0 (compatible; Yahoo! Slurp; http://help.yahoo.com/help/us/ysearch/slurp)"
68.142.249.91 - - [16/Jun/2006:07:24:32 -0400] "GET / HTTP/1.0" 200 287 "-" "Mozilla/5.0 (compatible; Yahoo! Slurp; http://help.yahoo.com/help/us/ysearch/slurp)"
64.5.245.25 - - [16/Jun/2006:10:23:36 -0400] "GET /robots.txt HTTP/1.1" 404 216 "-" "genieBot ((http://64.5.245.11/faq/faq.html))"
64.5.245.25 - - [16/Jun/2006:11:15:23 -0400] "GET /pages/2/page2.html HTTP/1.1" 200 2003 "-" "genieBot (http://64.5.245.11/faq/faq.html)"
204.246.129.196 - - [16/Jun/2006:18:58:04 -0400] "GET /pages/2/page2.html HTTP/1.1" 304 - "-" "Mozilla/4.0 (compatible;)"
204.246.129.196 - - [17/Jun/2006:16:49:10 -0400] "GET /pages/2/page2.html HTTP/1.1" 304 - "-" "Mozilla/4.0 (compatible;)"
66.194.6.75 - - [17/Jun/2006:16:53:10 -0400] "GET / HTTP/1.1" 200 287 "-" "Mozilla/5.0 (compatible; Konqueror/3.0-rc3; i686 Linux; 20021022)"
66.194.6.75 - - [17/Jun/2006:16:53:10 -0400] "GET / HTTP/1.1" 200 287 "-" "Mozilla/4.0 (compatible; MSIE 6.0; Windows NT 5.1; Q312465)"
68.142.212.223 - - [17/Jun/2006:23:13:30 -0400] "GET /robots.txt HTTP/1.0" 404 204 "-" "Yahoo-MMCrawler/3.x (mms dash mmcrawler dash support at yahoo dash inc dot com)"
68.142.212.223 - - [17/Jun/2006:23:13:51 -0400] "GET /pages/1/umc_pr_mn.jpg HTTP/1.0" 304 - "-" "Yahoo-MMCrawler/3.x (mms dash mmcrawler dash support at yahoo dash inc dot com)"
68.142.212.223 - - [17/Jun/2006:23:29:42 -0400] "GET /pages/1/WarPaint_1.jpg HTTP/1.0" 304 - "-" "Yahoo-MMCrawler/3.x (mms dash mmcrawler dash support at yahoo dash inc dot com)"
68.142.212.223 - - [18/Jun/2006:00:23:45 -0400] "GET /pages/1/C_HorseRider.jpg HTTP/1.0" 304 - "-" "Yahoo-MMCrawler/3.x (mms dash mmcrawler dash support at yahoo dash inc dot com)"
65.214.45.100 - - [18/Jun/2006:00:39:01 -0400] "GET /robots.txt HTTP/1.0" 404 204 "-" "Mozilla/2.0 (compatible; Ask Jeeves/Teoma; +http://about.ask.com/en/docs/about/webmasters.shtml)"
70.241.92.187 - - [19/Jun/2006:02:29:35 -0400] "GET /pages/2/page2.html HTTP/1.1" 200 2003 "http://www.cccammo.com/" "Mozilla/4.0 (compatible; MSIE 6.0; Windows NT 5.1; SV1; FunWebProducts)"
70.241.92.187 - - [19/Jun/2006:02:29:35 -0400] "GET /338/scripts/master.css HTTP/1.1" 404 228 "http://www.ammunition-ccc.net/pages/2/page2.html" "Mozilla/4.0 (compatible; MSIE 6.0; Windows NT 5.1; SV1; FunWebProducts)"
70.241.92.187 - - [19/Jun/2006:02:29:35 -0400] "GET /scripts/user.js HTTP/1.1" 404 221 "http://www.ammunition-ccc.net/pages/2/page2.html" "Mozilla/4.0 (compatible; MSIE 6.0; Windows NT 5.1; SV1; FunWebProducts)"
70.241.92.187 - - [19/Jun/2006:02:29:36 -0400] "GET /pages/2/MarkIV-front.jpg HTTP/1.1" 200 18229 "http://www.ammunition-ccc.net/pages/2/page2.html" "Mozilla/4.0 (compatible; MSIE 6.0; Windows NT 5.1; SV1; FunWebProducts)"
70.241.92.187 - - [19/Jun/2006:02:29:36 -0400] "GET /pages/2/page2.2.jpg HTTP/1.1" 200 71642 "http://www.ammunition-ccc.net/pages/2/page2.html" "Mozilla/4.0 (compatible; MSIE 6.0; Windows NT 5.1; SV1; FunWebProducts)"
70.112.227.71 - - [19/Jun/2006:04:05:48 -0400] "GET /scripts/user.js HTTP/1.1" 404 221 "http://www.ammunition-ccc.net/pages/2/page2.html" "Mozilla/4.0 (compatible; MSIE 6.0; Windows NT 5.1; SV1; .NET CLR 1.1.4322)"
70.112.227.71 - - [19/Jun/2006:04:05:49 -0400] "GET /pages/2/page2.2.jpg HTTP/1.1" 200 71642 "http://www.ammunition-ccc.net/pages/2/page2.html" "Mozilla/4.0 (compatible; MSIE 6.0; Windows NT 5.1; SV1; .NET CLR 1.1.4322)"
66.194.6.81 - - [19/Jun/2006:08:25:37 -0400] "GET / HTTP/1.1" 200 287 "-" "Mozilla/4.0 (compatible; MSIE 6.0; Windows NT 5.1; Q312466)"
66.194.6.81 - - [19/Jun/2006:08:25:38 -0400] "GET / HTTP/1.1" 200 287 "-" "Mozilla/4.0 (compatible; MSIE 6.0; Windows NT 5.1; Q312460)"
204.246.129.196 - - [19/Jun/2006:12:30:30 -0400] "GET /pages/2/page2.html HTTP/1.1" 304 - "-" "Mozilla/4.0 (compatible;)"
66.182.88.78 - - [19/Jun/2006:16:52:17 -0400] "GET /338/scripts/master.css HTTP/1.1" 404 228 "http://www.ammunition-ccc.net/pages/2/page2.html" "Mozilla/5.0 (Windows; U; Windows NT 5.1; en-US; rv:1.8.0.4) Gecko/20060508 Firefox/1.5.0.4"
66.182.88.78 - - [19/Jun/2006:16:52:17 -0400] "GET /pages/2/page2.html HTTP/1.1" 200 2003 "http://www.cccammo.com/" "Mozilla/5.0 (Windows; U; Windows NT 5.1; en-US; rv:1.8.0.4) Gecko/20060508 Firefox/1.5.0.4"
66.182.88.78 - - [19/Jun/2006:16:52:17 -0400] "GET /scripts/user.js HTTP/1.1" 404 221 "http://www.ammunition-ccc.net/pages/2/page2.html" "Mozilla/5.0 (Windows; U; Windows NT 5.1; en-US; rv:1.8.0.4) Gecko/20060508 Firefox/1.5.0.4"
66.182.88.78 - - [19/Jun/2006:16:52:18 -0400] "GET /pages/2/MarkIV-front.jpg HTTP/1.1" 200 18229 "http://www.ammunition-ccc.net/pages/2/page2.html" "Mozilla/5.0 (Windows; U; Windows NT 5.1; en-US; rv:1.8.0.4) Gecko/20060508 Firefox/1.5.0.4"
66.182.88.78 - - [19/Jun/2006:16:52:21 -0400] "GET /favicon.ico HTTP/1.1" 404 217 "-" "Mozilla/5.0 (Windows; U; Windows NT 5.1; en-US; rv:1.8.0.4) Gecko/20060508 Firefox/1.5.0.4"
66.182.88.78 - - [19/Jun/2006:16:52:21 -0400] "GET /pages/2/page2.2.jpg HTTP/1.1" 200 71642 "http://www.ammunition-ccc.net/pages/2/page2.html" "Mozilla/5.0 (Windows; U; Windows NT 5.1; en-US; rv:1.8.0.4) Gecko/20060508 Firefox/1.5.0.4"
69.153.29.8 - - [19/Jun/2006:19:01:57 -0400] "GET /pages/2/ HTTP/1.1" 403 218 "-" "Mozilla/4.0 (compatible; MSIE 6.0; Windows NT 5.1; SV1; YPC 3.2.0; .NET CLR 1.1.4322)"
69.153.29.8 - - [19/Jun/2006:19:02:02 -0400] "GET /pages/2/ HTTP/1.1" 403 218 "-" "Mozilla/4.0 (compatible; MSIE 6.0; Windows NT 5.1; SV1; YPC 3.2.0; .NET CLR 1.1.4322)"
69.153.29.8 - - [19/Jun/2006:19:02:15 -0400] "GET /pages/2/ HTTP/1.1" 403 218 "-" "Mozilla/4.0 (compatible; MSIE 6.0; Windows NT 5.1; SV1; YPC 3.2.0; .NET CLR 1.1.4322)"
68.142.251.133 - - [20/Jun/2006:02:30:50 -0400] "GET /robots.txt HTTP/1.0" 404 204 "-" "Mozilla/5.0 (compatible; Yahoo! Slurp; http://help.yahoo.com/help/us/ysearch/slurp)"
68.142.251.29 - - [20/Jun/2006:02:36:00 -0400] "GET / HTTP/1.0" 304 - "-" "Mozilla/5.0 (compatible; Yahoo! Slurp; http://help.yahoo.com/help/us/ysearch/slurp)"
66.194.6.80 - - [20/Jun/2006:09:48:38 -0400] "GET / HTTP/1.1" 200 287 "-" "Mozilla/4.0 (compatible; MSIE 6.0; Windows NT 5.1; Q312463)"
66.194.6.80 - - [20/Jun/2006:09:48:38 -0400] "GET / HTTP/1.1" 200 287 "-" "Mozilla/4.0 (compatible; MSIE 6.0; Windows NT 5.1; Q312463)"
204.246.129.196 - - [20/Jun/2006:10:19:48 -0400] "GET /pages/2/page2.html HTTP/1.1" 304 - "-" "Mozilla/4.0 (compatible;)"
64.242.88.60 - - [20/Jun/2006:11:28:48 -0400] "GET /robots.txt HTTP/1.1" 404 216 "-" "Mozilla/4.0 compatible ZyBorg/1.0 (wn-16.zyborg@looksmart.net; http://www.WISEnutbot.com)"
70.185.2.16 - - [20/Jun/2006:12:02:18 -0400] "GET /pages/2/page2.html HTTP/1.1" 200 2003 "http://www.cccammo.com/" "Mozilla/4.0 (compatible; MSIE 6.0; Windows NT 5.1; SV1; .NET CLR 1.1.4322)"
70.185.2.16 - - [20/Jun/2006:12:02:18 -0400] "GET /338/scripts/master.css HTTP/1.1" 404 228 "http://www.ammunition-ccc.net/pages/2/page2.html" "Mozilla/4.0 (compatible; MSIE 6.0; Windows NT 5.1; SV1; .NET CLR 1.1.4322)"
70.185.2.16 - - [20/Jun/2006:12:02:19 -0400] "GET /scripts/user.js HTTP/1.1" 404 221 "http://www.ammunition-ccc.net/pages/2/page2.html" "Mozilla/4.0 (compatible; MSIE 6.0; Windows NT 5.1; SV1; .NET CLR 1.1.4322)"
70.185.2.16 - - [20/Jun/2006:12:02:19 -0400] "GET /pages/2/MarkIV-front.jpg HTTP/1.1" 200 18229 "http://www.ammunition-ccc.net/pages/2/page2.html" "Mozilla/4.0 (compatible; MSIE 6.0; Windows NT 5.1; SV1; .NET CLR 1.1.4322)"
70.185.2.16 - - [20/Jun/2006:12:02:20 -0400] "GET /pages/2/page2.2.jpg HTTP/1.1" 200 71642 "http://www.ammunition-ccc.net/pages/2/page2.html" "Mozilla/4.0 (compatible; MSIE 6.0; Windows NT 5.1; SV1; .NET CLR 1.1.4322)"
70.185.2.16 - - [20/Jun/2006:12:03:35 -0400] "GET / HTTP/1.1" 200 287 "-" "Mozilla/4.0 (compatible; MSIE 6.0; Windows NT 5.1; SV1; .NET CLR 1.1.4322)"
70.185.2.16 - - [20/Jun/2006:12:03:51 -0400] "GET /pages/2/page2.html HTTP/1.1" 304 - "-" "Mozilla/4.0 (compatible; MSIE 6.0; Windows NT 5.1; SV1; .NET CLR 1.1.4322)"
70.185.2.16 - - [20/Jun/2006:12:03:51 -0400] "GET /338/scripts/master.css HTTP/1.1" 404 228 "http://www.ammunition-ccc.net/pages/2/page2.html" "Mozilla/4.0 (compatible; MSIE 6.0; Windows NT 5.1; SV1; .NET CLR 1.1.4322)"
70.185.2.16 - - [20/Jun/2006:12:03:52 -0400] "GET /scripts/user.js HTTP/1.1" 404 221 "http://www.ammunition-ccc.net/pages/2/page2.html" "Mozilla/4.0 (compatible; MSIE 6.0; Windows NT 5.1; SV1; .NET CLR 1.1.4322)"
70.185.2.16 - - [20/Jun/2006:12:03:52 -0400] "GET /pages/2/page2.2.jpg HTTP/1.1" 304 - "http://www.ammunition-ccc.net/pages/2/page2.html" "Mozilla/4.0 (compatible; MSIE 6.0; Windows NT 5.1; SV1; .NET CLR 1.1.4322)"
70.185.2.16 - - [20/Jun/2006:12:03:52 -0400] "GET /pages/2/MarkIV-front.jpg HTTP/1.1" 304 - "http://www.ammunition-ccc.net/pages/2/page2.html" "Mozilla/4.0 (compatible; MSIE 6.0; Windows NT 5.1; SV1; .NET CLR 1.1.4322)"
68.142.251.159 - - [20/Jun/2006:12:05:57 -0400] "GET /robots.txt HTTP/1.0" 404 204 "-" "Mozilla/5.0 (compatible; Yahoo! Slurp; http://help.yahoo.com/help/us/ysearch/slurp)"
66.4.125.11 - - [20/Jun/2006:12:30:15 -0400] "GET /pages/1/index.htm HTTP/1.0" 200 10389 "-" "Mozilla/4.0 (compatible; MSIE 6.0; Windows NT 5.1; SV1; InfoPath.1; .NET CLR 2.0.50727)"
66.4.125.11 - - [20/Jun/2006:12:30:15 -0400] "GET /pages/1/WarPaint_1.jpg HTTP/1.0" 200 20663 "http://www.ammunition-ccc.net/pages/1/index.htm" "Mozilla/4.0 (compatible; MSIE 6.0; Windows NT 5.1; SV1; InfoPath.1; .NET CLR 2.0.50727)"
66.4.125.11 - - [20/Jun/2006:12:30:16 -0400] "GET /pages/1/C_HorseRider.jpg HTTP/1.0" 200 23108 "http://www.ammunition-ccc.net/pages/1/index.htm" "Mozilla/4.0 (compatible; MSIE 6.0; Windows NT 5.1; SV1; InfoPath.1; .NET CLR 2.0.50727)"
66.4.125.11 - - [20/Jun/2006:12:30:16 -0400] "GET /pages/1/a223bband.gif HTTP/1.0" 200 9075 "http://www.ammunition-ccc.net/pages/1/index.htm" "Mozilla/4.0 (compatible; MSIE 6.0; Windows NT 5.1; SV1; InfoPath.1; .NET CLR 2.0.50727)"
66.4.125.11 - - [20/Jun/2006:12:30:16 -0400] "GET /pages/1/umc_pr_mn.jpg HTTP/1.0" 200 11349 "http://www.ammunition-ccc.net/pages/1/index.htm" "Mozilla/4.0 (compatible; MSIE 6.0; Windows NT 5.1; SV1; InfoPath.1; .NET CLR 2.0.50727)"
66.4.125.11 - - [20/Jun/2006:12:30:16 -0400] "GET /pages/1/45_200.gif HTTP/1.0" 200 11782 "http://www.ammunition-ccc.net/pages/1/index.htm" "Mozilla/4.0 (compatible; MSIE 6.0; Windows NT 5.1; SV1; InfoPath.1; .NET CLR 2.0.50727)"
66.4.125.11 - - [20/Jun/2006:12:30:16 -0400] "GET /pages/1/redbox2.jpg HTTP/1.0" 200 2949 "http://www.ammunition-ccc.net/pages/1/index.htm" "Mozilla/4.0 (compatible; MSIE 6.0; Windows NT 5.1; SV1; InfoPath.1; .NET CLR 2.0.50727)"
66.4.125.11 - - [20/Jun/2006:12:30:16 -0400] "GET /pages/1/safbul1a.gif HTTP/1.0" 200 2054 "http://www.ammunition-ccc.net/pages/1/index.htm" "Mozilla/4.0 (compatible; MSIE 6.0; Windows NT 5.1; SV1; InfoPath.1; .NET CLR 2.0.50727)"
64.12.116.65 - - [20/Jun/2006:13:45:20 -0400] "GET /338/scripts/master.css HTTP/1.1" 404 228 "http://www.ammunition-ccc.net/pages/2/page2.html" "Mozilla/4.0 (compatible; MSIE 6.0; AOL 9.0; Windows NT 5.1; SV1; .NET CLR 1.0.3705; .NET CLR 1.1.4322; Media Center PC 3.1)"
64.12.116.130 - - [20/Jun/2006:13:45:20 -0400] "GET /pages/2/page2.html HTTP/1.1" 200 2003 "http://www.cccammo.com/" "Mozilla/4.0 (compatible; MSIE 6.0; AOL 9.0; Windows NT 5.1; SV1; .NET CLR 1.0.3705; .NET CLR 1.1.4322; Media Center PC 3.1)"
64.12.116.10 - - [20/Jun/2006:13:45:21 -0400] "GET /scripts/user.js HTTP/1.1" 404 221 "http://www.ammunition-ccc.net/pages/2/page2.html" "Mozilla/4.0 (compatible; MSIE 6.0; AOL 9.0; Windows NT 5.1; SV1; .NET CLR 1.0.3705; .NET CLR 1.1.4322; Media Center PC 3.1)"
64.12.116.8 - - [20/Jun/2006:13:45:21 -0400] "GET /pages/2/page2.2.jpg HTTP/1.1" 200 71642 "http://www.ammunition-ccc.net/pages/2/page2.html" "Mozilla/4.0 (compatible; MSIE 6.0; AOL 9.0; Windows NT 5.1; SV1; .NET CLR 1.0.3705; .NET CLR 1.1.4322; Media Center PC 3.1)"
64.12.116.195 - - [20/Jun/2006:13:45:21 -0400] "GET /pages/2/MarkIV-front.jpg HTTP/1.1" 200 18229 "http://www.ammunition-ccc.net/pages/2/page2.html" "Mozilla/4.0 (compatible; MSIE 6.0; AOL 9.0; Windows NT 5.1; SV1; .NET CLR 1.0.3705; .NET CLR 1.1.4322; Media Center PC 3.1)"
70.185.2.16 - - [20/Jun/2006:17:01:44 -0400] "GET /pages/2/page2.html HTTP/1.1" 200 2003 "-" "Mozilla/4.0 (compatible; MSIE 6.0; Windows NT 5.1; SV1; .NET CLR 1.1.4322)"
70.185.2.16 - - [20/Jun/2006:17:01:45 -0400] "GET /338/scripts/master.css HTTP/1.1" 404 228 "http://www.ammunition-ccc.net/pages/2/page2.html" "Mozilla/4.0 (compatible; MSIE 6.0; Windows NT 5.1; SV1; .NET CLR 1.1.4322)"
70.185.2.16 - - [20/Jun/2006:17:01:45 -0400] "GET /pages/2/MarkIV-front.jpg HTTP/1.1" 200 18229 "http://www.ammunition-ccc.net/pages/2/page2.html" "Mozilla/4.0 (compatible; MSIE 6.0; Windows NT 5.1; SV1; .NET CLR 1.1.4322)"
70.185.2.16 - - [20/Jun/2006:17:01:45 -0400] "GET /scripts/user.js HTTP/1.1" 404 221 "http://www.ammunition-ccc.net/pages/2/page2.html" "Mozilla/4.0 (compatible; MSIE 6.0; Windows NT 5.1; SV1; .NET CLR 1.1.4322)"
70.185.2.16 - - [20/Jun/2006:17:01:46 -0400] "GET /pages/2/page2.2.jpg HTTP/1.1" 200 71642 "http://www.ammunition-ccc.net/pages/2/page2.html" "Mozilla/4.0 (compatible; MSIE 6.0; Windows NT 5.1; SV1; .NET CLR 1.1.4322)"
72.5.115.36 - - [20/Jun/2006:18:01:08 -0400] "GET /robots.txt HTTP/1.1" 404 216 "-" "Mozilla/5.0 (Windows;) NimbleCrawler 2.0.1 obeys UserAgent NimbleCrawler For problems contact: crawler@healthline.com"
69.253.13.227 - - [20/Jun/2006:21:24:55 -0400] "GET /pages/2/page2.html HTTP/1.1" 200 2003 "http://www.cccammo.com/" "Mozilla/5.0 (Windows; U; Windows NT 5.1; en-US; rv:1.7.12) Gecko/20050915 Firefox/1.0.7"
69.253.13.227 - - [20/Jun/2006:21:24:55 -0400] "GET /338/scripts/master.css HTTP/1.1" 404 228 "http://www.ammunition-ccc.net/pages/2/page2.html" "Mozilla/5.0 (Windows; U; Windows NT 5.1; en-US; rv:1.7.12) Gecko/20050915 Firefox/1.0.7"
69.253.13.227 - - [20/Jun/2006:21:24:55 -0400] "GET /scripts/user.js HTTP/1.1" 404 221 "http://www.ammunition-ccc.net/pages/2/page2.html" "Mozilla/5.0 (Windows; U; Windows NT 5.1; en-US; rv:1.7.12) Gecko/20050915 Firefox/1.0.7"
69.253.13.227 - - [20/Jun/2006:21:24:55 -0400] "GET /pages/2/MarkIV-front.jpg HTTP/1.1" 200 18229 "http://www.ammunition-ccc.net/pages/2/page2.html" "Mozilla/5.0 (Windows; U; Windows NT 5.1; en-US; rv:1.7.12) Gecko/20050915 Firefox/1.0.7"
69.253.13.227 - - [20/Jun/2006:21:24:55 -0400] "GET /pages/2/page2.2.jpg HTTP/1.1" 200 71642 "http://www.ammunition-ccc.net/pages/2/page2.html" "Mozilla/5.0 (Windows; U; Windows NT 5.1; en-US; rv:1.7.12) Gecko/20050915 Firefox/1.0.7"
69.253.13.227 - - [20/Jun/2006:21:24:56 -0400] "GET /favicon.ico HTTP/1.1" 404 217 "-" "Mozilla/5.0 (Windows; U; Windows NT 5.1; en-US; rv:1.7.12) Gecko/20050915 Firefox/1.0.7"
68.142.251.159 - - [20/Jun/2006:22:50:13 -0400] "GET /robots.txt HTTP/1.0" 404 204 "-" "Mozilla/5.0 (compatible; Yahoo! Slurp; http://help.yahoo.com/help/us/ysearch/slurp)"
66.249.65.201 - - [21/Jun/2006:00:58:05 -0400] "GET /robots.txt HTTP/1.1" 404 216 "-" "Googlebot-Image/1.0"
66.249.65.201 - - [21/Jun/2006:00:58:05 -0400] "HEAD /images/150_Picture2.gif HTTP/1.1" 404 0 "-" "Googlebot-Image/1.0"
66.249.65.201 - - [21/Jun/2006:01:25:09 -0400] "GET /robots.txt HTTP/1.1" 404 216 "-" "Googlebot-Image/1.0"
66.249.65.201 - - [21/Jun/2006:01:25:09 -0400] "HEAD /images/130_Picture2.gif HTTP/1.1" 404 0 "-" "Googlebot-Image/1.0"
66.249.65.201 - - [21/Jun/2006:01:27:23 -0400] "GET /robots.txt HTTP/1.1" 404 216 "-" "Googlebot-Image/1.0"
66.249.65.201 - - [21/Jun/2006:01:27:23 -0400] "HEAD /images/450_WarPaint.jpg HTTP/1.1" 404 0 "-" "Googlebot-Image/1.0"
66.249.65.201 - - [21/Jun/2006:01:34:58 -0400] "HEAD /images/120_Picture2.gif HTTP/1.1" 404 0 "-" "Googlebot-Image/1.0"
66.249.65.201 - - [21/Jun/2006:01:44:10 -0400] "HEAD /images/150_WarPaint.jpg HTTP/1.1" 404 0 "-" "Googlebot-Image/1.0"
72.5.115.36 - - [21/Jun/2006:01:52:03 -0400] "GET / HTTP/1.1" 200 287 "-" "Mozilla/5.0 (Windows;) NimbleCrawler 2.0.1 obeys UserAgent NimbleCrawler For problems contact: crawler@healthline.com"
204.246.129.196 - - [21/Jun/2006:08:09:58 -0400] "GET /pages/2/page2.html HTTP/1.1" 304 - "-" "Mozilla/4.0 (compatible;)"
72.5.115.36 - - [21/Jun/2006:09:48:42 -0400] "GET / HTTP/1.1" 200 287 "-" "Mozilla/5.0 (Windows;) NimbleCrawler 2.0.1 obeys UserAgent NimbleCrawler For problems contact: crawler@healthline.com"
64.246.165.236 - - [21/Jun/2006:13:54:48 -0400] "GET / HTTP/1.0" 200 287 "-" "Mozilla/4.0 (compatible; MSIE 6.0; Windows NT 5.2; SV1; .NET CLR 1.1.4322)"
72.24.4.140 - - [21/Jun/2006:16:08:29 -0400] "GET /pages/2/page2.html HTTP/1.1" 200 2003 "http://www.cccammo.com/" "Mozilla/4.0 (compatible; MSIE 6.0; Windows NT 5.1; SV1)"
72.24.4.140 - - [21/Jun/2006:16:08:29 -0400] "GET /338/scripts/master.css HTTP/1.1" 404 228 "http://www.ammunition-ccc.net/pages/2/page2.html" "Mozilla/4.0 (compatible; MSIE 6.0; Windows NT 5.1; SV1)"
72.24.4.140 - - [21/Jun/2006:16:08:30 -0400] "GET /scripts/user.js HTTP/1.1" 404 221 "http://www.ammunition-ccc.net/pages/2/page2.html" "Mozilla/4.0 (compatible; MSIE 6.0; Windows NT 5.1; SV1)"
72.24.4.140 - - [21/Jun/2006:16:08:30 -0400] "GET /pages/2/page2.2.jpg HTTP/1.1" 200 71642 "http://www.ammunition-ccc.net/pages/2/page2.html" "Mozilla/4.0 (compatible; MSIE 6.0; Windows NT 5.1; SV1)"
72.24.4.140 - - [21/Jun/2006:16:08:30 -0400] "GET /pages/2/MarkIV-front.jpg HTTP/1.1" 200 18229 "http://www.ammunition-ccc.net/pages/2/page2.html" "Mozilla/4.0 (compatible; MSIE 6.0; Windows NT 5.1; SV1)"
72.24.4.140 - - [21/Jun/2006:16:16:32 -0400] "GET /338/scripts/master.css HTTP/1.1" 404 228 "http://www.ammunition-ccc.net/pages/2/page2.html" "Mozilla/4.0 (compatible; MSIE 6.0; Windows NT 5.1; SV1)"
72.24.4.140 - - [21/Jun/2006:16:16:32 -0400] "GET /scripts/user.js HTTP/1.1" 404 221 "http://www.ammunition-ccc.net/pages/2/page2.html" "Mozilla/4.0 (compatible; MSIE 6.0; Windows NT 5.1; SV1)"
66.194.6.73 - - [22/Jun/2006:02:32:22 -0400] "GET / HTTP/1.1" 200 287 "-" "Mozilla/5.0 (compatible; Konqueror/3.0; i686 Linux; 20020809)"
66.194.6.73 - - [22/Jun/2006:02:32:22 -0400] "GET / HTTP/1.1" 200 287 "-" "Mozilla/4.0 (compatible; MSIE 6.0; Windows NT 5.1; Q312469)"
59.94.128.248 - - [22/Jun/2006:02:38:59 -0400] "GET /pages/2/page2.html HTTP/1.1" 200 2003 "http://www.cccammo.com/" "Mozilla/4.0 (compatible; MSIE 6.0; Windows NT 5.2; .NET CLR 1.1.4322)"
59.94.128.248 - - [22/Jun/2006:02:38:59 -0400] "GET /338/scripts/master.css HTTP/1.1" 404 228 "http://www.ammunition-ccc.net/pages/2/page2.html" "Mozilla/4.0 (compatible; MSIE 6.0; Windows NT 5.2; .NET CLR 1.1.4322)"
59.94.128.248 - - [22/Jun/2006:02:39:00 -0400] "GET /scripts/user.js HTTP/1.1" 404 221 "http://www.ammunition-ccc.net/pages/2/page2.html" "Mozilla/4.0 (compatible; MSIE 6.0; Windows NT 5.2; .NET CLR 1.1.4322)"
59.94.128.248 - - [22/Jun/2006:02:39:05 -0400] "GET /pages/2/MarkIV-front.jpg HTTP/1.1" 200 18229 "http://www.ammunition-ccc.net/pages/2/page2.html" "Mozilla/4.0 (compatible; MSIE 6.0; Windows NT 5.2; .NET CLR 1.1.4322)"
59.94.128.248 - - [22/Jun/2006:02:39:17 -0400] "GET /pages/2/page2.2.jpg HTTP/1.1" 200 71642 "http://www.ammunition-ccc.net/pages/2/page2.html" "Mozilla/4.0 (compatible; MSIE 6.0; Windows NT 5.2; .NET CLR 1.1.4322)"
204.246.129.196 - - [22/Jun/2006:07:26:10 -0400] "GET /pages/2/page2.html HTTP/1.1" 304 - "-" "Mozilla/4.0 (compatible;)"
64.242.88.60 - - [22/Jun/2006:08:20:15 -0400] "GET /robots.txt HTTP/1.1" 404 216 "-" "Mozilla/4.0 compatible ZyBorg/1.0 (wn-16.zyborg@looksmart.net; http://www.WISEnutbot.com)"
67.8.119.162 - - [22/Jun/2006:18:17:39 -0400] "GET /pages/2/page2.html HTTP/1.1" 304 - "http://search.msn.com/results.aspx?q=Collins+Cartridge+Company&Form=MSNH" "Mozilla/4.0 (compatible; MSIE 6.0; Windows NT 5.1; SV1)"
67.8.119.162 - - [22/Jun/2006:18:17:40 -0400] "GET /scripts/user.js HTTP/1.1" 404 221 "http://www.ammunition-ccc.net/pages/2/page2.html" "Mozilla/4.0 (compatible; MSIE 6.0; Windows NT 5.1; SV1)"
67.8.119.162 - - [22/Jun/2006:18:17:40 -0400] "GET /pages/2/page2.2.jpg HTTP/1.1" 304 - "http://www.ammunition-ccc.net/pages/2/page2.html" "Mozilla/4.0 (compatible; MSIE 6.0; Windows NT 5.1; SV1)"
67.8.119.162 - - [22/Jun/2006:18:17:40 -0400] "GET /338/scripts/master.css HTTP/1.1" 404 228 "http://www.ammunition-ccc.net/pages/2/page2.html" "Mozilla/4.0 (compatible; MSIE 6.0; Windows NT 5.1; SV1)"
67.8.119.162 - - [22/Jun/2006:18:17:40 -0400] "GET /pages/2/MarkIV-front.jpg HTTP/1.1" 304 - "http://www.ammunition-ccc.net/pages/2/page2.html" "Mozilla/4.0 (compatible; MSIE 6.0; Windows NT 5.1; SV1)"
64.242.88.60 - - [22/Jun/2006:08:20:15 -0400] "GET /robots.txt HTTP/1.1" 404 216 "-" "Mozilla/4.0 compatible ZyBorg/1.0 (wn-16.zyborg@looksmart.net; http://www.WISEnutbot.com)"
65.54.188.58 - - [23/Jun/2006:03:45:27 -0400] "GET /robots.txt HTTP/1.0" 404 204 "-" "msnbot/1.0 (+http://search.msn.com/msnbot.htm)"
65.54.188.58 - - [23/Jun/2006:03:45:27 -0400] "GET /pages/2/page2.html HTTP/1.0" 200 2003 "-" "msnbot/1.0 (+http://search.msn.com/msnbot.htm)"
204.246.129.196 - - [23/Jun/2006:05:16:47 -0400] "GET /pages/2/page2.html HTTP/1.1" 304 - "-" "Mozilla/4.0 (compatible;)"
65.214.45.100 - - [23/Jun/2006:12:03:31 -0400] "GET /robots.txt HTTP/1.0" 404 204 "-" "Mozilla/2.0 (compatible; Ask Jeeves/Teoma; +http://about.ask.com/en/docs/about/webmasters.shtml)"
65.214.45.100 - - [23/Jun/2006:12:05:44 -0400] "GET / HTTP/1.0" 200 287 "-" "Mozilla/2.0 (compatible; Ask Jeeves/Teoma; +http://about.ask.com/en/docs/about/webmasters.shtml)"
68.142.212.238 - - [23/Jun/2006:16:05:58 -0400] "GET /robots.txt HTTP/1.0" 404 204 "-" "Yahoo-MMCrawler/3.x (mms dash mmcrawler dash support at yahoo dash inc dot com)"
68.142.212.238 - - [23/Jun/2006:17:00:49 -0400] "GET /pages/1/umc_pr_mn.jpg HTTP/1.0" 304 - "-" "Yahoo-MMCrawler/3.x (mms dash mmcrawler dash support at yahoo dash inc dot com)"
66.249.65.193 - - [23/Jun/2006:17:31:25 -0400] "GET /robots.txt HTTP/1.1" 404 216 "-" "Mozilla/5.0 (compatible; Googlebot/2.1; +http://www.google.com/bot.html)"
66.249.65.193 - - [23/Jun/2006:17:31:26 -0400] "GET /pages/2/page2.html HTTP/1.1" 200 2003 "-" "Mozilla/5.0 (compatible; Googlebot/2.1; +http://www.google.com/bot.html)"
64.92.201.114 - - [23/Jun/2006:20:30:54 -0400] "HEAD / HTTP/1.1" 200 0 "-" "-"
208.17.184.55 - - [23/Jun/2006:23:08:16 -0400] "GET /robots.txt HTTP/1.1" 404 216 "-" "Mozilla/5.0 (X11; U; Linux i686; en-US; rv:1.7.12) Gecko/20050922 Fedora/1.0.7-1.1.fc4 Firefox/1.0.7"
