85.181.62.20 - - [29/Jun/2006:17:08:14 -0400] "GET /robots.txt HTTP/1.1" 404 216 "-" "-"
85.181.62.20 - - [29/Jun/2006:17:08:15 -0400] "GET / HTTP/1.1" 200 287 "-" "-"
213.222.11.23 - - [29/Jun/2006:18:51:56 -0400] "GET / HTTP/1.0" 200 287 "-" "Mozilla/2.0 (compatible; MSIE 3.0B; Windows NT)"
213.222.11.23 - - [29/Jun/2006:18:51:56 -0400] "GET / HTTP/1.0" 200 287 "-" "Mozilla/2.0 (compatible; MSIE 3.0B; Windows NT)"
72.5.115.36 - - [29/Jun/2006:21:04:13 -0400] "GET / HTTP/1.1" 200 287 "-" "Mozilla/5.0 (Windows;) NimbleCrawler 2.0.1 obeys UserAgent NimbleCrawler For problems contact: crawler@healthline.com"
68.142.251.109 - - [29/Jun/2006:22:03:36 -0400] "GET /robots.txt HTTP/1.0" 404 204 "-" "Mozilla/5.0 (compatible; Yahoo! Slurp; http://help.yahoo.com/help/us/ysearch/slurp)"
68.142.251.29 - - [29/Jun/2006:22:04:45 -0400] "GET / HTTP/1.0" 304 - "-" "Mozilla/5.0 (compatible; Yahoo! Slurp; http://help.yahoo.com/help/us/ysearch/slurp)"
65.214.45.100 - - [30/Jun/2006:05:33:45 -0400] "GET / HTTP/1.0" 200 287 "-" "Mozilla/2.0 (compatible; Ask Jeeves/Teoma; +http://about.ask.com/en/docs/about/webmasters.shtml)"
202.133.70.3 - - [30/Jun/2006:08:02:10 -0400] "GET /pages/2/page2.html HTTP/1.0" 200 2003 "http://www.cccammo.com/" "Mozilla/4.0 (compatible; MSIE 6.0; Windows NT 5.1; SV1; InfoPath.1)"
202.133.70.3 - - [30/Jun/2006:08:02:12 -0400] "GET /338/scripts/master.css HTTP/1.0" 404 216 "http://www.ammunition-ccc.net/pages/2/page2.html" "Mozilla/4.0 (compatible; MSIE 6.0; Windows NT 5.1; SV1; InfoPath.1)"
202.133.70.3 - - [30/Jun/2006:08:02:16 -0400] "GET /scripts/user.js HTTP/1.0" 404 209 "http://www.ammunition-ccc.net/pages/2/page2.html" "Mozilla/4.0 (compatible; MSIE 6.0; Windows NT 5.1; SV1; InfoPath.1)"
202.133.70.3 - - [30/Jun/2006:08:02:20 -0400] "GET /pages/2/MarkIV-front.jpg HTTP/1.0" 200 18229 "http://www.ammunition-ccc.net/pages/2/page2.html" "Mozilla/4.0 (compatible; MSIE 6.0; Windows NT 5.1; SV1; InfoPath.1)"
202.133.70.3 - - [30/Jun/2006:08:02:20 -0400] "GET /pages/2/page2.2.jpg HTTP/1.0" 200 71642 "http://www.ammunition-ccc.net/pages/2/page2.html" "Mozilla/4.0 (compatible; MSIE 6.0; Windows NT 5.1; SV1; InfoPath.1)"
152.163.100.130 - - [30/Jun/2006:08:21:07 -0400] "HEAD /pages/2/page2.html HTTP/1.1" 200 0 "-" "Mozilla/4.0 (compatible; MSIE 6.0; AOL 9.0; Windows NT 5.1; SV1; .NET CLR 1.0.3705; .NET CLR 1.1.4322; Media Center PC 3.1)"
82.131.195.52 - - [30/Jun/2006:10:39:30 -0400] "GET /pages/2/page2.html HTTP/1.0" 200 2003 "-" "LapozzBot/1.4 (+http://robot.lapozz.hu)"
204.246.129.196 - - [30/Jun/2006:12:29:45 -0400] "GET /pages/2/page2.html HTTP/1.1" 304 - "-" "Mozilla/4.0 (compatible;)"
72.30.111.89 - - [30/Jun/2006:13:23:43 -0400] "GET /robots.txt HTTP/1.0" 404 204 "-" "Mozilla/5.0 (compatible; Yahoo! Slurp; http://help.yahoo.com/help/us/ysearch/slurp)"
72.30.103.19 - - [30/Jun/2006:13:31:34 -0400] "GET /pages/4/index.html HTTP/1.0" 404 212 "-" "Mozilla/5.0 (compatible; Yahoo! Slurp; http://help.yahoo.com/help/us/ysearch/slurp)"
137.99.19.235 - - [30/Jun/2006:15:33:32 -0400] "GET /pages/2/page2.html HTTP/1.1" 200 2003 "http://www.cccammo.com/" "Mozilla/4.0 (compatible; MSIE 6.0; Windows NT 5.1; SV1)"
137.99.19.235 - - [30/Jun/2006:15:33:32 -0400] "GET /338/scripts/master.css HTTP/1.1" 404 228 "http://www.ammunition-ccc.net/pages/2/page2.html" "Mozilla/4.0 (compatible; MSIE 6.0; Windows NT 5.1; SV1)"
137.99.19.235 - - [30/Jun/2006:15:33:32 -0400] "GET /pages/2/MarkIV-front.jpg HTTP/1.1" 200 18229 "http://www.ammunition-ccc.net/pages/2/page2.html" "Mozilla/4.0 (compatible; MSIE 6.0; Windows NT 5.1; SV1)"
137.99.19.235 - - [30/Jun/2006:15:33:32 -0400] "GET /scripts/user.js HTTP/1.1" 404 221 "http://www.ammunition-ccc.net/pages/2/page2.html" "Mozilla/4.0 (compatible; MSIE 6.0; Windows NT 5.1; SV1)"
137.99.19.235 - - [30/Jun/2006:15:33:32 -0400] "GET /pages/2/page2.2.jpg HTTP/1.1" 200 71642 "http://www.ammunition-ccc.net/pages/2/page2.html" "Mozilla/4.0 (compatible; MSIE 6.0; Windows NT 5.1; SV1)"
205.203.58.1 - - [30/Jun/2006:16:58:38 -0400] "GET /pages/2/page2.html HTTP/1.1" 200 2003 "http://www.google.com/search?hl=en&q=collins+ammunition" "Mozilla/4.0 (compatible; MSIE 6.0; Windows NT 5.1; SV1; .NET CLR 1.1.4322; .NET CLR 2.0.50727)"
205.203.58.1 - - [30/Jun/2006:16:58:38 -0400] "GET /338/scripts/master.css HTTP/1.1" 404 228 "http://www.ammunition-ccc.net/pages/2/page2.html" "Mozilla/4.0 (compatible; MSIE 6.0; Windows NT 5.1; SV1; .NET CLR 1.1.4322; .NET CLR 2.0.50727)"
205.203.58.1 - - [30/Jun/2006:16:58:39 -0400] "GET /pages/2/MarkIV-front.jpg HTTP/1.1" 200 18229 "http://www.ammunition-ccc.net/pages/2/page2.html" "Mozilla/4.0 (compatible; MSIE 6.0; Windows NT 5.1; SV1; .NET CLR 1.1.4322; .NET CLR 2.0.50727)"
205.203.58.1 - - [30/Jun/2006:16:58:39 -0400] "GET /scripts/user.js HTTP/1.1" 404 221 "http://www.ammunition-ccc.net/pages/2/page2.html" "Mozilla/4.0 (compatible; MSIE 6.0; Windows NT 5.1; SV1; .NET CLR 1.1.4322; .NET CLR 2.0.50727)"
205.203.58.1 - - [30/Jun/2006:16:58:40 -0400] "GET /pages/2/page2.2.jpg HTTP/1.1" 200 71642 "http://www.ammunition-ccc.net/pages/2/page2.html" "Mozilla/4.0 (compatible; MSIE 6.0; Windows NT 5.1; SV1; .NET CLR 1.1.4322; .NET CLR 2.0.50727)"
4.231.156.125 - - [30/Jun/2006:17:40:05 -0400] "GET /pages/2/page2.html HTTP/1.1" 200 2003 "-" "Mozilla/5.0 (Windows; U; Windows NT 5.1; en-US; rv:1.8.0.4) Gecko/20060508 Firefox/1.5.0.4"
4.231.156.125 - - [30/Jun/2006:17:40:06 -0400] "GET /338/scripts/master.css HTTP/1.1" 404 228 "http://www.ammunition-ccc.net/pages/2/page2.html" "Mozilla/5.0 (Windows; U; Windows NT 5.1; en-US; rv:1.8.0.4) Gecko/20060508 Firefox/1.5.0.4"
4.231.156.125 - - [30/Jun/2006:17:40:06 -0400] "GET /scripts/user.js HTTP/1.1" 404 221 "http://www.ammunition-ccc.net/pages/2/page2.html" "Mozilla/5.0 (Windows; U; Windows NT 5.1; en-US; rv:1.8.0.4) Gecko/20060508 Firefox/1.5.0.4"
4.231.156.125 - - [30/Jun/2006:17:40:11 -0400] "GET /pages/2/MarkIV-front.jpg HTTP/1.1" 200 18229 "http://www.ammunition-ccc.net/pages/2/page2.html" "Mozilla/5.0 (Windows; U; Windows NT 5.1; en-US; rv:1.8.0.4) Gecko/20060508 Firefox/1.5.0.4"
4.231.156.125 - - [30/Jun/2006:17:40:44 -0400] "GET /pages/2/page2.2.jpg HTTP/1.1" 200 71642 "http://www.ammunition-ccc.net/pages/2/page2.html" "Mozilla/5.0 (Windows; U; Windows NT 5.1; en-US; rv:1.8.0.4) Gecko/20060508 Firefox/1.5.0.4"
24.177.134.6 - - [30/Jun/2006:21:10:28 -0400] "GET /robots.txt HTTP/1.0" 404 204 "-" "aipbot/1.0 (aipbot; http://www.aipbot.com; aipbot@aipbot.com)"
24.177.134.6 - - [30/Jun/2006:21:10:31 -0400] "GET / HTTP/1.0" 200 287 "-" "aipbot/1.0 (aipbot; http://www.aipbot.com; aipbot@aipbot.com)"
202.133.70.3 - - [30/Jun/2006:08:02:20 -0400] "GET /pages/2/MarkIV-front.jpg HTTP/1.0" 200 18229 "http://www.ammunition-ccc.net/pages/2/page2.html" "Mozilla/4.0 (compatible; MSIE 6.0; Windows NT 5.1; SV1; InfoPath.1)"
152.163.100.130 - - [30/Jun/2006:08:21:07 -0400] "HEAD /pages/2/page2.html HTTP/1.1" 200 0 "-" "Mozilla/4.0 (compatible; MSIE 6.0; AOL 9.0; Windows NT 5.1; SV1; .NET CLR 1.0.3705; .NET CLR 1.1.4322; Media Center PC 3.1)"
66.194.6.71 - - [01/Jul/2006:02:42:21 -0400] "GET / HTTP/1.1" 200 287 "-" "Mozilla/5.0 (compatible; Konqueror/3.1-rc2; i686 Linux; 20020112)"
66.194.6.71 - - [01/Jul/2006:02:42:21 -0400] "GET / HTTP/1.1" 200 287 "-" "Mozilla/4.0 (compatible; MSIE 6.0; Windows NT 5.1; Q312469)"
68.142.251.158 - - [01/Jul/2006:07:28:19 -0400] "GET /robots.txt HTTP/1.0" 404 204 "-" "Mozilla/5.0 (compatible; Yahoo! Slurp; http://help.yahoo.com/help/us/ysearch/slurp)"
68.142.249.91 - - [01/Jul/2006:07:33:01 -0400] "GET / HTTP/1.0" 200 287 "-" "Mozilla/5.0 (compatible; Yahoo! Slurp; http://help.yahoo.com/help/us/ysearch/slurp)"
12.144.213.169 - - [01/Jul/2006:14:05:59 -0400] "GET /pages/2/page2.html HTTP/1.1" 200 2003 "http://www.cccammo.com/" "Mozilla/4.0 (compatible; MSIE 6.0; Windows NT 5.1; SV1; .NET CLR 1.1.4322)"
12.144.213.169 - - [01/Jul/2006:14:05:59 -0400] "GET /338/scripts/master.css HTTP/1.1" 404 228 "http://www.ammunition-ccc.net/pages/2/page2.html" "Mozilla/4.0 (compatible; MSIE 6.0; Windows NT 5.1; SV1; .NET CLR 1.1.4322)"
12.144.213.169 - - [01/Jul/2006:14:05:59 -0400] "GET /scripts/user.js HTTP/1.1" 404 221 "http://www.ammunition-ccc.net/pages/2/page2.html" "Mozilla/4.0 (compatible; MSIE 6.0; Windows NT 5.1; SV1; .NET CLR 1.1.4322)"
12.144.213.169 - - [01/Jul/2006:14:05:59 -0400] "GET /pages/2/MarkIV-front.jpg HTTP/1.1" 200 18229 "http://www.ammunition-ccc.net/pages/2/page2.html" "Mozilla/4.0 (compatible; MSIE 6.0; Windows NT 5.1; SV1; .NET CLR 1.1.4322)"
12.144.213.169 - - [01/Jul/2006:14:06:02 -0400] "GET /pages/2/page2.2.jpg HTTP/1.1" 200 71642 "http://www.ammunition-ccc.net/pages/2/page2.html" "Mozilla/4.0 (compatible; MSIE 6.0; Windows NT 5.1; SV1; .NET CLR 1.1.4322)"
69.151.29.70 - - [01/Jul/2006:14:58:18 -0400] "GET /pages/2/page2.html HTTP/1.1" 200 2003 "http://www.cccammo.com/" "Mozilla/4.0 (compatible; MSIE 6.0; Windows NT 5.1; SV1; .NET CLR 1.1.4322)"
69.151.29.70 - - [01/Jul/2006:14:58:18 -0400] "GET /scripts/user.js HTTP/1.1" 404 221 "http://www.ammunition-ccc.net/pages/2/page2.html" "Mozilla/4.0 (compatible; MSIE 6.0; Windows NT 5.1; SV1; .NET CLR 1.1.4322)"
69.151.29.70 - - [01/Jul/2006:14:58:18 -0400] "GET /favicon.ico HTTP/1.1" 404 217 "-" "Mozilla/4.0 (compatible; MSIE 6.0; Windows NT 5.1; SV1; .NET CLR 1.1.4322)"
69.151.29.70 - - [01/Jul/2006:14:58:18 -0400] "GET /pages/2/MarkIV-front.jpg HTTP/1.1" 200 18229 "http://www.ammunition-ccc.net/pages/2/page2.html" "Mozilla/4.0 (compatible; MSIE 6.0; Windows NT 5.1; SV1; .NET CLR 1.1.4322)"
69.151.29.70 - - [01/Jul/2006:14:58:18 -0400] "GET /338/scripts/master.css HTTP/1.1" 404 228 "http://www.ammunition-ccc.net/pages/2/page2.html" "Mozilla/4.0 (compatible; MSIE 6.0; Windows NT 5.1; SV1; .NET CLR 1.1.4322)"
69.151.29.70 - - [01/Jul/2006:14:58:19 -0400] "GET /pages/2/page2.2.jpg HTTP/1.1" 200 71642 "http://www.ammunition-ccc.net/pages/2/page2.html" "Mozilla/4.0 (compatible; MSIE 6.0; Windows NT 5.1; SV1; .NET CLR 1.1.4322)"
65.8.74.21 - - [01/Jul/2006:21:08:22 -0400] "GET /pages/2/page2.html HTTP/1.1" 200 2003 "http://www.cccammo.com/" "Mozilla/5.0 (Windows; U; Windows NT 5.1; en-US; rv:1.7.12) Gecko/20050915 Firefox/1.0.7"
24.180.238.129 - - [01/Jul/2006:21:17:31 -0400] "GET /pages/2/page2.html HTTP/1.1" 200 2003 "http://www.cccammo.com/" "Mozilla/5.0 (Windows; U; Win 9x 4.90; en-US; rv:1.7.12) Gecko/20050915 Firefox/1.0.7"
24.180.238.129 - - [01/Jul/2006:21:17:32 -0400] "GET /scripts/user.js HTTP/1.1" 404 221 "http://www.ammunition-ccc.net/pages/2/page2.html" "Mozilla/5.0 (Windows; U; Win 9x 4.90; en-US; rv:1.7.12) Gecko/20050915 Firefox/1.0.7"
24.180.238.129 - - [01/Jul/2006:21:17:32 -0400] "GET /338/scripts/master.css HTTP/1.1" 404 228 "http://www.ammunition-ccc.net/pages/2/page2.html" "Mozilla/5.0 (Windows; U; Win 9x 4.90; en-US; rv:1.7.12) Gecko/20050915 Firefox/1.0.7"
24.180.238.129 - - [01/Jul/2006:21:17:34 -0400] "GET /pages/2/MarkIV-front.jpg HTTP/1.1" 200 18229 "http://www.ammunition-ccc.net/pages/2/page2.html" "Mozilla/5.0 (Windows; U; Win 9x 4.90; en-US; rv:1.7.12) Gecko/20050915 Firefox/1.0.7"
24.180.238.129 - - [01/Jul/2006:21:17:35 -0400] "GET /pages/2/page2.2.jpg HTTP/1.1" 200 71642 "http://www.ammunition-ccc.net/pages/2/page2.html" "Mozilla/5.0 (Windows; U; Win 9x 4.90; en-US; rv:1.7.12) Gecko/20050915 Firefox/1.0.7"
24.180.238.129 - - [01/Jul/2006:21:17:38 -0400] "GET /favicon.ico HTTP/1.1" 404 217 "-" "Mozilla/5.0 (Windows; U; Win 9x 4.90; en-US; rv:1.7.12) Gecko/20050915 Firefox/1.0.7"
12.144.213.169 - - [01/Jul/2006:22:05:36 -0400] "GET /pages/2/page2.html HTTP/1.1" 304 - "http://www.cccammo.com/" "Mozilla/4.0 (compatible; MSIE 6.0; Windows NT 5.1; SV1; .NET CLR 1.1.4322)"
12.144.213.169 - - [01/Jul/2006:22:05:36 -0400] "GET /338/scripts/master.css HTTP/1.1" 404 228 "http://www.ammunition-ccc.net/pages/2/page2.html" "Mozilla/4.0 (compatible; MSIE 6.0; Windows NT 5.1; SV1; .NET CLR 1.1.4322)"
12.144.213.169 - - [01/Jul/2006:22:05:36 -0400] "GET /pages/2/MarkIV-front.jpg HTTP/1.1" 304 - "http://www.ammunition-ccc.net/pages/2/page2.html" "Mozilla/4.0 (compatible; MSIE 6.0; Windows NT 5.1; SV1; .NET CLR 1.1.4322)"
12.144.213.169 - - [01/Jul/2006:22:05:36 -0400] "GET /scripts/user.js HTTP/1.1" 404 221 "http://www.ammunition-ccc.net/pages/2/page2.html" "Mozilla/4.0 (compatible; MSIE 6.0; Windows NT 5.1; SV1; .NET CLR 1.1.4322)"
12.144.213.169 - - [01/Jul/2006:22:05:36 -0400] "GET /pages/2/page2.2.jpg HTTP/1.1" 304 - "http://www.ammunition-ccc.net/pages/2/page2.html" "Mozilla/4.0 (compatible; MSIE 6.0; Windows NT 5.1; SV1; .NET CLR 1.1.4322)"
202.133.70.3 - - [30/Jun/2006:08:02:20 -0400] "GET /pages/2/MarkIV-front.jpg HTTP/1.0" 200 18229 "http://www.ammunition-ccc.net/pages/2/page2.html" "Mozilla/4.0 (compatible; MSIE 6.0; Windows NT 5.1; SV1; InfoPath.1)"
152.163.100.130 - - [30/Jun/2006:08:21:07 -0400] "HEAD /pages/2/page2.html HTTP/1.1" 200 0 "-" "Mozilla/4.0 (compatible; MSIE 6.0; AOL 9.0; Windows NT 5.1; SV1; .NET CLR 1.0.3705; .NET CLR 1.1.4322; Media Center PC 3.1)"
72.5.115.36 - - [02/Jul/2006:06:01:18 -0400] "GET /robots.txt HTTP/1.1" 404 216 "-" "Mozilla/5.0 (Windows;) NimbleCrawler 2.0.1 obeys UserAgent NimbleCrawler For problems contact: crawler@healthline.com"
24.116.179.189 - - [02/Jul/2006:06:46:36 -0400] "GET /pages/1/WarPaint_1.jpg HTTP/1.1" 200 20663 "http://www.ammunition-ccc.net/pages/1/index.htm" "Mozilla/4.0 (compatible; MSIE 6.0; Windows NT 5.1; .NET CLR 1.0.3705; SpamBlockerUtility 4.7.5)"
24.116.179.189 - - [02/Jul/2006:06:46:36 -0400] "GET /pages/1/C_HorseRider.jpg HTTP/1.1" 200 23108 "http://www.ammunition-ccc.net/pages/1/index.htm" "Mozilla/4.0 (compatible; MSIE 6.0; Windows NT 5.1; .NET CLR 1.0.3705; SpamBlockerUtility 4.7.5)"
24.116.179.189 - - [02/Jul/2006:06:46:37 -0400] "GET /pages/1/a223bband.gif HTTP/1.1" 200 9075 "http://www.ammunition-ccc.net/pages/1/index.htm" "Mozilla/4.0 (compatible; MSIE 6.0; Windows NT 5.1; .NET CLR 1.0.3705; SpamBlockerUtility 4.7.5)"
204.246.129.196 - - [02/Jul/2006:08:06:35 -0400] "GET /pages/2/page2.html HTTP/1.1" 304 - "-" "Mozilla/4.0 (compatible;)"
66.249.65.193 - - [02/Jul/2006:08:10:01 -0400] "GET /robots.txt HTTP/1.1" 404 216 "-" "Mozilla/5.0 (compatible; Googlebot/2.1; +http://www.google.com/bot.html)"
66.249.65.193 - - [02/Jul/2006:08:10:01 -0400] "GET / HTTP/1.1" 200 287 "-" "Mozilla/5.0 (compatible; Googlebot/2.1; +http://www.google.com/bot.html)"
66.194.6.84 - - [02/Jul/2006:16:51:57 -0400] "GET / HTTP/1.1" 200 287 "-" "Mozilla/5.0 (compatible; Konqueror/3.1-rc5; i686 Linux; 20021202)"
66.194.6.84 - - [02/Jul/2006:16:51:57 -0400] "GET / HTTP/1.1" 200 287 "-" "Mozilla/5.0 (compatible; Konqueror/3.1-rc6; i686 Linux; 20020216)"
68.142.212.223 - - [02/Jul/2006:23:03:18 -0400] "GET /robots.txt HTTP/1.0" 404 204 "-" "Yahoo-MMCrawler/3.x (mms dash mmcrawler dash support at yahoo dash inc dot com)"
68.142.212.223 - - [02/Jul/2006:23:03:38 -0400] "GET /pages/1/umc_pr_mn.jpg HTTP/1.0" 304 - "-" "Yahoo-MMCrawler/3.x (mms dash mmcrawler dash support at yahoo dash inc dot com)"
70.241.110.1 - - [03/Jul/2006:00:13:28 -0400] "GET /pages/2/page2.html HTTP/1.1" 200 2003 "http://www.cccammo.com/" "Mozilla/4.0 (compatible; MSIE 6.0; Windows NT 5.1; SV1; .NET CLR 1.0.3705; .NET CLR 1.1.4322; Media Center PC 4.0; .NET CLR 2.0.50727)"
70.241.110.1 - - [03/Jul/2006:00:13:28 -0400] "GET /338/scripts/master.css HTTP/1.1" 404 228 "http://www.ammunition-ccc.net/pages/2/page2.html" "Mozilla/4.0 (compatible; MSIE 6.0; Windows NT 5.1; SV1; .NET CLR 1.0.3705; .NET CLR 1.1.4322; Media Center PC 4.0; .NET CLR 2.0.50727)"
70.241.110.1 - - [03/Jul/2006:00:13:28 -0400] "GET /pages/2/MarkIV-front.jpg HTTP/1.1" 200 18229 "http://www.ammunition-ccc.net/pages/2/page2.html" "Mozilla/4.0 (compatible; MSIE 6.0; Windows NT 5.1; SV1; .NET CLR 1.0.3705; .NET CLR 1.1.4322; Media Center PC 4.0; .NET CLR 2.0.50727)"
70.241.110.1 - - [03/Jul/2006:00:13:28 -0400] "GET /pages/2/page2.2.jpg HTTP/1.1" 200 71642 "http://www.ammunition-ccc.net/pages/2/page2.html" "Mozilla/4.0 (compatible; MSIE 6.0; Windows NT 5.1; SV1; .NET CLR 1.0.3705; .NET CLR 1.1.4322; Media Center PC 4.0; .NET CLR 2.0.50727)"
202.133.70.3 - - [30/Jun/2006:08:02:20 -0400] "GET /pages/2/MarkIV-front.jpg HTTP/1.0" 200 18229 "http://www.ammunition-ccc.net/pages/2/page2.html" "Mozilla/4.0 (compatible; MSIE 6.0; Windows NT 5.1; SV1; InfoPath.1)"
152.163.100.130 - - [30/Jun/2006:08:21:07 -0400] "HEAD /pages/2/page2.html HTTP/1.1" 200 0 "-" "Mozilla/4.0 (compatible; MSIE 6.0; AOL 9.0; Windows NT 5.1; SV1; .NET CLR 1.0.3705; .NET CLR 1.1.4322; Media Center PC 3.1)"
24.116.179.189 - - [02/Jul/2006:02:46:28 -0400] "GET /pages/1/index.htm HTTP/1.1" 200 10389 "-" "Mozilla/4.0 (compatible; MSIE 6.0; Windows NT 5.1; .NET CLR 1.0.3705; SpamBlockerUtility 4.7.5)"
24.116.179.189 - - [02/Jul/2006:02:46:28 -0400] "GET /pages/1/redbox2.jpg HTTP/1.1" 200 2949 "http://www.ammunition-ccc.net/pages/1/index.htm" "Mozilla/4.0 (compatible; MSIE 6.0; Windows NT 5.1; .NET CLR 1.0.3705; SpamBlockerUtility 4.7.5)"
24.116.179.189 - - [02/Jul/2006:02:46:29 -0400] "GET /pages/1/45_200.gif HTTP/1.1" 200 11782 "http://www.ammunition-ccc.net/pages/1/index.htm" "Mozilla/4.0 (compatible; MSIE 6.0; Windows NT 5.1; .NET CLR 1.0.3705; SpamBlockerUtility 4.7.5)"
24.116.179.189 - - [02/Jul/2006:02:46:29 -0400] "GET /pages/1/umc_pr_mn.jpg HTTP/1.1" 200 11349 "http://www.ammunition-ccc.net/pages/1/index.htm" "Mozilla/4.0 (compatible; MSIE 6.0; Windows NT 5.1; .NET CLR 1.0.3705; SpamBlockerUtility 4.7.5)"
24.116.179.189 - - [02/Jul/2006:02:46:29 -0400] "GET /pages/1/safbul1a.gif HTTP/1.1" 200 2054 "http://www.ammunition-ccc.net/pages/1/index.htm" "Mozilla/4.0 (compatible; MSIE 6.0; Windows NT 5.1; .NET CLR 1.0.3705; SpamBlockerUtility 4.7.5)"
68.142.251.165 - - [03/Jul/2006:05:19:00 -0400] "GET /robots.txt HTTP/1.0" 404 204 "-" "Mozilla/5.0 (compatible; Yahoo! Slurp; http://help.yahoo.com/help/us/ysearch/slurp)"
68.142.250.20 - - [03/Jul/2006:05:19:54 -0400] "GET /pages/1 HTTP/1.0" 301 242 "-" "Mozilla/5.0 (compatible; Yahoo! Slurp; http://help.yahoo.com/help/us/ysearch/slurp)"
68.142.250.20 - - [03/Jul/2006:05:20:49 -0400] "GET /pages/1/ HTTP/1.0" 200 10389 "-" "Mozilla/5.0 (compatible; Yahoo! Slurp; http://help.yahoo.com/help/us/ysearch/slurp)"
152.163.100.130 - - [03/Jul/2006:08:41:45 -0400] "HEAD /pages/2/page2.html HTTP/1.1" 200 0 "-" "Mozilla/4.0 (compatible; MSIE 6.0; AOL 9.0; Windows NT 5.1; SV1; .NET CLR 1.0.3705; .NET CLR 1.1.4322; Media Center PC 3.1)"
152.163.100.130 - - [03/Jul/2006:08:41:45 -0400] "GET /pages/2/page2.html HTTP/1.1" 200 2003 "-" "Mozilla/4.0 (compatible; MSIE 6.0; AOL 9.0; Windows NT 5.1; SV1; .NET CLR 1.0.3705; .NET CLR 1.1.4322; Media Center PC 3.1)"
12.156.148.136 - - [03/Jul/2006:09:32:35 -0400] "GET /pages/2/page2.html HTTP/1.1" 200 2003 "http://search.msn.com/results.aspx?q=remanufactured+ammunition&first=21&FORM=PORE" "Mozilla/4.0 (compatible; MSIE 6.0; Windows NT 5.1; Nothing But Net, Inc. v8.02; SV1; .NET CLR 1.1.4322)"
12.156.148.136 - - [03/Jul/2006:09:32:37 -0400] "GET /338/scripts/master.css HTTP/1.1" 404 228 "http://www.ammunition-ccc.net/pages/2/page2.html" "Mozilla/4.0 (compatible; MSIE 6.0; Windows NT 5.1; Nothing But Net, Inc. v8.02; SV1; .NET CLR 1.1.4322)"
12.156.148.136 - - [03/Jul/2006:09:32:37 -0400] "GET /scripts/user.js HTTP/1.1" 404 221 "http://www.ammunition-ccc.net/pages/2/page2.html" "Mozilla/4.0 (compatible; MSIE 6.0; Windows NT 5.1; Nothing But Net, Inc. v8.02; SV1; .NET CLR 1.1.4322)"
12.156.148.136 - - [03/Jul/2006:09:32:38 -0400] "GET /pages/2/MarkIV-front.jpg HTTP/1.1" 200 18229 "http://www.ammunition-ccc.net/pages/2/page2.html" "Mozilla/4.0 (compatible; MSIE 6.0; Windows NT 5.1; Nothing But Net, Inc. v8.02; SV1; .NET CLR 1.1.4322)"
12.156.148.136 - - [03/Jul/2006:09:32:51 -0400] "GET /pages/2/page2.2.jpg HTTP/1.1" 200 71642 "http://www.ammunition-ccc.net/pages/2/page2.html" "Mozilla/4.0 (compatible; MSIE 6.0; Windows NT 5.1; Nothing But Net, Inc. v8.02; SV1; .NET CLR 1.1.4322)"
12.156.148.136 - - [03/Jul/2006:09:33:12 -0400] "GET / HTTP/1.1" 200 287 "-" "Mozilla/4.0 (compatible; MSIE 6.0; Windows NT 5.1; Nothing But Net, Inc. v8.02; SV1; .NET CLR 1.1.4322)"
12.156.148.136 - - [03/Jul/2006:09:33:32 -0400] "GET / HTTP/1.1" 304 - "-" "Mozilla/4.0 (compatible; MSIE 6.0; Windows NT 5.1; Nothing But Net, Inc. v8.02; SV1; .NET CLR 1.1.4322)"
12.156.148.136 - - [03/Jul/2006:09:33:36 -0400] "GET /338/scripts/master.css HTTP/1.1" 404 228 "http://www.ammunition-ccc.net/pages/2/page2.html" "Mozilla/4.0 (compatible; MSIE 6.0; Windows NT 5.1; Nothing But Net, Inc. v8.02; SV1; .NET CLR 1.1.4322)"
12.156.148.136 - - [03/Jul/2006:09:33:37 -0400] "GET /scripts/user.js HTTP/1.1" 404 221 "http://www.ammunition-ccc.net/pages/2/page2.html" "Mozilla/4.0 (compatible; MSIE 6.0; Windows NT 5.1; Nothing But Net, Inc. v8.02; SV1; .NET CLR 1.1.4322)"
70.185.2.16 - - [03/Jul/2006:10:40:35 -0400] "GET /pages/1/WarPaint_1.jpg HTTP/1.1" 200 20663 "http://www.ammunition-ccc.com/pages/1/index.htm" "Mozilla/4.0 (compatible; MSIE 6.0; Windows NT 5.1; SV1; .NET CLR 1.1.4322)"
70.185.2.16 - - [03/Jul/2006:10:40:35 -0400] "GET /pages/1/C_HorseRider.jpg HTTP/1.1" 200 23108 "http://www.ammunition-ccc.com/pages/1/index.htm" "Mozilla/4.0 (compatible; MSIE 6.0; Windows NT 5.1; SV1; .NET CLR 1.1.4322)"
70.185.2.16 - - [03/Jul/2006:10:40:35 -0400] "GET /pages/1/index.htm HTTP/1.1" 200 10389 "-" "Mozilla/4.0 (compatible; MSIE 6.0; Windows NT 5.1; SV1; .NET CLR 1.1.4322)"
70.185.2.16 - - [03/Jul/2006:10:40:35 -0400] "GET /pages/1/redbox2.jpg HTTP/1.1" 200 2949 "http://www.ammunition-ccc.com/pages/1/index.htm" "Mozilla/4.0 (compatible; MSIE 6.0; Windows NT 5.1; SV1; .NET CLR 1.1.4322)"
70.185.2.16 - - [03/Jul/2006:10:40:35 -0400] "GET /pages/1/45_200.gif HTTP/1.1" 200 11782 "http://www.ammunition-ccc.com/pages/1/index.htm" "Mozilla/4.0 (compatible; MSIE 6.0; Windows NT 5.1; SV1; .NET CLR 1.1.4322)"
70.185.2.16 - - [03/Jul/2006:10:40:36 -0400] "GET /pages/1/a223bband.gif HTTP/1.1" 200 9075 "http://www.ammunition-ccc.com/pages/1/index.htm" "Mozilla/4.0 (compatible; MSIE 6.0; Windows NT 5.1; SV1; .NET CLR 1.1.4322)"
70.185.2.16 - - [03/Jul/2006:10:40:36 -0400] "GET /pages/1/umc_pr_mn.jpg HTTP/1.1" 200 11349 "http://www.ammunition-ccc.com/pages/1/index.htm" "Mozilla/4.0 (compatible; MSIE 6.0; Windows NT 5.1; SV1; .NET CLR 1.1.4322)"
70.185.2.16 - - [03/Jul/2006:10:40:36 -0400] "GET /pages/1/safbul1a.gif HTTP/1.1" 200 2054 "http://www.ammunition-ccc.com/pages/1/index.htm" "Mozilla/4.0 (compatible; MSIE 6.0; Windows NT 5.1; SV1; .NET CLR 1.1.4322)"
64.242.88.60 - - [03/Jul/2006:11:33:18 -0400] "GET /robots.txt HTTP/1.1" 404 216 "-" "Mozilla/4.0 compatible ZyBorg/1.0 (wn-16.zyborg@looksmart.net; http://www.WISEnutbot.com)"
206.211.222.55 - - [03/Jul/2006:11:49:30 -0400] "GET /pages/2/MarkIV-front.jpg HTTP/1.0" 200 18229 "http://www.ammunition-ccc.net/pages/2/page2.html" "Mozilla/4.0 (compatible; MSIE 5.5; Windows 95)"
206.211.222.55 - - [03/Jul/2006:11:49:30 -0400] "GET /pages/2/page2.html HTTP/1.0" 200 2003 "http://www.cccammo.com/" "Mozilla/4.0 (compatible; MSIE 5.5; Windows 95)"
206.211.222.55 - - [03/Jul/2006:11:49:30 -0400] "GET /scripts/user.js HTTP/1.0" 404 209 "http://www.ammunition-ccc.net/pages/2/page2.html" "Mozilla/4.0 (compatible; MSIE 5.5; Windows 95)"
206.211.222.55 - - [03/Jul/2006:11:49:30 -0400] "GET /338/scripts/master.css HTTP/1.0" 404 216 "http://www.ammunition-ccc.net/pages/2/page2.html" "Mozilla/4.0 (compatible; MSIE 5.5; Windows 95)"
206.211.222.55 - - [03/Jul/2006:11:49:31 -0400] "GET /pages/2/page2.2.jpg HTTP/1.0" 200 71642 "http://www.ammunition-ccc.net/pages/2/page2.html" "Mozilla/4.0 (compatible; MSIE 5.5; Windows 95)"
68.142.212.223 - - [03/Jul/2006:13:55:24 -0400] "GET /pages/1/WarPaint_1.jpg HTTP/1.0" 304 - "-" "Yahoo-MMCrawler/3.x (mms dash mmcrawler dash support at yahoo dash inc dot com)"
68.142.212.223 - - [03/Jul/2006:16:08:06 -0400] "GET /pages/1/C_HorseRider.jpg HTTP/1.0" 304 - "-" "Yahoo-MMCrawler/3.x (mms dash mmcrawler dash support at yahoo dash inc dot com)"
202.133.70.3 - - [30/Jun/2006:08:02:20 -0400] "GET /pages/2/MarkIV-front.jpg HTTP/1.0" 200 18229 "http://www.ammunition-ccc.net/pages/2/page2.html" "Mozilla/4.0 (compatible; MSIE 6.0; Windows NT 5.1; SV1; InfoPath.1)"
152.163.100.130 - - [30/Jun/2006:08:21:07 -0400] "HEAD /pages/2/page2.html HTTP/1.1" 200 0 "-" "Mozilla/4.0 (compatible; MSIE 6.0; AOL 9.0; Windows NT 5.1; SV1; .NET CLR 1.0.3705; .NET CLR 1.1.4322; Media Center PC 3.1)"
68.93.141.98 - - [04/Jul/2006:01:06:48 -0400] "GET /pages/2/page2.html HTTP/1.1" 200 2003 "-" "Mozilla/4.0 (compatible; MSIE 6.0; Windows NT 5.1; SV1; .NET CLR 1.1.4322)"
68.93.141.98 - - [04/Jul/2006:01:06:49 -0400] "GET /pages/2/page2.2.jpg HTTP/1.1" 200 71642 "http://www.ammunition-ccc.net/pages/2/page2.html" "Mozilla/4.0 (compatible; MSIE 6.0; Windows NT 5.1; SV1; .NET CLR 1.1.4322)"
68.93.141.98 - - [04/Jul/2006:01:06:49 -0400] "GET /scripts/user.js HTTP/1.1" 404 221 "http://www.ammunition-ccc.net/pages/2/page2.html" "Mozilla/4.0 (compatible; MSIE 6.0; Windows NT 5.1; SV1; .NET CLR 1.1.4322)"
68.93.141.98 - - [04/Jul/2006:01:06:49 -0400] "GET /pages/2/MarkIV-front.jpg HTTP/1.1" 200 18229 "http://www.ammunition-ccc.net/pages/2/page2.html" "Mozilla/4.0 (compatible; MSIE 6.0; Windows NT 5.1; SV1; .NET CLR 1.1.4322)"
68.93.141.98 - - [04/Jul/2006:01:06:49 -0400] "GET /338/scripts/master.css HTTP/1.1" 404 228 "http://www.ammunition-ccc.net/pages/2/page2.html" "Mozilla/4.0 (compatible; MSIE 6.0; Windows NT 5.1; SV1; .NET CLR 1.1.4322)"
72.30.252.159 - - [04/Jul/2006:03:43:07 -0400] "GET /robots.txt HTTP/1.0" 404 204 "-" "Mozilla/5.0 (compatible; Yahoo! Slurp; http://help.yahoo.com/help/us/ysearch/slurp)"
72.30.135.216 - - [04/Jul/2006:03:43:34 -0400] "GET / HTTP/1.0" 304 - "-" "Mozilla/5.0 (compatible; Yahoo! Slurp; http://help.yahoo.com/help/us/ysearch/slurp)"
204.246.129.196 - - [04/Jul/2006:04:11:25 -0400] "GET /pages/2/page2.html HTTP/1.1" 304 - "-" "Mozilla/4.0 (compatible;)"
66.194.6.72 - - [04/Jul/2006:07:12:56 -0400] "GET / HTTP/1.1" 200 287 "-" "Mozilla/5.0 (compatible; Konqueror/3.0; i686 Linux; 20020417)"
66.194.6.72 - - [04/Jul/2006:07:12:56 -0400] "GET / HTTP/1.1" 200 287 "-" "Mozilla/4.0 (compatible; MSIE 6.0; Windows NT 5.1; Q312463)"
64.179.121.190 - - [04/Jul/2006:09:10:59 -0400] "GET /pages/2/page2.html HTTP/1.1" 200 2003 "http://www.cccammo.com/" "Mozilla/4.0 (compatible; MSIE 6.0; Windows NT 5.1; SV1)"
64.179.121.190 - - [04/Jul/2006:09:11:00 -0400] "GET /scripts/user.js HTTP/1.1" 404 221 "http://www.ammunition-ccc.net/pages/2/page2.html" "Mozilla/4.0 (compatible; MSIE 6.0; Windows NT 5.1; SV1)"
64.179.121.190 - - [04/Jul/2006:09:11:00 -0400] "GET /338/scripts/master.css HTTP/1.1" 404 228 "http://www.ammunition-ccc.net/pages/2/page2.html" "Mozilla/4.0 (compatible; MSIE 6.0; Windows NT 5.1; SV1)"
64.179.121.190 - - [04/Jul/2006:09:11:01 -0400] "GET /pages/2/MarkIV-front.jpg HTTP/1.1" 200 18229 "http://www.ammunition-ccc.net/pages/2/page2.html" "Mozilla/4.0 (compatible; MSIE 6.0; Windows NT 5.1; SV1)"
64.179.121.190 - - [04/Jul/2006:09:11:10 -0400] "GET /pages/2/page2.2.jpg HTTP/1.1" 200 71642 "http://www.ammunition-ccc.net/pages/2/page2.html" "Mozilla/4.0 (compatible; MSIE 6.0; Windows NT 5.1; SV1)"
68.142.251.139 - - [04/Jul/2006:17:54:38 -0400] "GET /robots.txt HTTP/1.0" 404 204 "-" "Mozilla/5.0 (compatible; Yahoo! Slurp; http://help.yahoo.com/help/us/ysearch/slurp)"
68.142.251.29 - - [04/Jul/2006:17:57:27 -0400] "GET / HTTP/1.0" 304 - "-" "Mozilla/5.0 (compatible; Yahoo! Slurp; http://help.yahoo.com/help/us/ysearch/slurp)"
75.16.218.211 - - [04/Jul/2006:19:49:54 -0400] "GET /pages/2/page2.html HTTP/1.0" 200 2003 "http://search.yahoo.com/search?p=collins+cartridge+company+ammunition&sp=1&fr2=sp-top&ei=UTF-8&fr=ybr_sbc&ei=UTF-8&SpellState=n-3114783923_q-0Ol6tvJRtzQKFRwZHMYChAABAA%40%40" "Mozilla/4.0 (compatible; MSIE 6.0; Windows NT 5.1; SV1; YPC 3.2.0; yplus 5.1.02b)"
75.16.218.211 - - [04/Jul/2006:19:49:54 -0400] "GET /scripts/user.js HTTP/1.0" 404 209 "http://www.ammunition-ccc.net/pages/2/page2.html" "Mozilla/4.0 (compatible; MSIE 6.0; Windows NT 5.1; SV1; YPC 3.2.0; yplus 5.1.02b)"
75.16.218.211 - - [04/Jul/2006:19:49:54 -0400] "GET /338/scripts/master.css HTTP/1.0" 404 216 "http://www.ammunition-ccc.net/pages/2/page2.html" "Mozilla/4.0 (compatible; MSIE 6.0; Windows NT 5.1; SV1; YPC 3.2.0; yplus 5.1.02b)"
75.16.218.211 - - [04/Jul/2006:19:49:57 -0400] "GET /pages/2/page2.2.jpg HTTP/1.0" 200 71642 "http://www.ammunition-ccc.net/pages/2/page2.html" "Mozilla/4.0 (compatible; MSIE 6.0; Windows NT 5.1; SV1; YPC 3.2.0; yplus 5.1.02b)"
202.133.70.3 - - [30/Jun/2006:08:02:20 -0400] "GET /pages/2/MarkIV-front.jpg HTTP/1.0" 200 18229 "http://www.ammunition-ccc.net/pages/2/page2.html" "Mozilla/4.0 (compatible; MSIE 6.0; Windows NT 5.1; SV1; InfoPath.1)"
152.163.100.130 - - [30/Jun/2006:08:21:07 -0400] "HEAD /pages/2/page2.html HTTP/1.1" 200 0 "-" "Mozilla/4.0 (compatible; MSIE 6.0; AOL 9.0; Windows NT 5.1; SV1; .NET CLR 1.0.3705; .NET CLR 1.1.4322; Media Center PC 3.1)"
216.9.6.2 - - [04/Jul/2006:11:58:45 -0400] "GET / HTTP/1.0" 200 287 "http://www.datashaping.com/web_rankings.shtml" "Mozilla/4.0 (compatible; MSIE 4.5; Windows 98; )"
75.16.218.211 - - [04/Jul/2006:15:49:42 -0400] "GET /pages/2/MarkIV-front.jpg HTTP/1.0" 200 18229 "http://www.ammunition-ccc.net/pages/2/page2.html" "Mozilla/4.0 (compatible; MSIE 6.0; Windows NT 5.1; SV1; YPC 3.2.0; yplus 5.1.02b)"
75.16.218.211 - - [04/Jul/2006:15:49:46 -0400] "GET /favicon.ico HTTP/1.0" 404 205 "-" "Mozilla/4.0 (compatible; MSIE 6.0; Windows NT 5.1; SV1; YPC 3.2.0)"
70.105.246.122 - - [05/Jul/2006:11:40:33 -0400] "GET /pages/2/page2.html HTTP/1.1" 200 2003 "http://www.cccammo.com/" "Mozilla/4.0 (compatible; MSIE 6.0; Windows NT 5.1; SV1; .NET CLR 1.1.4322)"
70.105.246.122 - - [05/Jul/2006:11:40:33 -0400] "GET /scripts/user.js HTTP/1.1" 404 221 "http://www.ammunition-ccc.net/pages/2/page2.html" "Mozilla/4.0 (compatible; MSIE 6.0; Windows NT 5.1; SV1; .NET CLR 1.1.4322)"
70.105.246.122 - - [05/Jul/2006:11:40:33 -0400] "GET /pages/2/MarkIV-front.jpg HTTP/1.1" 200 18229 "http://www.ammunition-ccc.net/pages/2/page2.html" "Mozilla/4.0 (compatible; MSIE 6.0; Windows NT 5.1; SV1; .NET CLR 1.1.4322)"
70.105.246.122 - - [05/Jul/2006:11:40:33 -0400] "GET /338/scripts/master.css HTTP/1.1" 404 228 "http://www.ammunition-ccc.net/pages/2/page2.html" "Mozilla/4.0 (compatible; MSIE 6.0; Windows NT 5.1; SV1; .NET CLR 1.1.4322)"
70.105.246.122 - - [05/Jul/2006:11:40:34 -0400] "GET /pages/2/page2.2.jpg HTTP/1.1" 200 71642 "http://www.ammunition-ccc.net/pages/2/page2.html" "Mozilla/4.0 (compatible; MSIE 6.0; Windows NT 5.1; SV1; .NET CLR 1.1.4322)"
70.105.246.122 - - [05/Jul/2006:11:41:50 -0400] "GET /scripts/user.js HTTP/1.1" 404 221 "http://www.ammunition-ccc.net/pages/2/page2.html" "Mozilla/4.0 (compatible; MSIE 6.0; Windows NT 5.1; SV1; .NET CLR 1.1.4322)"
70.105.246.122 - - [05/Jul/2006:11:41:50 -0400] "GET /338/scripts/master.css HTTP/1.1" 404 228 "http://www.ammunition-ccc.net/pages/2/page2.html" "Mozilla/4.0 (compatible; MSIE 6.0; Windows NT 5.1; SV1; .NET CLR 1.1.4322)"
66.249.65.193 - - [05/Jul/2006:13:02:10 -0400] "GET /robots.txt HTTP/1.1" 404 216 "-" "Mozilla/5.0 (compatible; Googlebot/2.1; +http://www.google.com/bot.html)"
66.249.65.193 - - [05/Jul/2006:13:02:10 -0400] "GET / HTTP/1.1" 304 - "-" "Mozilla/5.0 (compatible; Googlebot/2.1; +http://www.google.com/bot.html)"
208.177.21.207 - - [05/Jul/2006:15:36:36 -0400] "GET /pages/2/page2.html HTTP/1.1" 200 2003 "http://www.google.com/search?q=%22Collins+Cartridge+Company+%22" "Mozilla/4.0 (compatible; MSIE 6.0; Windows 98)"
208.177.21.207 - - [05/Jul/2006:15:36:39 -0400] "GET /338/scripts/master.css HTTP/1.1" 404 228 "http://www.ammunition-ccc.net/pages/2/page2.html" "Mozilla/4.0 (compatible; MSIE 6.0; Windows 98)"
208.177.21.207 - - [05/Jul/2006:15:36:40 -0400] "GET /scripts/user.js HTTP/1.1" 404 221 "http://www.ammunition-ccc.net/pages/2/page2.html" "Mozilla/4.0 (compatible; MSIE 6.0; Windows 98)"
208.177.21.207 - - [05/Jul/2006:15:36:43 -0400] "GET /pages/2/MarkIV-front.jpg HTTP/1.1" 200 18229 "http://www.ammunition-ccc.net/pages/2/page2.html" "Mozilla/4.0 (compatible; MSIE 6.0; Windows 98)"
208.177.21.207 - - [05/Jul/2006:15:36:51 -0400] "GET /pages/2/page2.2.jpg HTTP/1.1" 200 71642 "http://www.ammunition-ccc.net/pages/2/page2.html" "Mozilla/4.0 (compatible; MSIE 6.0; Windows 98)"
208.177.21.207 - - [05/Jul/2006:15:37:30 -0400] "GET /scripts/user.js HTTP/1.1" 404 221 "http://www.ammunition-ccc.net/pages/2/page2.html" "Mozilla/4.0 (compatible; MSIE 6.0; Windows 98)"
208.177.21.207 - - [05/Jul/2006:15:37:30 -0400] "GET /338/scripts/master.css HTTP/1.1" 404 228 "http://www.ammunition-ccc.net/pages/2/page2.html" "Mozilla/4.0 (compatible; MSIE 6.0; Windows 98)"
208.177.21.207 - - [05/Jul/2006:15:37:42 -0400] "GET /338/scripts/master.css HTTP/1.1" 404 228 "http://www.ammunition-ccc.net/pages/2/page2.html" "Mozilla/4.0 (compatible; MSIE 6.0; Windows 98)"
208.177.21.207 - - [05/Jul/2006:15:37:42 -0400] "GET /scripts/user.js HTTP/1.1" 404 221 "http://www.ammunition-ccc.net/pages/2/page2.html" "Mozilla/4.0 (compatible; MSIE 6.0; Windows 98)"
216.9.6.2 - - [05/Jul/2006:19:30:05 -0400] "GET / HTTP/1.0" 200 287 "http://www.datashaping.com/web_rankings.shtml" "Mozilla/4.0 (compatible; MSIE 4.5; Windows 98; )"
216.110.52.228 - - [05/Jul/2006:20:16:54 -0400] "GET /338/scripts/master.css HTTP/1.1" 404 228 "http://www.ammunition-ccc.net/pages/2/page2.html" "Mozilla/4.0 (compatible; MSIE 6.0; Windows NT 5.1; SV1)"
216.110.52.228 - - [05/Jul/2006:20:17:07 -0400] "GET /pages/2/page2.2.jpg HTTP/1.1" 200 71642 "http://www.ammunition-ccc.net/pages/2/page2.html" "Mozilla/4.0 (compatible; MSIE 6.0; Windows NT 5.1; SV1)"
66.194.6.76 - - [05/Jul/2006:21:07:51 -0400] "GET / HTTP/1.1" 200 287 "-" "Mozilla/4.0 (compatible; MSIE 6.0; Windows NT 5.1; Q312460)"
66.194.6.76 - - [05/Jul/2006:21:07:51 -0400] "GET / HTTP/1.1" 200 287 "-" "Mozilla/4.0 (compatible; MSIE 6.0; Windows NT 5.1; Q312460)"
193.47.80.137 - - [05/Jul/2006:21:35:12 -0400] "GET /robots.txt HTTP/1.1" 404 216 "-" "Exabot/2.0"
193.47.80.137 - - [05/Jul/2006:21:35:13 -0400] "GET / HTTP/1.1" 200 287 "-" "Exabot/2.0"
67.173.218.65 - - [05/Jul/2006:21:59:25 -0400] "GET /pages/2/page2.html HTTP/1.1" 200 2003 "http://www.cccammo.com/" "Mozilla/4.0 (compatible; MSIE 6.0; Windows NT 5.1; SV1; .NET CLR 1.0.3705)"
67.173.218.65 - - [05/Jul/2006:21:59:25 -0400] "GET /pages/2/MarkIV-front.jpg HTTP/1.1" 200 18229 "http://www.ammunition-ccc.net/pages/2/page2.html" "Mozilla/4.0 (compatible; MSIE 6.0; Windows NT 5.1; SV1; .NET CLR 1.0.3705)"
67.173.218.65 - - [05/Jul/2006:21:59:25 -0400] "GET /338/scripts/master.css HTTP/1.1" 404 228 "http://www.ammunition-ccc.net/pages/2/page2.html" "Mozilla/4.0 (compatible; MSIE 6.0; Windows NT 5.1; SV1; .NET CLR 1.0.3705)"
67.173.218.65 - - [05/Jul/2006:21:59:25 -0400] "GET /scripts/user.js HTTP/1.1" 404 221 "http://www.ammunition-ccc.net/pages/2/page2.html" "Mozilla/4.0 (compatible; MSIE 6.0; Windows NT 5.1; SV1; .NET CLR 1.0.3705)"
67.173.218.65 - - [05/Jul/2006:21:59:25 -0400] "GET /pages/2/page2.2.jpg HTTP/1.1" 200 71642 "http://www.ammunition-ccc.net/pages/2/page2.html" "Mozilla/4.0 (compatible; MSIE 6.0; Windows NT 5.1; SV1; .NET CLR 1.0.3705)"
68.142.251.158 - - [05/Jul/2006:22:14:51 -0400] "GET /robots.txt HTTP/1.0" 404 204 "-" "Mozilla/5.0 (compatible; Yahoo! Slurp; http://help.yahoo.com/help/us/ysearch/slurp)"
204.246.129.196 - - [05/Jul/2006:23:48:05 -0400] "GET /pages/2/page2.html HTTP/1.1" 304 - "-" "Mozilla/4.0 (compatible;)"
216.110.52.228 - - [05/Jul/2006:16:16:39 -0400] "GET /pages/2/page2.html HTTP/1.1" 200 2003 "http://www.cccammo.com/" "Mozilla/4.0 (compatible; MSIE 6.0; Windows NT 5.1; SV1)"
216.110.52.228 - - [05/Jul/2006:16:16:40 -0400] "GET /scripts/user.js HTTP/1.1" 404 221 "http://www.ammunition-ccc.net/pages/2/page2.html" "Mozilla/4.0 (compatible; MSIE 6.0; Windows NT 5.1; SV1)"
216.110.52.228 - - [05/Jul/2006:16:16:40 -0400] "GET /pages/2/MarkIV-front.jpg HTTP/1.1" 200 18229 "http://www.ammunition-ccc.net/pages/2/page2.html" "Mozilla/4.0 (compatible; MSIE 6.0; Windows NT 5.1; SV1)"
65.214.45.100 - - [06/Jul/2006:06:30:36 -0400] "GET / HTTP/1.0" 200 287 "-" "Mozilla/2.0 (compatible; Ask Jeeves/Teoma; +http://about.ask.com/en/docs/about/webmasters.shtml)"
70.185.2.16 - - [06/Jul/2006:07:51:17 -0400] "GET /pages/2/page2.html HTTP/1.1" 200 2003 "http://www.cccammo.com/" "Mozilla/4.0 (compatible; MSIE 6.0; Windows NT 5.1; SV1; .NET CLR 1.1.4322)"
70.185.2.16 - - [06/Jul/2006:07:51:18 -0400] "GET /338/scripts/master.css HTTP/1.1" 404 228 "http://www.ammunition-ccc.net/pages/2/page2.html" "Mozilla/4.0 (compatible; MSIE 6.0; Windows NT 5.1; SV1; .NET CLR 1.1.4322)"
70.185.2.16 - - [06/Jul/2006:07:51:18 -0400] "GET /scripts/user.js HTTP/1.1" 404 221 "http://www.ammunition-ccc.net/pages/2/page2.html" "Mozilla/4.0 (compatible; MSIE 6.0; Windows NT 5.1; SV1; .NET CLR 1.1.4322)"
70.185.2.16 - - [06/Jul/2006:07:51:18 -0400] "GET /pages/2/page2.2.jpg HTTP/1.1" 200 71642 "http://www.ammunition-ccc.net/pages/2/page2.html" "Mozilla/4.0 (compatible; MSIE 6.0; Windows NT 5.1; SV1; .NET CLR 1.1.4322)"
70.185.2.16 - - [06/Jul/2006:07:51:20 -0400] "GET /pages/2/MarkIV-front.jpg HTTP/1.1" 200 18229 "http://www.ammunition-ccc.net/pages/2/page2.html" "Mozilla/4.0 (compatible; MSIE 6.0; Windows NT 5.1; SV1; .NET CLR 1.1.4322)"
68.142.251.159 - - [06/Jul/2006:08:42:37 -0400] "GET /robots.txt HTTP/1.0" 404 204 "-" "Mozilla/5.0 (compatible; Yahoo! Slurp; http://help.yahoo.com/help/us/ysearch/slurp)"
68.142.251.166 - - [06/Jul/2006:08:43:05 -0400] "GET /pages/2 HTTP/1.0" 301 242 "-" "Mozilla/5.0 (compatible; Yahoo! Slurp; http://help.yahoo.com/help/us/ysearch/slurp)"
68.142.251.166 - - [06/Jul/2006:08:44:26 -0400] "GET /pages/2/ HTTP/1.0" 403 206 "-" "Mozilla/5.0 (compatible; Yahoo! Slurp; http://help.yahoo.com/help/us/ysearch/slurp)"
209.169.101.229 - - [06/Jul/2006:10:28:45 -0400] "GET /338/scripts/master.css HTTP/1.1" 404 228 "http://www.ammunition-ccc.net/pages/2/page2.html" "Mozilla/4.0 (compatible; MSIE 6.0; Windows NT 5.1; SV1; .NET CLR 1.1.4322; Hotbar 4.6.1)"
209.169.101.229 - - [06/Jul/2006:10:28:45 -0400] "GET /scripts/user.js HTTP/1.1" 404 221 "http://www.ammunition-ccc.net/pages/2/page2.html" "Mozilla/4.0 (compatible; MSIE 6.0; Windows NT 5.1; SV1; .NET CLR 1.1.4322; Hotbar 4.6.1)"
209.169.101.229 - - [06/Jul/2006:10:28:45 -0400] "GET /pages/2/page2.html HTTP/1.1" 200 2003 "http://www.cccammo.com/" "Mozilla/4.0 (compatible; MSIE 6.0; Windows NT 5.1; SV1; .NET CLR 1.1.4322; Hotbar 4.6.1)"
209.169.101.229 - - [06/Jul/2006:10:28:45 -0400] "GET /pages/2/MarkIV-front.jpg HTTP/1.1" 200 18229 "http://www.ammunition-ccc.net/pages/2/page2.html" "Mozilla/4.0 (compatible; MSIE 6.0; Windows NT 5.1; SV1; .NET CLR 1.1.4322; Hotbar 4.6.1)"
209.169.101.229 - - [06/Jul/2006:10:28:46 -0400] "GET /pages/2/page2.2.jpg HTTP/1.1" 200 71642 "http://www.ammunition-ccc.net/pages/2/page2.html" "Mozilla/4.0 (compatible; MSIE 6.0; Windows NT 5.1; SV1; .NET CLR 1.1.4322; Hotbar 4.6.1)"
71.10.235.190 - - [06/Jul/2006:16:58:20 -0400] "GET /pages/2/page2.html HTTP/1.1" 200 2003 "http://search.hp.netscape.com/hp/search?query=remanufactured+ammo&page=7&offset=0&fromPage=HPNextPrevB&invocationType=next&Test=1" "Mozilla/4.0 (compatible; MSIE 6.0; Windows NT 5.1; .NET CLR 1.1.4322)"
71.10.235.190 - - [06/Jul/2006:16:58:20 -0400] "GET /pages/2/page2.2.jpg HTTP/1.1" 200 71642 "http://www.ammunition-ccc.net/pages/2/page2.html" "Mozilla/4.0 (compatible; MSIE 6.0; Windows NT 5.1; .NET CLR 1.1.4322)"
71.10.235.190 - - [06/Jul/2006:16:58:20 -0400] "GET /338/scripts/master.css HTTP/1.1" 404 228 "http://www.ammunition-ccc.net/pages/2/page2.html" "Mozilla/4.0 (compatible; MSIE 6.0; Windows NT 5.1; .NET CLR 1.1.4322)"
71.10.235.190 - - [06/Jul/2006:16:58:20 -0400] "GET /scripts/user.js HTTP/1.1" 404 221 "http://www.ammunition-ccc.net/pages/2/page2.html" "Mozilla/4.0 (compatible; MSIE 6.0; Windows NT 5.1; .NET CLR 1.1.4322)"
71.10.235.190 - - [06/Jul/2006:16:58:20 -0400] "GET /pages/2/MarkIV-front.jpg HTTP/1.1" 200 18229 "http://www.ammunition-ccc.net/pages/2/page2.html" "Mozilla/4.0 (compatible; MSIE 6.0; Windows NT 5.1; .NET CLR 1.1.4322)"
71.111.22.162 - - [06/Jul/2006:21:15:39 -0400] "GET /pages/2/page2.html HTTP/1.1" 200 2003 "-" "Mozilla/4.0 (compatible; MSIE 6.0; Windows NT 5.1; SV1; .NET CLR 1.0.3705)"
71.111.22.162 - - [06/Jul/2006:21:15:40 -0400] "GET /338/scripts/master.css HTTP/1.1" 404 228 "-" "Mozilla/4.0 (compatible; MSIE 6.0; Windows NT 5.1; SV1; .NET CLR 1.0.3705)"
71.111.22.162 - - [06/Jul/2006:21:15:40 -0400] "GET /pages/2/MarkIV-front.jpg HTTP/1.1" 200 18229 "-" "Mozilla/4.0 (compatible; MSIE 6.0; Windows NT 5.1; SV1; .NET CLR 1.0.3705)"
71.111.22.162 - - [06/Jul/2006:21:15:40 -0400] "GET /scripts/user.js HTTP/1.1" 404 221 "-" "Mozilla/4.0 (compatible; MSIE 6.0; Windows NT 5.1; SV1; .NET CLR 1.0.3705)"
71.111.22.162 - - [06/Jul/2006:21:15:41 -0400] "GET /pages/2/page2.2.jpg HTTP/1.1" 200 71642 "-" "Mozilla/4.0 (compatible; MSIE 6.0; Windows NT 5.1; SV1; .NET CLR 1.0.3705)"
65.214.45.100 - - [06/Jul/2006:02:29:49 -0400] "GET /robots.txt HTTP/1.0" 404 204 "-" "Mozilla/2.0 (compatible; Ask Jeeves/Teoma; +http://about.ask.com/en/docs/about/webmasters.shtml)"
65.54.188.57 - - [07/Jul/2006:05:28:01 -0400] "GET /robots.txt HTTP/1.0" 404 204 "-" "msnbot/1.0 (+http://search.msn.com/msnbot.htm)"
65.54.188.57 - - [07/Jul/2006:05:28:03 -0400] "GET /pages/2/page2.html HTTP/1.0" 200 2003 "-" "msnbot/1.0 (+http://search.msn.com/msnbot.htm)"
38.99.203.110 - - [07/Jul/2006:07:47:23 -0400] "GET /robots.txt HTTP/1.1" 404 216 "-" "Java/1.6.0-beta"
66.194.6.81 - - [07/Jul/2006:10:38:26 -0400] "GET / HTTP/1.1" 200 287 "-" "Mozilla/4.0 (compatible; MSIE 6.0; Windows NT 5.1; Q312463)"
66.194.6.81 - - [07/Jul/2006:10:38:26 -0400] "GET / HTTP/1.1" 200 287 "-" "Mozilla/4.0 (compatible; MSIE 6.0; Windows NT 5.1; Q312463)"
65.214.44.190 - - [07/Jul/2006:17:19:02 -0400] "GET /robots.txt HTTP/1.0" 404 204 "-" "Mozilla/2.0 (compatible; Ask Jeeves/Teoma; +http://sp.ask.com/docs/about/tech_crawling.html)"
65.214.44.190 - - [07/Jul/2006:17:19:07 -0400] "GET / HTTP/1.0" 200 287 "-" "Mozilla/2.0 (compatible; Ask Jeeves/Teoma; +http://sp.ask.com/docs/about/tech_crawling.html)"
204.246.129.196 - - [07/Jul/2006:19:25:40 -0400] "GET /pages/2/page2.html HTTP/1.1" 304 - "-" "Mozilla/4.0 (compatible;)"
207.191.14.119 - - [07/Jul/2006:22:51:56 -0400] "GET /pages/2/page2.html HTTP/1.1" 200 2003 "http://www.cccammo.com/" "Mozilla/5.0 (Windows; U; Windows NT 5.1; en-US; rv:1.8.0.4) Gecko/20060508 Firefox/1.5.0.4"
207.191.14.119 - - [07/Jul/2006:22:51:58 -0400] "GET /338/scripts/master.css HTTP/1.1" 404 228 "http://www.ammunition-ccc.net/pages/2/page2.html" "Mozilla/5.0 (Windows; U; Windows NT 5.1; en-US; rv:1.8.0.4) Gecko/20060508 Firefox/1.5.0.4"
207.191.14.119 - - [07/Jul/2006:22:51:58 -0400] "GET /favicon.ico HTTP/1.1" 404 217 "-" "-"
207.191.14.119 - - [07/Jul/2006:22:51:59 -0400] "GET /scripts/user.js HTTP/1.1" 404 221 "http://www.ammunition-ccc.net/pages/2/page2.html" "Mozilla/5.0 (Windows; U; Windows NT 5.1; en-US; rv:1.8.0.4) Gecko/20060508 Firefox/1.5.0.4"
207.191.14.119 - - [07/Jul/2006:22:52:00 -0400] "GET /pages/2/MarkIV-front.jpg HTTP/1.1" 200 18229 "http://www.ammunition-ccc.net/pages/2/page2.html" "Mozilla/5.0 (Windows; U; Windows NT 5.1; en-US; rv:1.8.0.4) Gecko/20060508 Firefox/1.5.0.4"
207.191.14.119 - - [07/Jul/2006:22:52:10 -0400] "GET /pages/2/page2.2.jpg HTTP/1.1" 200 71642 "http://www.ammunition-ccc.net/pages/2/page2.html" "Mozilla/5.0 (Windows; U; Windows NT 5.1; en-US; rv:1.8.0.4) Gecko/20060508 Firefox/1.5.0.4"
207.191.14.119 - - [07/Jul/2006:22:52:21 -0400] "GET /favicon.ico HTTP/1.1" 404 217 "-" "Mozilla/5.0 (Windows; U; Windows NT 5.1; en-US; rv:1.8.0.4) Gecko/20060508 Firefox/1.5.0.4"
207.191.14.119 - - [07/Jul/2006:22:52:24 -0400] "GET /favicon.ico HTTP/1.1" 404 217 "-" "Mozilla/5.0 (Windows; U; Windows NT 5.1; en-US; rv:1.8.0.4) Gecko/20060508 Firefox/1.5.0.4"
12.144.213.169 - - [07/Jul/2006:22:54:46 -0400] "GET /pages/2/page2.html HTTP/1.1" 200 2003 "http://www.cccammo.com/" "Mozilla/4.0 (compatible; MSIE 6.0; Windows NT 5.1; SV1; .NET CLR 1.1.4322)"
12.144.213.169 - - [07/Jul/2006:22:54:46 -0400] "GET /scripts/user.js HTTP/1.1" 404 221 "http://www.ammunition-ccc.net/pages/2/page2.html" "Mozilla/4.0 (compatible; MSIE 6.0; Windows NT 5.1; SV1; .NET CLR 1.1.4322)"
12.144.213.169 - - [07/Jul/2006:22:54:46 -0400] "GET /pages/2/MarkIV-front.jpg HTTP/1.1" 200 18229 "http://www.ammunition-ccc.net/pages/2/page2.html" "Mozilla/4.0 (compatible; MSIE 6.0; Windows NT 5.1; SV1; .NET CLR 1.1.4322)"
12.144.213.169 - - [07/Jul/2006:22:54:46 -0400] "GET /338/scripts/master.css HTTP/1.1" 404 228 "http://www.ammunition-ccc.net/pages/2/page2.html" "Mozilla/4.0 (compatible; MSIE 6.0; Windows NT 5.1; SV1; .NET CLR 1.1.4322)"
12.144.213.169 - - [07/Jul/2006:22:54:49 -0400] "GET /pages/2/page2.2.jpg HTTP/1.1" 200 71642 "http://www.ammunition-ccc.net/pages/2/page2.html" "Mozilla/4.0 (compatible; MSIE 6.0; Windows NT 5.1; SV1; .NET CLR 1.1.4322)"
68.142.251.154 - - [07/Jul/2006:23:30:32 -0400] "GET /robots.txt HTTP/1.0" 404 204 "-" "Mozilla/5.0 (compatible; Yahoo! Slurp; http://help.yahoo.com/help/us/ysearch/slurp)"
68.142.249.91 - - [07/Jul/2006:23:33:36 -0400] "GET / HTTP/1.0" 304 - "-" "Mozilla/5.0 (compatible; Yahoo! Slurp; http://help.yahoo.com/help/us/ysearch/slurp)"
38.99.203.110 - - [07/Jul/2006:03:47:05 -0400] "GET / HTTP/1.1" 200 287 "-" "Mozilla/5.0 (compatible; MSIE 6.0; Windows NT 5.0)"
72.30.111.97 - - [08/Jul/2006:07:16:07 -0400] "GET /robots.txt HTTP/1.0" 404 204 "-" "Mozilla/5.0 (compatible; Yahoo! Slurp; http://help.yahoo.com/help/us/ysearch/slurp)"
72.30.133.221 - - [08/Jul/2006:07:17:20 -0400] "GET /pages/7 HTTP/1.0" 301 242 "-" "Mozilla/5.0 (compatible; Yahoo! Slurp; http://help.yahoo.com/help/us/ysearch/slurp)"
72.30.133.221 - - [08/Jul/2006:07:17:23 -0400] "GET /pages/7/ HTTP/1.0" 200 1328 "-" "Mozilla/5.0 (compatible; Yahoo! Slurp; http://help.yahoo.com/help/us/ysearch/slurp)"
72.30.133.221 - - [08/Jul/2006:07:17:25 -0400] "GET /pages/7/header.htm HTTP/1.0" 404 212 "-" "Mozilla/5.0 (compatible; Yahoo! Slurp; http://help.yahoo.com/help/us/ysearch/slurp)"
72.30.133.221 - - [08/Jul/2006:07:17:27 -0400] "GET /pages/7/nav.htm HTTP/1.0" 200 5838 "-" "Mozilla/5.0 (compatible; Yahoo! Slurp; http://help.yahoo.com/help/us/ysearch/slurp)"
72.30.133.221 - - [08/Jul/2006:07:17:32 -0400] "GET /pages/7/page7.html?refresh=1121862193160 HTTP/1.0" 200 399 "-" "Mozilla/5.0 (compatible; Yahoo! Slurp; http://help.yahoo.com/help/us/ysearch/slurp)"
72.30.133.221 - - [08/Jul/2006:07:17:48 -0400] "GET /pages/7/footer.htm HTTP/1.0" 404 212 "-" "Mozilla/5.0 (compatible; Yahoo! Slurp; http://help.yahoo.com/help/us/ysearch/slurp)"
65.214.45.100 - - [08/Jul/2006:10:02:33 -0400] "GET / HTTP/1.0" 200 287 "-" "Mozilla/2.0 (compatible; Ask Jeeves/Teoma; +http://about.ask.com/en/docs/about/webmasters.shtml)"
68.142.212.238 - - [08/Jul/2006:11:54:28 -0400] "GET /robots.txt HTTP/1.0" 404 204 "-" "Yahoo-MMCrawler/3.x (mms dash mmcrawler dash support at yahoo dash inc dot com)"
68.142.212.238 - - [08/Jul/2006:11:56:54 -0400] "GET /pages/1/umc_pr_mn.jpg HTTP/1.0" 304 - "-" "Yahoo-MMCrawler/3.x (mms dash mmcrawler dash support at yahoo dash inc dot com)"
68.201.241.107 - - [08/Jul/2006:12:46:34 -0400] "GET /338/scripts/master.css HTTP/1.1" 404 228 "http://www.ammunition-ccc.net/pages/2/page2.html" "Mozilla/5.0 (Windows; U; Windows NT 5.1; en-US; rv:1.8.0.4) Gecko/20060508 Firefox/1.5.0.4"
68.201.241.107 - - [08/Jul/2006:12:46:34 -0400] "GET /pages/2/page2.html HTTP/1.1" 200 2003 "http://www.cccammo.com/" "Mozilla/5.0 (Windows; U; Windows NT 5.1; en-US; rv:1.8.0.4) Gecko/20060508 Firefox/1.5.0.4"
68.201.241.107 - - [08/Jul/2006:12:46:34 -0400] "GET /scripts/user.js HTTP/1.1" 404 221 "http://www.ammunition-ccc.net/pages/2/page2.html" "Mozilla/5.0 (Windows; U; Windows NT 5.1; en-US; rv:1.8.0.4) Gecko/20060508 Firefox/1.5.0.4"
68.201.241.107 - - [08/Jul/2006:12:46:35 -0400] "GET /pages/2/MarkIV-front.jpg HTTP/1.1" 200 18229 "http://www.ammunition-ccc.net/pages/2/page2.html" "Mozilla/5.0 (Windows; U; Windows NT 5.1; en-US; rv:1.8.0.4) Gecko/20060508 Firefox/1.5.0.4"
68.201.241.107 - - [08/Jul/2006:12:46:35 -0400] "GET /favicon.ico HTTP/1.1" 404 217 "-" "Mozilla/5.0 (Windows; U; Windows NT 5.1; en-US; rv:1.8.0.4) Gecko/20060508 Firefox/1.5.0.4"
68.201.241.107 - - [08/Jul/2006:12:46:35 -0400] "GET /pages/2/page2.2.jpg HTTP/1.1" 200 71642 "http://www.ammunition-ccc.net/pages/2/page2.html" "Mozilla/5.0 (Windows; U; Windows NT 5.1; en-US; rv:1.8.0.4) Gecko/20060508 Firefox/1.5.0.4"
68.142.212.238 - - [08/Jul/2006:13:42:26 -0400] "GET /pages/1/WarPaint_1.jpg HTTP/1.0" 304 - "-" "Yahoo-MMCrawler/3.x (mms dash mmcrawler dash support at yahoo dash inc dot com)"
68.142.212.238 - - [08/Jul/2006:19:24:19 -0400] "GET /pages/1/C_HorseRider.jpg HTTP/1.0" 304 - "-" "Yahoo-MMCrawler/3.x (mms dash mmcrawler dash support at yahoo dash inc dot com)"
72.181.214.113 - - [09/Jul/2006:01:15:08 -0400] "GET /pages/2/page2.html HTTP/1.1" 200 2003 "http://www.cccammo.com/" "Mozilla/5.0 (Windows; U; Windows NT 5.1; en-US; rv:1.8.0.4) Gecko/20060508 Firefox/1.5.0.4"
72.181.214.113 - - [09/Jul/2006:01:15:09 -0400] "GET /scripts/user.js HTTP/1.1" 404 221 "http://www.ammunition-ccc.net/pages/2/page2.html" "Mozilla/5.0 (Windows; U; Windows NT 5.1; en-US; rv:1.8.0.4) Gecko/20060508 Firefox/1.5.0.4"
72.181.214.113 - - [09/Jul/2006:01:15:09 -0400] "GET /pages/2/page2.2.jpg HTTP/1.1" 200 71642 "http://www.ammunition-ccc.net/pages/2/page2.html" "Mozilla/5.0 (Windows; U; Windows NT 5.1; en-US; rv:1.8.0.4) Gecko/20060508 Firefox/1.5.0.4"
72.181.214.113 - - [09/Jul/2006:01:15:09 -0400] "GET /338/scripts/master.css HTTP/1.1" 404 228 "http://www.ammunition-ccc.net/pages/2/page2.html" "Mozilla/5.0 (Windows; U; Windows NT 5.1; en-US; rv:1.8.0.4) Gecko/20060508 Firefox/1.5.0.4"
