70.185.2.16 - - [30/May/2006:07:58:52 -0400] "GET /pages/1/WarPaint_1.jpg HTTP/1.1" 200 20663 "http://www.ammunition-ccc.com/pages/1/index.htm" "Mozilla/4.0 (compatible; MSIE 6.0; Windows NT 5.1; SV1; .NET CLR 1.1.4322)"
70.185.2.16 - - [30/May/2006:07:58:52 -0400] "GET /pages/1/umc_pr_mn.jpg HTTP/1.1" 200 11349 "http://www.ammunition-ccc.com/pages/1/index.htm" "Mozilla/4.0 (compatible; MSIE 6.0; Windows NT 5.1; SV1; .NET CLR 1.1.4322)"
70.185.2.16 - - [30/May/2006:07:58:52 -0400] "GET /pages/1/a223bband.gif HTTP/1.1" 200 9075 "http://www.ammunition-ccc.com/pages/1/index.htm" "Mozilla/4.0 (compatible; MSIE 6.0; Windows NT 5.1; SV1; .NET CLR 1.1.4322)"
70.185.2.16 - - [30/May/2006:07:58:57 -0400] "GET /_vti_inf.html HTTP/1.1" 200 1754 "-" "Mozilla/2.0 (compatible; MS FrontPage 4.0)"
70.185.2.16 - - [30/May/2006:07:58:58 -0400] "POST /_vti_bin/shtml.exe/_vti_rpc HTTP/1.1" 200 240 "-" "MSFrontPage/4.0"
70.185.2.16 - - [30/May/2006:07:58:58 -0400] "POST /_vti_bin/shtml.exe/_vti_rpc HTTP/1.1" 200 165 "-" "MSFrontPage/4.0"
70.185.2.16 - - [30/May/2006:07:58:59 -0400] "POST /_vti_bin/_vti_aut/author.exe HTTP/1.1" 401 409 "-" "MSFrontPage/4.0"
70.185.2.16 - ntsl283428 [30/May/2006:07:59:09 -0400] "POST /_vti_bin/_vti_aut/author.exe HTTP/1.1" 401 409 "-" "MSFrontPage/4.0"
70.185.2.16 - - [30/May/2006:07:59:11 -0400] "GET /pages/1/WarPaint_1.jpg HTTP/1.1" 200 20663 "-" "Mozilla/2.0 (compatible; MS FrontPage 4.0)"
70.185.2.16 - - [30/May/2006:07:59:11 -0400] "GET /pages/1/index.htm HTTP/1.1" 200 10389 "-" "Mozilla/2.0 (compatible; MS FrontPage 4.0)"
70.185.2.16 - - [30/May/2006:07:59:11 -0400] "GET /pages/1/45_200.gif HTTP/1.1" 200 11782 "-" "Mozilla/2.0 (compatible; MS FrontPage 4.0)"
70.185.2.16 - - [30/May/2006:07:59:11 -0400] "GET /pages/1/redbox2.jpg HTTP/1.1" 200 2949 "-" "Mozilla/2.0 (compatible; MS FrontPage 4.0)"
70.185.2.16 - - [30/May/2006:07:59:12 -0400] "GET /pages/1/umc_pr_mn.jpg HTTP/1.1" 200 11349 "-" "Mozilla/2.0 (compatible; MS FrontPage 4.0)"
70.185.2.16 - - [30/May/2006:07:59:12 -0400] "GET /pages/1/a223bband.gif HTTP/1.1" 200 9075 "-" "Mozilla/2.0 (compatible; MS FrontPage 4.0)"
70.185.2.16 - - [30/May/2006:07:59:12 -0400] "GET /pages/1/C_HorseRider.jpg HTTP/1.1" 200 23108 "-" "Mozilla/2.0 (compatible; MS FrontPage 4.0)"
70.185.2.16 - - [30/May/2006:07:59:13 -0400] "GET /pages/1/safbul1a.gif HTTP/1.1" 200 2054 "-" "Mozilla/2.0 (compatible; MS FrontPage 4.0)"
68.142.249.91 - - [30/May/2006:13:37:35 -0400] "GET / HTTP/1.0" 200 287 "-" "Mozilla/5.0 (compatible; Yahoo! Slurp; http://help.yahoo.com/help/us/ysearch/slurp)"
66.194.6.75 - - [30/May/2006:20:12:58 -0400] "GET / HTTP/1.1" 200 287 "-" "Mozilla/5.0 (compatible; Konqueror/3.0-rc4; i686 Linux; 20021203)"
66.194.6.75 - - [30/May/2006:20:12:58 -0400] "GET / HTTP/1.1" 200 287 "-" "Mozilla/4.0 (compatible; MSIE 6.0; Windows NT 5.1; Q312466)"
207.34.97.177 - - [30/May/2006:21:23:42 -0400] "GET /scripts/user.js HTTP/1.1" 404 221 "http://www.ammunition-ccc.net/pages/2/page2.html" "Mozilla/4.0 (compatible; MSIE 6.0; Windows NT 5.1; .NET CLR 1.0.3705)"
207.34.97.177 - - [30/May/2006:21:23:42 -0400] "GET /pages/2/page2.2.jpg HTTP/1.1" 200 71642 "http://www.ammunition-ccc.net/pages/2/page2.html" "Mozilla/4.0 (compatible; MSIE 6.0; Windows NT 5.1; .NET CLR 1.0.3705)"
207.34.97.177 - - [30/May/2006:21:23:42 -0400] "GET /pages/2/page2.html HTTP/1.1" 200 2003 "http://search.msn.com/results.asp?FORM=sCPN&RS=CHECKED&un=doc&v=1&q=www.ammunition" "Mozilla/4.0 (compatible; MSIE 6.0; Windows NT 5.1; .NET CLR 1.0.3705)"
207.34.97.177 - - [30/May/2006:21:23:42 -0400] "GET /338/scripts/master.css HTTP/1.1" 404 228 "http://www.ammunition-ccc.net/pages/2/page2.html" "Mozilla/4.0 (compatible; MSIE 6.0; Windows NT 5.1; .NET CLR 1.0.3705)"
207.34.97.177 - - [30/May/2006:21:23:42 -0400] "GET /pages/2/MarkIV-front.jpg HTTP/1.1" 200 18229 "http://www.ammunition-ccc.net/pages/2/page2.html" "Mozilla/4.0 (compatible; MSIE 6.0; Windows NT 5.1; .NET CLR 1.0.3705)"
207.34.97.177 - - [30/May/2006:21:26:20 -0400] "GET /scripts/user.js HTTP/1.1" 404 221 "http://www.ammunition-ccc.net/pages/2/page2.html" "Mozilla/4.0 (compatible; MSIE 6.0; Windows NT 5.1; .NET CLR 1.0.3705)"
207.34.97.177 - - [30/May/2006:21:26:20 -0400] "GET /338/scripts/master.css HTTP/1.1" 404 228 "http://www.ammunition-ccc.net/pages/2/page2.html" "Mozilla/4.0 (compatible; MSIE 6.0; Windows NT 5.1; .NET CLR 1.0.3705)"
83.36.78.213 - - [12/May/2006:06:00:18 -0400] "GET /pages/2/page2.html HTTP/1.1" 200 2003 "-" "Mozilla/4.0 (compatible; MSIE 6.0; Windows 98)"
66.194.6.76 - - [12/May/2006:06:56:24 -0400] "GET / HTTP/1.1" 200 287 "-" "Mozilla/5.0 (compatible; Konqueror/3.1-rc4; i686 Linux; 20021101)"
67.49.35.237 - - [12/May/2006:21:55:22 -0400] "GET /pages/2/page2.html HTTP/1.1" 200 2003 "http://cccammo.com/" "Mozilla/5.0 (Windows; U; Windows NT 5.1; en-US; rv:1.8.0.3) Gecko/20060426 Firefox/1.5.0.3"
67.49.35.237 - - [12/May/2006:21:55:22 -0400] "GET /338/scripts/master.css HTTP/1.1" 404 228 "http://www.ammunition-ccc.net/pages/2/page2.html" "Mozilla/5.0 (Windows; U; Windows NT 5.1; en-US; rv:1.8.0.3) Gecko/20060426 Firefox/1.5.0.3"
67.49.35.237 - - [12/May/2006:21:55:22 -0400] "GET /scripts/user.js HTTP/1.1" 404 221 "http://www.ammunition-ccc.net/pages/2/page2.html" "Mozilla/5.0 (Windows; U; Windows NT 5.1; en-US; rv:1.8.0.3) Gecko/20060426 Firefox/1.5.0.3"
67.49.35.237 - - [12/May/2006:21:55:23 -0400] "GET /pages/2/MarkIV-front.jpg HTTP/1.1" 200 18229 "http://www.ammunition-ccc.net/pages/2/page2.html" "Mozilla/5.0 (Windows; U; Windows NT 5.1; en-US; rv:1.8.0.3) Gecko/20060426 Firefox/1.5.0.3"
67.49.35.237 - - [12/May/2006:21:55:23 -0400] "GET /favicon.ico HTTP/1.1" 404 217 "-" "Mozilla/5.0 (Windows; U; Windows NT 5.1; en-US; rv:1.8.0.3) Gecko/20060426 Firefox/1.5.0.3"
67.49.35.237 - - [12/May/2006:21:55:23 -0400] "GET /pages/2/page2.2.jpg HTTP/1.1" 200 71642 "http://www.ammunition-ccc.net/pages/2/page2.html" "Mozilla/5.0 (Windows; U; Windows NT 5.1; en-US; rv:1.8.0.3) Gecko/20060426 Firefox/1.5.0.3"
65.214.44.193 - - [13/May/2006:03:40:07 -0400] "GET /robots.txt HTTP/1.0" 404 204 "-" "Mozilla/2.0 (compatible; Ask Jeeves/Teoma; +http://sp.ask.com/docs/about/tech_crawling.html)"
207.200.116.203 - - [13/May/2006:15:21:45 -0400] "GET /pages/2/page2.html HTTP/1.0" 200 2003 "http://www.cccammo.com/" "Mozilla/4.0 (compatible; MSIE 6.0; AOL 9.0; Windows NT 5.1; SV1; .NET CLR 1.1.4322)"
207.200.116.139 - - [13/May/2006:15:21:46 -0400] "GET /scripts/user.js HTTP/1.0" 404 209 "http://www.ammunition-ccc.net/pages/2/page2.html" "Mozilla/4.0 (compatible; MSIE 6.0; AOL 9.0; Windows NT 5.1; SV1; .NET CLR 1.1.4322)"
207.200.116.137 - - [13/May/2006:15:21:46 -0400] "GET /338/scripts/master.css HTTP/1.0" 404 216 "http://www.ammunition-ccc.net/pages/2/page2.html" "Mozilla/4.0 (compatible; MSIE 6.0; AOL 9.0; Windows NT 5.1; SV1; .NET CLR 1.1.4322)"
207.200.116.65 - - [13/May/2006:15:21:48 -0400] "GET /pages/2/page2.2.jpg HTTP/1.0" 200 71642 "http://www.ammunition-ccc.net/pages/2/page2.html" "Mozilla/4.0 (compatible; MSIE 6.0; AOL 9.0; Windows NT 5.1; SV1; .NET CLR 1.1.4322)"
68.142.251.133 - - [13/May/2006:16:24:48 -0400] "GET /robots.txt HTTP/1.0" 404 204 "-" "Mozilla/5.0 (compatible; Yahoo! Slurp; http://help.yahoo.com/help/us/ysearch/slurp)"
72.30.216.18 - - [13/May/2006:20:30:33 -0400] "GET /robots.txt HTTP/1.0" 404 204 "-" "Mozilla/5.0 (compatible; Yahoo! Slurp; http://help.yahoo.com/help/us/ysearch/slurp)"
72.30.129.109 - - [13/May/2006:20:36:14 -0400] "GET /pages/2/ HTTP/1.0" 403 206 "-" "Mozilla/5.0 (compatible; Yahoo! Slurp; http://help.yahoo.com/help/us/ysearch/slurp)"
68.142.251.96 - - [01/Jun/2006:02:36:35 -0400] "GET /robots.txt HTTP/1.0" 404 204 "-" "Mozilla/5.0 (compatible; Yahoo! Slurp; http://help.yahoo.com/help/us/ysearch/slurp)"
68.142.251.29 - - [01/Jun/2006:02:47:13 -0400] "GET / HTTP/1.0" 304 - "-" "Mozilla/5.0 (compatible; Yahoo! Slurp; http://help.yahoo.com/help/us/ysearch/slurp)"
72.30.107.9 - - [01/Jun/2006:09:10:30 -0400] "GET /robots.txt HTTP/1.0" 404 204 "-" "Mozilla/5.0 (compatible; Yahoo! Slurp; http://help.yahoo.com/help/us/ysearch/slurp)"
66.194.6.74 - - [01/Jun/2006:10:19:17 -0400] "GET / HTTP/1.1" 200 287 "-" "Mozilla/4.0 (compatible; MSIE 6.0; Windows NT 5.1; Q312466)"
66.194.6.74 - - [01/Jun/2006:10:19:17 -0400] "GET / HTTP/1.1" 200 287 "-" "Mozilla/5.0 (compatible; Konqueror/3.1-rc4; i686 Linux; 20020702)"
209.169.99.128 - - [01/Jun/2006:14:30:01 -0400] "GET /pages/2/page2.html HTTP/1.1" 200 2003 "http://www.cccammo.com/" "Mozilla/4.0 (compatible; MSIE 5.01; Windows 98)"
209.169.99.128 - - [01/Jun/2006:14:30:01 -0400] "GET /338/scripts/master.css HTTP/1.1" 404 228 "http://www.ammunition-ccc.net/pages/2/page2.html" "Mozilla/4.0 (compatible; MSIE 5.01; Windows 98)"
209.169.99.128 - - [01/Jun/2006:14:30:02 -0400] "GET /pages/2/MarkIV-front.jpg HTTP/1.1" 200 18229 "http://www.ammunition-ccc.net/pages/2/page2.html" "Mozilla/4.0 (compatible; MSIE 5.01; Windows 98)"
209.169.99.128 - - [01/Jun/2006:14:30:02 -0400] "GET /scripts/user.js HTTP/1.1" 404 221 "http://www.ammunition-ccc.net/pages/2/page2.html" "Mozilla/4.0 (compatible; MSIE 5.01; Windows 98)"
209.169.99.128 - - [01/Jun/2006:14:30:03 -0400] "GET /pages/2/page2.2.jpg HTTP/1.1" 200 71642 "http://www.ammunition-ccc.net/pages/2/page2.html" "Mozilla/4.0 (compatible; MSIE 5.01; Windows 98)"
69.170.176.121 - - [01/Jun/2006:18:18:05 -0400] "GET /pages/2/page2.html HTTP/1.1" 200 2003 "http://www.cccammo.com/" "Mozilla/4.0 (compatible; MSIE 6.0; Windows NT 5.1; SV1; .NET CLR 1.1.4322)"
69.170.176.121 - - [01/Jun/2006:18:18:06 -0400] "GET /scripts/user.js HTTP/1.1" 404 221 "http://www.ammunition-ccc.net/pages/2/page2.html" "Mozilla/4.0 (compatible; MSIE 6.0; Windows NT 5.1; SV1; .NET CLR 1.1.4322)"
69.170.176.121 - - [01/Jun/2006:18:18:06 -0400] "GET /pages/2/page2.2.jpg HTTP/1.1" 200 71642 "http://www.ammunition-ccc.net/pages/2/page2.html" "Mozilla/4.0 (compatible; MSIE 6.0; Windows NT 5.1; SV1; .NET CLR 1.1.4322)"
69.170.176.121 - - [01/Jun/2006:18:18:06 -0400] "GET /338/scripts/master.css HTTP/1.1" 404 228 "http://www.ammunition-ccc.net/pages/2/page2.html" "Mozilla/4.0 (compatible; MSIE 6.0; Windows NT 5.1; SV1; .NET CLR 1.1.4322)"
69.170.176.121 - - [01/Jun/2006:18:18:06 -0400] "GET /pages/2/MarkIV-front.jpg HTTP/1.1" 200 18229 "http://www.ammunition-ccc.net/pages/2/page2.html" "Mozilla/4.0 (compatible; MSIE 6.0; Windows NT 5.1; SV1; .NET CLR 1.1.4322)"
83.36.78.213 - - [12/May/2006:06:00:18 -0400] "GET /pages/2/page2.html HTTP/1.1" 200 2003 "-" "Mozilla/4.0 (compatible; MSIE 6.0; Windows 98)"
66.194.6.76 - - [12/May/2006:06:56:24 -0400] "GET / HTTP/1.1" 200 287 "-" "Mozilla/5.0 (compatible; Konqueror/3.1-rc4; i686 Linux; 20021101)"
67.49.35.237 - - [12/May/2006:21:55:22 -0400] "GET /pages/2/page2.html HTTP/1.1" 200 2003 "http://cccammo.com/" "Mozilla/5.0 (Windows; U; Windows NT 5.1; en-US; rv:1.8.0.3) Gecko/20060426 Firefox/1.5.0.3"
67.49.35.237 - - [12/May/2006:21:55:22 -0400] "GET /338/scripts/master.css HTTP/1.1" 404 228 "http://www.ammunition-ccc.net/pages/2/page2.html" "Mozilla/5.0 (Windows; U; Windows NT 5.1; en-US; rv:1.8.0.3) Gecko/20060426 Firefox/1.5.0.3"
67.49.35.237 - - [12/May/2006:21:55:22 -0400] "GET /scripts/user.js HTTP/1.1" 404 221 "http://www.ammunition-ccc.net/pages/2/page2.html" "Mozilla/5.0 (Windows; U; Windows NT 5.1; en-US; rv:1.8.0.3) Gecko/20060426 Firefox/1.5.0.3"
67.49.35.237 - - [12/May/2006:21:55:23 -0400] "GET /pages/2/MarkIV-front.jpg HTTP/1.1" 200 18229 "http://www.ammunition-ccc.net/pages/2/page2.html" "Mozilla/5.0 (Windows; U; Windows NT 5.1; en-US; rv:1.8.0.3) Gecko/20060426 Firefox/1.5.0.3"
67.49.35.237 - - [12/May/2006:21:55:23 -0400] "GET /favicon.ico HTTP/1.1" 404 217 "-" "Mozilla/5.0 (Windows; U; Windows NT 5.1; en-US; rv:1.8.0.3) Gecko/20060426 Firefox/1.5.0.3"
67.49.35.237 - - [12/May/2006:21:55:23 -0400] "GET /pages/2/page2.2.jpg HTTP/1.1" 200 71642 "http://www.ammunition-ccc.net/pages/2/page2.html" "Mozilla/5.0 (Windows; U; Windows NT 5.1; en-US; rv:1.8.0.3) Gecko/20060426 Firefox/1.5.0.3"
65.214.44.193 - - [13/May/2006:03:40:07 -0400] "GET /robots.txt HTTP/1.0" 404 204 "-" "Mozilla/2.0 (compatible; Ask Jeeves/Teoma; +http://sp.ask.com/docs/about/tech_crawling.html)"
207.200.116.203 - - [13/May/2006:15:21:45 -0400] "GET /pages/2/page2.html HTTP/1.0" 200 2003 "http://www.cccammo.com/" "Mozilla/4.0 (compatible; MSIE 6.0; AOL 9.0; Windows NT 5.1; SV1; .NET CLR 1.1.4322)"
207.200.116.139 - - [13/May/2006:15:21:46 -0400] "GET /scripts/user.js HTTP/1.0" 404 209 "http://www.ammunition-ccc.net/pages/2/page2.html" "Mozilla/4.0 (compatible; MSIE 6.0; AOL 9.0; Windows NT 5.1; SV1; .NET CLR 1.1.4322)"
207.200.116.137 - - [13/May/2006:15:21:46 -0400] "GET /338/scripts/master.css HTTP/1.0" 404 216 "http://www.ammunition-ccc.net/pages/2/page2.html" "Mozilla/4.0 (compatible; MSIE 6.0; AOL 9.0; Windows NT 5.1; SV1; .NET CLR 1.1.4322)"
207.200.116.65 - - [13/May/2006:15:21:48 -0400] "GET /pages/2/page2.2.jpg HTTP/1.0" 200 71642 "http://www.ammunition-ccc.net/pages/2/page2.html" "Mozilla/4.0 (compatible; MSIE 6.0; AOL 9.0; Windows NT 5.1; SV1; .NET CLR 1.1.4322)"
68.142.251.133 - - [13/May/2006:16:24:48 -0400] "GET /robots.txt HTTP/1.0" 404 204 "-" "Mozilla/5.0 (compatible; Yahoo! Slurp; http://help.yahoo.com/help/us/ysearch/slurp)"
72.30.216.18 - - [13/May/2006:20:30:33 -0400] "GET /robots.txt HTTP/1.0" 404 204 "-" "Mozilla/5.0 (compatible; Yahoo! Slurp; http://help.yahoo.com/help/us/ysearch/slurp)"
72.30.129.109 - - [13/May/2006:20:36:14 -0400] "GET /pages/2/ HTTP/1.0" 403 206 "-" "Mozilla/5.0 (compatible; Yahoo! Slurp; http://help.yahoo.com/help/us/ysearch/slurp)"
66.154.102.95 - - [02/Jun/2006:02:40:46 -0400] "GET /robots.txt HTTP/1.0" 404 204 "-" "Gigabot/2.0; http://www.gigablast.com/spider.html"
66.154.103.90 - - [02/Jun/2006:02:40:47 -0400] "GET /pages/2/page2.html HTTP/1.0" 200 2003 "-" "Gigabot/2.0; http://www.gigablast.com/spider.html"
66.234.139.204 - - [02/Jun/2006:03:13:45 -0400] "GET /robots.txt HTTP/1.0" 404 204 "-" "Snapbot/1.0"
66.234.139.201 - - [02/Jun/2006:03:13:45 -0400] "GET /pages/2/page2.html HTTP/1.0" 200 2003 "-" "Snapbot/1.0"
38.113.234.181 - - [02/Jun/2006:03:30:53 -0400] "GET /robots.txt HTTP/1.0" 404 204 "-" "voyager/1.0"
38.113.234.181 - - [02/Jun/2006:03:31:35 -0400] "GET /pages/2/page2.html HTTP/1.0" 200 2003 "-" "voyager/1.0"
72.30.132.157 - - [02/Jun/2006:09:00:54 -0400] "GET /robots.txt HTTP/1.0" 404 204 "-" "Mozilla/5.0 (compatible; Yahoo! Slurp; http://help.yahoo.com/help/us/ysearch/slurp)"
72.30.135.216 - - [02/Jun/2006:09:10:37 -0400] "GET / HTTP/1.0" 304 - "-" "Mozilla/5.0 (compatible; Yahoo! Slurp; http://help.yahoo.com/help/us/ysearch/slurp)"
65.214.44.193 - - [02/Jun/2006:09:57:01 -0400] "GET /robots.txt HTTP/1.0" 404 204 "-" "Mozilla/2.0 (compatible; Ask Jeeves/Teoma; +http://sp.ask.com/docs/about/tech_crawling.html)"
65.214.44.193 - - [02/Jun/2006:09:57:17 -0400] "GET / HTTP/1.0" 200 287 "-" "Mozilla/2.0 (compatible; Ask Jeeves/Teoma; +http://sp.ask.com/docs/about/tech_crawling.html)"
200.181.65.170 - - [02/Jun/2006:10:35:27 -0400] "GET / HTTP/1.1" 200 287 "http://server.aker.com.br/cadastro/includes/open.php?url=http://www.ammunition-ccc.net" "Mozilla/4.0 (compatible; MSIE 6.0; Windows NT 5.1; SV1)"
61.0.137.196 - - [02/Jun/2006:14:11:25 -0400] "GET /pages/2/page2.2.jpg HTTP/1.1" 200 71642 "http://images.google.co.in/imgres?imgurl=http://www.ammunition-ccc.net/pages/2/page2.2.jpg&imgrefurl=http://www.ammunition-ccc.net/pages/2/page2.html&h=650&w=575&sz=70&tbnid=xemgLnb6NlkmZM:&tbnh=135&tbnw=119&hl=en&prev=/images%3Fq%3Dalcohol%2Bmanufacture%26start%3D20%26ndsp%3D20%26svnum%3D10%26hl%3Den%26lr%3D%26sa%3DN&frame=small" "Mozilla/4.0 (compatible; MSIE 5.5; Windows 98)"
70.52.231.107 - - [02/Jun/2006:20:37:47 -0400] "GET /pages/2/page2.html HTTP/1.1" 200 2003 "http://www.cccammo.com/" "Mozilla/4.0 (compatible; MSIE 6.0; Windows NT 5.1; SYMPA; SV1)"
70.52.231.107 - - [02/Jun/2006:20:37:47 -0400] "GET /338/scripts/master.css HTTP/1.1" 404 228 "http://www.ammunition-ccc.net/pages/2/page2.html" "Mozilla/4.0 (compatible; MSIE 6.0; Windows NT 5.1; SYMPA; SV1)"
70.52.231.107 - - [02/Jun/2006:20:37:47 -0400] "GET /pages/2/MarkIV-front.jpg HTTP/1.1" 200 18229 "http://www.ammunition-ccc.net/pages/2/page2.html" "Mozilla/4.0 (compatible; MSIE 6.0; Windows NT 5.1; SYMPA; SV1)"
70.52.231.107 - - [02/Jun/2006:20:37:47 -0400] "GET /scripts/user.js HTTP/1.1" 404 221 "http://www.ammunition-ccc.net/pages/2/page2.html" "Mozilla/4.0 (compatible; MSIE 6.0; Windows NT 5.1; SYMPA; SV1)"
70.52.231.107 - - [02/Jun/2006:20:37:48 -0400] "GET /pages/2/page2.2.jpg HTTP/1.1" 200 71642 "http://www.ammunition-ccc.net/pages/2/page2.html" "Mozilla/4.0 (compatible; MSIE 6.0; Windows NT 5.1; SYMPA; SV1)"
66.194.6.81 - - [02/Jun/2006:23:57:21 -0400] "GET / HTTP/1.1" 200 287 "-" "Mozilla/5.0 (compatible; Konqueror/3.1-rc5; i686 Linux; 20021225)"
66.194.6.81 - - [02/Jun/2006:23:57:21 -0400] "GET / HTTP/1.1" 200 287 "-" "Mozilla/5.0 (compatible; Konqueror/3.0-rc1; i686 Linux; 20020605)"
83.36.78.213 - - [12/May/2006:06:00:18 -0400] "GET /pages/2/page2.html HTTP/1.1" 200 2003 "-" "Mozilla/4.0 (compatible; MSIE 6.0; Windows 98)"
66.194.6.76 - - [12/May/2006:06:56:24 -0400] "GET / HTTP/1.1" 200 287 "-" "Mozilla/5.0 (compatible; Konqueror/3.1-rc4; i686 Linux; 20021101)"
67.49.35.237 - - [12/May/2006:21:55:22 -0400] "GET /pages/2/page2.html HTTP/1.1" 200 2003 "http://cccammo.com/" "Mozilla/5.0 (Windows; U; Windows NT 5.1; en-US; rv:1.8.0.3) Gecko/20060426 Firefox/1.5.0.3"
67.49.35.237 - - [12/May/2006:21:55:22 -0400] "GET /338/scripts/master.css HTTP/1.1" 404 228 "http://www.ammunition-ccc.net/pages/2/page2.html" "Mozilla/5.0 (Windows; U; Windows NT 5.1; en-US; rv:1.8.0.3) Gecko/20060426 Firefox/1.5.0.3"
67.49.35.237 - - [12/May/2006:21:55:22 -0400] "GET /scripts/user.js HTTP/1.1" 404 221 "http://www.ammunition-ccc.net/pages/2/page2.html" "Mozilla/5.0 (Windows; U; Windows NT 5.1; en-US; rv:1.8.0.3) Gecko/20060426 Firefox/1.5.0.3"
67.49.35.237 - - [12/May/2006:21:55:23 -0400] "GET /pages/2/MarkIV-front.jpg HTTP/1.1" 200 18229 "http://www.ammunition-ccc.net/pages/2/page2.html" "Mozilla/5.0 (Windows; U; Windows NT 5.1; en-US; rv:1.8.0.3) Gecko/20060426 Firefox/1.5.0.3"
67.49.35.237 - - [12/May/2006:21:55:23 -0400] "GET /favicon.ico HTTP/1.1" 404 217 "-" "Mozilla/5.0 (Windows; U; Windows NT 5.1; en-US; rv:1.8.0.3) Gecko/20060426 Firefox/1.5.0.3"
67.49.35.237 - - [12/May/2006:21:55:23 -0400] "GET /pages/2/page2.2.jpg HTTP/1.1" 200 71642 "http://www.ammunition-ccc.net/pages/2/page2.html" "Mozilla/5.0 (Windows; U; Windows NT 5.1; en-US; rv:1.8.0.3) Gecko/20060426 Firefox/1.5.0.3"
65.214.44.193 - - [13/May/2006:03:40:07 -0400] "GET /robots.txt HTTP/1.0" 404 204 "-" "Mozilla/2.0 (compatible; Ask Jeeves/Teoma; +http://sp.ask.com/docs/about/tech_crawling.html)"
207.200.116.203 - - [13/May/2006:15:21:45 -0400] "GET /pages/2/page2.html HTTP/1.0" 200 2003 "http://www.cccammo.com/" "Mozilla/4.0 (compatible; MSIE 6.0; AOL 9.0; Windows NT 5.1; SV1; .NET CLR 1.1.4322)"
207.200.116.139 - - [13/May/2006:15:21:46 -0400] "GET /scripts/user.js HTTP/1.0" 404 209 "http://www.ammunition-ccc.net/pages/2/page2.html" "Mozilla/4.0 (compatible; MSIE 6.0; AOL 9.0; Windows NT 5.1; SV1; .NET CLR 1.1.4322)"
207.200.116.137 - - [13/May/2006:15:21:46 -0400] "GET /338/scripts/master.css HTTP/1.0" 404 216 "http://www.ammunition-ccc.net/pages/2/page2.html" "Mozilla/4.0 (compatible; MSIE 6.0; AOL 9.0; Windows NT 5.1; SV1; .NET CLR 1.1.4322)"
207.200.116.65 - - [13/May/2006:15:21:48 -0400] "GET /pages/2/page2.2.jpg HTTP/1.0" 200 71642 "http://www.ammunition-ccc.net/pages/2/page2.html" "Mozilla/4.0 (compatible; MSIE 6.0; AOL 9.0; Windows NT 5.1; SV1; .NET CLR 1.1.4322)"
68.142.251.133 - - [13/May/2006:16:24:48 -0400] "GET /robots.txt HTTP/1.0" 404 204 "-" "Mozilla/5.0 (compatible; Yahoo! Slurp; http://help.yahoo.com/help/us/ysearch/slurp)"
72.30.216.18 - - [13/May/2006:20:30:33 -0400] "GET /robots.txt HTTP/1.0" 404 204 "-" "Mozilla/5.0 (compatible; Yahoo! Slurp; http://help.yahoo.com/help/us/ysearch/slurp)"
72.30.129.109 - - [13/May/2006:20:36:14 -0400] "GET /pages/2/ HTTP/1.0" 403 206 "-" "Mozilla/5.0 (compatible; Yahoo! Slurp; http://help.yahoo.com/help/us/ysearch/slurp)"
66.154.102.95 - - [03/Jun/2006:15:52:56 -0400] "GET /robots.txt HTTP/1.0" 404 204 "-" "Gigabot/2.0; http://www.gigablast.com/spider.html"
66.154.103.90 - - [03/Jun/2006:15:52:56 -0400] "GET /pages/6 HTTP/1.0" 301 242 "-" "Gigabot/2.0; http://www.gigablast.com/spider.html"
66.154.103.90 - - [03/Jun/2006:16:17:19 -0400] "GET /pages/6/ HTTP/1.0" 200 936 "-" "Gigabot/2.0; http://www.gigablast.com/spider.html"
69.153.18.254 - - [03/Jun/2006:16:45:19 -0400] "GET /pages/2/page2.html HTTP/1.1" 200 2003 "-" "Mozilla/4.0 (compatible; MSIE 6.0; Windows NT 5.1; SV1; YPC 3.0.1; InfoPath.1)"
69.153.18.254 - - [03/Jun/2006:16:45:19 -0400] "GET /scripts/user.js HTTP/1.1" 404 221 "http://www.ammunition-ccc.net/pages/2/page2.html" "Mozilla/4.0 (compatible; MSIE 6.0; Windows NT 5.1; SV1; YPC 3.0.1; InfoPath.1)"
69.153.18.254 - - [03/Jun/2006:16:45:19 -0400] "GET /338/scripts/master.css HTTP/1.1" 404 228 "http://www.ammunition-ccc.net/pages/2/page2.html" "Mozilla/4.0 (compatible; MSIE 6.0; Windows NT 5.1; SV1; YPC 3.0.1; InfoPath.1)"
69.153.18.254 - - [03/Jun/2006:16:45:19 -0400] "GET /pages/2/MarkIV-front.jpg HTTP/1.1" 200 18229 "http://www.ammunition-ccc.net/pages/2/page2.html" "Mozilla/4.0 (compatible; MSIE 6.0; Windows NT 5.1; SV1; YPC 3.0.1; InfoPath.1)"
69.153.18.254 - - [03/Jun/2006:16:45:20 -0400] "GET /pages/2/page2.2.jpg HTTP/1.1" 200 71642 "http://www.ammunition-ccc.net/pages/2/page2.html" "Mozilla/4.0 (compatible; MSIE 6.0; Windows NT 5.1; SV1; YPC 3.0.1; InfoPath.1)"
68.142.251.156 - - [03/Jun/2006:19:40:56 -0400] "GET /robots.txt HTTP/1.0" 404 204 "-" "Mozilla/5.0 (compatible; Yahoo! Slurp; http://help.yahoo.com/help/us/ysearch/slurp)"
83.36.78.213 - - [12/May/2006:06:00:18 -0400] "GET /pages/2/page2.html HTTP/1.1" 200 2003 "-" "Mozilla/4.0 (compatible; MSIE 6.0; Windows 98)"
66.194.6.76 - - [12/May/2006:06:56:24 -0400] "GET / HTTP/1.1" 200 287 "-" "Mozilla/5.0 (compatible; Konqueror/3.1-rc4; i686 Linux; 20021101)"
67.49.35.237 - - [12/May/2006:21:55:22 -0400] "GET /pages/2/page2.html HTTP/1.1" 200 2003 "http://cccammo.com/" "Mozilla/5.0 (Windows; U; Windows NT 5.1; en-US; rv:1.8.0.3) Gecko/20060426 Firefox/1.5.0.3"
67.49.35.237 - - [12/May/2006:21:55:22 -0400] "GET /338/scripts/master.css HTTP/1.1" 404 228 "http://www.ammunition-ccc.net/pages/2/page2.html" "Mozilla/5.0 (Windows; U; Windows NT 5.1; en-US; rv:1.8.0.3) Gecko/20060426 Firefox/1.5.0.3"
67.49.35.237 - - [12/May/2006:21:55:22 -0400] "GET /scripts/user.js HTTP/1.1" 404 221 "http://www.ammunition-ccc.net/pages/2/page2.html" "Mozilla/5.0 (Windows; U; Windows NT 5.1; en-US; rv:1.8.0.3) Gecko/20060426 Firefox/1.5.0.3"
67.49.35.237 - - [12/May/2006:21:55:23 -0400] "GET /pages/2/MarkIV-front.jpg HTTP/1.1" 200 18229 "http://www.ammunition-ccc.net/pages/2/page2.html" "Mozilla/5.0 (Windows; U; Windows NT 5.1; en-US; rv:1.8.0.3) Gecko/20060426 Firefox/1.5.0.3"
67.49.35.237 - - [12/May/2006:21:55:23 -0400] "GET /favicon.ico HTTP/1.1" 404 217 "-" "Mozilla/5.0 (Windows; U; Windows NT 5.1; en-US; rv:1.8.0.3) Gecko/20060426 Firefox/1.5.0.3"
67.49.35.237 - - [12/May/2006:21:55:23 -0400] "GET /pages/2/page2.2.jpg HTTP/1.1" 200 71642 "http://www.ammunition-ccc.net/pages/2/page2.html" "Mozilla/5.0 (Windows; U; Windows NT 5.1; en-US; rv:1.8.0.3) Gecko/20060426 Firefox/1.5.0.3"
65.214.44.193 - - [13/May/2006:03:40:07 -0400] "GET /robots.txt HTTP/1.0" 404 204 "-" "Mozilla/2.0 (compatible; Ask Jeeves/Teoma; +http://sp.ask.com/docs/about/tech_crawling.html)"
207.200.116.203 - - [13/May/2006:15:21:45 -0400] "GET /pages/2/page2.html HTTP/1.0" 200 2003 "http://www.cccammo.com/" "Mozilla/4.0 (compatible; MSIE 6.0; AOL 9.0; Windows NT 5.1; SV1; .NET CLR 1.1.4322)"
207.200.116.139 - - [13/May/2006:15:21:46 -0400] "GET /scripts/user.js HTTP/1.0" 404 209 "http://www.ammunition-ccc.net/pages/2/page2.html" "Mozilla/4.0 (compatible; MSIE 6.0; AOL 9.0; Windows NT 5.1; SV1; .NET CLR 1.1.4322)"
207.200.116.137 - - [13/May/2006:15:21:46 -0400] "GET /338/scripts/master.css HTTP/1.0" 404 216 "http://www.ammunition-ccc.net/pages/2/page2.html" "Mozilla/4.0 (compatible; MSIE 6.0; AOL 9.0; Windows NT 5.1; SV1; .NET CLR 1.1.4322)"
207.200.116.65 - - [13/May/2006:15:21:48 -0400] "GET /pages/2/page2.2.jpg HTTP/1.0" 200 71642 "http://www.ammunition-ccc.net/pages/2/page2.html" "Mozilla/4.0 (compatible; MSIE 6.0; AOL 9.0; Windows NT 5.1; SV1; .NET CLR 1.1.4322)"
68.142.251.133 - - [13/May/2006:16:24:48 -0400] "GET /robots.txt HTTP/1.0" 404 204 "-" "Mozilla/5.0 (compatible; Yahoo! Slurp; http://help.yahoo.com/help/us/ysearch/slurp)"
72.30.216.18 - - [13/May/2006:20:30:33 -0400] "GET /robots.txt HTTP/1.0" 404 204 "-" "Mozilla/5.0 (compatible; Yahoo! Slurp; http://help.yahoo.com/help/us/ysearch/slurp)"
72.30.129.109 - - [13/May/2006:20:36:14 -0400] "GET /pages/2/ HTTP/1.0" 403 206 "-" "Mozilla/5.0 (compatible; Yahoo! Slurp; http://help.yahoo.com/help/us/ysearch/slurp)"
203.87.200.230 - - [04/Jun/2006:02:51:57 -0400] "GET /pages/2/page2.html HTTP/1.1" 200 2003 "http://www.cccammo.com/" "Mozilla/4.0 (compatible; MSIE 6.0; Windows NT 5.1; SV1; .NET CLR 1.1.4322)"
203.87.200.230 - - [04/Jun/2006:02:51:58 -0400] "GET /338/scripts/master.css HTTP/1.1" 404 228 "http://www.ammunition-ccc.net/pages/2/page2.html" "Mozilla/4.0 (compatible; MSIE 6.0; Windows NT 5.1; SV1; .NET CLR 1.1.4322)"
203.87.200.230 - - [04/Jun/2006:02:51:58 -0400] "GET /scripts/user.js HTTP/1.1" 404 221 "http://www.ammunition-ccc.net/pages/2/page2.html" "Mozilla/4.0 (compatible; MSIE 6.0; Windows NT 5.1; SV1; .NET CLR 1.1.4322)"
203.87.200.230 - - [04/Jun/2006:02:51:59 -0400] "GET /pages/2/MarkIV-front.jpg HTTP/1.1" 200 18229 "http://www.ammunition-ccc.net/pages/2/page2.html" "Mozilla/4.0 (compatible; MSIE 6.0; Windows NT 5.1; SV1; .NET CLR 1.1.4322)"
203.87.200.230 - - [04/Jun/2006:02:52:01 -0400] "GET /pages/2/page2.2.jpg HTTP/1.1" 200 71642 "http://www.ammunition-ccc.net/pages/2/page2.html" "Mozilla/4.0 (compatible; MSIE 6.0; Windows NT 5.1; SV1; .NET CLR 1.1.4322)"
203.87.200.230 - - [04/Jun/2006:02:53:02 -0400] "GET /338/scripts/master.css HTTP/1.1" 404 228 "http://www.ammunition-ccc.net/pages/2/page2.html" "Mozilla/4.0 (compatible; MSIE 6.0; Windows NT 5.1; SV1; .NET CLR 1.1.4322)"
203.87.200.230 - - [04/Jun/2006:02:53:12 -0400] "GET /scripts/user.js HTTP/1.1" 404 221 "http://www.ammunition-ccc.net/pages/2/page2.html" "Mozilla/4.0 (compatible; MSIE 6.0; Windows NT 5.1; SV1; .NET CLR 1.1.4322)"
66.154.103.90 - - [04/Jun/2006:06:15:46 -0400] "GET /pages/7 HTTP/1.0" 301 242 "-" "Gigabot/2.0; http://www.gigablast.com/spider.html"
66.154.102.95 - - [04/Jun/2006:06:15:46 -0400] "GET /robots.txt HTTP/1.0" 404 204 "-" "Gigabot/2.0; http://www.gigablast.com/spider.html"
65.214.45.100 - - [04/Jun/2006:13:53:38 -0400] "GET /robots.txt HTTP/1.0" 404 204 "-" "Mozilla/2.0 (compatible; Ask Jeeves/Teoma; +http://about.ask.com/en/docs/about/webmasters.shtml)"
66.194.6.71 - - [04/Jun/2006:15:38:51 -0400] "GET / HTTP/1.1" 200 287 "-" "Mozilla/4.0 (compatible; MSIE 6.0; Windows NT 5.1; Q312460)"
66.194.6.71 - - [04/Jun/2006:15:38:51 -0400] "GET / HTTP/1.1" 200 287 "-" "Mozilla/4.0 (compatible; MSIE 6.0; Windows NT 5.1; Q312463)"
68.188.82.232 - - [04/Jun/2006:15:39:57 -0400] "GET /pages/2/page2.html HTTP/1.1" 200 2003 "http://www.cccammo.com/" "Mozilla/4.0 (compatible; MSIE 6.0; Windows NT 5.1)"
68.188.82.232 - - [04/Jun/2006:15:39:58 -0400] "GET /pages/2/page2.2.jpg HTTP/1.1" 200 71642 "http://www.ammunition-ccc.net/pages/2/page2.html" "Mozilla/4.0 (compatible; MSIE 6.0; Windows NT 5.1)"
68.188.82.232 - - [04/Jun/2006:15:39:58 -0400] "GET /338/scripts/master.css HTTP/1.1" 404 228 "http://www.ammunition-ccc.net/pages/2/page2.html" "Mozilla/4.0 (compatible; MSIE 6.0; Windows NT 5.1)"
68.188.82.232 - - [04/Jun/2006:15:39:58 -0400] "GET /scripts/user.js HTTP/1.1" 404 221 "http://www.ammunition-ccc.net/pages/2/page2.html" "Mozilla/4.0 (compatible; MSIE 6.0; Windows NT 5.1)"
68.188.82.232 - - [04/Jun/2006:15:39:58 -0400] "GET /pages/2/MarkIV-front.jpg HTTP/1.1" 200 18229 "http://www.ammunition-ccc.net/pages/2/page2.html" "Mozilla/4.0 (compatible; MSIE 6.0; Windows NT 5.1)"
66.154.102.95 - - [04/Jun/2006:17:03:30 -0400] "GET /robots.txt HTTP/1.0" 404 204 "-" "Gigabot/2.0; http://www.gigablast.com/spider.html"
68.142.251.158 - - [04/Jun/2006:20:42:22 -0400] "GET /robots.txt HTTP/1.0" 404 204 "-" "Mozilla/5.0 (compatible; Yahoo! Slurp; http://help.yahoo.com/help/us/ysearch/slurp)"
83.36.78.213 - - [12/May/2006:06:00:18 -0400] "GET /pages/2/page2.html HTTP/1.1" 200 2003 "-" "Mozilla/4.0 (compatible; MSIE 6.0; Windows 98)"
66.194.6.76 - - [12/May/2006:06:56:24 -0400] "GET / HTTP/1.1" 200 287 "-" "Mozilla/5.0 (compatible; Konqueror/3.1-rc4; i686 Linux; 20021101)"
67.49.35.237 - - [12/May/2006:21:55:22 -0400] "GET /pages/2/page2.html HTTP/1.1" 200 2003 "http://cccammo.com/" "Mozilla/5.0 (Windows; U; Windows NT 5.1; en-US; rv:1.8.0.3) Gecko/20060426 Firefox/1.5.0.3"
67.49.35.237 - - [12/May/2006:21:55:22 -0400] "GET /338/scripts/master.css HTTP/1.1" 404 228 "http://www.ammunition-ccc.net/pages/2/page2.html" "Mozilla/5.0 (Windows; U; Windows NT 5.1; en-US; rv:1.8.0.3) Gecko/20060426 Firefox/1.5.0.3"
67.49.35.237 - - [12/May/2006:21:55:22 -0400] "GET /scripts/user.js HTTP/1.1" 404 221 "http://www.ammunition-ccc.net/pages/2/page2.html" "Mozilla/5.0 (Windows; U; Windows NT 5.1; en-US; rv:1.8.0.3) Gecko/20060426 Firefox/1.5.0.3"
67.49.35.237 - - [12/May/2006:21:55:23 -0400] "GET /pages/2/MarkIV-front.jpg HTTP/1.1" 200 18229 "http://www.ammunition-ccc.net/pages/2/page2.html" "Mozilla/5.0 (Windows; U; Windows NT 5.1; en-US; rv:1.8.0.3) Gecko/20060426 Firefox/1.5.0.3"
67.49.35.237 - - [12/May/2006:21:55:23 -0400] "GET /favicon.ico HTTP/1.1" 404 217 "-" "Mozilla/5.0 (Windows; U; Windows NT 5.1; en-US; rv:1.8.0.3) Gecko/20060426 Firefox/1.5.0.3"
67.49.35.237 - - [12/May/2006:21:55:23 -0400] "GET /pages/2/page2.2.jpg HTTP/1.1" 200 71642 "http://www.ammunition-ccc.net/pages/2/page2.html" "Mozilla/5.0 (Windows; U; Windows NT 5.1; en-US; rv:1.8.0.3) Gecko/20060426 Firefox/1.5.0.3"
65.214.44.193 - - [13/May/2006:03:40:07 -0400] "GET /robots.txt HTTP/1.0" 404 204 "-" "Mozilla/2.0 (compatible; Ask Jeeves/Teoma; +http://sp.ask.com/docs/about/tech_crawling.html)"
207.200.116.203 - - [13/May/2006:15:21:45 -0400] "GET /pages/2/page2.html HTTP/1.0" 200 2003 "http://www.cccammo.com/" "Mozilla/4.0 (compatible; MSIE 6.0; AOL 9.0; Windows NT 5.1; SV1; .NET CLR 1.1.4322)"
207.200.116.139 - - [13/May/2006:15:21:46 -0400] "GET /scripts/user.js HTTP/1.0" 404 209 "http://www.ammunition-ccc.net/pages/2/page2.html" "Mozilla/4.0 (compatible; MSIE 6.0; AOL 9.0; Windows NT 5.1; SV1; .NET CLR 1.1.4322)"
207.200.116.137 - - [13/May/2006:15:21:46 -0400] "GET /338/scripts/master.css HTTP/1.0" 404 216 "http://www.ammunition-ccc.net/pages/2/page2.html" "Mozilla/4.0 (compatible; MSIE 6.0; AOL 9.0; Windows NT 5.1; SV1; .NET CLR 1.1.4322)"
207.200.116.65 - - [13/May/2006:15:21:48 -0400] "GET /pages/2/page2.2.jpg HTTP/1.0" 200 71642 "http://www.ammunition-ccc.net/pages/2/page2.html" "Mozilla/4.0 (compatible; MSIE 6.0; AOL 9.0; Windows NT 5.1; SV1; .NET CLR 1.1.4322)"
68.142.251.133 - - [13/May/2006:16:24:48 -0400] "GET /robots.txt HTTP/1.0" 404 204 "-" "Mozilla/5.0 (compatible; Yahoo! Slurp; http://help.yahoo.com/help/us/ysearch/slurp)"
72.30.216.18 - - [13/May/2006:20:30:33 -0400] "GET /robots.txt HTTP/1.0" 404 204 "-" "Mozilla/5.0 (compatible; Yahoo! Slurp; http://help.yahoo.com/help/us/ysearch/slurp)"
72.30.129.109 - - [13/May/2006:20:36:14 -0400] "GET /pages/2/ HTTP/1.0" 403 206 "-" "Mozilla/5.0 (compatible; Yahoo! Slurp; http://help.yahoo.com/help/us/ysearch/slurp)"
198.209.225.230 - - [05/Jun/2006:10:42:01 -0400] "GET /pages/2/page2.html HTTP/1.1" 200 2003 "http://www.cccammo.com/" "Mozilla/4.0 (compatible; MSIE 6.0; Windows NT 5.1; SV1; .NET CLR 1.1.4322; InfoPath.1; .NET CLR 2.0.50727)"
198.209.225.230 - - [05/Jun/2006:10:42:01 -0400] "GET /338/scripts/master.css HTTP/1.1" 404 228 "http://www.ammunition-ccc.net/pages/2/page2.html" "Mozilla/4.0 (compatible; MSIE 6.0; Windows NT 5.1; SV1; .NET CLR 1.1.4322; InfoPath.1; .NET CLR 2.0.50727)"
198.209.225.230 - - [05/Jun/2006:10:42:01 -0400] "GET /scripts/user.js HTTP/1.1" 404 221 "http://www.ammunition-ccc.net/pages/2/page2.html" "Mozilla/4.0 (compatible; MSIE 6.0; Windows NT 5.1; SV1; .NET CLR 1.1.4322; InfoPath.1; .NET CLR 2.0.50727)"
198.209.225.230 - - [05/Jun/2006:10:42:02 -0400] "GET /pages/2/MarkIV-front.jpg HTTP/1.1" 200 18229 "http://www.ammunition-ccc.net/pages/2/page2.html" "Mozilla/4.0 (compatible; MSIE 6.0; Windows NT 5.1; SV1; .NET CLR 1.1.4322; InfoPath.1; .NET CLR 2.0.50727)"
198.209.225.230 - - [05/Jun/2006:10:42:04 -0400] "GET /pages/2/page2.2.jpg HTTP/1.1" 200 71642 "http://www.ammunition-ccc.net/pages/2/page2.html" "Mozilla/4.0 (compatible; MSIE 6.0; Windows NT 5.1; SV1; .NET CLR 1.1.4322; InfoPath.1; .NET CLR 2.0.50727)"
65.214.45.100 - - [05/Jun/2006:11:21:06 -0400] "GET / HTTP/1.0" 200 287 "-" "Mozilla/2.0 (compatible; Ask Jeeves/Teoma; +http://about.ask.com/en/docs/about/webmasters.shtml)"
69.59.97.82 - - [05/Jun/2006:22:52:30 -0400] "GET /pages/2/page2.html HTTP/1.1" 200 2003 "http://search.yahoo.com/search?p=collins+cartridge+ammo&sp=1&fr2=sp-top&toggle=1&ei=UTF-8&fr=FP-tab-web-t315&ei=UTF-8&SpellState=n-1970586268_q-9ycwELoz1ekPIQqqdhshnAABAA%40%40" "Mozilla/4.0 (compatible; MSIE 6.0; MSN 2.5; Windows 98)"
69.59.97.82 - - [05/Jun/2006:22:52:30 -0400] "GET /338/scripts/master.css HTTP/1.1" 404 228 "http://www.ammunition-ccc.net/pages/2/page2.html" "Mozilla/4.0 (compatible; MSIE 6.0; MSN 2.5; Windows 98)"
69.59.97.82 - - [05/Jun/2006:22:52:30 -0400] "GET /scripts/user.js HTTP/1.1" 404 221 "http://www.ammunition-ccc.net/pages/2/page2.html" "Mozilla/4.0 (compatible; MSIE 6.0; MSN 2.5; Windows 98)"
69.59.97.82 - - [05/Jun/2006:22:52:31 -0400] "GET /pages/2/MarkIV-front.jpg HTTP/1.1" 200 18229 "http://www.ammunition-ccc.net/pages/2/page2.html" "Mozilla/4.0 (compatible; MSIE 6.0; MSN 2.5; Windows 98)"
69.59.97.82 - - [05/Jun/2006:22:52:31 -0400] "GET /pages/2/page2.2.jpg HTTP/1.1" 200 71642 "http://www.ammunition-ccc.net/pages/2/page2.html" "Mozilla/4.0 (compatible; MSIE 6.0; MSN 2.5; Windows 98)"
83.36.78.213 - - [12/May/2006:06:00:18 -0400] "GET /pages/2/page2.html HTTP/1.1" 200 2003 "-" "Mozilla/4.0 (compatible; MSIE 6.0; Windows 98)"
66.194.6.76 - - [12/May/2006:06:56:24 -0400] "GET / HTTP/1.1" 200 287 "-" "Mozilla/5.0 (compatible; Konqueror/3.1-rc4; i686 Linux; 20021101)"
67.49.35.237 - - [12/May/2006:21:55:22 -0400] "GET /pages/2/page2.html HTTP/1.1" 200 2003 "http://cccammo.com/" "Mozilla/5.0 (Windows; U; Windows NT 5.1; en-US; rv:1.8.0.3) Gecko/20060426 Firefox/1.5.0.3"
67.49.35.237 - - [12/May/2006:21:55:22 -0400] "GET /338/scripts/master.css HTTP/1.1" 404 228 "http://www.ammunition-ccc.net/pages/2/page2.html" "Mozilla/5.0 (Windows; U; Windows NT 5.1; en-US; rv:1.8.0.3) Gecko/20060426 Firefox/1.5.0.3"
67.49.35.237 - - [12/May/2006:21:55:22 -0400] "GET /scripts/user.js HTTP/1.1" 404 221 "http://www.ammunition-ccc.net/pages/2/page2.html" "Mozilla/5.0 (Windows; U; Windows NT 5.1; en-US; rv:1.8.0.3) Gecko/20060426 Firefox/1.5.0.3"
67.49.35.237 - - [12/May/2006:21:55:23 -0400] "GET /pages/2/MarkIV-front.jpg HTTP/1.1" 200 18229 "http://www.ammunition-ccc.net/pages/2/page2.html" "Mozilla/5.0 (Windows; U; Windows NT 5.1; en-US; rv:1.8.0.3) Gecko/20060426 Firefox/1.5.0.3"
67.49.35.237 - - [12/May/2006:21:55:23 -0400] "GET /favicon.ico HTTP/1.1" 404 217 "-" "Mozilla/5.0 (Windows; U; Windows NT 5.1; en-US; rv:1.8.0.3) Gecko/20060426 Firefox/1.5.0.3"
67.49.35.237 - - [12/May/2006:21:55:23 -0400] "GET /pages/2/page2.2.jpg HTTP/1.1" 200 71642 "http://www.ammunition-ccc.net/pages/2/page2.html" "Mozilla/5.0 (Windows; U; Windows NT 5.1; en-US; rv:1.8.0.3) Gecko/20060426 Firefox/1.5.0.3"
65.214.44.193 - - [13/May/2006:03:40:07 -0400] "GET /robots.txt HTTP/1.0" 404 204 "-" "Mozilla/2.0 (compatible; Ask Jeeves/Teoma; +http://sp.ask.com/docs/about/tech_crawling.html)"
207.200.116.203 - - [13/May/2006:15:21:45 -0400] "GET /pages/2/page2.html HTTP/1.0" 200 2003 "http://www.cccammo.com/" "Mozilla/4.0 (compatible; MSIE 6.0; AOL 9.0; Windows NT 5.1; SV1; .NET CLR 1.1.4322)"
207.200.116.139 - - [13/May/2006:15:21:46 -0400] "GET /scripts/user.js HTTP/1.0" 404 209 "http://www.ammunition-ccc.net/pages/2/page2.html" "Mozilla/4.0 (compatible; MSIE 6.0; AOL 9.0; Windows NT 5.1; SV1; .NET CLR 1.1.4322)"
207.200.116.137 - - [13/May/2006:15:21:46 -0400] "GET /338/scripts/master.css HTTP/1.0" 404 216 "http://www.ammunition-ccc.net/pages/2/page2.html" "Mozilla/4.0 (compatible; MSIE 6.0; AOL 9.0; Windows NT 5.1; SV1; .NET CLR 1.1.4322)"
207.200.116.65 - - [13/May/2006:15:21:48 -0400] "GET /pages/2/page2.2.jpg HTTP/1.0" 200 71642 "http://www.ammunition-ccc.net/pages/2/page2.html" "Mozilla/4.0 (compatible; MSIE 6.0; AOL 9.0; Windows NT 5.1; SV1; .NET CLR 1.1.4322)"
68.142.251.133 - - [13/May/2006:16:24:48 -0400] "GET /robots.txt HTTP/1.0" 404 204 "-" "Mozilla/5.0 (compatible; Yahoo! Slurp; http://help.yahoo.com/help/us/ysearch/slurp)"
72.30.216.18 - - [13/May/2006:20:30:33 -0400] "GET /robots.txt HTTP/1.0" 404 204 "-" "Mozilla/5.0 (compatible; Yahoo! Slurp; http://help.yahoo.com/help/us/ysearch/slurp)"
72.30.129.109 - - [13/May/2006:20:36:14 -0400] "GET /pages/2/ HTTP/1.0" 403 206 "-" "Mozilla/5.0 (compatible; Yahoo! Slurp; http://help.yahoo.com/help/us/ysearch/slurp)"
72.30.226.209 - - [06/Jun/2006:01:27:34 -0400] "GET /robots.txt HTTP/1.0" 404 204 "-" "Mozilla/5.0 (compatible; Yahoo! Slurp; http://help.yahoo.com/help/us/ysearch/slurp)"
72.30.103.19 - - [06/Jun/2006:01:30:40 -0400] "GET /pages/4/index.html HTTP/1.0" 404 212 "-" "Mozilla/5.0 (compatible; Yahoo! Slurp; http://help.yahoo.com/help/us/ysearch/slurp)"
208.54.95.1 - - [06/Jun/2006:13:43:55 -0400] "GET /338/scripts/master.css HTTP/1.1" 404 228 "http://www.ammunition-ccc.net/pages/2/page2.html" "Mozilla/5.0 (Windows; U; Windows NT 5.1; en-US; rv:1.8.0.4) Gecko/20060508 Firefox/1.5.0.4"
208.54.95.1 - - [06/Jun/2006:13:43:55 -0400] "GET /pages/2/page2.html HTTP/1.1" 200 2003 "http://www.cccammo.com/" "Mozilla/5.0 (Windows; U; Windows NT 5.1; en-US; rv:1.8.0.4) Gecko/20060508 Firefox/1.5.0.4"
208.54.95.1 - - [06/Jun/2006:13:43:55 -0400] "GET /scripts/user.js HTTP/1.1" 404 221 "http://www.ammunition-ccc.net/pages/2/page2.html" "Mozilla/5.0 (Windows; U; Windows NT 5.1; en-US; rv:1.8.0.4) Gecko/20060508 Firefox/1.5.0.4"
208.54.95.1 - - [06/Jun/2006:13:43:56 -0400] "GET /pages/2/MarkIV-front.jpg HTTP/1.1" 200 18229 "http://www.ammunition-ccc.net/pages/2/page2.html" "Mozilla/5.0 (Windows; U; Windows NT 5.1; en-US; rv:1.8.0.4) Gecko/20060508 Firefox/1.5.0.4"
208.54.95.1 - - [06/Jun/2006:13:43:57 -0400] "GET /favicon.ico HTTP/1.1" 404 217 "-" "Mozilla/5.0 (Windows; U; Windows NT 5.1; en-US; rv:1.8.0.4) Gecko/20060508 Firefox/1.5.0.4"
208.54.95.1 - - [06/Jun/2006:13:43:57 -0400] "GET /pages/2/page2.2.jpg HTTP/1.1" 200 71642 "http://www.ammunition-ccc.net/pages/2/page2.html" "Mozilla/5.0 (Windows; U; Windows NT 5.1; en-US; rv:1.8.0.4) Gecko/20060508 Firefox/1.5.0.4"
68.142.251.156 - - [06/Jun/2006:13:51:38 -0400] "GET /robots.txt HTTP/1.0" 404 204 "-" "Mozilla/5.0 (compatible; Yahoo! Slurp; http://help.yahoo.com/help/us/ysearch/slurp)"
68.142.249.129 - - [06/Jun/2006:13:51:40 -0400] "GET /pages/3 HTTP/1.0" 301 242 "-" "Mozilla/5.0 (compatible; Yahoo! Slurp; http://help.yahoo.com/help/us/ysearch/slurp)"
68.142.249.129 - - [06/Jun/2006:13:51:41 -0400] "GET /pages/3/ HTTP/1.0" 403 206 "-" "Mozilla/5.0 (compatible; Yahoo! Slurp; http://help.yahoo.com/help/us/ysearch/slurp)"
72.30.226.212 - - [06/Jun/2006:16:48:05 -0400] "GET /robots.txt HTTP/1.0" 404 204 "-" "Mozilla/5.0 (compatible; Yahoo! Slurp; http://help.yahoo.com/help/us/ysearch/slurp)"
72.30.129.109 - - [06/Jun/2006:16:53:17 -0400] "GET /pages/2/ HTTP/1.0" 403 206 "-" "Mozilla/5.0 (compatible; Yahoo! Slurp; http://help.yahoo.com/help/us/ysearch/slurp)"
24.119.186.86 - - [06/Jun/2006:19:09:29 -0400] "GET /pages/2/page2.html HTTP/1.1" 200 2003 "http://www.cccammo.com/" "Mozilla/4.0 (compatible; MSIE 6.0; Windows NT 5.1; .NET CLR 1.0.3705; .NET CLR 1.1.4322)"
24.119.186.86 - - [06/Jun/2006:19:09:29 -0400] "GET /338/scripts/master.css HTTP/1.1" 404 228 "http://www.ammunition-ccc.net/pages/2/page2.html" "Mozilla/4.0 (compatible; MSIE 6.0; Windows NT 5.1; .NET CLR 1.0.3705; .NET CLR 1.1.4322)"
24.119.186.86 - - [06/Jun/2006:19:09:30 -0400] "GET /scripts/user.js HTTP/1.1" 404 221 "http://www.ammunition-ccc.net/pages/2/page2.html" "Mozilla/4.0 (compatible; MSIE 6.0; Windows NT 5.1; .NET CLR 1.0.3705; .NET CLR 1.1.4322)"
24.119.186.86 - - [06/Jun/2006:19:09:30 -0400] "GET /pages/2/MarkIV-front.jpg HTTP/1.1" 200 18229 "http://www.ammunition-ccc.net/pages/2/page2.html" "Mozilla/4.0 (compatible; MSIE 6.0; Windows NT 5.1; .NET CLR 1.0.3705; .NET CLR 1.1.4322)"
24.119.186.86 - - [06/Jun/2006:19:09:31 -0400] "GET /pages/2/page2.2.jpg HTTP/1.1" 200 71642 "http://www.ammunition-ccc.net/pages/2/page2.html" "Mozilla/4.0 (compatible; MSIE 6.0; Windows NT 5.1; .NET CLR 1.0.3705; .NET CLR 1.1.4322)"
68.142.251.156 - - [06/Jun/2006:21:28:39 -0400] "GET /robots.txt HTTP/1.0" 404 204 "-" "Mozilla/5.0 (compatible; Yahoo! Slurp; http://help.yahoo.com/help/us/ysearch/slurp)"
83.36.78.213 - - [12/May/2006:06:00:18 -0400] "GET /pages/2/page2.html HTTP/1.1" 200 2003 "-" "Mozilla/4.0 (compatible; MSIE 6.0; Windows 98)"
66.194.6.76 - - [12/May/2006:06:56:24 -0400] "GET / HTTP/1.1" 200 287 "-" "Mozilla/5.0 (compatible; Konqueror/3.1-rc4; i686 Linux; 20021101)"
67.49.35.237 - - [12/May/2006:21:55:22 -0400] "GET /pages/2/page2.html HTTP/1.1" 200 2003 "http://cccammo.com/" "Mozilla/5.0 (Windows; U; Windows NT 5.1; en-US; rv:1.8.0.3) Gecko/20060426 Firefox/1.5.0.3"
67.49.35.237 - - [12/May/2006:21:55:22 -0400] "GET /338/scripts/master.css HTTP/1.1" 404 228 "http://www.ammunition-ccc.net/pages/2/page2.html" "Mozilla/5.0 (Windows; U; Windows NT 5.1; en-US; rv:1.8.0.3) Gecko/20060426 Firefox/1.5.0.3"
67.49.35.237 - - [12/May/2006:21:55:22 -0400] "GET /scripts/user.js HTTP/1.1" 404 221 "http://www.ammunition-ccc.net/pages/2/page2.html" "Mozilla/5.0 (Windows; U; Windows NT 5.1; en-US; rv:1.8.0.3) Gecko/20060426 Firefox/1.5.0.3"
67.49.35.237 - - [12/May/2006:21:55:23 -0400] "GET /pages/2/MarkIV-front.jpg HTTP/1.1" 200 18229 "http://www.ammunition-ccc.net/pages/2/page2.html" "Mozilla/5.0 (Windows; U; Windows NT 5.1; en-US; rv:1.8.0.3) Gecko/20060426 Firefox/1.5.0.3"
67.49.35.237 - - [12/May/2006:21:55:23 -0400] "GET /favicon.ico HTTP/1.1" 404 217 "-" "Mozilla/5.0 (Windows; U; Windows NT 5.1; en-US; rv:1.8.0.3) Gecko/20060426 Firefox/1.5.0.3"
67.49.35.237 - - [12/May/2006:21:55:23 -0400] "GET /pages/2/page2.2.jpg HTTP/1.1" 200 71642 "http://www.ammunition-ccc.net/pages/2/page2.html" "Mozilla/5.0 (Windows; U; Windows NT 5.1; en-US; rv:1.8.0.3) Gecko/20060426 Firefox/1.5.0.3"
65.214.44.193 - - [13/May/2006:03:40:07 -0400] "GET /robots.txt HTTP/1.0" 404 204 "-" "Mozilla/2.0 (compatible; Ask Jeeves/Teoma; +http://sp.ask.com/docs/about/tech_crawling.html)"
207.200.116.203 - - [13/May/2006:15:21:45 -0400] "GET /pages/2/page2.html HTTP/1.0" 200 2003 "http://www.cccammo.com/" "Mozilla/4.0 (compatible; MSIE 6.0; AOL 9.0; Windows NT 5.1; SV1; .NET CLR 1.1.4322)"
207.200.116.139 - - [13/May/2006:15:21:46 -0400] "GET /scripts/user.js HTTP/1.0" 404 209 "http://www.ammunition-ccc.net/pages/2/page2.html" "Mozilla/4.0 (compatible; MSIE 6.0; AOL 9.0; Windows NT 5.1; SV1; .NET CLR 1.1.4322)"
207.200.116.137 - - [13/May/2006:15:21:46 -0400] "GET /338/scripts/master.css HTTP/1.0" 404 216 "http://www.ammunition-ccc.net/pages/2/page2.html" "Mozilla/4.0 (compatible; MSIE 6.0; AOL 9.0; Windows NT 5.1; SV1; .NET CLR 1.1.4322)"
207.200.116.65 - - [13/May/2006:15:21:48 -0400] "GET /pages/2/page2.2.jpg HTTP/1.0" 200 71642 "http://www.ammunition-ccc.net/pages/2/page2.html" "Mozilla/4.0 (compatible; MSIE 6.0; AOL 9.0; Windows NT 5.1; SV1; .NET CLR 1.1.4322)"
68.142.251.133 - - [13/May/2006:16:24:48 -0400] "GET /robots.txt HTTP/1.0" 404 204 "-" "Mozilla/5.0 (compatible; Yahoo! Slurp; http://help.yahoo.com/help/us/ysearch/slurp)"
72.30.216.18 - - [13/May/2006:20:30:33 -0400] "GET /robots.txt HTTP/1.0" 404 204 "-" "Mozilla/5.0 (compatible; Yahoo! Slurp; http://help.yahoo.com/help/us/ysearch/slurp)"
72.30.129.109 - - [13/May/2006:20:36:14 -0400] "GET /pages/2/ HTTP/1.0" 403 206 "-" "Mozilla/5.0 (compatible; Yahoo! Slurp; http://help.yahoo.com/help/us/ysearch/slurp)"
204.246.129.196 - - [08/Jun/2006:01:02:22 -0400] "GET /scripts/user.js HTTP/1.1" 404 221 "-" "Mozilla/4.0 (compatible;)"
199.222.140.139 - - [08/Jun/2006:06:43:19 -0400] "GET /robots.txt HTTP/1.1" 404 216 "-" "MJ12bot/v1.0.7 (http://majestic12.co.uk/bot.php?+)"
199.222.140.139 - - [08/Jun/2006:06:43:20 -0400] "GET /pages/2/index.htm HTTP/1.1" 404 223 "-" "MJ12bot/v1.0.7 (http://majestic12.co.uk/bot.php?+)"
213.134.218.202 - - [08/Jun/2006:06:57:52 -0400] "GET / HTTP/1.1" 200 287 "-" "-"
68.142.251.73 - - [08/Jun/2006:11:37:00 -0400] "GET /robots.txt HTTP/1.0" 404 204 "-" "Mozilla/5.0 (compatible; Yahoo! Slurp; http://help.yahoo.com/help/us/ysearch/slurp)"
70.49.32.192 - - [08/Jun/2006:15:18:42 -0400] "GET /scripts/user.js HTTP/1.1" 404 221 "http://www.ammunition-ccc.net/pages/2/page2.html" "Mozilla/4.0 (compatible; MSIE 6.0; Windows NT 5.1; Q312461; SV1)"
70.49.32.192 - - [08/Jun/2006:15:18:42 -0400] "GET /pages/2/page2.html HTTP/1.1" 200 2003 "http://www.cccammo.com/" "Mozilla/4.0 (compatible; MSIE 6.0; Windows NT 5.1; Q312461; SV1)"
70.49.32.192 - - [08/Jun/2006:15:18:42 -0400] "GET /338/scripts/master.css HTTP/1.1" 404 228 "http://www.ammunition-ccc.net/pages/2/page2.html" "Mozilla/4.0 (compatible; MSIE 6.0; Windows NT 5.1; Q312461; SV1)"
70.49.32.192 - - [08/Jun/2006:15:18:43 -0400] "GET /pages/2/page2.2.jpg HTTP/1.1" 200 71642 "http://www.ammunition-ccc.net/pages/2/page2.html" "Mozilla/4.0 (compatible; MSIE 6.0; Windows NT 5.1; Q312461; SV1)"
70.49.32.192 - - [08/Jun/2006:15:18:43 -0400] "GET /pages/2/MarkIV-front.jpg HTTP/1.1" 200 18229 "http://www.ammunition-ccc.net/pages/2/page2.html" "Mozilla/4.0 (compatible; MSIE 6.0; Windows NT 5.1; Q312461; SV1)"
70.136.81.27 - - [08/Jun/2006:22:33:51 -0400] "GET /pages/2/page2.html HTTP/1.1" 200 2003 "http://www.cccammo.com/" "Mozilla/4.0 (compatible; MSIE 6.0; Windows NT 5.1; SV1; yie6_SBC; YPC 3.2.0; .NET CLR 1.1.4322)"
70.136.81.27 - - [08/Jun/2006:22:33:51 -0400] "GET /338/scripts/master.css HTTP/1.1" 404 228 "http://www.ammunition-ccc.net/pages/2/page2.html" "Mozilla/4.0 (compatible; MSIE 6.0; Windows NT 5.1; SV1; yie6_SBC; YPC 3.2.0; .NET CLR 1.1.4322)"
70.136.81.27 - - [08/Jun/2006:22:33:51 -0400] "GET /pages/2/MarkIV-front.jpg HTTP/1.1" 200 18229 "http://www.ammunition-ccc.net/pages/2/page2.html" "Mozilla/4.0 (compatible; MSIE 6.0; Windows NT 5.1; SV1; yie6_SBC; YPC 3.2.0; .NET CLR 1.1.4322)"
70.136.81.27 - - [08/Jun/2006:22:33:51 -0400] "GET /scripts/user.js HTTP/1.1" 404 221 "http://www.ammunition-ccc.net/pages/2/page2.html" "Mozilla/4.0 (compatible; MSIE 6.0; Windows NT 5.1; SV1; yie6_SBC; YPC 3.2.0; .NET CLR 1.1.4322)"
70.136.81.27 - - [08/Jun/2006:22:33:51 -0400] "GET /pages/2/page2.2.jpg HTTP/1.1" 200 71642 "http://www.ammunition-ccc.net/pages/2/page2.html" "Mozilla/4.0 (compatible; MSIE 6.0; Windows NT 5.1; SV1; yie6_SBC; YPC 3.2.0; .NET CLR 1.1.4322)"
70.136.81.27 - - [08/Jun/2006:22:33:52 -0400] "GET /favicon.ico HTTP/1.1" 404 217 "-" "Mozilla/4.0 (compatible; MSIE 6.0; Windows NT 5.1; SV1; yie6_SBC; YPC 3.2.0; .NET CLR 1.1.4322)"
70.136.81.27 - - [08/Jun/2006:22:33:52 -0400] "GET /favicon.ico HTTP/1.1" 404 217 "-" "Mozilla/4.0 (compatible; MSIE 6.0; Windows NT 5.1; SV1; yie6_SBC; YPC 3.2.0; .NET CLR 1.1.4322)"
216.50.152.214 - - [08/Jun/2006:22:46:28 -0400] "GET /pages/2/page2.html HTTP/1.1" 200 2003 "http://www.cccammo.com/" "Mozilla/4.0 (compatible; MSIE 6.0; Windows 98)"
216.50.152.214 - - [08/Jun/2006:22:46:29 -0400] "GET /scripts/user.js HTTP/1.1" 404 221 "http://www.ammunition-ccc.net/pages/2/page2.html" "Mozilla/4.0 (compatible; MSIE 6.0; Windows 98)"
216.50.152.214 - - [08/Jun/2006:22:46:29 -0400] "GET /338/scripts/master.css HTTP/1.1" 404 228 "http://www.ammunition-ccc.net/pages/2/page2.html" "Mozilla/4.0 (compatible; MSIE 6.0; Windows 98)"
216.50.152.214 - - [08/Jun/2006:22:46:33 -0400] "GET /pages/2/MarkIV-front.jpg HTTP/1.1" 200 18229 "http://www.ammunition-ccc.net/pages/2/page2.html" "Mozilla/4.0 (compatible; MSIE 6.0; Windows 98)"
216.50.152.214 - - [08/Jun/2006:22:46:53 -0400] "GET /pages/2/page2.2.jpg HTTP/1.1" 200 71642 "http://www.ammunition-ccc.net/pages/2/page2.html" "Mozilla/4.0 (compatible; MSIE 6.0; Windows 98)"
83.36.78.213 - - [12/May/2006:06:00:18 -0400] "GET /pages/2/page2.html HTTP/1.1" 200 2003 "-" "Mozilla/4.0 (compatible; MSIE 6.0; Windows 98)"
66.194.6.76 - - [12/May/2006:06:56:24 -0400] "GET / HTTP/1.1" 200 287 "-" "Mozilla/5.0 (compatible; Konqueror/3.1-rc4; i686 Linux; 20021101)"
67.49.35.237 - - [12/May/2006:21:55:22 -0400] "GET /pages/2/page2.html HTTP/1.1" 200 2003 "http://cccammo.com/" "Mozilla/5.0 (Windows; U; Windows NT 5.1; en-US; rv:1.8.0.3) Gecko/20060426 Firefox/1.5.0.3"
67.49.35.237 - - [12/May/2006:21:55:22 -0400] "GET /338/scripts/master.css HTTP/1.1" 404 228 "http://www.ammunition-ccc.net/pages/2/page2.html" "Mozilla/5.0 (Windows; U; Windows NT 5.1; en-US; rv:1.8.0.3) Gecko/20060426 Firefox/1.5.0.3"
67.49.35.237 - - [12/May/2006:21:55:22 -0400] "GET /scripts/user.js HTTP/1.1" 404 221 "http://www.ammunition-ccc.net/pages/2/page2.html" "Mozilla/5.0 (Windows; U; Windows NT 5.1; en-US; rv:1.8.0.3) Gecko/20060426 Firefox/1.5.0.3"
67.49.35.237 - - [12/May/2006:21:55:23 -0400] "GET /pages/2/MarkIV-front.jpg HTTP/1.1" 200 18229 "http://www.ammunition-ccc.net/pages/2/page2.html" "Mozilla/5.0 (Windows; U; Windows NT 5.1; en-US; rv:1.8.0.3) Gecko/20060426 Firefox/1.5.0.3"
