0byt3m1n1
Path:
/
data
/
0
/
0
/
96
/
86
/
96901
/
meta
/
98317
/
logs
/
[
Home
]
File: x-access_log.2014-06-20
92.249.127.111 - - [20/Jun/2014:04:47:22 -0400] "GET / HTTP/1.1" 200 18326 "http://doska-vsem.ru/" "Mozilla/4.0 (compatible; MSIE 5.5; Windows NT 5.0; .NET CLR 1.1.4322)"
208.93.104.8 - - [20/Jun/2014:08:32:18 -0400] "HEAD / HTTP/1.1" 200 - "-" "http://www.yellowpages.com/about/legal/crawl"
46.118.155.40 - - [20/Jun/2014:01:02:15 -0400] "GET / HTTP/1.1" 200 18326 "http://blog.viagroid.ru/" "Opera/9.00 (Windows NT 5.1; U; en)"
46.119.120.207 - - [20/Jun/2014:06:34:44 -0400] "GET / HTTP/1.1" 200 18326 "http://www.gurusmart.ru/chehol-akkumulyator-dlja-samsung-galaxy-s4" "Mozilla/4.0 (compatible; MSIE 6.0; Windows NT 5.1; ru) Opera 8.50"
66.55.152.251 - - [20/Jun/2014:21:06:28 -0400] "HEAD /55/images/index_08_01.jpg HTTP/1.1" 200 - "-" "Mozilla/5.0 (Windows NT 6.1; WOW64) AppleWebKit/537.36 (KHTML, like Gecko) Chrome/31.0.1650.63 Safari/537.36"
188.40.249.70 - - [20/Jun/2014:10:17:04 -0400] "GET / HTTP/1.0" 200 18326 "http://downloaflare.biz" "Mozilla/5.1 (compatible; CBot/1.0; +http://downloaflare.biz)"
162.210.196.130 - - [20/Jun/2014:05:15:27 -0400] "GET /pages/6/index.htm HTTP/1.0" 200 17703 "-" "Mozilla/5.0 (compatible; MJ12bot/v1.4.5; http://www.majestic12.co.uk/bot.php?+)"
66.55.152.251 - - [20/Jun/2014:06:46:11 -0400] "GET / HTTP/1.1" 200 18326 "-" "Mozilla/5.0 (Windows NT 6.1; WOW64) AppleWebKit/537.36 (KHTML, like Gecko) Chrome/31.0.1650.63 Safari/537.36"
178.137.129.209 - - [20/Jun/2014:16:08:48 -0400] "GET /home.html HTTP/1.1" 200 18326 "http://monylony.net/" "Mozilla/4.0 (compatible; MSIE 6.0; Windows NT 5.1; MRA 4.6 (build 01425))"
66.55.152.251 - - [20/Jun/2014:21:06:28 -0400] "HEAD /55/images/index_06_01.jpg HTTP/1.1" 200 - "-" "Mozilla/5.0 (Windows NT 6.1; WOW64) AppleWebKit/537.36 (KHTML, like Gecko) Chrome/31.0.1650.63 Safari/537.36"
66.55.152.251 - - [20/Jun/2014:21:06:28 -0400] "HEAD /55/images/index_10_01.jpg HTTP/1.1" 200 - "-" "Mozilla/5.0 (Windows NT 6.1; WOW64) AppleWebKit/537.36 (KHTML, like Gecko) Chrome/31.0.1650.63 Safari/537.36"
188.40.249.70 - - [20/Jun/2014:10:17:04 -0400] "GET / HTTP/1.0" 200 18326 "http://downloaflare.biz" "Mozilla/5.1 (compatible; CBot/1.0; +http://downloaflare.biz)"
46.119.115.144 - - [20/Jun/2014:06:39:36 -0400] "GET / HTTP/1.1" 200 18326 "http://el-vowano.ru/" "Opera/8.00 (Windows NT 5.1; U; en)"
66.55.152.251 - - [20/Jun/2014:06:46:13 -0400] "HEAD /55/images/index_07_01.jpg HTTP/1.1" 200 - "-" "Mozilla/5.0 (Windows NT 6.1; WOW64) AppleWebKit/537.36 (KHTML, like Gecko) Chrome/31.0.1650.63 Safari/537.36"
193.150.120.14 - - [20/Jun/2014:19:45:46 -0400] "GET / HTTP/1.1" 200 18326 "http://kinohit1.ru/" "Mozilla/4.0 (compatible; MSIE 6.0; Windows NT 5.0; .NET CLR 1.0.3705; .NET CLR 1.1.4322)"
46.119.115.144 - - [20/Jun/2014:15:09:02 -0400] "GET / HTTP/1.1" 200 18326 "http://mastermolotok.ru/" "Mozilla/4.0 (compatible; MSIE 6.0; Windows NT 5.2; Win64; x64; SV1; .NET CLR 2.0.50727)"
66.55.152.251 - - [20/Jun/2014:21:06:25 -0400] "HEAD /55/images/slogan.jpg HTTP/1.1" 200 - "-" "Mozilla/5.0 (Windows NT 6.1; WOW64) AppleWebKit/537.36 (KHTML, like Gecko) Chrome/31.0.1650.63 Safari/537.36"
207.46.13.117 - - [20/Jun/2014:11:46:21 -0400] "GET / HTTP/1.1" 200 18326 "-" "Mozilla/5.0 (compatible; bingbot/2.0; +http://www.bing.com/bingbot.htm)"
180.76.5.59 - - [20/Jun/2014:00:27:58 -0400] "GET / HTTP/1.1" 200 18326 "-" "Mozilla/5.0 (compatible; Baiduspider/2.0; +http://www.baidu.com/search/spider.html)"
46.119.115.144 - - [20/Jun/2014:06:39:37 -0400] "GET / HTTP/1.1" 200 18326 "http://el-vowano.ru/" "Opera/8.00 (Windows NT 5.1; U; en)"
207.46.13.117 - - [20/Jun/2014:11:46:09 -0400] "GET /robots.txt HTTP/1.1" 200 25 "-" "Mozilla/5.0 (compatible; bingbot/2.0; +http://www.bing.com/bingbot.htm)"
66.55.152.251 - - [20/Jun/2014:06:46:11 -0400] "GET / HTTP/1.1" 200 18326 "-" "Mozilla/5.0 (iPhone; CPU iPhone OS 7_0_4 like Mac OS X) AppleWebKit/537.51.1 (KHTML, like Gecko) Version/7.0 Mobile/11B554a Safari/9537.53"
66.55.152.251 - - [20/Jun/2014:06:46:12 -0400] "HEAD /55/images/company.jpg HTTP/1.1" 200 - "-" "Mozilla/5.0 (Windows NT 6.1; WOW64) AppleWebKit/537.36 (KHTML, like Gecko) Chrome/31.0.1650.63 Safari/537.36"
193.150.120.14 - - [20/Jun/2014:19:30:12 -0400] "GET / HTTP/1.1" 200 18326 "http://binarystart.ru/" "Mozilla/4.0 (compatible; MSIE 6.0; Windows NT 5.1; SV1; FunWebProducts)"
66.55.152.251 - - [20/Jun/2014:21:06:25 -0400] "HEAD /55/images/motif01.jpg HTTP/1.1" 200 - "-" "Mozilla/5.0 (Windows NT 6.1; WOW64) AppleWebKit/537.36 (KHTML, like Gecko) Chrome/31.0.1650.63 Safari/537.36"
134.249.76.109 - - [20/Jun/2014:08:59:09 -0400] "GET /home.html HTTP/1.1" 200 18326 "http://housfine.net/" "Mozilla/4.0 (compatible; MSIE 6.0; Windows NT 5.1; SV1; .NET CLR 1.1.4322)"
92.249.127.111 - - [20/Jun/2014:04:47:21 -0400] "GET / HTTP/1.1" 200 18326 "http://doska-vsem.ru/" "Mozilla/4.0 (compatible; MSIE 5.5; Windows NT 5.0; .NET CLR 1.1.4322)"
162.210.196.130 - - [20/Jun/2014:05:15:29 -0400] "GET /resources.html HTTP/1.0" 200 18440 "-" "Mozilla/5.0 (compatible; MJ12bot/v1.4.5; http://www.majestic12.co.uk/bot.php?+)"
82.193.99.33 - - [20/Jun/2014:05:41:51 -0400] "GET /home.html HTTP/1.1" 200 18326 "http://sergeevs.eu/" "Mozilla/4.0 (compatible; MSIE 5.5; Windows 95)"
193.150.120.14 - - [20/Jun/2014:19:30:11 -0400] "GET / HTTP/1.1" 200 18326 "http://2kata.ru/" "Mozilla/4.0 (compatible; MSIE 6.0; Windows NT 5.1; ru) Opera 8.50"
199.30.24.39 - - [20/Jun/2014:11:46:36 -0400] "GET /55/images/index_05_01_over.jpg HTTP/1.1" 200 3981 "http://theinsurancepro.net/" "Mozilla/5.0 (Windows NT 6.1; WOW64) AppleWebKit/534+ (KHTML, like Gecko) BingPreview/1.0b"
46.118.155.40 - - [20/Jun/2014:01:02:17 -0400] "GET / HTTP/1.1" 200 18326 "http://blog.viagroid.ru/" "Opera/9.00 (Windows NT 5.1; U; en)"
46.119.120.207 - - [20/Jun/2014:06:34:45 -0400] "GET / HTTP/1.1" 200 18326 "http://www.gurusmart.ru/chehol-akkumulyator-dlja-samsung-galaxy-s4" "Mozilla/4.0 (compatible; MSIE 6.0; Windows NT 5.1; ru) Opera 8.50"
193.150.120.14 - - [20/Jun/2014:19:45:44 -0400] "GET / HTTP/1.1" 200 18326 "http://kinohit1.ru/" "Mozilla/4.0 (compatible; MSIE 6.0; Windows NT 5.0; .NET CLR 1.0.3705; .NET CLR 1.1.4322)"
66.55.152.251 - - [20/Jun/2014:06:46:12 -0400] "HEAD /55/images/slogan.jpg HTTP/1.1" 200 - "-" "Mozilla/5.0 (Windows NT 6.1; WOW64) AppleWebKit/537.36 (KHTML, like Gecko) Chrome/31.0.1650.63 Safari/537.36"
193.150.120.14 - - [20/Jun/2014:19:30:12 -0400] "GET / HTTP/1.1" 200 18326 "http://2kata.ru/" "Mozilla/4.0 (compatible; MSIE 6.0; Windows NT 5.1; ru) Opera 8.50"
199.30.24.39 - - [20/Jun/2014:11:46:36 -0400] "GET /55/images/index_04_01_over.jpg HTTP/1.1" 200 4184 "http://theinsurancepro.net/" "Mozilla/5.0 (Windows NT 6.1; WOW64) AppleWebKit/534+ (KHTML, like Gecko) BingPreview/1.0b"
199.30.24.39 - - [20/Jun/2014:11:46:37 -0400] "GET /55/images/index_07_01.jpg HTTP/1.1" 200 5209 "http://theinsurancepro.net/" "Mozilla/5.0 (Windows NT 6.1; WOW64) AppleWebKit/534+ (KHTML, like Gecko) BingPreview/1.0b"
199.30.24.39 - - [20/Jun/2014:11:46:38 -0400] "GET /55/images/index_08_01_over.jpg HTTP/1.1" 200 4654 "http://theinsurancepro.net/" "Mozilla/5.0 (Windows NT 6.1; WOW64) AppleWebKit/534+ (KHTML, like Gecko) BingPreview/1.0b"
199.30.24.39 - - [20/Jun/2014:11:46:39 -0400] "GET /55/images/slogan.jpg HTTP/1.1" 200 2648 "http://theinsurancepro.net/" "Mozilla/5.0 (Windows NT 6.1; WOW64) AppleWebKit/534+ (KHTML, like Gecko) BingPreview/1.0b"
199.30.24.39 - - [20/Jun/2014:11:46:41 -0400] "GET /55/images/motif01.jpg HTTP/1.1" 200 15459 "http://theinsurancepro.net/" "Mozilla/5.0 (Windows NT 6.1; WOW64) AppleWebKit/534+ (KHTML, like Gecko) BingPreview/1.0b"
66.55.152.251 - - [20/Jun/2014:06:46:12 -0400] "HEAD /55/images/motif01.jpg HTTP/1.1" 200 - "-" "Mozilla/5.0 (Windows NT 6.1; WOW64) AppleWebKit/537.36 (KHTML, like Gecko) Chrome/31.0.1650.63 Safari/537.36"
46.119.115.144 - - [20/Jun/2014:15:09:06 -0400] "GET / HTTP/1.1" 200 18326 "http://mastermolotok.ru/" "Mozilla/4.0 (compatible; MSIE 6.0; Windows NT 5.2; Win64; x64; SV1; .NET CLR 2.0.50727)"
66.55.152.251 - - [20/Jun/2014:21:06:24 -0400] "HEAD /55/scripts/master.css HTTP/1.1" 200 - "-" "Mozilla/5.0 (Windows NT 6.1; WOW64) AppleWebKit/537.36 (KHTML, like Gecko) Chrome/31.0.1650.63 Safari/537.36"
199.30.24.39 - - [20/Jun/2014:11:46:34 -0400] "GET /scripts/user.js HTTP/1.1" 200 23762 "http://theinsurancepro.net/" "Mozilla/5.0 (Windows NT 6.1; WOW64) AppleWebKit/534+ (KHTML, like Gecko) BingPreview/1.0b"
199.30.24.39 - - [20/Jun/2014:11:46:34 -0400] "GET /scripts/photoalbum.js HTTP/1.1" 200 62481 "http://theinsurancepro.net/" "Mozilla/5.0 (Windows NT 6.1; WOW64) AppleWebKit/534+ (KHTML, like Gecko) BingPreview/1.0b"
199.30.24.39 - - [20/Jun/2014:11:46:36 -0400] "GET /55/images/index_04_01.jpg HTTP/1.1" 200 4367 "http://theinsurancepro.net/" "Mozilla/5.0 (Windows NT 6.1; WOW64) AppleWebKit/534+ (KHTML, like Gecko) BingPreview/1.0b"
199.30.24.39 - - [20/Jun/2014:11:46:37 -0400] "GET /55/images/index_06_01.jpg HTTP/1.1" 200 5005 "http://theinsurancepro.net/" "Mozilla/5.0 (Windows NT 6.1; WOW64) AppleWebKit/534+ (KHTML, like Gecko) BingPreview/1.0b"
199.30.24.39 - - [20/Jun/2014:11:46:37 -0400] "GET /55/images/index_06_01_over.jpg HTTP/1.1" 200 5083 "http://theinsurancepro.net/" "Mozilla/5.0 (Windows NT 6.1; WOW64) AppleWebKit/534+ (KHTML, like Gecko) BingPreview/1.0b"
199.30.24.39 - - [20/Jun/2014:11:46:38 -0400] "GET /55/images/index_08_01.jpg HTTP/1.1" 200 4617 "http://theinsurancepro.net/" "Mozilla/5.0 (Windows NT 6.1; WOW64) AppleWebKit/534+ (KHTML, like Gecko) BingPreview/1.0b"
199.30.24.39 - - [20/Jun/2014:11:46:38 -0400] "GET /55/images/index_09_01_over.jpg HTTP/1.1" 200 4683 "http://theinsurancepro.net/" "Mozilla/5.0 (Windows NT 6.1; WOW64) AppleWebKit/534+ (KHTML, like Gecko) BingPreview/1.0b"
199.30.24.39 - - [20/Jun/2014:11:46:38 -0400] "GET /55/images/index_00.gif HTTP/1.1" 200 43 "http://theinsurancepro.net/" "Mozilla/5.0 (Windows NT 6.1; WOW64) AppleWebKit/534+ (KHTML, like Gecko) BingPreview/1.0b"
199.30.24.39 - - [20/Jun/2014:11:46:38 -0400] "GET /55/images/company.jpg HTTP/1.1" 200 7255 "http://theinsurancepro.net/" "Mozilla/5.0 (Windows NT 6.1; WOW64) AppleWebKit/534+ (KHTML, like Gecko) BingPreview/1.0b"
199.30.24.39 - - [20/Jun/2014:11:46:41 -0400] "GET /55/images/index_01_04.gif HTTP/1.1" 200 132 "http://theinsurancepro.net/" "Mozilla/5.0 (Windows NT 6.1; WOW64) AppleWebKit/534+ (KHTML, like Gecko) BingPreview/1.0b"
66.55.152.251 - - [20/Jun/2014:06:46:12 -0400] "HEAD /55/scripts/icwebsiteelement.css HTTP/1.1" 200 - "-" "Mozilla/5.0 (Windows NT 6.1; WOW64) AppleWebKit/537.36 (KHTML, like Gecko) Chrome/31.0.1650.63 Safari/537.36"
66.55.152.251 - - [20/Jun/2014:21:06:28 -0400] "HEAD /55/images/index_07_01.jpg HTTP/1.1" 200 - "-" "Mozilla/5.0 (Windows NT 6.1; WOW64) AppleWebKit/537.36 (KHTML, like Gecko) Chrome/31.0.1650.63 Safari/537.36"
199.30.24.39 - - [20/Jun/2014:11:46:45 -0400] "GET /55/images/01a.jpg HTTP/1.1" 200 3972 "http://theinsurancepro.net/" "Mozilla/5.0 (Windows NT 6.1; WOW64) AppleWebKit/534+ (KHTML, like Gecko) BingPreview/1.0b"
199.30.24.39 - - [20/Jun/2014:11:46:46 -0400] "GET /images/340_Dave_housepic.jpg HTTP/1.1" 200 37162 "http://theinsurancepro.net/" "Mozilla/5.0 (Windows NT 6.1; WOW64) AppleWebKit/534+ (KHTML, like Gecko) BingPreview/1.0b"
46.118.155.40 - - [20/Jun/2014:01:02:16 -0400] "GET / HTTP/1.1" 200 18326 "http://blog.viagroid.ru/" "Opera/9.00 (Windows NT 5.1; U; en)"
66.55.152.251 - - [20/Jun/2014:06:46:12 -0400] "HEAD /55/scripts/master.css HTTP/1.1" 200 - "-" "Mozilla/5.0 (Windows NT 6.1; WOW64) AppleWebKit/537.36 (KHTML, like Gecko) Chrome/31.0.1650.63 Safari/537.36"
178.137.129.209 - - [20/Jun/2014:16:08:49 -0400] "GET /home.html HTTP/1.1" 200 18326 "http://monylony.net/" "Mozilla/4.0 (compatible; MSIE 6.0; Windows NT 5.1; MRA 4.6 (build 01425))"
66.55.152.251 - - [20/Jun/2014:06:46:12 -0400] "HEAD /55/images/01a.jpg HTTP/1.1" 200 - "-" "Mozilla/5.0 (Windows NT 6.1; WOW64) AppleWebKit/537.36 (KHTML, like Gecko) Chrome/31.0.1650.63 Safari/537.36"
151.138.13.244 - - [20/Jun/2014:14:20:01 -0400] "GET / HTTP/1.1" 206 18326 "-" "SuperPagesUrlVerifyBot/1.0"
66.55.152.251 - - [20/Jun/2014:21:06:29 -0400] "HEAD /55/images/index_02_02.gif HTTP/1.1" 200 - "-" "Mozilla/5.0 (Windows NT 6.1; WOW64) AppleWebKit/537.36 (KHTML, like Gecko) Chrome/31.0.1650.63 Safari/537.36"
188.40.249.70 - - [20/Jun/2014:09:14:53 -0400] "GET / HTTP/1.0" 200 18326 "http://downloaflare.biz" "Mozilla/5.1 (compatible; CBot/1.0; +http://downloaflare.biz)"
199.30.24.39 - - [20/Jun/2014:11:46:29 -0400] "GET /55/scripts/master.css HTTP/1.1" 200 2007 "http://theinsurancepro.net/" "Mozilla/5.0 (Windows NT 6.1; WOW64) AppleWebKit/534+ (KHTML, like Gecko) BingPreview/1.0b"
134.249.76.109 - - [20/Jun/2014:08:59:10 -0400] "GET /home.html HTTP/1.1" 200 18326 "http://housfine.net/" "Mozilla/4.0 (compatible; MSIE 6.0; Windows NT 5.1; SV1; .NET CLR 1.1.4322)"
66.55.152.251 - - [20/Jun/2014:21:06:24 -0400] "GET / HTTP/1.1" 200 18326 "-" "Mozilla/5.0 (iPhone; CPU iPhone OS 7_0_4 like Mac OS X) AppleWebKit/537.51.1 (KHTML, like Gecko) Version/7.0 Mobile/11B554a Safari/9537.53"
188.40.249.70 - - [20/Jun/2014:10:17:03 -0400] "GET / HTTP/1.0" 200 18326 "http://downloaflare.biz" "Mozilla/5.1 (compatible; CBot/1.0; +http://downloaflare.biz)"
162.210.196.130 - - [20/Jun/2014:05:15:25 -0400] "GET /robots.txt HTTP/1.0" 200 25 "-" "Mozilla/5.0 (compatible; MJ12bot/v1.4.5; http://www.majestic12.co.uk/bot.php?+)"
66.55.152.251 - - [20/Jun/2014:06:46:12 -0400] "HEAD /images/340_Dave_housepic.jpg HTTP/1.1" 200 - "-" "Mozilla/5.0 (Windows NT 6.1; WOW64) AppleWebKit/537.36 (KHTML, like Gecko) Chrome/31.0.1650.63 Safari/537.36"
192.99.147.201 - - [20/Jun/2014:18:15:01 -0400] "GET /contactus.html\r HTTP/1.1" 200 10612 "-" "Mozilla/5.0 (compatible; MSIE 10.0; Windows NT 6.1; Trident/6.0)"
199.30.24.39 - - [20/Jun/2014:11:46:30 -0400] "GET /scripts/ic_globals_published.js HTTP/1.1" 200 566 "http://theinsurancepro.net/" "Mozilla/5.0 (Windows NT 6.1; WOW64) AppleWebKit/534+ (KHTML, like Gecko) BingPreview/1.0b"
46.119.115.144 - - [20/Jun/2014:06:39:35 -0400] "GET / HTTP/1.1" 200 18326 "http://el-vowano.ru/" "Opera/8.00 (Windows NT 5.1; U; en)"
130.211.137.242 - - [20/Jun/2014:10:12:14 -0400] "GET / HTTP/1.0" 200 18326 "-" "NerdyBot"
199.30.24.39 - - [20/Jun/2014:11:46:30 -0400] "GET /55/scripts/icwebsiteelement.css HTTP/1.1" 200 8132 "http://theinsurancepro.net/" "Mozilla/5.0 (Windows NT 6.1; WOW64) AppleWebKit/534+ (KHTML, like Gecko) BingPreview/1.0b"
82.193.99.33 - - [20/Jun/2014:05:41:50 -0400] "GET /home.html HTTP/1.1" 200 18326 "http://sergeevs.eu/" "Mozilla/4.0 (compatible; MSIE 5.5; Windows 95)"
66.55.152.251 - - [20/Jun/2014:06:46:13 -0400] "HEAD /55/images/index_08_01.jpg HTTP/1.1" 200 - "-" "Mozilla/5.0 (Windows NT 6.1; WOW64) AppleWebKit/537.36 (KHTML, like Gecko) Chrome/31.0.1650.63 Safari/537.36"
46.119.120.207 - - [20/Jun/2014:06:34:44 -0400] "GET / HTTP/1.1" 200 18326 "http://www.gurusmart.ru/chehol-akkumulyator-dlja-samsung-galaxy-s4" "Mozilla/4.0 (compatible; MSIE 6.0; Windows NT 5.1; ru) Opera 8.50"
66.55.152.251 - - [20/Jun/2014:21:06:24 -0400] "GET / HTTP/1.1" 200 18326 "-" "Mozilla/5.0 (Windows NT 6.1; WOW64) AppleWebKit/537.36 (KHTML, like Gecko) Chrome/31.0.1650.63 Safari/537.36"
66.55.152.251 - - [20/Jun/2014:21:06:25 -0400] "HEAD /55/images/index_01_04.gif HTTP/1.1" 200 - "-" "Mozilla/5.0 (Windows NT 6.1; WOW64) AppleWebKit/537.36 (KHTML, like Gecko) Chrome/31.0.1650.63 Safari/537.36"
188.40.249.70 - - [20/Jun/2014:09:14:53 -0400] "GET / HTTP/1.0" 200 18326 "http://downloaflare.biz" "Mozilla/5.1 (compatible; CBot/1.0; +http://downloaflare.biz)"
207.46.13.117 - - [20/Jun/2014:11:46:27 -0400] "GET /robots.txt HTTP/1.1" 200 25 "-" "Mozilla/5.0 (compatible; bingbot/2.0; +http://www.bing.com/bingbot.htm)"
82.193.99.33 - - [20/Jun/2014:05:41:50 -0400] "GET /home.html HTTP/1.1" 200 18326 "http://sergeevs.eu/" "Mozilla/4.0 (compatible; MSIE 5.5; Windows 95)"
193.150.120.14 - - [20/Jun/2014:19:30:11 -0400] "GET / HTTP/1.1" 200 18326 "http://binarystart.ru/" "Mozilla/4.0 (compatible; MSIE 6.0; Windows NT 5.1; SV1; FunWebProducts)"
193.150.120.14 - - [20/Jun/2014:19:45:48 -0400] "GET / HTTP/1.1" 200 18326 "http://kinohit1.ru/" "Mozilla/4.0 (compatible; MSIE 6.0; Windows NT 5.0; .NET CLR 1.0.3705; .NET CLR 1.1.4322)"
66.55.152.251 - - [20/Jun/2014:21:06:25 -0400] "HEAD /55/images/company.jpg HTTP/1.1" 200 - "-" "Mozilla/5.0 (Windows NT 6.1; WOW64) AppleWebKit/537.36 (KHTML, like Gecko) Chrome/31.0.1650.63 Safari/537.36"
66.55.152.251 - - [20/Jun/2014:21:06:29 -0400] "HEAD /images/340_Dave_housepic.jpg HTTP/1.1" 200 - "-" "Mozilla/5.0 (Windows NT 6.1; WOW64) AppleWebKit/537.36 (KHTML, like Gecko) Chrome/31.0.1650.63 Safari/537.36"
23.23.43.122 - - [20/Jun/2014:03:59:24 -0400] "HEAD / HTTP/1.1" 200 - "-" "Mozilla/5.0 (Macintosh; Intel Mac OS X 10_7_4) AppleWebKit/537.11 (KHTML, like Gecko) Chrome/23.0.1271.95 Safari/537.11"
66.55.152.251 - - [20/Jun/2014:06:46:13 -0400] "HEAD /55/images/index_10_01.jpg HTTP/1.1" 200 - "-" "Mozilla/5.0 (Windows NT 6.1; WOW64) AppleWebKit/537.36 (KHTML, like Gecko) Chrome/31.0.1650.63 Safari/537.36"
46.119.115.144 - - [20/Jun/2014:15:09:03 -0400] "GET / HTTP/1.1" 200 18326 "http://vrotike.ru/" "Mozilla/4.0 (compatible; MSIE 6.0; Windows NT 5.1; MyIE2; Deepnet Explorer)"
64.235.151.199 - - [20/Jun/2014:13:02:21 -0400] "GET / HTTP/1.0" 200 18326 "-" "Mozilla/4.0 (compatible; MSIE 8.0; Windows NT 6.1; WOW64; Trident/4.0; SLCC2; .NET CLR 2.0.50727; .NET CLR 3.5.30729; .NET CLR 3.0.30729)"
66.55.152.251 - - [20/Jun/2014:06:46:13 -0400] "HEAD /55/images/index_09_01.jpg HTTP/1.1" 200 - "-" "Mozilla/5.0 (Windows NT 6.1; WOW64) AppleWebKit/537.36 (KHTML, like Gecko) Chrome/31.0.1650.63 Safari/537.36"
66.55.152.251 - - [20/Jun/2014:06:46:15 -0400] "HEAD /55/images/index_06_01.jpg HTTP/1.1" 200 - "-" "Mozilla/5.0 (Windows NT 6.1; WOW64) AppleWebKit/537.36 (KHTML, like Gecko) Chrome/31.0.1650.63 Safari/537.36"
193.150.120.14 - - [20/Jun/2014:19:30:13 -0400] "GET / HTTP/1.1" 200 18326 "http://2kata.ru/" "Mozilla/4.0 (compatible; MSIE 6.0; Windows NT 5.1; ru) Opera 8.50"
199.30.24.39 - - [20/Jun/2014:11:46:36 -0400] "GET /55/images/index_05_01.jpg HTTP/1.1" 200 5361 "http://theinsurancepro.net/" "Mozilla/5.0 (Windows NT 6.1; WOW64) AppleWebKit/534+ (KHTML, like Gecko) BingPreview/1.0b"
199.30.24.39 - - [20/Jun/2014:11:46:37 -0400] "GET /55/images/index_07_01_over.jpg HTTP/1.1" 200 5204 "http://theinsurancepro.net/" "Mozilla/5.0 (Windows NT 6.1; WOW64) AppleWebKit/534+ (KHTML, like Gecko) BingPreview/1.0b"
199.30.24.39 - - [20/Jun/2014:11:46:38 -0400] "GET /55/images/index_09_01.jpg HTTP/1.1" 200 4724 "http://theinsurancepro.net/" "Mozilla/5.0 (Windows NT 6.1; WOW64) AppleWebKit/534+ (KHTML, like Gecko) BingPreview/1.0b"
209.133.77.166 - - [20/Jun/2014:15:02:02 -0400] "GET / HTTP/1.1" 200 18326 "-" "Mozilla/5.0 (compatible; MSIE 9.0; Windows NT 6.1; WOW64; Trident/5.0)"
46.119.115.144 - - [20/Jun/2014:15:09:03 -0400] "GET / HTTP/1.1" 200 18326 "http://mastermolotok.ru/" "Mozilla/4.0 (compatible; MSIE 6.0; Windows NT 5.2; Win64; x64; SV1; .NET CLR 2.0.50727)"
46.118.155.40 - - [20/Jun/2014:08:30:11 -0400] "GET / HTTP/1.1" 200 18326 "http://game-top.su/" "Mozilla/5.0 (Windows NT 5.1; U; en) Opera 8.00"
199.30.24.39 - - [20/Jun/2014:11:46:45 -0400] "GET /55/images/index_10_01.jpg HTTP/1.1" 200 3019 "http://theinsurancepro.net/" "Mozilla/5.0 (Windows NT 6.1; WOW64) AppleWebKit/534+ (KHTML, like Gecko) BingPreview/1.0b"
178.136.252.17 - - [20/Jun/2014:15:33:44 -0400] "GET /index.php?option=com_fabrik&c=import&view=import&filetype=csv&table=1 HTTP/1.1" 404 575 "-" "Mozilla/5.0 (Windows NT 5.1; rv:22.0) Gecko/20100101 Firefox/22.0 Paros/3.2.13"
66.55.152.251 - - [20/Jun/2014:06:45:19 -0400] "GET / HTTP/1.1" 200 18326 "-" "Mozilla/5.0 (Windows NT 6.1; WOW64) AppleWebKit/537.36 (KHTML, like Gecko) Chrome/31.0.1650.63 Safari/537.36"
66.55.152.251 - - [20/Jun/2014:06:45:20 -0400] "HEAD /55/images/index_01_04.gif HTTP/1.1" 200 - "-" "Mozilla/5.0 (Windows NT 6.1; WOW64) AppleWebKit/537.36 (KHTML, like Gecko) Chrome/31.0.1650.63 Safari/537.36"
66.55.152.251 - - [20/Jun/2014:21:05:35 -0400] "HEAD /55/images/index_09_01.jpg HTTP/1.1" 200 - "-" "Mozilla/5.0 (Windows NT 6.1; WOW64) AppleWebKit/537.36 (KHTML, like Gecko) Chrome/31.0.1650.63 Safari/537.36"
46.118.155.40 - - [20/Jun/2014:08:30:23 -0400] "GET / HTTP/1.1" 200 18326 "http://game-top.su/" "Mozilla/5.0 (Windows NT 5.1; U; en) Opera 8.00"
199.30.24.39 - - [20/Jun/2014:11:46:57 -0400] "GET /55/images/index_02_02.gif HTTP/1.1" 200 503 "http://theinsurancepro.net/" "Mozilla/5.0 (Windows NT 6.1; WOW64) AppleWebKit/534+ (KHTML, like Gecko) BingPreview/1.0b"
199.30.24.39 - - [20/Jun/2014:11:46:57 -0400] "GET /55/images/new_back.jpg HTTP/1.1" 200 5239 "http://theinsurancepro.net/" "Mozilla/5.0 (Windows NT 6.1; WOW64) AppleWebKit/534+ (KHTML, like Gecko) BingPreview/1.0b"
66.55.152.251 - - [20/Jun/2014:06:46:23 -0400] "HEAD /55/images/index_00.gif HTTP/1.1" 200 - "-" "Mozilla/5.0 (Windows NT 6.1; WOW64) AppleWebKit/537.36 (KHTML, like Gecko) Chrome/31.0.1650.63 Safari/537.36"
107.170.84.5 - - [20/Jun/2014:03:12:24 -0400] "GET / HTTP/1.1" 200 18326 "-" "Comodo-Webinspector-Crawler 2.2.1, http://www.comodorobot.com"
107.170.84.5 - - [20/Jun/2014:03:12:24 -0400] "GET /contactus.html HTTP/1.1" 200 10612 "-" "Comodo-Webinspector-Crawler 2.2.1, http://www.comodorobot.com"
46.119.115.144 - - [20/Jun/2014:15:09:04 -0400] "GET / HTTP/1.1" 200 18326 "http://vrotike.ru/" "Mozilla/4.0 (compatible; MSIE 6.0; Windows NT 5.1; MyIE2; Deepnet Explorer)"
66.55.152.251 - - [20/Jun/2014:21:06:24 -0400] "GET / HTTP/1.1" 200 18326 "-" "Mozilla/5.0 (Windows NT 6.1; WOW64) AppleWebKit/537.36 (KHTML, like Gecko) Chrome/31.0.1650.63 Safari/537.36"
208.93.104.9 - - [20/Jun/2014:02:27:53 -0400] "HEAD / HTTP/1.1" 200 - "-" "http://www.yellowpages.com/about/legal/crawl"
66.55.152.251 - - [20/Jun/2014:06:46:13 -0400] "HEAD /55/images/index_02_02.gif HTTP/1.1" 200 - "-" "Mozilla/5.0 (Windows NT 6.1; WOW64) AppleWebKit/537.36 (KHTML, like Gecko) Chrome/31.0.1650.63 Safari/537.36"
66.55.152.251 - - [20/Jun/2014:21:06:25 -0400] "HEAD /55/scripts/icwebsiteelement.css HTTP/1.1" 200 - "-" "Mozilla/5.0 (Windows NT 6.1; WOW64) AppleWebKit/537.36 (KHTML, like Gecko) Chrome/31.0.1650.63 Safari/537.36"
46.118.155.40 - - [20/Jun/2014:08:30:10 -0400] "GET / HTTP/1.1" 200 18326 "http://game-top.su/" "Mozilla/5.0 (Windows NT 5.1; U; en) Opera 8.00"
134.249.76.109 - - [20/Jun/2014:08:59:10 -0400] "GET /home.html HTTP/1.1" 200 18326 "http://housfine.net/" "Mozilla/4.0 (compatible; MSIE 6.0; Windows NT 5.1; SV1; .NET CLR 1.1.4322)"
199.30.24.39 - - [20/Jun/2014:11:46:45 -0400] "GET /55/images/top_back.jpg HTTP/1.1" 200 417 "http://theinsurancepro.net/" "Mozilla/5.0 (Windows NT 6.1; WOW64) AppleWebKit/534+ (KHTML, like Gecko) BingPreview/1.0b"
199.30.24.39 - - [20/Jun/2014:11:46:46 -0400] "GET /55/images/spacer.gif HTTP/1.1" 200 43 "http://theinsurancepro.net/" "Mozilla/5.0 (Windows NT 6.1; WOW64) AppleWebKit/534+ (KHTML, like Gecko) BingPreview/1.0b"
207.46.13.100 - - [20/Jun/2014:15:44:48 -0400] "GET /robots.txt HTTP/1.1" 200 25 "-" "Mozilla/5.0 (compatible; bingbot/2.0; +http://www.bing.com/bingbot.htm)"
66.55.152.251 - - [20/Jun/2014:21:06:25 -0400] "HEAD /55/images/index_00.gif HTTP/1.1" 200 - "-" "Mozilla/5.0 (Windows NT 6.1; WOW64) AppleWebKit/537.36 (KHTML, like Gecko) Chrome/31.0.1650.63 Safari/537.36"
193.150.120.14 - - [20/Jun/2014:19:30:11 -0400] "GET / HTTP/1.1" 200 18326 "http://binarystart.ru/" "Mozilla/4.0 (compatible; MSIE 6.0; Windows NT 5.1; SV1; FunWebProducts)"
188.40.249.70 - - [20/Jun/2014:09:14:53 -0400] "GET / HTTP/1.0" 200 18326 "http://downloaflare.biz" "Mozilla/5.1 (compatible; CBot/1.0; +http://downloaflare.biz)"
46.119.115.144 - - [20/Jun/2014:15:09:03 -0400] "GET / HTTP/1.1" 200 18326 "http://vrotike.ru/" "Mozilla/4.0 (compatible; MSIE 6.0; Windows NT 5.1; MyIE2; Deepnet Explorer)"
66.55.152.251 - - [20/Jun/2014:21:06:25 -0400] "HEAD /55/images/01a.jpg HTTP/1.1" 200 - "-" "Mozilla/5.0 (Windows NT 6.1; WOW64) AppleWebKit/537.36 (KHTML, like Gecko) Chrome/31.0.1650.63 Safari/537.36"
66.55.152.251 - - [20/Jun/2014:21:06:24 -0400] "HEAD /55/images/index_05_01.jpg HTTP/1.1" 200 - "-" "Mozilla/5.0 (Windows NT 6.1; WOW64) AppleWebKit/537.36 (KHTML, like Gecko) Chrome/31.0.1650.63 Safari/537.36"
37.58.100.94 - - [20/Jun/2014:05:51:41 -0400] "GET /robots.txt HTTP/1.1" 200 25 "-" "Mozilla/5.0 (compatible; AhrefsBot/5.0; +http://ahrefs.com/robot/)"
207.46.13.100 - - [20/Jun/2014:15:45:11 -0400] "GET /healthinsurance.html HTTP/1.1" 304 - "-" "Mozilla/5.0 (compatible; bingbot/2.0; +http://www.bing.com/bingbot.htm)"
66.55.152.251 - - [20/Jun/2014:06:45:50 -0400] "HEAD /55/images/index_05_01.jpg HTTP/1.1" 200 - "-" "Mozilla/5.0 (Windows NT 6.1; WOW64) AppleWebKit/537.36 (KHTML, like Gecko) Chrome/31.0.1650.63 Safari/537.36"
178.137.129.209 - - [20/Jun/2014:16:08:25 -0400] "GET /home.html HTTP/1.1" 200 18326 "http://monylony.net/" "Mozilla/4.0 (compatible; MSIE 6.0; Windows NT 5.1; MRA 4.6 (build 01425))"
92.249.127.111 - - [20/Jun/2014:04:46:38 -0400] "GET / HTTP/1.1" 200 18326 "http://doska-vsem.ru/" "Mozilla/4.0 (compatible; MSIE 5.5; Windows NT 5.0; .NET CLR 1.1.4322)"