0byt3m1n1
Path:
/
data
/
0
/
0
/
96
/
86
/
96901
/
meta
/
98317
/
logs
/
[
Home
]
File: x-access_log.2020-09-11
149.56.106.25 - - [11/Sep/2020:05:16:49 -0400] "GET /55/images/01a.jpg HTTP/1.0" 200 3972 "http://theinsurancepro.net/" "Mozilla/5.0 (X11; Linux x86_64) AppleWebKit/537.36 (KHTML, like Gecko) HeadlessChrome/69.0.3494.0 Safari/537.36"
149.56.106.25 - - [11/Sep/2020:05:16:49 -0400] "GET /55/images/index_05_01_over.jpg HTTP/1.0" 200 3981 "http://theinsurancepro.net/" "Mozilla/5.0 (X11; Linux x86_64) AppleWebKit/537.36 (KHTML, like Gecko) HeadlessChrome/69.0.3494.0 Safari/537.36"
66.249.66.159 - - [11/Sep/2020:06:37:48 -0400] "GET / HTTP/1.0" 200 18940 "-" "Mozilla/5.0 (compatible; Googlebot/2.1; +http://www.google.com/bot.html)"
192.71.224.240 - - [11/Sep/2020:08:34:17 -0400] "GET /robots.txt HTTP/1.0" 200 25 "-" "Go-http-client/1.1"
192.36.71.133 - - [11/Sep/2020:08:34:17 -0400] "GET /humans.txt HTTP/1.0" 404 575 "-" "Go-http-client/1.1"
192.36.248.249 - - [11/Sep/2020:08:34:17 -0400] "GET /ads.txt HTTP/1.0" 404 575 "-" "Go-http-client/1.1"
66.249.66.84 - - [11/Sep/2020:08:56:59 -0400] "GET /robots.txt HTTP/1.0" 200 25 "-" "Mozilla/5.0 (compatible; Googlebot/2.1; +http://www.google.com/bot.html)"
69.74.34.180 - - [11/Sep/2020:13:12:31 -0400] "GET /55/images/index_07_01.jpg HTTP/1.0" 200 5005 "http://theinsurancepro.net/" "Mozilla/5.0 (Windows NT 10.0; Win64; x64) AppleWebKit/537.36 (KHTML, like Gecko) Chrome/85.0.4183.102 Safari/537.36"
69.74.34.180 - - [11/Sep/2020:13:12:34 -0400] "GET /55/images/index_04_01.jpg HTTP/1.0" 200 4367 "http://theinsurancepro.net/" "Mozilla/5.0 (Windows NT 10.0; Win64; x64) AppleWebKit/537.36 (KHTML, like Gecko) Chrome/85.0.4183.102 Safari/537.36"
69.74.34.180 - - [11/Sep/2020:13:12:34 -0400] "GET /55/images/index_07_01_over.jpg HTTP/1.0" 200 5083 "http://theinsurancepro.net/" "Mozilla/5.0 (Windows NT 10.0; Win64; x64) AppleWebKit/537.36 (KHTML, like Gecko) Chrome/85.0.4183.102 Safari/537.36"
35.190.142.196 - - [11/Sep/2020:18:00:02 -0400] "GET /robots.txt HTTP/1.0" 200 25 "-" "ZoominfoBot (zoominfobot at zoominfo dot com)"
35.190.142.196 - - [11/Sep/2020:18:32:51 -0400] "GET /home.html HTTP/1.0" 200 18940 "-" "ZoominfoBot (zoominfobot at zoominfo dot com)"
151.80.62.207 - - [11/Sep/2020:19:59:11 -0400] "GET / HTTP/1.0" 200 18940 "-" "Mozilla/5.0 (Windows NT 6.1; Win64; x64; rv:74.0) Gecko/20100101 Firefox/74.0"
66.249.66.159 - - [11/Sep/2020:21:48:40 -0400] "GET / HTTP/1.0" 200 18940 "-" "Mozilla/5.0 (Linux; Android 6.0.1; Nexus 5X Build/MMB29P) AppleWebKit/537.36 (KHTML, like Gecko) Chrome/80.0.3987.92 Mobile Safari/537.36 (compatible; Googlebot/2.1; +http://www.google.com/bot.html)"
18.237.131.124 - - [11/Sep/2020:23:11:16 -0400] "GET / HTTP/1.0" 200 18940 "-" "Mozilla/5.0 (Windows NT 10.0; Win64; x64)AppleWebKit/537.36 (KHTML, like Gecko) Chrome/66.0.3359.181 Safari/537.36"
77.75.78.171 - - [11/Sep/2020:00:11:31 -0400] "GET /robots.txt HTTP/1.0" 200 25 "-" "Mozilla/5.0 (compatible; SeznamBot/3.2; +http://napoveda.seznam.cz/en/seznambot-intro/)"
66.249.66.84 - - [11/Sep/2020:02:19:08 -0400] "GET / HTTP/1.0" 200 18940 "-" "Mozilla/5.0 (Linux; Android 6.0.1; Nexus 5X Build/MMB29P) AppleWebKit/537.36 (KHTML, like Gecko) Chrome/80.0.3987.92 Mobile Safari/537.36 (compatible; Googlebot/2.1; +http://www.google.com/bot.html)"
66.249.66.158 - - [11/Sep/2020:05:09:09 -0400] "GET /lifeinsurance.html HTTP/1.0" 200 16691 "-" "Mozilla/5.0 (Linux; Android 6.0.1; Nexus 5X Build/MMB29P) AppleWebKit/537.36 (KHTML, like Gecko) Chrome/85.0.4183.97 Mobile Safari/537.36 (compatible; Googlebot/2.1; +http://www.google.com/bot.html)"
149.56.106.25 - - [11/Sep/2020:05:16:49 -0400] "GET /scripts/ic_globals_published.js HTTP/1.0" 200 566 "http://theinsurancepro.net/" "Mozilla/5.0 (X11; Linux x86_64) AppleWebKit/537.36 (KHTML, like Gecko) HeadlessChrome/69.0.3494.0 Safari/537.36"
149.56.106.25 - - [11/Sep/2020:05:16:49 -0400] "GET /55/images/slogan.jpg HTTP/1.0" 200 1771 "http://theinsurancepro.net/" "Mozilla/5.0 (X11; Linux x86_64) AppleWebKit/537.36 (KHTML, like Gecko) HeadlessChrome/69.0.3494.0 Safari/537.36"
149.56.106.25 - - [11/Sep/2020:05:16:49 -0400] "GET /55/images/index_01_04.gif HTTP/1.0" 200 132 "http://theinsurancepro.net/" "Mozilla/5.0 (X11; Linux x86_64) AppleWebKit/537.36 (KHTML, like Gecko) HeadlessChrome/69.0.3494.0 Safari/537.36"
149.56.106.25 - - [11/Sep/2020:05:16:49 -0400] "GET /55/images/index_09_01.jpg HTTP/1.0" 200 4724 "http://theinsurancepro.net/" "Mozilla/5.0 (X11; Linux x86_64) AppleWebKit/537.36 (KHTML, like Gecko) HeadlessChrome/69.0.3494.0 Safari/537.36"
20.51.208.199 - - [11/Sep/2020:06:31:44 -0400] "POST /wp-content/plugins/wp-file-manager/lib/php/connector.minimal.php HTTP/1.0" 404 575 "-" "Mozilla/5.0 (X11; Linux x86_64) AppleWebKit/537.36 (KHTML, like Gecko) Chrome/81.0.4044.129 Safari/537.36"
39.101.65.235 - - [11/Sep/2020:06:36:01 -0400] "GET /data/admin/allowurl.txt HTTP/1.0" 404 575 "-" "Mozilla/5.0 (Windows NT 10.0; WOW64; rv:48.0) Gecko/20100101 Firefox/48.0"
66.249.66.84 - - [11/Sep/2020:08:56:59 -0400] "GET / HTTP/1.0" 200 18940 "-" "Mozilla/5.0 (compatible; Googlebot/2.1; +http://www.google.com/bot.html)"
66.249.66.85 - - [11/Sep/2020:12:17:40 -0400] "GET / HTTP/1.0" 200 18940 "-" "Mozilla/5.0 (Linux; Android 6.0.1; Nexus 5X Build/MMB29P) AppleWebKit/537.36 (KHTML, like Gecko) Chrome/80.0.3987.92 Mobile Safari/537.36 (compatible; Googlebot/2.1; +http://www.google.com/bot.html)"
35.196.141.72 - - [11/Sep/2020:13:08:26 -0400] "GET / HTTP/1.0" 200 18940 "-" "ZoominfoBot (zoominfobot at zoominfo dot com)"
69.74.34.180 - - [11/Sep/2020:13:12:31 -0400] "GET /scripts/ic_globals_published.js HTTP/1.0" 200 566 "http://theinsurancepro.net/" "Mozilla/5.0 (Windows NT 10.0; Win64; x64) AppleWebKit/537.36 (KHTML, like Gecko) Chrome/85.0.4183.102 Safari/537.36"
69.74.34.180 - - [11/Sep/2020:13:12:31 -0400] "GET /scripts/photoalbum.js HTTP/1.0" 200 62481 "http://theinsurancepro.net/" "Mozilla/5.0 (Windows NT 10.0; Win64; x64) AppleWebKit/537.36 (KHTML, like Gecko) Chrome/85.0.4183.102 Safari/537.36"
69.74.34.180 - - [11/Sep/2020:13:12:31 -0400] "GET /55/images/01a.jpg HTTP/1.0" 200 3972 "http://theinsurancepro.net/" "Mozilla/5.0 (Windows NT 10.0; Win64; x64) AppleWebKit/537.36 (KHTML, like Gecko) Chrome/85.0.4183.102 Safari/537.36"
69.74.34.180 - - [11/Sep/2020:13:12:31 -0400] "GET /55/images/index_05_01.jpg HTTP/1.0" 200 5361 "http://theinsurancepro.net/" "Mozilla/5.0 (Windows NT 10.0; Win64; x64) AppleWebKit/537.36 (KHTML, like Gecko) Chrome/85.0.4183.102 Safari/537.36"
69.74.34.180 - - [11/Sep/2020:13:12:31 -0400] "GET /images/340_Dave_housepic.jpg HTTP/1.0" 200 37162 "http://theinsurancepro.net/" "Mozilla/5.0 (Windows NT 10.0; Win64; x64) AppleWebKit/537.36 (KHTML, like Gecko) Chrome/85.0.4183.102 Safari/537.36"
69.74.34.180 - - [11/Sep/2020:13:12:34 -0400] "GET /55/images/index_05_01_over.jpg HTTP/1.0" 200 3981 "http://theinsurancepro.net/" "Mozilla/5.0 (Windows NT 10.0; Win64; x64) AppleWebKit/537.36 (KHTML, like Gecko) Chrome/85.0.4183.102 Safari/537.36"
69.74.34.180 - - [11/Sep/2020:13:12:34 -0400] "GET /55/images/index_04_01_over.jpg HTTP/1.0" 200 4184 "http://theinsurancepro.net/" "Mozilla/5.0 (Windows NT 10.0; Win64; x64) AppleWebKit/537.36 (KHTML, like Gecko) Chrome/85.0.4183.102 Safari/537.36"
69.74.34.180 - - [11/Sep/2020:13:12:34 -0400] "GET /55/images/new_back.jpg HTTP/1.0" 200 5239 "http://theinsurancepro.net/" "Mozilla/5.0 (Windows NT 10.0; Win64; x64) AppleWebKit/537.36 (KHTML, like Gecko) Chrome/85.0.4183.102 Safari/537.36"
69.74.34.180 - - [11/Sep/2020:13:13:09 -0400] "GET /healthinsurance.html HTTP/1.0" 200 13696 "http://theinsurancepro.net/" "Mozilla/5.0 (Windows NT 10.0; Win64; x64) AppleWebKit/537.36 (KHTML, like Gecko) Chrome/85.0.4183.102 Safari/537.36"
23.81.62.169 - - [11/Sep/2020:15:20:50 -0400] "GET / HTTP/1.0" 200 18940 "-" "Mozilla/5.0 (Windows NT 6.1; Win64; x64) AppleWebKit/537.36 (KHTML, like Gecko) Chrome/58.0.3029.110 Safari/537.36"
120.28.246.13 - - [11/Sep/2020:16:02:04 -0400] "GET /?q=semalt.com HTTP/1.0" 200 18940 "http://google.com/search?q=semalt.com" "Mozilla/5.0 (Windows NT 10.0; Win64; x64) AppleWebKit/537.36 (KHTML, like Gecko) Chrome/74.0.3729.169 Safari/537.36"
108.174.5.112 - - [11/Sep/2020:16:09:12 -0400] "GET /robots.txt HTTP/1.0" 200 25 "-" "LinkedInBot/1.0 (compatible; Mozilla/5.0; Apache-HttpClient +http://www.linkedin.com)"
40.77.167.197 - - [11/Sep/2020:16:48:47 -0400] "GET /scripts/photoalbum.js HTTP/1.0" 200 62481 "-" "Mozilla/5.0 (compatible; MSIE 9.0; Windows NT 6.1; Trident/5.0)"
58.87.125.65 - - [11/Sep/2020:16:52:08 -0400] "GET / HTTP/1.0" 200 18940 "https://www.google.com/search?q=Google+global+ranking+site%3Aranking.fenban.net" "Mozilla/5.0 (compatible; MSIE 9.0; Windows NT 6.1; Trident/5.0;"
35.190.142.196 - - [11/Sep/2020:18:00:02 -0400] "GET /contactus.html HTTP/1.0" 200 10923 "-" "ZoominfoBot (zoominfobot at zoominfo dot com)"
35.190.142.196 - - [11/Sep/2020:18:03:47 -0400] "GET /medicaresupplements.html HTTP/1.0" 200 12772 "-" "ZoominfoBot (zoominfobot at zoominfo dot com)"
72.252.120.177 - - [11/Sep/2020:20:45:48 -0400] "POST /xmlrpc.php HTTP/1.0" 404 575 "-" "Mozilla/5.0 (Windows NT 5.1) AppleWebKit/537.36 (KHTML, like Gecko) Chrome/34.0.1847.116 Safari/537.36 Mozilla/5.0 (iPad; U; CPU OS 3_2 like Mac OS X; en-us) AppleWebKit/531.21.10 (KHTML, like Gecko) Version/4.0.4 Mobile/7B334b Safari/531.21.10"
72.252.120.177 - - [11/Sep/2020:20:45:50 -0400] "POST /wordpress/xmlrpc.php HTTP/1.0" 404 575 "-" "Mozilla/5.0 (Windows NT 5.1) AppleWebKit/537.36 (KHTML, like Gecko) Chrome/34.0.1847.116 Safari/537.36 Mozilla/5.0 (iPad; U; CPU OS 3_2 like Mac OS X; en-us) AppleWebKit/531.21.10 (KHTML, like Gecko) Version/4.0.4 Mobile/7B334b Safari/531.21.10"
72.252.120.177 - - [11/Sep/2020:20:45:52 -0400] "GET /pma/index.php HTTP/1.0" 404 575 "-" "Mozilla/5.0 (Windows NT 5.1) AppleWebKit/537.36 (KHTML, like Gecko) Chrome/34.0.1847.116 Safari/537.36 Mozilla/5.0 (iPad; U; CPU OS 3_2 like Mac OS X; en-us) AppleWebKit/531.21.10 (KHTML, like Gecko) Version/4.0.4 Mobile/7B334b Safari/531.21.10"
149.56.106.25 - - [11/Sep/2020:05:16:50 -0400] "GET /55/images/index_00.gif HTTP/1.0" 200 43 "http://theinsurancepro.net/" "Mozilla/5.0 (X11; Linux x86_64) AppleWebKit/537.36 (KHTML, like Gecko) HeadlessChrome/69.0.3494.0 Safari/537.36"
149.56.106.25 - - [11/Sep/2020:05:16:50 -0400] "GET /55/images/index_06_01.jpg HTTP/1.0" 200 4528 "http://theinsurancepro.net/" "Mozilla/5.0 (X11; Linux x86_64) AppleWebKit/537.36 (KHTML, like Gecko) HeadlessChrome/69.0.3494.0 Safari/537.36"
149.56.106.25 - - [11/Sep/2020:05:16:50 -0400] "GET /55/images/index_02_02.gif HTTP/1.0" 200 503 "http://theinsurancepro.net/" "Mozilla/5.0 (X11; Linux x86_64) AppleWebKit/537.36 (KHTML, like Gecko) HeadlessChrome/69.0.3494.0 Safari/537.36"
66.249.66.159 - - [11/Sep/2020:06:37:44 -0400] "GET /favicon.ico HTTP/1.0" 404 575 "-" "Googlebot-Image/1.0"
42.236.10.88 - - [11/Sep/2020:06:39:06 -0400] "GET / HTTP/1.0" 200 18940 "http://theinsurancepro.net/" "Mozilla/5.0 (Windows NT 6.1; WOW64) AppleWebKit/537.36 (KHTML, like Gecko) Chrome/50.4.2661.102 Safari/537.36; 360Spider"
66.249.66.158 - - [11/Sep/2020:09:16:58 -0400] "GET / HTTP/1.0" 200 18940 "-" "Mozilla/5.0 (Linux; Android 6.0.1; Nexus 5X Build/MMB29P) AppleWebKit/537.36 (KHTML, like Gecko) Chrome/80.0.3987.92 Mobile Safari/537.36 (compatible; Googlebot/2.1; +http://www.google.com/bot.html)"
66.249.66.158 - - [11/Sep/2020:09:17:02 -0400] "GET /55/scripts/master.css HTTP/1.0" 200 2007 "http://www.theinsurancepro.net/" "Mozilla/5.0 (Linux; Android 6.0.1; Nexus 5X Build/MMB29P) AppleWebKit/537.36 (KHTML, like Gecko) Chrome/85.0.4183.105 Mobile Safari/537.36 (compatible; Googlebot/2.1; +http://www.google.com/bot.html)"
69.74.34.180 - - [11/Sep/2020:13:12:31 -0400] "GET /55/images/slogan.jpg HTTP/1.0" 200 1771 "http://theinsurancepro.net/" "Mozilla/5.0 (Windows NT 10.0; Win64; x64) AppleWebKit/537.36 (KHTML, like Gecko) Chrome/85.0.4183.102 Safari/537.36"
69.74.34.180 - - [11/Sep/2020:13:12:34 -0400] "GET /55/images/index_08_01_over.jpg HTTP/1.0" 200 5204 "http://theinsurancepro.net/" "Mozilla/5.0 (Windows NT 10.0; Win64; x64) AppleWebKit/537.36 (KHTML, like Gecko) Chrome/85.0.4183.102 Safari/537.36"
69.74.34.180 - - [11/Sep/2020:13:12:34 -0400] "GET /55/images/top_back.jpg HTTP/1.0" 200 417 "http://theinsurancepro.net/" "Mozilla/5.0 (Windows NT 10.0; Win64; x64) AppleWebKit/537.36 (KHTML, like Gecko) Chrome/85.0.4183.102 Safari/537.36"
35.237.7.89 - - [11/Sep/2020:14:47:08 -0400] "GET /robots.txt HTTP/1.0" 200 25 "-" "ZoominfoBot (zoominfobot at zoominfo dot com)"
35.190.142.196 - - [11/Sep/2020:18:02:12 -0400] "GET /lifeinsurance.html HTTP/1.0" 200 16691 "-" "ZoominfoBot (zoominfobot at zoominfo dot com)"
35.190.142.196 - - [11/Sep/2020:18:17:11 -0400] "GET /healthinsurance.html HTTP/1.0" 200 13696 "-" "ZoominfoBot (zoominfobot at zoominfo dot com)"
66.249.66.159 - - [11/Sep/2020:19:08:55 -0400] "GET / HTTP/1.0" 200 18940 "-" "Mozilla/5.0 (compatible; Googlebot/2.1; +http://www.google.com/bot.html)"
66.249.66.158 - - [11/Sep/2020:05:09:09 -0400] "GET /robots.txt HTTP/1.0" 200 25 "-" "Mozilla/5.0 (compatible; Googlebot/2.1; +http://www.google.com/bot.html)"
149.56.106.25 - - [11/Sep/2020:05:16:49 -0400] "GET /55/scripts/master.css HTTP/1.0" 200 2007 "http://theinsurancepro.net/" "Mozilla/5.0 (X11; Linux x86_64) AppleWebKit/537.36 (KHTML, like Gecko) HeadlessChrome/69.0.3494.0 Safari/537.36"
149.56.106.25 - - [11/Sep/2020:05:16:49 -0400] "GET /scripts/user.js HTTP/1.0" 200 23762 "http://theinsurancepro.net/" "Mozilla/5.0 (X11; Linux x86_64) AppleWebKit/537.36 (KHTML, like Gecko) HeadlessChrome/69.0.3494.0 Safari/537.36"
149.56.106.25 - - [11/Sep/2020:05:16:49 -0400] "GET /55/images/company.jpg HTTP/1.0" 200 7255 "http://theinsurancepro.net/" "Mozilla/5.0 (X11; Linux x86_64) AppleWebKit/537.36 (KHTML, like Gecko) HeadlessChrome/69.0.3494.0 Safari/537.36"
149.56.106.25 - - [11/Sep/2020:05:16:49 -0400] "GET /images/340_Dave_housepic.jpg HTTP/1.0" 200 37162 "http://theinsurancepro.net/" "Mozilla/5.0 (X11; Linux x86_64) AppleWebKit/537.36 (KHTML, like Gecko) HeadlessChrome/69.0.3494.0 Safari/537.36"
66.249.66.159 - - [11/Sep/2020:06:39:11 -0400] "GET /favicon.ico HTTP/1.0" 404 575 "-" "Googlebot-Image/1.0"
192.71.225.127 - - [11/Sep/2020:08:34:17 -0400] "GET / HTTP/1.0" 200 18940 "-" "Go-http-client/1.1"
69.74.34.180 - - [11/Sep/2020:13:12:31 -0400] "GET /55/scripts/icwebsiteelement.css HTTP/1.0" 200 8132 "http://theinsurancepro.net/" "Mozilla/5.0 (Windows NT 10.0; Win64; x64) AppleWebKit/537.36 (KHTML, like Gecko) Chrome/85.0.4183.102 Safari/537.36"
69.74.34.180 - - [11/Sep/2020:13:12:31 -0400] "GET /55/images/motif01.jpg HTTP/1.0" 200 15459 "http://theinsurancepro.net/" "Mozilla/5.0 (Windows NT 10.0; Win64; x64) AppleWebKit/537.36 (KHTML, like Gecko) Chrome/85.0.4183.102 Safari/537.36"
54.36.148.44 - - [11/Sep/2020:13:32:15 -0400] "GET /robots.txt HTTP/1.0" 200 25 "-" "Mozilla/5.0 (compatible; AhrefsBot/6.1; +http://ahrefs.com/robot/)"
51.255.225.54 - - [11/Sep/2020:18:56:25 -0400] "GET / HTTP/1.0" 200 18940 "-" "Mozilla/5.0 (Windows NT 6.3; Win64; x64) AppleWebKit/537.36 (KHTML, like Gecko) Chrome/80.0.3987.149 Safari/537.36"
72.252.120.177 - - [11/Sep/2020:20:45:51 -0400] "GET /phpMyAdmin/index.php HTTP/1.0" 404 575 "-" "Mozilla/5.0 (Windows NT 5.1) AppleWebKit/537.36 (KHTML, like Gecko) Chrome/34.0.1847.116 Safari/537.36 Mozilla/5.0 (iPad; U; CPU OS 3_2 like Mac OS X; en-us) AppleWebKit/531.21.10 (KHTML, like Gecko) Version/4.0.4 Mobile/7B334b Safari/531.21.10"
114.119.138.28 - - [11/Sep/2020:02:07:19 -0400] "GET / HTTP/1.0" 200 18940 "-" "Mozilla/5.0 (Linux; Android 7.0;) AppleWebKit/537.36 (KHTML, like Gecko) Mobile Safari/537.36 (compatible; PetalBot;+http://aspiegel.com/petalbot)"
199.244.88.132 - - [11/Sep/2020:03:03:57 -0400] "GET / HTTP/1.0" 200 18940 "-" "Mozilla/5.0 (Macintosh; Intel Mac OS X 10_9_3) AppleWebKit/537.36 (KHTML, like Gecko) Chrome/35.0.1916.47 Safari/537.36"
149.56.106.25 - - [11/Sep/2020:05:16:49 -0400] "GET /55/images/index_07_01_over.jpg HTTP/1.0" 200 5083 "http://theinsurancepro.net/" "Mozilla/5.0 (X11; Linux x86_64) AppleWebKit/537.36 (KHTML, like Gecko) HeadlessChrome/69.0.3494.0 Safari/537.36"
66.249.66.159 - - [11/Sep/2020:09:17:01 -0400] "GET /55/scripts/icwebsiteelement.css HTTP/1.0" 200 8132 "http://www.theinsurancepro.net/" "Mozilla/5.0 (Linux; Android 6.0.1; Nexus 5X Build/MMB29P) AppleWebKit/537.36 (KHTML, like Gecko) Chrome/85.0.4183.105 Mobile Safari/537.36 (compatible; Googlebot/2.1; +http://www.google.com/bot.html)"
66.249.66.157 - - [11/Sep/2020:09:17:08 -0400] "GET /scripts/ic_globals_published.js HTTP/1.0" 200 566 "http://www.theinsurancepro.net/" "Mozilla/5.0 (Linux; Android 6.0.1; Nexus 5X Build/MMB29P) AppleWebKit/537.36 (KHTML, like Gecko) Chrome/85.0.4183.105 Mobile Safari/537.36 (compatible; Googlebot/2.1; +http://www.google.com/bot.html)"
69.74.34.180 - - [11/Sep/2020:13:12:30 -0400] "GET /scripts/user.js HTTP/1.0" 200 23762 "http://theinsurancepro.net/" "Mozilla/5.0 (Windows NT 10.0; Win64; x64) AppleWebKit/537.36 (KHTML, like Gecko) Chrome/85.0.4183.102 Safari/537.36"
69.74.34.180 - - [11/Sep/2020:13:12:30 -0400] "GET /55/images/index_00.gif HTTP/1.0" 200 43 "http://theinsurancepro.net/" "Mozilla/5.0 (Windows NT 10.0; Win64; x64) AppleWebKit/537.36 (KHTML, like Gecko) Chrome/85.0.4183.102 Safari/537.36"
69.74.34.180 - - [11/Sep/2020:13:12:30 -0400] "GET /55/images/company.jpg HTTP/1.0" 200 7255 "http://theinsurancepro.net/" "Mozilla/5.0 (Windows NT 10.0; Win64; x64) AppleWebKit/537.36 (KHTML, like Gecko) Chrome/85.0.4183.102 Safari/537.36"
69.74.34.180 - - [11/Sep/2020:13:12:30 -0400] "GET /55/images/index_08_01.jpg HTTP/1.0" 200 5209 "http://theinsurancepro.net/" "Mozilla/5.0 (Windows NT 10.0; Win64; x64) AppleWebKit/537.36 (KHTML, like Gecko) Chrome/85.0.4183.102 Safari/537.36"
69.74.34.180 - - [11/Sep/2020:13:12:30 -0400] "GET /55/images/index_09_01.jpg HTTP/1.0" 200 4724 "http://theinsurancepro.net/" "Mozilla/5.0 (Windows NT 10.0; Win64; x64) AppleWebKit/537.36 (KHTML, like Gecko) Chrome/85.0.4183.102 Safari/537.36"
69.74.34.180 - - [11/Sep/2020:13:12:33 -0400] "GET /55/images/index_06_01_over.jpg HTTP/1.0" 200 4609 "http://theinsurancepro.net/" "Mozilla/5.0 (Windows NT 10.0; Win64; x64) AppleWebKit/537.36 (KHTML, like Gecko) Chrome/85.0.4183.102 Safari/537.36"
35.190.142.196 - - [11/Sep/2020:17:58:10 -0400] "GET /medicaresupplements.html HTTP/1.0" 200 12772 "-" "ZoominfoBot (zoominfobot at zoominfo dot com)"
5.102.173.71 - - [11/Sep/2020:18:00:11 -0400] "GET / HTTP/1.0" 200 18940 "-" "Mozilla/5.0 (compatible; MojeekBot/0.9; +https://www.mojeek.com/bot.html)"
116.179.32.78 - - [11/Sep/2020:19:44:46 -0400] "GET / HTTP/1.0" 200 18940 "-" "Mozilla/5.0 (compatible; Baiduspider/2.0; +http://www.baidu.com/search/spider.html)"
66.249.66.85 - - [11/Sep/2020:21:18:42 -0400] "GET / HTTP/1.0" 200 18940 "-" "Mozilla/5.0 (Linux; Android 6.0.1; Nexus 5X Build/MMB29P) AppleWebKit/537.36 (KHTML, like Gecko) Chrome/80.0.3987.92 Mobile Safari/537.36 (compatible; Googlebot/2.1; +http://www.google.com/bot.html)"
122.226.102.227 - - [11/Sep/2020:21:59:54 -0400] "GET / HTTP/1.0" 200 18940 "https://www.google.com/search?q=Google+global+ranking+site%3Aranking.fenban.net" "Mozilla/5.0 (compatible; MSIE 9.0; Windows NT 6.1; Trident/5.0;"
149.56.106.25 - - [11/Sep/2020:05:16:49 -0400] "GET /55/images/motif01.jpg HTTP/1.0" 200 15459 "http://theinsurancepro.net/" "Mozilla/5.0 (X11; Linux x86_64) AppleWebKit/537.36 (KHTML, like Gecko) HeadlessChrome/69.0.3494.0 Safari/537.36"
149.56.106.25 - - [11/Sep/2020:05:16:49 -0400] "GET /55/images/spacer.gif HTTP/1.0" 200 43 "http://theinsurancepro.net/" "Mozilla/5.0 (X11; Linux x86_64) AppleWebKit/537.36 (KHTML, like Gecko) HeadlessChrome/69.0.3494.0 Safari/537.36"
149.56.106.25 - - [11/Sep/2020:05:16:49 -0400] "GET /55/images/new_back.jpg HTTP/1.0" 200 5239 "http://theinsurancepro.net/" "Mozilla/5.0 (X11; Linux x86_64) AppleWebKit/537.36 (KHTML, like Gecko) HeadlessChrome/69.0.3494.0 Safari/537.36"
149.56.106.25 - - [11/Sep/2020:05:16:49 -0400] "GET /55/images/index_10_01.jpg HTTP/1.0" 200 3019 "http://theinsurancepro.net/" "Mozilla/5.0 (X11; Linux x86_64) AppleWebKit/537.36 (KHTML, like Gecko) HeadlessChrome/69.0.3494.0 Safari/537.36"
149.56.106.25 - - [11/Sep/2020:05:16:49 -0400] "GET /55/images/index_04_01.jpg HTTP/1.0" 200 4367 "http://theinsurancepro.net/" "Mozilla/5.0 (X11; Linux x86_64) AppleWebKit/537.36 (KHTML, like Gecko) HeadlessChrome/69.0.3494.0 Safari/537.36"
149.56.106.25 - - [11/Sep/2020:05:16:49 -0400] "GET /55/images/index_08_01_over.jpg HTTP/1.0" 200 5204 "http://theinsurancepro.net/" "Mozilla/5.0 (X11; Linux x86_64) AppleWebKit/537.36 (KHTML, like Gecko) HeadlessChrome/69.0.3494.0 Safari/537.36"
149.56.106.25 - - [11/Sep/2020:05:16:49 -0400] "GET /55/images/index_09_01_over.jpg HTTP/1.0" 200 4683 "http://theinsurancepro.net/" "Mozilla/5.0 (X11; Linux x86_64) AppleWebKit/537.36 (KHTML, like Gecko) HeadlessChrome/69.0.3494.0 Safari/537.36"
114.119.146.41 - - [11/Sep/2020:06:46:15 -0400] "GET /healthinsurance.html HTTP/1.0" 200 13696 "-" "Mozilla/5.0 (Linux; Android 7.0;) AppleWebKit/537.36 (KHTML, like Gecko) Mobile Safari/537.36 (compatible; PetalBot;+http://aspiegel.com/petalbot)"
35.196.141.72 - - [11/Sep/2020:13:05:09 -0400] "GET /robots.txt HTTP/1.0" 200 25 "-" "ZoominfoBot (zoominfobot at zoominfo dot com)"
35.196.141.72 - - [11/Sep/2020:13:05:09 -0400] "GET / HTTP/1.0" 200 18940 "-" "ZoominfoBot (zoominfobot at zoominfo dot com)"
69.74.34.180 - - [11/Sep/2020:13:12:30 -0400] "GET /55/scripts/master.css HTTP/1.0" 200 2007 "http://theinsurancepro.net/" "Mozilla/5.0 (Windows NT 10.0; Win64; x64) AppleWebKit/537.36 (KHTML, like Gecko) Chrome/85.0.4183.102 Safari/537.36"
69.74.34.180 - - [11/Sep/2020:13:12:33 -0400] "GET /55/images/spacer.gif HTTP/1.0" 200 43 "http://theinsurancepro.net/" "Mozilla/5.0 (Windows NT 10.0; Win64; x64) AppleWebKit/537.36 (KHTML, like Gecko) Chrome/85.0.4183.102 Safari/537.36"
69.74.34.180 - - [11/Sep/2020:13:12:33 -0400] "GET /55/images/index_09_01_over.jpg HTTP/1.0" 200 4683 "http://theinsurancepro.net/" "Mozilla/5.0 (Windows NT 10.0; Win64; x64) AppleWebKit/537.36 (KHTML, like Gecko) Chrome/85.0.4183.102 Safari/537.36"
114.119.151.246 - - [11/Sep/2020:14:13:12 -0400] "GET /robots.txt HTTP/1.0" 200 25 "-" "(compatible;PetalBot;+http://aspiegel.com/petalbot)"
207.46.13.237 - - [11/Sep/2020:16:48:24 -0400] "GET /robots.txt HTTP/1.0" 200 25 "-" "Mozilla/5.0 (compatible; bingbot/2.0; +http://www.bing.com/bingbot.htm)"
35.190.142.196 - - [11/Sep/2020:18:06:02 -0400] "GET /otherproducts.html HTTP/1.0" 200 16621 "-" "ZoominfoBot (zoominfobot at zoominfo dot com)"
35.190.142.196 - - [11/Sep/2020:18:08:32 -0400] "GET /contactus.html HTTP/1.0" 200 10923 "-" "ZoominfoBot (zoominfobot at zoominfo dot com)"
72.252.120.177 - - [11/Sep/2020:20:45:53 -0400] "GET /phpmyadmin/index.php HTTP/1.0" 404 575 "-" "Mozilla/5.0 (Windows NT 5.1) AppleWebKit/537.36 (KHTML, like Gecko) Chrome/34.0.1847.116 Safari/537.36 Mozilla/5.0 (iPad; U; CPU OS 3_2 like Mac OS X; en-us) AppleWebKit/531.21.10 (KHTML, like Gecko) Version/4.0.4 Mobile/7B334b Safari/531.21.10"
40.77.167.47 - - [11/Sep/2020:21:53:24 -0400] "GET /scripts/user.js HTTP/1.0" 200 23762 "-" "Mozilla/5.0 (compatible; MSIE 9.0; Windows NT 6.1; Trident/5.0)"
72.252.120.177 - - [11/Sep/2020:20:45:50 -0400] "POST /blog/xmlrpc.php HTTP/1.0" 404 575 "-" "Mozilla/5.0 (Windows NT 5.1) AppleWebKit/537.36 (KHTML, like Gecko) Chrome/34.0.1847.116 Safari/537.36 Mozilla/5.0 (iPad; U; CPU OS 3_2 like Mac OS X; en-us) AppleWebKit/531.21.10 (KHTML, like Gecko) Version/4.0.4 Mobile/7B334b Safari/531.21.10"
77.75.79.101 - - [11/Sep/2020:01:46:36 -0400] "GET /robots.txt HTTP/1.0" 200 25 "-" "Mozilla/5.0 (compatible; SeznamBot/3.2; +http://napoveda.seznam.cz/en/seznambot-intro/)"
77.75.79.101 - - [11/Sep/2020:01:46:40 -0400] "GET / HTTP/1.0" 200 18940 "-" "Mozilla/5.0 (compatible; SeznamBot/3.2; +http://napoveda.seznam.cz/en/seznambot-intro/)"
149.56.106.25 - - [11/Sep/2020:05:16:49 -0400] "GET / HTTP/1.0" 200 18940 "-" "Mozilla/5.0 (X11; Linux x86_64) AppleWebKit/537.36 (KHTML, like Gecko) HeadlessChrome/69.0.3494.0 Safari/537.36"
149.56.106.25 - - [11/Sep/2020:05:16:49 -0400] "GET /55/scripts/icwebsiteelement.css HTTP/1.0" 200 8132 "http://theinsurancepro.net/" "Mozilla/5.0 (X11; Linux x86_64) AppleWebKit/537.36 (KHTML, like Gecko) HeadlessChrome/69.0.3494.0 Safari/537.36"
149.56.106.25 - - [11/Sep/2020:05:16:49 -0400] "GET /55/images/index_05_01.jpg HTTP/1.0" 200 5361 "http://theinsurancepro.net/" "Mozilla/5.0 (X11; Linux x86_64) AppleWebKit/537.36 (KHTML, like Gecko) HeadlessChrome/69.0.3494.0 Safari/537.36"
149.56.106.25 - - [11/Sep/2020:05:16:49 -0400] "GET /55/images/index_07_01.jpg HTTP/1.0" 200 5005 "http://theinsurancepro.net/" "Mozilla/5.0 (X11; Linux x86_64) AppleWebKit/537.36 (KHTML, like Gecko) HeadlessChrome/69.0.3494.0 Safari/537.36"
149.56.106.25 - - [11/Sep/2020:05:16:49 -0400] "GET /55/images/top_back.jpg HTTP/1.0" 200 417 "http://theinsurancepro.net/" "Mozilla/5.0 (X11; Linux x86_64) AppleWebKit/537.36 (KHTML, like Gecko) HeadlessChrome/69.0.3494.0 Safari/537.36"
149.56.106.25 - - [11/Sep/2020:05:16:49 -0400] "GET /55/images/index_08_01.jpg HTTP/1.0" 200 5209 "http://theinsurancepro.net/" "Mozilla/5.0 (X11; Linux x86_64) AppleWebKit/537.36 (KHTML, like Gecko) HeadlessChrome/69.0.3494.0 Safari/537.36"
149.56.106.25 - - [11/Sep/2020:05:16:49 -0400] "GET /55/images/index_04_01_over.jpg HTTP/1.0" 200 4184 "http://theinsurancepro.net/" "Mozilla/5.0 (X11; Linux x86_64) AppleWebKit/537.36 (KHTML, like Gecko) HeadlessChrome/69.0.3494.0 Safari/537.36"
149.56.106.25 - - [11/Sep/2020:05:16:49 -0400] "GET /55/images/index_06_01_over.jpg HTTP/1.0" 200 4609 "http://theinsurancepro.net/" "Mozilla/5.0 (X11; Linux x86_64) AppleWebKit/537.36 (KHTML, like Gecko) HeadlessChrome/69.0.3494.0 Safari/537.36"
114.119.134.67 - - [11/Sep/2020:11:42:39 -0400] "GET /robots.txt HTTP/1.0" 200 25 "-" "(compatible;PetalBot;+http://aspiegel.com/petalbot)"
69.74.34.180 - - [11/Sep/2020:13:12:30 -0400] "GET /55/images/index_06_01.jpg HTTP/1.0" 200 4528 "http://theinsurancepro.net/" "Mozilla/5.0 (Windows NT 10.0; Win64; x64) AppleWebKit/537.36 (KHTML, like Gecko) Chrome/85.0.4183.102 Safari/537.36"
69.74.34.180 - - [11/Sep/2020:13:12:30 -0400] "GET /55/images/index_02_02.gif HTTP/1.0" 200 503 "http://theinsurancepro.net/" "Mozilla/5.0 (Windows NT 10.0; Win64; x64) AppleWebKit/537.36 (KHTML, like Gecko) Chrome/85.0.4183.102 Safari/537.36"
69.74.34.180 - - [11/Sep/2020:13:12:33 -0400] "GET /favicon.ico HTTP/1.0" 404 575 "http://theinsurancepro.net/" "Mozilla/5.0 (Windows NT 10.0; Win64; x64) AppleWebKit/537.36 (KHTML, like Gecko) Chrome/85.0.4183.102 Safari/537.36"
35.237.7.89 - - [11/Sep/2020:14:43:57 -0400] "GET /robots.txt HTTP/1.0" 200 25 "-" "ZoominfoBot (zoominfobot at zoominfo dot com)"
35.237.7.89 - - [11/Sep/2020:14:47:06 -0400] "GET / HTTP/1.0" 200 18940 "-" "ZoominfoBot (zoominfobot at zoominfo dot com)"
23.81.62.169 - - [11/Sep/2020:15:20:54 -0400] "GET /contactus.html HTTP/1.0" 200 10923 "-" "Mozilla/5.0 (Windows NT 6.1; Win64; x64) AppleWebKit/537.36 (KHTML, like Gecko) Chrome/58.0.3029.110 Safari/537.36"
108.174.5.112 - - [11/Sep/2020:16:09:12 -0400] "GET / HTTP/1.0" 200 18940 "-" "LinkedInBot/1.0 (compatible; Mozilla/5.0; Apache-HttpClient +http://www.linkedin.com)"
147.135.191.95 - - [11/Sep/2020:17:39:12 -0400] "GET / HTTP/1.0" 200 18940 "-" "Mozilla/5.0 (Macintosh; Intel Mac OS X 10_13_6) AppleWebKit/537.36 (KHTML, like Gecko) Chrome/80.0.3987.132 Safari/537.36"
35.190.142.196 - - [11/Sep/2020:17:58:11 -0400] "GET /robots.txt HTTP/1.0" 200 25 "-" "ZoominfoBot (zoominfobot at zoominfo dot com)"
5.102.173.71 - - [11/Sep/2020:18:00:12 -0400] "GET /robots.txt HTTP/1.0" 200 25 "-" "Mozilla/5.0 (compatible; MojeekBot/0.9; +https://www.mojeek.com/bot.html)"
35.190.142.196 - - [11/Sep/2020:18:04:34 -0400] "GET /healthinsurance.html HTTP/1.0" 200 13696 "-" "ZoominfoBot (zoominfobot at zoominfo dot com)"
66.249.66.158 - - [11/Sep/2020:05:09:25 -0400] "GET /favicon.ico HTTP/1.0" 404 575 "-" "Googlebot-Image/1.0"
149.56.106.25 - - [11/Sep/2020:05:16:49 -0400] "GET /scripts/photoalbum.js HTTP/1.0" 200 62481 "http://theinsurancepro.net/" "Mozilla/5.0 (X11; Linux x86_64) AppleWebKit/537.36 (KHTML, like Gecko) HeadlessChrome/69.0.3494.0 Safari/537.36"
35.196.141.72 - - [11/Sep/2020:13:08:26 -0400] "GET /robots.txt HTTP/1.0" 200 25 "-" "ZoominfoBot (zoominfobot at zoominfo dot com)"
69.74.34.180 - - [11/Sep/2020:13:12:30 -0400] "GET / HTTP/1.0" 200 18940 "https://www.google.com/" "Mozilla/5.0 (Windows NT 10.0; Win64; x64) AppleWebKit/537.36 (KHTML, like Gecko) Chrome/85.0.4183.102 Safari/537.36"
69.74.34.180 - - [11/Sep/2020:13:12:31 -0400] "GET /55/images/index_01_04.gif HTTP/1.0" 200 132 "http://theinsurancepro.net/" "Mozilla/5.0 (Windows NT 10.0; Win64; x64) AppleWebKit/537.36 (KHTML, like Gecko) Chrome/85.0.4183.102 Safari/537.36"
69.74.34.180 - - [11/Sep/2020:13:12:31 -0400] "GET /55/images/index_10_01.jpg HTTP/1.0" 200 3019 "http://theinsurancepro.net/" "Mozilla/5.0 (Windows NT 10.0; Win64; x64) AppleWebKit/537.36 (KHTML, like Gecko) Chrome/85.0.4183.102 Safari/537.36"
54.36.148.87 - - [11/Sep/2020:13:32:16 -0400] "GET / HTTP/1.0" 200 18940 "-" "Mozilla/5.0 (compatible; AhrefsBot/7.0; +http://ahrefs.com/robot/)"
35.237.7.89 - - [11/Sep/2020:14:43:57 -0400] "GET / HTTP/1.0" 200 18940 "-" "ZoominfoBot (zoominfobot at zoominfo dot com)"
114.119.146.41 - - [11/Sep/2020:16:43:28 -0400] "GET / HTTP/1.0" 200 18940 "-" "Mozilla/5.0 (Linux; Android 7.0;) AppleWebKit/537.36 (KHTML, like Gecko) Mobile Safari/537.36 (compatible; PetalBot;+http://aspiegel.com/petalbot)"
35.190.142.196 - - [11/Sep/2020:18:00:44 -0400] "GET /otherproducts.html HTTP/1.0" 200 16621 "-" "ZoominfoBot (zoominfobot at zoominfo dot com)"
35.190.142.196 - - [11/Sep/2020:18:13:30 -0400] "GET /lifeinsurance.html HTTP/1.0" 200 16691 "-" "ZoominfoBot (zoominfobot at zoominfo dot com)"
35.190.142.196 - - [11/Sep/2020:18:14:44 -0400] "GET /home.html HTTP/1.0" 200 18940 "-" "ZoominfoBot (zoominfobot at zoominfo dot com)"
66.249.66.84 - - [11/Sep/2020:19:48:30 -0400] "GET / HTTP/1.0" 200 18940 "-" "Mozilla/5.0 (compatible; Googlebot/2.1; +http://www.google.com/bot.html)"
17.58.59.21 - - [11/Sep/2020:21:09:57 -0400] "GET / HTTP/1.0" 200 18940 "-" "Mozilla/5.0 (Macintosh; Intel Mac OS X 10.12; rv:52.0) Gecko/20100101 Firefox/52.0"