108.211.49.176 - - [10/Sep/2020:11:59:25 -0400] "GET /images/DYOP//DSC03150.JPG HTTP/1.0" 200 95999 "http://customtanningbed.com/designYourOwnPackages.php" "Mozilla/5.0 (iPhone; CPU iPhone OS 13_6_1 like Mac OS X) AppleWebKit/605.1.15 (KHTML, like Gecko) Version/13.1.2 Mobile/15E148 Safari/604.1"
108.211.49.176 - - [10/Sep/2020:11:59:25 -0400] "GET /images/DYOP/Medications%20List.jpg HTTP/1.0" 200 879227 "http://customtanningbed.com/designYourOwnPackages.php" "Mozilla/5.0 (iPhone; CPU iPhone OS 13_6_1 like Mac OS X) AppleWebKit/605.1.15 (KHTML, like Gecko) Version/13.1.2 Mobile/15E148 Safari/604.1"
108.211.49.176 - - [10/Sep/2020:11:59:33 -0400] "GET /images/DYOP/Poster001%20TropRayz1%20copy.png HTTP/1.0" 200 246854 "http://customtanningbed.com/designYourOwnPackages.php" "Mozilla/5.0 (iPhone; CPU iPhone OS 13_6_1 like Mac OS X) AppleWebKit/605.1.15 (KHTML, like Gecko) Version/13.1.2 Mobile/15E148 Safari/604.1"
185.191.171.8 - - [10/Sep/2020:12:00:22 -0400] "GET /Lease%20Application.php?id=Professional%20BF%20321&pr=%244%2C665&rate=%24132%2FMonth HTTP/1.0" 200 41924 "-" "Mozilla/5.0 (compatible; SemrushBot/6~bl; +http://www.semrush.com/bot.html)"
35.229.72.168 - - [10/Sep/2020:12:28:04 -0400] "GET /welding.html HTTP/1.0" 200 15566 "-" "ZoominfoBot (zoominfobot at zoominfo dot com)"
35.229.72.168 - - [10/Sep/2020:12:28:25 -0400] "GET /index.html HTTP/1.0" 301 245 "-" "ZoominfoBot (zoominfobot at zoominfo dot com)"
35.229.72.168 - - [10/Sep/2020:12:29:34 -0400] "GET /machining.html HTTP/1.0" 200 15259 "-" "ZoominfoBot (zoominfobot at zoominfo dot com)"
156.146.50.1 - - [10/Sep/2020:12:32:49 -0400] "POST /admin/Complete_%202_%20Bed_%20Package.php?id=addrec HTTP/1.0" 200 11536 "http://www.customtanningbed.com/admin/Complete_%202_%20Bed_%20Package.php?id=addrec" "Opera/8.50 (Windows NT 5.1; U; fr)"
35.229.72.168 - - [10/Sep/2020:12:33:49 -0400] "GET /sheet_metal_fabrication.html HTTP/1.0" 200 17039 "-" "ZoominfoBot (zoominfobot at zoominfo dot com)"
10.30.94.78 - - [10/Sep/2020:12:34:21 -0400] "POST /wp-cron.php?doing_wp_cron=1599755661.0941510200500488281250 HTTP/1.0" 200 - "http://www.pbmbed.com/wp-cron.php?doing_wp_cron=1599755661.0941510200500488281250" "WordPress/4.9.8; http://www.pbmbed.com"
35.229.72.168 - - [10/Sep/2020:12:48:14 -0400] "GET /contact_us.html HTTP/1.0" 200 18241 "-" "ZoominfoBot (zoominfobot at zoominfo dot com)"
156.146.50.1 - - [10/Sep/2020:12:49:36 -0400] "POST /admin/Complete_%202_%20Bed_%20Package.php?id=addrec HTTP/1.0" 200 11536 "http://www.customtanningbed.com/admin/Complete_%202_%20Bed_%20Package.php?id=addrec" "Mozilla/4.0 (compatible; MSIE 6.0; Windows NT 5.1; Sykes Enterprises Inc. B.V.)"
81.24.247.57 - - [10/Sep/2020:12:50:09 -0400] "POST /xmlrpc.php HTTP/1.0" 200 403 "-" "Mozilla/5.0 (Macintosh; U; Intel Mac OS X 10.6; fr; rv:1.9.2.8) Gecko/20100722 Firefox/3.6.8"
194.33.45.161 - - [10/Sep/2020:12:51:11 -0400] "GET /wp-content/plugins/wp-file-manager/readme.txt HTTP/1.0" 404 575 "-" "python-requests/2.9.1"
114.119.157.68 - - [10/Sep/2020:12:53:39 -0400] "GET /used-beds.php?id=77 HTTP/1.0" 200 20100 "-" "Mozilla/5.0 (Linux; Android 7.0;) AppleWebKit/537.36 (KHTML, like Gecko) Mobile Safari/537.36 (compatible; PetalBot;+http://aspiegel.com/petalbot)"
185.191.171.25 - - [10/Sep/2020:12:53:47 -0400] "GET /robots.txt HTTP/1.0" 404 575 "-" "Mozilla/5.0 (compatible; SemrushBot/6~bl; +http://www.semrush.com/bot.html)"
156.146.50.1 - - [10/Sep/2020:13:06:07 -0400] "POST /admin/Complete_%202_%20Bed_%20Package.php?id=addrec HTTP/1.0" 200 11536 "http://www.customtanningbed.com/admin/Complete_%202_%20Bed_%20Package.php?id=addrec" "Mozilla/5.0 (Windows; U; Windows NT 6.0; en-US) AppleWebKit/525.19 (KHTML, like Gecko) Chrome/0.2.153.0 Safari/525.19"
156.146.50.1 - - [10/Sep/2020:13:38:49 -0400] "POST /admin/Complete_%202_%20Bed_%20Package.php?id=addrec HTTP/1.0" 200 11536 "http://www.customtanningbed.com/admin/Complete_%202_%20Bed_%20Package.php?id=addrec" "Mozilla/5.0 (Macintosh; U; PPC Mac OS X; de-CH) AppleWebKit/419.2 (KHTML, like Gecko) Safari/419.3"
172.58.4.37 - - [10/Sep/2020:13:45:47 -0400] "GET /images/categories_back5.jpg HTTP/1.0" 200 3293 "http://customtanningbed.com/Perfect_Tan_Professional_WB_Series.php" "Mozilla/5.0 (Linux; Android 9; LM-X220) AppleWebKit/537.36 (KHTML, like Gecko) Chrome/85.0.4183.81 Mobile Safari/537.36"
35.231.61.14 - - [10/Sep/2020:14:16:42 -0400] "GET /prototypes.html HTTP/1.0" 200 16715 "-" "ZoominfoBot (zoominfobot at zoominfo dot com)"
73.61.177.57 - - [10/Sep/2020:14:32:01 -0400] "GET /rodman/images/forwardair.jpg HTTP/1.0" 200 19219 "http://customtanningbed.com/rodman/" "Mozilla/5.0 (Windows NT 10.0; Win64; x64) AppleWebKit/537.36 (KHTML, like Gecko) Chrome/85.0.4183.83 Safari/537.36"
73.61.177.57 - - [10/Sep/2020:14:32:01 -0400] "GET /rodman/images/hull/hull5.jpg HTTP/1.0" 200 13923 "http://customtanningbed.com/rodman/" "Mozilla/5.0 (Windows NT 10.0; Win64; x64) AppleWebKit/537.36 (KHTML, like Gecko) Chrome/85.0.4183.83 Safari/537.36"
73.61.177.57 - - [10/Sep/2020:14:32:01 -0400] "GET /rodman/images/hull/hull7.jpg HTTP/1.0" 200 21286 "http://customtanningbed.com/rodman/" "Mozilla/5.0 (Windows NT 10.0; Win64; x64) AppleWebKit/537.36 (KHTML, like Gecko) Chrome/85.0.4183.83 Safari/537.36"
73.61.177.57 - - [10/Sep/2020:14:32:02 -0400] "GET /rodman/images/hull/hull11.jpg HTTP/1.0" 200 22150 "http://customtanningbed.com/rodman/" "Mozilla/5.0 (Windows NT 10.0; Win64; x64) AppleWebKit/537.36 (KHTML, like Gecko) Chrome/85.0.4183.83 Safari/537.36"
114.119.157.68 - - [10/Sep/2020:14:36:36 -0400] "GET /admin/Lotion_Package.php HTTP/1.0" 200 2882 "-" "Mozilla/5.0 (Linux; Android 7.0;) AppleWebKit/537.36 (KHTML, like Gecko) Mobile Safari/537.36 (compatible; PetalBot;+http://aspiegel.com/petalbot)"
89.46.109.197 - - [10/Sep/2020:14:39:17 -0400] "GET /old/wp-admin/ HTTP/1.0" 301 258 "http://metalsheetfabrication.com/" "Mozilla/5.0 (Windows NT 10.0; Win64; x64) AppleWebKit/537.36 (KHTML, like Gecko) Chrome/78.0.3904.97 Safari/537.36"
24.114.91.153 - - [10/Sep/2020:14:47:55 -0400] "GET /favicon.ico HTTP/1.0" 404 1075 "-" "MobileSafari/604.1 CFNetwork/978.0.7 Darwin/18.6.0"
81.24.247.57 - - [10/Sep/2020:14:55:24 -0400] "POST /xmlrpc.php HTTP/1.0" 200 403 "-" "Mozilla/5.0 (Macintosh; U; Intel Mac OS X 10.6; fr; rv:1.9.2.8) Gecko/20100722 Firefox/3.6.8"
174.235.138.22 - - [10/Sep/2020:15:07:18 -0400] "GET /images/highlightFeature2.gif HTTP/1.0" 200 12414 "http://www.customtanningbed.com/Tropical_Rayz_BF_Series.php" "Mozilla/5.0 (iPhone; CPU iPhone OS 13_5 like Mac OS X) AppleWebKit/605.1.15 (KHTML, like Gecko) GSA/123.4.330040034 Mobile/15E148 Safari/604.1"
156.146.50.1 - - [10/Sep/2020:15:16:02 -0400] "POST /admin/Complete_%202_%20Bed_%20Package.php?id=addrec HTTP/1.0" 200 11536 "http://www.customtanningbed.com/admin/Complete_%202_%20Bed_%20Package.php?id=addrec" "Mozilla/4.0 (compatible; MSIE 6.0; Windows NT 5.1; SV1; .NET CLR 1.1.4322; .NET CLR 2.0.50727; InfoPath.1; Sleipnir/2.9.1)"
10.30.94.78 - - [10/Sep/2020:15:26:59 -0400] "POST /wp-cron.php?doing_wp_cron=1599766019.4997460842132568359375 HTTP/1.0" 200 - "http://www.pbmbed.com/wp-cron.php?doing_wp_cron=1599766019.4997460842132568359375" "WordPress/4.9.8; http://www.pbmbed.com"
81.24.247.57 - - [10/Sep/2020:15:42:08 -0400] "POST /xmlrpc.php HTTP/1.0" 200 403 "-" "Mozilla/5.0 (Macintosh; U; Intel Mac OS X 10.6; fr; rv:1.9.2.8) Gecko/20100722 Firefox/3.6.8"
35.231.241.106 - - [10/Sep/2020:15:46:55 -0400] "GET /Lease%20Application.php?id= HTTP/1.0" 200 41854 "-" "ZoominfoBot (zoominfobot at zoominfo dot com)"
156.146.50.1 - - [10/Sep/2020:15:48:13 -0400] "POST /admin/Complete_%202_%20Bed_%20Package.php?id=addrec HTTP/1.0" 200 11536 "http://www.customtanningbed.com/admin/Complete_%202_%20Bed_%20Package.php?id=addrec" "Mozilla/5.0 (X11; U; Linux x86_64; ru; rv:1.9.1.8) Gecko/20100216 Fedora/3.5.8-1.fc12 Firefox/3.5.8"
35.231.241.106 - - [10/Sep/2020:15:54:21 -0400] "GET /stand-ups.html HTTP/1.0" 200 28325 "-" "ZoominfoBot (zoominfobot at zoominfo dot com)"
35.231.241.106 - - [10/Sep/2020:15:55:10 -0400] "GET /teeth-whitening.html HTTP/1.0" 200 23387 "-" "ZoominfoBot (zoominfobot at zoominfo dot com)"
81.24.247.57 - - [10/Sep/2020:15:57:47 -0400] "POST /xmlrpc.php HTTP/1.0" 200 403 "-" "Mozilla/5.0 (Macintosh; U; Intel Mac OS X 10.6; fr; rv:1.9.2.8) Gecko/20100722 Firefox/3.6.8"
34.73.12.2 - - [10/Sep/2020:15:59:43 -0400] "GET /robots.txt HTTP/1.0" 404 575 "-" "ZoominfoBot (zoominfobot at zoominfo dot com)"
34.73.12.2 - - [10/Sep/2020:15:59:43 -0400] "GET /medical_marijuana_florida.html HTTP/1.0" 200 20696 "-" "ZoominfoBot (zoominfobot at zoominfo dot com)"
34.73.12.2 - - [10/Sep/2020:16:00:09 -0400] "GET /prototypes.html HTTP/1.0" 200 16715 "-" "ZoominfoBot (zoominfobot at zoominfo dot com)"
35.231.241.106 - - [10/Sep/2020:16:01:16 -0400] "GET /spray_tanning.html HTTP/1.0" 200 23094 "-" "ZoominfoBot (zoominfobot at zoominfo dot com)"
156.146.50.1 - - [10/Sep/2020:16:04:12 -0400] "POST /admin/Complete_%202_%20Bed_%20Package.php?id=addrec HTTP/1.0" 200 11536 "http://www.customtanningbed.com/admin/Complete_%202_%20Bed_%20Package.php?id=addrec" "Mozilla/5.0 (X11; U; Linux x86_64; en-US; rv:1.9.0.2) Gecko/2008092418 CentOS/3.0.2-3.el5.centos Firefox/3.0.2"
34.73.12.2 - - [10/Sep/2020:16:05:15 -0400] "GET /sheet_metal_fabrication.html HTTP/1.0" 200 17039 "-" "ZoominfoBot (zoominfobot at zoominfo dot com)"
35.231.241.106 - - [10/Sep/2020:16:08:02 -0400] "GET /howToOpenASalon.html HTTP/1.0" 200 18711 "-" "ZoominfoBot (zoominfobot at zoominfo dot com)"
156.146.50.1 - - [10/Sep/2020:16:12:00 -0400] "POST /admin/Complete_%202_%20Bed_%20Package.php?id=addrec HTTP/1.0" 200 11536 "http://www.customtanningbed.com/admin/Complete_%202_%20Bed_%20Package.php?id=addrec" "Mozilla/4.0 (compatible; MSIE 5.5; Windows NT 5.0; KSK sp. z o.o.)"
192.99.14.187 - - [10/Sep/2020:16:19:59 -0400] "GET /wp-content/plugins/wp-file-manager/lib/php/connector.minimal.php HTTP/1.0" 404 575 "-" "curl/7.68.0"
34.73.12.2 - - [10/Sep/2020:16:20:15 -0400] "GET /about_us.html HTTP/1.0" 200 17106 "-" "ZoominfoBot (zoominfobot at zoominfo dot com)"
35.231.241.106 - - [10/Sep/2020:16:22:20 -0400] "GET /commercial.html HTTP/1.0" 200 25349 "-" "ZoominfoBot (zoominfobot at zoominfo dot com)"
54.36.148.63 - - [10/Sep/2020:16:24:04 -0400] "GET /robots.txt HTTP/1.0" 404 575 "-" "Mozilla/5.0 (compatible; AhrefsBot/6.1; +http://ahrefs.com/robot/)"
156.146.50.1 - - [10/Sep/2020:16:27:56 -0400] "POST /admin/Complete_%202_%20Bed_%20Package.php?id=addrec HTTP/1.0" 200 11536 "http://www.customtanningbed.com/admin/Complete_%202_%20Bed_%20Package.php?id=addrec" "Mozilla/5.0 (X11; U; Linux i686; en-US; rv:1.0.0) Gecko/20020623 Debian/1.0.0-0.woody.1"
156.146.50.1 - - [10/Sep/2020:16:35:57 -0400] "POST /admin/Complete_%202_%20Bed_%20Package.php?id=addrec HTTP/1.0" 200 11536 "http://www.customtanningbed.com/admin/Complete_%202_%20Bed_%20Package.php?id=addrec" "Mozilla/5.0 (Windows; U; Windows NT 5.1; en-US; rv:1.6) Gecko/20040113"
114.119.155.239 - - [10/Sep/2020:16:59:16 -0400] "GET /robots.txt HTTP/1.0" 200 23 "-" "(compatible;PetalBot;+http://aspiegel.com/petalbot)"
156.146.50.1 - - [10/Sep/2020:17:08:26 -0400] "POST /admin/Complete_%202_%20Bed_%20Package.php?id=addrec HTTP/1.0" 200 11536 "http://www.customtanningbed.com/admin/Complete_%202_%20Bed_%20Package.php?id=addrec" "Mozilla/5.0 (Macintosh; U; Intel Mac OS X 10_6_4; en-US) AppleWebKit/534.3 (KHTML, like Gecko) Chrome/6.0.461.0 Safari/534.3"
114.119.142.210 - - [10/Sep/2020:17:11:06 -0400] "GET /toning-tables.html HTTP/1.0" 200 22385 "-" "Mozilla/5.0 (Linux; Android 7.0;) AppleWebKit/537.36 (KHTML, like Gecko) Mobile Safari/537.36 (compatible; PetalBot;+http://aspiegel.com/petalbot)"
66.249.79.90 - - [10/Sep/2020:17:12:22 -0400] "GET /used-tanning-beds.php HTTP/1.0" 200 58601 "-" "Mozilla/5.0 (compatible; Googlebot/2.1; +http://www.google.com/bot.html)"
34.253.204.55 - - [10/Sep/2020:17:18:14 -0400] "GET /robots.txt HTTP/1.0" 200 2744 "-" "Pandalytics/1.0 (https://domainsbot.com/pandalytics/)"
34.74.200.216 - - [10/Sep/2020:17:24:20 -0400] "GET /engineering.html HTTP/1.0" 200 15175 "-" "ZoominfoBot (zoominfobot at zoominfo dot com)"
34.74.200.216 - - [10/Sep/2020:17:24:31 -0400] "GET /welding.html HTTP/1.0" 200 15566 "-" "ZoominfoBot (zoominfobot at zoominfo dot com)"
34.74.200.216 - - [10/Sep/2020:17:26:13 -0400] "GET /machining.html HTTP/1.0" 200 15259 "-" "ZoominfoBot (zoominfobot at zoominfo dot com)"
54.36.148.114 - - [10/Sep/2020:17:29:09 -0400] "GET / HTTP/1.0" 200 18843 "-" "Mozilla/5.0 (compatible; AhrefsBot/7.0; +http://ahrefs.com/robot/)"
156.146.50.1 - - [10/Sep/2020:17:32:53 -0400] "POST /admin/Complete_%202_%20Bed_%20Package.php?id=addrec HTTP/1.0" 200 11536 "http://www.customtanningbed.com/admin/Complete_%202_%20Bed_%20Package.php?id=addrec" "Mozilla/4.0 (compatible; MSIE 6.0; X11; Linux i686) Opera 7.22 [en]"
157.55.39.140 - - [10/Sep/2020:17:35:14 -0400] "GET /images/new/ps.jpg HTTP/1.0" 200 49468 "-" "Mozilla/5.0 (compatible; bingbot/2.0; +http://www.bing.com/bingbot.htm)"
68.38.7.169 - - [10/Sep/2020:17:35:22 -0400] "GET /used-tanning-beds.php?gclid=CjwKEAiA8ee0BRD1l7vV6JHe0zISJADxYItmJ0h4APeBnTuUbXBtZ0MxeKLJKn9O1zAaK-s1P7zYvxoC4Mfw_wcB HTTP/1.0" 200 58601 "-" "Mozilla/5.0 (Macintosh; Intel Mac OS X 10_14_4) AppleWebKit/605.1.15 (KHTML, like Gecko)"
68.38.7.169 - - [10/Sep/2020:17:35:23 -0400] "GET /apple-touch-icon.png HTTP/1.0" 404 1075 "-" "Safari/14607.1.40.1.4 CFNetwork/978.0.7 Darwin/18.5.0 (x86_64)"
68.38.7.169 - - [10/Sep/2020:17:35:38 -0400] "GET /favicon.ico HTTP/1.0" 404 1075 "-" "Safari/14607.1.40.1.4 CFNetwork/978.0.7 Darwin/18.5.0 (x86_64)"
66.249.84.3 - - [10/Sep/2020:17:51:35 -0400] "GET /used_bed_images/used_tanning_bed_166.jpg HTTP/1.0" 404 1075 "-" "Mozilla/5.0 (Windows NT 5.1; rv:11.0) Gecko Firefox/11.0 (via ggpht.com GoogleImageProxy)"
10.30.94.78 - - [10/Sep/2020:18:22:30 -0400] "POST /wp-cron.php?doing_wp_cron=1599776549.7913129329681396484375 HTTP/1.0" 200 - "http://www.pbmbed.com/wp-cron.php?doing_wp_cron=1599776549.7913129329681396484375" "WordPress/4.9.8; http://www.pbmbed.com"
114.119.128.143 - - [10/Sep/2020:18:29:31 -0400] "GET /admin/Complete_Package_1.php HTTP/1.0" 200 2946 "-" "Mozilla/5.0 (Linux; Android 7.0;) AppleWebKit/537.36 (KHTML, like Gecko) Mobile Safari/537.36 (compatible; PetalBot;+http://aspiegel.com/petalbot)"
156.146.50.1 - - [10/Sep/2020:18:38:40 -0400] "POST /admin/Complete_%202_%20Bed_%20Package.php?id=addrec HTTP/1.0" 200 11536 "http://www.customtanningbed.com/admin/Complete_%202_%20Bed_%20Package.php?id=addrec" "Mozilla/5.0 (Macintosh; U; Intel Mac OS X; en-US; rv:1.8b5) Gecko/20051021 Camino/1.0+"
73.211.189.200 - - [10/Sep/2020:19:02:03 -0400] "GET /images/logo.png HTTP/1.0" 200 24259 "http://www.metalsheetfabrication.com/" "Mozilla/5.0 (Windows NT 10.0; Win64; x64) AppleWebKit/537.36 (KHTML, like Gecko) Chrome/85.0.4183.83 Safari/537.36"
73.211.189.200 - - [10/Sep/2020:19:02:03 -0400] "GET /images/home_right_image7.jpg HTTP/1.0" 200 24980 "http://www.metalsheetfabrication.com/" "Mozilla/5.0 (Windows NT 10.0; Win64; x64) AppleWebKit/537.36 (KHTML, like Gecko) Chrome/85.0.4183.83 Safari/537.36"
73.211.189.200 - - [10/Sep/2020:19:02:11 -0400] "GET /images/left_menu_back.jpg HTTP/1.0" 200 6088 "http://www.metalsheetfabrication.com/css/style.css" "Mozilla/5.0 (Windows NT 10.0; Win64; x64) AppleWebKit/537.36 (KHTML, like Gecko) Chrome/85.0.4183.83 Safari/537.36"
73.211.189.200 - - [10/Sep/2020:19:02:11 -0400] "GET /images/footer_back.jpg HTTP/1.0" 200 422 "http://www.metalsheetfabrication.com/css/style.css" "Mozilla/5.0 (Windows NT 10.0; Win64; x64) AppleWebKit/537.36 (KHTML, like Gecko) Chrome/85.0.4183.83 Safari/537.36"
73.211.189.200 - - [10/Sep/2020:19:02:37 -0400] "GET /images/letter.jpg HTTP/1.0" 200 1193 "http://www.metalsheetfabrication.com/contact_us.html" "Mozilla/5.0 (Windows NT 10.0; Win64; x64) AppleWebKit/537.36 (KHTML, like Gecko) Chrome/85.0.4183.83 Safari/537.36"
77.75.76.167 - - [10/Sep/2020:19:17:04 -0400] "GET /robots.txt HTTP/1.0" 200 23 "-" "Mozilla/5.0 (compatible; SeznamBot/3.2; +http://napoveda.seznam.cz/en/seznambot-intro/)"
77.75.76.167 - - [10/Sep/2020:19:17:08 -0400] "GET /robots.txt HTTP/1.0" 200 23 "-" "Mozilla/5.0 (compatible; SeznamBot/3.2; +http://napoveda.seznam.cz/en/seznambot-intro/)"
156.146.50.1 - - [10/Sep/2020:19:19:06 -0400] "POST /admin/Complete_%202_%20Bed_%20Package.php?id=addrec HTTP/1.0" 200 11536 "http://www.customtanningbed.com/admin/Complete_%202_%20Bed_%20Package.php?id=addrec" "Mozilla/4.0 (compatible; MSIE 6.0; Windows NT 5.0; Hotbar 4.4.5.0)"
187.156.17.165 - - [10/Sep/2020:19:21:48 -0400] "GET /?q=semalt.com HTTP/1.0" 200 19887 "http://google.com/search?q=semalt.com" "Mozilla/5.0 (Windows NT 6.1; WOW64) AppleWebKit/537.36 (KHTML, like Gecko) Chrome/36.0.1985.143 Safari/537.36"
187.156.17.165 - - [10/Sep/2020:19:21:49 -0400] "GET /images/categories_back5.jpg HTTP/1.0" 200 3293 "http://customtanningbed.com/?q=semalt.com" "Mozilla/5.0 (Windows NT 6.1; WOW64) AppleWebKit/537.36 (KHTML, like Gecko) Chrome/36.0.1985.143 Safari/537.36"
187.156.17.165 - - [10/Sep/2020:19:21:49 -0400] "GET /images/background_new2.jpg HTTP/1.0" 200 632 "http://customtanningbed.com/?q=semalt.com" "Mozilla/5.0 (Windows NT 6.1; WOW64) AppleWebKit/537.36 (KHTML, like Gecko) Chrome/36.0.1985.143 Safari/537.36"
187.156.17.165 - - [10/Sep/2020:19:21:49 -0400] "GET /images/footer_img2017.jpg HTTP/1.0" 200 44463 "http://customtanningbed.com/?q=semalt.com" "Mozilla/5.0 (Windows NT 6.1; WOW64) AppleWebKit/537.36 (KHTML, like Gecko) Chrome/36.0.1985.143 Safari/537.36"
114.119.153.113 - - [10/Sep/2020:19:28:55 -0400] "GET /admin/Tropical_Rayz_WB_Series.php HTTP/1.0" 200 2946 "-" "Mozilla/5.0 (Linux; Android 7.0;) AppleWebKit/537.36 (KHTML, like Gecko) Mobile Safari/537.36 (compatible; PetalBot;+http://aspiegel.com/petalbot)"
167.100.39.139 - - [10/Sep/2020:19:36:33 -0400] "GET /images/logo.png HTTP/1.0" 200 24259 "http://www.metalsheetfabrication.com/" "Mozilla/5.0 (Windows NT 10.0; WOW64; Trident/7.0; rv:11.0) like Gecko"
167.100.39.139 - - [10/Sep/2020:19:36:33 -0400] "GET /images/symbol.jpg HTTP/1.0" 200 15335 "http://www.metalsheetfabrication.com/" "Mozilla/5.0 (Windows NT 10.0; WOW64; Trident/7.0; rv:11.0) like Gecko"
167.100.39.139 - - [10/Sep/2020:19:36:33 -0400] "GET /images/quote.png HTTP/1.0" 200 32329 "http://www.metalsheetfabrication.com/" "Mozilla/5.0 (Windows NT 10.0; WOW64; Trident/7.0; rv:11.0) like Gecko"
167.100.39.139 - - [10/Sep/2020:19:36:33 -0400] "GET /images/bullets.png HTTP/1.0" 200 3249 "http://www.metalsheetfabrication.com/" "Mozilla/5.0 (Windows NT 10.0; WOW64; Trident/7.0; rv:11.0) like Gecko"
167.100.39.139 - - [10/Sep/2020:19:36:33 -0400] "GET /images/home_right_image1.jpg HTTP/1.0" 200 13792 "http://www.metalsheetfabrication.com/" "Mozilla/5.0 (Windows NT 10.0; WOW64; Trident/7.0; rv:11.0) like Gecko"
167.100.39.139 - - [10/Sep/2020:19:36:33 -0400] "GET /images/body_bg.jpg HTTP/1.0" 200 615 "http://www.metalsheetfabrication.com/" "Mozilla/5.0 (Windows NT 10.0; WOW64; Trident/7.0; rv:11.0) like Gecko"
167.100.39.139 - - [10/Sep/2020:19:36:33 -0400] "GET /images/header_back.jpg HTTP/1.0" 200 85241 "http://www.metalsheetfabrication.com/" "Mozilla/5.0 (Windows NT 10.0; WOW64; Trident/7.0; rv:11.0) like Gecko"
167.100.39.139 - - [10/Sep/2020:19:36:33 -0400] "GET /images/center_right.jpg HTTP/1.0" 200 13284 "http://www.metalsheetfabrication.com/" "Mozilla/5.0 (Windows NT 10.0; WOW64; Trident/7.0; rv:11.0) like Gecko"
156.146.50.1 - - [10/Sep/2020:19:42:42 -0400] "POST /admin/Complete_%202_%20Bed_%20Package.php?id=addrec HTTP/1.0" 200 11536 "http://www.customtanningbed.com/admin/Complete_%202_%20Bed_%20Package.php?id=addrec" "Mozilla/5.0 (X11; U; SunOS 5.11; en-US; rv:1.8.0.2) Gecko/20050405 Epiphany/1.7.1"
157.55.39.140 - - [10/Sep/2020:19:59:46 -0400] "GET /IMG_4767.jpg HTTP/1.0" 200 828455 "-" "Mozilla/5.0 (compatible; bingbot/2.0; +http://www.bing.com/bingbot.htm)"
114.119.159.114 - - [10/Sep/2020:20:12:06 -0400] "GET /about_us.html HTTP/1.0" 200 17106 "-" "Mozilla/5.0 (Linux; Android 7.0;) AppleWebKit/537.36 (KHTML, like Gecko) Mobile Safari/537.36 (compatible; PetalBot;+http://aspiegel.com/petalbot)"
156.146.50.1 - - [10/Sep/2020:20:38:19 -0400] "POST /admin/Complete_%202_%20Bed_%20Package.php?id=addrec HTTP/1.0" 200 11536 "http://www.customtanningbed.com/admin/Complete_%202_%20Bed_%20Package.php?id=addrec" "Mozilla/5.0 (Windows; U; Windows NT 5.2; en-US) AppleWebKit/525.13 (KHTML, like Gecko) Chrome/0.2.149.29 Safari/525.13"
76.8.148.104 - - [10/Sep/2020:20:53:30 -0400] "GET /security_key.php HTTP/1.0" 200 606 "http://www.customtanningbed.com/catalog_request.php" "Mozilla/5.0 (Linux; Android 10; SM-G973U) AppleWebKit/537.36 (KHTML, like Gecko) Chrome/85.0.4183.101 Mobile Safari/537.36"
76.8.148.104 - - [10/Sep/2020:20:53:31 -0400] "GET /favicon.ico HTTP/1.0" 404 1075 "http://www.customtanningbed.com/catalog_request.php" "Mozilla/5.0 (Linux; Android 10; SM-G973U) AppleWebKit/537.36 (KHTML, like Gecko) Chrome/85.0.4183.101 Mobile Safari/537.36"
76.8.148.104 - - [10/Sep/2020:20:56:30 -0400] "GET /images/footer_img2017.jpg HTTP/1.0" 200 44463 "http://www.customtanningbed.com/mail2.php" "Mozilla/5.0 (Linux; Android 10; SM-G973U) AppleWebKit/537.36 (KHTML, like Gecko) Chrome/85.0.4183.101 Mobile Safari/537.36"
76.8.148.104 - - [10/Sep/2020:20:56:30 -0400] "GET /images/header_new2.jpg HTTP/1.0" 200 148882 "http://www.customtanningbed.com/mail2.php" "Mozilla/5.0 (Linux; Android 10; SM-G973U) AppleWebKit/537.36 (KHTML, like Gecko) Chrome/85.0.4183.101 Mobile Safari/537.36"
76.8.148.104 - - [10/Sep/2020:20:56:30 -0400] "GET /images/categories_back5.jpg HTTP/1.0" 200 3293 "http://www.customtanningbed.com/mail2.php" "Mozilla/5.0 (Linux; Android 10; SM-G973U) AppleWebKit/537.36 (KHTML, like Gecko) Chrome/85.0.4183.101 Mobile Safari/537.36"
185.191.171.25 - - [10/Sep/2020:20:57:42 -0400] "GET /commercial.html HTTP/1.0" 200 25349 "-" "Mozilla/5.0 (compatible; SemrushBot/6~bl; +http://www.semrush.com/bot.html)"
156.146.50.1 - - [10/Sep/2020:21:02:14 -0400] "POST /admin/Complete_%202_%20Bed_%20Package.php?id=addrec HTTP/1.0" 200 11536 "http://www.customtanningbed.com/admin/Complete_%202_%20Bed_%20Package.php?id=addrec" "Mozilla/4.0 (compatible; MSIE 8.0; AOL 9.6; AOLBuild 4340.5000; Windows NT 5.1; Trident/4.0; .NET4.0C; .NET CLR 1.1.4322; .NET CLR 2.0.50727; .NET CLR 3.0.4506.2152; .NET CLR 3.5.30729)"
156.146.50.1 - - [10/Sep/2020:21:34:14 -0400] "POST /admin/Complete_%202_%20Bed_%20Package.php?id=addrec HTTP/1.0" 200 11536 "http://www.customtanningbed.com/admin/Complete_%202_%20Bed_%20Package.php?id=addrec" "Opera/9.62 (Windows NT 5.1; U; pl) Presto/2.1.1"
156.146.50.1 - - [10/Sep/2020:21:50:13 -0400] "POST /admin/Complete_%202_%20Bed_%20Package.php?id=addrec HTTP/1.0" 200 11536 "http://www.customtanningbed.com/admin/Complete_%202_%20Bed_%20Package.php?id=addrec" "Mozilla/5.0 (X11; U; Linux i686; en-US; rv:1.9.0.12) Gecko/2009070818 Firefox/3.0.12"
156.146.50.1 - - [10/Sep/2020:22:14:40 -0400] "POST /admin/Complete_%202_%20Bed_%20Package.php?id=addrec HTTP/1.0" 200 11536 "http://www.customtanningbed.com/admin/Complete_%202_%20Bed_%20Package.php?id=addrec" "Opera/7.60 (X11; Linux i686; U; en)"
77.75.77.62 - - [10/Sep/2020:22:16:18 -0400] "GET /express_and_turbo_more.htm HTTP/1.0" 200 10825 "-" "Mozilla/5.0 (compatible; SeznamBot/3.2; +http://napoveda.seznam.cz/en/seznambot-intro/)"
114.119.128.5 - - [10/Sep/2020:22:17:10 -0400] "GET /used-beds.php?id=134 HTTP/1.0" 200 20243 "-" "Mozilla/5.0 (Linux; Android 7.0;) AppleWebKit/537.36 (KHTML, like Gecko) Mobile Safari/537.36 (compatible; PetalBot;+http://aspiegel.com/petalbot)"
114.119.134.51 - - [10/Sep/2020:22:28:51 -0400] "GET /used_bed_images/used_tanning_bed_82.jpg HTTP/1.0" 404 1075 "-" "Mozilla/5.0 (Linux; Android 7.0;) AppleWebKit/537.36 (KHTML, like Gecko) Mobile Safari/537.36 (compatible; PetalBot;+http://aspiegel.com/petalbot)"
156.146.50.1 - - [10/Sep/2020:22:30:48 -0400] "POST /admin/Complete_%202_%20Bed_%20Package.php?id=addrec HTTP/1.0" 200 11536 "http://www.customtanningbed.com/admin/Complete_%202_%20Bed_%20Package.php?id=addrec" "Mozilla/5.0 (Macintosh; U; PPC Mac OS X; en-US) AppleWebKit/125.4 (KHTML, like Gecko, Safari) OmniWeb/v563.60"
54.154.201.51 - - [10/Sep/2020:22:36:53 -0400] "GET /renew-u HTTP/1.0" 301 248 "-" "Mozilla/5.0 (Windows NT 6.2; WOW64)"
207.46.13.18 - - [10/Sep/2020:22:59:29 -0400] "GET /used-beds.php?id=31 HTTP/1.0" 200 12993 "-" "Mozilla/5.0 (compatible; bingbot/2.0; +http://www.bing.com/bingbot.htm)"
122.112.212.15 - - [10/Sep/2020:23:03:53 -0400] "GET / HTTP/1.0" 200 19887 "-" "Mozilla/5.0 (Windows NT 6.1; WOW64) AppleWebKit/537.36 (KHTML, like Gecko) Chrome/50.0.2661.102 Safari/537.36"
73.222.36.65 - - [10/Sep/2020:23:04:08 -0400] "GET /masterCSS.css HTTP/1.0" 200 12008 "http://www.customtanningbed.com/faqs.html" "Mozilla/5.0 (iPhone; CPU iPhone OS 13_7 like Mac OS X) AppleWebKit/605.1.15 (KHTML, like Gecko) Version/13.1.2 Mobile/15E148 Safari/604.1"
73.222.36.65 - - [10/Sep/2020:23:04:09 -0400] "GET /images/tanning_online_logo.jpg HTTP/1.0" 200 67625 "http://www.customtanningbed.com/faqs.html" "Mozilla/5.0 (iPhone; CPU iPhone OS 13_7 like Mac OS X) AppleWebKit/605.1.15 (KHTML, like Gecko) Version/13.1.2 Mobile/15E148 Safari/604.1"
73.222.36.65 - - [10/Sep/2020:23:04:09 -0400] "GET /images/tanning_online_banner1.jpg HTTP/1.0" 200 87823 "http://www.customtanningbed.com/faqs.html" "Mozilla/5.0 (iPhone; CPU iPhone OS 13_7 like Mac OS X) AppleWebKit/605.1.15 (KHTML, like Gecko) Version/13.1.2 Mobile/15E148 Safari/604.1"
73.222.36.65 - - [10/Sep/2020:23:04:12 -0400] "GET /images/importantHeader.png HTTP/1.0" 200 2223 "http://www.customtanningbed.com/faqs.html" "Mozilla/5.0 (iPhone; CPU iPhone OS 13_7 like Mac OS X) AppleWebKit/605.1.15 (KHTML, like Gecko) Version/13.1.2 Mobile/15E148 Safari/604.1"
73.222.36.65 - - [10/Sep/2020:23:04:12 -0400] "GET /images/leftMenuBG.png HTTP/1.0" 200 161 "http://www.customtanningbed.com/faqs.html" "Mozilla/5.0 (iPhone; CPU iPhone OS 13_7 like Mac OS X) AppleWebKit/605.1.15 (KHTML, like Gecko) Version/13.1.2 Mobile/15E148 Safari/604.1"
73.222.36.65 - - [10/Sep/2020:23:04:12 -0400] "GET /images/footerRight.jpg HTTP/1.0" 200 1954 "http://www.customtanningbed.com/faqs.html" "Mozilla/5.0 (iPhone; CPU iPhone OS 13_7 like Mac OS X) AppleWebKit/605.1.15 (KHTML, like Gecko) Version/13.1.2 Mobile/15E148 Safari/604.1"
73.222.36.65 - - [10/Sep/2020:23:04:12 -0400] "GET /images/helpfulBG.png HTTP/1.0" 200 249 "http://www.customtanningbed.com/faqs.html" "Mozilla/5.0 (iPhone; CPU iPhone OS 13_7 like Mac OS X) AppleWebKit/605.1.15 (KHTML, like Gecko) Version/13.1.2 Mobile/15E148 Safari/604.1"
73.222.36.65 - - [10/Sep/2020:23:04:12 -0400] "GET /images/searchRight.png HTTP/1.0" 200 559 "http://www.customtanningbed.com/faqs.html" "Mozilla/5.0 (iPhone; CPU iPhone OS 13_7 like Mac OS X) AppleWebKit/605.1.15 (KHTML, like Gecko) Version/13.1.2 Mobile/15E148 Safari/604.1"
73.222.36.65 - - [10/Sep/2020:23:04:12 -0400] "GET /images/footerBG.jpg HTTP/1.0" 200 779 "http://www.customtanningbed.com/faqs.html" "Mozilla/5.0 (iPhone; CPU iPhone OS 13_7 like Mac OS X) AppleWebKit/605.1.15 (KHTML, like Gecko) Version/13.1.2 Mobile/15E148 Safari/604.1"
114.119.157.68 - - [10/Sep/2020:23:05:56 -0400] "GET /faqs.html HTTP/1.0" 200 34847 "-" "Mozilla/5.0 (Linux; Android 7.0;) AppleWebKit/537.36 (KHTML, like Gecko) Mobile Safari/537.36 (compatible; PetalBot;+http://aspiegel.com/petalbot)"
10.30.83.31 - - [10/Sep/2020:23:24:32 -0400] "GET /images/clickForFinance2.jpg HTTP/1.0" 200 8684 "-" "Mozilla/5.0 (Linux; Android 7.0;) AppleWebKit/537.36 (KHTML, like Gecko) Mobile Safari/537.36 (compatible; PetalBot;+http://aspiegel.com/petalbot)"
161.35.100.215 - - [10/Sep/2020:00:01:46 -0400] "GET / HTTP/1.0" 200 7748 "-" "python-requests/2.24.0"
188.2.110.252 - - [10/Sep/2020:00:08:28 -0400] "GET /images/footer_img2017.jpg HTTP/1.0" 200 44463 "http://customtanningbed.com/" "Mozilla/5.0 (Windows NT 10.0; Win64; x64) AppleWebKit/537.36 (KHTML, like Gecko) HeadlessChrome/85.0.4183.83 Safari/537.36"
34.75.199.111 - - [10/Sep/2020:00:11:45 -0400] "GET /robots.txt HTTP/1.0" 404 575 "-" "ZoominfoBot (zoominfobot at zoominfo dot com)"
34.75.199.111 - - [10/Sep/2020:00:11:45 -0400] "GET / HTTP/1.0" 200 18843 "-" "ZoominfoBot (zoominfobot at zoominfo dot com)"
156.146.50.1 - - [10/Sep/2020:00:12:08 -0400] "POST /admin/Complete_%202_%20Bed_%20Package.php?id=addrec HTTP/1.0" 200 11536 "http://www.customtanningbed.com/admin/Complete_%202_%20Bed_%20Package.php?id=addrec" "Mozilla/5.0 (Windows; U; Windows NT 5.1; de; rv:1.9.1.4) Gecko/20091007 Firefox/3.5.4"
150.129.166.112 - - [10/Sep/2020:00:27:47 -0400] "GET /images/bg.jpg HTTP/1.0" 200 165607 "http://highpressuretanningbeds.com/?semalt.com" "Mozilla/5.0 (Windows NT 6.1; WOW64) AppleWebKit/537.36 (KHTML, like Gecko) Chrome/36.0.1985.143 Safari/537.36"
70.178.220.93 - - [10/Sep/2020:00:49:15 -0400] "GET /js/common.js HTTP/1.0" 200 1085 "http://customtanningbed.com/used-tanning-beds.php" "Mozilla/5.0 (Windows NT 6.1; Win64; x64; rv:80.0) Gecko/20100101 Firefox/80.0"
70.178.220.93 - - [10/Sep/2020:00:49:15 -0400] "GET /js/highslide.js HTTP/1.0" 200 43083 "http://customtanningbed.com/used-tanning-beds.php" "Mozilla/5.0 (Windows NT 6.1; Win64; x64; rv:80.0) Gecko/20100101 Firefox/80.0"
70.178.220.93 - - [10/Sep/2020:00:49:15 -0400] "GET /used_bed_images/used_tanning_bed_173.jpg HTTP/1.0" 200 6631 "http://customtanningbed.com/used-tanning-beds.php" "Mozilla/5.0 (Windows NT 6.1; Win64; x64; rv:80.0) Gecko/20100101 Firefox/80.0"
70.178.220.93 - - [10/Sep/2020:00:49:15 -0400] "GET /used_bed_images/used_tanning_bed_175.jpg HTTP/1.0" 200 41856 "http://customtanningbed.com/used-tanning-beds.php" "Mozilla/5.0 (Windows NT 6.1; Win64; x64; rv:80.0) Gecko/20100101 Firefox/80.0"
70.178.220.93 - - [10/Sep/2020:00:49:15 -0400] "GET /used_bed_images/used_tanning_bed_172.jpg HTTP/1.0" 200 106464 "http://customtanningbed.com/used-tanning-beds.php" "Mozilla/5.0 (Windows NT 6.1; Win64; x64; rv:80.0) Gecko/20100101 Firefox/80.0"
70.178.220.93 - - [10/Sep/2020:00:49:15 -0400] "GET /images/links3.jpg HTTP/1.0" 200 8821 "http://customtanningbed.com/used-tanning-beds.php" "Mozilla/5.0 (Windows NT 6.1; Win64; x64; rv:80.0) Gecko/20100101 Firefox/80.0"
70.178.220.93 - - [10/Sep/2020:00:49:16 -0400] "GET /used_bed_images/used_tanning_bed_145.jpg HTTP/1.0" 200 79366 "http://customtanningbed.com/used-tanning-beds.php" "Mozilla/5.0 (Windows NT 6.1; Win64; x64; rv:80.0) Gecko/20100101 Firefox/80.0"
70.178.220.93 - - [10/Sep/2020:00:49:16 -0400] "GET /used_bed_images/used_tanning_bed_156.jpg HTTP/1.0" 200 1522724 "http://customtanningbed.com/used-tanning-beds.php" "Mozilla/5.0 (Windows NT 6.1; Win64; x64; rv:80.0) Gecko/20100101 Firefox/80.0"
70.178.220.93 - - [10/Sep/2020:00:49:17 -0400] "GET /used_bed_images/used_tanning_bed_21.jpg HTTP/1.0" 200 400201 "http://customtanningbed.com/used-tanning-beds.php" "Mozilla/5.0 (Windows NT 6.1; Win64; x64; rv:80.0) Gecko/20100101 Firefox/80.0"
114.119.132.228 - - [10/Sep/2020:00:49:24 -0400] "GET /used-beds.php?id=145 HTTP/1.0" 200 22058 "-" "Mozilla/5.0 (Linux; Android 7.0;) AppleWebKit/537.36 (KHTML, like Gecko) Mobile Safari/537.36 (compatible; PetalBot;+http://aspiegel.com/petalbot)"
156.146.50.1 - - [10/Sep/2020:01:15:27 -0400] "POST /admin/Complete_%202_%20Bed_%20Package.php?id=addrec HTTP/1.0" 200 11536 "http://www.customtanningbed.com/admin/Complete_%202_%20Bed_%20Package.php?id=addrec" "Mozilla/4.0 (compatible; MSIE 5.0; Windows 2000) Opera 6.04 [de]"
114.119.133.191 - - [10/Sep/2020:01:32:26 -0400] "GET /Perfect_Tan_Professional_BF_Series.php HTTP/1.0" 200 51400 "-" "Mozilla/5.0 (Linux; Android 7.0;) AppleWebKit/537.36 (KHTML, like Gecko) Mobile Safari/537.36 (compatible; PetalBot;+http://aspiegel.com/petalbot)"
101.132.129.91 - - [10/Sep/2020:01:53:00 -0400] "GET /FCKeditor/fckconfig.js HTTP/1.0" 404 1075 "http://customtanningbed.com/FCKeditor/fckconfig.js" "Mozilla/5.0 (compatible; MSIE 9.0; Windows NT 6.1; Win64; x64; Trident/5.0)"
95.217.202.215 - - [10/Sep/2020:02:17:52 -0400] "GET / HTTP/1.0" 200 18843 "-" "Mozilla/5.0 (compatible; Seekport Crawler; http://seekport.com/"
81.24.247.57 - - [10/Sep/2020:02:23:46 -0400] "POST /xmlrpc.php HTTP/1.0" 200 403 "-" "Mozilla/5.0 (Macintosh; U; Intel Mac OS X 10.6; fr; rv:1.9.2.8) Gecko/20100722 Firefox/3.6.8"
156.146.50.1 - - [10/Sep/2020:02:26:34 -0400] "POST /admin/Complete_%202_%20Bed_%20Package.php?id=addrec HTTP/1.0" 200 11536 "http://www.customtanningbed.com/admin/Complete_%202_%20Bed_%20Package.php?id=addrec" "Mozilla/5.0 (X11; U; Linux i686; fi-FI; rv:1.9.2.8) Gecko/20100723 Ubuntu/10.04 (lucid) Firefox/3.6.8"
157.55.39.16 - - [10/Sep/2020:02:45:24 -0400] "GET /robots.txt HTTP/1.0" 404 575 "-" "Mozilla/5.0 (compatible; bingbot/2.0; +http://www.bing.com/bingbot.htm)"
114.119.154.30 - - [10/Sep/2020:03:00:35 -0400] "GET /admin/Wireless_Timing_System.php HTTP/1.0" 200 2946 "-" "Mozilla/5.0 (Linux; Android 7.0;) AppleWebKit/537.36 (KHTML, like Gecko) Mobile Safari/537.36 (compatible; PetalBot;+http://aspiegel.com/petalbot)"
156.146.50.1 - - [10/Sep/2020:03:21:41 -0400] "POST /admin/Complete_%202_%20Bed_%20Package.php?id=addrec HTTP/1.0" 200 11536 "http://www.customtanningbed.com/admin/Complete_%202_%20Bed_%20Package.php?id=addrec" "Mozilla/4.0 (compatible; MSIE 6.0; Windows 98; MathPlayer 2.0; FunWebProducts)"
114.119.128.143 - - [10/Sep/2020:03:23:46 -0400] "GET /used-beds.php?id=134 HTTP/1.0" 200 20243 "-" "Mozilla/5.0 (Linux; Android 7.0;) AppleWebKit/537.36 (KHTML, like Gecko) Mobile Safari/537.36 (compatible; PetalBot;+http://aspiegel.com/petalbot)"
81.24.247.57 - - [10/Sep/2020:03:25:23 -0400] "POST /xmlrpc.php HTTP/1.0" 500 - "-" "Mozilla/5.0 (Macintosh; U; Intel Mac OS X 10.6; fr; rv:1.9.2.8) Gecko/20100722 Firefox/3.6.8"
156.146.50.1 - - [10/Sep/2020:03:37:18 -0400] "POST /admin/Complete_%202_%20Bed_%20Package.php?id=addrec HTTP/1.0" 200 11536 "http://www.customtanningbed.com/admin/Complete_%202_%20Bed_%20Package.php?id=addrec" "Mozilla/4.0 (compatible; MSIE 5.0; AOL 5.0; Windows 95; DigExt; DT)"
199.58.86.211 - - [10/Sep/2020:03:40:19 -0400] "GET /robots.txt HTTP/1.0" 404 575 "-" "Mozilla/5.0 (compatible; MJ12bot/v1.4.8; http://mj12bot.com/)"
199.58.86.211 - - [10/Sep/2020:03:40:22 -0400] "GET / HTTP/1.0" 200 1453 "-" "Mozilla/5.0 (compatible; MJ12bot/v1.4.8; http://mj12bot.com/)"
114.119.128.5 - - [10/Sep/2020:03:53:00 -0400] "GET /admin/Buck_Boosters.php HTTP/1.0" 200 2882 "-" "Mozilla/5.0 (Linux; Android 7.0;) AppleWebKit/537.36 (KHTML, like Gecko) Mobile Safari/537.36 (compatible; PetalBot;+http://aspiegel.com/petalbot)"
188.165.211.206 - - [10/Sep/2020:03:56:29 -0400] "GET /wp-content/plugins/wp-file-manager/lib/files/xxx.php HTTP/1.0" 200 6338 "-" "curl/7.68.0"
114.119.159.114 - - [10/Sep/2020:04:02:32 -0400] "GET /prototypes.html HTTP/1.0" 200 16715 "-" "Mozilla/5.0 (Linux; Android 7.0;) AppleWebKit/537.36 (KHTML, like Gecko) Mobile Safari/537.36 (compatible; PetalBot;+http://aspiegel.com/petalbot)"
185.191.171.20 - - [10/Sep/2020:04:21:02 -0400] "GET /used-beds.php?id=140 HTTP/1.0" 200 12993 "-" "Mozilla/5.0 (compatible; SemrushBot/6~bl; +http://www.semrush.com/bot.html)"
156.146.50.1 - - [10/Sep/2020:04:32:06 -0400] "POST /admin/Complete_%202_%20Bed_%20Package.php?id=addrec HTTP/1.0" 200 11536 "http://www.customtanningbed.com/admin/Complete_%202_%20Bed_%20Package.php?id=addrec" "Mozilla/5.0 (Windows; U; Windows NT 6.1; de-DE) AppleWebKit/534.10 (KHTML, like Gecko) Chrome/7.0.540.0 Safari/534.10"
114.119.142.210 - - [10/Sep/2020:04:37:32 -0400] "GET /renew-u HTTP/1.0" 301 248 "-" "Mozilla/5.0 (Linux; Android 7.0;) AppleWebKit/537.36 (KHTML, like Gecko) Mobile Safari/537.36 (compatible; PetalBot;+http://aspiegel.com/petalbot)"
114.119.142.210 - - [10/Sep/2020:04:37:32 -0400] "GET /renew-u/ HTTP/1.0" 200 534 "-" "Mozilla/5.0 (Linux; Android 7.0;) AppleWebKit/537.36 (KHTML, like Gecko) Mobile Safari/537.36 (compatible; PetalBot;+http://aspiegel.com/petalbot)"
114.119.132.228 - - [10/Sep/2020:04:55:42 -0400] "GET /used-beds.php?id=153 HTTP/1.0" 200 23443 "-" "Mozilla/5.0 (Linux; Android 7.0;) AppleWebKit/537.36 (KHTML, like Gecko) Mobile Safari/537.36 (compatible; PetalBot;+http://aspiegel.com/petalbot)"
174.4.239.59 - - [10/Sep/2020:05:14:59 -0400] "GET /used_bed_images/used_tanning_bed_160.jpg HTTP/1.0" 200 180256 "http://www.customtanningbed.com/used-tanning-beds.php?gclid=CI_virKlnckCFRRgfgodzwwEOQ" "Mozilla/5.0 (iPhone; CPU iPhone OS 13_6_1 like Mac OS X) AppleWebKit/605.1.15 (KHTML, like Gecko) Version/13.1.2 Mobile/15E148 Safari/604.1"
174.4.239.59 - - [10/Sep/2020:05:14:59 -0400] "GET /used_bed_images/used_tanning_bed_159.gif HTTP/1.0" 200 87582 "http://www.customtanningbed.com/used-tanning-beds.php?gclid=CI_virKlnckCFRRgfgodzwwEOQ" "Mozilla/5.0 (iPhone; CPU iPhone OS 13_6_1 like Mac OS X) AppleWebKit/605.1.15 (KHTML, like Gecko) Version/13.1.2 Mobile/15E148 Safari/604.1"
174.4.239.59 - - [10/Sep/2020:05:15:00 -0400] "GET /used_bed_images/used_tanning_bed_138.jpg HTTP/1.0" 200 291740 "http://www.customtanningbed.com/used-tanning-beds.php?gclid=CI_virKlnckCFRRgfgodzwwEOQ" "Mozilla/5.0 (iPhone; CPU iPhone OS 13_6_1 like Mac OS X) AppleWebKit/605.1.15 (KHTML, like Gecko) Version/13.1.2 Mobile/15E148 Safari/604.1"
174.4.239.59 - - [10/Sep/2020:05:14:59 -0400] "GET /used_bed_images/used_tanning_bed_168.jpg HTTP/1.0" 200 2446327 "http://www.customtanningbed.com/used-tanning-beds.php?gclid=CI_virKlnckCFRRgfgodzwwEOQ" "Mozilla/5.0 (iPhone; CPU iPhone OS 13_6_1 like Mac OS X) AppleWebKit/605.1.15 (KHTML, like Gecko) Version/13.1.2 Mobile/15E148 Safari/604.1"
174.4.239.59 - - [10/Sep/2020:05:15:02 -0400] "GET /used_bed_images/used_tanning_bed_127.jpg HTTP/1.0" 200 13122 "http://www.customtanningbed.com/used-tanning-beds.php?gclid=CI_virKlnckCFRRgfgodzwwEOQ" "Mozilla/5.0 (iPhone; CPU iPhone OS 13_6_1 like Mac OS X) AppleWebKit/605.1.15 (KHTML, like Gecko) Version/13.1.2 Mobile/15E148 Safari/604.1"
174.4.239.59 - - [10/Sep/2020:05:15:03 -0400] "GET /images/search_bar4.jpg HTTP/1.0" 200 35864 "http://www.customtanningbed.com/used-tanning-beds.php?gclid=CI_virKlnckCFRRgfgodzwwEOQ" "Mozilla/5.0 (iPhone; CPU iPhone OS 13_6_1 like Mac OS X) AppleWebKit/605.1.15 (KHTML, like Gecko) Version/13.1.2 Mobile/15E148 Safari/604.1"
174.4.239.59 - - [10/Sep/2020:05:15:05 -0400] "GET /highslide/graphics/loader.white.gif HTTP/1.0" 200 673 "http://www.customtanningbed.com/used-tanning-beds.php?gclid=CI_virKlnckCFRRgfgodzwwEOQ" "Mozilla/5.0 (iPhone; CPU iPhone OS 13_6_1 like Mac OS X) AppleWebKit/605.1.15 (KHTML, like Gecko) Version/13.1.2 Mobile/15E148 Safari/604.1"
39.101.1.61 - - [10/Sep/2020:05:32:00 -0400] "GET /index.php?m=admin&c=index&a=login&dosubmit=1 HTTP/1.0" 404 575 "-" "Mozilla/5.0 (Windows NT 10.0; WOW64; rv:48.0) Gecko/20100101 Firefox/48.0"
49.145.64.26 - - [10/Sep/2020:05:32:06 -0400] "GET /images/symbol.jpg HTTP/1.0" 200 15335 "http://www.metalsheetfabrication.com/prototypes.html" "Mozilla/5.0 (Linux; Android 9; vivo 1906) AppleWebKit/537.36 (KHTML, like Gecko) Chrome/85.0.4183.81 Mobile Safari/537.36"
49.145.64.26 - - [10/Sep/2020:05:32:07 -0400] "GET /images/left_contact_back_box.png HTTP/1.0" 200 3530 "http://www.metalsheetfabrication.com/prototypes.html" "Mozilla/5.0 (Linux; Android 9; vivo 1906) AppleWebKit/537.36 (KHTML, like Gecko) Chrome/85.0.4183.81 Mobile Safari/537.36"
49.145.64.26 - - [10/Sep/2020:05:32:07 -0400] "GET /images/home_right_image4.jpg HTTP/1.0" 200 28593 "http://www.metalsheetfabrication.com/prototypes.html" "Mozilla/5.0 (Linux; Android 9; vivo 1906) AppleWebKit/537.36 (KHTML, like Gecko) Chrome/85.0.4183.81 Mobile Safari/537.36"
49.145.64.26 - - [10/Sep/2020:05:32:08 -0400] "GET /images/left_menu_back.jpg HTTP/1.0" 200 6088 "http://www.metalsheetfabrication.com/css/style.css" "Mozilla/5.0 (Linux; Android 9; vivo 1906) AppleWebKit/537.36 (KHTML, like Gecko) Chrome/85.0.4183.81 Mobile Safari/537.36"
49.145.64.26 - - [10/Sep/2020:05:32:10 -0400] "GET /images/download_icon.jpg HTTP/1.0" 200 6042 "http://www.metalsheetfabrication.com/prototypes.html" "Mozilla/5.0 (Linux; Android 9; vivo 1906) AppleWebKit/537.36 (KHTML, like Gecko) Chrome/85.0.4183.81 Mobile Safari/537.36"
49.145.64.26 - - [10/Sep/2020:05:32:11 -0400] "GET /images/home_right_image1.jpg HTTP/1.0" 200 13792 "http://www.metalsheetfabrication.com/prototypes.html" "Mozilla/5.0 (Linux; Android 9; vivo 1906) AppleWebKit/537.36 (KHTML, like Gecko) Chrome/85.0.4183.81 Mobile Safari/537.36"
156.146.50.1 - - [10/Sep/2020:06:05:55 -0400] "POST /admin/Complete_%202_%20Bed_%20Package.php?id=addrec HTTP/1.0" 200 11536 "http://www.customtanningbed.com/admin/Complete_%202_%20Bed_%20Package.php?id=addrec" "Mozilla/5.0 (Macintosh; U; PPC Mac OS X; en) AppleWebKit/418.8 (KHTML, like Gecko) NetNewsWire/2.1.1"
180.247.118.145 - - [10/Sep/2020:06:09:59 -0400] "GET /style.css HTTP/1.0" 200 140 "http://royalsunusa.com/?q=semalt.com" "Mozilla/5.0 (Windows NT 10.0; Win64; x64) AppleWebKit/537.36 (KHTML, like Gecko) Chrome/74.0.3729.169 Safari/537.36"
34.74.62.246 - - [10/Sep/2020:06:19:09 -0400] "GET /index.html HTTP/1.0" 301 245 "-" "ZoominfoBot (zoominfobot at zoominfo dot com)"
34.221.16.233 - - [10/Sep/2020:06:34:54 -0400] "GET / HTTP/1.0" 200 1453 "-" "Mozilla/5.0 (Windows NT 10.0; Win64; x64)AppleWebKit/537.36 (KHTML, like Gecko) Chrome/66.0.3359.181 Safari/537.36"
44.234.85.168 - - [10/Sep/2020:06:34:59 -0400] "GET / HTTP/1.0" 200 1453 "-" "Mozilla/5.0 (X11; Linux x86_64) AppleWebKit/537.36 (KHTML, like Gecko) HeadlessChrome/68.0.3440.106 Safari/537.36"
114.119.154.30 - - [10/Sep/2020:06:35:41 -0400] "GET /admin/T-Max_Controller.php HTTP/1.0" 200 2946 "-" "Mozilla/5.0 (Linux; Android 7.0;) AppleWebKit/537.36 (KHTML, like Gecko) Mobile Safari/537.36 (compatible; PetalBot;+http://aspiegel.com/petalbot)"
34.74.62.246 - - [10/Sep/2020:06:36:13 -0400] "GET /labeling_shipping.html HTTP/1.0" 200 15851 "-" "ZoominfoBot (zoominfobot at zoominfo dot com)"
156.146.50.1 - - [10/Sep/2020:06:37:15 -0400] "POST /admin/Complete_%202_%20Bed_%20Package.php?id=addrec HTTP/1.0" 200 11536 "http://www.customtanningbed.com/admin/Complete_%202_%20Bed_%20Package.php?id=addrec" "Mozilla/5.0 (Macintosh; U; Intel Mac OS X 10_6_6; en-US) AppleWebKit/534.13 (KHTML, like Gecko) RockMelt/0.9.48.51 Chrome/9.0.597.107 Safari/534.13"
34.74.62.246 - - [10/Sep/2020:06:40:04 -0400] "GET /contact_us.html HTTP/1.0" 200 18241 "-" "ZoominfoBot (zoominfobot at zoominfo dot com)"
156.146.50.1 - - [10/Sep/2020:06:45:09 -0400] "POST /admin/Complete_%202_%20Bed_%20Package.php?id=addrec HTTP/1.0" 200 11536 "http://www.customtanningbed.com/admin/Complete_%202_%20Bed_%20Package.php?id=addrec" "Mozilla/4.0 (compatible; MSIE 6.0; Windows NT 5.0; FDM)"
114.119.154.30 - - [10/Sep/2020:06:54:16 -0400] "GET /Lease%20Application.php?id=Ultra%20Bronzer%20383&pr=%248400.00&rate=%24255/Month HTTP/1.0" 200 41924 "-" "Mozilla/5.0 (Linux; Android 7.0;) AppleWebKit/537.36 (KHTML, like Gecko) Mobile Safari/537.36 (compatible; PetalBot;+http://aspiegel.com/petalbot)"
34.75.184.158 - - [10/Sep/2020:06:56:27 -0400] "GET /massage-equipment.html HTTP/1.0" 200 23967 "-" "ZoominfoBot (zoominfobot at zoominfo dot com)"
34.75.184.158 - - [10/Sep/2020:07:00:19 -0400] "GET /corporateIdentity.html HTTP/1.0" 200 2450 "-" "ZoominfoBot (zoominfobot at zoominfo dot com)"
34.75.184.158 - - [10/Sep/2020:07:02:57 -0400] "GET /tanningbedrepair.html HTTP/1.0" 200 35082 "-" "ZoominfoBot (zoominfobot at zoominfo dot com)"
34.75.184.158 - - [10/Sep/2020:07:03:09 -0400] "GET /salonpackages.php HTTP/1.0" 200 94064 "-" "ZoominfoBot (zoominfobot at zoominfo dot com)"
111.177.117.40 - - [10/Sep/2020:07:11:47 -0400] "GET / HTTP/1.0" 200 19887 "-" "Mozilla/4.0 (compatible; MSIE 7.0; Windows NT 5.1; TencentTraveler ; EmbeddedWB 14.52 from: http://www.bsalsa.com/ EmbeddedWB 14.52; .NET CLR 2.0.50727; InfoPath.2; .NET CLR 3.0.04506.30; .NET CLR 3.0.04506.590; .NET CLR 3.0.04506.648; .NET CLR 3.5.21022)"
34.75.184.158 - - [10/Sep/2020:07:13:00 -0400] "GET /spa-equipment.html HTTP/1.0" 200 19027 "-" "ZoominfoBot (zoominfobot at zoominfo dot com)"
34.75.184.158 - - [10/Sep/2020:07:13:43 -0400] "GET /stand-ups.html HTTP/1.0" 200 28325 "-" "ZoominfoBot (zoominfobot at zoominfo dot com)"
34.75.184.158 - - [10/Sep/2020:07:15:03 -0400] "GET /contactus.html HTTP/1.0" 200 16109 "-" "ZoominfoBot (zoominfobot at zoominfo dot com)"
34.75.184.158 - - [10/Sep/2020:07:16:01 -0400] "GET /howToOpenASalon.html HTTP/1.0" 200 18711 "-" "ZoominfoBot (zoominfobot at zoominfo dot com)"
34.75.184.158 - - [10/Sep/2020:07:21:52 -0400] "GET /custom-tanning-beds.html HTTP/1.0" 200 18126 "-" "ZoominfoBot (zoominfobot at zoominfo dot com)"
34.75.184.158 - - [10/Sep/2020:07:24:35 -0400] "GET /salonpackages.php HTTP/1.0" 200 94064 "-" "ZoominfoBot (zoominfobot at zoominfo dot com)"
34.75.184.158 - - [10/Sep/2020:07:28:58 -0400] "GET /spa-equipment.html HTTP/1.0" 200 19027 "-" "ZoominfoBot (zoominfobot at zoominfo dot com)"
157.55.39.16 - - [10/Sep/2020:07:38:30 -0400] "GET /robots.txt HTTP/1.0" 301 255 "-" "Mozilla/5.0 (compatible; bingbot/2.0; +http://www.bing.com/bingbot.htm)"
156.146.50.1 - - [10/Sep/2020:07:40:10 -0400] "POST /admin/Complete_%202_%20Bed_%20Package.php?id=addrec HTTP/1.0" 200 11536 "http://www.customtanningbed.com/admin/Complete_%202_%20Bed_%20Package.php?id=addrec" "Mozilla/4.78 [en] (X11; U; SunOS 5.7 sun4u)"
54.36.149.23 - - [10/Sep/2020:07:46:31 -0400] "GET /commercial.html HTTP/1.0" 200 25349 "-" "Mozilla/5.0 (compatible; AhrefsBot/7.0; +http://ahrefs.com/robot/)"
156.146.50.1 - - [10/Sep/2020:07:55:36 -0400] "POST /admin/Complete_%202_%20Bed_%20Package.php?id=addrec HTTP/1.0" 200 11536 "http://www.customtanningbed.com/admin/Complete_%202_%20Bed_%20Package.php?id=addrec" "Mozilla/4.0 (compatible; MSIE 6.0; AOL 9.0; Windows NT 5.1; v8c.01; Hotbar 4.2.11.0)"
156.146.50.1 - - [10/Sep/2020:08:11:30 -0400] "POST /admin/Complete_%202_%20Bed_%20Package.php?id=addrec HTTP/1.0" 200 11536 "http://www.customtanningbed.com/admin/Complete_%202_%20Bed_%20Package.php?id=addrec" "Mozilla/5.0 (Windows; U; Win98; de-DE; rv:1.4) Gecko/20030619 Netscape/7.1 (ax)"
67.9.69.27 - - [10/Sep/2020:08:14:28 -0400] "GET /rodman/css/style.css HTTP/1.0" 200 1047 "http://customtanningbed.com/rodman/" "Mozilla/5.0 (Windows NT 10.0; Win64; x64) AppleWebKit/537.36 (KHTML, like Gecko) Chrome/85.0.4183.102 Safari/537.36"
67.9.69.27 - - [10/Sep/2020:08:14:28 -0400] "GET /rodman/images/raymarine.jpg HTTP/1.0" 200 26894 "http://customtanningbed.com/rodman/" "Mozilla/5.0 (Windows NT 10.0; Win64; x64) AppleWebKit/537.36 (KHTML, like Gecko) Chrome/85.0.4183.102 Safari/537.36"
67.9.69.27 - - [10/Sep/2020:08:14:28 -0400] "GET /rodman/images/rodman017.jpg HTTP/1.0" 200 43048 "http://customtanningbed.com/rodman/" "Mozilla/5.0 (Windows NT 10.0; Win64; x64) AppleWebKit/537.36 (KHTML, like Gecko) Chrome/85.0.4183.102 Safari/537.36"
67.9.69.27 - - [10/Sep/2020:08:14:28 -0400] "GET /rodman/images/dash.jpg HTTP/1.0" 200 32957 "http://customtanningbed.com/rodman/" "Mozilla/5.0 (Windows NT 10.0; Win64; x64) AppleWebKit/537.36 (KHTML, like Gecko) Chrome/85.0.4183.102 Safari/537.36"
67.9.69.27 - - [10/Sep/2020:08:14:28 -0400] "GET /rodman/images/forwardbedroom.jpg HTTP/1.0" 200 19694 "http://customtanningbed.com/rodman/" "Mozilla/5.0 (Windows NT 10.0; Win64; x64) AppleWebKit/537.36 (KHTML, like Gecko) Chrome/85.0.4183.102 Safari/537.36"
67.9.69.27 - - [10/Sep/2020:08:14:28 -0400] "GET /rodman/images/bedroom.jpg HTTP/1.0" 200 17910 "http://customtanningbed.com/rodman/" "Mozilla/5.0 (Windows NT 10.0; Win64; x64) AppleWebKit/537.36 (KHTML, like Gecko) Chrome/85.0.4183.102 Safari/537.36"
67.9.69.27 - - [10/Sep/2020:08:14:29 -0400] "GET /rodman/images/portcloset.jpg HTTP/1.0" 200 15935 "http://customtanningbed.com/rodman/" "Mozilla/5.0 (Windows NT 10.0; Win64; x64) AppleWebKit/537.36 (KHTML, like Gecko) Chrome/85.0.4183.102 Safari/537.36"
67.9.69.27 - - [10/Sep/2020:08:14:29 -0400] "GET /rodman/images/starboardcloset.jpg HTTP/1.0" 200 13197 "http://customtanningbed.com/rodman/" "Mozilla/5.0 (Windows NT 10.0; Win64; x64) AppleWebKit/537.36 (KHTML, like Gecko) Chrome/85.0.4183.102 Safari/537.36"
67.9.69.27 - - [10/Sep/2020:08:14:29 -0400] "GET /rodman/images/salon5.jpg HTTP/1.0" 200 34050 "http://customtanningbed.com/rodman/" "Mozilla/5.0 (Windows NT 10.0; Win64; x64) AppleWebKit/537.36 (KHTML, like Gecko) Chrome/85.0.4183.102 Safari/537.36"
67.9.69.27 - - [10/Sep/2020:08:14:29 -0400] "GET /rodman/images/masse_generator.jpg HTTP/1.0" 200 35137 "http://customtanningbed.com/rodman/" "Mozilla/5.0 (Windows NT 10.0; Win64; x64) AppleWebKit/537.36 (KHTML, like Gecko) Chrome/85.0.4183.102 Safari/537.36"
67.9.69.27 - - [10/Sep/2020:08:14:29 -0400] "GET /rodman/images/hull/hull2.jpg HTTP/1.0" 200 27538 "http://customtanningbed.com/rodman/" "Mozilla/5.0 (Windows NT 10.0; Win64; x64) AppleWebKit/537.36 (KHTML, like Gecko) Chrome/85.0.4183.102 Safari/537.36"
67.9.69.27 - - [10/Sep/2020:08:14:29 -0400] "GET /rodman/images/hull/hull8.jpg HTTP/1.0" 200 14407 "http://customtanningbed.com/rodman/" "Mozilla/5.0 (Windows NT 10.0; Win64; x64) AppleWebKit/537.36 (KHTML, like Gecko) Chrome/85.0.4183.102 Safari/537.36"
67.9.69.27 - - [10/Sep/2020:08:14:29 -0400] "GET /rodman/images/hull/hull11.jpg HTTP/1.0" 200 22150 "http://customtanningbed.com/rodman/" "Mozilla/5.0 (Windows NT 10.0; Win64; x64) AppleWebKit/537.36 (KHTML, like Gecko) Chrome/85.0.4183.102 Safari/537.36"
67.9.69.27 - - [10/Sep/2020:08:14:29 -0400] "GET /rodman/images/hull/hull15.jpg HTTP/1.0" 200 13572 "http://customtanningbed.com/rodman/" "Mozilla/5.0 (Windows NT 10.0; Win64; x64) AppleWebKit/537.36 (KHTML, like Gecko) Chrome/85.0.4183.102 Safari/537.36"
67.9.69.27 - - [10/Sep/2020:08:14:29 -0400] "GET /favicon.ico HTTP/1.0" 404 1075 "http://customtanningbed.com/rodman/" "Mozilla/5.0 (Windows NT 10.0; Win64; x64) AppleWebKit/537.36 (KHTML, like Gecko) Chrome/85.0.4183.102 Safari/537.36"
