0byt3m1n1
Path:
/
data
/
17
/
1
/
18
/
11
/
1670011
/
user
/
1801231
/
htdocs
/
log
/
[
Home
]
File: x-access_log.2020-09-10
114.119.153.113 - - [10/Sep/2020:02:49:19 -0400] "GET /used-beds.php?id=88 HTTP/1.0" 200 12993 "-" "Mozilla/5.0 (Linux; Android 7.0;) AppleWebKit/537.36 (KHTML, like Gecko) Mobile Safari/537.36 (compatible; PetalBot;+http://aspiegel.com/petalbot)"
114.119.155.239 - - [10/Sep/2020:02:54:55 -0400] "GET /howToOpenASalon.html HTTP/1.0" 200 18711 "-" "Mozilla/5.0 (Linux; Android 7.0;) AppleWebKit/537.36 (KHTML, like Gecko) Mobile Safari/537.36 (compatible; PetalBot;+http://aspiegel.com/petalbot)"
81.24.247.57 - - [10/Sep/2020:02:54:55 -0400] "POST /xmlrpc.php HTTP/1.0" 200 403 "-" "Mozilla/5.0 (Macintosh; U; Intel Mac OS X 10.6; fr; rv:1.9.2.8) Gecko/20100722 Firefox/3.6.8"
34.242.245.76 - - [10/Sep/2020:03:06:59 -0400] "GET /wp-login.php HTTP/1.0" 200 2331 "-" "Mozilla/5.0 (Windows NT 6.2; WOW64)"
17.58.98.49 - - [10/Sep/2020:03:09:50 -0400] "GET /pages_com/express2.html HTTP/1.0" 200 26493 "-" "Mozilla/5.0 (Macintosh; Intel Mac OS X 10_15_5) AppleWebKit/605.1.15 (KHTML, like Gecko) Version/13.1.1 Safari/605.1.15 (Applebot/0.1; +http://www.apple.com/go/applebot)"
156.146.50.1 - - [10/Sep/2020:03:29:27 -0400] "POST /admin/Complete_%202_%20Bed_%20Package.php?id=addrec HTTP/1.0" 200 11536 "http://www.customtanningbed.com/admin/Complete_%202_%20Bed_%20Package.php?id=addrec" "Mozilla/5.0 (X11; U; Linux i686; en-US; rv:1.7.8) Gecko/20050511 Firefox/1.0.4"
114.119.128.143 - - [10/Sep/2020:03:34:54 -0400] "GET /admin/Complete_%202_%20Bed_%20Package.php?id=addrec HTTP/1.0" 200 11546 "-" "Mozilla/5.0 (Linux; Android 7.0;) AppleWebKit/537.36 (KHTML, like Gecko) Mobile Safari/537.36 (compatible; PetalBot;+http://aspiegel.com/petalbot)"
81.24.247.57 - - [10/Sep/2020:03:41:13 -0400] "POST /xmlrpc.php HTTP/1.0" 200 403 "-" "Mozilla/5.0 (Macintosh; U; Intel Mac OS X 10.6; fr; rv:1.9.2.8) Gecko/20100722 Firefox/3.6.8"
185.191.171.7 - - [10/Sep/2020:04:09:12 -0400] "GET /used-beds.php?id=140 HTTP/1.0" 200 12993 "-" "Mozilla/5.0 (compatible; SemrushBot/6~bl; +http://www.semrush.com/bot.html)"
114.119.128.5 - - [10/Sep/2020:04:10:32 -0400] "GET /Tropical_Rayz_WB_Series.php HTTP/1.0" 200 51716 "-" "Mozilla/5.0 (Linux; Android 7.0;) AppleWebKit/537.36 (KHTML, like Gecko) Mobile Safari/537.36 (compatible; PetalBot;+http://aspiegel.com/petalbot)"
156.146.50.1 - - [10/Sep/2020:04:16:28 -0400] "POST /admin/Complete_%202_%20Bed_%20Package.php?id=addrec HTTP/1.0" 200 11536 "http://www.customtanningbed.com/admin/Complete_%202_%20Bed_%20Package.php?id=addrec" "Mozilla/5.0 (X11; U; Linux i686; en-US; rv:1.8.0.6) Gecko/20060728 Firefox/1.5.0.6 (Debian-1.5.dfsg+1.5.0.6-1)"
178.67.199.181 - - [10/Sep/2020:04:20:44 -0400] "GET /fckeditor/editor/filemanager/connectors/uploadtest.html HTTP/1.0" 404 575 "https://www.google.com" "Mozilla/5.0 (Windows NT 10.0; WOW64; rv:45.0) Gecko/20100101 Firefox/45.0"
69.135.101.50 - - [10/Sep/2020:04:33:59 -0400] "GET / HTTP/1.0" 200 19887 "-" "Mozilla/5.0 (textmode; U; Linux i386; en-US; rv:3.0.110.0) Gecko/20101006 EzineArticlesLinkScanner/3.0.0g"
185.191.171.16 - - [10/Sep/2020:04:45:56 -0400] "GET /teeth-whitening.html HTTP/1.0" 200 23387 "-" "Mozilla/5.0 (compatible; SemrushBot/6~bl; +http://www.semrush.com/bot.html)"
81.24.247.57 - - [10/Sep/2020:04:57:51 -0400] "POST /xmlrpc.php HTTP/1.0" 200 403 "-" "Mozilla/5.0 (Macintosh; U; Intel Mac OS X 10.6; fr; rv:1.9.2.8) Gecko/20100722 Firefox/3.6.8"
156.146.50.1 - - [10/Sep/2020:05:11:11 -0400] "POST /admin/Complete_%202_%20Bed_%20Package.php?id=addrec HTTP/1.0" 200 11536 "http://www.customtanningbed.com/admin/Complete_%202_%20Bed_%20Package.php?id=addrec" "Mozilla/5.0 (X11; U; Linux i686; en-US; rv:1.9.1.17) Gecko/20110303 SeaMonkey/2.0.12"
81.24.247.57 - - [10/Sep/2020:05:12:59 -0400] "POST /xmlrpc.php HTTP/1.0" 200 403 "-" "Mozilla/5.0 (Macintosh; U; Intel Mac OS X 10.6; fr; rv:1.9.2.8) Gecko/20100722 Firefox/3.6.8"
114.119.153.113 - - [10/Sep/2020:05:13:00 -0400] "GET /pages_com/express2.html HTTP/1.0" 200 26493 "-" "Mozilla/5.0 (Linux; Android 7.0;) AppleWebKit/537.36 (KHTML, like Gecko) Mobile Safari/537.36 (compatible; PetalBot;+http://aspiegel.com/petalbot)"
174.4.239.59 - - [10/Sep/2020:05:14:59 -0400] "GET /used_bed_images/used_tanning_bed_156.jpg HTTP/1.0" 200 1522724 "http://www.customtanningbed.com/used-tanning-beds.php?gclid=CI_virKlnckCFRRgfgodzwwEOQ" "Mozilla/5.0 (iPhone; CPU iPhone OS 13_6_1 like Mac OS X) AppleWebKit/605.1.15 (KHTML, like Gecko) Version/13.1.2 Mobile/15E148 Safari/604.1"
174.4.239.59 - - [10/Sep/2020:05:15:01 -0400] "GET /used_bed_images/used_tanning_bed_134.jpg HTTP/1.0" 200 393321 "http://www.customtanningbed.com/used-tanning-beds.php?gclid=CI_virKlnckCFRRgfgodzwwEOQ" "Mozilla/5.0 (iPhone; CPU iPhone OS 13_6_1 like Mac OS X) AppleWebKit/605.1.15 (KHTML, like Gecko) Version/13.1.2 Mobile/15E148 Safari/604.1"
174.4.239.59 - - [10/Sep/2020:05:15:02 -0400] "GET /used_bed_images/used_tanning_bed_107.gif HTTP/1.0" 200 84838 "http://www.customtanningbed.com/used-tanning-beds.php?gclid=CI_virKlnckCFRRgfgodzwwEOQ" "Mozilla/5.0 (iPhone; CPU iPhone OS 13_6_1 like Mac OS X) AppleWebKit/605.1.15 (KHTML, like Gecko) Version/13.1.2 Mobile/15E148 Safari/604.1"
174.4.239.59 - - [10/Sep/2020:05:15:03 -0400] "GET /used_bed_images/used_tanning_bed_21.jpg HTTP/1.0" 200 400201 "http://www.customtanningbed.com/used-tanning-beds.php?gclid=CI_virKlnckCFRRgfgodzwwEOQ" "Mozilla/5.0 (iPhone; CPU iPhone OS 13_6_1 like Mac OS X) AppleWebKit/605.1.15 (KHTML, like Gecko) Version/13.1.2 Mobile/15E148 Safari/604.1"
49.145.64.26 - - [10/Sep/2020:05:32:06 -0400] "GET /css/style.css HTTP/1.0" 200 5539 "http://www.metalsheetfabrication.com/prototypes.html" "Mozilla/5.0 (Linux; Android 9; vivo 1906) AppleWebKit/537.36 (KHTML, like Gecko) Chrome/85.0.4183.81 Mobile Safari/537.36"
49.145.64.26 - - [10/Sep/2020:05:32:06 -0400] "GET /images/logo.png HTTP/1.0" 200 24259 "http://www.metalsheetfabrication.com/prototypes.html" "Mozilla/5.0 (Linux; Android 9; vivo 1906) AppleWebKit/537.36 (KHTML, like Gecko) Chrome/85.0.4183.81 Mobile Safari/537.36"
49.145.64.26 - - [10/Sep/2020:05:32:07 -0400] "GET /images/home_right_image3.jpg HTTP/1.0" 200 22798 "http://www.metalsheetfabrication.com/prototypes.html" "Mozilla/5.0 (Linux; Android 9; vivo 1906) AppleWebKit/537.36 (KHTML, like Gecko) Chrome/85.0.4183.81 Mobile Safari/537.36"
49.145.64.26 - - [10/Sep/2020:05:32:13 -0400] "GET /favicon.ico HTTP/1.0" 404 575 "http://www.metalsheetfabrication.com/prototypes.html" "Mozilla/5.0 (Linux; Android 9; vivo 1906) AppleWebKit/537.36 (KHTML, like Gecko) Chrome/85.0.4183.81 Mobile Safari/537.36"
156.146.50.1 - - [10/Sep/2020:05:42:24 -0400] "POST /admin/Complete_%202_%20Bed_%20Package.php?id=addrec HTTP/1.0" 200 11536 "http://www.customtanningbed.com/admin/Complete_%202_%20Bed_%20Package.php?id=addrec" "Mozilla/4.0 (compatible; MSIE 6.0; Windows ME) Opera 7.23 [ru]"
114.119.153.113 - - [10/Sep/2020:05:51:44 -0400] "GET /used-beds.php?id=82 HTTP/1.0" 200 12993 "-" "Mozilla/5.0 (Linux; Android 7.0;) AppleWebKit/537.36 (KHTML, like Gecko) Mobile Safari/537.36 (compatible; PetalBot;+http://aspiegel.com/petalbot)"
34.74.62.246 - - [10/Sep/2020:06:18:03 -0400] "GET /medical_marijuana_florida.html HTTP/1.0" 200 20696 "-" "ZoominfoBot (zoominfobot at zoominfo dot com)"
34.74.62.246 - - [10/Sep/2020:06:18:20 -0400] "GET /powder_coating.html HTTP/1.0" 200 15052 "-" "ZoominfoBot (zoominfobot at zoominfo dot com)"
34.74.62.246 - - [10/Sep/2020:06:18:24 -0400] "GET /prototypes.html HTTP/1.0" 200 16715 "-" "ZoominfoBot (zoominfobot at zoominfo dot com)"
34.74.62.246 - - [10/Sep/2020:06:18:30 -0400] "GET /cda.html HTTP/1.0" 200 26624 "-" "ZoominfoBot (zoominfobot at zoominfo dot com)"
34.74.62.246 - - [10/Sep/2020:06:24:39 -0400] "GET /sheet_metal_fabrication.html HTTP/1.0" 200 17039 "-" "ZoominfoBot (zoominfobot at zoominfo dot com)"
34.74.62.246 - - [10/Sep/2020:06:35:25 -0400] "GET /plastic_injection_molding.html HTTP/1.0" 200 16386 "-" "ZoominfoBot (zoominfobot at zoominfo dot com)"
81.24.247.57 - - [10/Sep/2020:06:47:15 -0400] "POST /xmlrpc.php HTTP/1.0" 200 403 "-" "Mozilla/5.0 (Macintosh; U; Intel Mac OS X 10.6; fr; rv:1.9.2.8) Gecko/20100722 Firefox/3.6.8"
156.146.50.1 - - [10/Sep/2020:07:01:01 -0400] "POST /admin/Complete_%202_%20Bed_%20Package.php?id=addrec HTTP/1.0" 200 11536 "http://www.customtanningbed.com/admin/Complete_%202_%20Bed_%20Package.php?id=addrec" "Mozilla/5.0 (Windows; U; Windows NT 5.1; en-US; rv:1.9b5pre) Gecko/2008032204 Minefield/3.0b5pre"
34.75.184.158 - - [10/Sep/2020:07:02:10 -0400] "GET /stand-ups.html HTTP/1.0" 200 28325 "-" "ZoominfoBot (zoominfobot at zoominfo dot com)"
34.75.184.158 - - [10/Sep/2020:07:05:51 -0400] "GET /custom-tanning-beds.html HTTP/1.0" 200 18126 "-" "ZoominfoBot (zoominfobot at zoominfo dot com)"
34.75.184.158 - - [10/Sep/2020:07:07:17 -0400] "GET /tanningbedrepair.html HTTP/1.0" 200 35082 "-" "ZoominfoBot (zoominfobot at zoominfo dot com)"
157.55.39.220 - - [10/Sep/2020:07:12:34 -0400] "GET /used-beds.php?id=28 HTTP/1.0" 200 12993 "-" "Mozilla/5.0 (compatible; bingbot/2.0; +http://www.bing.com/bingbot.htm)"
34.75.184.158 - - [10/Sep/2020:07:17:10 -0400] "GET /commercial.html HTTP/1.0" 200 25349 "-" "ZoominfoBot (zoominfobot at zoominfo dot com)"
81.24.247.57 - - [10/Sep/2020:07:18:03 -0400] "POST /xmlrpc.php HTTP/1.0" 200 403 "-" "Mozilla/5.0 (Macintosh; U; Intel Mac OS X 10.6; fr; rv:1.9.2.8) Gecko/20100722 Firefox/3.6.8"
34.75.184.158 - - [10/Sep/2020:07:20:35 -0400] "GET /howToOpenASalon.html HTTP/1.0" 200 18711 "-" "ZoominfoBot (zoominfobot at zoominfo dot com)"
34.75.184.158 - - [10/Sep/2020:07:27:11 -0400] "GET /aboutus.html HTTP/1.0" 200 16786 "-" "ZoominfoBot (zoominfobot at zoominfo dot com)"
54.36.148.123 - - [10/Sep/2020:07:28:52 -0400] "GET / HTTP/1.0" 200 1453 "-" "Mozilla/5.0 (compatible; AhrefsBot/7.0; +http://ahrefs.com/robot/)"
10.30.94.78 - - [10/Sep/2020:07:33:54 -0400] "POST /wp-cron.php?doing_wp_cron=1599737634.1421909332275390625000 HTTP/1.0" 200 - "http://www.pbmbed.com/wp-cron.php?doing_wp_cron=1599737634.1421909332275390625000" "WordPress/4.9.8; http://www.pbmbed.com"
185.191.171.21 - - [10/Sep/2020:07:35:13 -0400] "GET /Lease%20Application.php?amp%3Bpr=%249050.00&%3Brate=%24255%2FMonth&id=Ultra%20Bronzer%20383 HTTP/1.0" 200 41871 "-" "Mozilla/5.0 (compatible; SemrushBot/6~bl; +http://www.semrush.com/bot.html)"
39.101.67.145 - - [10/Sep/2020:07:47:59 -0400] "GET /css/album.css HTTP/1.0" 404 1075 "-" "Mozilla/5.0 (Windows NT 10.0; WOW64; rv:48.0) Gecko/20100101 Firefox/48.0"
81.24.247.57 - - [10/Sep/2020:07:49:48 -0400] "POST /xmlrpc.php HTTP/1.0" 200 403 "-" "Mozilla/5.0 (Macintosh; U; Intel Mac OS X 10.6; fr; rv:1.9.2.8) Gecko/20100722 Firefox/3.6.8"
66.249.79.38 - - [10/Sep/2020:07:52:12 -0400] "GET /favicon.ico HTTP/1.0" 404 1075 "-" "Googlebot-Image/1.0"
67.9.69.27 - - [10/Sep/2020:08:14:27 -0400] "GET /rodman/ HTTP/1.0" 200 8795 "-" "Mozilla/5.0 (Windows NT 10.0; Win64; x64) AppleWebKit/537.36 (KHTML, like Gecko) Chrome/85.0.4183.102 Safari/537.36"
67.9.69.27 - - [10/Sep/2020:08:14:27 -0400] "GET /rodman/images/boat.jpg HTTP/1.0" 200 20937 "http://customtanningbed.com/rodman/" "Mozilla/5.0 (Windows NT 10.0; Win64; x64) AppleWebKit/537.36 (KHTML, like Gecko) Chrome/85.0.4183.102 Safari/537.36"
67.9.69.27 - - [10/Sep/2020:08:14:27 -0400] "GET /rodman/images/rodman010.jpg HTTP/1.0" 200 18558 "http://customtanningbed.com/rodman/" "Mozilla/5.0 (Windows NT 10.0; Win64; x64) AppleWebKit/537.36 (KHTML, like Gecko) Chrome/85.0.4183.102 Safari/537.36"
67.9.69.27 - - [10/Sep/2020:08:14:27 -0400] "GET /rodman/images/rodman020.jpg HTTP/1.0" 200 19463 "http://customtanningbed.com/rodman/" "Mozilla/5.0 (Windows NT 10.0; Win64; x64) AppleWebKit/537.36 (KHTML, like Gecko) Chrome/85.0.4183.102 Safari/537.36"
67.9.69.27 - - [10/Sep/2020:08:14:27 -0400] "GET /rodman/images/salon.jpg HTTP/1.0" 200 21605 "http://customtanningbed.com/rodman/" "Mozilla/5.0 (Windows NT 10.0; Win64; x64) AppleWebKit/537.36 (KHTML, like Gecko) Chrome/85.0.4183.102 Safari/537.36"
67.9.69.27 - - [10/Sep/2020:08:14:27 -0400] "GET /rodman/images/raymarinerl70c.jpg HTTP/1.0" 200 29080 "http://customtanningbed.com/rodman/" "Mozilla/5.0 (Windows NT 10.0; Win64; x64) AppleWebKit/537.36 (KHTML, like Gecko) Chrome/85.0.4183.102 Safari/537.36"
67.9.69.27 - - [10/Sep/2020:08:14:28 -0400] "GET /rodman/images/salon2.jpg HTTP/1.0" 200 31223 "http://customtanningbed.com/rodman/" "Mozilla/5.0 (Windows NT 10.0; Win64; x64) AppleWebKit/537.36 (KHTML, like Gecko) Chrome/85.0.4183.102 Safari/537.36"
67.9.69.27 - - [10/Sep/2020:08:14:28 -0400] "GET /rodman/images/rodman021.jpg HTTP/1.0" 200 15901 "http://customtanningbed.com/rodman/" "Mozilla/5.0 (Windows NT 10.0; Win64; x64) AppleWebKit/537.36 (KHTML, like Gecko) Chrome/85.0.4183.102 Safari/537.36"
67.9.69.27 - - [10/Sep/2020:08:14:28 -0400] "GET /rodman/images/salon6.jpg HTTP/1.0" 200 28502 "http://customtanningbed.com/rodman/" "Mozilla/5.0 (Windows NT 10.0; Win64; x64) AppleWebKit/537.36 (KHTML, like Gecko) Chrome/85.0.4183.102 Safari/537.36"
67.9.69.27 - - [10/Sep/2020:08:14:28 -0400] "GET /rodman/images/hull/hull4.jpg HTTP/1.0" 200 12952 "http://customtanningbed.com/rodman/" "Mozilla/5.0 (Windows NT 10.0; Win64; x64) AppleWebKit/537.36 (KHTML, like Gecko) Chrome/85.0.4183.102 Safari/537.36"
67.9.69.27 - - [10/Sep/2020:08:14:28 -0400] "GET /rodman/images/hull/hull6.jpg HTTP/1.0" 200 25532 "http://customtanningbed.com/rodman/" "Mozilla/5.0 (Windows NT 10.0; Win64; x64) AppleWebKit/537.36 (KHTML, like Gecko) Chrome/85.0.4183.102 Safari/537.36"
67.9.69.27 - - [10/Sep/2020:08:14:28 -0400] "GET /rodman/images/hull/hull10.jpg HTTP/1.0" 200 19303 "http://customtanningbed.com/rodman/" "Mozilla/5.0 (Windows NT 10.0; Win64; x64) AppleWebKit/537.36 (KHTML, like Gecko) Chrome/85.0.4183.102 Safari/537.36"
67.9.69.27 - - [10/Sep/2020:08:14:28 -0400] "GET /rodman/images/hull/hull13.jpg HTTP/1.0" 200 26232 "http://customtanningbed.com/rodman/" "Mozilla/5.0 (Windows NT 10.0; Win64; x64) AppleWebKit/537.36 (KHTML, like Gecko) Chrome/85.0.4183.102 Safari/537.36"
67.9.69.27 - - [10/Sep/2020:08:14:28 -0400] "GET /rodman/images/hull/hull16.jpg HTTP/1.0" 200 15387 "http://customtanningbed.com/rodman/" "Mozilla/5.0 (Windows NT 10.0; Win64; x64) AppleWebKit/537.36 (KHTML, like Gecko) Chrome/85.0.4183.102 Safari/537.36"
157.55.39.136 - - [10/Sep/2020:08:16:33 -0400] "GET /used-tanning-beds.php?3e3ea140 HTTP/1.0" 200 58601 "-" "Mozilla/5.0 (compatible; bingbot/2.0; +http://www.bing.com/bingbot.htm)"
54.36.148.226 - - [10/Sep/2020:08:17:41 -0400] "GET /robots.txt HTTP/1.0" 404 575 "-" "Mozilla/5.0 (compatible; AhrefsBot/6.1; +http://ahrefs.com/robot/)"
180.243.18.71 - - [10/Sep/2020:08:31:09 -0400] "GET /?semalt.com HTTP/1.0" 301 256 "http://google.com/search?q=semalt.com" "Mozilla/5.0 (Windows NT 10.0; Win64; x64) AppleWebKit/537.36 (KHTML, like Gecko) Chrome/74.0.3729.169 Safari/537.36"
114.119.128.5 - - [10/Sep/2020:08:34:35 -0400] "GET /Lease%20Application.php?mode1=Complete%207%20Bed%20Package&id1=Cash%20$59,995%20or%20Lease&image=images/CMPP/15_ergolinewall.jpg HTTP/1.0" 200 43064 "-" "Mozilla/5.0 (Linux; Android 7.0;) AppleWebKit/537.36 (KHTML, like Gecko) Mobile Safari/537.36 (compatible; PetalBot;+http://aspiegel.com/petalbot)"
185.191.171.8 - - [10/Sep/2020:08:49:16 -0400] "GET /uvscan360more.htm HTTP/1.0" 200 7975 "-" "Mozilla/5.0 (compatible; SemrushBot/6~bl; +http://www.semrush.com/bot.html)"
69.160.160.57 - - [10/Sep/2020:09:03:09 -0400] "GET / HTTP/1.0" 200 1453 "http://royalsunusa.com" "Mozilla/5.0 (Macintosh; Intel Mac OS X 10_12_1) AppleWebKit/537.36 (KHTML, like Gecko) Chrome/58.0.3029.110 Safari/537.36"
156.146.50.1 - - [10/Sep/2020:09:16:09 -0400] "POST /admin/Complete_%202_%20Bed_%20Package.php?id=addrec HTTP/1.0" 200 11536 "http://www.customtanningbed.com/admin/Complete_%202_%20Bed_%20Package.php?id=addrec" "Mozilla/5.0 (Windows; U; Windows NT 5.2; en-US) AppleWebKit/532.2 (KHTML, like Gecko) Chrome/4.0.223.2 Safari/532.2"
81.24.247.57 - - [10/Sep/2020:09:24:18 -0400] "POST /xmlrpc.php HTTP/1.0" 500 - "-" "Mozilla/5.0 (Macintosh; U; Intel Mac OS X 10.6; fr; rv:1.9.2.8) Gecko/20100722 Firefox/3.6.8"
66.249.79.11 - - [10/Sep/2020:09:28:21 -0400] "GET /robots.txt HTTP/1.0" 200 23 "-" "Mozilla/5.0 (compatible; Googlebot/2.1; +http://www.google.com/bot.html)"
66.249.79.13 - - [10/Sep/2020:09:28:34 -0400] "GET /favicon.ico HTTP/1.0" 404 1075 "-" "Googlebot-Image/1.0"
107.72.176.23 - - [10/Sep/2020:09:33:15 -0400] "GET /rodman/css/style.css HTTP/1.0" 200 1047 "http://customtanningbed.com/rodman/" "Mozilla/5.0 (iPhone; CPU iPhone OS 12_0_1 like Mac OS X) AppleWebKit/605.1.15 (KHTML, like Gecko) Version/12.0 Mobile/15E148 Safari/604.1"
107.72.176.23 - - [10/Sep/2020:09:33:15 -0400] "GET /rodman/images/electrical_panel.jpg HTTP/1.0" 200 25953 "http://customtanningbed.com/rodman/" "Mozilla/5.0 (iPhone; CPU iPhone OS 12_0_1 like Mac OS X) AppleWebKit/605.1.15 (KHTML, like Gecko) Version/12.0 Mobile/15E148 Safari/604.1"
107.72.176.23 - - [10/Sep/2020:09:33:15 -0400] "GET /rodman/images/forwardair.jpg HTTP/1.0" 200 19219 "http://customtanningbed.com/rodman/" "Mozilla/5.0 (iPhone; CPU iPhone OS 12_0_1 like Mac OS X) AppleWebKit/605.1.15 (KHTML, like Gecko) Version/12.0 Mobile/15E148 Safari/604.1"
107.72.176.23 - - [10/Sep/2020:09:33:16 -0400] "GET /rodman/images/crusair_salon.jpg HTTP/1.0" 200 28081 "http://customtanningbed.com/rodman/" "Mozilla/5.0 (iPhone; CPU iPhone OS 12_0_1 like Mac OS X) AppleWebKit/605.1.15 (KHTML, like Gecko) Version/12.0 Mobile/15E148 Safari/604.1"
107.72.176.23 - - [10/Sep/2020:09:33:16 -0400] "GET /rodman/images/gallery.jpg HTTP/1.0" 200 18204 "http://customtanningbed.com/rodman/" "Mozilla/5.0 (iPhone; CPU iPhone OS 12_0_1 like Mac OS X) AppleWebKit/605.1.15 (KHTML, like Gecko) Version/12.0 Mobile/15E148 Safari/604.1"
107.72.176.23 - - [10/Sep/2020:09:33:16 -0400] "GET /rodman/images/salon5.jpg HTTP/1.0" 200 34050 "http://customtanningbed.com/rodman/" "Mozilla/5.0 (iPhone; CPU iPhone OS 12_0_1 like Mac OS X) AppleWebKit/605.1.15 (KHTML, like Gecko) Version/12.0 Mobile/15E148 Safari/604.1"
107.72.176.23 - - [10/Sep/2020:09:33:16 -0400] "GET /rodman/images/salon6.jpg HTTP/1.0" 200 28502 "http://customtanningbed.com/rodman/" "Mozilla/5.0 (iPhone; CPU iPhone OS 12_0_1 like Mac OS X) AppleWebKit/605.1.15 (KHTML, like Gecko) Version/12.0 Mobile/15E148 Safari/604.1"
107.72.176.23 - - [10/Sep/2020:09:33:17 -0400] "GET /rodman/images/hull/hull1.jpg HTTP/1.0" 200 27467 "http://customtanningbed.com/rodman/" "Mozilla/5.0 (iPhone; CPU iPhone OS 12_0_1 like Mac OS X) AppleWebKit/605.1.15 (KHTML, like Gecko) Version/12.0 Mobile/15E148 Safari/604.1"
107.72.176.23 - - [10/Sep/2020:09:33:17 -0400] "GET /rodman/images/hull/hull2.jpg HTTP/1.0" 200 27538 "http://customtanningbed.com/rodman/" "Mozilla/5.0 (iPhone; CPU iPhone OS 12_0_1 like Mac OS X) AppleWebKit/605.1.15 (KHTML, like Gecko) Version/12.0 Mobile/15E148 Safari/604.1"
107.72.176.23 - - [10/Sep/2020:09:33:17 -0400] "GET /rodman/images/hull/hull5.jpg HTTP/1.0" 200 13923 "http://customtanningbed.com/rodman/" "Mozilla/5.0 (iPhone; CPU iPhone OS 12_0_1 like Mac OS X) AppleWebKit/605.1.15 (KHTML, like Gecko) Version/12.0 Mobile/15E148 Safari/604.1"
107.72.176.23 - - [10/Sep/2020:09:33:17 -0400] "GET /rodman/images/hull/hull10.jpg HTTP/1.0" 200 19303 "http://customtanningbed.com/rodman/" "Mozilla/5.0 (iPhone; CPU iPhone OS 12_0_1 like Mac OS X) AppleWebKit/605.1.15 (KHTML, like Gecko) Version/12.0 Mobile/15E148 Safari/604.1"
81.24.247.57 - - [10/Sep/2020:09:39:37 -0400] "POST /xmlrpc.php HTTP/1.0" 200 403 "-" "Mozilla/5.0 (Macintosh; U; Intel Mac OS X 10.6; fr; rv:1.9.2.8) Gecko/20100722 Firefox/3.6.8"
156.146.50.1 - - [10/Sep/2020:09:40:19 -0400] "POST /admin/Complete_%202_%20Bed_%20Package.php?id=addrec HTTP/1.0" 200 11536 "http://www.customtanningbed.com/admin/Complete_%202_%20Bed_%20Package.php?id=addrec" "Mozilla/4.0 (compatible; MSIE 6.0; Windows NT 5.0; FunWebProducts; FDM)"
185.127.24.102 - - [10/Sep/2020:09:41:11 -0400] "GET /commercial.html HTTP/1.0" 200 25349 "http://www.customtanningbed.com/commercial.html" "Mozilla/5.0 (Windows NT 10.0) AppleWebKit/537.36 (KHTML, like Gecko) Chrome/67.0.3396.99 Safari/537.36"
185.127.24.102 - - [10/Sep/2020:09:41:12 -0400] "GET /index.php HTTP/1.0" 404 575 "http://www.customtanningbed.com/index.php" "Mozilla/5.0 (Windows NT 10.0) AppleWebKit/537.36 (KHTML, like Gecko) Chrome/67.0.3396.99 Safari/537.36"
185.127.24.102 - - [10/Sep/2020:09:41:12 -0400] "GET /index.php HTTP/1.0" 404 575 "http://www.customtanningbed.com/index.php" "Mozilla/5.0 (Windows NT 10.0) AppleWebKit/537.36 (KHTML, like Gecko) Chrome/67.0.3396.99 Safari/537.36"
66.249.79.13 - - [10/Sep/2020:09:43:24 -0400] "GET /Lease%20Application.php HTTP/1.0" 200 41794 "-" "Mozilla/5.0 (Linux; Android 6.0.1; Nexus 5X Build/MMB29P) AppleWebKit/537.36 (KHTML, like Gecko) Chrome/85.0.4183.97 Mobile Safari/537.36 (compatible; Googlebot/2.1; +http://www.google.com/bot.html)"
156.146.50.1 - - [10/Sep/2020:09:48:26 -0400] "POST /admin/Complete_%202_%20Bed_%20Package.php?id=addrec HTTP/1.0" 200 11536 "http://www.customtanningbed.com/admin/Complete_%202_%20Bed_%20Package.php?id=addrec" "Mozilla/4.0 (compatible; MSIE 5.01; Windows NT 5.0; Hotbar 4.4.5.0; FunWebProducts)"
114.119.132.228 - - [10/Sep/2020:10:14:27 -0400] "GET / HTTP/1.0" 200 19887 "-" "Mozilla/5.0 (Linux; Android 7.0;) AppleWebKit/537.36 (KHTML, like Gecko) Mobile Safari/537.36 (compatible; PetalBot;+http://aspiegel.com/petalbot)"
114.119.155.239 - - [10/Sep/2020:10:27:59 -0400] "GET /admin/Lotion_Package.php HTTP/1.0" 200 2882 "-" "Mozilla/5.0 (Linux; Android 7.0;) AppleWebKit/537.36 (KHTML, like Gecko) Mobile Safari/537.36 (compatible; PetalBot;+http://aspiegel.com/petalbot)"
66.249.79.183 - - [10/Sep/2020:10:41:41 -0400] "GET /ads.txt HTTP/1.0" 404 575 "-" "Mozilla/5.0 (compatible; Googlebot/2.1; +http://www.google.com/bot.html)"
174.196.208.0 - - [10/Sep/2020:11:16:39 -0400] "GET /rodman/images/salon.jpg HTTP/1.0" 200 21605 "http://customtanningbed.com/rodman/" "Mozilla/5.0 (Linux; Android 10; SM-A115U) AppleWebKit/537.36 (KHTML, like Gecko) Chrome/80.0.3987.99 Mobile Safari/537.36"
174.196.208.0 - - [10/Sep/2020:11:16:39 -0400] "GET /rodman/images/crusair_salon.jpg HTTP/1.0" 200 28081 "http://customtanningbed.com/rodman/" "Mozilla/5.0 (Linux; Android 10; SM-A115U) AppleWebKit/537.36 (KHTML, like Gecko) Chrome/80.0.3987.99 Mobile Safari/537.36"
174.196.208.0 - - [10/Sep/2020:11:16:39 -0400] "GET /rodman/images/head1.jpg HTTP/1.0" 200 14560 "http://customtanningbed.com/rodman/" "Mozilla/5.0 (Linux; Android 10; SM-A115U) AppleWebKit/537.36 (KHTML, like Gecko) Chrome/80.0.3987.99 Mobile Safari/537.36"
174.196.208.0 - - [10/Sep/2020:11:16:39 -0400] "GET /rodman/images/portcloset.jpg HTTP/1.0" 200 15935 "http://customtanningbed.com/rodman/" "Mozilla/5.0 (Linux; Android 10; SM-A115U) AppleWebKit/537.36 (KHTML, like Gecko) Chrome/80.0.3987.99 Mobile Safari/537.36"
174.196.208.0 - - [10/Sep/2020:11:16:39 -0400] "GET /rodman/images/hull/hull1.jpg HTTP/1.0" 200 27467 "http://customtanningbed.com/rodman/" "Mozilla/5.0 (Linux; Android 10; SM-A115U) AppleWebKit/537.36 (KHTML, like Gecko) Chrome/80.0.3987.99 Mobile Safari/537.36"
174.196.208.0 - - [10/Sep/2020:11:16:40 -0400] "GET /rodman/images/hull/hull7.jpg HTTP/1.0" 200 21286 "http://customtanningbed.com/rodman/" "Mozilla/5.0 (Linux; Android 10; SM-A115U) AppleWebKit/537.36 (KHTML, like Gecko) Chrome/80.0.3987.99 Mobile Safari/537.36"
174.196.208.0 - - [10/Sep/2020:11:16:40 -0400] "GET /rodman/images/hull/hull10.jpg HTTP/1.0" 200 19303 "http://customtanningbed.com/rodman/" "Mozilla/5.0 (Linux; Android 10; SM-A115U) AppleWebKit/537.36 (KHTML, like Gecko) Chrome/80.0.3987.99 Mobile Safari/537.36"
174.196.208.0 - - [10/Sep/2020:11:16:40 -0400] "GET /rodman/images/hull/hull16.jpg HTTP/1.0" 200 15387 "http://customtanningbed.com/rodman/" "Mozilla/5.0 (Linux; Android 10; SM-A115U) AppleWebKit/537.36 (KHTML, like Gecko) Chrome/80.0.3987.99 Mobile Safari/537.36"
14.163.207.68 - - [10/Sep/2020:11:21:19 -0400] "GET /?q=semalt.com HTTP/1.0" 301 258 "http://google.com/search?q=semalt.com" "Mozilla/5.0 (Windows NT 10.0; Win64; x64) AppleWebKit/537.36 (KHTML, like Gecko) Chrome/74.0.3729.169 Safari/537.36"
95.163.255.64 - - [10/Sep/2020:11:26:09 -0400] "GET /robots.txt HTTP/1.0" 404 575 "-" "Mozilla/5.0 (compatible; Linux x86_64; Mail.RU_Bot/2.0; +http://go.mail.ru/help/robots)"
156.146.50.1 - - [10/Sep/2020:11:26:46 -0400] "POST /admin/Complete_%202_%20Bed_%20Package.php?id=addrec HTTP/1.0" 200 11536 "http://www.customtanningbed.com/admin/Complete_%202_%20Bed_%20Package.php?id=addrec" "Mozilla/4.79 [en] (Windows NT 5.0; U)"
216.144.241.156 - - [10/Sep/2020:11:31:56 -0400] "GET /wp-content/plugins/wp-file-manager/lib/js/elFinder.js HTTP/1.0" 200 2744 "-" "Mozilla"
51.15.1.107 - - [10/Sep/2020:11:32:00 -0400] "GET /wp-content/plugins/wp-file-manager/lib/js/elFinder.js HTTP/1.0" 200 2744 "-" "Mozilla"
51.15.1.107 - - [10/Sep/2020:11:32:02 -0400] "GET /wp-content/plugins/wp-file-manager/lib/files/accesson.php HTTP/1.0" 200 3244 "-" "Mozilla"
216.144.241.156 - - [10/Sep/2020:11:32:11 -0400] "GET /wp-content/plugins/wp-file-manager/lib/files/thumbs.php HTTP/1.0" 200 3244 "-" "Mozilla"
114.119.154.30 - - [10/Sep/2020:11:39:37 -0400] "GET /Tropical_Rayz_BF_Series.php HTTP/1.0" 200 50321 "-" "Mozilla/5.0 (Linux; Android 7.0;) AppleWebKit/537.36 (KHTML, like Gecko) Mobile Safari/537.36 (compatible; PetalBot;+http://aspiegel.com/petalbot)"
82.207.175.52 - - [10/Sep/2020:11:41:48 -0400] "GET / HTTP/1.0" 200 19887 "-" "Mozilla/5.0 (Windows NT 6.1; Win64; x64; rv:25.0) Gecko/20100101 Firefox/25.0"
108.211.49.176 - - [10/Sep/2020:11:59:23 -0400] "GET /images/b_designYourOwnPackage_over_on.jpg HTTP/1.0" 200 9695 "http://customtanningbed.com/designYourOwnPackages.php" "Mozilla/5.0 (iPhone; CPU iPhone OS 13_6_1 like Mac OS X) AppleWebKit/605.1.15 (KHTML, like Gecko) Version/13.1.2 Mobile/15E148 Safari/604.1"
108.211.49.176 - - [10/Sep/2020:11:59:23 -0400] "GET /js/highslide.js HTTP/1.0" 200 43083 "http://customtanningbed.com/designYourOwnPackages.php" "Mozilla/5.0 (iPhone; CPU iPhone OS 13_6_1 like Mac OS X) AppleWebKit/605.1.15 (KHTML, like Gecko) Version/13.1.2 Mobile/15E148 Safari/604.1"
108.211.49.176 - - [10/Sep/2020:11:59:23 -0400] "GET /images/DYOP/focus.png HTTP/1.0" 200 48146 "http://customtanningbed.com/designYourOwnPackages.php" "Mozilla/5.0 (iPhone; CPU iPhone OS 13_6_1 like Mac OS X) AppleWebKit/605.1.15 (KHTML, like Gecko) Version/13.1.2 Mobile/15E148 Safari/604.1"
108.211.49.176 - - [10/Sep/2020:11:59:23 -0400] "GET /images/DYOP/3d1.png HTTP/1.0" 200 47168 "http://customtanningbed.com/designYourOwnPackages.php" "Mozilla/5.0 (iPhone; CPU iPhone OS 13_6_1 like Mac OS X) AppleWebKit/605.1.15 (KHTML, like Gecko) Version/13.1.2 Mobile/15E148 Safari/604.1"
108.211.49.176 - - [10/Sep/2020:11:59:23 -0400] "GET /images/DYOP/front47.png HTTP/1.0" 200 112137 "http://customtanningbed.com/designYourOwnPackages.php" "Mozilla/5.0 (iPhone; CPU iPhone OS 13_6_1 like Mac OS X) AppleWebKit/605.1.15 (KHTML, like Gecko) Version/13.1.2 Mobile/15E148 Safari/604.1"
108.211.49.176 - - [10/Sep/2020:11:59:24 -0400] "GET /images/DYOP/VersaSpa.gif HTTP/1.0" 200 35596 "http://customtanningbed.com/designYourOwnPackages.php" "Mozilla/5.0 (iPhone; CPU iPhone OS 13_6_1 like Mac OS X) AppleWebKit/605.1.15 (KHTML, like Gecko) Version/13.1.2 Mobile/15E148 Safari/604.1"
108.211.49.176 - - [10/Sep/2020:11:59:24 -0400] "GET /images/DYOP/hydra%20horizontal.jpg HTTP/1.0" 200 160811 "http://customtanningbed.com/designYourOwnPackages.php" "Mozilla/5.0 (iPhone; CPU iPhone OS 13_6_1 like Mac OS X) AppleWebKit/605.1.15 (KHTML, like Gecko) Version/13.1.2 Mobile/15E148 Safari/604.1"
108.211.49.176 - - [10/Sep/2020:11:59:24 -0400] "GET /images/DYOP/corporateIdendity.png HTTP/1.0" 200 6815 "http://customtanningbed.com/designYourOwnPackages.php" "Mozilla/5.0 (iPhone; CPU iPhone OS 13_6_1 like Mac OS X) AppleWebKit/605.1.15 (KHTML, like Gecko) Version/13.1.2 Mobile/15E148 Safari/604.1"
108.211.49.176 - - [10/Sep/2020:11:59:24 -0400] "GET /images/DYOP/MANAGER.gif HTTP/1.0" 200 142485 "http://customtanningbed.com/designYourOwnPackages.php" "Mozilla/5.0 (iPhone; CPU iPhone OS 13_6_1 like Mac OS X) AppleWebKit/605.1.15 (KHTML, like Gecko) Version/13.1.2 Mobile/15E148 Safari/604.1"
108.211.49.176 - - [10/Sep/2020:11:59:25 -0400] "GET /images/DYOP//bodystickers.jpg HTTP/1.0" 200 12322 "http://customtanningbed.com/designYourOwnPackages.php" "Mozilla/5.0 (iPhone; CPU iPhone OS 13_6_1 like Mac OS X) AppleWebKit/605.1.15 (KHTML, like Gecko) Version/13.1.2 Mobile/15E148 Safari/604.1"
108.211.49.176 - - [10/Sep/2020:11:59:25 -0400] "GET /images/DYOP/big_LIT128156.jpg HTTP/1.0" 200 36631 "http://customtanningbed.com/designYourOwnPackages.php" "Mozilla/5.0 (iPhone; CPU iPhone OS 13_6_1 like Mac OS X) AppleWebKit/605.1.15 (KHTML, like Gecko) Version/13.1.2 Mobile/15E148 Safari/604.1"
108.211.49.176 - - [10/Sep/2020:11:59:33 -0400] "GET /images/search_bar4.jpg HTTP/1.0" 200 35864 "http://customtanningbed.com/designYourOwnPackages.php" "Mozilla/5.0 (iPhone; CPU iPhone OS 13_6_1 like Mac OS X) AppleWebKit/605.1.15 (KHTML, like Gecko) Version/13.1.2 Mobile/15E148 Safari/604.1"
108.211.49.176 - - [10/Sep/2020:11:59:33 -0400] "GET /images/selonPackageTableTop2.jpg HTTP/1.0" 200 342 "http://customtanningbed.com/designYourOwnPackages.php" "Mozilla/5.0 (iPhone; CPU iPhone OS 13_6_1 like Mac OS X) AppleWebKit/605.1.15 (KHTML, like Gecko) Version/13.1.2 Mobile/15E148 Safari/604.1"
108.211.49.176 - - [10/Sep/2020:11:59:33 -0400] "GET /images/links3.jpg HTTP/1.0" 200 8821 "http://customtanningbed.com/designYourOwnPackages.php" "Mozilla/5.0 (iPhone; CPU iPhone OS 13_6_1 like Mac OS X) AppleWebKit/605.1.15 (KHTML, like Gecko) Version/13.1.2 Mobile/15E148 Safari/604.1"
156.146.50.1 - - [10/Sep/2020:12:08:03 -0400] "POST /admin/Complete_%202_%20Bed_%20Package.php?id=addrec HTTP/1.0" 200 11536 "http://www.customtanningbed.com/admin/Complete_%202_%20Bed_%20Package.php?id=addrec" "Mozilla/4.0 (compatible; MSIE 5.01; Windows 98; BCD2000)"
156.146.50.1 - - [10/Sep/2020:12:16:13 -0400] "POST /admin/Complete_%202_%20Bed_%20Package.php?id=addrec HTTP/1.0" 200 11536 "http://www.customtanningbed.com/admin/Complete_%202_%20Bed_%20Package.php?id=addrec" "Mozilla/5.0 (Macintosh; U; Intel Mac OS X 10.4; en-US; rv:1.9.0.9) Gecko/2009042318 Firefox/3.0.9 Wyzo/3.0.2"
156.146.50.1 - - [10/Sep/2020:12:24:24 -0400] "POST /admin/Complete_%202_%20Bed_%20Package.php?id=addrec HTTP/1.0" 200 11536 "http://www.customtanningbed.com/admin/Complete_%202_%20Bed_%20Package.php?id=addrec" "Mozilla/5.0 (Windows; U; Windows NT 5.1; en-US) AppleWebKit/527+ (KHTML, like Gecko) QtWeb Internet Browser/3.0 http://www.QtWeb.net"
66.249.68.34 - - [10/Sep/2020:12:41:05 -0400] "GET /robots.txt HTTP/1.0" 200 2744 "-" "Mozilla/5.0 (compatible; Googlebot/2.1; +http://www.google.com/bot.html)"
35.229.72.168 - - [10/Sep/2020:12:44:35 -0400] "GET /labeling_shipping.html HTTP/1.0" 200 15851 "-" "ZoominfoBot (zoominfobot at zoominfo dot com)"
156.146.50.1 - - [10/Sep/2020:13:14:12 -0400] "POST /admin/Complete_%202_%20Bed_%20Package.php?id=addrec HTTP/1.0" 200 11536 "http://www.customtanningbed.com/admin/Complete_%202_%20Bed_%20Package.php?id=addrec" "Mozilla/4.0 (compatible; MSIE 6.0; Windows NT 5.0; DeptoMtz/237)"
172.58.4.37 - - [10/Sep/2020:13:45:46 -0400] "GET /images/perfectTan1.gif HTTP/1.0" 200 25626 "http://customtanningbed.com/Perfect_Tan_Professional_WB_Series.php" "Mozilla/5.0 (Linux; Android 9; LM-X220) AppleWebKit/537.36 (KHTML, like Gecko) Chrome/85.0.4183.81 Mobile Safari/537.36"
172.58.4.37 - - [10/Sep/2020:13:45:46 -0400] "GET /images/catalog.gif HTTP/1.0" 200 23110 "http://customtanningbed.com/Perfect_Tan_Professional_WB_Series.php" "Mozilla/5.0 (Linux; Android 9; LM-X220) AppleWebKit/537.36 (KHTML, like Gecko) Chrome/85.0.4183.81 Mobile Safari/537.36"
172.58.4.37 - - [10/Sep/2020:13:45:46 -0400] "GET /images/links3.jpg HTTP/1.0" 200 8821 "http://customtanningbed.com/Perfect_Tan_Professional_WB_Series.php" "Mozilla/5.0 (Linux; Android 9; LM-X220) AppleWebKit/537.36 (KHTML, like Gecko) Chrome/85.0.4183.81 Mobile Safari/537.36"
172.58.4.37 - - [10/Sep/2020:13:45:47 -0400] "GET /favicon.ico HTTP/1.0" 404 1075 "http://customtanningbed.com/Perfect_Tan_Professional_WB_Series.php" "Mozilla/5.0 (Linux; Android 9; LM-X220) AppleWebKit/537.36 (KHTML, like Gecko) Chrome/85.0.4183.81 Mobile Safari/537.36"
156.146.50.1 - - [10/Sep/2020:13:46:56 -0400] "POST /admin/Complete_%202_%20Bed_%20Package.php?id=addrec HTTP/1.0" 200 11536 "http://www.customtanningbed.com/admin/Complete_%202_%20Bed_%20Package.php?id=addrec" "Mozilla/5.0 (X11; U; Linux i686; en-US; rv:1.8.0.14eol) Gecko/20101004 Red Hat/1.0.9-64.el4 SeaMonkey/1.0.9"
54.36.148.157 - - [10/Sep/2020:13:48:29 -0400] "GET /pages_com/royal.html HTTP/1.0" 200 18367 "-" "Mozilla/5.0 (compatible; AhrefsBot/7.0; +http://ahrefs.com/robot/)"
114.119.142.210 - - [10/Sep/2020:13:51:21 -0400] "GET /used-beds.php?id=164 HTTP/1.0" 200 21185 "-" "Mozilla/5.0 (Linux; Android 7.0;) AppleWebKit/537.36 (KHTML, like Gecko) Mobile Safari/537.36 (compatible; PetalBot;+http://aspiegel.com/petalbot)"
114.119.153.113 - - [10/Sep/2020:13:57:05 -0400] "GET /used-beds.php?id=175 HTTP/1.0" 200 20220 "-" "Mozilla/5.0 (Linux; Android 7.0;) AppleWebKit/537.36 (KHTML, like Gecko) Mobile Safari/537.36 (compatible; PetalBot;+http://aspiegel.com/petalbot)"
39.101.67.145 - - [10/Sep/2020:14:04:45 -0400] "GET /data/admin/allowurl.txt HTTP/1.0" 404 1075 "-" "Mozilla/5.0 (Windows NT 10.0; WOW64; rv:48.0) Gecko/20100101 Firefox/48.0"
157.55.39.27 - - [10/Sep/2020:14:07:08 -0400] "GET /robots.txt HTTP/1.0" 200 23 "-" "Mozilla/5.0 (compatible; bingbot/2.0; +http://www.bing.com/bingbot.htm)"
35.231.61.14 - - [10/Sep/2020:14:16:44 -0400] "GET /plastic_vacuum_forming.html HTTP/1.0" 200 15884 "-" "ZoominfoBot (zoominfobot at zoominfo dot com)"
35.231.61.14 - - [10/Sep/2020:14:16:53 -0400] "GET /welding.html HTTP/1.0" 200 15566 "-" "ZoominfoBot (zoominfobot at zoominfo dot com)"
35.231.61.14 - - [10/Sep/2020:14:16:56 -0400] "GET /cda.html HTTP/1.0" 200 26624 "-" "ZoominfoBot (zoominfobot at zoominfo dot com)"
156.146.50.1 - - [10/Sep/2020:14:19:31 -0400] "POST /admin/Complete_%202_%20Bed_%20Package.php?id=addrec HTTP/1.0" 200 11536 "http://www.customtanningbed.com/admin/Complete_%202_%20Bed_%20Package.php?id=addrec" "Mozilla/4.0 (compatible; MSIE 6.0; Windows NT 4.0; Hotbar 4.4.2.0)"
114.119.133.191 - - [10/Sep/2020:14:20:00 -0400] "GET /tropical-design.html HTTP/1.0" 404 1075 "-" "Mozilla/5.0 (Linux; Android 7.0;) AppleWebKit/537.36 (KHTML, like Gecko) Mobile Safari/537.36 (compatible; PetalBot;+http://aspiegel.com/petalbot)"
73.61.177.57 - - [10/Sep/2020:14:32:01 -0400] "GET /rodman/images/boat.jpg HTTP/1.0" 200 20937 "http://customtanningbed.com/rodman/" "Mozilla/5.0 (Windows NT 10.0; Win64; x64) AppleWebKit/537.36 (KHTML, like Gecko) Chrome/85.0.4183.83 Safari/537.36"
73.61.177.57 - - [10/Sep/2020:14:32:01 -0400] "GET /rodman/images/electrical_panel.jpg HTTP/1.0" 200 25953 "http://customtanningbed.com/rodman/" "Mozilla/5.0 (Windows NT 10.0; Win64; x64) AppleWebKit/537.36 (KHTML, like Gecko) Chrome/85.0.4183.83 Safari/537.36"
73.61.177.57 - - [10/Sep/2020:14:32:01 -0400] "GET /rodman/images/crusair_salon.jpg HTTP/1.0" 200 28081 "http://customtanningbed.com/rodman/" "Mozilla/5.0 (Windows NT 10.0; Win64; x64) AppleWebKit/537.36 (KHTML, like Gecko) Chrome/85.0.4183.83 Safari/537.36"
73.61.177.57 - - [10/Sep/2020:14:32:01 -0400] "GET /rodman/images/starboardcloset.jpg HTTP/1.0" 200 13197 "http://customtanningbed.com/rodman/" "Mozilla/5.0 (Windows NT 10.0; Win64; x64) AppleWebKit/537.36 (KHTML, like Gecko) Chrome/85.0.4183.83 Safari/537.36"
73.61.177.57 - - [10/Sep/2020:14:32:01 -0400] "GET /rodman/images/salon6.jpg HTTP/1.0" 200 28502 "http://customtanningbed.com/rodman/" "Mozilla/5.0 (Windows NT 10.0; Win64; x64) AppleWebKit/537.36 (KHTML, like Gecko) Chrome/85.0.4183.83 Safari/537.36"
73.61.177.57 - - [10/Sep/2020:14:32:01 -0400] "GET /rodman/images/portcylinders1.jpg HTTP/1.0" 200 66124 "http://customtanningbed.com/rodman/" "Mozilla/5.0 (Windows NT 10.0; Win64; x64) AppleWebKit/537.36 (KHTML, like Gecko) Chrome/85.0.4183.83 Safari/537.36"
73.61.177.57 - - [10/Sep/2020:14:32:01 -0400] "GET /rodman/images/hull/hull4.jpg HTTP/1.0" 200 12952 "http://customtanningbed.com/rodman/" "Mozilla/5.0 (Windows NT 10.0; Win64; x64) AppleWebKit/537.36 (KHTML, like Gecko) Chrome/85.0.4183.83 Safari/537.36"
73.61.177.57 - - [10/Sep/2020:14:32:02 -0400] "GET /rodman/images/hull/hull13.jpg HTTP/1.0" 200 26232 "http://customtanningbed.com/rodman/" "Mozilla/5.0 (Windows NT 10.0; Win64; x64) AppleWebKit/537.36 (KHTML, like Gecko) Chrome/85.0.4183.83 Safari/537.36"
24.114.91.153 - - [10/Sep/2020:14:47:53 -0400] "GET /apple-touch-icon-152x152-precomposed.png HTTP/1.0" 404 1075 "-" "MobileSafari/604.1 CFNetwork/978.0.7 Darwin/18.6.0"
114.119.153.113 - - [10/Sep/2020:15:19:56 -0400] "GET /admin/out.php HTTP/1.0" 200 2855 "-" "Mozilla/5.0 (Linux; Android 7.0;) AppleWebKit/537.36 (KHTML, like Gecko) Mobile Safari/537.36 (compatible; PetalBot;+http://aspiegel.com/petalbot)"
156.146.50.1 - - [10/Sep/2020:15:32:06 -0400] "POST /admin/Complete_%202_%20Bed_%20Package.php?id=addrec HTTP/1.0" 200 11536 "http://www.customtanningbed.com/admin/Complete_%202_%20Bed_%20Package.php?id=addrec" "Mozilla/5.0 (compatible; Konqueror/3.0-rc6; i686 Linux; 20020827)"
35.231.241.106 - - [10/Sep/2020:15:50:43 -0400] "GET /Bed/ HTTP/1.0" 403 206 "-" "ZoominfoBot (zoominfobot at zoominfo dot com)"
156.146.50.1 - - [10/Sep/2020:15:56:18 -0400] "POST /admin/Complete_%202_%20Bed_%20Package.php?id=addrec HTTP/1.0" 200 11536 "http://www.customtanningbed.com/admin/Complete_%202_%20Bed_%20Package.php?id=addrec" "Mozilla/4.0 (compatible; MSIE 7.0; Windows NT 6.0; KKman3.0; SLCC1; .NET CLR 2.0.50727; Media Center PC 5.0; .NET CLR 3.5.30729; .NET CLR 3.0.30618; OfficeLiveConnector.1.3; OfficeLivePatch.0.0)"
35.231.241.106 - - [10/Sep/2020:15:59:21 -0400] "GET /tanningbedrepair.html HTTP/1.0" 200 35082 "-" "ZoominfoBot (zoominfobot at zoominfo dot com)"
34.73.12.2 - - [10/Sep/2020:15:59:47 -0400] "GET /engineering.html HTTP/1.0" 200 15175 "-" "ZoominfoBot (zoominfobot at zoominfo dot com)"
34.73.12.2 - - [10/Sep/2020:16:00:11 -0400] "GET /plastic_vacuum_forming.html HTTP/1.0" 200 15884 "-" "ZoominfoBot (zoominfobot at zoominfo dot com)"
34.73.12.2 - - [10/Sep/2020:16:00:14 -0400] "GET /cda.html HTTP/1.0" 200 26624 "-" "ZoominfoBot (zoominfobot at zoominfo dot com)"
34.73.12.2 - - [10/Sep/2020:16:00:39 -0400] "GET /index.html HTTP/1.0" 301 245 "-" "ZoominfoBot (zoominfobot at zoominfo dot com)"
34.73.12.2 - - [10/Sep/2020:16:00:39 -0400] "GET / HTTP/1.0" 200 18843 "-" "ZoominfoBot (zoominfobot at zoominfo dot com)"
34.73.12.2 - - [10/Sep/2020:16:00:46 -0400] "GET /wiring.html HTTP/1.0" 200 15984 "-" "ZoominfoBot (zoominfobot at zoominfo dot com)"
35.231.241.106 - - [10/Sep/2020:16:01:21 -0400] "GET /lotions/ HTTP/1.0" 401 603 "-" "ZoominfoBot (zoominfobot at zoominfo dot com)"
35.231.241.106 - - [10/Sep/2020:16:05:35 -0400] "GET /stand-ups.html HTTP/1.0" 200 28325 "-" "ZoominfoBot (zoominfobot at zoominfo dot com)"
35.231.241.106 - - [10/Sep/2020:16:09:12 -0400] "GET /commercial.html HTTP/1.0" 200 25349 "-" "ZoominfoBot (zoominfobot at zoominfo dot com)"
35.231.241.106 - - [10/Sep/2020:16:12:52 -0400] "GET /howToOpenASalon.html HTTP/1.0" 200 18711 "-" "ZoominfoBot (zoominfobot at zoominfo dot com)"
34.73.12.2 - - [10/Sep/2020:16:15:17 -0400] "GET /labeling_shipping.html HTTP/1.0" 200 15851 "-" "ZoominfoBot (zoominfobot at zoominfo dot com)"
35.231.241.106 - - [10/Sep/2020:16:16:56 -0400] "GET /salonpackages.php HTTP/1.0" 200 94064 "-" "ZoominfoBot (zoominfobot at zoominfo dot com)"
35.231.241.106 - - [10/Sep/2020:16:18:34 -0400] "GET /massage-equipment.html HTTP/1.0" 200 23967 "-" "ZoominfoBot (zoominfobot at zoominfo dot com)"
156.146.50.1 - - [10/Sep/2020:16:20:00 -0400] "POST /admin/Complete_%202_%20Bed_%20Package.php?id=addrec HTTP/1.0" 200 11536 "http://www.customtanningbed.com/admin/Complete_%202_%20Bed_%20Package.php?id=addrec" "Mozilla/5.0 (Windows NT 5.1; U) Opera 7.52 [en]"
43.229.162.130 - - [10/Sep/2020:16:33:53 -0400] "GET /?q=semalt.com HTTP/1.0" 200 1453 "http://google.com/search?q=semalt.com" "Mozilla/5.0 (Windows NT 10.0; Win64; x64) AppleWebKit/537.36 (KHTML, like Gecko) Chrome/74.0.3729.169 Safari/537.36"
157.55.39.27 - - [10/Sep/2020:16:42:10 -0400] "GET /robots.txt HTTP/1.0" 200 23 "-" "Mozilla/5.0 (compatible; bingbot/2.0; +http://www.bing.com/bingbot.htm)"
114.119.133.191 - - [10/Sep/2020:17:05:19 -0400] "GET /pages_com/vt.html HTTP/1.0" 200 21416 "-" "Mozilla/5.0 (Linux; Android 7.0;) AppleWebKit/537.36 (KHTML, like Gecko) Mobile Safari/537.36 (compatible; PetalBot;+http://aspiegel.com/petalbot)"
10.30.94.78 - - [10/Sep/2020:17:18:15 -0400] "POST /wp-cron.php?doing_wp_cron=1599772696.4978840351104736328125 HTTP/1.0" 200 - "http://www.pbmbed.com/wp-cron.php?doing_wp_cron=1599772696.4978840351104736328125" "WordPress/4.9.8; http://www.pbmbed.com"
34.253.204.55 - - [10/Sep/2020:17:18:16 -0400] "GET / HTTP/1.0" 200 2744 "-" "Pandalytics/1.0 (https://domainsbot.com/pandalytics/)"
156.146.50.1 - - [10/Sep/2020:17:24:45 -0400] "POST /admin/Complete_%202_%20Bed_%20Package.php?id=addrec HTTP/1.0" 200 11536 "http://www.customtanningbed.com/admin/Complete_%202_%20Bed_%20Package.php?id=addrec" "Mozilla/5.0 (compatible; Konqueror/4.2; Linux) KHTML/4.2.4 (like Gecko) Fedora/4.2.4-2.fc11"
68.38.7.169 - - [10/Sep/2020:17:35:22 -0400] "GET /apple-touch-icon-precomposed.png HTTP/1.0" 404 1075 "-" "Safari/14607.1.40.1.4 CFNetwork/978.0.7 Darwin/18.5.0 (x86_64)"
68.38.7.169 - - [10/Sep/2020:17:35:23 -0400] "GET /apple-touch-icon.png HTTP/1.0" 404 1075 "-" "Safari/14607.1.40.1.4 CFNetwork/978.0.7 Darwin/18.5.0 (x86_64)"
68.38.7.169 - - [10/Sep/2020:17:35:35 -0400] "GET /apple-touch-icon-precomposed.png HTTP/1.0" 404 1075 "-" "Safari/14607.1.40.1.4 CFNetwork/978.0.7 Darwin/18.5.0 (x86_64)"
68.38.7.169 - - [10/Sep/2020:17:35:38 -0400] "GET /favicon.ico HTTP/1.0" 404 1075 "-" "Safari/14607.1.40.1.4 CFNetwork/978.0.7 Darwin/18.5.0 (x86_64)"
5.62.20.37 - - [10/Sep/2020:17:43:05 -0400] "GET /contactus.html HTTP/1.0" 200 16109 "-" "Mozilla/5.0 (Macintosh; Intel Mac OS X 10_13_4) AppleWebKit/537.36 (KHTML, like Gecko) Chrome/61.0.3163.79 Safari/537.36"
5.62.20.37 - - [10/Sep/2020:17:43:06 -0400] "GET /designYourOwnPackages.php HTTP/1.0" 200 72754 "http://www.customtanningbed.com/contactus.html" "Mozilla/5.0 (Macintosh; Intel Mac OS X 10_13_4) AppleWebKit/537.36 (KHTML, like Gecko) Chrome/61.0.3163.79 Safari/537.36"
66.249.79.88 - - [10/Sep/2020:17:44:29 -0400] "GET /favicon.ico HTTP/1.0" 404 1075 "-" "Googlebot-Image/1.0"
114.119.153.113 - - [10/Sep/2020:17:54:31 -0400] "GET /Perfect_Tan_Professional_BF_Series.php/aboutus.html HTTP/1.0" 200 51400 "-" "Mozilla/5.0 (Linux; Android 7.0;) AppleWebKit/537.36 (KHTML, like Gecko) Mobile Safari/537.36 (compatible; PetalBot;+http://aspiegel.com/petalbot)"
156.146.50.1 - - [10/Sep/2020:17:57:27 -0400] "POST /admin/Complete_%202_%20Bed_%20Package.php?id=addrec HTTP/1.0" 200 11536 "http://www.customtanningbed.com/admin/Complete_%202_%20Bed_%20Package.php?id=addrec" "Mozilla/5.0 (Macintosh; U; Intel Mac OS X 10_5_6; de-de) AppleWebKit/525.27.1 (KHTML, like Gecko) NetNewsWire/3.1.7"
73.211.189.200 - - [10/Sep/2020:19:02:02 -0400] "GET /images/symbol.jpg HTTP/1.0" 200 15335 "http://www.metalsheetfabrication.com/" "Mozilla/5.0 (Windows NT 10.0; Win64; x64) AppleWebKit/537.36 (KHTML, like Gecko) Chrome/85.0.4183.83 Safari/537.36"
73.211.189.200 - - [10/Sep/2020:19:02:03 -0400] "GET /images/home_right_image4.jpg HTTP/1.0" 200 28593 "http://www.metalsheetfabrication.com/" "Mozilla/5.0 (Windows NT 10.0; Win64; x64) AppleWebKit/537.36 (KHTML, like Gecko) Chrome/85.0.4183.83 Safari/537.36"
73.211.189.200 - - [10/Sep/2020:19:02:03 -0400] "GET /images/home_right_image5.jpg HTTP/1.0" 200 15609 "http://www.metalsheetfabrication.com/" "Mozilla/5.0 (Windows NT 10.0; Win64; x64) AppleWebKit/537.36 (KHTML, like Gecko) Chrome/85.0.4183.83 Safari/537.36"
73.211.189.200 - - [10/Sep/2020:19:02:11 -0400] "GET /images/left_contact_back_box.png HTTP/1.0" 200 3530 "http://www.metalsheetfabrication.com/" "Mozilla/5.0 (Windows NT 10.0; Win64; x64) AppleWebKit/537.36 (KHTML, like Gecko) Chrome/85.0.4183.83 Safari/537.36"
73.211.189.200 - - [10/Sep/2020:19:02:11 -0400] "GET /favicon.ico HTTP/1.0" 404 575 "http://www.metalsheetfabrication.com/" "Mozilla/5.0 (Windows NT 10.0; Win64; x64) AppleWebKit/537.36 (KHTML, like Gecko) Chrome/85.0.4183.83 Safari/537.36"
54.36.149.72 - - [10/Sep/2020:19:05:45 -0400] "GET /used-beds.php?id=137 HTTP/1.0" 200 20730 "-" "Mozilla/5.0 (compatible; AhrefsBot/7.0; +http://ahrefs.com/robot/)"
77.75.76.167 - - [10/Sep/2020:19:17:10 -0400] "GET /aboutus.html HTTP/1.0" 200 16786 "-" "Mozilla/5.0 (compatible; SeznamBot/3.2; +http://napoveda.seznam.cz/en/seznambot-intro/)"
167.100.39.139 - - [10/Sep/2020:19:36:29 -0400] "GET / HTTP/1.0" 200 18843 "http://www.google.com/url?sa=t&rct=j&q=&esrc=s&source=web&cd=&ved=2ahUKEwjCzefC4N_rAhVSbc0KHbZ-DhEQgU8wAXoECAsQIw&url=http%3A%2F%2Fwww.metalsheetfabrication.com%2F&usg=AOvVaw3WlGpGechJ9Lmp6-JjiKB8" "Mozilla/5.0 (Windows NT 10.0; WOW64; Trident/7.0; rv:11.0) like Gecko"
167.100.39.139 - - [10/Sep/2020:19:36:33 -0400] "GET /images/home_right_image2.jpg HTTP/1.0" 200 25132 "http://www.metalsheetfabrication.com/" "Mozilla/5.0 (Windows NT 10.0; WOW64; Trident/7.0; rv:11.0) like Gecko"
167.100.39.139 - - [10/Sep/2020:19:36:33 -0400] "GET /images/footer_back.jpg HTTP/1.0" 200 422 "http://www.metalsheetfabrication.com/" "Mozilla/5.0 (Windows NT 10.0; WOW64; Trident/7.0; rv:11.0) like Gecko"
167.100.39.139 - - [10/Sep/2020:19:36:34 -0400] "GET /images/home_right_image6.jpg HTTP/1.0" 200 23610 "http://www.metalsheetfabrication.com/" "Mozilla/5.0 (Windows NT 10.0; WOW64; Trident/7.0; rv:11.0) like Gecko"
54.36.148.157 - - [10/Sep/2020:19:39:44 -0400] "GET /used-beds.php?id=145 HTTP/1.0" 200 22058 "-" "Mozilla/5.0 (compatible; AhrefsBot/7.0; +http://ahrefs.com/robot/)"
77.75.76.167 - - [10/Sep/2020:19:45:47 -0400] "GET /robots.txt HTTP/1.0" 404 575 "-" "Mozilla/5.0 (compatible; SeznamBot/3.2; +http://napoveda.seznam.cz/en/seznambot-intro/)"
156.146.50.1 - - [10/Sep/2020:19:50:36 -0400] "POST /admin/Complete_%202_%20Bed_%20Package.php?id=addrec HTTP/1.0" 200 11536 "http://www.customtanningbed.com/admin/Complete_%202_%20Bed_%20Package.php?id=addrec" "Mozilla/5.0 (BeOS; U; BeOS BePC; en-US; rv:1.8.1b2) Gecko/20060901 Firefox/2.0b2"
114.119.134.146 - - [10/Sep/2020:20:05:05 -0400] "GET /robots.txt HTTP/1.0" 200 23 "-" "(compatible;PetalBot;+http://aspiegel.com/petalbot)"
10.30.94.78 - - [10/Sep/2020:20:17:11 -0400] "POST /wp-cron.php?doing_wp_cron=1599783432.5948400497436523437500 HTTP/1.0" 200 - "http://www.pbmbed.com/wp-cron.php?doing_wp_cron=1599783432.5948400497436523437500" "WordPress/4.9.8; http://www.pbmbed.com"
54.36.148.190 - - [10/Sep/2020:20:47:43 -0400] "GET /robots.txt HTTP/1.0" 200 23 "-" "Mozilla/5.0 (compatible; AhrefsBot/6.1; +http://ahrefs.com/robot/)"
76.8.148.104 - - [10/Sep/2020:20:53:30 -0400] "GET /css/formsubmit.css HTTP/1.0" 404 1075 "-" "Mozilla/5.0 (Linux; Android 10; SM-G973U) AppleWebKit/537.36 (KHTML, like Gecko) Chrome/85.0.4183.101 Mobile Safari/537.36"
156.146.50.1 - - [10/Sep/2020:21:18:20 -0400] "POST /admin/Complete_%202_%20Bed_%20Package.php?id=addrec HTTP/1.0" 200 11536 "http://www.customtanningbed.com/admin/Complete_%202_%20Bed_%20Package.php?id=addrec" "Mozilla/4.75 [de] (Windows NT 5.0; U)"
116.179.32.157 - - [10/Sep/2020:21:51:23 -0400] "GET / HTTP/1.0" 200 19887 "-" "Mozilla/5.0 (compatible; Baiduspider/2.0; +http://www.baidu.com/search/spider.html)"
114.119.153.113 - - [10/Sep/2020:22:08:10 -0400] "GET /used-beds.php?id=77 HTTP/1.0" 200 20100 "-" "Mozilla/5.0 (Linux; Android 7.0;) AppleWebKit/537.36 (KHTML, like Gecko) Mobile Safari/537.36 (compatible; PetalBot;+http://aspiegel.com/petalbot)"
77.75.77.62 - - [10/Sep/2020:22:16:15 -0400] "GET /robots.txt HTTP/1.0" 404 575 "-" "Mozilla/5.0 (compatible; SeznamBot/3.2; +http://napoveda.seznam.cz/en/seznambot-intro/)"
54.154.201.51 - - [10/Sep/2020:22:36:57 -0400] "GET /renew-u/ HTTP/1.0" 200 534 "-" "Mozilla/5.0 (Windows NT 6.2; WOW64)"
73.222.36.65 - - [10/Sep/2020:23:04:07 -0400] "GET /images/aboutUs.png HTTP/1.0" 200 2199 "http://www.customtanningbed.com/faqs.html" "Mozilla/5.0 (iPhone; CPU iPhone OS 13_7 like Mac OS X) AppleWebKit/605.1.15 (KHTML, like Gecko) Version/13.1.2 Mobile/15E148 Safari/604.1"
73.222.36.65 - - [10/Sep/2020:23:04:07 -0400] "GET /images/faq.png HTTP/1.0" 200 1612 "http://www.customtanningbed.com/faqs.html" "Mozilla/5.0 (iPhone; CPU iPhone OS 13_7 like Mac OS X) AppleWebKit/605.1.15 (KHTML, like Gecko) Version/13.1.2 Mobile/15E148 Safari/604.1"
73.222.36.65 - - [10/Sep/2020:23:04:07 -0400] "GET /images/helpfullButtom1.png HTTP/1.0" 200 438 "http://www.customtanningbed.com/faqs.html" "Mozilla/5.0 (iPhone; CPU iPhone OS 13_7 like Mac OS X) AppleWebKit/605.1.15 (KHTML, like Gecko) Version/13.1.2 Mobile/15E148 Safari/604.1"
73.222.36.65 - - [10/Sep/2020:23:04:10 -0400] "GET /images/arrowBullete.png HTTP/1.0" 200 210 "http://www.customtanningbed.com/faqs.html" "Mozilla/5.0 (iPhone; CPU iPhone OS 13_7 like Mac OS X) AppleWebKit/605.1.15 (KHTML, like Gecko) Version/13.1.2 Mobile/15E148 Safari/604.1"
73.222.36.65 - - [10/Sep/2020:23:04:11 -0400] "GET /images/footerLeft.jpg HTTP/1.0" 200 2009 "http://www.customtanningbed.com/faqs.html" "Mozilla/5.0 (iPhone; CPU iPhone OS 13_7 like Mac OS X) AppleWebKit/605.1.15 (KHTML, like Gecko) Version/13.1.2 Mobile/15E148 Safari/604.1"
