93.109.153.127 - - [11/Sep/2020:16:38:06 -0400] "GET /highslide/graphics/loader.white.gif HTTP/1.0" 200 673 "http://customtanningbed.com/salonpackages.php" "Mozilla/5.0 (Macintosh; Intel Mac OS X 10_13_6) AppleWebKit/605.1.15 (KHTML, like Gecko) Version/13.1.2 Safari/605.1.15"
93.109.153.127 - - [11/Sep/2020:16:38:06 -0400] "GET /highslide/graphics/zoomout.cur HTTP/1.0" 200 326 "http://customtanningbed.com/salonpackages.php" "Mozilla/5.0 (Macintosh; Intel Mac OS X 10_13_6) AppleWebKit/605.1.15 (KHTML, like Gecko) Version/13.1.2 Safari/605.1.15"
62.210.123.102 - - [11/Sep/2020:16:41:26 -0400] "GET / HTTP/1.0" 200 7748 "http://highpressuretanningbeds.com" "Mozilla/5.0 (Windows NT 10.0; Win64; x64) AppleWebKit/537.36 (KHTML, like Gecko) Chrome/69.0.3497.100 Safari/537.36"
156.146.50.1 - - [11/Sep/2020:16:57:08 -0400] "POST /admin/Complete_%202_%20Bed_%20Package.php?id=addrec HTTP/1.0" 200 11536 "http://www.customtanningbed.com/admin/Complete_%202_%20Bed_%20Package.php?id=addrec" "Mozilla/5.0 (X11; Linux i686; rv:2.2a1pre) Gecko/20110327 SeaMonkey/2.2a1pre"
156.146.50.1 - - [11/Sep/2020:17:27:40 -0400] "POST /admin/Complete_%202_%20Bed_%20Package.php?id=addrec HTTP/1.0" 200 11536 "http://www.customtanningbed.com/admin/Complete_%202_%20Bed_%20Package.php?id=addrec" "Mozilla/4.0 (compatible; MSIE 6.0; AOL 9.0; Windows 98; Win 9x 4.90; YPC 3.0.0)"
68.103.167.26 - - [11/Sep/2020:17:33:18 -0400] "GET /js/highslide.js HTTP/1.0" 200 43083 "http://customtanningbed.com/salonpackages.php" "Mozilla/5.0 (Windows NT 10.0; Win64; x64) AppleWebKit/537.36 (KHTML, like Gecko) Chrome/85.0.4183.102 Safari/537.36"
68.103.167.26 - - [11/Sep/2020:17:33:18 -0400] "GET /images/CMPP/4_H_EQ_eblast.jpg HTTP/1.0" 200 85730 "http://customtanningbed.com/salonpackages.php" "Mozilla/5.0 (Windows NT 10.0; Win64; x64) AppleWebKit/537.36 (KHTML, like Gecko) Chrome/85.0.4183.102 Safari/537.36"
68.103.167.26 - - [11/Sep/2020:17:33:19 -0400] "GET /images/background_new2.jpg HTTP/1.0" 200 632 "http://customtanningbed.com/salonpackages.php" "Mozilla/5.0 (Windows NT 10.0; Win64; x64) AppleWebKit/537.36 (KHTML, like Gecko) Chrome/85.0.4183.102 Safari/537.36"
68.103.167.26 - - [11/Sep/2020:17:33:19 -0400] "GET /images/header_new2.jpg HTTP/1.0" 200 148882 "http://customtanningbed.com/salonpackages.php" "Mozilla/5.0 (Windows NT 10.0; Win64; x64) AppleWebKit/537.36 (KHTML, like Gecko) Chrome/85.0.4183.102 Safari/537.36"
68.103.167.26 - - [11/Sep/2020:17:33:19 -0400] "GET /images/CMPP/2_4-Bed-Package.jpg HTTP/1.0" 200 92751 "http://customtanningbed.com/salonpackages.php" "Mozilla/5.0 (Windows NT 10.0; Win64; x64) AppleWebKit/537.36 (KHTML, like Gecko) Chrome/85.0.4183.102 Safari/537.36"
68.103.167.26 - - [11/Sep/2020:17:33:21 -0400] "GET /images/CMPP/2_Versa.jpg HTTP/1.0" 200 39450 "http://customtanningbed.com/salonpackages.php" "Mozilla/5.0 (Windows NT 10.0; Win64; x64) AppleWebKit/537.36 (KHTML, like Gecko) Chrome/85.0.4183.102 Safari/537.36"
68.103.167.26 - - [11/Sep/2020:17:33:22 -0400] "GET /images/footer_img2017.jpg HTTP/1.0" 200 44463 "http://customtanningbed.com/salonpackages.php" "Mozilla/5.0 (Windows NT 10.0; Win64; x64) AppleWebKit/537.36 (KHTML, like Gecko) Chrome/85.0.4183.102 Safari/537.36"
68.103.167.26 - - [11/Sep/2020:17:33:25 -0400] "GET /highslide/graphics/zoomout.cur HTTP/1.0" 200 326 "http://customtanningbed.com/salonpackages.php" "Mozilla/5.0 (Windows NT 10.0; Win64; x64) AppleWebKit/537.36 (KHTML, like Gecko) Chrome/85.0.4183.102 Safari/537.36"
68.103.167.26 - - [11/Sep/2020:17:33:47 -0400] "GET /images_com/RS/bt_360b.png HTTP/1.0" 200 26257 "http://customtanningbed.com/commercial.html" "Mozilla/5.0 (Windows NT 10.0; Win64; x64) AppleWebKit/537.36 (KHTML, like Gecko) Chrome/85.0.4183.102 Safari/537.36"
156.146.50.1 - - [11/Sep/2020:17:35:04 -0400] "POST /admin/Complete_%202_%20Bed_%20Package.php?id=addrec HTTP/1.0" 200 11536 "http://www.customtanningbed.com/admin/Complete_%202_%20Bed_%20Package.php?id=addrec" "Mozilla/4.0 (compatible; MSIE 7.0; Windows NT 5.1; Trident/4.0; .NET CLR 3.0.4506.2152; .NET CLR 2.0.50727; Lunascape 5.0.4.0)"
114.119.153.113 - - [11/Sep/2020:18:00:28 -0400] "GET / HTTP/1.0" 200 19887 "-" "Mozilla/5.0 (Linux; Android 7.0;) AppleWebKit/537.36 (KHTML, like Gecko) Mobile Safari/537.36 (compatible; PetalBot;+http://aspiegel.com/petalbot)"
66.249.79.41 - - [11/Sep/2020:18:18:17 -0400] "GET /used-beds.php?id=164 HTTP/1.0" 200 21185 "-" "Mozilla/5.0 (compatible; Googlebot/2.1; +http://www.google.com/bot.html)"
207.46.13.101 - - [11/Sep/2020:18:33:05 -0400] "GET /our_product_focus.htm HTTP/1.0" 200 5641 "-" "Mozilla/5.0 (compatible; bingbot/2.0; +http://www.bing.com/bingbot.htm)"
66.249.79.187 - - [11/Sep/2020:18:33:13 -0400] "GET / HTTP/1.0" 200 18843 "-" "Mozilla/5.0 (compatible; Googlebot/2.1; +http://www.google.com/bot.html)"
156.146.50.1 - - [11/Sep/2020:19:05:23 -0400] "POST /admin/Complete_%202_%20Bed_%20Package.php?id=addrec HTTP/1.0" 200 11536 "http://www.customtanningbed.com/admin/Complete_%202_%20Bed_%20Package.php?id=addrec" "Mozilla/4.0 (compatible; MSIE 6.0; Windows NT 5.1; OptusIE5)"
156.146.50.1 - - [11/Sep/2020:19:12:59 -0400] "POST /admin/Complete_%202_%20Bed_%20Package.php?id=addrec HTTP/1.0" 200 11536 "http://www.customtanningbed.com/admin/Complete_%202_%20Bed_%20Package.php?id=addrec" "Mozilla/5.0 (Windows; U; Windows NT 6.0; de; rv:1.9b5) Gecko/2008032620 Firefox/3.0b5"
66.249.79.13 - - [11/Sep/2020:19:22:46 -0400] "GET /favicon.ico HTTP/1.0" 404 1075 "-" "Googlebot-Image/1.0"
114.119.157.68 - - [11/Sep/2020:19:25:16 -0400] "GET /used-beds.php?id=88 HTTP/1.0" 200 12993 "-" "Mozilla/5.0 (Linux; Android 7.0;) AppleWebKit/537.36 (KHTML, like Gecko) Mobile Safari/537.36 (compatible; PetalBot;+http://aspiegel.com/petalbot)"
95.91.74.120 - - [11/Sep/2020:19:29:16 -0400] "GET /used-beds.php?id=172 HTTP/1.0" 200 20384 "-" "Mozilla/5.0 (compatible; MJ12bot/v1.4.8; http://mj12bot.com/)"
114.119.142.210 - - [11/Sep/2020:19:36:56 -0400] "GET /admin/Corporate_Identity_Package.php HTTP/1.0" 200 2946 "-" "Mozilla/5.0 (Linux; Android 7.0;) AppleWebKit/537.36 (KHTML, like Gecko) Mobile Safari/537.36 (compatible; PetalBot;+http://aspiegel.com/petalbot)"
173.252.127.1 - - [11/Sep/2020:19:41:29 -0400] "GET /images/logo.jpg HTTP/1.0" 200 17355 "-" "Mozilla/5.0 (Windows NT 10.0; Win64; x64) AppleWebKit/537.36 (KHTML, like Gecko) Chrome/85.0.4183.83 Safari/537.36 Edg/85.0.564.44"
66.231.185.70 - - [11/Sep/2020:19:47:40 -0400] "GET / HTTP/1.0" 200 19887 "-" "Mozilla/5.0 (compatible; MixrankBot; crawler@mixrank.com)"
66.231.185.70 - - [11/Sep/2020:19:48:48 -0400] "GET /commercial.html HTTP/1.0" 200 25349 "-" "Mozilla/5.0 (compatible; MixrankBot; crawler@mixrank.com)"
66.231.185.70 - - [11/Sep/2020:19:48:52 -0400] "GET /Bed/ HTTP/1.0" 403 206 "-" "Mozilla/5.0 (compatible; MixrankBot; crawler@mixrank.com)"
185.191.171.23 - - [11/Sep/2020:19:52:17 -0400] "GET /robots.txt HTTP/1.0" 200 23 "-" "Mozilla/5.0 (compatible; SemrushBot/6~bl; +http://www.semrush.com/bot.html)"
40.77.167.83 - - [11/Sep/2020:20:02:26 -0400] "GET /sitemap.xml HTTP/1.0" 200 14473 "-" "Mozilla/5.0 (compatible; bingbot/2.0; +http://www.bing.com/bingbot.htm)"
156.146.50.1 - - [11/Sep/2020:20:29:02 -0400] "POST /admin/Complete_%202_%20Bed_%20Package.php?id=addrec HTTP/1.0" 200 11536 "http://www.customtanningbed.com/admin/Complete_%202_%20Bed_%20Package.php?id=addrec" "Opera/7.51 (X11; Linux i686; U) [en]"
185.191.171.1 - - [11/Sep/2020:20:29:15 -0400] "GET /Lease%20Application.php?amp%3Bpr=%245880&%3Brate=%24169%2FMonth&id=Wide%20Body%20Bronzer%20380 HTTP/1.0" 200 41875 "-" "Mozilla/5.0 (compatible; SemrushBot/6~bl; +http://www.semrush.com/bot.html)"
114.119.154.30 - - [11/Sep/2020:20:31:31 -0400] "GET /admin/Wireless_Timing_System.php HTTP/1.0" 200 2946 "-" "Mozilla/5.0 (Linux; Android 7.0;) AppleWebKit/537.36 (KHTML, like Gecko) Mobile Safari/537.36 (compatible; PetalBot;+http://aspiegel.com/petalbot)"
66.249.79.41 - - [11/Sep/2020:20:41:52 -0400] "GET /salonpackages.php HTTP/1.0" 200 94064 "-" "Mozilla/5.0 (Linux; Android 6.0.1; Nexus 5X Build/MMB29P) AppleWebKit/537.36 (KHTML, like Gecko) Chrome/85.0.4183.97 Mobile Safari/537.36 (compatible; Googlebot/2.1; +http://www.google.com/bot.html)"
156.146.50.1 - - [11/Sep/2020:20:51:55 -0400] "POST /admin/Complete_%202_%20Bed_%20Package.php?id=addrec HTTP/1.0" 200 11536 "http://www.customtanningbed.com/admin/Complete_%202_%20Bed_%20Package.php?id=addrec" "Mozilla/4.0 (compatible; MSIE 6.0; Windows NT 5.1; 2XP)"
185.191.171.25 - - [11/Sep/2020:21:15:35 -0400] "GET /robots.txt HTTP/1.0" 200 23 "-" "Mozilla/5.0 (compatible; SemrushBot/6~bl; +http://www.semrush.com/bot.html)"
185.191.171.26 - - [11/Sep/2020:21:15:35 -0400] "GET /used-beds.php?id=166 HTTP/1.0" 200 12993 "-" "Mozilla/5.0 (compatible; SemrushBot/6~bl; +http://www.semrush.com/bot.html)"
156.146.50.1 - - [11/Sep/2020:21:30:28 -0400] "POST /admin/Complete_%202_%20Bed_%20Package.php?id=addrec HTTP/1.0" 200 11536 "http://www.customtanningbed.com/admin/Complete_%202_%20Bed_%20Package.php?id=addrec" "Mozilla/4.0 (compatible; MSIE 6.0; MSIE 5.5; Windows 2000) Opera 7.0 [en]"
156.146.50.1 - - [11/Sep/2020:21:45:52 -0400] "POST /admin/Complete_%202_%20Bed_%20Package.php?id=addrec HTTP/1.0" 200 11536 "http://www.customtanningbed.com/admin/Complete_%202_%20Bed_%20Package.php?id=addrec" "Mozilla/5.0 (X11; U; Linux i686; en; rv:1.9.0.12) Gecko/20080528 Epiphany/2.22 Firefox/3.0"
40.77.167.83 - - [11/Sep/2020:21:50:06 -0400] "GET /catalog_request.php HTTP/1.0" 200 11043 "-" "Mozilla/5.0 (compatible; bingbot/2.0; +http://www.bing.com/bingbot.htm)"
156.146.50.1 - - [11/Sep/2020:21:53:37 -0400] "POST /admin/Complete_%202_%20Bed_%20Package.php?id=addrec HTTP/1.0" 200 11536 "http://www.customtanningbed.com/admin/Complete_%202_%20Bed_%20Package.php?id=addrec" "Links (2.1pre37; Linux 2.6.26.3-grsec-pjwstk-02 x86_64; 80x24)"
35.229.91.121 - - [11/Sep/2020:22:13:15 -0400] "GET /engineering.html HTTP/1.0" 200 15175 "-" "ZoominfoBot (zoominfobot at zoominfo dot com)"
35.229.91.121 - - [11/Sep/2020:22:13:27 -0400] "GET /prototypes.html HTTP/1.0" 200 16715 "-" "ZoominfoBot (zoominfobot at zoominfo dot com)"
35.229.91.121 - - [11/Sep/2020:22:13:37 -0400] "GET /cda.html HTTP/1.0" 200 26624 "-" "ZoominfoBot (zoominfobot at zoominfo dot com)"
35.229.91.121 - - [11/Sep/2020:22:13:39 -0400] "GET / HTTP/1.0" 200 18843 "-" "ZoominfoBot (zoominfobot at zoominfo dot com)"
35.229.91.121 - - [11/Sep/2020:22:14:14 -0400] "GET /machining.html HTTP/1.0" 200 15259 "-" "ZoominfoBot (zoominfobot at zoominfo dot com)"
156.146.50.1 - - [11/Sep/2020:22:17:14 -0400] "POST /admin/Complete_%202_%20Bed_%20Package.php?id=addrec HTTP/1.0" 200 11536 "http://www.customtanningbed.com/admin/Complete_%202_%20Bed_%20Package.php?id=addrec" "Mozilla/5.0 (Macintosh; U; PPC Mac OS X Mach-O; en-US; rv:1.6) Gecko/20040113"
35.229.91.121 - - [11/Sep/2020:22:36:05 -0400] "GET /contact_us.html HTTP/1.0" 200 18241 "-" "ZoominfoBot (zoominfobot at zoominfo dot com)"
54.36.149.10 - - [11/Sep/2020:22:46:21 -0400] "GET /tanning-salon-computer-system.html HTTP/1.0" 404 1075 "-" "Mozilla/5.0 (compatible; AhrefsBot/7.0; +http://ahrefs.com/robot/)"
156.146.50.1 - - [11/Sep/2020:22:48:48 -0400] "POST /admin/Complete_%202_%20Bed_%20Package.php?id=addrec HTTP/1.0" 200 11536 "http://www.customtanningbed.com/admin/Complete_%202_%20Bed_%20Package.php?id=addrec" "Mozilla/5.0 (Macintosh; U; Intel Mac OS X 10_6_6; es-es) AppleWebKit/533.20.25 (KHTML, like Gecko) Version/5.0.4 Safari/533.20.27"
66.249.79.185 - - [11/Sep/2020:22:56:51 -0400] "GET /robots.txt HTTP/1.0" 404 575 "-" "Mozilla/5.0 (compatible; Googlebot/2.1; +http://www.google.com/bot.html)"
185.191.171.12 - - [11/Sep/2020:23:19:25 -0400] "GET /Lease%20Application.php?amp%3Bpr=%247025.00&%3Brate=%24202%2FMonth&id=Bronzer%20353 HTTP/1.0" 200 41865 "-" "Mozilla/5.0 (compatible; SemrushBot/6~bl; +http://www.semrush.com/bot.html)"
156.146.50.1 - - [11/Sep/2020:23:19:28 -0400] "POST /admin/Complete_%202_%20Bed_%20Package.php?id=addrec HTTP/1.0" 200 11536 "http://www.customtanningbed.com/admin/Complete_%202_%20Bed_%20Package.php?id=addrec" "Mozilla/4.0 (compatible; MSIE 6.0; Windows 98; Win 9x 4.90; AskBar 3.00)"
216.244.66.197 - - [11/Sep/2020:23:35:43 -0400] "GET /admin/Complete_%202_%20Bed_%20Package.php?id=editrec&mode=27266 HTTP/1.0" 200 11779 "-" "Mozilla/5.0 (compatible; DotBot/1.1; http://www.opensiteexplorer.org/dotbot, help@moz.com)"
216.244.66.197 - - [11/Sep/2020:23:36:11 -0400] "GET /admin/Complete_%202_%20Bed_%20Package.php?id=editrec&mode=27267 HTTP/1.0" 200 11779 "-" "Mozilla/5.0 (compatible; DotBot/1.1; http://www.opensiteexplorer.org/dotbot, help@moz.com)"
216.244.66.197 - - [11/Sep/2020:23:37:03 -0400] "GET /admin/Complete_%202_%20Bed_%20Package.php?id=editrec&mode=28128 HTTP/1.0" 200 11779 "-" "Mozilla/5.0 (compatible; DotBot/1.1; http://www.opensiteexplorer.org/dotbot, help@moz.com)"
216.244.66.197 - - [11/Sep/2020:23:38:56 -0400] "GET /admin/Complete_%202_%20Bed_%20Package.php?id=editrec&mode=31446 HTTP/1.0" 200 11779 "-" "Mozilla/5.0 (compatible; DotBot/1.1; http://www.opensiteexplorer.org/dotbot, help@moz.com)"
156.146.50.1 - - [11/Sep/2020:23:51:11 -0400] "POST /admin/Complete_%202_%20Bed_%20Package.php?id=addrec HTTP/1.0" 200 11536 "http://www.customtanningbed.com/admin/Complete_%202_%20Bed_%20Package.php?id=addrec" "Mozilla/4.0 (compatible; MSIE 6.0; Windows 98; Hotbar 4.3.1.0; FunWebProducts)"
156.146.50.1 - - [11/Sep/2020:23:59:04 -0400] "POST /admin/Complete_%202_%20Bed_%20Package.php?id=addrec HTTP/1.0" 200 11536 "http://www.customtanningbed.com/admin/Complete_%202_%20Bed_%20Package.php?id=addrec" "Mozilla/5.0 (Windows; U; Windows NT 5.1; en-US; rv:1.7.6) Gecko/20050317 Firefox/1.0.2"
40.77.167.125 - - [11/Sep/2020:00:09:00 -0400] "GET / HTTP/1.0" 200 1453 "-" "Mozilla/5.0 (compatible; bingbot/2.0; +http://www.bing.com/bingbot.htm)"
156.146.50.1 - - [11/Sep/2020:00:13:25 -0400] "POST /admin/Complete_%202_%20Bed_%20Package.php?id=addrec HTTP/1.0" 200 11536 "http://www.customtanningbed.com/admin/Complete_%202_%20Bed_%20Package.php?id=addrec" "Mozilla/5.0 (Windows; U; Windows NT 5.1; zh-CN) AppleWebKit/530.19.2 (KHTML, like Gecko) Version/4.0.2 Safari/530.19.1"
31.168.11.138 - - [11/Sep/2020:00:28:42 -0400] "GET /images/symbol.jpg HTTP/1.0" 200 15335 "http://www.metalsheetfabrication.com/" "Mozilla/5.0 (Windows NT 10.0; Win64; x64; rv:79.0) Gecko/20100101 Firefox/79.0"
31.168.11.138 - - [11/Sep/2020:00:28:42 -0400] "GET /images/bullets.png HTTP/1.0" 200 3249 "http://www.metalsheetfabrication.com/" "Mozilla/5.0 (Windows NT 10.0; Win64; x64; rv:79.0) Gecko/20100101 Firefox/79.0"
31.168.11.138 - - [11/Sep/2020:00:28:42 -0400] "GET /images/body_bg.jpg HTTP/1.0" 200 615 "http://www.metalsheetfabrication.com/css/style.css" "Mozilla/5.0 (Windows NT 10.0; Win64; x64; rv:79.0) Gecko/20100101 Firefox/79.0"
31.168.11.138 - - [11/Sep/2020:00:28:51 -0400] "GET /images/phone.jpg HTTP/1.0" 200 1550 "http://www.metalsheetfabrication.com/contact_us.html" "Mozilla/5.0 (Windows NT 10.0; Win64; x64; rv:79.0) Gecko/20100101 Firefox/79.0"
156.146.50.1 - - [11/Sep/2020:00:44:59 -0400] "POST /admin/Complete_%202_%20Bed_%20Package.php?id=addrec HTTP/1.0" 200 11536 "http://www.customtanningbed.com/admin/Complete_%202_%20Bed_%20Package.php?id=addrec" "Mozilla/5.0 (X11; U; Linux x86_64; da-DK; rv:1.9.0.10) Gecko/2009042523 Ubuntu/9.04 (jaunty) Firefox/3.0.10"
35.196.208.187 - - [11/Sep/2020:01:23:50 -0400] "GET /medical_marijuana_florida.html HTTP/1.0" 200 20696 "-" "ZoominfoBot (zoominfobot at zoominfo dot com)"
35.196.208.187 - - [11/Sep/2020:01:24:09 -0400] "GET /prototypes.html HTTP/1.0" 200 16715 "-" "ZoominfoBot (zoominfobot at zoominfo dot com)"
35.196.208.187 - - [11/Sep/2020:01:24:54 -0400] "GET /index.html HTTP/1.0" 301 245 "-" "ZoominfoBot (zoominfobot at zoominfo dot com)"
35.196.208.187 - - [11/Sep/2020:01:26:00 -0400] "GET /machining.html HTTP/1.0" 200 15259 "-" "ZoominfoBot (zoominfobot at zoominfo dot com)"
116.179.32.198 - - [11/Sep/2020:01:31:32 -0400] "GET /renew-u/ HTTP/1.0" 200 534 "-" "Mozilla/5.0 (compatible; Baiduspider/2.0; +http://www.baidu.com/search/spider.html)"
34.73.235.76 - - [11/Sep/2020:01:34:33 -0400] "GET /massage-equipment.html HTTP/1.0" 200 23967 "-" "ZoominfoBot (zoominfobot at zoominfo dot com)"
34.73.235.76 - - [11/Sep/2020:01:34:58 -0400] "GET /parts/ HTTP/1.0" 401 603 "-" "ZoominfoBot (zoominfobot at zoominfo dot com)"
34.73.235.76 - - [11/Sep/2020:01:37:01 -0400] "GET /robots.txt HTTP/1.0" 200 5838 "-" "ZoominfoBot (zoominfobot at zoominfo dot com)"
34.73.235.76 - - [11/Sep/2020:01:38:57 -0400] "GET /corporateIdentity.html HTTP/1.0" 200 2450 "-" "ZoominfoBot (zoominfobot at zoominfo dot com)"
35.196.208.187 - - [11/Sep/2020:01:40:23 -0400] "GET /plastic_injection_molding.html HTTP/1.0" 200 16386 "-" "ZoominfoBot (zoominfobot at zoominfo dot com)"
35.196.208.187 - - [11/Sep/2020:01:46:43 -0400] "GET /about_us.html HTTP/1.0" 200 17106 "-" "ZoominfoBot (zoominfobot at zoominfo dot com)"
156.146.50.1 - - [11/Sep/2020:01:48:14 -0400] "POST /admin/Complete_%202_%20Bed_%20Package.php?id=addrec HTTP/1.0" 200 11536 "http://www.customtanningbed.com/admin/Complete_%202_%20Bed_%20Package.php?id=addrec" "Mozilla/5.0 (X11; U; Linux; fr; rv:1.9.0.6) Gecko/2009011913 Firefox/3.0.6"
34.73.235.76 - - [11/Sep/2020:01:54:05 -0400] "GET /stand-ups.html HTTP/1.0" 200 28325 "-" "ZoominfoBot (zoominfobot at zoominfo dot com)"
156.146.50.1 - - [11/Sep/2020:01:56:06 -0400] "POST /admin/Complete_%202_%20Bed_%20Package.php?id=addrec HTTP/1.0" 200 11536 "http://www.customtanningbed.com/admin/Complete_%202_%20Bed_%20Package.php?id=addrec" "Mozilla/4.0 (compatible; MSIE 6.0; Windows NT 5.1; BT Openworld BB; SV1)"
34.73.235.76 - - [11/Sep/2020:02:09:39 -0400] "GET /massage-equipment.html HTTP/1.0" 200 23967 "-" "ZoominfoBot (zoominfobot at zoominfo dot com)"
156.146.50.1 - - [11/Sep/2020:00:05:33 -0400] "POST /admin/Complete_%202_%20Bed_%20Package.php?id=addrec HTTP/1.0" 200 11536 "http://www.customtanningbed.com/admin/Complete_%202_%20Bed_%20Package.php?id=addrec" "Mozilla/5.0 (Windows; U; Windows NT 5.1; zh-CN; rv:1.9b2pre) Gecko/2007112619 Minefield/3.0b2pre"
114.119.132.228 - - [11/Sep/2020:00:11:40 -0400] "GET /used-beds.php?id=160 HTTP/1.0" 200 19742 "-" "Mozilla/5.0 (Linux; Android 7.0;) AppleWebKit/537.36 (KHTML, like Gecko) Mobile Safari/537.36 (compatible; PetalBot;+http://aspiegel.com/petalbot)"
185.191.171.2 - - [11/Sep/2020:00:15:24 -0400] "GET /Lease%20Application.php?amp%3Bpr=%244395.00&%3Brate=%24124%2FMonth&id=Tropical%20Rayz%20BF%20281 HTTP/1.0" 200 41874 "-" "Mozilla/5.0 (compatible; SemrushBot/6~bl; +http://www.semrush.com/bot.html)"
31.168.11.138 - - [11/Sep/2020:00:28:42 -0400] "GET /images/logo.png HTTP/1.0" 200 24259 "http://www.metalsheetfabrication.com/" "Mozilla/5.0 (Windows NT 10.0; Win64; x64; rv:79.0) Gecko/20100101 Firefox/79.0"
31.168.11.138 - - [11/Sep/2020:00:28:42 -0400] "GET /images/left_menu_back.jpg HTTP/1.0" 200 6088 "http://www.metalsheetfabrication.com/css/style.css" "Mozilla/5.0 (Windows NT 10.0; Win64; x64; rv:79.0) Gecko/20100101 Firefox/79.0"
31.168.11.138 - - [11/Sep/2020:00:28:42 -0400] "GET /images/left_contact_back_box.png HTTP/1.0" 200 3530 "http://www.metalsheetfabrication.com/" "Mozilla/5.0 (Windows NT 10.0; Win64; x64; rv:79.0) Gecko/20100101 Firefox/79.0"
31.168.11.138 - - [11/Sep/2020:00:28:42 -0400] "GET /images/center_right.jpg HTTP/1.0" 200 13284 "http://www.metalsheetfabrication.com/css/style.css" "Mozilla/5.0 (Windows NT 10.0; Win64; x64; rv:79.0) Gecko/20100101 Firefox/79.0"
31.168.11.138 - - [11/Sep/2020:00:28:42 -0400] "GET /images/home_right_image4.jpg HTTP/1.0" 200 28593 "http://www.metalsheetfabrication.com/" "Mozilla/5.0 (Windows NT 10.0; Win64; x64; rv:79.0) Gecko/20100101 Firefox/79.0"
31.168.11.138 - - [11/Sep/2020:00:28:42 -0400] "GET /images/center_bottom.jpg HTTP/1.0" 200 9411 "http://www.metalsheetfabrication.com/css/style.css" "Mozilla/5.0 (Windows NT 10.0; Win64; x64; rv:79.0) Gecko/20100101 Firefox/79.0"
31.168.11.138 - - [11/Sep/2020:00:28:42 -0400] "GET /images/home_right_image7.jpg HTTP/1.0" 200 24980 "http://www.metalsheetfabrication.com/" "Mozilla/5.0 (Windows NT 10.0; Win64; x64; rv:79.0) Gecko/20100101 Firefox/79.0"
31.168.11.138 - - [11/Sep/2020:00:28:42 -0400] "GET /images/footer.jpg HTTP/1.0" 200 1791 "http://www.metalsheetfabrication.com/css/style.css" "Mozilla/5.0 (Windows NT 10.0; Win64; x64; rv:79.0) Gecko/20100101 Firefox/79.0"
31.168.11.138 - - [11/Sep/2020:00:28:50 -0400] "GET /images/letter.jpg HTTP/1.0" 200 1193 "http://www.metalsheetfabrication.com/contact_us.html" "Mozilla/5.0 (Windows NT 10.0; Win64; x64; rv:79.0) Gecko/20100101 Firefox/79.0"
156.146.50.1 - - [11/Sep/2020:00:29:08 -0400] "POST /admin/Complete_%202_%20Bed_%20Package.php?id=addrec HTTP/1.0" 200 11536 "http://www.customtanningbed.com/admin/Complete_%202_%20Bed_%20Package.php?id=addrec" "Mozilla/5.0 (X11; U; Linux i686; en; rv:1.9.0.15) Gecko/20080528 Epiphany/2.22 Firefox/3.0"
114.119.154.30 - - [11/Sep/2020:00:40:39 -0400] "GET /used-beds.php?id=131 HTTP/1.0" 200 20880 "-" "Mozilla/5.0 (Linux; Android 7.0;) AppleWebKit/537.36 (KHTML, like Gecko) Mobile Safari/537.36 (compatible; PetalBot;+http://aspiegel.com/petalbot)"
35.196.208.187 - - [11/Sep/2020:01:23:50 -0400] "GET /robots.txt HTTP/1.0" 404 575 "-" "ZoominfoBot (zoominfobot at zoominfo dot com)"
35.196.208.187 - - [11/Sep/2020:01:23:59 -0400] "GET /engineering.html HTTP/1.0" 200 15175 "-" "ZoominfoBot (zoominfobot at zoominfo dot com)"
35.196.208.187 - - [11/Sep/2020:01:30:12 -0400] "GET /sheet_metal_fabrication.html HTTP/1.0" 200 17039 "-" "ZoominfoBot (zoominfobot at zoominfo dot com)"
34.73.235.76 - - [11/Sep/2020:01:42:00 -0400] "GET /tanningbedrepair.html HTTP/1.0" 200 35082 "-" "ZoominfoBot (zoominfobot at zoominfo dot com)"
34.73.235.76 - - [11/Sep/2020:01:45:21 -0400] "GET /custom-tanning-beds.html HTTP/1.0" 200 18126 "-" "ZoominfoBot (zoominfobot at zoominfo dot com)"
17.58.98.49 - - [11/Sep/2020:01:52:19 -0400] "GET /Lease%20Application.php?id= HTTP/1.0" 200 41854 "-" "Mozilla/5.0 (Macintosh; Intel Mac OS X 10_15_5) AppleWebKit/605.1.15 (KHTML, like Gecko) Version/13.1.1 Safari/605.1.15 (Applebot/0.1; +http://www.apple.com/go/applebot)"
34.73.235.76 - - [11/Sep/2020:01:53:20 -0400] "GET /spa-equipment.html HTTP/1.0" 200 19027 "-" "ZoominfoBot (zoominfobot at zoominfo dot com)"
34.73.235.76 - - [11/Sep/2020:01:55:35 -0400] "GET /contactus.html HTTP/1.0" 200 16109 "-" "ZoominfoBot (zoominfobot at zoominfo dot com)"
34.73.235.76 - - [11/Sep/2020:01:58:08 -0400] "GET /commercial.html HTTP/1.0" 200 25349 "-" "ZoominfoBot (zoominfobot at zoominfo dot com)"
34.73.235.76 - - [11/Sep/2020:02:07:31 -0400] "GET /salonpackages.php HTTP/1.0" 200 94064 "-" "ZoominfoBot (zoominfobot at zoominfo dot com)"
69.50.241.83 - - [11/Sep/2020:02:11:53 -0400] "GET / HTTP/1.0" 200 19887 "-" "Mozilla/5.0 (Windows NT 10.0; Win64; x64) AppleWebKit/537.36 (KHTML, like Gecko) Chrome/80.0.3987.122 Safari/537.36"
164.90.147.244 - - [11/Sep/2020:02:13:36 -0400] "GET /wp-content/plugins/ioptimization/IOptimize.php?rchk HTTP/1.0" 404 575 "www.google.com" "Mozlila/5.0 (Linux; Android 7.0; SM-G892A Bulid/NRD90M; wv) AppleWebKit/537.36 (KHTML, like Gecko) Version/4.0 Chrome/60.0.3112.107 Moblie Safari/537.36"
34.73.235.76 - - [11/Sep/2020:02:14:06 -0400] "GET /commercial.html HTTP/1.0" 200 25349 "-" "ZoominfoBot (zoominfobot at zoominfo dot com)"
10.30.94.78 - - [11/Sep/2020:03:45:34 -0400] "POST /wp-cron.php?doing_wp_cron=1599810333.9451758861541748046875 HTTP/1.0" 200 - "http://www.pbmbed.com/wp-cron.php?doing_wp_cron=1599810333.9451758861541748046875" "WordPress/4.9.8; http://www.pbmbed.com"
66.249.68.44 - - [11/Sep/2020:03:46:21 -0400] "GET /robots.txt HTTP/1.0" 200 2744 "-" "Mozilla/5.0 (compatible; Googlebot/2.1; +http://www.google.com/bot.html)"
162.241.225.198 - - [11/Sep/2020:03:48:45 -0400] "GET /old/wp-admin/ HTTP/1.0" 404 1075 "http://customtanningbed.com/" "Mozilla/5.0 (Windows NT 10.0; Win64; x64) AppleWebKit/537.36 (KHTML, like Gecko) Chrome/78.0.3904.97 Safari/537.36"
156.146.50.1 - - [11/Sep/2020:03:56:22 -0400] "POST /admin/Complete_%202_%20Bed_%20Package.php?id=addrec HTTP/1.0" 200 11536 "http://www.customtanningbed.com/admin/Complete_%202_%20Bed_%20Package.php?id=addrec" "Mozilla/5.0 (Windows; U; Windows NT 6.0; en-US; rv:1.9.1b4) Gecko/20090423 Firefox/3.5b4 GTB5 (.NET CLR 3.5.30729)"
156.146.50.1 - - [11/Sep/2020:04:04:17 -0400] "POST /admin/Complete_%202_%20Bed_%20Package.php?id=addrec HTTP/1.0" 200 11536 "http://www.customtanningbed.com/admin/Complete_%202_%20Bed_%20Package.php?id=addrec" "Mozilla/5.0 (Windows; U; Windows NT 5.1; en-US; rv:1.9.1.6) Gecko/20100121 Firefox/3.5.6 Wyzo/3.5.6"
39.101.67.145 - - [11/Sep/2020:04:15:00 -0400] "GET /css/album.css HTTP/1.0" 404 575 "-" "Mozilla/5.0 (Windows NT 10.0; WOW64; rv:48.0) Gecko/20100101 Firefox/48.0"
156.146.50.1 - - [11/Sep/2020:04:35:54 -0400] "POST /admin/Complete_%202_%20Bed_%20Package.php?id=addrec HTTP/1.0" 200 11536 "http://www.customtanningbed.com/admin/Complete_%202_%20Bed_%20Package.php?id=addrec" "Mozilla/5.0 (Macintosh; U; PPC Mac OS X Mach-O; en-US; rv:1.8.0.5) Gecko/20060731 Firefox/1.5.0.5 Flock/0.7.4.1"
66.249.79.254 - - [11/Sep/2020:04:56:28 -0400] "GET /robots.txt HTTP/1.0" 404 575 "-" "Mozilla/5.0 (compatible; Googlebot/2.1; +http://www.google.com/bot.html)"
54.36.148.229 - - [11/Sep/2020:04:58:00 -0400] "GET / HTTP/1.0" 200 7748 "-" "Mozilla/5.0 (compatible; AhrefsBot/7.0; +http://ahrefs.com/robot/)"
178.255.215.98 - - [11/Sep/2020:05:00:10 -0400] "GET /images/bullets.png HTTP/1.0" 200 3249 "http://www.metalsheetfabrication.com/" "Mozilla/5.0 (compatible; Konqueror/3.5; Linux) KHTML/3.5.5 (like Gecko) (Exabot-Thumbnails)"
178.255.215.98 - - [11/Sep/2020:05:00:11 -0400] "GET /images/body_bg.jpg HTTP/1.0" 200 615 "http://www.metalsheetfabrication.com/" "Mozilla/5.0 (compatible; Konqueror/3.5; Linux) KHTML/3.5.5 (like Gecko) (Exabot-Thumbnails)"
178.255.215.98 - - [11/Sep/2020:05:00:11 -0400] "GET /images/footer.jpg HTTP/1.0" 200 1791 "http://www.metalsheetfabrication.com/" "Mozilla/5.0 (compatible; Konqueror/3.5; Linux) KHTML/3.5.5 (like Gecko) (Exabot-Thumbnails)"
156.146.50.1 - - [11/Sep/2020:05:23:11 -0400] "POST /admin/Complete_%202_%20Bed_%20Package.php?id=addrec HTTP/1.0" 200 11536 "http://www.customtanningbed.com/admin/Complete_%202_%20Bed_%20Package.php?id=addrec" "Mozilla/5.0 (Macintosh; U; Intel Mac OS X 10_6_3; en-US) AppleWebKit/534.1 (KHTML, like Gecko) Chrome/6.0.428.0 Safari/534.1"
114.119.133.191 - - [11/Sep/2020:05:45:38 -0400] "GET /used-beds.php?id=146 HTTP/1.0" 200 22435 "-" "Mozilla/5.0 (Linux; Android 7.0;) AppleWebKit/537.36 (KHTML, like Gecko) Mobile Safari/537.36 (compatible; PetalBot;+http://aspiegel.com/petalbot)"
82.207.175.52 - - [11/Sep/2020:06:02:16 -0400] "GET / HTTP/1.0" 200 19887 "-" "Mozilla/5.0 (Windows NT 6.1; Win64; x64; rv:25.0) Gecko/20100101 Firefox/25.0"
62.210.189.2 - - [11/Sep/2020:06:10:34 -0400] "GET /aboutus.html HTTP/1.0" 200 16786 "-" "Mozilla/5.0 (compatible; Barkrowler/0.9; +https://babbar.tech/crawler)"
62.210.189.2 - - [11/Sep/2020:06:10:37 -0400] "GET /faq.html HTTP/1.0" 200 27185 "-" "Mozilla/5.0 (compatible; Barkrowler/0.9; +https://babbar.tech/crawler)"
62.210.189.2 - - [11/Sep/2020:06:10:56 -0400] "GET /catalog_request.php HTTP/1.0" 200 11043 "-" "Mozilla/5.0 (compatible; Barkrowler/0.9; +https://babbar.tech/crawler)"
114.119.154.30 - - [11/Sep/2020:06:29:58 -0400] "GET /rodman/ HTTP/1.0" 200 8795 "-" "Mozilla/5.0 (Linux; Android 7.0;) AppleWebKit/537.36 (KHTML, like Gecko) Mobile Safari/537.36 (compatible; PetalBot;+http://aspiegel.com/petalbot)"
93.158.161.33 - - [11/Sep/2020:06:38:26 -0400] "GET /robots.txt HTTP/1.0" 200 23 "-" "Mozilla/5.0 (compatible; YandexBot/3.0; +http://yandex.com/bots)"
156.146.50.1 - - [11/Sep/2020:07:05:38 -0400] "POST /admin/Complete_%202_%20Bed_%20Package.php?id=addrec HTTP/1.0" 200 11536 "http://www.customtanningbed.com/admin/Complete_%202_%20Bed_%20Package.php?id=addrec" "Mozilla/4.0 (compatible; MSIE 6.0; Windows NT 5.1; CVnet)"
156.146.50.1 - - [11/Sep/2020:07:21:36 -0400] "POST /admin/Complete_%202_%20Bed_%20Package.php?id=addrec HTTP/1.0" 200 11536 "http://www.customtanningbed.com/admin/Complete_%202_%20Bed_%20Package.php?id=addrec" "Mozilla/5.0 (Windows; U; Windows NT 5.1; en-US; rv:1.9a1) Gecko/20060809 Minefield/3.0a1"
114.119.157.68 - - [11/Sep/2020:07:26:11 -0400] "GET /faq.html HTTP/1.0" 200 27185 "-" "Mozilla/5.0 (Linux; Android 7.0;) AppleWebKit/537.36 (KHTML, like Gecko) Mobile Safari/537.36 (compatible; PetalBot;+http://aspiegel.com/petalbot)"
156.146.50.1 - - [11/Sep/2020:07:29:35 -0400] "POST /admin/Complete_%202_%20Bed_%20Package.php?id=addrec HTTP/1.0" 200 11536 "http://www.customtanningbed.com/admin/Complete_%202_%20Bed_%20Package.php?id=addrec" "Opera/7.21 (Windows NT 5.0; U) [en]"
62.210.188.240 - - [11/Sep/2020:07:42:05 -0400] "GET / HTTP/1.0" 200 18843 "-" "Mozilla/5.0 (compatible; Barkrowler/0.9; +https://babbar.tech/crawler)"
62.210.188.240 - - [11/Sep/2020:07:42:28 -0400] "GET /index.html HTTP/1.0" 301 245 "-" "Mozilla/5.0 (compatible; Barkrowler/0.9; +https://babbar.tech/crawler)"
62.210.188.240 - - [11/Sep/2020:07:42:33 -0400] "GET /index.html HTTP/1.0" 301 245 "-" "Mozilla/5.0 (compatible; Barkrowler/0.9; +https://babbar.tech/crawler)"
17.58.98.49 - - [11/Sep/2020:07:47:51 -0400] "GET /custom-tanning-beds.html HTTP/1.0" 200 18126 "-" "Mozilla/5.0 (Macintosh; Intel Mac OS X 10_15_5) AppleWebKit/605.1.15 (KHTML, like Gecko) Version/13.1.1 Safari/605.1.15 (Applebot/0.1; +http://www.apple.com/go/applebot)"
114.119.154.30 - - [11/Sep/2020:07:51:26 -0400] "GET /used-beds.php?id=172 HTTP/1.0" 200 20384 "-" "Mozilla/5.0 (Linux; Android 7.0;) AppleWebKit/537.36 (KHTML, like Gecko) Mobile Safari/537.36 (compatible; PetalBot;+http://aspiegel.com/petalbot)"
185.191.171.22 - - [11/Sep/2020:08:11:33 -0400] "GET /robots.txt HTTP/1.0" 200 23 "-" "Mozilla/5.0 (compatible; SemrushBot/6~bl; +http://www.semrush.com/bot.html)"
23.228.109.146 - - [11/Sep/2020:08:35:08 -0400] "GET /wp-content/plugins/fluid_forms/file-upload/server/php/index.php HTTP/1.0" 200 3244 "http://www.google.com/" "Mozilla/5.0 (Windows NT 6.1; Win64; x64) AppleWebKit/537.36 (KHTML, like Gecko) Chrome/56.0.2896.3 Safari/537.36"
185.81.157.239 - - [11/Sep/2020:08:39:34 -0400] "POST /wp-content/plugins/wp-file-manager/lib/php/connector.minimal.php HTTP/1.0" 404 1075 "-" "python-requests/2.24.0"
114.119.157.68 - - [11/Sep/2020:09:04:52 -0400] "GET /pages_com/focus.html HTTP/1.0" 200 23818 "-" "Mozilla/5.0 (Linux; Android 7.0;) AppleWebKit/537.36 (KHTML, like Gecko) Mobile Safari/537.36 (compatible; PetalBot;+http://aspiegel.com/petalbot)"
174.233.154.188 - - [11/Sep/2020:09:08:21 -0400] "GET /used_bed_images/used_tanning_bed_175.jpg HTTP/1.0" 200 41856 "http://customtanningbed.com/used-tanning-beds.php" "Mozilla/5.0 (iPhone; CPU iPhone OS 13_6_1 like Mac OS X) AppleWebKit/605.1.15 (KHTML, like Gecko) Version/13.1.2 Mobile/15E148 Safari/604.1"
174.233.154.188 - - [11/Sep/2020:09:08:21 -0400] "GET /js/common.js HTTP/1.0" 200 1085 "http://customtanningbed.com/used-tanning-beds.php" "Mozilla/5.0 (iPhone; CPU iPhone OS 13_6_1 like Mac OS X) AppleWebKit/605.1.15 (KHTML, like Gecko) Version/13.1.2 Mobile/15E148 Safari/604.1"
174.233.154.188 - - [11/Sep/2020:09:08:21 -0400] "GET /used_bed_images/used_tanning_bed_176.jpg HTTP/1.0" 200 394791 "http://customtanningbed.com/used-tanning-beds.php" "Mozilla/5.0 (iPhone; CPU iPhone OS 13_6_1 like Mac OS X) AppleWebKit/605.1.15 (KHTML, like Gecko) Version/13.1.2 Mobile/15E148 Safari/604.1"
174.233.154.188 - - [11/Sep/2020:09:08:21 -0400] "GET /used_bed_images/used_tanning_bed_170.jpg HTTP/1.0" 200 38307 "http://customtanningbed.com/used-tanning-beds.php" "Mozilla/5.0 (iPhone; CPU iPhone OS 13_6_1 like Mac OS X) AppleWebKit/605.1.15 (KHTML, like Gecko) Version/13.1.2 Mobile/15E148 Safari/604.1"
174.233.154.188 - - [11/Sep/2020:09:08:21 -0400] "GET /used_bed_images/used_tanning_bed_161.jpg HTTP/1.0" 200 32498 "http://customtanningbed.com/used-tanning-beds.php" "Mozilla/5.0 (iPhone; CPU iPhone OS 13_6_1 like Mac OS X) AppleWebKit/605.1.15 (KHTML, like Gecko) Version/13.1.2 Mobile/15E148 Safari/604.1"
174.233.154.188 - - [11/Sep/2020:09:08:22 -0400] "GET /used_bed_images/used_tanning_bed_145.jpg HTTP/1.0" 200 79366 "http://customtanningbed.com/used-tanning-beds.php" "Mozilla/5.0 (iPhone; CPU iPhone OS 13_6_1 like Mac OS X) AppleWebKit/605.1.15 (KHTML, like Gecko) Version/13.1.2 Mobile/15E148 Safari/604.1"
174.233.154.188 - - [11/Sep/2020:09:08:22 -0400] "GET /used_bed_images/used_tanning_bed_138.jpg HTTP/1.0" 200 291740 "http://customtanningbed.com/used-tanning-beds.php" "Mozilla/5.0 (iPhone; CPU iPhone OS 13_6_1 like Mac OS X) AppleWebKit/605.1.15 (KHTML, like Gecko) Version/13.1.2 Mobile/15E148 Safari/604.1"
174.233.154.188 - - [11/Sep/2020:09:08:22 -0400] "GET /used_bed_images/used_tanning_bed_134.jpg HTTP/1.0" 200 393321 "http://customtanningbed.com/used-tanning-beds.php" "Mozilla/5.0 (iPhone; CPU iPhone OS 13_6_1 like Mac OS X) AppleWebKit/605.1.15 (KHTML, like Gecko) Version/13.1.2 Mobile/15E148 Safari/604.1"
174.233.154.188 - - [11/Sep/2020:09:08:22 -0400] "GET /used_bed_images/used_tanning_bed_136.jpg HTTP/1.0" 200 550382 "http://customtanningbed.com/used-tanning-beds.php" "Mozilla/5.0 (iPhone; CPU iPhone OS 13_6_1 like Mac OS X) AppleWebKit/605.1.15 (KHTML, like Gecko) Version/13.1.2 Mobile/15E148 Safari/604.1"
174.233.154.188 - - [11/Sep/2020:09:08:22 -0400] "GET /used_bed_images/used_tanning_bed_132.jpg HTTP/1.0" 200 231370 "http://customtanningbed.com/used-tanning-beds.php" "Mozilla/5.0 (iPhone; CPU iPhone OS 13_6_1 like Mac OS X) AppleWebKit/605.1.15 (KHTML, like Gecko) Version/13.1.2 Mobile/15E148 Safari/604.1"
174.233.154.188 - - [11/Sep/2020:09:08:23 -0400] "GET /used_bed_images/used_tanning_bed_90.jpg HTTP/1.0" 200 424996 "http://customtanningbed.com/used-tanning-beds.php" "Mozilla/5.0 (iPhone; CPU iPhone OS 13_6_1 like Mac OS X) AppleWebKit/605.1.15 (KHTML, like Gecko) Version/13.1.2 Mobile/15E148 Safari/604.1"
174.233.154.188 - - [11/Sep/2020:09:08:23 -0400] "GET /images/footer_img2017.jpg HTTP/1.0" 200 44463 "http://customtanningbed.com/used-tanning-beds.php" "Mozilla/5.0 (iPhone; CPU iPhone OS 13_6_1 like Mac OS X) AppleWebKit/605.1.15 (KHTML, like Gecko) Version/13.1.2 Mobile/15E148 Safari/604.1"
174.233.154.188 - - [11/Sep/2020:09:08:23 -0400] "GET /highslide/graphics/loader.white.gif HTTP/1.0" 200 673 "http://customtanningbed.com/used-tanning-beds.php" "Mozilla/5.0 (iPhone; CPU iPhone OS 13_6_1 like Mac OS X) AppleWebKit/605.1.15 (KHTML, like Gecko) Version/13.1.2 Mobile/15E148 Safari/604.1"
174.233.154.188 - - [11/Sep/2020:09:08:23 -0400] "GET /favicon.ico HTTP/1.0" 404 1075 "http://customtanningbed.com/used-tanning-beds.php" "Mozilla/5.0 (iPhone; CPU iPhone OS 13_6_1 like Mac OS X) AppleWebKit/605.1.15 (KHTML, like Gecko) Version/13.1.2 Mobile/15E148 Safari/604.1"
156.146.50.1 - - [11/Sep/2020:09:29:04 -0400] "POST /admin/Complete_%202_%20Bed_%20Package.php?id=addrec HTTP/1.0" 200 11536 "http://www.customtanningbed.com/admin/Complete_%202_%20Bed_%20Package.php?id=addrec" "Mozilla/5.0 (X11; U; Linux i686; en-US; rv:1.8.0.2) Gecko/20060630 Red Hat/1.0.1-0.1.9.EL3 SeaMonkey/1.0.1"
156.146.50.1 - - [11/Sep/2020:09:53:37 -0400] "POST /admin/Complete_%202_%20Bed_%20Package.php?id=addrec HTTP/1.0" 200 11536 "http://www.customtanningbed.com/admin/Complete_%202_%20Bed_%20Package.php?id=addrec" "Mozilla/4.0 (compatible; MSIE 6.0; Windows NT 5.0; GEP IE 5.5 SP1 Standard)"
107.161.188.178 - - [11/Sep/2020:10:10:49 -0400] "GET /wp-admin/ HTTP/1.0" 404 575 "http://metalsheetfabrication.com/" "Mozilla/5.0 (Windows NT 10.0; Win64; x64) AppleWebKit/537.36 (KHTML, like Gecko) Chrome/78.0.3904.97 Safari/537.36"
87.117.234.176 - - [11/Sep/2020:10:12:58 -0400] "GET /robots.txt HTTP/1.0" 200 23 "-" "Foregenix Web Scan 1.100000 (www.foregenix.com/scan)"
87.117.234.176 - - [11/Sep/2020:10:12:58 -0400] "GET / HTTP/1.0" 200 19887 "-" "Foregenix Web Scan 1.100000 (www.foregenix.com/scan)"
87.117.234.176 - - [11/Sep/2020:10:12:59 -0400] "GET /js/mage/translate_inline.js HTTP/1.0" 404 1075 "-" "Foregenix Web Scan 1.100000 (www.foregenix.com/scan)"
87.117.234.176 - - [11/Sep/2020:10:13:00 -0400] "GET /RELEASE_NOTES.txt HTTP/1.0" 404 1075 "-" "Foregenix Web Scan 1.100000 (www.foregenix.com/scan)"
87.117.234.176 - - [11/Sep/2020:10:13:01 -0400] "GET /images/wlw/wp-icon.png HTTP/1.0" 404 1075 "-" "Foregenix Web Scan 1.100000 (www.foregenix.com/scan)"
87.117.234.176 - - [11/Sep/2020:10:13:03 -0400] "GET /admin/ HTTP/1.0" 200 2855 "http://customtanningbed.com/admin" "Foregenix Web Scan 1.100000 (www.foregenix.com/scan)"
87.117.234.176 - - [11/Sep/2020:10:13:03 -0400] "GET /README.md HTTP/1.0" 404 1075 "-" "Foregenix Web Scan 1.100000 (www.foregenix.com/scan)"
156.146.50.1 - - [11/Sep/2020:10:17:43 -0400] "POST /admin/Complete_%202_%20Bed_%20Package.php?id=addrec HTTP/1.0" 200 11536 "http://www.customtanningbed.com/admin/Complete_%202_%20Bed_%20Package.php?id=addrec" "Opera/9.61 (X11; Linux i686; U; ru) Presto/2.1.1"
40.77.167.83 - - [11/Sep/2020:10:21:30 -0400] "GET /Perfect_Tan_Professional_SF_Series.php/salonpackages.php HTTP/1.0" 200 30193 "-" "Mozilla/5.0 (compatible; bingbot/2.0; +http://www.bing.com/bingbot.htm)"
54.36.148.160 - - [11/Sep/2020:10:25:11 -0400] "GET /stand-ups.html HTTP/1.0" 200 28325 "-" "Mozilla/5.0 (compatible; AhrefsBot/7.0; +http://ahrefs.com/robot/)"
198.100.146.121 - - [11/Sep/2020:10:38:26 -0400] "GET /wp-content/plugins/wp-file-manager/readme.txt HTTP/1.0" 404 575 "-" "Python-urllib/2.7"
66.249.79.119 - - [11/Sep/2020:10:41:33 -0400] "GET /robots.txt HTTP/1.0" 404 575 "-" "Mozilla/5.0 (compatible; Googlebot/2.1; +http://www.google.com/bot.html)"
156.146.50.1 - - [11/Sep/2020:10:58:54 -0400] "POST /admin/Complete_%202_%20Bed_%20Package.php?id=addrec HTTP/1.0" 200 11536 "http://www.customtanningbed.com/admin/Complete_%202_%20Bed_%20Package.php?id=addrec" "Mozilla/4.0 (compatible; MSIE 5.5; Windows 98; Creative)"
139.59.20.176 - - [11/Sep/2020:11:17:14 -0400] "GET /2020/ HTTP/1.0" 404 1075 "-" "Mozilla/4.0 (compatible; MSIE 5.01; Windows NT 5.0)"
66.249.79.228 - - [11/Sep/2020:11:18:08 -0400] "GET /favicon.ico HTTP/1.0" 404 575 "-" "Googlebot-Image/1.0"
156.146.50.1 - - [11/Sep/2020:11:23:43 -0400] "POST /admin/Complete_%202_%20Bed_%20Package.php?id=addrec HTTP/1.0" 200 11536 "http://www.customtanningbed.com/admin/Complete_%202_%20Bed_%20Package.php?id=addrec" "Mozilla/4.0 (compatible; MSIE 5.01; Windows NT 5.0; YComp 5.0.2.4)"
156.146.50.1 - - [11/Sep/2020:11:40:04 -0400] "POST /admin/Complete_%202_%20Bed_%20Package.php?id=addrec HTTP/1.0" 200 11536 "http://www.customtanningbed.com/admin/Complete_%202_%20Bed_%20Package.php?id=addrec" "Mozilla/5.0 (Windows; U; Windows NT 5.1; en; rv:1.7.10) Gecko/20050716 Firefox/1.0.5"
114.119.154.30 - - [11/Sep/2020:11:42:42 -0400] "GET /catalog_request.php HTTP/1.0" 200 11043 "-" "Mozilla/5.0 (Linux; Android 7.0;) AppleWebKit/537.36 (KHTML, like Gecko) Mobile Safari/537.36 (compatible; PetalBot;+http://aspiegel.com/petalbot)"
156.146.50.1 - - [11/Sep/2020:11:48:31 -0400] "POST /admin/Complete_%202_%20Bed_%20Package.php?id=addrec HTTP/1.0" 200 11536 "http://www.customtanningbed.com/admin/Complete_%202_%20Bed_%20Package.php?id=addrec" "Mozilla/4.0 (compatible; MSIE 6.0; Windows NT 5.0) Opera 7.22 [fr]"
66.194.91.130 - - [11/Sep/2020:11:57:53 -0400] "GET /css/style.css HTTP/1.0" 200 5539 "http://www.metalsheetfabrication.com/" "Mozilla/5.0 (Windows NT 10.0; Win64; x64) AppleWebKit/537.36 (KHTML, like Gecko) Chrome/85.0.4183.83 Safari/537.36"
66.194.91.130 - - [11/Sep/2020:11:57:53 -0400] "GET /images/quote.png HTTP/1.0" 200 32329 "http://www.metalsheetfabrication.com/" "Mozilla/5.0 (Windows NT 10.0; Win64; x64) AppleWebKit/537.36 (KHTML, like Gecko) Chrome/85.0.4183.83 Safari/537.36"
66.194.91.130 - - [11/Sep/2020:11:57:54 -0400] "GET /images/home_right_image2.jpg HTTP/1.0" 200 25132 "http://www.metalsheetfabrication.com/" "Mozilla/5.0 (Windows NT 10.0; Win64; x64) AppleWebKit/537.36 (KHTML, like Gecko) Chrome/85.0.4183.83 Safari/537.36"
66.194.91.130 - - [11/Sep/2020:11:57:55 -0400] "GET /images/home_right_image4.jpg HTTP/1.0" 200 28593 "http://www.metalsheetfabrication.com/" "Mozilla/5.0 (Windows NT 10.0; Win64; x64) AppleWebKit/537.36 (KHTML, like Gecko) Chrome/85.0.4183.83 Safari/537.36"
156.146.50.1 - - [11/Sep/2020:12:04:48 -0400] "POST /admin/Complete_%202_%20Bed_%20Package.php?id=addrec HTTP/1.0" 200 11536 "http://www.customtanningbed.com/admin/Complete_%202_%20Bed_%20Package.php?id=addrec" "Mozilla/4.0 (compatible; MSIE 6.0; Windows 98; MSOCD; AtHomeEN191)"
114.119.154.30 - - [11/Sep/2020:12:06:28 -0400] "GET /stand-ups.html HTTP/1.0" 200 28325 "-" "Mozilla/5.0 (Linux; Android 7.0;) AppleWebKit/537.36 (KHTML, like Gecko) Mobile Safari/537.36 (compatible; PetalBot;+http://aspiegel.com/petalbot)"
157.55.39.17 - - [11/Sep/2020:12:14:42 -0400] "GET /robots.txt HTTP/1.0" 404 575 "-" "Mozilla/5.0 (compatible; bingbot/2.0; +http://www.bing.com/bingbot.htm)"
114.119.154.30 - - [11/Sep/2020:12:19:24 -0400] "GET /used-beds.php?id=173 HTTP/1.0" 200 20655 "-" "Mozilla/5.0 (Linux; Android 7.0;) AppleWebKit/537.36 (KHTML, like Gecko) Mobile Safari/537.36 (compatible; PetalBot;+http://aspiegel.com/petalbot)"
156.146.50.1 - - [11/Sep/2020:12:28:54 -0400] "POST /admin/Complete_%202_%20Bed_%20Package.php?id=addrec HTTP/1.0" 200 11536 "http://www.customtanningbed.com/admin/Complete_%202_%20Bed_%20Package.php?id=addrec" "Mozilla/4.73 (Macintosh; I; PPC)"
156.146.50.1 - - [11/Sep/2020:12:45:21 -0400] "POST /admin/Complete_%202_%20Bed_%20Package.php?id=addrec HTTP/1.0" 200 11536 "http://www.customtanningbed.com/admin/Complete_%202_%20Bed_%20Package.php?id=addrec" "Mozilla/5.0 (X11; U; Linux i686; en-US; rv:1.9b3pre) Gecko/2008020507 Firefox/3.0b3pre"
156.146.50.1 - - [11/Sep/2020:12:53:21 -0400] "POST /admin/Complete_%202_%20Bed_%20Package.php?id=addrec HTTP/1.0" 200 11536 "http://www.customtanningbed.com/admin/Complete_%202_%20Bed_%20Package.php?id=addrec" "Mozilla/5.0 (Windows; U; Windows NT 6.1; en-US; rv:1.9.2a2pre) Gecko/20090917 Namoroka/3.6a2pre"
156.146.50.1 - - [11/Sep/2020:13:01:11 -0400] "POST /admin/Complete_%202_%20Bed_%20Package.php?id=addrec HTTP/1.0" 200 11536 "http://www.customtanningbed.com/admin/Complete_%202_%20Bed_%20Package.php?id=addrec" "Mozilla/5.0 (X11; U; Linux x86_64; ru; rv:1.9.2.18pre) Gecko/20110419 Ubuntu/10.04 (lucid) Namoroka/3.6.18pre"
65.95.117.56 - - [11/Sep/2020:13:10:24 -0400] "GET /used_bed_images/used_tanning_bed_146.jpg HTTP/1.0" 200 51384 "http://customtanningbed.com/used-tanning-beds.php" "Mozilla/5.0 (Windows NT 6.1; Win64; x64) AppleWebKit/537.36 (KHTML, like Gecko) Chrome/85.0.4183.83 Safari/537.36"
65.95.117.56 - - [11/Sep/2020:13:10:23 -0400] "GET /used_bed_images/used_tanning_bed_168.jpg HTTP/1.0" 200 2446327 "http://customtanningbed.com/used-tanning-beds.php" "Mozilla/5.0 (Windows NT 6.1; Win64; x64) AppleWebKit/537.36 (KHTML, like Gecko) Chrome/85.0.4183.83 Safari/537.36"
65.95.117.56 - - [11/Sep/2020:13:10:25 -0400] "GET /used_bed_images/used_tanning_bed_137.jpg HTTP/1.0" 200 15447 "http://customtanningbed.com/used-tanning-beds.php" "Mozilla/5.0 (Windows NT 6.1; Win64; x64) AppleWebKit/537.36 (KHTML, like Gecko) Chrome/85.0.4183.83 Safari/537.36"
65.95.117.56 - - [11/Sep/2020:13:10:25 -0400] "GET /used_bed_images/used_tanning_bed_136.jpg HTTP/1.0" 200 550382 "http://customtanningbed.com/used-tanning-beds.php" "Mozilla/5.0 (Windows NT 6.1; Win64; x64) AppleWebKit/537.36 (KHTML, like Gecko) Chrome/85.0.4183.83 Safari/537.36"
65.95.117.56 - - [11/Sep/2020:13:10:25 -0400] "GET /used_bed_images/used_tanning_bed_131.jpg HTTP/1.0" 200 17344 "http://customtanningbed.com/used-tanning-beds.php" "Mozilla/5.0 (Windows NT 6.1; Win64; x64) AppleWebKit/537.36 (KHTML, like Gecko) Chrome/85.0.4183.83 Safari/537.36"
65.95.117.56 - - [11/Sep/2020:13:10:26 -0400] "GET /used_bed_images/used_tanning_bed_77.jpg HTTP/1.0" 200 23546 "http://customtanningbed.com/used-tanning-beds.php" "Mozilla/5.0 (Windows NT 6.1; Win64; x64) AppleWebKit/537.36 (KHTML, like Gecko) Chrome/85.0.4183.83 Safari/537.36"
65.95.117.56 - - [11/Sep/2020:13:10:26 -0400] "GET /used_bed_images/used_tanning_bed_21.jpg HTTP/1.0" 200 400201 "http://customtanningbed.com/used-tanning-beds.php" "Mozilla/5.0 (Windows NT 6.1; Win64; x64) AppleWebKit/537.36 (KHTML, like Gecko) Chrome/85.0.4183.83 Safari/537.36"
65.95.117.56 - - [11/Sep/2020:13:10:26 -0400] "GET /images/links3.jpg HTTP/1.0" 200 8821 "http://customtanningbed.com/used-tanning-beds.php" "Mozilla/5.0 (Windows NT 6.1; Win64; x64) AppleWebKit/537.36 (KHTML, like Gecko) Chrome/85.0.4183.83 Safari/537.36"
144.168.199.79 - - [11/Sep/2020:13:12:31 -0400] "GET /contactus.html HTTP/1.0" 200 16109 "http://customtanningbed.com" "Mozilla/5.0 (Macintosh; Intel Mac OS X 10_13_4) AppleWebKit/537.36 (KHTML, like Gecko) Chrome/61.0.3163.79 Safari/537.36"
68.5.170.205 - - [11/Sep/2020:13:23:03 -0400] "GET /rodman/images/rodman010.jpg HTTP/1.0" 200 18558 "http://customtanningbed.com/rodman/" "Mozilla/5.0 (Linux; Android 10; SM-G960U) AppleWebKit/537.36 (KHTML, like Gecko) Chrome/85.0.4183.81 Mobile Safari/537.36"
68.5.170.205 - - [11/Sep/2020:13:23:03 -0400] "GET /rodman/images/radar.jpg HTTP/1.0" 200 34014 "http://customtanningbed.com/rodman/" "Mozilla/5.0 (Linux; Android 10; SM-G960U) AppleWebKit/537.36 (KHTML, like Gecko) Chrome/85.0.4183.81 Mobile Safari/537.36"
68.5.170.205 - - [11/Sep/2020:13:23:04 -0400] "GET /rodman/images/head1.jpg HTTP/1.0" 200 14560 "http://customtanningbed.com/rodman/" "Mozilla/5.0 (Linux; Android 10; SM-G960U) AppleWebKit/537.36 (KHTML, like Gecko) Chrome/85.0.4183.81 Mobile Safari/537.36"
68.5.170.205 - - [11/Sep/2020:13:23:04 -0400] "GET /rodman/images/salon2.jpg HTTP/1.0" 200 31223 "http://customtanningbed.com/rodman/" "Mozilla/5.0 (Linux; Android 10; SM-G960U) AppleWebKit/537.36 (KHTML, like Gecko) Chrome/85.0.4183.81 Mobile Safari/537.36"
68.5.170.205 - - [11/Sep/2020:13:23:04 -0400] "GET /rodman/images/forwardair2.jpg HTTP/1.0" 200 17478 "http://customtanningbed.com/rodman/" "Mozilla/5.0 (Linux; Android 10; SM-G960U) AppleWebKit/537.36 (KHTML, like Gecko) Chrome/85.0.4183.81 Mobile Safari/537.36"
68.5.170.205 - - [11/Sep/2020:13:23:04 -0400] "GET /rodman/images/portcloset.jpg HTTP/1.0" 200 15935 "http://customtanningbed.com/rodman/" "Mozilla/5.0 (Linux; Android 10; SM-G960U) AppleWebKit/537.36 (KHTML, like Gecko) Chrome/85.0.4183.81 Mobile Safari/537.36"
68.5.170.205 - - [11/Sep/2020:13:23:04 -0400] "GET /rodman/images/rodman021.jpg HTTP/1.0" 200 15901 "http://customtanningbed.com/rodman/" "Mozilla/5.0 (Linux; Android 10; SM-G960U) AppleWebKit/537.36 (KHTML, like Gecko) Chrome/85.0.4183.81 Mobile Safari/537.36"
68.5.170.205 - - [11/Sep/2020:13:23:04 -0400] "GET /rodman/images/salon5.jpg HTTP/1.0" 200 34050 "http://customtanningbed.com/rodman/" "Mozilla/5.0 (Linux; Android 10; SM-G960U) AppleWebKit/537.36 (KHTML, like Gecko) Chrome/85.0.4183.81 Mobile Safari/537.36"
68.5.170.205 - - [11/Sep/2020:13:23:04 -0400] "GET /rodman/images/masse_generator.jpg HTTP/1.0" 200 35137 "http://customtanningbed.com/rodman/" "Mozilla/5.0 (Linux; Android 10; SM-G960U) AppleWebKit/537.36 (KHTML, like Gecko) Chrome/85.0.4183.81 Mobile Safari/537.36"
68.5.170.205 - - [11/Sep/2020:13:23:04 -0400] "GET /rodman/images/portcylinders1.jpg HTTP/1.0" 200 66124 "http://customtanningbed.com/rodman/" "Mozilla/5.0 (Linux; Android 10; SM-G960U) AppleWebKit/537.36 (KHTML, like Gecko) Chrome/85.0.4183.81 Mobile Safari/537.36"
68.5.170.205 - - [11/Sep/2020:13:23:05 -0400] "GET /rodman/images/head3.jpg HTTP/1.0" 200 50129 "http://customtanningbed.com/rodman/" "Mozilla/5.0 (Linux; Android 10; SM-G960U) AppleWebKit/537.36 (KHTML, like Gecko) Chrome/85.0.4183.81 Mobile Safari/537.36"
68.5.170.205 - - [11/Sep/2020:13:23:06 -0400] "GET /rodman/images/hull/hull10.jpg HTTP/1.0" 200 19303 "http://customtanningbed.com/rodman/" "Mozilla/5.0 (Linux; Android 10; SM-G960U) AppleWebKit/537.36 (KHTML, like Gecko) Chrome/85.0.4183.81 Mobile Safari/537.36"
111.206.221.11 - - [11/Sep/2020:13:31:45 -0400] "GET /js/common.js HTTP/1.0" 200 1085 "http://www.customtanningbed.com/used-tanning-beds.php" "Mozilla/5.0 (compatible; Baiduspider-render/2.0; +http://www.baidu.com/search/spider.html)"
111.206.221.85 - - [11/Sep/2020:13:31:46 -0400] "GET /used_bed_images/used_tanning_bed_173.jpg HTTP/1.0" 200 6631 "http://www.customtanningbed.com/used-tanning-beds.php" "Mozilla/5.0 (compatible; Baiduspider-render/2.0; +http://www.baidu.com/search/spider.html)"
111.206.221.36 - - [11/Sep/2020:13:31:46 -0400] "GET /used_bed_images/used_tanning_bed_172.jpg HTTP/1.0" 200 106464 "http://www.customtanningbed.com/used-tanning-beds.php" "Mozilla/5.0 (compatible; Baiduspider-render/2.0; +http://www.baidu.com/search/spider.html)"
111.206.198.71 - - [11/Sep/2020:13:31:46 -0400] "GET /used_bed_images/used_tanning_bed_170.jpg HTTP/1.0" 200 38307 "http://www.customtanningbed.com/used-tanning-beds.php" "Mozilla/5.0 (compatible; Baiduspider-render/2.0; +http://www.baidu.com/search/spider.html)"
111.206.198.25 - - [11/Sep/2020:13:31:48 -0400] "GET /used_bed_images/used_tanning_bed_165.jpg HTTP/1.0" 200 94447 "http://www.customtanningbed.com/used-tanning-beds.php" "Mozilla/5.0 (compatible; Baiduspider-render/2.0; +http://www.baidu.com/search/spider.html)"
111.206.221.66 - - [11/Sep/2020:13:31:49 -0400] "GET /used_bed_images/used_tanning_bed_163.jpg HTTP/1.0" 200 254616 "http://www.customtanningbed.com/used-tanning-beds.php" "Mozilla/5.0 (compatible; Baiduspider-render/2.0; +http://www.baidu.com/search/spider.html)"
111.206.198.40 - - [11/Sep/2020:13:31:51 -0400] "GET /used_bed_images/used_tanning_bed_159.gif HTTP/1.0" 200 87582 "http://www.customtanningbed.com/used-tanning-beds.php" "Mozilla/5.0 (compatible; Baiduspider-render/2.0; +http://www.baidu.com/search/spider.html)"
