156.146.50.1 - - [11/Sep/2020:19:58:29 -0400] "POST /admin/Complete_%202_%20Bed_%20Package.php?id=addrec HTTP/1.0" 200 11536 "http://www.customtanningbed.com/admin/Complete_%202_%20Bed_%20Package.php?id=addrec" "Mozilla/5.0 (X11; U; Linux i686; zh-CN; rv:1.9.2.8) Gecko/20100722 Ubuntu/10.04 (lucid) Firefox/3.6.8"
156.146.50.1 - - [11/Sep/2020:20:06:06 -0400] "POST /admin/Complete_%202_%20Bed_%20Package.php?id=addrec HTTP/1.0" 200 11536 "http://www.customtanningbed.com/admin/Complete_%202_%20Bed_%20Package.php?id=addrec" "Opera/9.50 (Windows NT 5.1; U; nn)"
173.214.169.132 - - [11/Sep/2020:20:14:31 -0400] "GET /tanningbedrepair.html HTTP/1.0" 200 35082 "-" "Mozilla/5.0 (Windows NT 10.0; Win64; x64) AppleWebKit/537.36 (KHTML, like Gecko) Chrome/51.0.2704.106 Safari/537.36"
156.146.50.1 - - [11/Sep/2020:20:44:15 -0400] "POST /admin/Complete_%202_%20Bed_%20Package.php?id=addrec HTTP/1.0" 200 11536 "http://www.customtanningbed.com/admin/Complete_%202_%20Bed_%20Package.php?id=addrec" "Opera/9.00 (X11; Linux i686; U; en)"
207.46.13.153 - - [11/Sep/2020:20:45:06 -0400] "GET /images_com/RS/p3601.jpeg HTTP/1.0" 200 11886 "-" "Mozilla/5.0 (compatible; bingbot/2.0; +http://www.bing.com/bingbot.htm)"
17.58.98.49 - - [11/Sep/2020:20:58:59 -0400] "GET / HTTP/1.0" 200 1453 "-" "Mozilla/5.0 (Macintosh; Intel Mac OS X 10_15_5) AppleWebKit/605.1.15 (KHTML, like Gecko) Version/13.1.1 Safari/605.1.15 (Applebot/0.1; +http://www.apple.com/go/applebot)"
156.146.50.1 - - [11/Sep/2020:20:59:34 -0400] "POST /admin/Complete_%202_%20Bed_%20Package.php?id=addrec HTTP/1.0" 200 11536 "http://www.customtanningbed.com/admin/Complete_%202_%20Bed_%20Package.php?id=addrec" "Mozilla/4.0 (compatible; MSIE 5.5; Windows 98; DT)"
114.119.128.143 - - [11/Sep/2020:21:07:00 -0400] "GET /admin/POS_%20System.php HTTP/1.0" 200 2946 "-" "Mozilla/5.0 (Linux; Android 7.0;) AppleWebKit/537.36 (KHTML, like Gecko) Mobile Safari/537.36 (compatible; PetalBot;+http://aspiegel.com/petalbot)"
156.146.50.1 - - [11/Sep/2020:21:07:21 -0400] "POST /admin/Complete_%202_%20Bed_%20Package.php?id=addrec HTTP/1.0" 200 11536 "http://www.customtanningbed.com/admin/Complete_%202_%20Bed_%20Package.php?id=addrec" "Mozilla/5.0 (X11; U; Linux x86_64; en-US; rv:1.8.1.3) Gecko/20070415 Firefox/2.0.0.3"
156.146.50.1 - - [11/Sep/2020:21:22:45 -0400] "POST /admin/Complete_%202_%20Bed_%20Package.php?id=addrec HTTP/1.0" 200 11536 "http://www.customtanningbed.com/admin/Complete_%202_%20Bed_%20Package.php?id=addrec" "Mozilla/4.0 (compatible; MSIE 6.0; Windows NT 5.1) Opera 7.54 [da]"
185.191.171.10 - - [11/Sep/2020:21:50:26 -0400] "GET /Lease%20Application.php?amp%3Bpr=%246250.00&%3Brate=%24179%2FMonth&id=Bronzer%20380 HTTP/1.0" 200 41865 "-" "Mozilla/5.0 (compatible; SemrushBot/6~bl; +http://www.semrush.com/bot.html)"
170.130.28.235 - - [11/Sep/2020:21:52:07 -0400] "GET / HTTP/1.0" 200 18843 "-" "Mozilla/5.0 (X11; Linux x86_64) AppleWebKit/605.1.15 (KHTML, like Gecko) Version/11.0 Safari/605.1.15 Epiphany/605.1.15"
170.130.28.235 - - [11/Sep/2020:21:52:07 -0400] "GET /contact_us.html HTTP/1.0" 200 18241 "http://www.metalsheetfabrication.com/" "Mozilla/5.0 (X11; Linux x86_64) AppleWebKit/605.1.15 (KHTML, like Gecko) Version/11.0 Safari/605.1.15 Epiphany/605.1.15"
35.229.91.121 - - [11/Sep/2020:22:13:05 -0400] "GET /medical_marijuana_florida.html HTTP/1.0" 200 20696 "-" "ZoominfoBot (zoominfobot at zoominfo dot com)"
35.229.91.121 - - [11/Sep/2020:22:13:21 -0400] "GET /powder_coating.html HTTP/1.0" 200 15052 "-" "ZoominfoBot (zoominfobot at zoominfo dot com)"
156.146.50.1 - - [11/Sep/2020:22:25:10 -0400] "POST /admin/Complete_%202_%20Bed_%20Package.php?id=addrec HTTP/1.0" 200 11536 "http://www.customtanningbed.com/admin/Complete_%202_%20Bed_%20Package.php?id=addrec" "Mozilla/4.0 (compatible; MSIE 6.0; Windows NT 5.1; X Channel Browser)"
39.104.235.66 - - [11/Sep/2020:22:28:08 -0400] "GET /ueditor/net/controller.ashx HTTP/1.0" 404 1075 "-" "python-requests/2.22.0"
35.229.91.121 - - [11/Sep/2020:22:30:36 -0400] "GET /metalsheet_quote.html HTTP/1.0" 200 20623 "-" "ZoominfoBot (zoominfobot at zoominfo dot com)"
84.17.60.215 - - [11/Sep/2020:22:34:35 -0400] "GET / HTTP/1.0" 200 2744 "http://pbmbed.com/" "Mozilla/5.0 (Windows NT 6.1; WOW64) AppleWebKit/537.36 (KHTML, like Gecko) Chrome/67.0.3396.87 Safari/537.36 OPR/54.0.2952.64 (Edition Yx)"
66.249.79.38 - - [11/Sep/2020:22:37:15 -0400] "GET /robots.txt HTTP/1.0" 200 23 "-" "Mozilla/5.0 (compatible; Googlebot/2.1; +http://www.google.com/bot.html)"
35.229.91.121 - - [11/Sep/2020:22:37:46 -0400] "GET /about_us.html HTTP/1.0" 200 17106 "-" "ZoominfoBot (zoominfobot at zoominfo dot com)"
17.58.98.50 - - [11/Sep/2020:22:52:57 -0400] "GET /toning-tables.html HTTP/1.0" 200 22385 "-" "Mozilla/5.0 (Macintosh; Intel Mac OS X 10_15_5) AppleWebKit/605.1.15 (KHTML, like Gecko) Version/13.1.1 Safari/605.1.15 (Applebot/0.1; +http://www.apple.com/go/applebot)"
54.36.148.150 - - [11/Sep/2020:23:01:57 -0400] "GET / HTTP/1.0" 200 1453 "-" "Mozilla/5.0 (compatible; AhrefsBot/7.0; +http://ahrefs.com/robot/)"
185.191.171.26 - - [11/Sep/2020:23:17:36 -0400] "GET /robots.txt HTTP/1.0" 200 23 "-" "Mozilla/5.0 (compatible; SemrushBot/6~bl; +http://www.semrush.com/bot.html)"
216.244.66.197 - - [11/Sep/2020:23:25:04 -0400] "GET /robots.txt HTTP/1.0" 200 23 "-" "Mozilla/5.0 (compatible; DotBot/1.1; http://www.opensiteexplorer.org/dotbot, help@moz.com)"
216.244.66.197 - - [11/Sep/2020:23:35:14 -0400] "GET /admin/Complete_%202_%20Bed_%20Package.php?id=del&mode=37930 HTTP/1.0" 200 11536 "-" "Mozilla/5.0 (compatible; DotBot/1.1; http://www.opensiteexplorer.org/dotbot, help@moz.com)"
216.244.66.197 - - [11/Sep/2020:23:36:37 -0400] "GET /admin/Complete_%202_%20Bed_%20Package.php?id=editrec&mode=28115 HTTP/1.0" 200 11779 "-" "Mozilla/5.0 (compatible; DotBot/1.1; http://www.opensiteexplorer.org/dotbot, help@moz.com)"
216.244.66.197 - - [11/Sep/2020:23:37:51 -0400] "GET /admin/Complete_%202_%20Bed_%20Package.php?id=editrec&mode=28814 HTTP/1.0" 200 11779 "-" "Mozilla/5.0 (compatible; DotBot/1.1; http://www.opensiteexplorer.org/dotbot, help@moz.com)"
185.191.171.18 - - [11/Sep/2020:23:49:59 -0400] "GET /Lease%20Application.php?amp%3Bpr=%247835.00&%3Brate=%24219%2FMonth&id=Ultra%20Bronzer%20380 HTTP/1.0" 200 41871 "-" "Mozilla/5.0 (compatible; SemrushBot/6~bl; +http://www.semrush.com/bot.html)"
114.119.142.210 - - [11/Sep/2020:00:23:21 -0400] "GET /used-beds.php?id=143 HTTP/1.0" 200 21471 "-" "Mozilla/5.0 (Linux; Android 7.0;) AppleWebKit/537.36 (KHTML, like Gecko) Mobile Safari/537.36 (compatible; PetalBot;+http://aspiegel.com/petalbot)"
66.249.79.90 - - [11/Sep/2020:00:26:32 -0400] "GET /ads.txt HTTP/1.0" 404 1075 "-" "Mozilla/5.0 (compatible; Googlebot/2.1; +http://www.google.com/bot.html)"
31.168.11.138 - - [11/Sep/2020:00:28:42 -0400] "GET /images/home_right_image2.jpg HTTP/1.0" 200 25132 "http://www.metalsheetfabrication.com/" "Mozilla/5.0 (Windows NT 10.0; Win64; x64; rv:79.0) Gecko/20100101 Firefox/79.0"
114.119.128.143 - - [11/Sep/2020:00:46:33 -0400] "GET /Lease%20Application.php?mode1=Complete%207%20Bed%20Package&id1=Cash%20%2459%2C995%20or%20Lease&image=images%2FCMPP%2F15_ergolinewall.jpg HTTP/1.0" 200 43064 "-" "Mozilla/5.0 (Linux; Android 7.0;) AppleWebKit/537.36 (KHTML, like Gecko) Mobile Safari/537.36 (compatible; PetalBot;+http://aspiegel.com/petalbot)"
35.196.208.187 - - [11/Sep/2020:01:24:53 -0400] "GET / HTTP/1.0" 200 18843 "-" "ZoominfoBot (zoominfobot at zoominfo dot com)"
34.73.235.76 - - [11/Sep/2020:01:32:22 -0400] "GET /robots.txt HTTP/1.0" 200 23 "-" "ZoominfoBot (zoominfobot at zoominfo dot com)"
156.146.50.1 - - [11/Sep/2020:01:32:26 -0400] "POST /admin/Complete_%202_%20Bed_%20Package.php?id=addrec HTTP/1.0" 200 11536 "http://www.customtanningbed.com/admin/Complete_%202_%20Bed_%20Package.php?id=addrec" "Mozilla/5.0 (X11; U; PPC)"
35.196.208.187 - - [11/Sep/2020:01:41:08 -0400] "GET /labeling_shipping.html HTTP/1.0" 200 15851 "-" "ZoominfoBot (zoominfobot at zoominfo dot com)"
66.249.79.173 - - [11/Sep/2020:01:44:34 -0400] "GET /commercial.html HTTP/1.0" 200 25349 "-" "Mozilla/5.0 (Linux; Android 6.0.1; Nexus 5X Build/MMB29P) AppleWebKit/537.36 (KHTML, like Gecko) Chrome/85.0.4183.97 Mobile Safari/537.36 (compatible; Googlebot/2.1; +http://www.google.com/bot.html)"
66.249.79.167 - - [11/Sep/2020:01:44:51 -0400] "GET /favicon.ico HTTP/1.0" 404 1075 "-" "Googlebot-Image/1.0"
35.196.208.187 - - [11/Sep/2020:01:44:58 -0400] "GET /contact_us.html HTTP/1.0" 200 18241 "-" "ZoominfoBot (zoominfobot at zoominfo dot com)"
34.73.235.76 - - [11/Sep/2020:01:46:57 -0400] "GET /tanningbedrepair.html HTTP/1.0" 200 35082 "-" "ZoominfoBot (zoominfobot at zoominfo dot com)"
34.73.235.76 - - [11/Sep/2020:02:03:39 -0400] "GET /contactus.html HTTP/1.0" 200 16109 "-" "ZoominfoBot (zoominfobot at zoominfo dot com)"
34.73.235.76 - - [11/Sep/2020:02:11:45 -0400] "GET /aboutus.html HTTP/1.0" 200 16786 "-" "ZoominfoBot (zoominfobot at zoominfo dot com)"
114.119.142.210 - - [11/Sep/2020:02:15:11 -0400] "GET /pages_com/express.html HTTP/1.0" 200 26476 "-" "Mozilla/5.0 (Linux; Android 7.0;) AppleWebKit/537.36 (KHTML, like Gecko) Mobile Safari/537.36 (compatible; PetalBot;+http://aspiegel.com/petalbot)"
114.119.136.184 - - [11/Sep/2020:02:25:23 -0400] "GET /cda.html HTTP/1.0" 200 26624 "-" "Mozilla/5.0 (Linux; Android 7.0;) AppleWebKit/537.36 (KHTML, like Gecko) Mobile Safari/537.36 (compatible; PetalBot;+http://aspiegel.com/petalbot)"
40.77.167.115 - - [11/Sep/2020:02:33:10 -0400] "GET /200394.jpg HTTP/1.0" 200 8375 "-" "Mozilla/5.0 (compatible; bingbot/2.0; +http://www.bing.com/bingbot.htm)"
157.55.39.27 - - [11/Sep/2020:03:06:42 -0400] "GET /robots.txt HTTP/1.0" 200 23 "-" "Mozilla/5.0 (compatible; bingbot/2.0; +http://www.bing.com/bingbot.htm)"
66.249.68.94 - - [11/Sep/2020:03:45:32 -0400] "GET / HTTP/1.0" 200 2744 "-" "Mozilla/5.0 (compatible; Googlebot/2.1; +http://www.google.com/bot.html)"
156.146.50.1 - - [11/Sep/2020:04:20:09 -0400] "POST /admin/Complete_%202_%20Bed_%20Package.php?id=addrec HTTP/1.0" 200 11536 "http://www.customtanningbed.com/admin/Complete_%202_%20Bed_%20Package.php?id=addrec" "Mozilla/5.0 (X11; U; Linux i686; en-US; rv:1.8.0.5) Gecko/20060831 Firefox/1.5.0.5"
156.146.50.1 - - [11/Sep/2020:04:43:38 -0400] "POST /admin/Complete_%202_%20Bed_%20Package.php?id=addrec HTTP/1.0" 200 11536 "http://www.customtanningbed.com/admin/Complete_%202_%20Bed_%20Package.php?id=addrec" "Mozilla/5.0 (X11; U; Linux i686; en-US; rv:1.9.1.2) Gecko/20090729 Firefox/3.5.2"
114.119.128.5 - - [11/Sep/2020:04:48:22 -0400] "GET /used-beds.php?id=171 HTTP/1.0" 200 20413 "-" "Mozilla/5.0 (Linux; Android 7.0;) AppleWebKit/537.36 (KHTML, like Gecko) Mobile Safari/537.36 (compatible; PetalBot;+http://aspiegel.com/petalbot)"
178.255.215.98 - - [11/Sep/2020:05:00:09 -0400] "GET /css/style.css HTTP/1.0" 200 5539 "http://www.metalsheetfabrication.com/" "Mozilla/5.0 (compatible; Konqueror/3.5; Linux) KHTML/3.5.5 (like Gecko) (Exabot-Thumbnails)"
178.255.215.98 - - [11/Sep/2020:05:00:10 -0400] "GET /images/home_right_image2.jpg HTTP/1.0" 200 25132 "http://www.metalsheetfabrication.com/" "Mozilla/5.0 (compatible; Konqueror/3.5; Linux) KHTML/3.5.5 (like Gecko) (Exabot-Thumbnails)"
178.255.215.98 - - [11/Sep/2020:05:00:10 -0400] "GET /images/home_right_image5.jpg HTTP/1.0" 200 15609 "http://www.metalsheetfabrication.com/" "Mozilla/5.0 (compatible; Konqueror/3.5; Linux) KHTML/3.5.5 (like Gecko) (Exabot-Thumbnails)"
178.255.215.98 - - [11/Sep/2020:05:00:10 -0400] "GET /images/home_right_image3.jpg HTTP/1.0" 200 22798 "http://www.metalsheetfabrication.com/" "Mozilla/5.0 (compatible; Konqueror/3.5; Linux) KHTML/3.5.5 (like Gecko) (Exabot-Thumbnails)"
178.255.215.98 - - [11/Sep/2020:05:00:10 -0400] "GET /images/header_back.jpg HTTP/1.0" 200 85241 "http://www.metalsheetfabrication.com/" "Mozilla/5.0 (compatible; Konqueror/3.5; Linux) KHTML/3.5.5 (like Gecko) (Exabot-Thumbnails)"
178.255.215.98 - - [11/Sep/2020:05:00:10 -0400] "GET /images/left_menu_back.jpg HTTP/1.0" 200 6088 "http://www.metalsheetfabrication.com/" "Mozilla/5.0 (compatible; Konqueror/3.5; Linux) KHTML/3.5.5 (like Gecko) (Exabot-Thumbnails)"
178.255.215.98 - - [11/Sep/2020:05:00:10 -0400] "GET /images/center_bottom.jpg HTTP/1.0" 200 9411 "http://www.metalsheetfabrication.com/" "Mozilla/5.0 (compatible; Konqueror/3.5; Linux) KHTML/3.5.5 (like Gecko) (Exabot-Thumbnails)"
114.119.128.5 - - [11/Sep/2020:05:25:58 -0400] "GET /used-beds.php?id=168 HTTP/1.0" 200 25342 "-" "Mozilla/5.0 (Linux; Android 7.0;) AppleWebKit/537.36 (KHTML, like Gecko) Mobile Safari/537.36 (compatible; PetalBot;+http://aspiegel.com/petalbot)"
108.59.8.80 - - [11/Sep/2020:05:36:23 -0400] "GET / HTTP/1.0" 200 1453 "-" "Mozilla/5.0 (compatible; MJ12bot/v1.4.8; http://mj12bot.com/)"
62.210.189.2 - - [11/Sep/2020:06:10:39 -0400] "GET /contactus.html HTTP/1.0" 200 16109 "-" "Mozilla/5.0 (compatible; Barkrowler/0.9; +https://babbar.tech/crawler)"
62.210.189.2 - - [11/Sep/2020:06:10:44 -0400] "GET /index.html HTTP/1.0" 200 19887 "-" "Mozilla/5.0 (compatible; Barkrowler/0.9; +https://babbar.tech/crawler)"
62.210.189.2 - - [11/Sep/2020:06:11:00 -0400] "GET /stand-ups.html HTTP/1.0" 200 28325 "-" "Mozilla/5.0 (compatible; Barkrowler/0.9; +https://babbar.tech/crawler)"
62.210.189.2 - - [11/Sep/2020:06:11:16 -0400] "GET /spa-equipment.html HTTP/1.0" 200 19027 "-" "Mozilla/5.0 (compatible; Barkrowler/0.9; +https://babbar.tech/crawler)"
156.146.50.1 - - [11/Sep/2020:06:18:18 -0400] "POST /admin/Complete_%202_%20Bed_%20Package.php?id=addrec HTTP/1.0" 200 11536 "http://www.customtanningbed.com/admin/Complete_%202_%20Bed_%20Package.php?id=addrec" "Mozilla/5.0 (Macintosh; U; PPC Mac OS X; en) AppleWebKit/418.8 (KHTML, like Gecko) NetNewsWire/2.1.1"
156.146.50.1 - - [11/Sep/2020:06:33:56 -0400] "POST /admin/Complete_%202_%20Bed_%20Package.php?id=addrec HTTP/1.0" 200 11536 "http://www.customtanningbed.com/admin/Complete_%202_%20Bed_%20Package.php?id=addrec" "Mozilla/4.0 (compatible; MSIE 5.5; Windows NT 5.0; H010818)"
171.60.198.103 - - [11/Sep/2020:06:59:30 -0400] "GET /?q=semalt.com HTTP/1.0" 200 19887 "http://google.com/search?q=semalt.com" "Mozilla/5.0 (Windows NT 10.0; Win64; x64) AppleWebKit/537.36 (KHTML, like Gecko) Chrome/74.0.3729.169 Safari/537.36"
114.119.132.103 - - [11/Sep/2020:07:04:47 -0400] "GET /engineering.html HTTP/1.0" 200 15175 "-" "Mozilla/5.0 (Linux; Android 7.0;) AppleWebKit/537.36 (KHTML, like Gecko) Mobile Safari/537.36 (compatible; PetalBot;+http://aspiegel.com/petalbot)"
123.123.219.59 - - [11/Sep/2020:07:06:49 -0400] "GET /robots.txt HTTP/1.0" 404 575 "-" "Mozilla/5.0 AppleWebKit/537.36 (KHTML, like Gecko) Chrome/55.0.2883.95 Safari/537.36"
54.36.148.69 - - [11/Sep/2020:07:07:48 -0400] "GET /robots.txt HTTP/1.0" 200 23 "-" "Mozilla/5.0 (compatible; AhrefsBot/6.1; +http://ahrefs.com/robot/)"
156.146.50.1 - - [11/Sep/2020:07:37:37 -0400] "POST /admin/Complete_%202_%20Bed_%20Package.php?id=addrec HTTP/1.0" 200 11536 "http://www.customtanningbed.com/admin/Complete_%202_%20Bed_%20Package.php?id=addrec" "Mozilla/4.0 (compatible; MSIE 6.0; Windows NT 5.1; FunWebProducts; iebar; SV1)"
62.210.188.240 - - [11/Sep/2020:07:42:11 -0400] "GET /about_us.html HTTP/1.0" 200 17106 "-" "Mozilla/5.0 (compatible; Barkrowler/0.9; +https://babbar.tech/crawler)"
62.210.188.240 - - [11/Sep/2020:07:42:22 -0400] "GET /contact_us.html HTTP/1.0" 200 18241 "-" "Mozilla/5.0 (compatible; Barkrowler/0.9; +https://babbar.tech/crawler)"
62.210.188.240 - - [11/Sep/2020:07:42:49 -0400] "GET /wiring.html HTTP/1.0" 200 15984 "-" "Mozilla/5.0 (compatible; Barkrowler/0.9; +https://babbar.tech/crawler)"
156.146.50.1 - - [11/Sep/2020:07:53:28 -0400] "POST /admin/Complete_%202_%20Bed_%20Package.php?id=addrec HTTP/1.0" 200 11536 "http://www.customtanningbed.com/admin/Complete_%202_%20Bed_%20Package.php?id=addrec" "Mozilla/4.0 (compatible; MSIE 6.0; Windows NT 5.0; PCUser; FunWebProducts)"
156.146.50.1 - - [11/Sep/2020:08:01:30 -0400] "POST /admin/Complete_%202_%20Bed_%20Package.php?id=addrec HTTP/1.0" 200 11536 "http://www.customtanningbed.com/admin/Complete_%202_%20Bed_%20Package.php?id=addrec" "Mozilla/4.0 (compatible; MSIE 6.0; Windows NT 5.1; SV1; NetCaptor 7.5.3)"
185.191.171.10 - - [11/Sep/2020:08:17:14 -0400] "GET /Lease%20Application.php?amp%3Bpr=%248890&%3Brate=%248.40%2F%20Day&id=Wide%20Body%20Bronzer%20464 HTTP/1.0" 200 41875 "-" "Mozilla/5.0 (compatible; SemrushBot/6~bl; +http://www.semrush.com/bot.html)"
156.146.50.1 - - [11/Sep/2020:08:41:18 -0400] "POST /admin/Complete_%202_%20Bed_%20Package.php?id=addrec HTTP/1.0" 200 11536 "http://www.customtanningbed.com/admin/Complete_%202_%20Bed_%20Package.php?id=addrec" "Opera/9.80 (Windows NT 5.1; U; zh-tw) Presto/2.8.131 Version/11.10"
156.146.50.1 - - [11/Sep/2020:08:57:08 -0400] "POST /admin/Complete_%202_%20Bed_%20Package.php?id=addrec HTTP/1.0" 200 11536 "http://www.customtanningbed.com/admin/Complete_%202_%20Bed_%20Package.php?id=addrec" "Mozilla/5.0 (X11; U; Linux i686; de-AT; rv:1.1) Gecko/20020826"
174.233.154.188 - - [11/Sep/2020:09:08:21 -0400] "GET /used_bed_images/used_tanning_bed_174.jpg HTTP/1.0" 200 60900 "http://customtanningbed.com/used-tanning-beds.php" "Mozilla/5.0 (iPhone; CPU iPhone OS 13_6_1 like Mac OS X) AppleWebKit/605.1.15 (KHTML, like Gecko) Version/13.1.2 Mobile/15E148 Safari/604.1"
174.233.154.188 - - [11/Sep/2020:09:08:21 -0400] "GET /used_bed_images/used_tanning_bed_173.jpg HTTP/1.0" 200 6631 "http://customtanningbed.com/used-tanning-beds.php" "Mozilla/5.0 (iPhone; CPU iPhone OS 13_6_1 like Mac OS X) AppleWebKit/605.1.15 (KHTML, like Gecko) Version/13.1.2 Mobile/15E148 Safari/604.1"
174.233.154.188 - - [11/Sep/2020:09:08:21 -0400] "GET /used_bed_images/used_tanning_bed_165.jpg HTTP/1.0" 200 94447 "http://customtanningbed.com/used-tanning-beds.php" "Mozilla/5.0 (iPhone; CPU iPhone OS 13_6_1 like Mac OS X) AppleWebKit/605.1.15 (KHTML, like Gecko) Version/13.1.2 Mobile/15E148 Safari/604.1"
174.233.154.188 - - [11/Sep/2020:09:08:22 -0400] "GET /used_bed_images/used_tanning_bed_160.jpg HTTP/1.0" 200 180256 "http://customtanningbed.com/used-tanning-beds.php" "Mozilla/5.0 (iPhone; CPU iPhone OS 13_6_1 like Mac OS X) AppleWebKit/605.1.15 (KHTML, like Gecko) Version/13.1.2 Mobile/15E148 Safari/604.1"
174.233.154.188 - - [11/Sep/2020:09:08:22 -0400] "GET /used_bed_images/used_tanning_bed_159.gif HTTP/1.0" 200 87582 "http://customtanningbed.com/used-tanning-beds.php" "Mozilla/5.0 (iPhone; CPU iPhone OS 13_6_1 like Mac OS X) AppleWebKit/605.1.15 (KHTML, like Gecko) Version/13.1.2 Mobile/15E148 Safari/604.1"
174.233.154.188 - - [11/Sep/2020:09:08:22 -0400] "GET /used_bed_images/used_tanning_bed_149.jpg HTTP/1.0" 200 419123 "http://customtanningbed.com/used-tanning-beds.php" "Mozilla/5.0 (iPhone; CPU iPhone OS 13_6_1 like Mac OS X) AppleWebKit/605.1.15 (KHTML, like Gecko) Version/13.1.2 Mobile/15E148 Safari/604.1"
174.233.154.188 - - [11/Sep/2020:09:08:23 -0400] "GET /images/background_new2.jpg HTTP/1.0" 200 632 "http://customtanningbed.com/used-tanning-beds.php" "Mozilla/5.0 (iPhone; CPU iPhone OS 13_6_1 like Mac OS X) AppleWebKit/605.1.15 (KHTML, like Gecko) Version/13.1.2 Mobile/15E148 Safari/604.1"
174.233.154.188 - - [11/Sep/2020:09:08:23 -0400] "GET /highslide/graphics/zoomin.cur HTTP/1.0" 200 326 "http://customtanningbed.com/used-tanning-beds.php" "Mozilla/5.0 (iPhone; CPU iPhone OS 13_6_1 like Mac OS X) AppleWebKit/605.1.15 (KHTML, like Gecko) Version/13.1.2 Mobile/15E148 Safari/604.1"
174.233.154.188 - - [11/Sep/2020:09:08:24 -0400] "GET /highslide/graphics/zoomout.cur HTTP/1.0" 200 326 "http://customtanningbed.com/used-tanning-beds.php" "Mozilla/5.0 (iPhone; CPU iPhone OS 13_6_1 like Mac OS X) AppleWebKit/605.1.15 (KHTML, like Gecko) Version/13.1.2 Mobile/15E148 Safari/604.1"
156.146.50.1 - - [11/Sep/2020:09:20:58 -0400] "POST /admin/Complete_%202_%20Bed_%20Package.php?id=addrec HTTP/1.0" 200 11536 "http://www.customtanningbed.com/admin/Complete_%202_%20Bed_%20Package.php?id=addrec" "Mozilla/5.0 (X11; U; Linux i686; en-US; rv:1.8.1.10) Gecko/20071203 Ubuntu/7.10 (gutsy) Firefox/2.0.0.10"
17.58.98.49 - - [11/Sep/2020:09:22:55 -0400] "GET /custom-tanning-beds.html HTTP/1.0" 200 18126 "-" "Mozilla/5.0 (Macintosh; Intel Mac OS X 10_15_5) AppleWebKit/605.1.15 (KHTML, like Gecko) Version/13.1.1 Safari/605.1.15 (Applebot/0.1; +http://www.apple.com/go/applebot)"
43.241.131.152 - - [11/Sep/2020:09:37:10 -0400] "GET /?q=semalt.com HTTP/1.0" 200 19887 "http://google.com/search?q=semalt.com" "Mozilla/5.0 (Windows NT 10.0; Win64; x64) AppleWebKit/537.36 (KHTML, like Gecko) Chrome/74.0.3729.169 Safari/537.36"
66.249.79.167 - - [11/Sep/2020:09:45:18 -0400] "GET /used_bed_images/used_tanning_bed_172.jpg HTTP/1.0" 200 106464 "-" "Googlebot-Image/1.0"
157.55.39.140 - - [11/Sep/2020:10:02:52 -0400] "GET /Tropical_Rayz_SF_Series.php HTTP/1.0" 200 30679 "-" "Mozilla/5.0 (compatible; bingbot/2.0; +http://www.bing.com/bingbot.htm)"
87.117.234.176 - - [11/Sep/2020:10:12:58 -0400] "GET / HTTP/1.0" 200 19887 "-" "Foregenix Web Scan 1.100000 (www.foregenix.com/scan)"
87.117.234.176 - - [11/Sep/2020:10:12:59 -0400] "GET /skin/adminhtml/default/default/boxes.css HTTP/1.0" 404 1075 "-" "Foregenix Web Scan 1.100000 (www.foregenix.com/scan)"
87.117.234.176 - - [11/Sep/2020:10:12:59 -0400] "GET /js/lib/flex.js HTTP/1.0" 404 1075 "-" "Foregenix Web Scan 1.100000 (www.foregenix.com/scan)"
87.117.234.176 - - [11/Sep/2020:10:12:59 -0400] "GET /js/mage/adminhtml/product.js HTTP/1.0" 404 1075 "-" "Foregenix Web Scan 1.100000 (www.foregenix.com/scan)"
87.117.234.176 - - [11/Sep/2020:10:12:59 -0400] "GET /js/prototype/validation.js HTTP/1.0" 404 1075 "-" "Foregenix Web Scan 1.100000 (www.foregenix.com/scan)"
87.117.234.176 - - [11/Sep/2020:10:13:00 -0400] "GET /js/mage/cookies.js HTTP/1.0" 404 1075 "-" "Foregenix Web Scan 1.100000 (www.foregenix.com/scan)"
87.117.234.176 - - [11/Sep/2020:10:13:00 -0400] "GET /wp-admin HTTP/1.0" 404 1075 "-" "Foregenix Web Scan 1.100000 (www.foregenix.com/scan)"
87.117.234.176 - - [11/Sep/2020:10:13:01 -0400] "GET /CHANGELOG.txt HTTP/1.0" 404 1075 "-" "Foregenix Web Scan 1.100000 (www.foregenix.com/scan)"
87.117.234.176 - - [11/Sep/2020:10:13:01 -0400] "GET /core/CHANGELOG.txt HTTP/1.0" 404 1075 "-" "Foregenix Web Scan 1.100000 (www.foregenix.com/scan)"
87.117.234.176 - - [11/Sep/2020:10:13:02 -0400] "GET /a/j/volusion.js HTTP/1.0" 404 1075 "-" "Foregenix Web Scan 1.100000 (www.foregenix.com/scan)"
87.117.234.176 - - [11/Sep/2020:10:13:02 -0400] "GET /INSTALL.txt HTTP/1.0" 404 1075 "-" "Foregenix Web Scan 1.100000 (www.foregenix.com/scan)"
87.117.234.176 - - [11/Sep/2020:10:13:03 -0400] "GET /js/css.js HTTP/1.0" 404 1075 "-" "Foregenix Web Scan 1.100000 (www.foregenix.com/scan)"
87.117.234.176 - - [11/Sep/2020:10:13:03 -0400] "GET /js/navi.js HTTP/1.0" 404 1075 "-" "Foregenix Web Scan 1.100000 (www.foregenix.com/scan)"
87.117.234.176 - - [11/Sep/2020:10:13:04 -0400] "GET /admin/ HTTP/1.0" 200 2855 "-" "Foregenix Web Scan 1.100000 (www.foregenix.com/scan)"
87.117.234.176 - - [11/Sep/2020:10:13:05 -0400] "GET /user_data/packages/default/img/common/favicon.ico HTTP/1.0" 404 1075 "-" "Foregenix Web Scan 1.100000 (www.foregenix.com/scan)"
40.77.167.83 - - [11/Sep/2020:10:21:31 -0400] "GET /images_com/CD/contact.png HTTP/1.0" 200 11823 "-" "Mozilla/5.0 (compatible; bingbot/2.0; +http://www.bing.com/bingbot.htm)"
156.146.50.1 - - [11/Sep/2020:10:25:48 -0400] "POST /admin/Complete_%202_%20Bed_%20Package.php?id=addrec HTTP/1.0" 200 11536 "http://www.customtanningbed.com/admin/Complete_%202_%20Bed_%20Package.php?id=addrec" "Mozilla/5.0 (X11; U; Linux i686; en-US; rv:1.9.0.4pre) Gecko/2008092704 GranParadiso/3.0.4pre"
114.119.153.113 - - [11/Sep/2020:10:29:17 -0400] "GET /used-beds.php?id=127 HTTP/1.0" 200 21227 "-" "Mozilla/5.0 (Linux; Android 7.0;) AppleWebKit/537.36 (KHTML, like Gecko) Mobile Safari/537.36 (compatible; PetalBot;+http://aspiegel.com/petalbot)"
66.249.79.231 - - [11/Sep/2020:10:41:32 -0400] "GET /robots.txt HTTP/1.0" 301 255 "-" "Mozilla/5.0 (compatible; Googlebot/2.1; +http://www.google.com/bot.html)"
10.30.94.78 - - [11/Sep/2020:10:46:24 -0400] "POST /wp-cron.php?doing_wp_cron=1599835584.2796111106872558593750 HTTP/1.0" 500 - "http://www.pbmbed.com/wp-cron.php?doing_wp_cron=1599835584.2796111106872558593750" "WordPress/4.9.8; http://www.pbmbed.com"
114.119.146.142 - - [11/Sep/2020:11:28:44 -0400] "GET /robots.txt HTTP/1.0" 404 575 "-" "(compatible;PetalBot;+http://aspiegel.com/petalbot)"
66.194.91.130 - - [11/Sep/2020:11:57:53 -0400] "GET /images/home_right_image5.jpg HTTP/1.0" 200 15609 "http://www.metalsheetfabrication.com/" "Mozilla/5.0 (Windows NT 10.0; Win64; x64) AppleWebKit/537.36 (KHTML, like Gecko) Chrome/85.0.4183.83 Safari/537.36"
66.194.91.130 - - [11/Sep/2020:11:57:54 -0400] "GET /images/bullets.png HTTP/1.0" 200 3249 "http://www.metalsheetfabrication.com/" "Mozilla/5.0 (Windows NT 10.0; Win64; x64) AppleWebKit/537.36 (KHTML, like Gecko) Chrome/85.0.4183.83 Safari/537.36"
66.194.91.130 - - [11/Sep/2020:11:57:54 -0400] "GET /images/body_bg.jpg HTTP/1.0" 200 615 "http://www.metalsheetfabrication.com/css/style.css" "Mozilla/5.0 (Windows NT 10.0; Win64; x64) AppleWebKit/537.36 (KHTML, like Gecko) Chrome/85.0.4183.83 Safari/537.36"
66.194.91.130 - - [11/Sep/2020:11:57:55 -0400] "GET /favicon.ico HTTP/1.0" 404 575 "http://www.metalsheetfabrication.com/" "Mozilla/5.0 (Windows NT 10.0; Win64; x64) AppleWebKit/537.36 (KHTML, like Gecko) Chrome/85.0.4183.83 Safari/537.36"
114.119.155.239 - - [11/Sep/2020:12:00:02 -0400] "GET /used-beds.php?id=146 HTTP/1.0" 200 22435 "-" "Mozilla/5.0 (Linux; Android 7.0;) AppleWebKit/537.36 (KHTML, like Gecko) Mobile Safari/537.36 (compatible; PetalBot;+http://aspiegel.com/petalbot)"
156.146.50.1 - - [11/Sep/2020:12:12:53 -0400] "POST /admin/Complete_%202_%20Bed_%20Package.php?id=addrec HTTP/1.0" 200 11536 "http://www.customtanningbed.com/admin/Complete_%202_%20Bed_%20Package.php?id=addrec" "Mozilla/4.0 (compatible; MSIE 5.5; Windows 95; QXW03395)"
138.91.48.77 - - [11/Sep/2020:12:25:50 -0400] "GET /wp-content/plugins/ioptimization/IOptimize.php?rchk HTTP/1.0" 404 575 "www.google.com" "Mozlila/5.0 (Linux; Android 7.0; SM-G892A Bulid/NRD90M; wv) AppleWebKit/537.36 (KHTML, like Gecko) Version/4.0 Chrome/60.0.3112.107 Moblie Safari/537.36"
52.33.232.136 - - [11/Sep/2020:12:30:13 -0400] "GET / HTTP/1.0" 200 1453 "-" "Mozilla/5.0 (Windows NT 10.0; Win64; x64)AppleWebKit/537.36 (KHTML, like Gecko) Chrome/66.0.3359.181 Safari/537.36"
42.236.10.91 - - [11/Sep/2020:12:41:55 -0400] "GET / HTTP/1.0" 200 19887 "http://www.customtanningbed.com/" "Mozilla/5.0(compatible;MSIE9.0;WindowsNT6.1;Trident/5.0)"
171.48.110.10 - - [11/Sep/2020:12:58:46 -0400] "GET /images/background_new2.jpg HTTP/1.0" 200 632 "http://www.customtanningbed.com/tanningbedrepair.html" "Mozilla/5.0 (Windows NT 10.0; Win64; x64; rv:80.0) Gecko/20100101 Firefox/80.0"
171.48.110.10 - - [11/Sep/2020:12:58:46 -0400] "GET /images/links3.jpg HTTP/1.0" 200 8821 "http://www.customtanningbed.com/tanningbedrepair.html" "Mozilla/5.0 (Windows NT 10.0; Win64; x64; rv:80.0) Gecko/20100101 Firefox/80.0"
106.205.175.34 - - [11/Sep/2020:12:58:46 -0400] "GET /images/search_bar4.jpg HTTP/1.0" 200 35864 "http://www.customtanningbed.com/tanningbedrepair.html" "Mozilla/5.0 (Windows NT 10.0; Win64; x64; rv:80.0) Gecko/20100101 Firefox/80.0"
65.95.117.56 - - [11/Sep/2020:13:10:23 -0400] "GET /used_bed_images/used_tanning_bed_172.jpg HTTP/1.0" 200 106464 "http://customtanningbed.com/used-tanning-beds.php" "Mozilla/5.0 (Windows NT 6.1; Win64; x64) AppleWebKit/537.36 (KHTML, like Gecko) Chrome/85.0.4183.83 Safari/537.36"
65.95.117.56 - - [11/Sep/2020:13:10:24 -0400] "GET /used_bed_images/used_tanning_bed_160.jpg HTTP/1.0" 200 180256 "http://customtanningbed.com/used-tanning-beds.php" "Mozilla/5.0 (Windows NT 6.1; Win64; x64) AppleWebKit/537.36 (KHTML, like Gecko) Chrome/85.0.4183.83 Safari/537.36"
65.95.117.56 - - [11/Sep/2020:13:10:24 -0400] "GET /used_bed_images/used_tanning_bed_159.gif HTTP/1.0" 200 87582 "http://customtanningbed.com/used-tanning-beds.php" "Mozilla/5.0 (Windows NT 6.1; Win64; x64) AppleWebKit/537.36 (KHTML, like Gecko) Chrome/85.0.4183.83 Safari/537.36"
65.95.117.56 - - [11/Sep/2020:13:10:25 -0400] "GET /used_bed_images/used_tanning_bed_134.jpg HTTP/1.0" 200 393321 "http://customtanningbed.com/used-tanning-beds.php" "Mozilla/5.0 (Windows NT 6.1; Win64; x64) AppleWebKit/537.36 (KHTML, like Gecko) Chrome/85.0.4183.83 Safari/537.36"
65.95.117.56 - - [11/Sep/2020:13:10:28 -0400] "GET /highslide/graphics/zoomout.cur HTTP/1.0" 200 326 "http://customtanningbed.com/used-tanning-beds.php" "Mozilla/5.0 (Windows NT 6.1; Win64; x64) AppleWebKit/537.36 (KHTML, like Gecko) Chrome/85.0.4183.83 Safari/537.36"
65.93.252.172 - - [11/Sep/2020:13:14:51 -0400] "GET / HTTP/1.0" 200 7748 "-" "Mozilla/5.0 (iPhone; CPU iPhone OS 13_6_1 like Mac OS X) AppleWebKit/605.1.15 (KHTML, like Gecko) Version/13.1.2 Mobile/15E148 Safari/604.1"
156.146.50.1 - - [11/Sep/2020:13:17:19 -0400] "POST /admin/Complete_%202_%20Bed_%20Package.php?id=addrec HTTP/1.0" 200 11536 "http://www.customtanningbed.com/admin/Complete_%202_%20Bed_%20Package.php?id=addrec" "Mozilla/5.0 (Windows; U; Windows NT 6.0; hu-HU) AppleWebKit/528.16 (KHTML, like Gecko) Version/4.0 Safari/528.16"
68.5.170.205 - - [11/Sep/2020:13:23:03 -0400] "GET /rodman/css/style.css HTTP/1.0" 200 1047 "http://customtanningbed.com/rodman/" "Mozilla/5.0 (Linux; Android 10; SM-G960U) AppleWebKit/537.36 (KHTML, like Gecko) Chrome/85.0.4183.81 Mobile Safari/537.36"
68.5.170.205 - - [11/Sep/2020:13:23:03 -0400] "GET /rodman/images/forwardair.jpg HTTP/1.0" 200 19219 "http://customtanningbed.com/rodman/" "Mozilla/5.0 (Linux; Android 10; SM-G960U) AppleWebKit/537.36 (KHTML, like Gecko) Chrome/85.0.4183.81 Mobile Safari/537.36"
68.5.170.205 - - [11/Sep/2020:13:23:03 -0400] "GET /rodman/images/dash.jpg HTTP/1.0" 200 32957 "http://customtanningbed.com/rodman/" "Mozilla/5.0 (Linux; Android 10; SM-G960U) AppleWebKit/537.36 (KHTML, like Gecko) Chrome/85.0.4183.81 Mobile Safari/537.36"
68.5.170.205 - - [11/Sep/2020:13:23:03 -0400] "GET /rodman/images/raymarinerl70c.jpg HTTP/1.0" 200 29080 "http://customtanningbed.com/rodman/" "Mozilla/5.0 (Linux; Android 10; SM-G960U) AppleWebKit/537.36 (KHTML, like Gecko) Chrome/85.0.4183.81 Mobile Safari/537.36"
68.5.170.205 - - [11/Sep/2020:13:23:03 -0400] "GET /rodman/images/forwardbedroom.jpg HTTP/1.0" 200 19694 "http://customtanningbed.com/rodman/" "Mozilla/5.0 (Linux; Android 10; SM-G960U) AppleWebKit/537.36 (KHTML, like Gecko) Chrome/85.0.4183.81 Mobile Safari/537.36"
68.5.170.205 - - [11/Sep/2020:13:23:04 -0400] "GET /rodman/images/salon3.jpg HTTP/1.0" 200 21605 "http://customtanningbed.com/rodman/" "Mozilla/5.0 (Linux; Android 10; SM-G960U) AppleWebKit/537.36 (KHTML, like Gecko) Chrome/85.0.4183.81 Mobile Safari/537.36"
68.5.170.205 - - [11/Sep/2020:13:23:04 -0400] "GET /rodman/images/salon6.jpg HTTP/1.0" 200 28502 "http://customtanningbed.com/rodman/" "Mozilla/5.0 (Linux; Android 10; SM-G960U) AppleWebKit/537.36 (KHTML, like Gecko) Chrome/85.0.4183.81 Mobile Safari/537.36"
68.5.170.205 - - [11/Sep/2020:13:23:05 -0400] "GET /rodman/images/hull/hull12.jpg HTTP/1.0" 200 14418 "http://customtanningbed.com/rodman/" "Mozilla/5.0 (Linux; Android 10; SM-G960U) AppleWebKit/537.36 (KHTML, like Gecko) Chrome/85.0.4183.81 Mobile Safari/537.36"
68.5.170.205 - - [11/Sep/2020:13:23:06 -0400] "GET /rodman/images/hull/hull16.jpg HTTP/1.0" 200 15387 "http://customtanningbed.com/rodman/" "Mozilla/5.0 (Linux; Android 10; SM-G960U) AppleWebKit/537.36 (KHTML, like Gecko) Chrome/85.0.4183.81 Mobile Safari/537.36"
111.206.198.6 - - [11/Sep/2020:13:31:54 -0400] "GET /used_bed_images/used_tanning_bed_143.jpg HTTP/1.0" 200 4800468 "http://www.customtanningbed.com/used-tanning-beds.php" "Mozilla/5.0 (compatible; Baiduspider-render/2.0; +http://www.baidu.com/search/spider.html)"
114.119.129.34 - - [11/Sep/2020:13:46:46 -0400] "GET /welding.html HTTP/1.0" 200 15566 "-" "Mozilla/5.0 (Linux; Android 7.0;) AppleWebKit/537.36 (KHTML, like Gecko) Mobile Safari/537.36 (compatible; PetalBot;+http://aspiegel.com/petalbot)"
185.191.171.34 - - [11/Sep/2020:13:51:02 -0400] "GET /robots.txt HTTP/1.0" 200 23 "-" "Mozilla/5.0 (compatible; SemrushBot/6~bl; +http://www.semrush.com/bot.html)"
157.55.39.16 - - [11/Sep/2020:13:51:44 -0400] "GET /robots.txt HTTP/1.0" 404 575 "-" "Mozilla/5.0 (compatible; bingbot/2.0; +http://www.bing.com/bingbot.htm)"
114.119.132.103 - - [11/Sep/2020:14:58:03 -0400] "GET /medical_marijuana_florida.html HTTP/1.0" 200 20696 "-" "Mozilla/5.0 (Linux; Android 7.0;) AppleWebKit/537.36 (KHTML, like Gecko) Mobile Safari/537.36 (compatible; PetalBot;+http://aspiegel.com/petalbot)"
77.88.5.64 - - [11/Sep/2020:15:11:22 -0400] "GET /robots.txt HTTP/1.0" 404 575 "-" "Mozilla/5.0 (compatible; YandexBot/3.0; +http://yandex.com/bots)"
103.205.5.165 - - [11/Sep/2020:15:15:43 -0400] "GET / HTTP/1.0" 200 1453 "-" "Mozilla/4.0 (compatible; MSIE 7.0; Windows NT 5.1; TencentTraveler ; EmbeddedWB 14.52 from: http://www.bsalsa.com/ EmbeddedWB 14.52; .NET CLR 2.0.50727; InfoPath.2; .NET CLR 3.0.04506.30; .NET CLR 3.0.04506.590; .NET CLR 3.0.04506.648; .NET CLR 3.5.21022)"
138.43.140.241 - - [11/Sep/2020:15:50:28 -0400] "GET /images/CMPP/15_ergolinewall.jpg HTTP/1.0" 200 152121 "http://customtanningbed.com/salonpackages.php" "Mozilla/5.0 (Windows NT 10.0; Win64; x64) AppleWebKit/537.36 (KHTML, like Gecko) Chrome/85.0.4183.83 Safari/537.36"
138.43.140.241 - - [11/Sep/2020:15:50:28 -0400] "GET /images/CMPP/2_4-Bed-Package.jpg HTTP/1.0" 200 92751 "http://customtanningbed.com/salonpackages.php" "Mozilla/5.0 (Windows NT 10.0; Win64; x64) AppleWebKit/537.36 (KHTML, like Gecko) Chrome/85.0.4183.83 Safari/537.36"
138.43.140.241 - - [11/Sep/2020:15:50:28 -0400] "GET /images/CMPP/2_3-bed-package.jpg HTTP/1.0" 200 228876 "http://customtanningbed.com/salonpackages.php" "Mozilla/5.0 (Windows NT 10.0; Win64; x64) AppleWebKit/537.36 (KHTML, like Gecko) Chrome/85.0.4183.83 Safari/537.36"
138.43.140.241 - - [11/Sep/2020:15:50:28 -0400] "GET /images/header_new2.jpg HTTP/1.0" 200 148882 "http://customtanningbed.com/salonpackages.php" "Mozilla/5.0 (Windows NT 10.0; Win64; x64) AppleWebKit/537.36 (KHTML, like Gecko) Chrome/85.0.4183.83 Safari/537.36"
138.43.140.241 - - [11/Sep/2020:15:50:28 -0400] "GET /images/search_bar4.jpg HTTP/1.0" 200 35864 "http://customtanningbed.com/salonpackages.php" "Mozilla/5.0 (Windows NT 10.0; Win64; x64) AppleWebKit/537.36 (KHTML, like Gecko) Chrome/85.0.4183.83 Safari/537.36"
138.43.140.241 - - [11/Sep/2020:15:50:28 -0400] "GET /images/CMPP/4_Ergoline%20Sun%20Select52.jpg HTTP/1.0" 200 2446327 "http://customtanningbed.com/salonpackages.php" "Mozilla/5.0 (Windows NT 10.0; Win64; x64) AppleWebKit/537.36 (KHTML, like Gecko) Chrome/85.0.4183.83 Safari/537.36"
138.43.140.241 - - [11/Sep/2020:15:50:29 -0400] "GET /highslide/graphics/zoomout.cur HTTP/1.0" 200 326 "http://customtanningbed.com/salonpackages.php" "Mozilla/5.0 (Windows NT 10.0; Win64; x64) AppleWebKit/537.36 (KHTML, like Gecko) Chrome/85.0.4183.83 Safari/537.36"
138.43.140.241 - - [11/Sep/2020:15:50:55 -0400] "GET /Lease%20Application.php?mode1=Complete%207%20Bed%20Package&id1=Cash%20$59,995%20or%20Lease&image=images/CMPP/15_ergolinewall.jpg HTTP/1.0" 200 43064 "http://customtanningbed.com/salonpackages.php" "Mozilla/5.0 (Windows NT 10.0; Win64; x64) AppleWebKit/537.36 (KHTML, like Gecko) Chrome/85.0.4183.83 Safari/537.36"
40.76.16.138 - - [11/Sep/2020:15:56:57 -0400] "GET /api/.env HTTP/1.0" 404 575 "-" "Mozlila/5.0 (Linux; Android 7.0; SM-G892A Bulid/NRD90M; wv) AppleWebKit/537.36 (KHTML, like Gecko) Version/4.0 Chrome/60.0.3112.107 Moblie Safari/537.36"
40.76.16.138 - - [11/Sep/2020:15:57:22 -0400] "GET /admin/.env HTTP/1.0" 404 575 "-" "Mozlila/5.0 (Linux; Android 7.0; SM-G892A Bulid/NRD90M; wv) AppleWebKit/537.36 (KHTML, like Gecko) Version/4.0 Chrome/60.0.3112.107 Moblie Safari/537.36"
40.76.16.138 - - [11/Sep/2020:15:57:48 -0400] "GET /system/.env HTTP/1.0" 404 575 "-" "Mozlila/5.0 (Linux; Android 7.0; SM-G892A Bulid/NRD90M; wv) AppleWebKit/537.36 (KHTML, like Gecko) Version/4.0 Chrome/60.0.3112.107 Moblie Safari/537.36"
138.43.140.241 - - [11/Sep/2020:15:58:12 -0400] "GET /images/button_mostPopularPackage1_off.jpg HTTP/1.0" 200 5210 "http://customtanningbed.com/designYourOwnPackages.php" "Mozilla/5.0 (Windows NT 10.0; Win64; x64) AppleWebKit/537.36 (KHTML, like Gecko) Chrome/85.0.4183.83 Safari/537.36"
138.43.140.241 - - [11/Sep/2020:15:58:12 -0400] "GET /images/DYOP/turbo.png HTTP/1.0" 200 89960 "http://customtanningbed.com/designYourOwnPackages.php" "Mozilla/5.0 (Windows NT 10.0; Win64; x64) AppleWebKit/537.36 (KHTML, like Gecko) Chrome/85.0.4183.83 Safari/537.36"
138.43.140.241 - - [11/Sep/2020:15:58:12 -0400] "GET /images/DYOP/vt.png HTTP/1.0" 200 75611 "http://customtanningbed.com/designYourOwnPackages.php" "Mozilla/5.0 (Windows NT 10.0; Win64; x64) AppleWebKit/537.36 (KHTML, like Gecko) Chrome/85.0.4183.83 Safari/537.36"
138.43.140.241 - - [11/Sep/2020:15:58:12 -0400] "GET /images/DYOP/DSC02044.JPG HTTP/1.0" 200 141630 "http://customtanningbed.com/designYourOwnPackages.php" "Mozilla/5.0 (Windows NT 10.0; Win64; x64) AppleWebKit/537.36 (KHTML, like Gecko) Chrome/85.0.4183.83 Safari/537.36"
138.43.140.241 - - [11/Sep/2020:15:58:12 -0400] "GET /images/DYOP/sw_salontouch_h.jpg HTTP/1.0" 200 4700 "http://customtanningbed.com/designYourOwnPackages.php" "Mozilla/5.0 (Windows NT 10.0; Win64; x64) AppleWebKit/537.36 (KHTML, like Gecko) Chrome/85.0.4183.83 Safari/537.36"
138.43.140.241 - - [11/Sep/2020:15:58:12 -0400] "GET /images/DYOP/Freight-Factory-Install.png HTTP/1.0" 200 11488 "http://customtanningbed.com/designYourOwnPackages.php" "Mozilla/5.0 (Windows NT 10.0; Win64; x64) AppleWebKit/537.36 (KHTML, like Gecko) Chrome/85.0.4183.83 Safari/537.36"
138.43.140.241 - - [11/Sep/2020:15:58:12 -0400] "GET /images/DYOP/MANAGER.gif HTTP/1.0" 200 142485 "http://customtanningbed.com/designYourOwnPackages.php" "Mozilla/5.0 (Windows NT 10.0; Win64; x64) AppleWebKit/537.36 (KHTML, like Gecko) Chrome/85.0.4183.83 Safari/537.36"
138.43.140.241 - - [11/Sep/2020:15:58:12 -0400] "GET /images/DYOP//big_MISC136190.jpg HTTP/1.0" 200 33648 "http://customtanningbed.com/designYourOwnPackages.php" "Mozilla/5.0 (Windows NT 10.0; Win64; x64) AppleWebKit/537.36 (KHTML, like Gecko) Chrome/85.0.4183.83 Safari/537.36"
138.43.140.241 - - [11/Sep/2020:15:58:12 -0400] "GET /images/DYOP/big_LIT119152.jpg HTTP/1.0" 200 28438 "http://customtanningbed.com/designYourOwnPackages.php" "Mozilla/5.0 (Windows NT 10.0; Win64; x64) AppleWebKit/537.36 (KHTML, like Gecko) Chrome/85.0.4183.83 Safari/537.36"
138.43.140.241 - - [11/Sep/2020:15:58:12 -0400] "GET /images/DYOP/Medications%20List.jpg HTTP/1.0" 200 879227 "http://customtanningbed.com/designYourOwnPackages.php" "Mozilla/5.0 (Windows NT 10.0; Win64; x64) AppleWebKit/537.36 (KHTML, like Gecko) Chrome/85.0.4183.83 Safari/537.36"
138.43.140.241 - - [11/Sep/2020:15:58:12 -0400] "GET /images/DYOP/Poster001%20TropRayz1%20copy.png HTTP/1.0" 200 246854 "http://customtanningbed.com/designYourOwnPackages.php" "Mozilla/5.0 (Windows NT 10.0; Win64; x64) AppleWebKit/537.36 (KHTML, like Gecko) Chrome/85.0.4183.83 Safari/537.36"
13.90.25.234 - - [11/Sep/2020:16:00:49 -0400] "GET /wp-admin/admin-ajax.php?action=revslider_show_image&img=../wp-config.php HTTP/1.0" 404 1075 "-" "Mozlila/5.0 (Linux; Android 7.0; SM-G892A Bulid/NRD90M; wv) AppleWebKit/537.36 (KHTML, like Gecko) Version/4.0 Chrome/60.0.3112.107 Moblie Safari/537.36"
138.43.140.241 - - [11/Sep/2020:16:02:33 -0400] "GET /commercial.html HTTP/1.0" 200 25349 "http://customtanningbed.com/Lease%20Application.php" "Mozilla/5.0 (Windows NT 10.0; Win64; x64) AppleWebKit/537.36 (KHTML, like Gecko) Chrome/85.0.4183.83 Safari/537.36"
138.43.140.241 - - [11/Sep/2020:16:02:34 -0400] "GET /images_com/TR/10min.png HTTP/1.0" 200 39297 "http://customtanningbed.com/commercial.html" "Mozilla/5.0 (Windows NT 10.0; Win64; x64) AppleWebKit/537.36 (KHTML, like Gecko) Chrome/85.0.4183.83 Safari/537.36"
138.43.140.241 - - [11/Sep/2020:16:02:34 -0400] "GET /images_com/CD/contact.png HTTP/1.0" 200 11823 "http://customtanningbed.com/commercial.html" "Mozilla/5.0 (Windows NT 10.0; Win64; x64) AppleWebKit/537.36 (KHTML, like Gecko) Chrome/85.0.4183.83 Safari/537.36"
138.43.140.241 - - [11/Sep/2020:16:02:35 -0400] "GET /images_com/RS/bt_exp2b.png HTTP/1.0" 200 29170 "http://customtanningbed.com/commercial.html" "Mozilla/5.0 (Windows NT 10.0; Win64; x64) AppleWebKit/537.36 (KHTML, like Gecko) Chrome/85.0.4183.83 Safari/537.36"
138.43.140.241 - - [11/Sep/2020:16:02:35 -0400] "GET /images_com/TR/20minb.png HTTP/1.0" 200 39693 "http://customtanningbed.com/commercial.html" "Mozilla/5.0 (Windows NT 10.0; Win64; x64) AppleWebKit/537.36 (KHTML, like Gecko) Chrome/85.0.4183.83 Safari/537.36"
138.43.140.241 - - [11/Sep/2020:16:02:35 -0400] "GET /images_com/TR/15minb.png HTTP/1.0" 200 36298 "http://customtanningbed.com/commercial.html" "Mozilla/5.0 (Windows NT 10.0; Win64; x64) AppleWebKit/537.36 (KHTML, like Gecko) Chrome/85.0.4183.83 Safari/537.36"
138.43.140.241 - - [11/Sep/2020:16:02:55 -0400] "GET /images/footer_img3.jpg HTTP/1.0" 200 43239 "http://customtanningbed.com/pages_com/royal.html" "Mozilla/5.0 (Windows NT 10.0; Win64; x64) AppleWebKit/537.36 (KHTML, like Gecko) Chrome/85.0.4183.83 Safari/537.36"
138.43.140.241 - - [11/Sep/2020:16:03:30 -0400] "GET /images_com/RS/pexpres6.jpeg HTTP/1.0" 200 20616 "http://customtanningbed.com/pages_com/express2.html" "Mozilla/5.0 (Windows NT 10.0; Win64; x64) AppleWebKit/537.36 (KHTML, like Gecko) Chrome/85.0.4183.83 Safari/537.36"
138.43.140.241 - - [11/Sep/2020:16:03:30 -0400] "GET /images_com/RS/a5.png HTTP/1.0" 200 3635 "http://customtanningbed.com/pages_com/express2.html" "Mozilla/5.0 (Windows NT 10.0; Win64; x64) AppleWebKit/537.36 (KHTML, like Gecko) Chrome/85.0.4183.83 Safari/537.36"
138.43.140.241 - - [11/Sep/2020:16:03:31 -0400] "GET /images_com/RS/sbt_exp1b.png HTTP/1.0" 200 14836 "http://customtanningbed.com/pages_com/express2.html" "Mozilla/5.0 (Windows NT 10.0; Win64; x64) AppleWebKit/537.36 (KHTML, like Gecko) Chrome/85.0.4183.83 Safari/537.36"
138.43.140.241 - - [11/Sep/2020:16:03:31 -0400] "GET /images_com/RS/sbt_360b.png HTTP/1.0" 200 16576 "http://customtanningbed.com/pages_com/express2.html" "Mozilla/5.0 (Windows NT 10.0; Win64; x64) AppleWebKit/537.36 (KHTML, like Gecko) Chrome/85.0.4183.83 Safari/537.36"
138.43.140.241 - - [11/Sep/2020:16:03:52 -0400] "GET /catalog_request.php_files/ga.js HTTP/1.0" 404 1075 "http://www.customtanningbed.com/catalog_request.php" "Mozilla/5.0 (Windows NT 10.0; Win64; x64) AppleWebKit/537.36 (KHTML, like Gecko) Chrome/85.0.4183.83 Safari/537.36"
138.43.140.241 - - [11/Sep/2020:16:05:20 -0400] "GET /css/formsubmit.css HTTP/1.0" 404 1075 "-" "Mozilla/5.0 (Windows NT 10.0; Win64; x64) AppleWebKit/537.36 (KHTML, like Gecko) Chrome/85.0.4183.83 Safari/537.36"
138.43.140.241 - - [11/Sep/2020:16:06:57 -0400] "GET /images_com/TR/title1.png HTTP/1.0" 200 17100 "http://www.customtanningbed.com/commercial.html" "Mozilla/5.0 (Windows NT 10.0; Win64; x64) AppleWebKit/537.36 (KHTML, like Gecko) Chrome/85.0.4183.83 Safari/537.36"
138.43.140.241 - - [11/Sep/2020:16:06:57 -0400] "GET /images_com/TR/image1.png HTTP/1.0" 200 35735 "http://www.customtanningbed.com/commercial.html" "Mozilla/5.0 (Windows NT 10.0; Win64; x64) AppleWebKit/537.36 (KHTML, like Gecko) Chrome/85.0.4183.83 Safari/537.36"
138.43.140.241 - - [11/Sep/2020:16:06:57 -0400] "GET /images_com/RS/bt_exp1a.png HTTP/1.0" 200 27316 "http://www.customtanningbed.com/commercial.html" "Mozilla/5.0 (Windows NT 10.0; Win64; x64) AppleWebKit/537.36 (KHTML, like Gecko) Chrome/85.0.4183.83 Safari/537.36"
138.43.140.241 - - [11/Sep/2020:16:06:57 -0400] "GET /images_com/CD/highq.png HTTP/1.0" 200 15333 "http://www.customtanningbed.com/commercial.html" "Mozilla/5.0 (Windows NT 10.0; Win64; x64) AppleWebKit/537.36 (KHTML, like Gecko) Chrome/85.0.4183.83 Safari/537.36"
138.43.140.241 - - [11/Sep/2020:16:06:57 -0400] "GET /images_com/RS/image1.png HTTP/1.0" 200 42883 "http://www.customtanningbed.com/commercial.html" "Mozilla/5.0 (Windows NT 10.0; Win64; x64) AppleWebKit/537.36 (KHTML, like Gecko) Chrome/85.0.4183.83 Safari/537.36"
138.43.140.241 - - [11/Sep/2020:16:06:57 -0400] "GET /images_com/CD/sample.png HTTP/1.0" 200 4900 "http://www.customtanningbed.com/commercial.html" "Mozilla/5.0 (Windows NT 10.0; Win64; x64) AppleWebKit/537.36 (KHTML, like Gecko) Chrome/85.0.4183.83 Safari/537.36"
138.43.140.241 - - [11/Sep/2020:16:06:57 -0400] "GET /images_com/RS/bt_foca.png HTTP/1.0" 200 16005 "http://www.customtanningbed.com/commercial.html" "Mozilla/5.0 (Windows NT 10.0; Win64; x64) AppleWebKit/537.36 (KHTML, like Gecko) Chrome/85.0.4183.83 Safari/537.36"
138.43.140.241 - - [11/Sep/2020:16:06:57 -0400] "GET /images_com/CD/designer.png HTTP/1.0" 200 16132 "http://www.customtanningbed.com/commercial.html" "Mozilla/5.0 (Windows NT 10.0; Win64; x64) AppleWebKit/537.36 (KHTML, like Gecko) Chrome/85.0.4183.83 Safari/537.36"
138.43.140.241 - - [11/Sep/2020:16:06:57 -0400] "GET /images_com/RS/bt_exp1b.png HTTP/1.0" 200 27551 "http://www.customtanningbed.com/commercial.html" "Mozilla/5.0 (Windows NT 10.0; Win64; x64) AppleWebKit/537.36 (KHTML, like Gecko) Chrome/85.0.4183.83 Safari/537.36"
138.43.140.241 - - [11/Sep/2020:16:06:57 -0400] "GET /images_com/RS/bt_360b.png HTTP/1.0" 200 26257 "http://www.customtanningbed.com/commercial.html" "Mozilla/5.0 (Windows NT 10.0; Win64; x64) AppleWebKit/537.36 (KHTML, like Gecko) Chrome/85.0.4183.83 Safari/537.36"
138.43.140.241 - - [11/Sep/2020:16:06:57 -0400] "GET /images_com/TR/15minb.png HTTP/1.0" 200 36298 "http://www.customtanningbed.com/commercial.html" "Mozilla/5.0 (Windows NT 10.0; Win64; x64) AppleWebKit/537.36 (KHTML, like Gecko) Chrome/85.0.4183.83 Safari/537.36"
138.43.140.241 - - [11/Sep/2020:16:07:12 -0400] "GET /images/highlightFeature7.gif HTTP/1.0" 200 5596 "http://www.customtanningbed.com/Tropical_Rayz_WB_Series.php" "Mozilla/5.0 (Windows NT 10.0; Win64; x64) AppleWebKit/537.36 (KHTML, like Gecko) Chrome/85.0.4183.83 Safari/537.36"
138.43.140.241 - - [11/Sep/2020:16:07:12 -0400] "GET /images/highlightFeature6.gif HTTP/1.0" 200 11644 "http://www.customtanningbed.com/Tropical_Rayz_WB_Series.php" "Mozilla/5.0 (Windows NT 10.0; Win64; x64) AppleWebKit/537.36 (KHTML, like Gecko) Chrome/85.0.4183.83 Safari/537.36"
138.43.140.241 - - [11/Sep/2020:16:07:12 -0400] "GET /images/highlightFeature8.gif HTTP/1.0" 200 8976 "http://www.customtanningbed.com/Tropical_Rayz_WB_Series.php" "Mozilla/5.0 (Windows NT 10.0; Win64; x64) AppleWebKit/537.36 (KHTML, like Gecko) Chrome/85.0.4183.83 Safari/537.36"
138.43.140.241 - - [11/Sep/2020:16:15:24 -0400] "GET /Tropical_Rayz_BF_Series.php HTTP/1.0" 200 50321 "http://www.customtanningbed.com/commercial.html" "Mozilla/5.0 (Windows NT 10.0; Win64; x64) AppleWebKit/537.36 (KHTML, like Gecko) Chrome/85.0.4183.83 Safari/537.36"
49.149.108.181 - - [11/Sep/2020:16:23:07 -0400] "GET /Lease%20Application.php?mode1=Complete%20UV%20FREE%20Package&id1=$23%20per%20day%20or%20$11,900&image=images/CMPP/2_Versa.jpg HTTP/1.0" 200 43054 "-" "Mozilla/5.0 (Windows NT 10.0; WOW64; Rv:50.0) Gecko/20100101 Firefox/50.0"
49.149.108.181 - - [11/Sep/2020:16:23:23 -0400] "GET /Lease%20Application.php?mode1=Complete%20UV%20FREE%20Package&id1=$23%20per%20day%20or%20$11,900&image=\"><script%20>alert(String.fromCharCode(88,83,83))</script> HTTP/1.0" 200 43122 "-" "Mozilla/5.0 (Windows NT 10.0; WOW64; Rv:50.0) Gecko/20100101 Firefox/50.0"
49.149.108.181 - - [11/Sep/2020:16:23:25 -0400] "GET /Lease%20Application.php?mode1=/etc/passwd&id1=$23%20per%20day%20or%20$11,900&image=images/CMPP/2_Versa.jpg HTTP/1.0" 200 43028 "-" "Mozilla/5.0 (Windows NT 10.0; WOW64; Rv:50.0) Gecko/20100101 Firefox/50.0"
93.158.161.33 - - [11/Sep/2020:16:23:32 -0400] "GET / HTTP/1.0" 200 7748 "-" "Mozilla/5.0 (compatible; YandexBot/3.0; +http://yandex.com/bots)"
68.36.185.87 - - [11/Sep/2020:16:25:23 -0400] "GET /used_bed_images/used_tanning_bed_136.jpg HTTP/1.0" 200 550382 "https://www.bing.com/" "Mozilla/5.0 (Windows NT 10.0; Win64; x64) AppleWebKit/537.36 (KHTML, like Gecko) Chrome/70.0.3538.102 Safari/537.36 Edge/18.18363"
66.249.79.183 - - [11/Sep/2020:16:31:42 -0400] "GET /favicon.ico HTTP/1.0" 404 575 "-" "Googlebot-Image/1.0"
93.109.153.127 - - [11/Sep/2020:16:38:01 -0400] "GET /images/b_designYourOwnPackage_over_off.jpg HTTP/1.0" 200 6795 "http://customtanningbed.com/salonpackages.php" "Mozilla/5.0 (Macintosh; Intel Mac OS X 10_13_6) AppleWebKit/605.1.15 (KHTML, like Gecko) Version/13.1.2 Safari/605.1.15"
93.109.153.127 - - [11/Sep/2020:16:38:01 -0400] "GET /images/CMPP/5_Untitled-4.jpg HTTP/1.0" 200 209856 "http://customtanningbed.com/salonpackages.php" "Mozilla/5.0 (Macintosh; Intel Mac OS X 10_13_6) AppleWebKit/605.1.15 (KHTML, like Gecko) Version/13.1.2 Safari/605.1.15"
93.109.153.127 - - [11/Sep/2020:16:38:02 -0400] "GET /images/CMPP/2_3-bed-package.jpg HTTP/1.0" 200 228876 "http://customtanningbed.com/salonpackages.php" "Mozilla/5.0 (Macintosh; Intel Mac OS X 10_13_6) AppleWebKit/605.1.15 (KHTML, like Gecko) Version/13.1.2 Safari/605.1.15"
93.109.153.127 - - [11/Sep/2020:16:38:02 -0400] "GET /images/CMPP/2_Versa.jpg HTTP/1.0" 200 39450 "http://customtanningbed.com/salonpackages.php" "Mozilla/5.0 (Macintosh; Intel Mac OS X 10_13_6) AppleWebKit/605.1.15 (KHTML, like Gecko) Version/13.1.2 Safari/605.1.15"
93.109.153.127 - - [11/Sep/2020:16:38:02 -0400] "GET /images/selonPackageTableTop2.jpg HTTP/1.0" 200 342 "http://customtanningbed.com/salonpackages.php" "Mozilla/5.0 (Macintosh; Intel Mac OS X 10_13_6) AppleWebKit/605.1.15 (KHTML, like Gecko) Version/13.1.2 Safari/605.1.15"
