111.206.221.115 - - [11/Sep/2020:13:31:53 -0400] "GET /used_bed_images/used_tanning_bed_149.jpg HTTP/1.0" 200 419123 "http://www.customtanningbed.com/used-tanning-beds.php" "Mozilla/5.0 (compatible; Baiduspider-render/2.0; +http://www.baidu.com/search/spider.html)"
111.206.221.16 - - [11/Sep/2020:13:31:50 -0400] "GET /used_bed_images/used_tanning_bed_168.jpg HTTP/1.0" 200 2446327 "http://www.customtanningbed.com/used-tanning-beds.php" "Mozilla/5.0 (compatible; Baiduspider-render/2.0; +http://www.baidu.com/search/spider.html)"
156.146.50.1 - - [11/Sep/2020:13:33:05 -0400] "POST /admin/Complete_%202_%20Bed_%20Package.php?id=addrec HTTP/1.0" 200 11536 "http://www.customtanningbed.com/admin/Complete_%202_%20Bed_%20Package.php?id=addrec" "Mozilla/5.0 (X11; Linux i686; rv:2.0) Gecko/20100101 Firefox/3.6"
156.146.50.1 - - [11/Sep/2020:13:48:59 -0400] "POST /admin/Complete_%202_%20Bed_%20Package.php?id=addrec HTTP/1.0" 200 11536 "http://www.customtanningbed.com/admin/Complete_%202_%20Bed_%20Package.php?id=addrec" "Mozilla/5.0 (Windows; U; Win98; en-US; rv:1.8.1.4) Gecko/20070509 SeaMonkey/1.1.2"
157.55.39.16 - - [11/Sep/2020:13:51:44 -0400] "GET /robots.txt HTTP/1.0" 301 255 "-" "Mozilla/5.0 (compatible; bingbot/2.0; +http://www.bing.com/bingbot.htm)"
156.146.50.1 - - [11/Sep/2020:14:12:54 -0400] "POST /admin/Complete_%202_%20Bed_%20Package.php?id=addrec HTTP/1.0" 200 11536 "http://www.customtanningbed.com/admin/Complete_%202_%20Bed_%20Package.php?id=addrec" "Mozilla/5.0(Windows; U; Windows NT 5.2; rv:1.9.2) Gecko/20100101 Firefox/3.6"
166.137.10.130 - - [11/Sep/2020:14:18:44 -0400] "GET /images/home_page_img1_new.jpg HTTP/1.0" 200 77404 "http://www.customtanningbed.com/" "Mozilla/5.0 (iPhone; CPU iPhone OS 13_6_1 like Mac OS X) AppleWebKit/605.1.15 (KHTML, like Gecko) Version/13.1.2 Mobile/15E148 Safari/604.1"
166.137.10.130 - - [11/Sep/2020:14:18:44 -0400] "GET /images/search_bar4.jpg HTTP/1.0" 200 35864 "http://www.customtanningbed.com/" "Mozilla/5.0 (iPhone; CPU iPhone OS 13_6_1 like Mac OS X) AppleWebKit/605.1.15 (KHTML, like Gecko) Version/13.1.2 Mobile/15E148 Safari/604.1"
166.137.10.130 - - [11/Sep/2020:14:18:44 -0400] "GET /images/categories_back5.jpg HTTP/1.0" 200 3293 "http://www.customtanningbed.com/" "Mozilla/5.0 (iPhone; CPU iPhone OS 13_6_1 like Mac OS X) AppleWebKit/605.1.15 (KHTML, like Gecko) Version/13.1.2 Mobile/15E148 Safari/604.1"
166.137.10.130 - - [11/Sep/2020:14:18:44 -0400] "GET /images/links3.jpg HTTP/1.0" 200 8821 "http://www.customtanningbed.com/" "Mozilla/5.0 (iPhone; CPU iPhone OS 13_6_1 like Mac OS X) AppleWebKit/605.1.15 (KHTML, like Gecko) Version/13.1.2 Mobile/15E148 Safari/604.1"
156.146.50.1 - - [11/Sep/2020:14:28:45 -0400] "POST /admin/Complete_%202_%20Bed_%20Package.php?id=addrec HTTP/1.0" 200 11536 "http://www.customtanningbed.com/admin/Complete_%202_%20Bed_%20Package.php?id=addrec" "Mozilla/4.0 (compatible; MSIE 6.0; Windows NT 5.1; SV1) Sleipnir/2.7.2"
178.159.37.172 - - [11/Sep/2020:14:32:14 -0400] "GET /salonpackages.php HTTP/1.0" 200 94064 "http://customtanningbed.com/salonpackages.php" "Mozilla/5.0 (Windows NT 6.1) AppleWebKit/537.36 (KHTML, like Gecko) Chrome/68.0.3440.106 Safari/537.36 Kinza/4.9.1"
178.159.37.172 - - [11/Sep/2020:14:32:16 -0400] "GET /index.php HTTP/1.0" 404 575 "http://customtanningbed.com/index.php" "Mozilla/5.0 (Windows NT 6.1) AppleWebKit/537.36 (KHTML, like Gecko) Chrome/68.0.3440.106 Safari/537.36 Kinza/4.9.1"
114.119.142.210 - - [11/Sep/2020:14:35:24 -0400] "GET /admin/Complete_%202_%20Bed_%20Package.php HTTP/1.0" 200 11536 "-" "Mozilla/5.0 (Linux; Android 7.0;) AppleWebKit/537.36 (KHTML, like Gecko) Mobile Safari/537.36 (compatible; PetalBot;+http://aspiegel.com/petalbot)"
34.75.36.228 - - [11/Sep/2020:14:35:50 -0400] "GET / HTTP/1.0" 301 245 "-" "ZoominfoBot (zoominfobot at zoominfo dot com)"
207.46.13.81 - - [11/Sep/2020:14:47:00 -0400] "GET /request_royal_sun_express_and_turbo_price.htm HTTP/1.0" 200 6656 "-" "Mozilla/5.0 (compatible; bingbot/2.0; +http://www.bing.com/bingbot.htm)"
17.58.98.49 - - [11/Sep/2020:14:53:24 -0400] "GET /faq.html HTTP/1.0" 200 27185 "-" "Mozilla/5.0 (Macintosh; Intel Mac OS X 10_15_5) AppleWebKit/605.1.15 (KHTML, like Gecko) Version/13.1.1 Safari/605.1.15 (Applebot/0.1; +http://www.apple.com/go/applebot)"
114.119.128.143 - - [11/Sep/2020:15:20:53 -0400] "GET /stand-ups.html HTTP/1.0" 200 28325 "-" "Mozilla/5.0 (Linux; Android 7.0;) AppleWebKit/537.36 (KHTML, like Gecko) Mobile Safari/537.36 (compatible; PetalBot;+http://aspiegel.com/petalbot)"
156.146.50.1 - - [11/Sep/2020:15:23:24 -0400] "POST /admin/Complete_%202_%20Bed_%20Package.php?id=addrec HTTP/1.0" 200 11536 "http://www.customtanningbed.com/admin/Complete_%202_%20Bed_%20Package.php?id=addrec" "Mozilla/4.0 (compatible; MSIE 5.5; Windows 98; Wanadoo 6.0; Feedreader)"
10.30.94.78 - - [11/Sep/2020:15:35:03 -0400] "POST /wp-cron.php?doing_wp_cron=1599852903.6586871147155761718750 HTTP/1.0" 200 - "http://www.pbmbed.com/wp-cron.php?doing_wp_cron=1599852903.6586871147155761718750" "WordPress/4.9.8; http://www.pbmbed.com"
66.249.79.11 - - [11/Sep/2020:15:37:36 -0400] "GET / HTTP/1.0" 200 19887 "-" "Mozilla/5.0 (Linux; Android 6.0.1; Nexus 5X Build/MMB29P) AppleWebKit/537.36 (KHTML, like Gecko) Chrome/80.0.3987.92 Mobile Safari/537.36 (compatible; Googlebot/2.1; +http://www.google.com/bot.html)"
34.75.68.150 - - [11/Sep/2020:15:40:20 -0400] "GET / HTTP/1.0" 200 19887 "-" "ZoominfoBot (zoominfobot at zoominfo dot com)"
138.43.140.241 - - [11/Sep/2020:15:50:28 -0400] "GET /images/button_mostPopularPackage1_new.jpg HTTP/1.0" 200 7906 "http://customtanningbed.com/salonpackages.php" "Mozilla/5.0 (Windows NT 10.0; Win64; x64) AppleWebKit/537.36 (KHTML, like Gecko) Chrome/85.0.4183.83 Safari/537.36"
138.43.140.241 - - [11/Sep/2020:15:50:28 -0400] "GET /images/CMPP/1_vertical1.jpg HTTP/1.0" 200 153697 "http://customtanningbed.com/salonpackages.php" "Mozilla/5.0 (Windows NT 10.0; Win64; x64) AppleWebKit/537.36 (KHTML, like Gecko) Chrome/85.0.4183.83 Safari/537.36"
138.43.140.241 - - [11/Sep/2020:15:50:28 -0400] "GET /images/selonPackageRightCorner2.jpg HTTP/1.0" 200 392 "http://customtanningbed.com/salonpackages.php" "Mozilla/5.0 (Windows NT 10.0; Win64; x64) AppleWebKit/537.36 (KHTML, like Gecko) Chrome/85.0.4183.83 Safari/537.36"
138.43.140.241 - - [11/Sep/2020:15:50:29 -0400] "GET /images/button_mostPopularPackage1_new_mouseover.jpg HTTP/1.0" 200 7899 "http://customtanningbed.com/salonpackages.php" "Mozilla/5.0 (Windows NT 10.0; Win64; x64) AppleWebKit/537.36 (KHTML, like Gecko) Chrome/85.0.4183.83 Safari/537.36"
40.76.16.138 - - [11/Sep/2020:15:57:09 -0400] "GET /laravel/.env HTTP/1.0" 404 575 "-" "Mozlila/5.0 (Linux; Android 7.0; SM-G892A Bulid/NRD90M; wv) AppleWebKit/537.36 (KHTML, like Gecko) Version/4.0 Chrome/60.0.3112.107 Moblie Safari/537.36"
138.43.140.241 - - [11/Sep/2020:15:57:42 -0400] "POST /mail3.php HTTP/1.0" 200 29872 "http://customtanningbed.com/Lease%20Application.php?mode1=Complete%207%20Bed%20Package&id1=Cash%20$59,995%20or%20Lease&image=images/CMPP/15_ergolinewall.jpg" "Mozilla/5.0 (Windows NT 10.0; Win64; x64) AppleWebKit/537.36 (KHTML, like Gecko) Chrome/85.0.4183.83 Safari/537.36"
40.76.16.138 - - [11/Sep/2020:15:57:46 -0400] "GET /sites/.env HTTP/1.0" 404 575 "-" "Mozlila/5.0 (Linux; Android 7.0; SM-G892A Bulid/NRD90M; wv) AppleWebKit/537.36 (KHTML, like Gecko) Version/4.0 Chrome/60.0.3112.107 Moblie Safari/537.36"
138.43.140.241 - - [11/Sep/2020:15:58:11 -0400] "GET /designYourOwnPackages.php HTTP/1.0" 200 72754 "http://customtanningbed.com/salonpackages.php" "Mozilla/5.0 (Windows NT 10.0; Win64; x64) AppleWebKit/537.36 (KHTML, like Gecko) Chrome/85.0.4183.83 Safari/537.36"
138.43.140.241 - - [11/Sep/2020:15:58:12 -0400] "GET /images/DYOP/Hydromassage.JPG HTTP/1.0" 200 8394 "http://customtanningbed.com/designYourOwnPackages.php" "Mozilla/5.0 (Windows NT 10.0; Win64; x64) AppleWebKit/537.36 (KHTML, like Gecko) Chrome/85.0.4183.83 Safari/537.36"
138.43.140.241 - - [11/Sep/2020:15:58:12 -0400] "GET /images/DYOP/express2.png HTTP/1.0" 200 93421 "http://customtanningbed.com/designYourOwnPackages.php" "Mozilla/5.0 (Windows NT 10.0; Win64; x64) AppleWebKit/537.36 (KHTML, like Gecko) Chrome/85.0.4183.83 Safari/537.36"
138.43.140.241 - - [11/Sep/2020:15:58:12 -0400] "GET /images/DYOP/360.png HTTP/1.0" 200 115040 "http://customtanningbed.com/designYourOwnPackages.php" "Mozilla/5.0 (Windows NT 10.0; Win64; x64) AppleWebKit/537.36 (KHTML, like Gecko) Chrome/85.0.4183.83 Safari/537.36"
138.43.140.241 - - [11/Sep/2020:15:58:12 -0400] "GET /images/DYOP/20minb.png HTTP/1.0" 200 39693 "http://customtanningbed.com/designYourOwnPackages.php" "Mozilla/5.0 (Windows NT 10.0; Win64; x64) AppleWebKit/537.36 (KHTML, like Gecko) Chrome/85.0.4183.83 Safari/537.36"
138.43.140.241 - - [11/Sep/2020:15:58:12 -0400] "GET /images/DYOP/3d1.png HTTP/1.0" 200 47168 "http://customtanningbed.com/designYourOwnPackages.php" "Mozilla/5.0 (Windows NT 10.0; Win64; x64) AppleWebKit/537.36 (KHTML, like Gecko) Chrome/85.0.4183.83 Safari/537.36"
138.43.140.241 - - [11/Sep/2020:15:58:12 -0400] "GET /images/DYOP/bed-Mystic_2500HD.jpg HTTP/1.0" 200 13122 "http://customtanningbed.com/designYourOwnPackages.php" "Mozilla/5.0 (Windows NT 10.0; Win64; x64) AppleWebKit/537.36 (KHTML, like Gecko) Chrome/85.0.4183.83 Safari/537.36"
138.43.140.241 - - [11/Sep/2020:15:58:12 -0400] "GET /images/DYOP/VersaSpa.gif HTTP/1.0" 200 35596 "http://customtanningbed.com/designYourOwnPackages.php" "Mozilla/5.0 (Windows NT 10.0; Win64; x64) AppleWebKit/537.36 (KHTML, like Gecko) Chrome/85.0.4183.83 Safari/537.36"
138.43.140.241 - - [11/Sep/2020:15:58:12 -0400] "GET /images/DYOP/Teeth%20Whitening.jpg HTTP/1.0" 200 84062 "http://customtanningbed.com/designYourOwnPackages.php" "Mozilla/5.0 (Windows NT 10.0; Win64; x64) AppleWebKit/537.36 (KHTML, like Gecko) Chrome/85.0.4183.83 Safari/537.36"
138.43.140.241 - - [11/Sep/2020:15:58:12 -0400] "GET /images/DYOP/corporateIdendity.png HTTP/1.0" 200 6815 "http://customtanningbed.com/designYourOwnPackages.php" "Mozilla/5.0 (Windows NT 10.0; Win64; x64) AppleWebKit/537.36 (KHTML, like Gecko) Chrome/85.0.4183.83 Safari/537.36"
138.43.140.241 - - [11/Sep/2020:15:58:12 -0400] "GET /images/DYOP/Catalog-1.jpg HTTP/1.0" 200 286631 "http://customtanningbed.com/designYourOwnPackages.php" "Mozilla/5.0 (Windows NT 10.0; Win64; x64) AppleWebKit/537.36 (KHTML, like Gecko) Chrome/85.0.4183.83 Safari/537.36"
138.43.140.241 - - [11/Sep/2020:15:58:12 -0400] "GET /images/DYOP/wireless.png HTTP/1.0" 200 8221 "http://customtanningbed.com/designYourOwnPackages.php" "Mozilla/5.0 (Windows NT 10.0; Win64; x64) AppleWebKit/537.36 (KHTML, like Gecko) Chrome/85.0.4183.83 Safari/537.36"
138.43.140.241 - - [11/Sep/2020:15:58:12 -0400] "GET /images/DYOP//bodystickers.jpg HTTP/1.0" 200 12322 "http://customtanningbed.com/designYourOwnPackages.php" "Mozilla/5.0 (Windows NT 10.0; Win64; x64) AppleWebKit/537.36 (KHTML, like Gecko) Chrome/85.0.4183.83 Safari/537.36"
138.43.140.241 - - [11/Sep/2020:15:58:12 -0400] "GET /images/DYOP/big_LIT128156.jpg HTTP/1.0" 200 36631 "http://customtanningbed.com/designYourOwnPackages.php" "Mozilla/5.0 (Windows NT 10.0; Win64; x64) AppleWebKit/537.36 (KHTML, like Gecko) Chrome/85.0.4183.83 Safari/537.36"
138.43.140.241 - - [11/Sep/2020:15:58:12 -0400] "GET /images/DYOP//DSC01763.JPG HTTP/1.0" 200 160341 "http://customtanningbed.com/designYourOwnPackages.php" "Mozilla/5.0 (Windows NT 10.0; Win64; x64) AppleWebKit/537.36 (KHTML, like Gecko) Chrome/85.0.4183.83 Safari/537.36"
138.43.140.241 - - [11/Sep/2020:15:58:12 -0400] "GET /images/DYOP/Poster002%20SouthBeach%20copy.png HTTP/1.0" 200 252661 "http://customtanningbed.com/designYourOwnPackages.php" "Mozilla/5.0 (Windows NT 10.0; Win64; x64) AppleWebKit/537.36 (KHTML, like Gecko) Chrome/85.0.4183.83 Safari/537.36"
138.43.140.241 - - [11/Sep/2020:15:58:12 -0400] "GET /images/DYOP/UVSCAN-pOSTER-poster-copy.png HTTP/1.0" 200 273263 "http://customtanningbed.com/designYourOwnPackages.php" "Mozilla/5.0 (Windows NT 10.0; Win64; x64) AppleWebKit/537.36 (KHTML, like Gecko) Chrome/85.0.4183.83 Safari/537.36"
13.90.25.234 - - [11/Sep/2020:16:01:05 -0400] "GET /test/.env HTTP/1.0" 404 1075 "-" "Mozlila/5.0 (Linux; Android 7.0; SM-G892A Bulid/NRD90M; wv) AppleWebKit/537.36 (KHTML, like Gecko) Version/4.0 Chrome/60.0.3112.107 Moblie Safari/537.36"
13.90.25.234 - - [11/Sep/2020:16:01:05 -0400] "GET /admin/.env HTTP/1.0" 404 1075 "-" "Mozlila/5.0 (Linux; Android 7.0; SM-G892A Bulid/NRD90M; wv) AppleWebKit/537.36 (KHTML, like Gecko) Version/4.0 Chrome/60.0.3112.107 Moblie Safari/537.36"
13.90.25.234 - - [11/Sep/2020:16:01:05 -0400] "GET /sites/.env HTTP/1.0" 404 1075 "-" "Mozlila/5.0 (Linux; Android 7.0; SM-G892A Bulid/NRD90M; wv) AppleWebKit/537.36 (KHTML, like Gecko) Version/4.0 Chrome/60.0.3112.107 Moblie Safari/537.36"
114.119.153.113 - - [11/Sep/2020:16:02:19 -0400] "GET /pages_com/express2.html HTTP/1.0" 200 26493 "-" "Mozilla/5.0 (Linux; Android 7.0;) AppleWebKit/537.36 (KHTML, like Gecko) Mobile Safari/537.36 (compatible; PetalBot;+http://aspiegel.com/petalbot)"
138.43.140.241 - - [11/Sep/2020:16:02:34 -0400] "GET /images_com/CD/title1.png HTTP/1.0" 200 14162 "http://customtanningbed.com/commercial.html" "Mozilla/5.0 (Windows NT 10.0; Win64; x64) AppleWebKit/537.36 (KHTML, like Gecko) Chrome/85.0.4183.83 Safari/537.36"
138.43.140.241 - - [11/Sep/2020:16:02:34 -0400] "GET /images_com/TR/20min.png HTTP/1.0" 200 40610 "http://customtanningbed.com/commercial.html" "Mozilla/5.0 (Windows NT 10.0; Win64; x64) AppleWebKit/537.36 (KHTML, like Gecko) Chrome/85.0.4183.83 Safari/537.36"
138.43.140.241 - - [11/Sep/2020:16:02:34 -0400] "GET /images_com/TR/15min.png HTTP/1.0" 200 37254 "http://customtanningbed.com/commercial.html" "Mozilla/5.0 (Windows NT 10.0; Win64; x64) AppleWebKit/537.36 (KHTML, like Gecko) Chrome/85.0.4183.83 Safari/537.36"
138.43.140.241 - - [11/Sep/2020:16:02:34 -0400] "GET /images_com/CD/sample.png HTTP/1.0" 200 4900 "http://customtanningbed.com/commercial.html" "Mozilla/5.0 (Windows NT 10.0; Win64; x64) AppleWebKit/537.36 (KHTML, like Gecko) Chrome/85.0.4183.83 Safari/537.36"
138.43.140.241 - - [11/Sep/2020:16:02:34 -0400] "GET /images_com/RS/bt_exp1a.png HTTP/1.0" 200 27316 "http://customtanningbed.com/commercial.html" "Mozilla/5.0 (Windows NT 10.0; Win64; x64) AppleWebKit/537.36 (KHTML, like Gecko) Chrome/85.0.4183.83 Safari/537.36"
138.43.140.241 - - [11/Sep/2020:16:02:34 -0400] "GET /images_com/CD/highq.png HTTP/1.0" 200 15333 "http://customtanningbed.com/commercial.html" "Mozilla/5.0 (Windows NT 10.0; Win64; x64) AppleWebKit/537.36 (KHTML, like Gecko) Chrome/85.0.4183.83 Safari/537.36"
138.43.140.241 - - [11/Sep/2020:16:02:34 -0400] "GET /images_com/RS/bt_tura.png HTTP/1.0" 200 25589 "http://customtanningbed.com/commercial.html" "Mozilla/5.0 (Windows NT 10.0; Win64; x64) AppleWebKit/537.36 (KHTML, like Gecko) Chrome/85.0.4183.83 Safari/537.36"
138.43.140.241 - - [11/Sep/2020:16:02:34 -0400] "GET /images_com/CD/logoapp.png HTTP/1.0" 200 17133 "http://customtanningbed.com/commercial.html" "Mozilla/5.0 (Windows NT 10.0; Win64; x64) AppleWebKit/537.36 (KHTML, like Gecko) Chrome/85.0.4183.83 Safari/537.36"
138.43.140.241 - - [11/Sep/2020:16:02:35 -0400] "GET /images_com/Public/buttonblue.png HTTP/1.0" 200 5421 "http://customtanningbed.com/commercial.html" "Mozilla/5.0 (Windows NT 10.0; Win64; x64) AppleWebKit/537.36 (KHTML, like Gecko) Chrome/85.0.4183.83 Safari/537.36"
138.43.140.241 - - [11/Sep/2020:16:02:35 -0400] "GET /images_com/RS/bt_360b.png HTTP/1.0" 200 26257 "http://customtanningbed.com/commercial.html" "Mozilla/5.0 (Windows NT 10.0; Win64; x64) AppleWebKit/537.36 (KHTML, like Gecko) Chrome/85.0.4183.83 Safari/537.36"
138.43.140.241 - - [11/Sep/2020:16:02:35 -0400] "GET /images_com/RS/bt_focb.png HTTP/1.0" 200 16187 "http://customtanningbed.com/commercial.html" "Mozilla/5.0 (Windows NT 10.0; Win64; x64) AppleWebKit/537.36 (KHTML, like Gecko) Chrome/85.0.4183.83 Safari/537.36"
138.43.140.241 - - [11/Sep/2020:16:03:30 -0400] "GET /pages_com/express2.html HTTP/1.0" 200 26493 "http://customtanningbed.com/pages_com/royal.html" "Mozilla/5.0 (Windows NT 10.0; Win64; x64) AppleWebKit/537.36 (KHTML, like Gecko) Chrome/85.0.4183.83 Safari/537.36"
138.43.140.241 - - [11/Sep/2020:16:03:30 -0400] "GET /images_com/RS/title_express2.png HTTP/1.0" 200 112528 "http://customtanningbed.com/pages_com/express2.html" "Mozilla/5.0 (Windows NT 10.0; Win64; x64) AppleWebKit/537.36 (KHTML, like Gecko) Chrome/85.0.4183.83 Safari/537.36"
138.43.140.241 - - [11/Sep/2020:16:03:30 -0400] "GET /images_com/RS/a1.png HTTP/1.0" 200 3713 "http://customtanningbed.com/pages_com/express2.html" "Mozilla/5.0 (Windows NT 10.0; Win64; x64) AppleWebKit/537.36 (KHTML, like Gecko) Chrome/85.0.4183.83 Safari/537.36"
138.43.140.241 - - [11/Sep/2020:16:03:30 -0400] "GET /images_com/RS/sbt_tura.png HTTP/1.0" 200 14572 "http://customtanningbed.com/pages_com/express2.html" "Mozilla/5.0 (Windows NT 10.0; Win64; x64) AppleWebKit/537.36 (KHTML, like Gecko) Chrome/85.0.4183.83 Safari/537.36"
138.43.140.241 - - [11/Sep/2020:16:03:30 -0400] "GET /images_com/RS/a3.png HTTP/1.0" 200 3789 "http://customtanningbed.com/pages_com/express2.html" "Mozilla/5.0 (Windows NT 10.0; Win64; x64) AppleWebKit/537.36 (KHTML, like Gecko) Chrome/85.0.4183.83 Safari/537.36"
138.43.140.241 - - [11/Sep/2020:16:03:30 -0400] "GET /images_com/RS/pexpres2.jpeg HTTP/1.0" 200 21483 "http://customtanningbed.com/pages_com/express2.html" "Mozilla/5.0 (Windows NT 10.0; Win64; x64) AppleWebKit/537.36 (KHTML, like Gecko) Chrome/85.0.4183.83 Safari/537.36"
138.43.140.241 - - [11/Sep/2020:16:03:30 -0400] "GET /images_com/RS/sbt_exp1a.png HTTP/1.0" 200 14821 "http://customtanningbed.com/pages_com/express2.html" "Mozilla/5.0 (Windows NT 10.0; Win64; x64) AppleWebKit/537.36 (KHTML, like Gecko) Chrome/85.0.4183.83 Safari/537.36"
138.43.140.241 - - [11/Sep/2020:16:03:30 -0400] "GET /images_com/RS/sbt_exp2b.png HTTP/1.0" 200 14844 "http://customtanningbed.com/pages_com/express2.html" "Mozilla/5.0 (Windows NT 10.0; Win64; x64) AppleWebKit/537.36 (KHTML, like Gecko) Chrome/85.0.4183.83 Safari/537.36"
138.43.140.241 - - [11/Sep/2020:16:03:30 -0400] "GET /images_com/RS/pexpres7.jpeg HTTP/1.0" 200 20367 "http://customtanningbed.com/pages_com/express2.html" "Mozilla/5.0 (Windows NT 10.0; Win64; x64) AppleWebKit/537.36 (KHTML, like Gecko) Chrome/85.0.4183.83 Safari/537.36"
138.43.140.241 - - [11/Sep/2020:16:03:30 -0400] "GET /images_com/RS/a8.png HTTP/1.0" 200 2113 "http://customtanningbed.com/pages_com/express2.html" "Mozilla/5.0 (Windows NT 10.0; Win64; x64) AppleWebKit/537.36 (KHTML, like Gecko) Chrome/85.0.4183.83 Safari/537.36"
138.43.140.241 - - [11/Sep/2020:16:03:52 -0400] "GET /images/fromLogo.jpg HTTP/1.0" 200 59157 "http://www.customtanningbed.com/catalog_request.php" "Mozilla/5.0 (Windows NT 10.0; Win64; x64) AppleWebKit/537.36 (KHTML, like Gecko) Chrome/85.0.4183.83 Safari/537.36"
138.43.140.241 - - [11/Sep/2020:16:03:52 -0400] "GET /security_key.php HTTP/1.0" 200 631 "http://www.customtanningbed.com/catalog_request.php" "Mozilla/5.0 (Windows NT 10.0; Win64; x64) AppleWebKit/537.36 (KHTML, like Gecko) Chrome/85.0.4183.83 Safari/537.36"
138.43.140.241 - - [11/Sep/2020:16:05:16 -0400] "POST /mail2.php HTTP/1.0" 200 29859 "http://www.customtanningbed.com/catalog_request.php" "Mozilla/5.0 (Windows NT 10.0; Win64; x64) AppleWebKit/537.36 (KHTML, like Gecko) Chrome/85.0.4183.83 Safari/537.36"
138.43.140.241 - - [11/Sep/2020:16:05:17 -0400] "GET /images/background_new2.jpg HTTP/1.0" 200 632 "http://www.customtanningbed.com/mail2.php" "Mozilla/5.0 (Windows NT 10.0; Win64; x64) AppleWebKit/537.36 (KHTML, like Gecko) Chrome/85.0.4183.83 Safari/537.36"
138.43.140.241 - - [11/Sep/2020:16:05:17 -0400] "GET /images/links3.jpg HTTP/1.0" 200 8821 "http://www.customtanningbed.com/mail2.php" "Mozilla/5.0 (Windows NT 10.0; Win64; x64) AppleWebKit/537.36 (KHTML, like Gecko) Chrome/85.0.4183.83 Safari/537.36"
138.43.140.241 - - [11/Sep/2020:16:05:20 -0400] "GET /catalog_request.php HTTP/1.0" 200 11043 "http://www.customtanningbed.com/mail2.php" "Mozilla/5.0 (Windows NT 10.0; Win64; x64) AppleWebKit/537.36 (KHTML, like Gecko) Chrome/85.0.4183.83 Safari/537.36"
138.43.140.241 - - [11/Sep/2020:16:06:57 -0400] "GET /commercial.html HTTP/1.0" 200 25349 "http://www.customtanningbed.com/mail2.php" "Mozilla/5.0 (Windows NT 10.0; Win64; x64) AppleWebKit/537.36 (KHTML, like Gecko) Chrome/85.0.4183.83 Safari/537.36"
138.43.140.241 - - [11/Sep/2020:16:06:57 -0400] "GET /images_com/RS/title1.png HTTP/1.0" 200 16649 "http://www.customtanningbed.com/commercial.html" "Mozilla/5.0 (Windows NT 10.0; Win64; x64) AppleWebKit/537.36 (KHTML, like Gecko) Chrome/85.0.4183.83 Safari/537.36"
138.43.140.241 - - [11/Sep/2020:16:06:57 -0400] "GET /images_com/Public/buttongrey.png HTTP/1.0" 200 3777 "http://www.customtanningbed.com/commercial.html" "Mozilla/5.0 (Windows NT 10.0; Win64; x64) AppleWebKit/537.36 (KHTML, like Gecko) Chrome/85.0.4183.83 Safari/537.36"
138.43.140.241 - - [11/Sep/2020:16:06:57 -0400] "GET /images_com/TR/15min.png HTTP/1.0" 200 37254 "http://www.customtanningbed.com/commercial.html" "Mozilla/5.0 (Windows NT 10.0; Win64; x64) AppleWebKit/537.36 (KHTML, like Gecko) Chrome/85.0.4183.83 Safari/537.36"
138.43.140.241 - - [11/Sep/2020:16:06:57 -0400] "GET /images_com/RS/bt_tura.png HTTP/1.0" 200 25589 "http://www.customtanningbed.com/commercial.html" "Mozilla/5.0 (Windows NT 10.0; Win64; x64) AppleWebKit/537.36 (KHTML, like Gecko) Chrome/85.0.4183.83 Safari/537.36"
138.43.140.241 - - [11/Sep/2020:16:06:57 -0400] "GET /images_com/RS/bt_360a.png HTTP/1.0" 200 26155 "http://www.customtanningbed.com/commercial.html" "Mozilla/5.0 (Windows NT 10.0; Win64; x64) AppleWebKit/537.36 (KHTML, like Gecko) Chrome/85.0.4183.83 Safari/537.36"
138.43.140.241 - - [11/Sep/2020:16:06:57 -0400] "GET /images_com/CD/logoapp.png HTTP/1.0" 200 17133 "http://www.customtanningbed.com/commercial.html" "Mozilla/5.0 (Windows NT 10.0; Win64; x64) AppleWebKit/537.36 (KHTML, like Gecko) Chrome/85.0.4183.83 Safari/537.36"
138.43.140.241 - - [11/Sep/2020:16:06:57 -0400] "GET /images_com/Public/buttonblue.png HTTP/1.0" 200 5421 "http://www.customtanningbed.com/commercial.html" "Mozilla/5.0 (Windows NT 10.0; Win64; x64) AppleWebKit/537.36 (KHTML, like Gecko) Chrome/85.0.4183.83 Safari/537.36"
138.43.140.241 - - [11/Sep/2020:16:07:11 -0400] "GET /Tropical_Rayz_WB_Series.php HTTP/1.0" 200 51716 "http://www.customtanningbed.com/commercial.html" "Mozilla/5.0 (Windows NT 10.0; Win64; x64) AppleWebKit/537.36 (KHTML, like Gecko) Chrome/85.0.4183.83 Safari/537.36"
138.43.140.241 - - [11/Sep/2020:16:07:12 -0400] "GET /images/buttonFinanceNow.gif HTTP/1.0" 200 2218 "http://www.customtanningbed.com/Tropical_Rayz_WB_Series.php" "Mozilla/5.0 (Windows NT 10.0; Win64; x64) AppleWebKit/537.36 (KHTML, like Gecko) Chrome/85.0.4183.83 Safari/537.36"
138.43.140.241 - - [11/Sep/2020:16:07:12 -0400] "GET /images/highlightFeature5.gif HTTP/1.0" 200 10129 "http://www.customtanningbed.com/Tropical_Rayz_WB_Series.php" "Mozilla/5.0 (Windows NT 10.0; Win64; x64) AppleWebKit/537.36 (KHTML, like Gecko) Chrome/85.0.4183.83 Safari/537.36"
138.43.140.241 - - [11/Sep/2020:16:15:24 -0400] "GET /images/highlightFeature1.gif HTTP/1.0" 200 12413 "http://www.customtanningbed.com/Tropical_Rayz_BF_Series.php" "Mozilla/5.0 (Windows NT 10.0; Win64; x64) AppleWebKit/537.36 (KHTML, like Gecko) Chrome/85.0.4183.83 Safari/537.36"
138.43.140.241 - - [11/Sep/2020:16:15:24 -0400] "GET /images/highlightFeature3.gif HTTP/1.0" 200 8085 "http://www.customtanningbed.com/Tropical_Rayz_BF_Series.php" "Mozilla/5.0 (Windows NT 10.0; Win64; x64) AppleWebKit/537.36 (KHTML, like Gecko) Chrome/85.0.4183.83 Safari/537.36"
156.146.50.1 - - [11/Sep/2020:16:18:15 -0400] "POST /admin/Complete_%202_%20Bed_%20Package.php?id=addrec HTTP/1.0" 200 11536 "http://www.customtanningbed.com/admin/Complete_%202_%20Bed_%20Package.php?id=addrec" "Mozilla/4.0 (compatible; MSIE 6.0; Windows ME) Opera 7.20 [en]"
39.101.67.145 - - [11/Sep/2020:16:22:59 -0400] "GET /xxxss HTTP/1.0" 404 575 "-" "Mozilla/5.0 (Windows NT 10.0; WOW64; rv:48.0) Gecko/20100101 Firefox/48.0"
49.149.108.181 - - [11/Sep/2020:16:23:12 -0400] "GET /Lease%20Application.php?mode1=Complete%20UV%20FREE%20Package&id1=$23%20per%20day%20or%20$11,900'[0]&image=images/CMPP/2_Versa.jpg HTTP/1.0" 200 43064 "-" "Mozilla/5.0 (Windows NT 10.0; WOW64; Rv:50.0) Gecko/20100101 Firefox/50.0"
49.149.108.181 - - [11/Sep/2020:16:23:28 -0400] "GET /Lease%20Application.php?mode1=Complete%20UV%20FREE%20Package&id1=$23%20per%20day%20or%20$11,900&image=/etc/passwd HTTP/1.0" 200 43030 "-" "Mozilla/5.0 (Windows NT 10.0; WOW64; Rv:50.0) Gecko/20100101 Firefox/50.0"
93.158.161.33 - - [11/Sep/2020:16:23:28 -0400] "GET /robots.txt HTTP/1.0" 404 575 "-" "Mozilla/5.0 (compatible; YandexBot/3.0; +http://yandex.com/bots)"
93.109.153.127 - - [11/Sep/2020:16:38:01 -0400] "GET /js/highslide.js HTTP/1.0" 200 43083 "http://customtanningbed.com/salonpackages.php" "Mozilla/5.0 (Macintosh; Intel Mac OS X 10_13_6) AppleWebKit/605.1.15 (KHTML, like Gecko) Version/13.1.2 Safari/605.1.15"
156.146.50.1 - - [11/Sep/2020:16:41:24 -0400] "POST /admin/Complete_%202_%20Bed_%20Package.php?id=addrec HTTP/1.0" 200 11536 "http://www.customtanningbed.com/admin/Complete_%202_%20Bed_%20Package.php?id=addrec" "Mozilla/4.0 (compatible; MSIE 6.0; America Online Browser 1.1; Windows 98)"
114.119.154.30 - - [11/Sep/2020:16:47:43 -0400] "GET /Perfect_Tan_Professional_SF_Series.php HTTP/1.0" 200 30193 "-" "Mozilla/5.0 (Linux; Android 7.0;) AppleWebKit/537.36 (KHTML, like Gecko) Mobile Safari/537.36 (compatible; PetalBot;+http://aspiegel.com/petalbot)"
40.77.167.65 - - [11/Sep/2020:17:05:04 -0400] "GET /Perfect_Tan_Professional_SF_Series.php/Scripts/AC_RunActiveContent.js HTTP/1.0" 200 30193 "-" "Mozilla/5.0 (compatible; bingbot/2.0; +http://www.bing.com/bingbot.htm)"
73.138.171.192 - - [11/Sep/2020:17:28:30 -0400] "GET /images/categories_back5.jpg HTTP/1.0" 200 3293 "http://customtanningbed.com/toning-tables.html" "Mozilla/5.0 (Windows NT 10.0; Win64; x64) AppleWebKit/537.36 (KHTML, like Gecko) Chrome/85.0.4183.102 Safari/537.36"
68.103.167.26 - - [11/Sep/2020:17:33:18 -0400] "GET /js/common.js HTTP/1.0" 200 1085 "http://customtanningbed.com/salonpackages.php" "Mozilla/5.0 (Windows NT 10.0; Win64; x64) AppleWebKit/537.36 (KHTML, like Gecko) Chrome/85.0.4183.102 Safari/537.36"
68.103.167.26 - - [11/Sep/2020:17:33:19 -0400] "GET /images/categories_back5.jpg HTTP/1.0" 200 3293 "http://customtanningbed.com/salonpackages.php" "Mozilla/5.0 (Windows NT 10.0; Win64; x64) AppleWebKit/537.36 (KHTML, like Gecko) Chrome/85.0.4183.102 Safari/537.36"
68.103.167.26 - - [11/Sep/2020:17:33:19 -0400] "GET /images/CMPP/5_Untitled-4.jpg HTTP/1.0" 200 209856 "http://customtanningbed.com/salonpackages.php" "Mozilla/5.0 (Windows NT 10.0; Win64; x64) AppleWebKit/537.36 (KHTML, like Gecko) Chrome/85.0.4183.102 Safari/537.36"
68.103.167.26 - - [11/Sep/2020:17:33:19 -0400] "GET /images/CMPP/1_vertical2.jpg HTTP/1.0" 200 262255 "http://customtanningbed.com/salonpackages.php" "Mozilla/5.0 (Windows NT 10.0; Win64; x64) AppleWebKit/537.36 (KHTML, like Gecko) Chrome/85.0.4183.102 Safari/537.36"
68.103.167.26 - - [11/Sep/2020:17:33:21 -0400] "GET /images/CMPP/1_vertical3.jpg HTTP/1.0" 200 188205 "http://customtanningbed.com/salonpackages.php" "Mozilla/5.0 (Windows NT 10.0; Win64; x64) AppleWebKit/537.36 (KHTML, like Gecko) Chrome/85.0.4183.102 Safari/537.36"
68.103.167.26 - - [11/Sep/2020:17:33:21 -0400] "GET /images/selonPackageTableTop2.jpg HTTP/1.0" 200 342 "http://customtanningbed.com/salonpackages.php" "Mozilla/5.0 (Windows NT 10.0; Win64; x64) AppleWebKit/537.36 (KHTML, like Gecko) Chrome/85.0.4183.102 Safari/537.36"
68.103.167.26 - - [11/Sep/2020:17:33:22 -0400] "GET /images/selonPackageRightCorner2.jpg HTTP/1.0" 200 392 "http://customtanningbed.com/salonpackages.php" "Mozilla/5.0 (Windows NT 10.0; Win64; x64) AppleWebKit/537.36 (KHTML, like Gecko) Chrome/85.0.4183.102 Safari/537.36"
68.103.167.26 - - [11/Sep/2020:17:33:22 -0400] "GET /images/links3.jpg HTTP/1.0" 200 8821 "http://customtanningbed.com/salonpackages.php" "Mozilla/5.0 (Windows NT 10.0; Win64; x64) AppleWebKit/537.36 (KHTML, like Gecko) Chrome/85.0.4183.102 Safari/537.36"
68.103.167.26 - - [11/Sep/2020:17:33:25 -0400] "GET /highslide/graphics/outlines/drop-shadow.png HTTP/1.0" 200 2022 "http://customtanningbed.com/salonpackages.php" "Mozilla/5.0 (Windows NT 10.0; Win64; x64) AppleWebKit/537.36 (KHTML, like Gecko) Chrome/85.0.4183.102 Safari/537.36"
68.103.167.26 - - [11/Sep/2020:17:33:25 -0400] "GET /images/button_mostPopularPackage1_new_mouseover.jpg HTTP/1.0" 200 7899 "http://customtanningbed.com/salonpackages.php" "Mozilla/5.0 (Windows NT 10.0; Win64; x64) AppleWebKit/537.36 (KHTML, like Gecko) Chrome/85.0.4183.102 Safari/537.36"
68.103.167.26 - - [11/Sep/2020:17:33:46 -0400] "GET /commercial.html HTTP/1.0" 200 25349 "http://customtanningbed.com/salonpackages.php" "Mozilla/5.0 (Windows NT 10.0; Win64; x64) AppleWebKit/537.36 (KHTML, like Gecko) Chrome/85.0.4183.102 Safari/537.36"
68.103.167.26 - - [11/Sep/2020:17:33:46 -0400] "GET /images_com/CD/title1.png HTTP/1.0" 200 14162 "http://customtanningbed.com/commercial.html" "Mozilla/5.0 (Windows NT 10.0; Win64; x64) AppleWebKit/537.36 (KHTML, like Gecko) Chrome/85.0.4183.102 Safari/537.36"
68.103.167.26 - - [11/Sep/2020:17:33:46 -0400] "GET /images_com/TR/20min.png HTTP/1.0" 200 40610 "http://customtanningbed.com/commercial.html" "Mozilla/5.0 (Windows NT 10.0; Win64; x64) AppleWebKit/537.36 (KHTML, like Gecko) Chrome/85.0.4183.102 Safari/537.36"
68.103.167.26 - - [11/Sep/2020:17:33:46 -0400] "GET /images_com/TR/15min.png HTTP/1.0" 200 37254 "http://customtanningbed.com/commercial.html" "Mozilla/5.0 (Windows NT 10.0; Win64; x64) AppleWebKit/537.36 (KHTML, like Gecko) Chrome/85.0.4183.102 Safari/537.36"
68.103.167.26 - - [11/Sep/2020:17:33:47 -0400] "GET /images_com/RS/bt_foca.png HTTP/1.0" 200 16005 "http://customtanningbed.com/commercial.html" "Mozilla/5.0 (Windows NT 10.0; Win64; x64) AppleWebKit/537.36 (KHTML, like Gecko) Chrome/85.0.4183.102 Safari/537.36"
68.103.167.26 - - [11/Sep/2020:17:33:47 -0400] "GET /images_com/CD/building.png HTTP/1.0" 200 16289 "http://customtanningbed.com/commercial.html" "Mozilla/5.0 (Windows NT 10.0; Win64; x64) AppleWebKit/537.36 (KHTML, like Gecko) Chrome/85.0.4183.102 Safari/537.36"
68.103.167.26 - - [11/Sep/2020:17:33:47 -0400] "GET /images_com/CD/logoapp.png HTTP/1.0" 200 17133 "http://customtanningbed.com/commercial.html" "Mozilla/5.0 (Windows NT 10.0; Win64; x64) AppleWebKit/537.36 (KHTML, like Gecko) Chrome/85.0.4183.102 Safari/537.36"
68.103.167.26 - - [11/Sep/2020:17:33:47 -0400] "GET /images_com/Public/buttonblue.png HTTP/1.0" 200 5421 "http://customtanningbed.com/commercial.html" "Mozilla/5.0 (Windows NT 10.0; Win64; x64) AppleWebKit/537.36 (KHTML, like Gecko) Chrome/85.0.4183.102 Safari/537.36"
68.103.167.26 - - [11/Sep/2020:17:33:48 -0400] "GET /images_com/RS/bt_focb.png HTTP/1.0" 200 16187 "http://customtanningbed.com/commercial.html" "Mozilla/5.0 (Windows NT 10.0; Win64; x64) AppleWebKit/537.36 (KHTML, like Gecko) Chrome/85.0.4183.102 Safari/537.36"
68.103.167.26 - - [11/Sep/2020:17:33:48 -0400] "GET /images_com/TR/15minb.png HTTP/1.0" 200 36298 "http://customtanningbed.com/commercial.html" "Mozilla/5.0 (Windows NT 10.0; Win64; x64) AppleWebKit/537.36 (KHTML, like Gecko) Chrome/85.0.4183.102 Safari/537.36"
17.58.98.50 - - [11/Sep/2020:17:48:14 -0400] "GET /tanningbedrepair.html HTTP/1.0" 200 35082 "-" "Mozilla/5.0 (Macintosh; Intel Mac OS X 10_15_5) AppleWebKit/605.1.15 (KHTML, like Gecko) Version/13.1.1 Safari/605.1.15 (Applebot/0.1; +http://www.apple.com/go/applebot)"
66.249.79.15 - - [11/Sep/2020:17:52:43 -0400] "GET /used-tanning-beds.php HTTP/1.0" 200 58601 "-" "Mozilla/5.0 (Linux; Android 6.0.1; Nexus 5X Build/MMB29P) AppleWebKit/537.36 (KHTML, like Gecko) Chrome/85.0.4183.97 Mobile Safari/537.36 (compatible; Googlebot/2.1; +http://www.google.com/bot.html)"
156.146.50.1 - - [11/Sep/2020:18:05:04 -0400] "POST /admin/Complete_%202_%20Bed_%20Package.php?id=addrec HTTP/1.0" 200 11536 "http://www.customtanningbed.com/admin/Complete_%202_%20Bed_%20Package.php?id=addrec" "Mozilla/5.0 (X11; U; Linux x86_64; en-US; rv:1.8.1.6) Gecko/20070812 BonEcho/2.0.0.6"
39.101.67.145 - - [11/Sep/2020:18:43:09 -0400] "GET /e/admin/index.php HTTP/1.0" 404 575 "-" "Mozilla/5.0 (Windows NT 10.0; WOW64; rv:48.0) Gecko/20100101 Firefox/48.0"
156.146.50.1 - - [11/Sep/2020:18:57:45 -0400] "POST /admin/Complete_%202_%20Bed_%20Package.php?id=addrec HTTP/1.0" 200 11536 "http://www.customtanningbed.com/admin/Complete_%202_%20Bed_%20Package.php?id=addrec" "Mozilla/5.0 (Macintosh; U; Intel Mac OS X 10_6_2; ru-ru) AppleWebKit/533.2+ (KHTML, like Gecko) Version/4.0.4 Safari/531.21.10"
54.36.148.157 - - [11/Sep/2020:19:08:57 -0400] "GET / HTTP/1.0" 200 19887 "-" "Mozilla/5.0 (compatible; AhrefsBot/7.0; +http://ahrefs.com/robot/)"
207.46.13.87 - - [11/Sep/2020:19:13:44 -0400] "GET /Lease%20Application.php HTTP/1.0" 200 41794 "-" "Mozilla/5.0 (compatible; bingbot/2.0; +http://www.bing.com/bingbot.htm)"
114.119.132.228 - - [11/Sep/2020:19:14:04 -0400] "GET /used-beds.php?id=21 HTTP/1.0" 200 20349 "-" "Mozilla/5.0 (Linux; Android 7.0;) AppleWebKit/537.36 (KHTML, like Gecko) Mobile Safari/537.36 (compatible; PetalBot;+http://aspiegel.com/petalbot)"
45.87.80.178 - - [11/Sep/2020:19:21:55 -0400] "GET /wp-admin/ HTTP/1.0" 404 1075 "http://customtanningbed.com/" "Mozilla/5.0 (Windows NT 10.0; Win64; x64) AppleWebKit/537.36 (KHTML, like Gecko) Chrome/78.0.3904.97 Safari/537.36"
39.101.67.145 - - [11/Sep/2020:19:28:33 -0400] "GET /data/admin/allowurl.txt HTTP/1.0" 404 1075 "-" "Mozilla/5.0 (Windows NT 10.0; WOW64; rv:48.0) Gecko/20100101 Firefox/48.0"
95.91.74.120 - - [11/Sep/2020:19:29:03 -0400] "GET /used-beds.php?id=170 HTTP/1.0" 200 20847 "-" "Mozilla/5.0 (compatible; MJ12bot/v1.4.8; http://mj12bot.com/)"
114.119.142.210 - - [11/Sep/2020:19:31:10 -0400] "GET /used-beds.php?id=134 HTTP/1.0" 200 20243 "-" "Mozilla/5.0 (Linux; Android 7.0;) AppleWebKit/537.36 (KHTML, like Gecko) Mobile Safari/537.36 (compatible; PetalBot;+http://aspiegel.com/petalbot)"
173.252.127.26 - - [11/Sep/2020:19:41:29 -0400] "GET /?fbclid=IwAR0V4DCaPqV88PKxwstv-bBzXFKyDwhdRd1vBNohSmHdGhj0Y0kbXMUfOfw HTTP/1.0" 200 7748 "-" "Mozilla/5.0 (Windows NT 10.0; Win64; x64) AppleWebKit/537.36 (KHTML, like Gecko) Chrome/85.0.4183.83 Safari/537.36 Edg/85.0.564.44"
66.231.185.70 - - [11/Sep/2020:19:47:43 -0400] "GET /tanningbedrepair.html HTTP/1.0" 200 35082 "-" "Mozilla/5.0 (compatible; MixrankBot; crawler@mixrank.com)"
66.231.185.70 - - [11/Sep/2020:19:47:55 -0400] "GET /custom-tanning-beds.html HTTP/1.0" 200 18126 "-" "Mozilla/5.0 (compatible; MixrankBot; crawler@mixrank.com)"
66.231.185.70 - - [11/Sep/2020:19:48:47 -0400] "GET /spray_tanning.html HTTP/1.0" 200 23094 "-" "Mozilla/5.0 (compatible; MixrankBot; crawler@mixrank.com)"
66.231.185.70 - - [11/Sep/2020:19:48:55 -0400] "GET /contactus.html HTTP/1.0" 200 16109 "-" "Mozilla/5.0 (compatible; MixrankBot; crawler@mixrank.com)"
66.231.185.70 - - [11/Sep/2020:19:49:17 -0400] "GET /index.html HTTP/1.0" 200 19887 "-" "Mozilla/5.0 (compatible; MixrankBot; crawler@mixrank.com)"
54.36.148.68 - - [11/Sep/2020:19:50:50 -0400] "GET /robots.txt HTTP/1.0" 404 575 "-" "Mozilla/5.0 (compatible; AhrefsBot/6.1; +http://ahrefs.com/robot/)"
185.191.171.10 - - [11/Sep/2020:19:52:18 -0400] "GET /Lease%20Application.php?amp%3Bpr=%243585&%3Brate=%24109%2FMonth&id=Professional%20SF%20281 HTTP/1.0" 200 41873 "-" "Mozilla/5.0 (compatible; SemrushBot/6~bl; +http://www.semrush.com/bot.html)"
207.46.13.10 - - [11/Sep/2020:19:59:20 -0400] "GET /sitemaps.xml HTTP/1.0" 200 233 "-" "Mozilla/5.0 (compatible; bingbot/2.0; +http://www.bing.com/bingbot.htm)"
207.46.13.10 - - [11/Sep/2020:20:07:41 -0400] "GET /images/fromLogo.jpg HTTP/1.0" 200 59157 "-" "Mozilla/5.0 (compatible; bingbot/2.0; +http://www.bing.com/bingbot.htm)"
173.214.169.132 - - [11/Sep/2020:20:13:23 -0400] "GET /tanningbedrepair.html HTTP/1.0" 200 35082 "-" "Mozilla/5.0 (Windows NT 10.0; Win64; x64) AppleWebKit/537.36 (KHTML, like Gecko) Chrome/51.0.2704.106 Safari/537.36"
173.214.169.132 - - [11/Sep/2020:20:13:23 -0400] "GET /tanningbedrepair.html HTTP/1.0" 200 35082 "-" "Mozilla/5.0 (Windows NT 10.0; Win64; x64) AppleWebKit/537.36 (KHTML, like Gecko) Chrome/51.0.2704.106 Safari/537.36"
156.146.50.1 - - [11/Sep/2020:20:13:41 -0400] "POST /admin/Complete_%202_%20Bed_%20Package.php?id=addrec HTTP/1.0" 200 11536 "http://www.customtanningbed.com/admin/Complete_%202_%20Bed_%20Package.php?id=addrec" "Mozilla/5.0 (Macintosh; U; PPC; de-DE; rv:1.0.2) Gecko/20021120 Netscape/7.01"
66.249.79.185 - - [11/Sep/2020:20:29:48 -0400] "GET /favicon.ico HTTP/1.0" 404 575 "-" "Googlebot-Image/1.0"
66.249.79.44 - - [11/Sep/2020:20:39:41 -0400] "GET /salonpackages.php HTTP/1.0" 200 94064 "-" "Mozilla/5.0 (compatible; Googlebot/2.1; +http://www.google.com/bot.html)"
38.135.200.237 - - [11/Sep/2020:20:44:13 -0400] "GET /robots.txt HTTP/1.0" 404 575 "-" "Dispatch/0.14.0-SNAPSHOT"
64.140.136.23 - - [11/Sep/2020:20:44:15 -0400] "GET / HTTP/1.0" 200 1453 "-" "Dispatch/0.14.0-SNAPSHOT"
54.36.148.153 - - [11/Sep/2020:20:52:39 -0400] "GET / HTTP/1.0" 200 18843 "-" "Mozilla/5.0 (compatible; AhrefsBot/7.0; +http://ahrefs.com/robot/)"
66.249.79.44 - - [11/Sep/2020:20:56:01 -0400] "GET /used-tanning-beds.php HTTP/1.0" 200 58601 "-" "Mozilla/5.0 (compatible; Googlebot/2.1; +http://www.google.com/bot.html)"
17.58.99.187 - - [11/Sep/2020:20:58:57 -0400] "GET /robots.txt HTTP/1.0" 404 575 "-" "Mozilla/5.0 (Macintosh; Intel Mac OS X 10_15_5) AppleWebKit/605.1.15 (KHTML, like Gecko) Version/13.1.1 Safari/605.1.15 (Applebot/0.1; +http://www.apple.com/go/applebot)"
156.146.50.1 - - [11/Sep/2020:21:15:04 -0400] "POST /admin/Complete_%202_%20Bed_%20Package.php?id=addrec HTTP/1.0" 200 11536 "http://www.customtanningbed.com/admin/Complete_%202_%20Bed_%20Package.php?id=addrec" "Mozilla/5.0 (Windows; U; Windows NT 5.0; en-US; rv:1.0rc3) Gecko/20020523"
156.146.50.1 - - [11/Sep/2020:22:09:19 -0400] "POST /admin/Complete_%202_%20Bed_%20Package.php?id=addrec HTTP/1.0" 200 11536 "http://www.customtanningbed.com/admin/Complete_%202_%20Bed_%20Package.php?id=addrec" "Mozilla/5.0 (Windows; U; Windows NT 5.1; fr-FR; rv:1.8.1.17) Gecko/20080829 Firefox/2.0.0.17"
35.229.91.121 - - [11/Sep/2020:22:13:38 -0400] "GET /index.html HTTP/1.0" 301 245 "-" "ZoominfoBot (zoominfobot at zoominfo dot com)"
47.107.112.17 - - [11/Sep/2020:22:16:42 -0400] "GET /admin/FCKeditor/fckconfig.js HTTP/1.0" 200 8597 "http://www.customtanningbed.com/admin/FCKeditor/fckconfig.js" "Mozilla/5.0 (compatible; MSIE 9.0; Windows NT 6.1; Win64; x64; Trident/5.0)"
35.229.91.121 - - [11/Sep/2020:22:31:59 -0400] "GET /labeling_shipping.html HTTP/1.0" 200 15851 "-" "ZoominfoBot (zoominfobot at zoominfo dot com)"
185.191.171.15 - - [11/Sep/2020:22:35:43 -0400] "GET /Lease%20Application.php?id=Professional%20BF%20320&pr=%244%2C400&rate=%24124%2FMonth HTTP/1.0" 200 41924 "-" "Mozilla/5.0 (compatible; SemrushBot/6~bl; +http://www.semrush.com/bot.html)"
207.46.13.153 - - [11/Sep/2020:22:44:52 -0400] "GET /images/customDesign1.jpg HTTP/1.0" 200 50136 "-" "Mozilla/5.0 (compatible; bingbot/2.0; +http://www.bing.com/bingbot.htm)"
156.146.50.1 - - [11/Sep/2020:22:56:32 -0400] "POST /admin/Complete_%202_%20Bed_%20Package.php?id=addrec HTTP/1.0" 200 11536 "http://www.customtanningbed.com/admin/Complete_%202_%20Bed_%20Package.php?id=addrec" "Mozilla/5.0 (Windows; U; Windows NT 6.0; pl; rv:1.9.2) Gecko/20100115 Firefox/3.6 ( .NET CLR 3.5.30729)"
54.36.149.66 - - [11/Sep/2020:23:01:57 -0400] "GET /robots.txt HTTP/1.0" 200 23 "-" "Mozilla/5.0 (compatible; AhrefsBot/6.1; +http://ahrefs.com/robot/)"
156.146.50.1 - - [11/Sep/2020:23:04:09 -0400] "POST /admin/Complete_%202_%20Bed_%20Package.php?id=addrec HTTP/1.0" 200 11536 "http://www.customtanningbed.com/admin/Complete_%202_%20Bed_%20Package.php?id=addrec" "Mozilla/5.0 (X11; U; Linux i686; fr; rv:1.8.1.20) Gecko/20081217 Firefox/2.0.0.20"
216.244.66.197 - - [11/Sep/2020:23:34:45 -0400] "GET /admin/Complete_%202_%20Bed_%20Package.php?id=del&mode=31877 HTTP/1.0" 200 11536 "-" "Mozilla/5.0 (compatible; DotBot/1.1; http://www.opensiteexplorer.org/dotbot, help@moz.com)"
216.244.66.197 - - [11/Sep/2020:23:38:14 -0400] "GET /admin/Complete_%202_%20Bed_%20Package.php?id=editrec&mode=29921 HTTP/1.0" 200 11779 "-" "Mozilla/5.0 (compatible; DotBot/1.1; http://www.opensiteexplorer.org/dotbot, help@moz.com)"
216.244.66.197 - - [11/Sep/2020:23:39:36 -0400] "GET /admin/Complete_%202_%20Bed_%20Package.php?id=editrec&mode=34297 HTTP/1.0" 200 11779 "-" "Mozilla/5.0 (compatible; DotBot/1.1; http://www.opensiteexplorer.org/dotbot, help@moz.com)"
216.244.66.197 - - [11/Sep/2020:23:40:11 -0400] "GET /Lease%20Application.php?id=Professional%20BF%20281&pr=$4,105&rate=$119/Month HTTP/1.0" 200 41924 "-" "Mozilla/5.0 (compatible; DotBot/1.1; http://www.opensiteexplorer.org/dotbot, help@moz.com)"