0byt3m1n1
Path:
/
data
/
27
/
5
/
48
/
71
/
5374886
/
user
/
6435255
/
htdocs
/
log
/
[
Home
]
File: x-access_log.2020-09-09
34.74.165.144 - - [09/Sep/2020:01:36:49 -0400] "GET /product-category/latex-printers/ HTTP/1.0" 200 36745 "-" "ZoominfoBot (zoominfobot at zoominfo dot com)"
35.190.177.150 - - [09/Sep/2020:05:59:26 -0400] "GET /xmlrpc.php HTTP/1.0" 405 42 "-" "ZoominfoBot (zoominfobot at zoominfo dot com)"
81.24.247.58 - - [09/Sep/2020:09:50:18 -0400] "POST /xmlrpc.php HTTP/1.0" 200 403 "-" "Mozilla/5.0 (Macintosh; U; Intel Mac OS X 10.6; fr; rv:1.9.2.8) Gecko/20100722 Firefox/3.6.8"
184.149.17.96 - - [09/Sep/2020:11:58:04 -0400] "GET /wp-content/themes/melos/lib/extentions/prettyPhoto/css/prettyPhoto.css?ver=3.1.6 HTTP/1.0" 200 27154 "http://athenswideformat.com/product/hp-latex-115-print-and-cut-solution-54-printer-and-54-cutter/" "Mozilla/5.0 (Windows NT 10.0; Win64; x64) AppleWebKit/537.36 (KHTML, like Gecko) Chrome/85.0.4183.83 Safari/537.36"
184.149.17.96 - - [09/Sep/2020:11:58:05 -0400] "GET /wp-includes/js/imagesloaded.min.js?ver=3.2.0 HTTP/1.0" 200 7994 "http://athenswideformat.com/product/hp-latex-115-print-and-cut-solution-54-printer-and-54-cutter/" "Mozilla/5.0 (Windows NT 10.0; Win64; x64) AppleWebKit/537.36 (KHTML, like Gecko) Chrome/85.0.4183.83 Safari/537.36"
184.149.17.96 - - [09/Sep/2020:11:58:31 -0400] "GET /wp-includes/js/underscore.min.js?ver=1.8.3 HTTP/1.0" 200 16410 "http://athenswideformat.com/contact/" "Mozilla/5.0 (Windows NT 10.0; Win64; x64) AppleWebKit/537.36 (KHTML, like Gecko) Chrome/85.0.4183.83 Safari/537.36"
184.149.17.96 - - [09/Sep/2020:12:00:41 -0400] "GET /wp-content/uploads/2019/01/r2000-200x100.jpg HTTP/1.0" 200 4229 "http://athenswideformat.com/product/hp-latex-115-print-and-cut-solution-54-printer-and-54-cutter/" "Mozilla/5.0 (Windows NT 10.0; Win64; x64) AppleWebKit/537.36 (KHTML, like Gecko) Chrome/85.0.4183.83 Safari/537.36"
184.149.17.96 - - [09/Sep/2020:12:01:27 -0400] "GET /checkout/ HTTP/1.0" 200 95020 "http://athenswideformat.com/cart/" "Mozilla/5.0 (Windows NT 10.0; Win64; x64) AppleWebKit/537.36 (KHTML, like Gecko) Chrome/85.0.4183.83 Safari/537.36"
66.249.72.95 - - [09/Sep/2020:12:27:20 -0400] "GET /product/hp-latex-r2000-plus-98-flatbed-printer/ HTTP/1.0" 200 39530 "-" "Mozilla/5.0 (Linux; Android 6.0.1; Nexus 5X Build/MMB29P) AppleWebKit/537.36 (KHTML, like Gecko) Chrome/80.0.3987.92 Mobile Safari/537.36 (compatible; Googlebot/2.1; +http://www.google.com/bot.html)"
66.249.72.95 - - [09/Sep/2020:12:27:52 -0400] "GET /wp-content/themes/melos/lib/scripts/plugins/scrollup/jquery.scrollUp.min.js?ver=2.4.1 HTTP/1.0" 200 2151 "http://athenswideformat.com/product/hp-latex-r2000-plus-98-flatbed-printer/" "Mozilla/5.0 (Linux; Android 6.0.1; Nexus 5X Build/MMB29P) AppleWebKit/537.36 (KHTML, like Gecko) Chrome/85.0.4183.93 Mobile Safari/537.36 (compatible; Googlebot/2.1; +http://www.google.com/bot.html)"
66.249.72.95 - - [09/Sep/2020:12:27:55 -0400] "GET /wp-includes/js/wp-emoji-release.min.js?ver=5.0.3 HTTP/1.0" 200 12026 "http://athenswideformat.com/product/hp-latex-r2000-plus-98-flatbed-printer/" "Mozilla/5.0 (Linux; Android 6.0.1; Nexus 5X Build/MMB29P) AppleWebKit/537.36 (KHTML, like Gecko) Chrome/85.0.4183.93 Mobile Safari/537.36 (compatible; Googlebot/2.1; +http://www.google.com/bot.html)"
81.24.247.58 - - [09/Sep/2020:13:37:09 -0400] "POST /xmlrpc.php HTTP/1.0" 200 403 "-" "Mozilla/5.0 (Macintosh; U; Intel Mac OS X 10.6; fr; rv:1.9.2.8) Gecko/20100722 Firefox/3.6.8"
34.66.8.115 - - [09/Sep/2020:13:48:38 -0400] "GET /wp-content/plugins/wp-file-manager/lib/files/upload.php HTTP/1.0" 404 16660 "-" "Mozilla"
81.24.247.58 - - [09/Sep/2020:14:51:51 -0400] "POST /xmlrpc.php HTTP/1.0" 200 403 "-" "Mozilla/5.0 (Macintosh; U; Intel Mac OS X 10.6; fr; rv:1.9.2.8) Gecko/20100722 Firefox/3.6.8"
81.24.247.58 - - [09/Sep/2020:17:41:30 -0400] "POST /xmlrpc.php HTTP/1.0" 200 403 "-" "Mozilla/5.0 (Macintosh; U; Intel Mac OS X 10.6; fr; rv:1.9.2.8) Gecko/20100722 Firefox/3.6.8"
185.191.171.9 - - [09/Sep/2020:18:08:37 -0400] "GET /robots.txt HTTP/1.0" 200 67 "-" "Mozilla/5.0 (compatible; SemrushBot/6~bl; +http://www.semrush.com/bot.html)"
185.191.171.23 - - [09/Sep/2020:18:08:40 -0400] "GET /my-account/ HTTP/1.0" 200 19952 "-" "Mozilla/5.0 (compatible; SemrushBot/6~bl; +http://www.semrush.com/bot.html)"
195.181.161.7 - - [09/Sep/2020:18:54:51 -0400] "GET / HTTP/1.0" 200 19877 "http://athenswideformat.com/" "Mozilla/5.0 (Windows NT 6.1) AppleWebKit/537.36 (KHTML, like Gecko) Chrome/67.0.3396.99 Safari/537.36 Kinza/4.8.2"
10.30.94.78 - - [09/Sep/2020:21:23:57 -0400] "POST /wp-cron.php?doing_wp_cron=1599701037.1415510177612304687500 HTTP/1.0" 200 - "http://athenswideformat.com/wp-cron.php?doing_wp_cron=1599701037.1415510177612304687500" "WordPress/5.0.3; http://athenswideformat.com"
10.30.94.78 - - [09/Sep/2020:00:00:36 -0400] "POST /wp-cron.php?doing_wp_cron=1599624036.9677519798278808593750 HTTP/1.0" 200 - "http://athenswideformat.com/wp-cron.php?doing_wp_cron=1599624036.9677519798278808593750" "WordPress/5.0.3; http://athenswideformat.com"
82.165.117.25 - - [09/Sep/2020:01:24:56 -0400] "GET /wp-content/plugins/ioptimization/IOptimize.php?rchk HTTP/1.0" 404 16660 "www.google.com" "Mozlila/5.0 (Linux; Android 7.0; SM-G892A Bulid/NRD90M; wv) AppleWebKit/537.36 (KHTML, like Gecko) Version/4.0 Chrome/60.0.3112.107 Moblie Safari/537.36"
34.74.165.144 - - [09/Sep/2020:01:38:01 -0400] "GET /xmlrpc.php HTTP/1.0" 405 42 "-" "ZoominfoBot (zoominfobot at zoominfo dot com)"
51.68.11.191 - - [09/Sep/2020:03:22:51 -0400] "GET /wp-login.php?redirect_to=http%3A%2F%2Fathenswideformat.com%2Fwp-admin%2Fuser%2Fadmin.php&reauth=1 HTTP/1.0" 200 3489 "http://site.ru" "Mozilla/5.0 (Windows; U; Windows NT 5.1; en-US) AppleWebKit/533.4 (KHTML, like Gecko) Chrome/5.0.375.99 Safari/533.4"
23.228.109.146 - - [09/Sep/2020:08:18:31 -0400] "GET /wp-content/plugins/work-the-flow-file-upload/public/assets/jQuery-File-Upload-9.5.0/server/php/index.php HTTP/1.0" 301 500 "http://www.google.com/" "Mozilla/5.0 (Windows NT 6.1; Win64; x64) AppleWebKit/537.36 (KHTML, like Gecko) Chrome/56.0.2896.3 Safari/537.36"
185.98.7.162 - - [09/Sep/2020:08:21:50 -0400] "GET /wp-admin/user-new.php HTTP/1.0" 302 - "http://site.ru" "Mozilla/5.0 (Windows; U; Windows NT 5.1; en-US) AppleWebKit/533.4 (KHTML, like Gecko) Chrome/5.0.375.99 Safari/533.4"
81.24.247.58 - - [09/Sep/2020:08:34:32 -0400] "POST /xmlrpc.php HTTP/1.0" 200 403 "-" "Mozilla/5.0 (Macintosh; U; Intel Mac OS X 10.6; fr; rv:1.9.2.8) Gecko/20100722 Firefox/3.6.8"
192.71.23.211 - - [09/Sep/2020:10:45:28 -0400] "GET /robots.txt HTTP/1.0" 200 67 "-" "Go-http-client/1.1"
185.191.171.16 - - [09/Sep/2020:10:47:38 -0400] "GET / HTTP/1.0" 200 19877 "-" "Mozilla/5.0 (compatible; SemrushBot/6~bl; +http://www.semrush.com/bot.html)"
184.149.17.96 - - [09/Sep/2020:11:58:04 -0400] "GET /wp-content/plugins/woocommerce/assets/css/woocommerce-layout.css?ver=3.4.7 HTTP/1.0" 200 16542 "http://athenswideformat.com/product/hp-latex-115-print-and-cut-solution-54-printer-and-54-cutter/" "Mozilla/5.0 (Windows NT 10.0; Win64; x64) AppleWebKit/537.36 (KHTML, like Gecko) Chrome/85.0.4183.83 Safari/537.36"
184.149.17.96 - - [09/Sep/2020:11:58:04 -0400] "GET /wp-content/themes/melos/styles/style-shortcodes.css?ver=1.2.6 HTTP/1.0" 200 49288 "http://athenswideformat.com/product/hp-latex-115-print-and-cut-solution-54-printer-and-54-cutter/" "Mozilla/5.0 (Windows NT 10.0; Win64; x64) AppleWebKit/537.36 (KHTML, like Gecko) Chrome/85.0.4183.83 Safari/537.36"
184.149.17.96 - - [09/Sep/2020:11:58:04 -0400] "GET /wp-includes/js/jquery/jquery-migrate.min.js?ver=1.4.1 HTTP/1.0" 200 10056 "http://athenswideformat.com/product/hp-latex-115-print-and-cut-solution-54-printer-and-54-cutter/" "Mozilla/5.0 (Windows NT 10.0; Win64; x64) AppleWebKit/537.36 (KHTML, like Gecko) Chrome/85.0.4183.83 Safari/537.36"
184.149.17.96 - - [09/Sep/2020:11:58:04 -0400] "GET /wp-content/themes/melos/lib/scripts/modernizr.js?ver=2.6.2 HTTP/1.0" 200 51537 "http://athenswideformat.com/product/hp-latex-115-print-and-cut-solution-54-printer-and-54-cutter/" "Mozilla/5.0 (Windows NT 10.0; Win64; x64) AppleWebKit/537.36 (KHTML, like Gecko) Chrome/85.0.4183.83 Safari/537.36"
184.149.17.96 - - [09/Sep/2020:11:58:04 -0400] "GET /wp-content/themes/melos/lib/extentions/font-awesome/fonts/fontawesome-webfont.woff2?v=4.7.0 HTTP/1.0" 200 77160 "http://athenswideformat.com/wp-content/themes/melos/lib/extentions/font-awesome/css/font-awesome.min.css?ver=4.7.0" "Mozilla/5.0 (Windows NT 10.0; Win64; x64) AppleWebKit/537.36 (KHTML, like Gecko) Chrome/85.0.4183.83 Safari/537.36"
184.149.17.96 - - [09/Sep/2020:11:58:04 -0400] "GET /wp-content/uploads/2019/01/HP-Latex-315-200x100.jpg HTTP/1.0" 200 8097 "http://athenswideformat.com/product/hp-latex-115-print-and-cut-solution-54-printer-and-54-cutter/" "Mozilla/5.0 (Windows NT 10.0; Win64; x64) AppleWebKit/537.36 (KHTML, like Gecko) Chrome/85.0.4183.83 Safari/537.36"
184.149.17.96 - - [09/Sep/2020:11:58:26 -0400] "GET /contact/ HTTP/1.0" 200 41055 "http://athenswideformat.com/product/hp-latex-115-print-and-cut-solution-54-printer-and-54-cutter/" "Mozilla/5.0 (Windows NT 10.0; Win64; x64) AppleWebKit/537.36 (KHTML, like Gecko) Chrome/85.0.4183.83 Safari/537.36"
184.149.17.96 - - [09/Sep/2020:11:58:30 -0400] "GET /wp-includes/js/backbone.min.js?ver=1.2.3 HTTP/1.0" 200 23318 "http://athenswideformat.com/contact/" "Mozilla/5.0 (Windows NT 10.0; Win64; x64) AppleWebKit/537.36 (KHTML, like Gecko) Chrome/85.0.4183.83 Safari/537.36"
184.149.17.96 - - [09/Sep/2020:12:00:41 -0400] "GET /wp-content/plugins/woocommerce/assets/fonts/WooCommerce.woff HTTP/1.0" 200 14176 "http://athenswideformat.com/wp-content/plugins/woocommerce/assets/css/woocommerce.css?ver=3.4.7" "Mozilla/5.0 (Windows NT 10.0; Win64; x64) AppleWebKit/537.36 (KHTML, like Gecko) Chrome/85.0.4183.83 Safari/537.36"
184.149.17.96 - - [09/Sep/2020:12:01:20 -0400] "POST /?wc-ajax=get_refreshed_fragments HTTP/1.0" 200 3747 "http://athenswideformat.com/cart/" "Mozilla/5.0 (Windows NT 10.0; Win64; x64) AppleWebKit/537.36 (KHTML, like Gecko) Chrome/85.0.4183.83 Safari/537.36"
184.149.17.96 - - [09/Sep/2020:12:02:56 -0400] "POST /wp-admin/admin-ajax.php HTTP/1.0" 200 28805 "http://athenswideformat.com/contact/" "Mozilla/5.0 (Windows NT 10.0; Win64; x64) AppleWebKit/537.36 (KHTML, like Gecko) Chrome/85.0.4183.83 Safari/537.36"
222.217.68.17 - - [09/Sep/2020:12:25:43 -0400] "POST /xmlrpc.php HTTP/1.0" 200 403 "-" "Mozilla/5.0 (Windows NT 10.0; Win64; x64) AppleWebKit/537.36 (KHTML, like Gecko) Chrome/80.0.3987.163 Safari/537.36"
66.249.72.95 - - [09/Sep/2020:12:27:43 -0400] "GET /wp-content/plugins/woocommerce/assets/css/woocommerce-smallscreen.css?ver=3.4.7 HTTP/1.0" 200 6758 "http://athenswideformat.com/product/hp-latex-r2000-plus-98-flatbed-printer/" "Mozilla/5.0 (Linux; Android 6.0.1; Nexus 5X Build/MMB29P) AppleWebKit/537.36 (KHTML, like Gecko) Chrome/85.0.4183.93 Mobile Safari/537.36 (compatible; Googlebot/2.1; +http://www.google.com/bot.html)"
66.249.72.95 - - [09/Sep/2020:12:27:45 -0400] "GET /wp-includes/css/dashicons.min.css?ver=5.0.3 HTTP/1.0" 200 46360 "http://athenswideformat.com/product/hp-latex-r2000-plus-98-flatbed-printer/" "Mozilla/5.0 (Linux; Android 6.0.1; Nexus 5X Build/MMB29P) AppleWebKit/537.36 (KHTML, like Gecko) Chrome/85.0.4183.93 Mobile Safari/537.36 (compatible; Googlebot/2.1; +http://www.google.com/bot.html)"
66.249.72.95 - - [09/Sep/2020:12:27:50 -0400] "GET /wp-includes/js/wp-embed.min.js?ver=5.0.3 HTTP/1.0" 200 1403 "http://athenswideformat.com/product/hp-latex-r2000-plus-98-flatbed-printer/" "Mozilla/5.0 (Linux; Android 6.0.1; Nexus 5X Build/MMB29P) AppleWebKit/537.36 (KHTML, like Gecko) Chrome/85.0.4183.93 Mobile Safari/537.36 (compatible; Googlebot/2.1; +http://www.google.com/bot.html)"
10.30.94.78 - - [09/Sep/2020:13:30:20 -0400] "POST /wp-cron.php?doing_wp_cron=1599672621.5275189876556396484375 HTTP/1.0" 200 - "http://athenswideformat.com/wp-cron.php?doing_wp_cron=1599672621.5275189876556396484375" "WordPress/5.0.3; http://athenswideformat.com"
34.66.8.115 - - [09/Sep/2020:13:48:16 -0400] "GET /wp-login.php HTTP/1.0" 200 3475 "-" "Mozilla"
3.220.98.234 - - [09/Sep/2020:13:48:34 -0400] "GET /wp-content/plugins/wp-file-manager/lib/js/elFinder.js HTTP/1.0" 404 16160 "-" "Mozilla"
34.66.8.115 - - [09/Sep/2020:13:48:43 -0400] "GET /wp-content/plugins/wp-file-manager/lib/files/accesson.php HTTP/1.0" 404 16660 "-" "Mozilla"
3.220.98.234 - - [09/Sep/2020:13:48:43 -0400] "GET /wp-content/plugins/wp-file-manager/lib/files/x.php HTTP/1.0" 404 16660 "-" "Mozilla"
51.91.151.69 - - [09/Sep/2020:16:12:39 -0400] "GET /wp-content/plugins/wp-file-manager/lib/php/connector.minimal.php HTTP/1.0" 301 500 "www.google.com" "Mozlila/5.0 (Linux; Android 7.0; SM-G892A Bulid/NRD90M; wv) AppleWebKit/537.36 (KHTML, like Gecko) Version/4.0 Chrome/60.0.3112.107 Moblie Safari/537.36"
51.91.151.69 - - [09/Sep/2020:16:12:57 -0400] "GET /wp-content/plugins/wp-file-manager/lib/php/connector.minimal.php HTTP/1.0" 404 16660 "www.google.com" "Mozlila/5.0 (Linux; Android 7.0; SM-G892A Bulid/NRD90M; wv) AppleWebKit/537.36 (KHTML, like Gecko) Version/4.0 Chrome/60.0.3112.107 Moblie Safari/537.36"
10.30.94.78 - - [09/Sep/2020:18:17:25 -0400] "POST /wp-cron.php?doing_wp_cron=1599689845.7554409503936767578125 HTTP/1.0" 200 - "http://athenswideformat.com/wp-cron.php?doing_wp_cron=1599689845.7554409503936767578125" "WordPress/5.0.3; http://athenswideformat.com"
195.181.161.7 - - [09/Sep/2020:18:54:59 -0400] "GET /wp-json/oembed/1.0/embed?url=http%3A%2F%2Fathenswideformat.com%2Fcontact%2F HTTP/1.0" 200 2239 "http://athenswideformat.com/wp-json/oembed/1.0/embed?url=http%3A%2F%2Fathenswideformat.com%2Fcontact%2F" "Mozilla/5.0 (Windows NT 6.1) AppleWebKit/537.36 (KHTML, like Gecko) Chrome/67.0.3396.99 Safari/537.36 Kinza/4.8.2"
81.24.247.58 - - [09/Sep/2020:21:05:35 -0400] "POST /xmlrpc.php HTTP/1.0" 200 403 "-" "Mozilla/5.0 (Macintosh; U; Intel Mac OS X 10.6; fr; rv:1.9.2.8) Gecko/20100722 Firefox/3.6.8"
10.30.94.78 - - [09/Sep/2020:21:24:02 -0400] "POST /wp-admin/admin-ajax.php?action=wp_1_wc_privacy_cleanup&nonce=4096c62473 HTTP/1.0" 200 - "http://athenswideformat.com/wp-admin/admin-ajax.php?action=wp_1_wc_privacy_cleanup&nonce=4096c62473" "WordPress/5.0.3; http://athenswideformat.com"
35.190.177.150 - - [09/Sep/2020:05:30:36 -0400] "GET /robots.txt HTTP/1.0" 200 67 "-" "ZoominfoBot (zoominfobot at zoominfo dot com)"
35.190.177.150 - - [09/Sep/2020:05:36:50 -0400] "GET /feed/ HTTP/1.0" 200 1887 "-" "ZoominfoBot (zoominfobot at zoominfo dot com)"
51.68.11.227 - - [09/Sep/2020:06:17:06 -0400] "GET /wp-admin/network/site-themes.php HTTP/1.0" 302 - "http://site.ru" "Mozilla/5.0 (Windows; U; Windows NT 5.1; en-US) AppleWebKit/533.4 (KHTML, like Gecko) Chrome/5.0.375.99 Safari/533.4"
51.68.11.227 - - [09/Sep/2020:06:17:10 -0400] "GET /wp-login.php?redirect_to=http%3A%2F%2Fathenswideformat.com%2Fwp-admin%2Fnetwork%2Fsite-themes.php&reauth=1 HTTP/1.0" 200 3498 "http://site.ru" "Mozilla/5.0 (Windows; U; Windows NT 5.1; en-US) AppleWebKit/533.4 (KHTML, like Gecko) Chrome/5.0.375.99 Safari/533.4"
81.24.247.58 - - [09/Sep/2020:08:53:37 -0400] "POST /xmlrpc.php HTTP/1.0" 200 403 "-" "Mozilla/5.0 (Macintosh; U; Intel Mac OS X 10.6; fr; rv:1.9.2.8) Gecko/20100722 Firefox/3.6.8"
188.166.208.203 - - [09/Sep/2020:09:43:04 -0400] "GET /wp-json/trx_addons/v2/get/sc_layout?sc=enjang HTTP/1.0" 404 113 "-" "Mozilla/5.0 (Macintosh; Intel Mac OS X 10_10_1) AppleWebKit/537.36 (KHTML, like Gecko) Chrome/39.0.2171.95 Safari/537.36"
10.30.94.78 - - [09/Sep/2020:10:26:14 -0400] "POST /wp-cron.php?doing_wp_cron=1599661573.9059820175170898437500 HTTP/1.0" 200 - "http://athenswideformat.com/wp-cron.php?doing_wp_cron=1599661573.9059820175170898437500" "WordPress/5.0.3; http://athenswideformat.com"
192.71.23.211 - - [09/Sep/2020:10:45:37 -0400] "GET /ads.txt HTTP/1.0" 404 16160 "-" "Go-http-client/1.1"
51.77.52.160 - - [09/Sep/2020:11:26:34 -0400] "GET /wp-content/plugins/wpdiscuz/readme.txt HTTP/1.0" 404 16160 "-" "Mozilla/5.0 (X11; Linux x86_64) AppleWebKit/537.36 (KHTML, like Gecko) Chrome/75.0.3770.100 Safari/537.36 OPR/62.0.3331.99"
184.149.17.96 - - [09/Sep/2020:11:58:04 -0400] "GET /wp-content/themes/melos-corporate/style.css?ver=1.0.0 HTTP/1.0" 200 9655 "http://athenswideformat.com/product/hp-latex-115-print-and-cut-solution-54-printer-and-54-cutter/" "Mozilla/5.0 (Windows NT 10.0; Win64; x64) AppleWebKit/537.36 (KHTML, like Gecko) Chrome/85.0.4183.83 Safari/537.36"
184.149.17.96 - - [09/Sep/2020:11:58:05 -0400] "GET /wp-content/plugins/woocommerce/assets/js/frontend/cart-fragments.min.js?ver=3.4.7 HTTP/1.0" 200 2568 "http://athenswideformat.com/product/hp-latex-115-print-and-cut-solution-54-printer-and-54-cutter/" "Mozilla/5.0 (Windows NT 10.0; Win64; x64) AppleWebKit/537.36 (KHTML, like Gecko) Chrome/85.0.4183.83 Safari/537.36"
184.149.17.96 - - [09/Sep/2020:12:00:40 -0400] "GET /wp-content/uploads/2019/01/HP-Latex-335-200x100.jpg HTTP/1.0" 200 8707 "http://athenswideformat.com/product/hp-latex-115-print-and-cut-solution-54-printer-and-54-cutter/" "Mozilla/5.0 (Windows NT 10.0; Win64; x64) AppleWebKit/537.36 (KHTML, like Gecko) Chrome/85.0.4183.83 Safari/537.36"
184.149.17.96 - - [09/Sep/2020:12:00:50 -0400] "GET /wp-content/plugins/woocommerce/assets/js/frontend/cart.min.js?ver=3.4.7 HTTP/1.0" 200 7571 "http://athenswideformat.com/cart/" "Mozilla/5.0 (Windows NT 10.0; Win64; x64) AppleWebKit/537.36 (KHTML, like Gecko) Chrome/85.0.4183.83 Safari/537.36"
10.30.94.78 - - [09/Sep/2020:12:27:25 -0400] "POST /wp-cron.php?doing_wp_cron=1599668845.0795009136199951171875 HTTP/1.0" 200 - "http://athenswideformat.com/wp-cron.php?doing_wp_cron=1599668845.0795009136199951171875" "WordPress/5.0.3; http://athenswideformat.com"
66.249.72.95 - - [09/Sep/2020:12:27:54 -0400] "GET /wp-content/plugins/woocommerce/assets/js/js-cookie/js.cookie.min.js?ver=2.1.4 HTTP/1.0" 200 1846 "http://athenswideformat.com/product/hp-latex-r2000-plus-98-flatbed-printer/" "Mozilla/5.0 (Linux; Android 6.0.1; Nexus 5X Build/MMB29P) AppleWebKit/537.36 (KHTML, like Gecko) Chrome/85.0.4183.93 Mobile Safari/537.36 (compatible; Googlebot/2.1; +http://www.google.com/bot.html)"
10.30.94.78 - - [09/Sep/2020:16:46:44 -0400] "POST /wp-cron.php?doing_wp_cron=1599684404.2722880840301513671875 HTTP/1.0" 200 - "http://athenswideformat.com/wp-cron.php?doing_wp_cron=1599684404.2722880840301513671875" "WordPress/5.0.3; http://athenswideformat.com"
80.82.68.201 - - [09/Sep/2020:17:04:49 -0400] "GET /wp-content/plugins/wp-file-manager/lib/php/mime.types HTTP/1.0" 404 16160 "-" "Mozilla/5.0 (Windows NT 10.0; Win64; x64; en.support.wordpress.com/start) AppleWebKit/537.36 (KHTML, like Gecko) Chrome/66.0.3359.139 Safari/537.36"
10.30.94.78 - - [09/Sep/2020:17:23:15 -0400] "POST /wp-cron.php?doing_wp_cron=1599686595.2605309486389160156250 HTTP/1.0" 200 - "http://athenswideformat.com/wp-cron.php?doing_wp_cron=1599686595.2605309486389160156250" "WordPress/5.0.3; http://athenswideformat.com"
195.181.161.7 - - [09/Sep/2020:18:55:12 -0400] "GET /wp-json/oembed/1.0/embed?url=http%3A%2F%2Fathenswideformat.com%2Fcontact%2F HTTP/1.0" 200 2239 "http://athenswideformat.com/wp-json/oembed/1.0/embed?url=http%3A%2F%2Fathenswideformat.com%2Fcontact%2F" "Mozilla/5.0 (Windows NT 6.1) AppleWebKit/537.36 (KHTML, like Gecko) Chrome/67.0.3396.99 Safari/537.36 Kinza/4.8.2"
81.24.247.58 - - [09/Sep/2020:19:12:58 -0400] "POST /xmlrpc.php HTTP/1.0" 200 403 "-" "Mozilla/5.0 (Macintosh; U; Intel Mac OS X 10.6; fr; rv:1.9.2.8) Gecko/20100722 Firefox/3.6.8"
10.30.94.78 - - [09/Sep/2020:19:31:36 -0400] "POST /wp-cron.php?doing_wp_cron=1599694295.3179481029510498046875 HTTP/1.0" 200 - "http://athenswideformat.com/wp-cron.php?doing_wp_cron=1599694295.3179481029510498046875" "WordPress/5.0.3; http://athenswideformat.com"
137.117.178.120 - - [09/Sep/2020:19:40:06 -0400] "POST /xmlrpc.php HTTP/1.0" 200 403 "-" "Mozilla/5.0 (Macintosh; U; Intel Mac OS X 10.6; fr; rv:1.9.2.8) Gecko/20100722 Firefox/3.6.8"
10.30.94.78 - - [09/Sep/2020:20:28:54 -0400] "POST /wp-cron.php?doing_wp_cron=1599697734.3528189659118652343750 HTTP/1.0" 200 - "http://athenswideformat.com/wp-cron.php?doing_wp_cron=1599697734.3528189659118652343750" "WordPress/5.0.3; http://athenswideformat.com"
81.24.247.58 - - [09/Sep/2020:21:42:03 -0400] "POST /xmlrpc.php HTTP/1.0" 200 403 "-" "Mozilla/5.0 (Macintosh; U; Intel Mac OS X 10.6; fr; rv:1.9.2.8) Gecko/20100722 Firefox/3.6.8"
10.30.94.78 - - [09/Sep/2020:21:42:06 -0400] "POST /wp-cron.php?doing_wp_cron=1599702126.5367169380187988281250 HTTP/1.0" 200 - "http://athenswideformat.com/wp-cron.php?doing_wp_cron=1599702126.5367169380187988281250" "WordPress/5.0.3; http://athenswideformat.com"
81.24.247.58 - - [09/Sep/2020:22:18:52 -0400] "POST /xmlrpc.php HTTP/1.0" 200 403 "-" "Mozilla/5.0 (Macintosh; U; Intel Mac OS X 10.6; fr; rv:1.9.2.8) Gecko/20100722 Firefox/3.6.8"
10.30.94.78 - - [09/Sep/2020:01:14:49 -0400] "POST /wp-cron.php?doing_wp_cron=1599628489.5064520835876464843750 HTTP/1.0" 200 - "http://athenswideformat.com/wp-cron.php?doing_wp_cron=1599628489.5064520835876464843750" "WordPress/5.0.3; http://athenswideformat.com"
34.74.165.144 - - [09/Sep/2020:01:34:41 -0400] "GET /contact/ HTTP/1.0" 200 41055 "-" "ZoominfoBot (zoominfobot at zoominfo dot com)"
35.190.177.150 - - [09/Sep/2020:05:36:55 -0400] "GET /my-account/ HTTP/1.0" 200 19952 "-" "ZoominfoBot (zoominfobot at zoominfo dot com)"
35.190.177.150 - - [09/Sep/2020:05:56:50 -0400] "GET /cart/ HTTP/1.0" 200 56737 "-" "ZoominfoBot (zoominfobot at zoominfo dot com)"
10.30.94.78 - - [09/Sep/2020:11:23:42 -0400] "POST /wp-cron.php?doing_wp_cron=1599665022.0646739006042480468750 HTTP/1.0" 200 - "http://athenswideformat.com/wp-cron.php?doing_wp_cron=1599665022.0646739006042480468750" "WordPress/5.0.3; http://athenswideformat.com"
81.24.247.58 - - [09/Sep/2020:11:42:16 -0400] "POST /xmlrpc.php HTTP/1.0" 200 403 "-" "Mozilla/5.0 (Macintosh; U; Intel Mac OS X 10.6; fr; rv:1.9.2.8) Gecko/20100722 Firefox/3.6.8"
184.149.17.96 - - [09/Sep/2020:11:58:04 -0400] "GET /wp-includes/css/dashicons.min.css?ver=5.0.3 HTTP/1.0" 200 46360 "http://athenswideformat.com/product/hp-latex-115-print-and-cut-solution-54-printer-and-54-cutter/" "Mozilla/5.0 (Windows NT 10.0; Win64; x64) AppleWebKit/537.36 (KHTML, like Gecko) Chrome/85.0.4183.83 Safari/537.36"
184.149.17.96 - - [09/Sep/2020:11:58:04 -0400] "GET /wp-content/plugins/woocommerce/assets/js/prettyPhoto/jquery.prettyPhoto.min.js?ver=3.1.6 HTTP/1.0" 200 21592 "http://athenswideformat.com/product/hp-latex-115-print-and-cut-solution-54-printer-and-54-cutter/" "Mozilla/5.0 (Windows NT 10.0; Win64; x64) AppleWebKit/537.36 (KHTML, like Gecko) Chrome/85.0.4183.83 Safari/537.36"
184.149.17.96 - - [09/Sep/2020:11:58:04 -0400] "GET /wp-includes/js/wp-embed.min.js?ver=5.0.3 HTTP/1.0" 200 1403 "http://athenswideformat.com/product/hp-latex-115-print-and-cut-solution-54-printer-and-54-cutter/" "Mozilla/5.0 (Windows NT 10.0; Win64; x64) AppleWebKit/537.36 (KHTML, like Gecko) Chrome/85.0.4183.83 Safari/537.36"
184.149.17.96 - - [09/Sep/2020:11:58:04 -0400] "GET /wp-content/uploads/2019/01/athens-wide-format-logo.png HTTP/1.0" 200 8122 "http://athenswideformat.com/product/hp-latex-115-print-and-cut-solution-54-printer-and-54-cutter/" "Mozilla/5.0 (Windows NT 10.0; Win64; x64) AppleWebKit/537.36 (KHTML, like Gecko) Chrome/85.0.4183.83 Safari/537.36"
184.149.17.96 - - [09/Sep/2020:11:58:22 -0400] "GET /contact/ HTTP/1.0" 200 41055 "http://athenswideformat.com/product/hp-latex-115-print-and-cut-solution-54-printer-and-54-cutter/" "Mozilla/5.0 (Windows NT 10.0; Win64; x64) AppleWebKit/537.36 (KHTML, like Gecko) Chrome/85.0.4183.83 Safari/537.36"
184.149.17.96 - - [09/Sep/2020:12:00:41 -0400] "GET /wp-content/uploads/2019/01/HP-Latex-365-200x100.jpg HTTP/1.0" 200 8715 "http://athenswideformat.com/product/hp-latex-115-print-and-cut-solution-54-printer-and-54-cutter/" "Mozilla/5.0 (Windows NT 10.0; Win64; x64) AppleWebKit/537.36 (KHTML, like Gecko) Chrome/85.0.4183.83 Safari/537.36"
184.149.17.96 - - [09/Sep/2020:12:00:50 -0400] "GET /wp-content/plugins/woocommerce/assets/css/select2.css?ver=3.4.7 HTTP/1.0" 200 14938 "http://athenswideformat.com/cart/" "Mozilla/5.0 (Windows NT 10.0; Win64; x64) AppleWebKit/537.36 (KHTML, like Gecko) Chrome/85.0.4183.83 Safari/537.36"
184.149.17.96 - - [09/Sep/2020:12:00:50 -0400] "GET /wp-content/plugins/woocommerce/assets/js/frontend/password-strength-meter.min.js?ver=3.4.7 HTTP/1.0" 200 1974 "http://athenswideformat.com/cart/" "Mozilla/5.0 (Windows NT 10.0; Win64; x64) AppleWebKit/537.36 (KHTML, like Gecko) Chrome/85.0.4183.83 Safari/537.36"
184.149.17.96 - - [09/Sep/2020:12:01:32 -0400] "GET /wp-content/plugins/woocommerce/assets/js/frontend/checkout.min.js?ver=3.4.7 HTTP/1.0" 200 13528 "http://athenswideformat.com/checkout/" "Mozilla/5.0 (Windows NT 10.0; Win64; x64) AppleWebKit/537.36 (KHTML, like Gecko) Chrome/85.0.4183.83 Safari/537.36"
184.149.17.96 - - [09/Sep/2020:12:01:33 -0400] "POST /?wc-ajax=update_order_review HTTP/1.0" 200 4625 "http://athenswideformat.com/checkout/" "Mozilla/5.0 (Windows NT 10.0; Win64; x64) AppleWebKit/537.36 (KHTML, like Gecko) Chrome/85.0.4183.83 Safari/537.36"
184.149.17.96 - - [09/Sep/2020:12:03:24 -0400] "POST /?wc-ajax=update_order_review HTTP/1.0" 200 4625 "http://athenswideformat.com/checkout/" "Mozilla/5.0 (Windows NT 10.0; Win64; x64) AppleWebKit/537.36 (KHTML, like Gecko) Chrome/85.0.4183.83 Safari/537.36"
66.249.72.95 - - [09/Sep/2020:12:27:41 -0400] "GET /wp-content/plugins/woocommerce/assets/css/photoswipe/photoswipe.css?ver=3.4.7 HTTP/1.0" 200 4996 "http://athenswideformat.com/product/hp-latex-r2000-plus-98-flatbed-printer/" "Mozilla/5.0 (Linux; Android 6.0.1; Nexus 5X Build/MMB29P) AppleWebKit/537.36 (KHTML, like Gecko) Chrome/85.0.4183.93 Mobile Safari/537.36 (compatible; Googlebot/2.1; +http://www.google.com/bot.html)"
66.249.72.95 - - [09/Sep/2020:12:27:49 -0400] "GET /wp-content/themes/melos/lib/scripts/main-frontend.js?ver=1.2.6 HTTP/1.0" 200 27053 "http://athenswideformat.com/product/hp-latex-r2000-plus-98-flatbed-printer/" "Mozilla/5.0 (Linux; Android 6.0.1; Nexus 5X Build/MMB29P) AppleWebKit/537.36 (KHTML, like Gecko) Chrome/85.0.4183.93 Mobile Safari/537.36 (compatible; Googlebot/2.1; +http://www.google.com/bot.html)"
66.249.72.95 - - [09/Sep/2020:12:27:53 -0400] "GET /wp-content/plugins/woocommerce/assets/js/frontend/woocommerce.min.js?ver=3.4.7 HTTP/1.0" 200 1402 "http://athenswideformat.com/product/hp-latex-r2000-plus-98-flatbed-printer/" "Mozilla/5.0 (Linux; Android 6.0.1; Nexus 5X Build/MMB29P) AppleWebKit/537.36 (KHTML, like Gecko) Chrome/85.0.4183.93 Mobile Safari/537.36 (compatible; Googlebot/2.1; +http://www.google.com/bot.html)"
66.249.72.95 - - [09/Sep/2020:12:27:55 -0400] "GET /wp-content/plugins/woocommerce/assets/js/frontend/cart-fragments.min.js?ver=3.4.7 HTTP/1.0" 200 2568 "http://athenswideformat.com/product/hp-latex-r2000-plus-98-flatbed-printer/" "Mozilla/5.0 (Linux; Android 6.0.1; Nexus 5X Build/MMB29P) AppleWebKit/537.36 (KHTML, like Gecko) Chrome/85.0.4183.93 Mobile Safari/537.36 (compatible; Googlebot/2.1; +http://www.google.com/bot.html)"
81.24.247.58 - - [09/Sep/2020:13:18:08 -0400] "POST /xmlrpc.php HTTP/1.0" 200 403 "-" "Mozilla/5.0 (Macintosh; U; Intel Mac OS X 10.6; fr; rv:1.9.2.8) Gecko/20100722 Firefox/3.6.8"
3.220.98.234 - - [09/Sep/2020:13:48:17 -0400] "GET /wp-login.php HTTP/1.0" 200 3475 "-" "Mozilla"
3.220.98.234 - - [09/Sep/2020:13:48:20 -0400] "GET / HTTP/1.0" 200 19877 "-" "Mozilla/5.0 (Windows NT 10.0; WOW64) AppleWebKit/537.36 (KHTML, like Gecko) Chrome/84.0.4147.125 Safari/537.36"
34.66.8.115 - - [09/Sep/2020:13:48:20 -0400] "GET / HTTP/1.0" 200 19877 "-" "Mozilla/5.0 (Windows NT 10.0; WOW64) AppleWebKit/537.36 (KHTML, like Gecko) Chrome/84.0.4147.125 Safari/537.36"
34.66.8.115 - - [09/Sep/2020:13:48:32 -0400] "GET /wp-content/plugins/wp-file-manager/lib/php/connector.minimal.php HTTP/1.0" 404 16660 "-" "Mozilla"
34.66.8.115 - - [09/Sep/2020:13:48:43 -0400] "GET /wp-content/plugins/wp-file-manager/lib/files/n.php HTTP/1.0" 404 16660 "-" "Mozilla"
3.220.98.234 - - [09/Sep/2020:13:48:43 -0400] "GET /wp-content/plugins/wp-file-manager/lib/files/upload.php HTTP/1.0" 404 16660 "-" "Mozilla"
3.220.98.234 - - [09/Sep/2020:13:48:44 -0400] "GET /wp-content/plugins/wp-file-manager/lib/files/thumbs.php HTTP/1.0" 404 16660 "-" "Mozilla"
81.24.247.58 - - [09/Sep/2020:13:55:51 -0400] "POST /xmlrpc.php HTTP/1.0" 200 403 "-" "Mozilla/5.0 (Macintosh; U; Intel Mac OS X 10.6; fr; rv:1.9.2.8) Gecko/20100722 Firefox/3.6.8"
10.30.94.78 - - [09/Sep/2020:14:14:17 -0400] "POST /wp-cron.php?doing_wp_cron=1599675257.8066649436950683593750 HTTP/1.0" 200 - "http://athenswideformat.com/wp-cron.php?doing_wp_cron=1599675257.8066649436950683593750" "WordPress/5.0.3; http://athenswideformat.com"
10.30.94.78 - - [09/Sep/2020:14:32:53 -0400] "POST /wp-cron.php?doing_wp_cron=1599676373.2813410758972167968750 HTTP/1.0" 200 - "http://athenswideformat.com/wp-cron.php?doing_wp_cron=1599676373.2813410758972167968750" "WordPress/5.0.3; http://athenswideformat.com"
157.55.39.216 - - [09/Sep/2020:16:10:47 -0400] "GET /product-category/ink-and-supplies/latex-ink/ HTTP/1.0" 200 22354 "-" "Mozilla/5.0 (compatible; bingbot/2.0; +http://www.bing.com/bingbot.htm)"
10.30.94.78 - - [09/Sep/2020:16:27:56 -0400] "POST /wp-cron.php?doing_wp_cron=1599683275.8185300827026367187500 HTTP/1.0" 200 - "http://athenswideformat.com/wp-cron.php?doing_wp_cron=1599683275.8185300827026367187500" "WordPress/5.0.3; http://athenswideformat.com"
195.181.161.7 - - [09/Sep/2020:18:54:54 -0400] "GET /contact/ HTTP/1.0" 200 41055 "http://athenswideformat.com/contact/" "Mozilla/5.0 (Windows NT 6.1) AppleWebKit/537.36 (KHTML, like Gecko) Chrome/67.0.3396.99 Safari/537.36 Kinza/4.8.2"
195.181.161.7 - - [09/Sep/2020:18:55:04 -0400] "GET /contact/ HTTP/1.0" 200 41055 "http://athenswideformat.com/contact/" "Mozilla/5.0 (Windows NT 6.1) AppleWebKit/537.36 (KHTML, like Gecko) Chrome/67.0.3396.99 Safari/537.36 Kinza/4.8.2"
81.24.247.58 - - [09/Sep/2020:19:31:32 -0400] "POST /xmlrpc.php HTTP/1.0" 200 403 "-" "Mozilla/5.0 (Macintosh; U; Intel Mac OS X 10.6; fr; rv:1.9.2.8) Gecko/20100722 Firefox/3.6.8"
10.30.94.78 - - [09/Sep/2020:20:09:53 -0400] "POST /wp-cron.php?doing_wp_cron=1599696593.0646080970764160156250 HTTP/1.0" 200 - "http://athenswideformat.com/wp-cron.php?doing_wp_cron=1599696593.0646080970764160156250" "WordPress/5.0.3; http://athenswideformat.com"
185.191.171.1 - - [09/Sep/2020:00:20:22 -0400] "GET /robots.txt HTTP/1.0" 200 67 "-" "Mozilla/5.0 (compatible; SemrushBot/6~bl; +http://www.semrush.com/bot.html)"
34.74.165.144 - - [09/Sep/2020:01:24:57 -0400] "GET /comments/feed/ HTTP/1.0" 200 748 "-" "ZoominfoBot (zoominfobot at zoominfo dot com)"
165.227.74.179 - - [09/Sep/2020:05:50:12 -0400] "GET /wp-login.php?redirect_to=http%3A%2F%2Fathenswideformat.com%2Fwp-admin%2Fnetwork%2Fsettings.php&reauth=1 HTTP/1.0" 200 3495 "http://site.ru" "Mozilla/5.0 (Windows; U; Windows NT 5.1; en-US) AppleWebKit/533.4 (KHTML, like Gecko) Chrome/5.0.375.99 Safari/533.4"
10.30.94.78 - - [09/Sep/2020:08:18:34 -0400] "POST /wp-cron.php?doing_wp_cron=1599653914.0448429584503173828125 HTTP/1.0" 200 - "http://athenswideformat.com/wp-cron.php?doing_wp_cron=1599653914.0448429584503173828125" "WordPress/5.0.3; http://athenswideformat.com"
185.98.7.162 - - [09/Sep/2020:08:21:47 -0400] "GET /wp-admin/user-new.php HTTP/1.0" 302 - "http://site.ru" "Mozilla/5.0 (Windows; U; Windows NT 5.1; en-US) AppleWebKit/533.4 (KHTML, like Gecko) Chrome/5.0.375.99 Safari/533.4"
106.53.82.40 - - [09/Sep/2020:08:43:55 -0400] "GET / HTTP/1.0" 200 19877 "-" "Go-http-client/1.1"
192.36.52.37 - - [09/Sep/2020:10:45:32 -0400] "GET /humans.txt HTTP/1.0" 404 16160 "-" "Go-http-client/1.1"
81.24.247.58 - - [09/Sep/2020:10:45:52 -0400] "POST /xmlrpc.php HTTP/1.0" 200 403 "-" "Mozilla/5.0 (Macintosh; U; Intel Mac OS X 10.6; fr; rv:1.9.2.8) Gecko/20100722 Firefox/3.6.8"
199.244.88.132 - - [09/Sep/2020:10:55:13 -0400] "GET / HTTP/1.0" 301 - "-" "Mozilla/5.0 (Macintosh; Intel Mac OS X 10_9_3) AppleWebKit/537.36 (KHTML, like Gecko) Chrome/35.0.1916.47 Safari/537.36"
81.24.247.58 - - [09/Sep/2020:11:23:36 -0400] "POST /xmlrpc.php HTTP/1.0" 200 403 "-" "Mozilla/5.0 (Macintosh; U; Intel Mac OS X 10.6; fr; rv:1.9.2.8) Gecko/20100722 Firefox/3.6.8"
10.30.94.78 - - [09/Sep/2020:11:26:36 -0400] "POST /wp-cron.php?doing_wp_cron=1599665197.5636410713195800781250 HTTP/1.0" 200 - "http://athenswideformat.com/wp-cron.php?doing_wp_cron=1599665197.5636410713195800781250" "WordPress/5.0.3; http://athenswideformat.com"
184.149.17.96 - - [09/Sep/2020:11:58:04 -0400] "GET /wp-content/plugins/woocommerce/assets/css/photoswipe/default-skin/default-skin.css?ver=3.4.7 HTTP/1.0" 200 11589 "http://athenswideformat.com/product/hp-latex-115-print-and-cut-solution-54-printer-and-54-cutter/" "Mozilla/5.0 (Windows NT 10.0; Win64; x64) AppleWebKit/537.36 (KHTML, like Gecko) Chrome/85.0.4183.83 Safari/537.36"
184.149.17.96 - - [09/Sep/2020:11:58:04 -0400] "GET /wp-content/themes/melos/style.css?ver=5.0.3 HTTP/1.0" 200 152742 "http://athenswideformat.com/product/hp-latex-115-print-and-cut-solution-54-printer-and-54-cutter/" "Mozilla/5.0 (Windows NT 10.0; Win64; x64) AppleWebKit/537.36 (KHTML, like Gecko) Chrome/85.0.4183.83 Safari/537.36"
184.149.17.96 - - [09/Sep/2020:11:58:04 -0400] "GET /wp-content/themes/melos/styles/style-responsive.css?ver=1.2.6 HTTP/1.0" 200 11767 "http://athenswideformat.com/product/hp-latex-115-print-and-cut-solution-54-printer-and-54-cutter/" "Mozilla/5.0 (Windows NT 10.0; Win64; x64) AppleWebKit/537.36 (KHTML, like Gecko) Chrome/85.0.4183.83 Safari/537.36"
184.149.17.96 - - [09/Sep/2020:11:58:04 -0400] "GET /wp-content/plugins/woocommerce/assets/js/flexslider/jquery.flexslider.min.js?ver=2.7.1 HTTP/1.0" 200 22795 "http://athenswideformat.com/product/hp-latex-115-print-and-cut-solution-54-printer-and-54-cutter/" "Mozilla/5.0 (Windows NT 10.0; Win64; x64) AppleWebKit/537.36 (KHTML, like Gecko) Chrome/85.0.4183.83 Safari/537.36"
184.149.17.96 - - [09/Sep/2020:11:58:04 -0400] "GET /wp-content/plugins/woocommerce/assets/js/js-cookie/js.cookie.min.js?ver=2.1.4 HTTP/1.0" 200 1846 "http://athenswideformat.com/product/hp-latex-115-print-and-cut-solution-54-printer-and-54-cutter/" "Mozilla/5.0 (Windows NT 10.0; Win64; x64) AppleWebKit/537.36 (KHTML, like Gecko) Chrome/85.0.4183.83 Safari/537.36"
184.149.17.96 - - [09/Sep/2020:11:58:04 -0400] "GET /wp-content/uploads/2019/01/Latex_115-Print_Cut-600x386.jpg HTTP/1.0" 200 44884 "http://athenswideformat.com/product/hp-latex-115-print-and-cut-solution-54-printer-and-54-cutter/" "Mozilla/5.0 (Windows NT 10.0; Win64; x64) AppleWebKit/537.36 (KHTML, like Gecko) Chrome/85.0.4183.83 Safari/537.36"
184.149.17.96 - - [09/Sep/2020:11:58:04 -0400] "GET /wp-content/uploads/2019/01/r1000-200x100.png HTTP/1.0" 200 22461 "http://athenswideformat.com/product/hp-latex-115-print-and-cut-solution-54-printer-and-54-cutter/" "Mozilla/5.0 (Windows NT 10.0; Win64; x64) AppleWebKit/537.36 (KHTML, like Gecko) Chrome/85.0.4183.83 Safari/537.36"
184.149.17.96 - - [09/Sep/2020:12:00:34 -0400] "POST /product/hp-latex-115-print-and-cut-solution-54-printer-and-54-cutter/ HTTP/1.0" 200 44032 "http://athenswideformat.com/product/hp-latex-115-print-and-cut-solution-54-printer-and-54-cutter/" "Mozilla/5.0 (Windows NT 10.0; Win64; x64) AppleWebKit/537.36 (KHTML, like Gecko) Chrome/85.0.4183.83 Safari/537.36"
184.149.17.96 - - [09/Sep/2020:12:00:41 -0400] "POST /?wc-ajax=get_refreshed_fragments HTTP/1.0" 200 3747 "http://athenswideformat.com/product/hp-latex-115-print-and-cut-solution-54-printer-and-54-cutter/" "Mozilla/5.0 (Windows NT 10.0; Win64; x64) AppleWebKit/537.36 (KHTML, like Gecko) Chrome/85.0.4183.83 Safari/537.36"
184.149.17.96 - - [09/Sep/2020:12:00:50 -0400] "GET /wp-content/plugins/woocommerce/assets/js/selectWoo/selectWoo.full.min.js?ver=1.0.4 HTTP/1.0" 200 77070 "http://athenswideformat.com/cart/" "Mozilla/5.0 (Windows NT 10.0; Win64; x64) AppleWebKit/537.36 (KHTML, like Gecko) Chrome/85.0.4183.83 Safari/537.36"
184.149.17.96 - - [09/Sep/2020:12:00:50 -0400] "GET /wp-content/uploads/2019/01/Latex_115-Print_Cut-200x100.jpg HTTP/1.0" 200 6485 "http://athenswideformat.com/cart/" "Mozilla/5.0 (Windows NT 10.0; Win64; x64) AppleWebKit/537.36 (KHTML, like Gecko) Chrome/85.0.4183.83 Safari/537.36"
81.24.247.58 - - [09/Sep/2020:12:39:49 -0400] "POST /xmlrpc.php HTTP/1.0" 200 403 "-" "Mozilla/5.0 (Macintosh; U; Intel Mac OS X 10.6; fr; rv:1.9.2.8) Gecko/20100722 Firefox/3.6.8"
37.59.53.93 - - [09/Sep/2020:13:30:21 -0400] "GET /wp-login.php HTTP/1.0" 200 3475 "-" "Mozilla/5.0 (Windows NT 10.0; Win64; x64) AppleWebKit/537.36 (KHTML, like Gecko) Chrome/80.0.3987.149 Safari/537.36"
37.59.53.93 - - [09/Sep/2020:13:30:34 -0400] "POST /wp-login.php HTTP/1.0" 200 4418 "http://athenswideformat.com/wp-login.php" "Mozilla/5.0 (Windows NT 10.0; Win64; x64) AppleWebKit/537.36 (KHTML, like Gecko) Chrome/80.0.3987.149 Safari/537.36"
34.66.8.115 - - [09/Sep/2020:13:48:32 -0400] "GET /wp-content/plugins/wp-file-manager/lib/files/n.php HTTP/1.0" 404 16660 "-" "Mozilla"
3.220.98.234 - - [09/Sep/2020:13:48:40 -0400] "GET /wp-content/plugins/wp-file-manager/lib/files/thumbs.php HTTP/1.0" 404 16660 "-" "Mozilla"
10.30.94.78 - - [09/Sep/2020:15:29:56 -0400] "POST /wp-cron.php?doing_wp_cron=1599679797.9695749282836914062500 HTTP/1.0" 200 - "http://athenswideformat.com/wp-cron.php?doing_wp_cron=1599679797.9695749282836914062500" "WordPress/5.0.3; http://athenswideformat.com"
81.24.247.58 - - [09/Sep/2020:16:27:49 -0400] "POST /xmlrpc.php HTTP/1.0" 200 403 "-" "Mozilla/5.0 (Macintosh; U; Intel Mac OS X 10.6; fr; rv:1.9.2.8) Gecko/20100722 Firefox/3.6.8"
198.71.239.36 - - [09/Sep/2020:16:29:11 -0400] "GET /wp-admin/setup-config.php HTTP/1.0" 500 2936 "-" "Mozilla/5.0 (Windows NT 10.0; Win64; x64) AppleWebKit/537.36 (KHTML, like Gecko) Chrome/70.0.3538.77 Safari/537.36"
81.24.247.58 - - [09/Sep/2020:16:46:40 -0400] "POST /xmlrpc.php HTTP/1.0" 200 403 "-" "Mozilla/5.0 (Macintosh; U; Intel Mac OS X 10.6; fr; rv:1.9.2.8) Gecko/20100722 Firefox/3.6.8"
81.24.247.58 - - [09/Sep/2020:19:50:42 -0400] "POST /xmlrpc.php HTTP/1.0" 200 403 "-" "Mozilla/5.0 (Macintosh; U; Intel Mac OS X 10.6; fr; rv:1.9.2.8) Gecko/20100722 Firefox/3.6.8"
81.24.247.58 - - [09/Sep/2020:22:37:49 -0400] "POST /xmlrpc.php HTTP/1.0" 200 403 "-" "Mozilla/5.0 (Macintosh; U; Intel Mac OS X 10.6; fr; rv:1.9.2.8) Gecko/20100722 Firefox/3.6.8"
81.24.247.58 - - [09/Sep/2020:23:33:55 -0400] "POST /xmlrpc.php HTTP/1.0" 200 403 "-" "Mozilla/5.0 (Macintosh; U; Intel Mac OS X 10.6; fr; rv:1.9.2.8) Gecko/20100722 Firefox/3.6.8"
34.74.165.144 - - [09/Sep/2020:01:08:36 -0400] "GET /xmlrpc.php?rsd HTTP/1.0" 200 854 "-" "ZoominfoBot (zoominfobot at zoominfo dot com)"
34.74.165.144 - - [09/Sep/2020:01:21:28 -0400] "GET /product-category/ink-and-supplies/ HTTP/1.0" 200 18135 "-" "ZoominfoBot (zoominfobot at zoominfo dot com)"
34.74.165.144 - - [09/Sep/2020:01:35:19 -0400] "GET /cart/ HTTP/1.0" 200 56737 "-" "ZoominfoBot (zoominfobot at zoominfo dot com)"
51.89.204.170 - - [09/Sep/2020:03:28:59 -0400] "GET /wp-content/plugins/wp-file-manager/lib/php/connector.minimal.php HTTP/1.0" 404 16660 "www.google.com" "Mozlila/5.0 (Linux; Android 7.0; SM-G892A Bulid/NRD90M; wv) AppleWebKit/537.36 (KHTML, like Gecko) Version/4.0 Chrome/60.0.3112.107 Moblie Safari/537.36"
35.190.177.150 - - [09/Sep/2020:05:37:33 -0400] "GET /product-category/media/ HTTP/1.0" 200 17338 "-" "ZoominfoBot (zoominfobot at zoominfo dot com)"
35.190.177.150 - - [09/Sep/2020:05:58:12 -0400] "GET /product-category/latex-printers/ HTTP/1.0" 200 36745 "-" "ZoominfoBot (zoominfobot at zoominfo dot com)"
81.24.247.58 - - [09/Sep/2020:09:12:08 -0400] "POST /xmlrpc.php HTTP/1.0" 200 403 "-" "Mozilla/5.0 (Macintosh; U; Intel Mac OS X 10.6; fr; rv:1.9.2.8) Gecko/20100722 Firefox/3.6.8"
51.77.52.160 - - [09/Sep/2020:09:22:11 -0400] "GET /wp-content/plugins/wp-file-manager/readme.txt HTTP/1.0" 404 16160 "-" "Mozilla/5.0 (X11; Linux x86_64) AppleWebKit/537.36 (KHTML, like Gecko) Chrome/75.0.3770.100 Safari/537.36 OPR/62.0.3331.99"
10.30.94.78 - - [09/Sep/2020:09:22:17 -0400] "POST /wp-cron.php?doing_wp_cron=1599657737.3368620872497558593750 HTTP/1.0" 200 - "http://athenswideformat.com/wp-cron.php?doing_wp_cron=1599657737.3368620872497558593750" "WordPress/5.0.3; http://athenswideformat.com"
188.166.208.203 - - [09/Sep/2020:09:43:26 -0400] "GET /wp-content/plugins/wp-file-manager/lib/php/connector.minimal.php HTTP/1.0" 404 16660 "-" "Mozilla/5.0 (Macintosh; Intel Mac OS X 10_10_1) AppleWebKit/537.36 (KHTML, like Gecko) Chrome/39.0.2171.95 Safari/537.36"
185.191.171.10 - - [09/Sep/2020:10:47:32 -0400] "GET /robots.txt HTTP/1.0" 200 67 "-" "Mozilla/5.0 (compatible; SemrushBot/6~bl; +http://www.semrush.com/bot.html)"
184.149.17.96 - - [09/Sep/2020:11:58:04 -0400] "GET /wp-content/themes/melos/lib/extentions/font-awesome/css/font-awesome.min.css?ver=4.7.0 HTTP/1.0" 200 31000 "http://athenswideformat.com/product/hp-latex-115-print-and-cut-solution-54-printer-and-54-cutter/" "Mozilla/5.0 (Windows NT 10.0; Win64; x64) AppleWebKit/537.36 (KHTML, like Gecko) Chrome/85.0.4183.83 Safari/537.36"
184.149.17.96 - - [09/Sep/2020:11:58:04 -0400] "GET /wp-content/themes/melos/lib/extentions/bootstrap/js/bootstrap.js?ver=2.3.2 HTTP/1.0" 200 64265 "http://athenswideformat.com/product/hp-latex-115-print-and-cut-solution-54-printer-and-54-cutter/" "Mozilla/5.0 (Windows NT 10.0; Win64; x64) AppleWebKit/537.36 (KHTML, like Gecko) Chrome/85.0.4183.83 Safari/537.36"
184.149.17.96 - - [09/Sep/2020:11:58:04 -0400] "GET /wp-content/uploads/2019/01/latex-570-200x100.jpg HTTP/1.0" 200 6025 "http://athenswideformat.com/product/hp-latex-115-print-and-cut-solution-54-printer-and-54-cutter/" "Mozilla/5.0 (Windows NT 10.0; Win64; x64) AppleWebKit/537.36 (KHTML, like Gecko) Chrome/85.0.4183.83 Safari/537.36"
184.149.17.96 - - [09/Sep/2020:11:58:05 -0400] "GET /wp-content/uploads/2019/01/Latex_115-Print_Cut.jpg HTTP/1.0" 200 301703 "http://athenswideformat.com/product/hp-latex-115-print-and-cut-solution-54-printer-and-54-cutter/" "Mozilla/5.0 (Windows NT 10.0; Win64; x64) AppleWebKit/537.36 (KHTML, like Gecko) Chrome/85.0.4183.83 Safari/537.36"
184.149.17.96 - - [09/Sep/2020:12:01:16 -0400] "GET /wp-content/plugins/woocommerce/assets/images/icons/loader.svg HTTP/1.0" 200 553 "http://athenswideformat.com/wp-content/plugins/woocommerce/assets/css/woocommerce.css?ver=3.4.7" "Mozilla/5.0 (Windows NT 10.0; Win64; x64) AppleWebKit/537.36 (KHTML, like Gecko) Chrome/85.0.4183.83 Safari/537.36"
184.149.17.96 - - [09/Sep/2020:12:01:16 -0400] "POST /cart/ HTTP/1.0" 200 74019 "http://athenswideformat.com/cart/" "Mozilla/5.0 (Windows NT 10.0; Win64; x64) AppleWebKit/537.36 (KHTML, like Gecko) Chrome/85.0.4183.83 Safari/537.36"
184.149.17.96 - - [09/Sep/2020:12:02:11 -0400] "GET /contact/ HTTP/1.0" 200 41055 "http://athenswideformat.com/checkout/" "Mozilla/5.0 (Windows NT 10.0; Win64; x64) AppleWebKit/537.36 (KHTML, like Gecko) Chrome/85.0.4183.83 Safari/537.36"
184.149.17.96 - - [09/Sep/2020:12:03:27 -0400] "GET /cart/ HTTP/1.0" 200 73789 "http://athenswideformat.com/product/hp-latex-115-print-and-cut-solution-54-printer-and-54-cutter/" "Mozilla/5.0 (Windows NT 10.0; Win64; x64) AppleWebKit/537.36 (KHTML, like Gecko) Chrome/85.0.4183.83 Safari/537.36"
37.59.53.93 - - [09/Sep/2020:13:30:31 -0400] "GET /wp-json/wp/v2/users/ HTTP/1.0" 200 577 "-" "Mozilla/5.0 (Windows NT 10.0; Win64; x64) AppleWebKit/537.36 (KHTML, like Gecko) Chrome/80.0.3987.149 Safari/537.36"
3.220.98.234 - - [09/Sep/2020:13:48:36 -0400] "GET /wp-content/plugins/wp-file-manager/lib/files/n.php HTTP/1.0" 404 16660 "-" "Mozilla"
3.220.98.234 - - [09/Sep/2020:13:48:39 -0400] "GET /wp-content/plugins/wp-file-manager/lib/files/accesson.php HTTP/1.0" 404 16660 "-" "Mozilla"
81.24.247.58 - - [09/Sep/2020:16:08:23 -0400] "POST /xmlrpc.php HTTP/1.0" 200 403 "-" "Mozilla/5.0 (Macintosh; U; Intel Mac OS X 10.6; fr; rv:1.9.2.8) Gecko/20100722 Firefox/3.6.8"
81.24.247.58 - - [09/Sep/2020:17:04:53 -0400] "POST /xmlrpc.php HTTP/1.0" 200 403 "-" "Mozilla/5.0 (Macintosh; U; Intel Mac OS X 10.6; fr; rv:1.9.2.8) Gecko/20100722 Firefox/3.6.8"
137.117.178.120 - - [09/Sep/2020:18:13:38 -0400] "POST /xmlrpc.php HTTP/1.0" 200 403 "-" "Mozilla/5.0 (Macintosh; U; Intel Mac OS X 10.6; fr; rv:1.9.2.8) Gecko/20100722 Firefox/3.6.8"
81.24.247.58 - - [09/Sep/2020:18:17:23 -0400] "POST /xmlrpc.php HTTP/1.0" 200 403 "-" "Mozilla/5.0 (Macintosh; U; Intel Mac OS X 10.6; fr; rv:1.9.2.8) Gecko/20100722 Firefox/3.6.8"
185.247.224.23 - - [09/Sep/2020:00:00:34 -0400] "POST /xmlrpc.php HTTP/1.0" 200 403 "-" "Mozilla/5.0 (Windows NT 6.1) AppleWebKit/537.36 (KHTML, like Gecko) Chrome/68.0.3440.106 Safari/537.36"
66.249.72.95 - - [09/Sep/2020:05:30:40 -0400] "GET /robots.txt HTTP/1.0" 200 67 "-" "Mozilla/5.0 (compatible; Googlebot/2.1; +http://www.google.com/bot.html)"
35.190.177.150 - - [09/Sep/2020:05:46:46 -0400] "GET /comments/feed/ HTTP/1.0" 200 748 "-" "ZoominfoBot (zoominfobot at zoominfo dot com)"
165.227.74.179 - - [09/Sep/2020:05:50:09 -0400] "GET /wp-admin/network/settings.php HTTP/1.0" 302 - "http://site.ru" "Mozilla/5.0 (Windows; U; Windows NT 5.1; en-US) AppleWebKit/533.4 (KHTML, like Gecko) Chrome/5.0.375.99 Safari/533.4"
81.24.247.58 - - [09/Sep/2020:10:09:36 -0400] "POST /xmlrpc.php HTTP/1.0" 200 403 "-" "Mozilla/5.0 (Macintosh; U; Intel Mac OS X 10.6; fr; rv:1.9.2.8) Gecko/20100722 Firefox/3.6.8"
137.117.178.120 - - [09/Sep/2020:10:26:11 -0400] "POST /xmlrpc.php HTTP/1.0" 200 403 "-" "Mozilla/5.0 (Macintosh; U; Intel Mac OS X 10.6; fr; rv:1.9.2.8) Gecko/20100722 Firefox/3.6.8"
81.24.247.58 - - [09/Sep/2020:10:27:44 -0400] "POST /xmlrpc.php HTTP/1.0" 200 403 "-" "Mozilla/5.0 (Macintosh; U; Intel Mac OS X 10.6; fr; rv:1.9.2.8) Gecko/20100722 Firefox/3.6.8"
81.24.247.58 - - [09/Sep/2020:11:04:35 -0400] "POST /xmlrpc.php HTTP/1.0" 200 403 "-" "Mozilla/5.0 (Macintosh; U; Intel Mac OS X 10.6; fr; rv:1.9.2.8) Gecko/20100722 Firefox/3.6.8"
184.149.17.96 - - [09/Sep/2020:11:58:04 -0400] "GET /wp-content/plugins/woocommerce/assets/js/zoom/jquery.zoom.min.js?ver=1.7.21 HTTP/1.0" 200 2616 "http://athenswideformat.com/product/hp-latex-115-print-and-cut-solution-54-printer-and-54-cutter/" "Mozilla/5.0 (Windows NT 10.0; Win64; x64) AppleWebKit/537.36 (KHTML, like Gecko) Chrome/85.0.4183.83 Safari/537.36"
184.149.17.96 - - [09/Sep/2020:11:58:30 -0400] "GET /wp-content/plugins/ninja-forms/assets/css/display-structure.css?ver=5.0.3 HTTP/1.0" 200 16408 "http://athenswideformat.com/contact/" "Mozilla/5.0 (Windows NT 10.0; Win64; x64) AppleWebKit/537.36 (KHTML, like Gecko) Chrome/85.0.4183.83 Safari/537.36"
184.149.17.96 - - [09/Sep/2020:12:00:46 -0400] "GET /cart/ HTTP/1.0" 200 73769 "http://athenswideformat.com/product/hp-latex-115-print-and-cut-solution-54-printer-and-54-cutter/" "Mozilla/5.0 (Windows NT 10.0; Win64; x64) AppleWebKit/537.36 (KHTML, like Gecko) Chrome/85.0.4183.83 Safari/537.36"
184.149.17.96 - - [09/Sep/2020:12:00:50 -0400] "GET /wp-content/plugins/woocommerce/assets/js/frontend/address-i18n.min.js?ver=3.4.7 HTTP/1.0" 200 2316 "http://athenswideformat.com/cart/" "Mozilla/5.0 (Windows NT 10.0; Win64; x64) AppleWebKit/537.36 (KHTML, like Gecko) Chrome/85.0.4183.83 Safari/537.36"
161.35.100.215 - - [09/Sep/2020:13:00:13 -0400] "GET / HTTP/1.0" 200 19877 "-" "python-requests/2.24.0"
137.117.178.120 - - [09/Sep/2020:13:19:29 -0400] "POST /xmlrpc.php HTTP/1.0" 200 403 "-" "Mozilla/5.0 (Macintosh; U; Intel Mac OS X 10.6; fr; rv:1.9.2.8) Gecko/20100722 Firefox/3.6.8"
3.220.98.234 - - [09/Sep/2020:13:48:22 -0400] "GET /?token=152182a63d665140ee9b27130198c181 HTTP/1.0" 200 19877 "-" "Mozilla/5.0 (Windows NT 10.0; WOW64) AppleWebKit/537.36 (KHTML, like Gecko) Chrome/84.0.4147.125 Safari/537.36"
3.220.98.234 - - [09/Sep/2020:13:48:32 -0400] "GET /wp-admin/admin-ajax.php?action=rms_ping_from_the_universe HTTP/1.0" 400 1 "-" "Moza"
81.24.247.58 - - [09/Sep/2020:14:32:49 -0400] "POST /xmlrpc.php HTTP/1.0" 200 403 "-" "Mozilla/5.0 (Macintosh; U; Intel Mac OS X 10.6; fr; rv:1.9.2.8) Gecko/20100722 Firefox/3.6.8"
195.181.161.7 - - [09/Sep/2020:18:55:06 -0400] "GET /wp-json/oembed/1.0/embed?url=http%3A%2F%2Fathenswideformat.com%2Fcontact%2F HTTP/1.0" 200 2239 "http://athenswideformat.com/wp-json/oembed/1.0/embed?url=http%3A%2F%2Fathenswideformat.com%2Fcontact%2F" "Mozilla/5.0 (Windows NT 6.1) AppleWebKit/537.36 (KHTML, like Gecko) Chrome/67.0.3396.99 Safari/537.36 Kinza/4.8.2"
195.181.161.7 - - [09/Sep/2020:18:55:10 -0400] "GET /contact/ HTTP/1.0" 200 41055 "http://athenswideformat.com/contact/" "Mozilla/5.0 (Windows NT 6.1) AppleWebKit/537.36 (KHTML, like Gecko) Chrome/67.0.3396.99 Safari/537.36 Kinza/4.8.2"
34.74.76.5 - - [09/Sep/2020:19:44:19 -0400] "GET /robots.txt HTTP/1.0" 200 67 "-" "ZoominfoBot (zoominfobot at zoominfo dot com)"
81.24.247.58 - - [09/Sep/2020:20:28:51 -0400] "POST /xmlrpc.php HTTP/1.0" 200 403 "-" "Mozilla/5.0 (Macintosh; U; Intel Mac OS X 10.6; fr; rv:1.9.2.8) Gecko/20100722 Firefox/3.6.8"
81.24.247.58 - - [09/Sep/2020:20:47:23 -0400] "POST /xmlrpc.php HTTP/1.0" 200 403 "-" "Mozilla/5.0 (Macintosh; U; Intel Mac OS X 10.6; fr; rv:1.9.2.8) Gecko/20100722 Firefox/3.6.8"
81.24.247.58 - - [09/Sep/2020:21:23:54 -0400] "POST /xmlrpc.php HTTP/1.0" 200 403 "-" "Mozilla/5.0 (Macintosh; U; Intel Mac OS X 10.6; fr; rv:1.9.2.8) Gecko/20100722 Firefox/3.6.8"
81.24.247.58 - - [09/Sep/2020:22:00:10 -0400] "POST /xmlrpc.php HTTP/1.0" 200 403 "-" "Mozilla/5.0 (Macintosh; U; Intel Mac OS X 10.6; fr; rv:1.9.2.8) Gecko/20100722 Firefox/3.6.8"
81.24.247.58 - - [09/Sep/2020:22:56:24 -0400] "POST /xmlrpc.php HTTP/1.0" 200 403 "-" "Mozilla/5.0 (Macintosh; U; Intel Mac OS X 10.6; fr; rv:1.9.2.8) Gecko/20100722 Firefox/3.6.8"
