81.24.247.58 - - [09/Sep/2020:23:14:57 -0400] "POST /xmlrpc.php HTTP/1.0" 200 403 "-" "Mozilla/5.0 (Macintosh; U; Intel Mac OS X 10.6; fr; rv:1.9.2.8) Gecko/20100722 Firefox/3.6.8"
10.30.94.78 - - [09/Sep/2020:01:08:35 -0400] "POST /wp-cron.php?doing_wp_cron=1599628114.5844600200653076171875 HTTP/1.0" 200 - "http://athenswideformat.com/wp-cron.php?doing_wp_cron=1599628114.5844600200653076171875" "WordPress/5.0.3; http://athenswideformat.com"
34.74.165.144 - - [09/Sep/2020:01:15:28 -0400] "GET /product-category/media/ HTTP/1.0" 200 17338 "-" "ZoominfoBot (zoominfobot at zoominfo dot com)"
82.165.117.25 - - [09/Sep/2020:01:24:30 -0400] "GET /wp-content/plugins/wp-file-manager/lib/php/connector.minimal.php HTTP/1.0" 404 16660 "www.google.com" "Mozlila/5.0 (Linux; Android 7.0; SM-G892A Bulid/NRD90M; wv) AppleWebKit/537.36 (KHTML, like Gecko) Version/4.0 Chrome/60.0.3112.107 Moblie Safari/537.36"
51.68.11.191 - - [09/Sep/2020:03:22:48 -0400] "GET /wp-admin/user/admin.php HTTP/1.0" 302 - "http://site.ru" "Mozilla/5.0 (Windows; U; Windows NT 5.1; en-US) AppleWebKit/533.4 (KHTML, like Gecko) Chrome/5.0.375.99 Safari/533.4"
66.249.72.95 - - [09/Sep/2020:05:30:44 -0400] "GET /product/hp-latex-115-print-and-cut-solution-54-printer-and-54-cutter/ HTTP/1.0" 200 43515 "-" "Mozilla/5.0 (Linux; Android 6.0.1; Nexus 5X Build/MMB29P) AppleWebKit/537.36 (KHTML, like Gecko) Chrome/80.0.3987.92 Mobile Safari/537.36 (compatible; Googlebot/2.1; +http://www.google.com/bot.html)"
23.228.109.146 - - [09/Sep/2020:06:20:52 -0400] "GET /wp-content/plugins/work-the-flow-file-upload/public/assets/jQuery-File-Upload-9.5.0/server/php/index.php HTTP/1.0" 301 500 "http://www.google.com/" "Mozilla/5.0 (Windows NT 6.1; Win64; x64) AppleWebKit/537.36 (KHTML, like Gecko) Chrome/56.0.2896.3 Safari/537.36"
51.89.204.170 - - [09/Sep/2020:07:17:52 -0400] "GET /wp-content/plugins/wp-file-manager/lib/php/connector.minimal.php HTTP/1.0" 404 16660 "www.google.com" "Mozlila/5.0 (Linux; Android 7.0; SM-G892A Bulid/NRD90M; wv) AppleWebKit/537.36 (KHTML, like Gecko) Version/4.0 Chrome/60.0.3112.107 Moblie Safari/537.36"
23.228.109.146 - - [09/Sep/2020:08:18:37 -0400] "GET /wp-content/plugins/work-the-flow-file-upload/public/assets/jQuery-File-Upload-9.5.0/server/php/ HTTP/1.0" 404 16160 "http://www.google.com/" "Mozilla/5.0 (Windows NT 6.1; Win64; x64) AppleWebKit/537.36 (KHTML, like Gecko) Chrome/56.0.2896.3 Safari/537.36"
143.255.147.228 - - [09/Sep/2020:09:52:00 -0400] "POST /wp-content/plugins/wp-file-manager/lib/php/connector.minimal.php HTTP/1.0" 404 16660 "http://athenswideformat.com/wp-content/plugins/wp-file-manager/lib/php/connector.minimal.php" "Mozilla/5.0 (Macintosh; Intel Mac OS X 10.15; rv:77.0) Gecko/20100101 Firefox/77.0"
185.191.171.13 - - [09/Sep/2020:11:28:11 -0400] "GET /product-category/media/vehicle-wraps/ HTTP/1.0" 200 19281 "-" "Mozilla/5.0 (compatible; SemrushBot/6~bl; +http://www.semrush.com/bot.html)"
184.149.17.96 - - [09/Sep/2020:11:58:00 -0400] "GET /product/hp-latex-115-print-and-cut-solution-54-printer-and-54-cutter/ HTTP/1.0" 200 43169 "https://www.google.com/" "Mozilla/5.0 (Windows NT 10.0; Win64; x64) AppleWebKit/537.36 (KHTML, like Gecko) Chrome/85.0.4183.83 Safari/537.36"
184.149.17.96 - - [09/Sep/2020:11:58:04 -0400] "GET /wp-content/plugins/woocommerce-product-addons/assets/css/frontend.css?ver=3.0.5 HTTP/1.0" 200 2583 "http://athenswideformat.com/product/hp-latex-115-print-and-cut-solution-54-printer-and-54-cutter/" "Mozilla/5.0 (Windows NT 10.0; Win64; x64) AppleWebKit/537.36 (KHTML, like Gecko) Chrome/85.0.4183.83 Safari/537.36"
184.149.17.96 - - [09/Sep/2020:11:58:04 -0400] "GET /wp-content/plugins/woocommerce/assets/js/frontend/add-to-cart.min.js?ver=3.4.7 HTTP/1.0" 200 2650 "http://athenswideformat.com/product/hp-latex-115-print-and-cut-solution-54-printer-and-54-cutter/" "Mozilla/5.0 (Windows NT 10.0; Win64; x64) AppleWebKit/537.36 (KHTML, like Gecko) Chrome/85.0.4183.83 Safari/537.36"
184.149.17.96 - - [09/Sep/2020:11:58:04 -0400] "GET /wp-content/plugins/woocommerce/assets/js/jquery-blockui/jquery.blockUI.min.js?ver=2.70 HTTP/1.0" 200 9566 "http://athenswideformat.com/product/hp-latex-115-print-and-cut-solution-54-printer-and-54-cutter/" "Mozilla/5.0 (Windows NT 10.0; Win64; x64) AppleWebKit/537.36 (KHTML, like Gecko) Chrome/85.0.4183.83 Safari/537.36"
184.149.17.96 - - [09/Sep/2020:11:58:04 -0400] "GET /wp-content/plugins/woocommerce/assets/js/frontend/single-product.min.js?ver=3.4.7 HTTP/1.0" 200 5859 "http://athenswideformat.com/product/hp-latex-115-print-and-cut-solution-54-printer-and-54-cutter/" "Mozilla/5.0 (Windows NT 10.0; Win64; x64) AppleWebKit/537.36 (KHTML, like Gecko) Chrome/85.0.4183.83 Safari/537.36"
184.149.17.96 - - [09/Sep/2020:11:58:04 -0400] "GET /wp-content/plugins/woocommerce/assets/js/frontend/woocommerce.min.js?ver=3.4.7 HTTP/1.0" 200 1402 "http://athenswideformat.com/product/hp-latex-115-print-and-cut-solution-54-printer-and-54-cutter/" "Mozilla/5.0 (Windows NT 10.0; Win64; x64) AppleWebKit/537.36 (KHTML, like Gecko) Chrome/85.0.4183.83 Safari/537.36"
184.149.17.96 - - [09/Sep/2020:11:58:04 -0400] "GET /wp-content/uploads/2019/01/finance-button-sized.png HTTP/1.0" 200 16299 "http://athenswideformat.com/product/hp-latex-115-print-and-cut-solution-54-printer-and-54-cutter/" "Mozilla/5.0 (Windows NT 10.0; Win64; x64) AppleWebKit/537.36 (KHTML, like Gecko) Chrome/85.0.4183.83 Safari/537.36"
184.149.17.96 - - [09/Sep/2020:11:58:04 -0400] "GET /wp-content/plugins/woocommerce-product-addons/assets/js/addons.min.js?ver=3.0.5 HTTP/1.0" 200 11213 "http://athenswideformat.com/product/hp-latex-115-print-and-cut-solution-54-printer-and-54-cutter/" "Mozilla/5.0 (Windows NT 10.0; Win64; x64) AppleWebKit/537.36 (KHTML, like Gecko) Chrome/85.0.4183.83 Safari/537.36"
184.149.17.96 - - [09/Sep/2020:11:58:05 -0400] "GET /wp-content/uploads/2019/01/cropped-athens-wide-format-logo-32x32.png HTTP/1.0" 200 779 "http://athenswideformat.com/product/hp-latex-115-print-and-cut-solution-54-printer-and-54-cutter/" "Mozilla/5.0 (Windows NT 10.0; Win64; x64) AppleWebKit/537.36 (KHTML, like Gecko) Chrome/85.0.4183.83 Safari/537.36"
184.149.17.96 - - [09/Sep/2020:11:58:30 -0400] "GET /wp-content/plugins/ninja-forms/assets/js/min/front-end-deps.js?ver=3.3.17 HTTP/1.0" 200 61696 "http://athenswideformat.com/contact/" "Mozilla/5.0 (Windows NT 10.0; Win64; x64) AppleWebKit/537.36 (KHTML, like Gecko) Chrome/85.0.4183.83 Safari/537.36"
184.149.17.96 - - [09/Sep/2020:12:00:50 -0400] "GET /wp-includes/js/zxcvbn-async.min.js?ver=1.0 HTTP/1.0" 200 324 "http://athenswideformat.com/cart/" "Mozilla/5.0 (Windows NT 10.0; Win64; x64) AppleWebKit/537.36 (KHTML, like Gecko) Chrome/85.0.4183.83 Safari/537.36"
66.249.72.95 - - [09/Sep/2020:12:27:47 -0400] "GET /wp-content/plugins/woocommerce/assets/js/frontend/add-to-cart.min.js?ver=3.4.7 HTTP/1.0" 200 2650 "http://athenswideformat.com/product/hp-latex-r2000-plus-98-flatbed-printer/" "Mozilla/5.0 (Linux; Android 6.0.1; Nexus 5X Build/MMB29P) AppleWebKit/537.36 (KHTML, like Gecko) Chrome/85.0.4183.93 Mobile Safari/537.36 (compatible; Googlebot/2.1; +http://www.google.com/bot.html)"
66.249.72.95 - - [09/Sep/2020:12:27:52 -0400] "GET /wp-content/plugins/woocommerce-product-addons/assets/js/addons.min.js?ver=3.0.5 HTTP/1.0" 200 11213 "http://athenswideformat.com/product/hp-latex-r2000-plus-98-flatbed-printer/" "Mozilla/5.0 (Linux; Android 6.0.1; Nexus 5X Build/MMB29P) AppleWebKit/537.36 (KHTML, like Gecko) Chrome/85.0.4183.93 Mobile Safari/537.36 (compatible; Googlebot/2.1; +http://www.google.com/bot.html)"
37.59.53.93 - - [09/Sep/2020:13:30:27 -0400] "GET /?author=1 HTTP/1.0" 301 - "-" "Mozilla/5.0 (Windows NT 10.0; Win64; x64) AppleWebKit/537.36 (KHTML, like Gecko) Chrome/80.0.3987.149 Safari/537.36"
34.66.8.115 - - [09/Sep/2020:13:48:26 -0400] "GET /wp-admin/admin-ajax.php HTTP/1.0" 400 1 "-" "Moza"
34.66.8.115 - - [09/Sep/2020:13:48:37 -0400] "GET /wp-content/plugins/wp-file-manager/lib/files/accesson.php HTTP/1.0" 404 16660 "-" "Mozilla"
3.220.98.234 - - [09/Sep/2020:13:48:40 -0400] "GET /wp-content/plugins/wp-file-manager/lib/files/upload.php HTTP/1.0" 404 16660 "-" "Mozilla"
34.66.8.115 - - [09/Sep/2020:13:48:42 -0400] "GET /wp-content/plugins/wp-file-manager/lib/files/thumbs.php HTTP/1.0" 404 16660 "-" "Mozilla"
34.66.8.115 - - [09/Sep/2020:13:48:42 -0400] "GET /wp-content/plugins/wp-file-manager/lib/files/x.php HTTP/1.0" 404 16660 "-" "Mozilla"
139.5.16.174 - - [09/Sep/2020:14:35:52 -0400] "POST /xmlrpc.php HTTP/1.0" 200 403 "-" "Mozilla/5.0 (Windows NT 10.0; Win64; x64) AppleWebKit/537.36 (KHTML, like Gecko) Chrome/80.0.3987.163 Safari/537.36"
10.30.94.78 - - [09/Sep/2020:15:36:02 -0400] "POST /wp-cron.php?doing_wp_cron=1599680161.9932599067687988281250 HTTP/1.0" 200 - "http://athenswideformat.com/wp-cron.php?doing_wp_cron=1599680161.9932599067687988281250" "WordPress/5.0.3; http://athenswideformat.com"
81.24.247.58 - - [09/Sep/2020:17:23:13 -0400] "POST /xmlrpc.php HTTP/1.0" 200 403 "-" "Mozilla/5.0 (Macintosh; U; Intel Mac OS X 10.6; fr; rv:1.9.2.8) Gecko/20100722 Firefox/3.6.8"
81.24.247.58 - - [09/Sep/2020:17:59:23 -0400] "POST /xmlrpc.php HTTP/1.0" 200 403 "-" "Mozilla/5.0 (Macintosh; U; Intel Mac OS X 10.6; fr; rv:1.9.2.8) Gecko/20100722 Firefox/3.6.8"
10.30.94.78 - - [09/Sep/2020:17:59:26 -0400] "POST /wp-cron.php?doing_wp_cron=1599688766.2849071025848388671875 HTTP/1.0" 200 - "http://athenswideformat.com/wp-cron.php?doing_wp_cron=1599688766.2849071025848388671875" "WordPress/5.0.3; http://athenswideformat.com"
81.24.247.58 - - [09/Sep/2020:18:35:59 -0400] "POST /xmlrpc.php HTTP/1.0" 200 403 "-" "Mozilla/5.0 (Macintosh; U; Intel Mac OS X 10.6; fr; rv:1.9.2.8) Gecko/20100722 Firefox/3.6.8"
81.24.247.58 - - [09/Sep/2020:18:54:31 -0400] "POST /xmlrpc.php HTTP/1.0" 200 403 "-" "Mozilla/5.0 (Macintosh; U; Intel Mac OS X 10.6; fr; rv:1.9.2.8) Gecko/20100722 Firefox/3.6.8"
81.24.247.58 - - [09/Sep/2020:23:52:57 -0400] "POST /xmlrpc.php HTTP/1.0" 200 403 "-" "Mozilla/5.0 (Macintosh; U; Intel Mac OS X 10.6; fr; rv:1.9.2.8) Gecko/20100722 Firefox/3.6.8"
10.30.94.78 - - [09/Sep/2020:00:20:25 -0400] "POST /wp-cron.php?doing_wp_cron=1599625225.3275380134582519531250 HTTP/1.0" 200 - "http://athenswideformat.com/wp-cron.php?doing_wp_cron=1599625225.3275380134582519531250" "WordPress/5.0.3; http://athenswideformat.com"
185.191.171.23 - - [09/Sep/2020:00:20:26 -0400] "GET /product-category/ink-and-supplies/ HTTP/1.0" 200 18135 "-" "Mozilla/5.0 (compatible; SemrushBot/6~bl; +http://www.semrush.com/bot.html)"
34.74.165.144 - - [09/Sep/2020:01:08:32 -0400] "GET /robots.txt HTTP/1.0" 200 67 "-" "ZoominfoBot (zoominfobot at zoominfo dot com)"
34.74.165.144 - - [09/Sep/2020:01:14:47 -0400] "GET /feed/ HTTP/1.0" 200 1887 "-" "ZoominfoBot (zoominfobot at zoominfo dot com)"
34.74.165.144 - - [09/Sep/2020:01:14:52 -0400] "GET /my-account/ HTTP/1.0" 200 19952 "-" "ZoominfoBot (zoominfobot at zoominfo dot com)"
10.30.94.78 - - [09/Sep/2020:05:30:38 -0400] "POST /wp-cron.php?doing_wp_cron=1599643839.1503028869628906250000 HTTP/1.0" 200 - "http://athenswideformat.com/wp-cron.php?doing_wp_cron=1599643839.1503028869628906250000" "WordPress/5.0.3; http://athenswideformat.com"
35.190.177.150 - - [09/Sep/2020:05:43:33 -0400] "GET /product-category/ink-and-supplies/ HTTP/1.0" 200 18135 "-" "ZoominfoBot (zoominfobot at zoominfo dot com)"
35.190.177.150 - - [09/Sep/2020:05:56:17 -0400] "GET /contact/ HTTP/1.0" 200 41055 "-" "ZoominfoBot (zoominfobot at zoominfo dot com)"
10.30.94.78 - - [09/Sep/2020:06:17:08 -0400] "POST /wp-cron.php?doing_wp_cron=1599646629.0966749191284179687500 HTTP/1.0" 200 - "http://athenswideformat.com/wp-cron.php?doing_wp_cron=1599646629.0966749191284179687500" "WordPress/5.0.3; http://athenswideformat.com"
23.228.109.146 - - [09/Sep/2020:06:20:54 -0400] "GET /wp-content/plugins/work-the-flow-file-upload/public/assets/jQuery-File-Upload-9.5.0/server/php/ HTTP/1.0" 404 16160 "http://www.google.com/" "Mozilla/5.0 (Windows NT 6.1; Win64; x64) AppleWebKit/537.36 (KHTML, like Gecko) Chrome/56.0.2896.3 Safari/537.36"
34.249.120.137 - - [09/Sep/2020:07:16:11 -0400] "GET /product-category/latex-printers HTTP/1.0" 301 - "-" "Mozilla/5.0 (Windows NT 6.2; WOW64)"
184.149.17.96 - - [09/Sep/2020:11:58:03 -0400] "GET /wp-includes/css/dist/block-library/style.min.css?ver=5.0.3 HTTP/1.0" 200 25658 "http://athenswideformat.com/product/hp-latex-115-print-and-cut-solution-54-printer-and-54-cutter/" "Mozilla/5.0 (Windows NT 10.0; Win64; x64) AppleWebKit/537.36 (KHTML, like Gecko) Chrome/85.0.4183.83 Safari/537.36"
184.149.17.96 - - [09/Sep/2020:11:58:03 -0400] "GET /wp-content/plugins/woocommerce/assets/css/photoswipe/photoswipe.css?ver=3.4.7 HTTP/1.0" 200 4996 "http://athenswideformat.com/product/hp-latex-115-print-and-cut-solution-54-printer-and-54-cutter/" "Mozilla/5.0 (Windows NT 10.0; Win64; x64) AppleWebKit/537.36 (KHTML, like Gecko) Chrome/85.0.4183.83 Safari/537.36"
184.149.17.96 - - [09/Sep/2020:11:58:03 -0400] "GET /wp-content/plugins/woocommerce/assets/css/woocommerce.css?ver=3.4.7 HTTP/1.0" 200 61728 "http://athenswideformat.com/product/hp-latex-115-print-and-cut-solution-54-printer-and-54-cutter/" "Mozilla/5.0 (Windows NT 10.0; Win64; x64) AppleWebKit/537.36 (KHTML, like Gecko) Chrome/85.0.4183.83 Safari/537.36"
184.149.17.96 - - [09/Sep/2020:11:58:03 -0400] "GET /wp-content/themes/melos/lib/extentions/bootstrap/css/bootstrap.min.css?ver=2.3.2 HTTP/1.0" 200 69439 "http://athenswideformat.com/product/hp-latex-115-print-and-cut-solution-54-printer-and-54-cutter/" "Mozilla/5.0 (Windows NT 10.0; Win64; x64) AppleWebKit/537.36 (KHTML, like Gecko) Chrome/85.0.4183.83 Safari/537.36"
184.149.17.96 - - [09/Sep/2020:11:58:03 -0400] "GET /wp-content/plugins/contact-widgets/assets/css/style.min.css?ver=1.0.1 HTTP/1.0" 200 560 "http://athenswideformat.com/product/hp-latex-115-print-and-cut-solution-54-printer-and-54-cutter/" "Mozilla/5.0 (Windows NT 10.0; Win64; x64) AppleWebKit/537.36 (KHTML, like Gecko) Chrome/85.0.4183.83 Safari/537.36"
184.149.17.96 - - [09/Sep/2020:11:58:03 -0400] "GET /wp-includes/js/jquery/jquery.js?ver=1.12.4 HTTP/1.0" 200 97184 "http://athenswideformat.com/product/hp-latex-115-print-and-cut-solution-54-printer-and-54-cutter/" "Mozilla/5.0 (Windows NT 10.0; Win64; x64) AppleWebKit/537.36 (KHTML, like Gecko) Chrome/85.0.4183.83 Safari/537.36"
184.149.17.96 - - [09/Sep/2020:11:58:03 -0400] "GET /wp-content/plugins/woocommerce/assets/js/photoswipe/photoswipe-ui-default.min.js?ver=4.1.1 HTTP/1.0" 200 9853 "http://athenswideformat.com/product/hp-latex-115-print-and-cut-solution-54-printer-and-54-cutter/" "Mozilla/5.0 (Windows NT 10.0; Win64; x64) AppleWebKit/537.36 (KHTML, like Gecko) Chrome/85.0.4183.83 Safari/537.36"
184.149.17.96 - - [09/Sep/2020:11:58:03 -0400] "GET /wp-includes/js/comment-reply.min.js?ver=5.0.3 HTTP/1.0" 200 1078 "http://athenswideformat.com/product/hp-latex-115-print-and-cut-solution-54-printer-and-54-cutter/" "Mozilla/5.0 (Windows NT 10.0; Win64; x64) AppleWebKit/537.36 (KHTML, like Gecko) Chrome/85.0.4183.83 Safari/537.36"
184.149.17.96 - - [09/Sep/2020:11:58:30 -0400] "POST /wp-admin/admin-ajax.php HTTP/1.0" 200 80 "http://athenswideformat.com/contact/" "Mozilla/5.0 (Windows NT 10.0; Win64; x64) AppleWebKit/537.36 (KHTML, like Gecko) Chrome/85.0.4183.83 Safari/537.36"
184.149.17.96 - - [09/Sep/2020:12:00:51 -0400] "GET /wp-includes/js/zxcvbn.min.js HTTP/1.0" 200 822202 "http://athenswideformat.com/cart/" "Mozilla/5.0 (Windows NT 10.0; Win64; x64) AppleWebKit/537.36 (KHTML, like Gecko) Chrome/85.0.4183.83 Safari/537.36"
81.24.247.58 - - [09/Sep/2020:12:01:06 -0400] "POST /xmlrpc.php HTTP/1.0" 200 403 "-" "Mozilla/5.0 (Macintosh; U; Intel Mac OS X 10.6; fr; rv:1.9.2.8) Gecko/20100722 Firefox/3.6.8"
184.149.17.96 - - [09/Sep/2020:12:02:15 -0400] "POST /wp-admin/admin-ajax.php HTTP/1.0" 200 80 "http://athenswideformat.com/contact/" "Mozilla/5.0 (Windows NT 10.0; Win64; x64) AppleWebKit/537.36 (KHTML, like Gecko) Chrome/85.0.4183.83 Safari/537.36"
10.30.94.78 - - [09/Sep/2020:12:20:45 -0400] "POST /wp-cron.php?doing_wp_cron=1599668444.7549359798431396484375 HTTP/1.0" 200 - "http://athenswideformat.com/wp-cron.php?doing_wp_cron=1599668444.7549359798431396484375" "WordPress/5.0.3; http://athenswideformat.com"
3.220.98.234 - - [09/Sep/2020:13:48:28 -0400] "GET /wp-admin/admin-ajax.php HTTP/1.0" 400 1 "-" "Moza"
34.66.8.115 - - [09/Sep/2020:13:48:28 -0400] "GET /wp-admin/admin-ajax.php?action=rms_ping_from_the_universe HTTP/1.0" 400 1 "-" "Moza"
3.220.98.234 - - [09/Sep/2020:13:48:41 -0400] "GET /wp-content/plugins/wp-file-manager/lib/files/x.php HTTP/1.0" 404 16660 "-" "Mozilla"
34.66.8.115 - - [09/Sep/2020:13:48:44 -0400] "GET /wp-content/plugins/wp-file-manager/lib/files/upload.php HTTP/1.0" 404 16660 "-" "Mozilla"
34.66.8.115 - - [09/Sep/2020:13:48:45 -0400] "GET /wp-content/plugins/wp-file-manager/lib/files/x.php HTTP/1.0" 404 16660 "-" "Mozilla"
81.24.247.58 - - [09/Sep/2020:15:11:00 -0400] "POST /xmlrpc.php HTTP/1.0" 200 403 "-" "Mozilla/5.0 (Macintosh; U; Intel Mac OS X 10.6; fr; rv:1.9.2.8) Gecko/20100722 Firefox/3.6.8"
199.195.250.77 - - [09/Sep/2020:15:35:59 -0400] "POST /xmlrpc.php HTTP/1.0" 200 403 "-" "Mozilla/5.0 (Macintosh; Intel Mac OS X 10_13_1) AppleWebKit/537.36 (KHTML, like Gecko) Chrome/68.0.3440.106 Safari/537.36"
81.24.247.58 - - [09/Sep/2020:15:48:57 -0400] "POST /xmlrpc.php HTTP/1.0" 200 403 "-" "Mozilla/5.0 (Macintosh; U; Intel Mac OS X 10.6; fr; rv:1.9.2.8) Gecko/20100722 Firefox/3.6.8"
34.74.76.5 - - [09/Sep/2020:19:32:19 -0400] "GET /robots.txt HTTP/1.0" 200 67 "-" "ZoominfoBot (zoominfobot at zoominfo dot com)"
34.74.76.5 - - [09/Sep/2020:19:32:23 -0400] "GET / HTTP/1.0" 200 19877 "-" "ZoominfoBot (zoominfobot at zoominfo dot com)"
10.30.94.78 - - [09/Sep/2020:22:18:53 -0400] "POST /wp-cron.php?doing_wp_cron=1599704336.0400650501251220703125 HTTP/1.0" 200 - "http://athenswideformat.com/wp-cron.php?doing_wp_cron=1599704336.0400650501251220703125" "WordPress/5.0.3; http://athenswideformat.com"
10.30.94.78 - - [09/Sep/2020:03:22:50 -0400] "POST /wp-cron.php?doing_wp_cron=1599636170.6671760082244873046875 HTTP/1.0" 200 - "http://athenswideformat.com/wp-cron.php?doing_wp_cron=1599636170.6671760082244873046875" "WordPress/5.0.3; http://athenswideformat.com"
35.190.177.150 - - [09/Sep/2020:05:30:40 -0400] "GET /xmlrpc.php?rsd HTTP/1.0" 200 854 "-" "ZoominfoBot (zoominfobot at zoominfo dot com)"
10.30.94.78 - - [09/Sep/2020:07:16:14 -0400] "POST /wp-cron.php?doing_wp_cron=1599650173.8412909507751464843750 HTTP/1.0" 200 - "http://athenswideformat.com/wp-cron.php?doing_wp_cron=1599650173.8412909507751464843750" "WordPress/5.0.3; http://athenswideformat.com"
34.249.120.137 - - [09/Sep/2020:07:16:23 -0400] "GET /product-category/latex-printers/ HTTP/1.0" 200 36745 "-" "Mozilla/5.0 (Windows NT 6.2; WOW64)"
81.24.247.58 - - [09/Sep/2020:09:30:57 -0400] "POST /xmlrpc.php HTTP/1.0" 200 403 "-" "Mozilla/5.0 (Macintosh; U; Intel Mac OS X 10.6; fr; rv:1.9.2.8) Gecko/20100722 Firefox/3.6.8"
137.117.178.120 - - [09/Sep/2020:09:36:25 -0400] "POST /xmlrpc.php HTTP/1.0" 200 403 "-" "Mozilla/5.0 (Macintosh; U; Intel Mac OS X 10.6; fr; rv:1.9.2.8) Gecko/20100722 Firefox/3.6.8"
27.79.178.3 - - [09/Sep/2020:09:56:33 -0400] "POST /wp-content/plugins/wp-file-manager/lib/php/connector.minimal.php HTTP/1.0" 404 16660 "http://athenswideformat.com/wp-content/plugins/wp-file-manager/lib/php/connector.minimal.php" "Mozilla/5.0 (Macintosh; Intel Mac OS X 10.15; rv:77.0) Gecko/20100101 Firefox/77.0"
192.71.103.173 - - [09/Sep/2020:10:45:42 -0400] "GET / HTTP/1.0" 200 19877 "-" "Go-http-client/1.1"
184.149.17.96 - - [09/Sep/2020:11:58:04 -0400] "GET /wp-content/plugins/woocommerce/assets/js/photoswipe/photoswipe.min.js?ver=4.1.1 HTTP/1.0" 200 31567 "http://athenswideformat.com/product/hp-latex-115-print-and-cut-solution-54-printer-and-54-cutter/" "Mozilla/5.0 (Windows NT 10.0; Win64; x64) AppleWebKit/537.36 (KHTML, like Gecko) Chrome/85.0.4183.83 Safari/537.36"
184.149.17.96 - - [09/Sep/2020:11:58:04 -0400] "GET /wp-content/plugins/woocommerce/assets/js/jquery-tiptip/jquery.tipTip.min.js?ver=3.4.7 HTTP/1.0" 200 2752 "http://athenswideformat.com/product/hp-latex-115-print-and-cut-solution-54-printer-and-54-cutter/" "Mozilla/5.0 (Windows NT 10.0; Win64; x64) AppleWebKit/537.36 (KHTML, like Gecko) Chrome/85.0.4183.83 Safari/537.36"
184.149.17.96 - - [09/Sep/2020:11:58:04 -0400] "GET /wp-content/themes/melos/lib/scripts/main-frontend.js?ver=1.2.6 HTTP/1.0" 200 27053 "http://athenswideformat.com/product/hp-latex-115-print-and-cut-solution-54-printer-and-54-cutter/" "Mozilla/5.0 (Windows NT 10.0; Win64; x64) AppleWebKit/537.36 (KHTML, like Gecko) Chrome/85.0.4183.83 Safari/537.36"
184.149.17.96 - - [09/Sep/2020:11:58:04 -0400] "GET /wp-content/themes/melos/lib/scripts/plugins/scrollup/jquery.scrollUp.min.js?ver=2.4.1 HTTP/1.0" 200 2151 "http://athenswideformat.com/product/hp-latex-115-print-and-cut-solution-54-printer-and-54-cutter/" "Mozilla/5.0 (Windows NT 10.0; Win64; x64) AppleWebKit/537.36 (KHTML, like Gecko) Chrome/85.0.4183.83 Safari/537.36"
184.149.17.96 - - [09/Sep/2020:11:58:04 -0400] "GET /wp-content/plugins/woocommerce/assets/js/accounting/accounting.min.js?ver=0.4.2 HTTP/1.0" 200 3619 "http://athenswideformat.com/product/hp-latex-115-print-and-cut-solution-54-printer-and-54-cutter/" "Mozilla/5.0 (Windows NT 10.0; Win64; x64) AppleWebKit/537.36 (KHTML, like Gecko) Chrome/85.0.4183.83 Safari/537.36"
184.149.17.96 - - [09/Sep/2020:11:58:04 -0400] "GET /wp-content/uploads/2019/01/latex-560-200x100.jpg HTTP/1.0" 200 6434 "http://athenswideformat.com/product/hp-latex-115-print-and-cut-solution-54-printer-and-54-cutter/" "Mozilla/5.0 (Windows NT 10.0; Win64; x64) AppleWebKit/537.36 (KHTML, like Gecko) Chrome/85.0.4183.83 Safari/537.36"
184.149.17.96 - - [09/Sep/2020:11:58:05 -0400] "GET /wp-content/plugins/woocommerce/assets/css/woocommerce-smallscreen.css?ver=3.4.7 HTTP/1.0" 200 6758 "http://athenswideformat.com/product/hp-latex-115-print-and-cut-solution-54-printer-and-54-cutter/" "Mozilla/5.0 (Windows NT 10.0; Win64; x64) AppleWebKit/537.36 (KHTML, like Gecko) Chrome/85.0.4183.83 Safari/537.36"
184.149.17.96 - - [09/Sep/2020:11:58:05 -0400] "GET /wp-includes/js/wp-emoji-release.min.js?ver=5.0.3 HTTP/1.0" 200 12026 "http://athenswideformat.com/product/hp-latex-115-print-and-cut-solution-54-printer-and-54-cutter/" "Mozilla/5.0 (Windows NT 10.0; Win64; x64) AppleWebKit/537.36 (KHTML, like Gecko) Chrome/85.0.4183.83 Safari/537.36"
184.149.17.96 - - [09/Sep/2020:11:58:05 -0400] "POST /?wc-ajax=get_refreshed_fragments HTTP/1.0" 200 210 "http://athenswideformat.com/product/hp-latex-115-print-and-cut-solution-54-printer-and-54-cutter/" "Mozilla/5.0 (Windows NT 10.0; Win64; x64) AppleWebKit/537.36 (KHTML, like Gecko) Chrome/85.0.4183.83 Safari/537.36"
184.149.17.96 - - [09/Sep/2020:11:58:30 -0400] "GET /wp-content/plugins/ninja-forms/assets/js/min/front-end.js?ver=3.3.17 HTTP/1.0" 200 78346 "http://athenswideformat.com/contact/" "Mozilla/5.0 (Windows NT 10.0; Win64; x64) AppleWebKit/537.36 (KHTML, like Gecko) Chrome/85.0.4183.83 Safari/537.36"
184.149.17.96 - - [09/Sep/2020:12:00:50 -0400] "GET /wp-content/plugins/woocommerce/assets/js/frontend/country-select.min.js?ver=3.4.7 HTTP/1.0" 200 3134 "http://athenswideformat.com/cart/" "Mozilla/5.0 (Windows NT 10.0; Win64; x64) AppleWebKit/537.36 (KHTML, like Gecko) Chrome/85.0.4183.83 Safari/537.36"
184.149.17.96 - - [09/Sep/2020:12:00:50 -0400] "GET /wp-admin/js/password-strength-meter.min.js?ver=5.0.3 HTTP/1.0" 200 784 "http://athenswideformat.com/cart/" "Mozilla/5.0 (Windows NT 10.0; Win64; x64) AppleWebKit/537.36 (KHTML, like Gecko) Chrome/85.0.4183.83 Safari/537.36"
66.249.72.95 - - [09/Sep/2020:12:13:24 -0400] "GET /product/hp-latex-r1000-plus-64-flatbed-printer/ HTTP/1.0" 200 39332 "-" "Mozilla/5.0 (Linux; Android 6.0.1; Nexus 5X Build/MMB29P) AppleWebKit/537.36 (KHTML, like Gecko) Chrome/85.0.4183.97 Mobile Safari/537.36 (compatible; Googlebot/2.1; +http://www.google.com/bot.html)"
81.24.247.58 - - [09/Sep/2020:12:20:36 -0400] "POST /xmlrpc.php HTTP/1.0" 200 403 "-" "Mozilla/5.0 (Macintosh; U; Intel Mac OS X 10.6; fr; rv:1.9.2.8) Gecko/20100722 Firefox/3.6.8"
81.24.247.58 - - [09/Sep/2020:12:59:00 -0400] "POST /xmlrpc.php HTTP/1.0" 200 403 "-" "Mozilla/5.0 (Macintosh; U; Intel Mac OS X 10.6; fr; rv:1.9.2.8) Gecko/20100722 Firefox/3.6.8"
10.30.94.78 - - [09/Sep/2020:13:18:12 -0400] "POST /wp-cron.php?doing_wp_cron=1599671892.4075880050659179687500 HTTP/1.0" 200 - "http://athenswideformat.com/wp-cron.php?doing_wp_cron=1599671892.4075880050659179687500" "WordPress/5.0.3; http://athenswideformat.com"
37.59.53.93 - - [09/Sep/2020:13:30:18 -0400] "GET / HTTP/1.0" 200 19877 "-" "Mozilla/5.0 (Windows NT 10.0; Win64; x64) AppleWebKit/537.36 (KHTML, like Gecko) Chrome/80.0.3987.149 Safari/537.36"
37.59.53.93 - - [09/Sep/2020:13:30:31 -0400] "GET /?author=2 HTTP/1.0" 200 16828 "-" "Mozilla/5.0 (Windows NT 10.0; Win64; x64) AppleWebKit/537.36 (KHTML, like Gecko) Chrome/80.0.3987.149 Safari/537.36"
34.66.8.115 - - [09/Sep/2020:13:48:23 -0400] "GET /?token=152182a63d665140ee9b27130198c181 HTTP/1.0" 200 19877 "-" "Mozilla/5.0 (Windows NT 10.0; WOW64) AppleWebKit/537.36 (KHTML, like Gecko) Chrome/84.0.4147.125 Safari/537.36"
34.66.8.115 - - [09/Sep/2020:13:48:33 -0400] "GET /wp-content/plugins/wp-file-manager/lib/js/elFinder.js HTTP/1.0" 404 16160 "-" "Mozilla"
3.220.98.234 - - [09/Sep/2020:13:48:33 -0400] "GET /wp-content/plugins/wp-file-manager/lib/php/connector.minimal.php HTTP/1.0" 404 16660 "-" "Mozilla"
3.220.98.234 - - [09/Sep/2020:13:48:42 -0400] "GET /wp-content/plugins/wp-file-manager/lib/files/n.php HTTP/1.0" 404 16660 "-" "Mozilla"
3.220.98.234 - - [09/Sep/2020:13:48:43 -0400] "GET /wp-content/plugins/wp-file-manager/lib/files/accesson.php HTTP/1.0" 404 16660 "-" "Mozilla"
34.66.8.115 - - [09/Sep/2020:13:48:45 -0400] "GET /wp-content/plugins/wp-file-manager/lib/files/thumbs.php HTTP/1.0" 404 16660 "-" "Mozilla"
81.24.247.58 - - [09/Sep/2020:15:29:55 -0400] "POST /xmlrpc.php HTTP/1.0" 200 403 "-" "Mozilla/5.0 (Macintosh; U; Intel Mac OS X 10.6; fr; rv:1.9.2.8) Gecko/20100722 Firefox/3.6.8"
195.181.161.7 - - [09/Sep/2020:18:55:19 -0400] "GET /contact/ HTTP/1.0" 200 41055 "http://athenswideformat.com/contact/" "Mozilla/5.0 (Windows NT 6.1) AppleWebKit/537.36 (KHTML, like Gecko) Chrome/67.0.3396.99 Safari/537.36 Kinza/4.8.2"
10.30.94.78 - - [09/Sep/2020:19:13:01 -0400] "POST /wp-cron.php?doing_wp_cron=1599693181.9824550151824951171875 HTTP/1.0" 200 - "http://athenswideformat.com/wp-cron.php?doing_wp_cron=1599693181.9824550151824951171875" "WordPress/5.0.3; http://athenswideformat.com"
34.74.76.5 - - [09/Sep/2020:19:44:23 -0400] "GET / HTTP/1.0" 301 - "-" "ZoominfoBot (zoominfobot at zoominfo dot com)"
81.24.247.58 - - [09/Sep/2020:20:09:49 -0400] "POST /xmlrpc.php HTTP/1.0" 200 403 "-" "Mozilla/5.0 (Macintosh; U; Intel Mac OS X 10.6; fr; rv:1.9.2.8) Gecko/20100722 Firefox/3.6.8"
10.30.94.78 - - [09/Sep/2020:22:56:27 -0400] "POST /wp-cron.php?doing_wp_cron=1599706587.1725149154663085937500 HTTP/1.0" 200 - "http://athenswideformat.com/wp-cron.php?doing_wp_cron=1599706587.1725149154663085937500" "WordPress/5.0.3; http://athenswideformat.com"
10.30.94.78 - - [09/Sep/2020:23:15:00 -0400] "POST /wp-cron.php?doing_wp_cron=1599707701.0610070228576660156250 HTTP/1.0" 200 - "http://athenswideformat.com/wp-cron.php?doing_wp_cron=1599707701.0610070228576660156250" "WordPress/5.0.3; http://athenswideformat.com"