0byt3m1n1
Path:
/
data
/
27
/
5
/
48
/
71
/
5374886
/
user
/
6435255
/
htdocs
/
log
/
[
Home
]
File: x-access_log.2020-09-10
81.24.247.58 - - [10/Sep/2020:05:14:18 -0400] "POST /xmlrpc.php HTTP/1.0" 200 403 "-" "Mozilla/5.0 (Macintosh; U; Intel Mac OS X 10.6; fr; rv:1.9.2.8) Gecko/20100722 Firefox/3.6.8"
81.24.247.58 - - [10/Sep/2020:07:28:55 -0400] "POST /xmlrpc.php HTTP/1.0" 200 403 "-" "Mozilla/5.0 (Macintosh; U; Intel Mac OS X 10.6; fr; rv:1.9.2.8) Gecko/20100722 Firefox/3.6.8"
51.77.137.67 - - [10/Sep/2020:08:12:13 -0400] "GET /wp-conf.php HTTP/1.0" 404 16660 "http://athenswideformat.com/wp-conf.php" "Mozilla/4.0 (compatible; MSIE 6.0; Windows NT 5.1; SV1)"
51.77.137.67 - - [10/Sep/2020:08:12:15 -0400] "GET /3.php HTTP/1.0" 404 16660 "http://athenswideformat.com/3.php" "Mozilla/4.0 (compatible; MSIE 6.0; Windows NT 5.1; SV1)"
51.77.137.67 - - [10/Sep/2020:08:12:15 -0400] "GET /wso.php HTTP/1.0" 404 16660 "http://athenswideformat.com/wso.php" "Mozilla/4.0 (compatible; MSIE 6.0; Windows NT 5.1; SV1)"
51.77.137.67 - - [10/Sep/2020:08:12:15 -0400] "GET /0.php HTTP/1.0" 404 16660 "http://athenswideformat.com/0.php" "Mozilla/4.0 (compatible; MSIE 6.0; Windows NT 5.1; SV1)"
51.77.137.67 - - [10/Sep/2020:08:12:18 -0400] "GET /wp-action.php HTTP/1.0" 404 16660 "http://athenswideformat.com/wp-action.php" "Mozilla/4.0 (compatible; MSIE 6.0; Windows NT 5.1; SV1)"
34.75.230.95 - - [10/Sep/2020:10:26:02 -0400] "GET /comments/feed/ HTTP/1.0" 200 748 "-" "ZoominfoBot (zoominfobot at zoominfo dot com)"
142.54.165.194 - - [10/Sep/2020:11:31:41 -0400] "GET /wp-content/plugins/wp-file-manager/lib/php/connector.minimal.php HTTP/1.0" 404 16660 "-" "Mozilla/5.0 (Windows NT 6.1; WOW64) AppleWebKit/537.36 (KHTML, like Gecko) Chrome/58.0.3029.110 Safari/537.36 SE 2.X MetaSr 1.0"
81.24.247.58 - - [10/Sep/2020:14:12:21 -0400] "POST /xmlrpc.php HTTP/1.0" 200 403 "-" "Mozilla/5.0 (Macintosh; U; Intel Mac OS X 10.6; fr; rv:1.9.2.8) Gecko/20100722 Firefox/3.6.8"
81.24.247.58 - - [10/Sep/2020:14:31:19 -0400] "POST /xmlrpc.php HTTP/1.0" 200 403 "-" "Mozilla/5.0 (Macintosh; U; Intel Mac OS X 10.6; fr; rv:1.9.2.8) Gecko/20100722 Firefox/3.6.8"
10.30.94.78 - - [10/Sep/2020:14:31:23 -0400] "POST /wp-cron.php?doing_wp_cron=1599762683.6353900432586669921875 HTTP/1.0" 200 - "http://athenswideformat.com/wp-cron.php?doing_wp_cron=1599762683.6353900432586669921875" "WordPress/5.0.3; http://athenswideformat.com"
34.249.120.137 - - [10/Sep/2020:15:35:54 -0400] "GET /product-category/media HTTP/1.0" 301 - "-" "Mozilla/5.0 (Windows NT 6.2; WOW64)"
34.249.120.137 - - [10/Sep/2020:15:36:03 -0400] "GET /product-category/media/ HTTP/1.0" 200 17338 "-" "Mozilla/5.0 (Windows NT 6.2; WOW64)"
81.24.247.58 - - [10/Sep/2020:16:44:09 -0400] "POST /xmlrpc.php HTTP/1.0" 200 403 "-" "Mozilla/5.0 (Macintosh; U; Intel Mac OS X 10.6; fr; rv:1.9.2.8) Gecko/20100722 Firefox/3.6.8"
13.68.158.173 - - [10/Sep/2020:21:09:47 -0400] "POST /wp-content/plugins/wp-file-manager/lib/php/connector.minimal.php HTTP/1.0" 404 16660 "-" "Mozilla/5.0 (X11; Linux x86_64) AppleWebKit/537.36 (KHTML, like Gecko) Chrome/81.0.4044.129 Safari/537.36"
66.249.72.65 - - [10/Sep/2020:21:36:26 -0400] "GET /product/hp-latex-r1000-plus-64-flatbed-printer/ HTTP/1.0" 200 39084 "-" "Mozilla/5.0 (Linux; Android 6.0.1; Nexus 5X Build/MMB29P) AppleWebKit/537.36 (KHTML, like Gecko) Chrome/85.0.4183.97 Mobile Safari/537.36 (compatible; Googlebot/2.1; +http://www.google.com/bot.html)"
10.30.94.78 - - [10/Sep/2020:00:15:53 -0400] "POST /wp-cron.php?doing_wp_cron=1599711352.4647650718688964843750 HTTP/1.0" 200 - "http://athenswideformat.com/wp-cron.php?doing_wp_cron=1599711352.4647650718688964843750" "WordPress/5.0.3; http://athenswideformat.com"
185.81.157.239 - - [10/Sep/2020:01:25:19 -0400] "POST /wp-content/plugins/wp-file-manager/lib/php/connector.minimal.php HTTP/1.0" 404 16660 "-" "python-requests/2.24.0"
51.15.117.50 - - [10/Sep/2020:02:45:17 -0400] "POST /xmlrpc.php HTTP/1.0" 200 403 "-" "Mozilla/5.0 (Windows NT 6.1) AppleWebKit/537.36 (KHTML, like Gecko) Chrome/69.0.3497.100 Safari/537.36"
167.71.144.54 - - [10/Sep/2020:02:57:07 -0400] "GET / HTTP/1.0" 200 19877 "-" "Mozilla/5.0 (Macintosh; Intel Mac OS X 10_15_2) AppleWebKit/537.36 (KHTML, like Gecko) Chrome/79.0.3945.88 Safari/537.36"
81.24.247.58 - - [10/Sep/2020:03:01:33 -0400] "POST /xmlrpc.php HTTP/1.0" 200 403 "-" "Mozilla/5.0 (Macintosh; U; Intel Mac OS X 10.6; fr; rv:1.9.2.8) Gecko/20100722 Firefox/3.6.8"
207.46.13.220 - - [10/Sep/2020:07:19:43 -0400] "GET /robots.txt HTTP/1.0" 200 67 "-" "Mozilla/5.0 (compatible; bingbot/2.0; +http://www.bing.com/bingbot.htm)"
10.30.94.78 - - [10/Sep/2020:07:19:46 -0400] "POST /wp-cron.php?doing_wp_cron=1599736786.7505939006805419921875 HTTP/1.0" 200 - "http://athenswideformat.com/wp-cron.php?doing_wp_cron=1599736786.7505939006805419921875" "WordPress/5.0.3; http://athenswideformat.com"
95.217.224.116 - - [10/Sep/2020:07:33:35 -0400] "GET /wp-content/plugins/wp-file-manager/lib/php/connector.minimal.php HTTP/1.0" 404 16660 "www.google.com" "Mozlila/5.0 (Linux; Android 7.0; SM-G892A Bulid/NRD90M; wv) AppleWebKit/537.36 (KHTML, like Gecko) Version/4.0 Chrome/60.0.3112.107 Moblie Safari/537.36"
51.77.137.67 - - [10/Sep/2020:08:12:13 -0400] "GET /header.php HTTP/1.0" 404 16660 "http://athenswideformat.com/header.php" "Mozilla/4.0 (compatible; MSIE 6.0; Windows NT 5.1; SV1)"
51.77.137.67 - - [10/Sep/2020:08:12:15 -0400] "GET /bd.php HTTP/1.0" 404 16660 "http://athenswideformat.com/bd.php" "Mozilla/4.0 (compatible; MSIE 6.0; Windows NT 5.1; SV1)"
51.77.137.67 - - [10/Sep/2020:08:12:18 -0400] "GET /wp-links.php HTTP/1.0" 404 16660 "http://athenswideformat.com/wp-links.php" "Mozilla/4.0 (compatible; MSIE 6.0; Windows NT 5.1; SV1)"
51.77.137.67 - - [10/Sep/2020:08:12:18 -0400] "GET /forum.php HTTP/1.0" 404 16660 "http://athenswideformat.com/forum.php" "Mozilla/4.0 (compatible; MSIE 6.0; Windows NT 5.1; SV1)"
51.77.137.67 - - [10/Sep/2020:08:12:18 -0400] "GET /index2.php HTTP/1.0" 404 16660 "http://athenswideformat.com/index2.php" "Mozilla/4.0 (compatible; MSIE 6.0; Windows NT 5.1; SV1)"
81.24.247.58 - - [10/Sep/2020:09:43:55 -0400] "POST /xmlrpc.php HTTP/1.0" 200 403 "-" "Mozilla/5.0 (Macintosh; U; Intel Mac OS X 10.6; fr; rv:1.9.2.8) Gecko/20100722 Firefox/3.6.8"
34.75.230.95 - - [10/Sep/2020:10:34:11 -0400] "GET /cart/ HTTP/1.0" 200 56737 "-" "ZoominfoBot (zoominfobot at zoominfo dot com)"
81.24.247.58 - - [10/Sep/2020:15:09:15 -0400] "POST /xmlrpc.php HTTP/1.0" 200 403 "-" "Mozilla/5.0 (Macintosh; U; Intel Mac OS X 10.6; fr; rv:1.9.2.8) Gecko/20100722 Firefox/3.6.8"
114.238.31.179 - - [10/Sep/2020:16:32:10 -0400] "POST /xmlrpc.php HTTP/1.0" 200 403 "-" "Mozilla/5.0 (Windows NT 10.0; Win64; x64) AppleWebKit/537.36 (KHTML, like Gecko) Chrome/80.0.3987.163 Safari/537.36"
51.75.95.185 - - [10/Sep/2020:20:04:38 -0400] "GET /wp-content/plugins/wp-file-manager/lib/php/connector.minimal.php HTTP/1.0" 404 16660 "www.google.com" "Mozlila/5.0 (Linux; Android 7.0; SM-G892A Bulid/NRD90M; wv) AppleWebKit/537.36 (KHTML, like Gecko) Version/4.0 Chrome/60.0.3112.107 Moblie Safari/537.36"
51.75.95.185 - - [10/Sep/2020:20:06:18 -0400] "GET /blog/wp-content/plugins/wp-file-manager/lib/php/connector.minimal.php HTTP/1.0" 404 16660 "www.google.com" "Mozlila/5.0 (Linux; Android 7.0; SM-G892A Bulid/NRD90M; wv) AppleWebKit/537.36 (KHTML, like Gecko) Version/4.0 Chrome/60.0.3112.107 Moblie Safari/537.36"
13.68.158.173 - - [10/Sep/2020:21:09:46 -0400] "GET /wp-content/plugins/wp-file-manager/lib/php/connector.minimal.php HTTP/1.0" 404 16660 "-" "Mozilla/5.0 (X11; Linux x86_64) AppleWebKit/537.36 (KHTML, like Gecko) Chrome/81.0.4044.129 Safari/537.36"
10.30.94.78 - - [10/Sep/2020:21:26:30 -0400] "POST /wp-admin/admin-ajax.php?action=wp_1_wc_privacy_cleanup&nonce=fb3c0643e9 HTTP/1.0" 200 - "http://athenswideformat.com/wp-admin/admin-ajax.php?action=wp_1_wc_privacy_cleanup&nonce=fb3c0643e9" "WordPress/5.0.3; http://athenswideformat.com"
10.30.83.30 - - [10/Sep/2020:23:26:11 -0400] "GET /robots.txt HTTP/1.0" 200 67 "-" "ZoominfoBot (zoominfobot at zoominfo dot com)"
81.24.247.58 - - [10/Sep/2020:00:11:32 -0400] "POST /xmlrpc.php HTTP/1.0" 200 403 "-" "Mozilla/5.0 (Macintosh; U; Intel Mac OS X 10.6; fr; rv:1.9.2.8) Gecko/20100722 Firefox/3.6.8"
34.74.76.5 - - [10/Sep/2020:00:15:54 -0400] "GET / HTTP/1.0" 200 19877 "-" "ZoominfoBot (zoominfobot at zoominfo dot com)"
34.249.120.137 - - [10/Sep/2020:00:17:01 -0400] "GET /product-category/ink-and-supplies HTTP/1.0" 301 - "-" "Mozilla/5.0 (Windows NT 6.2; WOW64)"
10.30.94.78 - - [10/Sep/2020:03:21:17 -0400] "POST /wp-cron.php?doing_wp_cron=1599722475.0275549888610839843750 HTTP/1.0" 200 - "http://athenswideformat.com/wp-cron.php?doing_wp_cron=1599722475.0275549888610839843750" "WordPress/5.0.3; http://athenswideformat.com"
81.24.247.58 - - [10/Sep/2020:03:40:25 -0400] "POST /xmlrpc.php HTTP/1.0" 200 403 "-" "Mozilla/5.0 (Macintosh; U; Intel Mac OS X 10.6; fr; rv:1.9.2.8) Gecko/20100722 Firefox/3.6.8"
81.24.247.58 - - [10/Sep/2020:04:17:00 -0400] "POST /xmlrpc.php HTTP/1.0" 200 403 "-" "Mozilla/5.0 (Macintosh; U; Intel Mac OS X 10.6; fr; rv:1.9.2.8) Gecko/20100722 Firefox/3.6.8"
81.24.247.58 - - [10/Sep/2020:04:55:19 -0400] "POST /xmlrpc.php HTTP/1.0" 200 403 "-" "Mozilla/5.0 (Macintosh; U; Intel Mac OS X 10.6; fr; rv:1.9.2.8) Gecko/20100722 Firefox/3.6.8"
51.77.137.67 - - [10/Sep/2020:08:12:14 -0400] "GET /wp-info.php HTTP/1.0" 404 16660 "http://athenswideformat.com/wp-info.php" "Mozilla/4.0 (compatible; MSIE 6.0; Windows NT 5.1; SV1)"
51.77.137.67 - - [10/Sep/2020:08:12:13 -0400] "GET /wp-upload.php HTTP/1.0" 404 16660 "http://athenswideformat.com/wp-upload.php" "Mozilla/4.0 (compatible; MSIE 6.0; Windows NT 5.1; SV1)"
51.77.137.67 - - [10/Sep/2020:08:12:16 -0400] "GET /cron.php HTTP/1.0" 404 16660 "http://athenswideformat.com/cron.php" "Mozilla/4.0 (compatible; MSIE 6.0; Windows NT 5.1; SV1)"
51.77.137.67 - - [10/Sep/2020:08:12:16 -0400] "GET /log.php HTTP/1.0" 404 16660 "http://athenswideformat.com/log.php" "Mozilla/4.0 (compatible; MSIE 6.0; Windows NT 5.1; SV1)"
51.77.137.67 - - [10/Sep/2020:08:12:16 -0400] "GET /wp-admine.php HTTP/1.0" 404 16660 "http://athenswideformat.com/wp-admine.php" "Mozilla/4.0 (compatible; MSIE 6.0; Windows NT 5.1; SV1)"
51.77.137.67 - - [10/Sep/2020:08:12:16 -0400] "GET /system.php HTTP/1.0" 404 16660 "http://athenswideformat.com/system.php" "Mozilla/4.0 (compatible; MSIE 6.0; Windows NT 5.1; SV1)"
51.77.137.67 - - [10/Sep/2020:08:12:20 -0400] "GET /wp-404.php HTTP/1.0" 404 16660 "http://athenswideformat.com/wp-404.php" "Mozilla/4.0 (compatible; MSIE 6.0; Windows NT 5.1; SV1)"
10.30.94.78 - - [10/Sep/2020:09:25:04 -0400] "POST /wp-cron.php?doing_wp_cron=1599744304.0227730274200439453125 HTTP/1.0" 200 - "http://athenswideformat.com/wp-cron.php?doing_wp_cron=1599744304.0227730274200439453125" "WordPress/5.0.3; http://athenswideformat.com"
34.75.230.95 - - [10/Sep/2020:10:17:01 -0400] "GET /product-category/media/ HTTP/1.0" 200 17338 "-" "ZoominfoBot (zoominfobot at zoominfo dot com)"
34.75.230.95 - - [10/Sep/2020:10:33:42 -0400] "GET /contact/ HTTP/1.0" 200 41055 "-" "ZoominfoBot (zoominfobot at zoominfo dot com)"
81.24.247.58 - - [10/Sep/2020:13:34:10 -0400] "POST /xmlrpc.php HTTP/1.0" 200 403 "-" "Mozilla/5.0 (Macintosh; U; Intel Mac OS X 10.6; fr; rv:1.9.2.8) Gecko/20100722 Firefox/3.6.8"
10.30.94.78 - - [10/Sep/2020:17:21:20 -0400] "POST /wp-cron.php?doing_wp_cron=1599772879.9123229980468750000000 HTTP/1.0" 200 - "http://athenswideformat.com/wp-cron.php?doing_wp_cron=1599772879.9123229980468750000000" "WordPress/5.0.3; http://athenswideformat.com"
51.75.95.185 - - [10/Sep/2020:20:07:35 -0400] "GET /demo/wp-content/plugins/wp-file-manager/lib/php/connector.minimal.php HTTP/1.0" 404 16660 "www.google.com" "Mozlila/5.0 (Linux; Android 7.0; SM-G892A Bulid/NRD90M; wv) AppleWebKit/537.36 (KHTML, like Gecko) Version/4.0 Chrome/60.0.3112.107 Moblie Safari/537.36"
10.30.94.78 - - [10/Sep/2020:21:26:27 -0400] "POST /wp-cron.php?doing_wp_cron=1599787586.2221789360046386718750 HTTP/1.0" 200 - "http://athenswideformat.com/wp-cron.php?doing_wp_cron=1599787586.2221789360046386718750" "WordPress/5.0.3; http://athenswideformat.com"
10.30.83.30 - - [10/Sep/2020:23:34:25 -0400] "GET /product-category/ink-and-supplies/ HTTP/1.0" 200 18135 "-" "ZoominfoBot (zoominfobot at zoominfo dot com)"
10.30.70.138 - - [10/Sep/2020:23:36:34 -0400] "GET /comments/feed/ HTTP/1.0" 200 748 "-" "ZoominfoBot (zoominfobot at zoominfo dot com)"
81.24.247.58 - - [10/Sep/2020:00:48:54 -0400] "POST /xmlrpc.php HTTP/1.0" 200 403 "-" "Mozilla/5.0 (Macintosh; U; Intel Mac OS X 10.6; fr; rv:1.9.2.8) Gecko/20100722 Firefox/3.6.8"
10.30.94.78 - - [10/Sep/2020:01:25:23 -0400] "POST /wp-cron.php?doing_wp_cron=1599715522.7933459281921386718750 HTTP/1.0" 200 - "http://athenswideformat.com/wp-cron.php?doing_wp_cron=1599715522.7933459281921386718750" "WordPress/5.0.3; http://athenswideformat.com"
81.24.247.58 - - [10/Sep/2020:02:03:47 -0400] "POST /xmlrpc.php HTTP/1.0" 200 403 "-" "Mozilla/5.0 (Macintosh; U; Intel Mac OS X 10.6; fr; rv:1.9.2.8) Gecko/20100722 Firefox/3.6.8"
10.30.94.78 - - [10/Sep/2020:06:31:22 -0400] "POST /wp-cron.php?doing_wp_cron=1599733882.7781579494476318359375 HTTP/1.0" 200 - "http://athenswideformat.com/wp-cron.php?doing_wp_cron=1599733882.7781579494476318359375" "WordPress/5.0.3; http://athenswideformat.com"
51.77.137.67 - - [10/Sep/2020:08:12:13 -0400] "GET /wp-anyconf.php HTTP/1.0" 404 16660 "http://athenswideformat.com/wp-anyconf.php" "Mozilla/4.0 (compatible; MSIE 6.0; Windows NT 5.1; SV1)"
51.77.137.67 - - [10/Sep/2020:08:12:15 -0400] "GET /info.php HTTP/1.0" 404 16660 "http://athenswideformat.com/info.php" "Mozilla/4.0 (compatible; MSIE 6.0; Windows NT 5.1; SV1)"
51.77.137.67 - - [10/Sep/2020:08:12:15 -0400] "GET /ab0ut.php HTTP/1.0" 404 16660 "http://athenswideformat.com/ab0ut.php" "Mozilla/4.0 (compatible; MSIE 6.0; Windows NT 5.1; SV1)"
51.77.137.67 - - [10/Sep/2020:08:12:18 -0400] "GET /page.php HTTP/1.0" 404 16660 "http://athenswideformat.com/page.php" "Mozilla/4.0 (compatible; MSIE 6.0; Windows NT 5.1; SV1)"
51.77.137.67 - - [10/Sep/2020:08:12:19 -0400] "GET /wp-blog.php HTTP/1.0" 404 16660 "http://athenswideformat.com/wp-blog.php" "Mozilla/4.0 (compatible; MSIE 6.0; Windows NT 5.1; SV1)"
10.30.94.78 - - [10/Sep/2020:08:46:47 -0400] "POST /wp-cron.php?doing_wp_cron=1599742007.5359480381011962890625 HTTP/1.0" 200 - "http://athenswideformat.com/wp-cron.php?doing_wp_cron=1599742007.5359480381011962890625" "WordPress/5.0.3; http://athenswideformat.com"
81.24.247.58 - - [10/Sep/2020:09:06:04 -0400] "POST /xmlrpc.php HTTP/1.0" 200 403 "-" "Mozilla/5.0 (Macintosh; U; Intel Mac OS X 10.6; fr; rv:1.9.2.8) Gecko/20100722 Firefox/3.6.8"
34.75.230.95 - - [10/Sep/2020:10:16:15 -0400] "GET /feed/ HTTP/1.0" 200 1887 "-" "ZoominfoBot (zoominfobot at zoominfo dot com)"
10.30.94.78 - - [10/Sep/2020:10:16:23 -0400] "POST /wp-cron.php?doing_wp_cron=1599747383.0196750164031982421875 HTTP/1.0" 200 - "http://athenswideformat.com/wp-cron.php?doing_wp_cron=1599747383.0196750164031982421875" "WordPress/5.0.3; http://athenswideformat.com"
10.30.94.78 - - [10/Sep/2020:11:20:52 -0400] "POST /wp-cron.php?doing_wp_cron=1599751251.8283019065856933593750 HTTP/1.0" 200 - "http://athenswideformat.com/wp-cron.php?doing_wp_cron=1599751251.8283019065856933593750" "WordPress/5.0.3; http://athenswideformat.com"
185.191.171.14 - - [10/Sep/2020:11:36:42 -0400] "GET /product/hp-latex-560-64-printer/ HTTP/1.0" 200 44373 "-" "Mozilla/5.0 (compatible; SemrushBot/6~bl; +http://www.semrush.com/bot.html)"
198.251.89.29 - - [10/Sep/2020:11:49:23 -0400] "POST /xmlrpc.php HTTP/1.0" 200 403 "-" "Mozilla/5.0 (Windows NT 10.0; WOW64; rv:56.0) Gecko/20100101 Firefox/56.0"
81.24.247.58 - - [10/Sep/2020:13:14:59 -0400] "POST /xmlrpc.php HTTP/1.0" 200 403 "-" "Mozilla/5.0 (Macintosh; U; Intel Mac OS X 10.6; fr; rv:1.9.2.8) Gecko/20100722 Firefox/3.6.8"
81.24.247.58 - - [10/Sep/2020:16:25:21 -0400] "POST /xmlrpc.php HTTP/1.0" 200 403 "-" "Mozilla/5.0 (Macintosh; U; Intel Mac OS X 10.6; fr; rv:1.9.2.8) Gecko/20100722 Firefox/3.6.8"
10.30.94.78 - - [10/Sep/2020:17:35:31 -0400] "POST /wp-cron.php?doing_wp_cron=1599773731.5206909179687500000000 HTTP/1.0" 200 - "http://athenswideformat.com/wp-cron.php?doing_wp_cron=1599773731.5206909179687500000000" "WordPress/5.0.3; http://athenswideformat.com"
10.30.94.78 - - [10/Sep/2020:20:14:11 -0400] "POST /wp-cron.php?doing_wp_cron=1599783251.6821250915527343750000 HTTP/1.0" 200 - "http://athenswideformat.com/wp-cron.php?doing_wp_cron=1599783251.6821250915527343750000" "WordPress/5.0.3; http://athenswideformat.com"
207.200.8.180 - - [10/Sep/2020:20:14:22 -0400] "GET /cart/ HTTP/1.0" 200 56737 "http://athenswideformat.com" "LightspeedSystemsCrawler Mozilla/5.0 (Windows; U; MSIE 9.0; Windows NT 9.0; en-US)"
66.249.72.95 - - [10/Sep/2020:21:26:23 -0400] "GET /robots.txt HTTP/1.0" 200 67 "-" "Mozilla/5.0 (compatible; Googlebot/2.1; +http://www.google.com/bot.html)"
10.30.83.30 - - [10/Sep/2020:23:26:03 -0400] "POST /wp-cron.php?doing_wp_cron=1599794763.7301781177520751953125 HTTP/1.0" 200 - "http://athenswideformat.com/wp-cron.php?doing_wp_cron=1599794763.7301781177520751953125" "WordPress/5.0.3; http://athenswideformat.com"
157.245.67.118 - - [10/Sep/2020:03:13:25 -0400] "GET /wp-content/plugins/ioptimization/IOptimize.php?rchk HTTP/1.0" 404 16660 "www.google.com" "Mozlila/5.0 (Linux; Android 7.0; SM-G892A Bulid/NRD90M; wv) AppleWebKit/537.36 (KHTML, like Gecko) Version/4.0 Chrome/60.0.3112.107 Moblie Safari/537.36"
10.30.94.78 - - [10/Sep/2020:03:58:41 -0400] "POST /wp-cron.php?doing_wp_cron=1599724721.6322059631347656250000 HTTP/1.0" 200 - "http://athenswideformat.com/wp-cron.php?doing_wp_cron=1599724721.6322059631347656250000" "WordPress/5.0.3; http://athenswideformat.com"
51.77.137.67 - - [10/Sep/2020:08:12:12 -0400] "GET /wwos.php HTTP/1.0" 404 16660 "http://athenswideformat.com/wwos.php" "Mozilla/4.0 (compatible; MSIE 6.0; Windows NT 5.1; SV1)"
51.77.137.67 - - [10/Sep/2020:08:12:13 -0400] "GET /wp-blog-mail.php HTTP/1.0" 404 16660 "http://athenswideformat.com/wp-blog-mail.php" "Mozilla/4.0 (compatible; MSIE 6.0; Windows NT 5.1; SV1)"
51.77.137.67 - - [10/Sep/2020:08:12:13 -0400] "GET /wp-on.php HTTP/1.0" 404 16660 "http://athenswideformat.com/wp-on.php" "Mozilla/4.0 (compatible; MSIE 6.0; Windows NT 5.1; SV1)"
51.77.137.67 - - [10/Sep/2020:08:12:15 -0400] "GET /ftp.php HTTP/1.0" 404 16660 "http://athenswideformat.com/ftp.php" "Mozilla/4.0 (compatible; MSIE 6.0; Windows NT 5.1; SV1)"
51.77.137.67 - - [10/Sep/2020:08:12:18 -0400] "GET /images.php HTTP/1.0" 404 16660 "http://athenswideformat.com/images.php" "Mozilla/4.0 (compatible; MSIE 6.0; Windows NT 5.1; SV1)"
51.77.137.67 - - [10/Sep/2020:08:12:18 -0400] "GET /theme.php HTTP/1.0" 404 16660 "http://athenswideformat.com/theme.php" "Mozilla/4.0 (compatible; MSIE 6.0; Windows NT 5.1; SV1)"
81.24.247.58 - - [10/Sep/2020:10:03:11 -0400] "POST /xmlrpc.php HTTP/1.0" 200 403 "-" "Mozilla/5.0 (Macintosh; U; Intel Mac OS X 10.6; fr; rv:1.9.2.8) Gecko/20100722 Firefox/3.6.8"
34.75.230.95 - - [10/Sep/2020:10:16:25 -0400] "GET /my-account/ HTTP/1.0" 200 19952 "-" "ZoominfoBot (zoominfobot at zoominfo dot com)"
34.75.230.95 - - [10/Sep/2020:10:36:21 -0400] "GET /xmlrpc.php HTTP/1.0" 405 42 "-" "ZoominfoBot (zoominfobot at zoominfo dot com)"
40.83.175.156 - - [10/Sep/2020:17:35:27 -0400] "GET /.env HTTP/1.0" 404 16160 "-" "Mozilla/5.0 (X11; Linux x86_64) AppleWebKit/537.36 (KHTML, like Gecko) Chrome/81.0.4044.129 Safari/537.36"
51.75.95.185 - - [10/Sep/2020:20:04:31 -0400] "GET //wp-content/plugins/wp-file-manager/lib/php/connector.minimal.php HTTP/1.0" 301 500 "www.google.com" "Mozlila/5.0 (Linux; Android 7.0; SM-G892A Bulid/NRD90M; wv) AppleWebKit/537.36 (KHTML, like Gecko) Version/4.0 Chrome/60.0.3112.107 Moblie Safari/537.36"
34.74.76.5 - - [10/Sep/2020:00:15:48 -0400] "GET /robots.txt HTTP/1.0" 200 67 "-" "ZoominfoBot (zoominfobot at zoominfo dot com)"
94.191.121.83 - - [10/Sep/2020:00:23:40 -0400] "GET / HTTP/1.0" 200 19877 "-" "python-requests/2.23.0"
167.71.144.54 - - [10/Sep/2020:02:56:44 -0400] "GET / HTTP/1.0" 301 - "-" "Mozilla/5.0 (Macintosh; Intel Mac OS X 10_15_2) AppleWebKit/537.36 (KHTML, like Gecko) Chrome/79.0.3945.88 Safari/537.36"
195.154.191.98 - - [10/Sep/2020:05:15:21 -0400] "GET / HTTP/1.0" 200 19877 "http://athenswideformat.com" "Mozilla/5.0 (Windows NT 10.0; Win64; x64) AppleWebKit/537.36 (KHTML, like Gecko) Chrome/69.0.3497.100 Safari/537.36"
81.24.247.58 - - [10/Sep/2020:05:53:18 -0400] "POST /xmlrpc.php HTTP/1.0" 200 403 "-" "Mozilla/5.0 (Macintosh; U; Intel Mac OS X 10.6; fr; rv:1.9.2.8) Gecko/20100722 Firefox/3.6.8"
137.117.178.120 - - [10/Sep/2020:07:06:41 -0400] "POST /xmlrpc.php HTTP/1.0" 200 403 "-" "Mozilla/5.0 (Macintosh; U; Intel Mac OS X 10.6; fr; rv:1.9.2.8) Gecko/20100722 Firefox/3.6.8"
51.77.137.67 - - [10/Sep/2020:08:12:13 -0400] "GET /phpinfo.php HTTP/1.0" 404 16660 "http://athenswideformat.com/phpinfo.php" "Mozilla/4.0 (compatible; MSIE 6.0; Windows NT 5.1; SV1)"
51.77.137.67 - - [10/Sep/2020:08:12:19 -0400] "GET /404.php HTTP/1.0" 404 16660 "http://athenswideformat.com/404.php" "Mozilla/4.0 (compatible; MSIE 6.0; Windows NT 5.1; SV1)"
81.24.247.58 - - [10/Sep/2020:08:26:48 -0400] "POST /xmlrpc.php HTTP/1.0" 200 403 "-" "Mozilla/5.0 (Macintosh; U; Intel Mac OS X 10.6; fr; rv:1.9.2.8) Gecko/20100722 Firefox/3.6.8"
81.24.247.58 - - [10/Sep/2020:10:22:02 -0400] "POST /xmlrpc.php HTTP/1.0" 200 403 "-" "Mozilla/5.0 (Macintosh; U; Intel Mac OS X 10.6; fr; rv:1.9.2.8) Gecko/20100722 Firefox/3.6.8"
185.191.171.35 - - [10/Sep/2020:11:36:39 -0400] "GET /robots.txt HTTP/1.0" 200 67 "-" "Mozilla/5.0 (compatible; SemrushBot/6~bl; +http://www.semrush.com/bot.html)"
10.30.94.78 - - [10/Sep/2020:12:37:33 -0400] "POST /wp-cron.php?doing_wp_cron=1599755853.8267910480499267578125 HTTP/1.0" 200 - "http://athenswideformat.com/wp-cron.php?doing_wp_cron=1599755853.8267910480499267578125" "WordPress/5.0.3; http://athenswideformat.com"
81.24.247.58 - - [10/Sep/2020:15:27:58 -0400] "POST /xmlrpc.php HTTP/1.0" 200 403 "-" "Mozilla/5.0 (Macintosh; U; Intel Mac OS X 10.6; fr; rv:1.9.2.8) Gecko/20100722 Firefox/3.6.8"
81.24.247.58 - - [10/Sep/2020:15:46:45 -0400] "POST /xmlrpc.php HTTP/1.0" 200 403 "-" "Mozilla/5.0 (Macintosh; U; Intel Mac OS X 10.6; fr; rv:1.9.2.8) Gecko/20100722 Firefox/3.6.8"
81.24.247.58 - - [10/Sep/2020:17:02:25 -0400] "POST /xmlrpc.php HTTP/1.0" 200 403 "-" "Mozilla/5.0 (Macintosh; U; Intel Mac OS X 10.6; fr; rv:1.9.2.8) Gecko/20100722 Firefox/3.6.8"
81.24.247.58 - - [10/Sep/2020:17:40:22 -0400] "POST /xmlrpc.php HTTP/1.0" 200 403 "-" "Mozilla/5.0 (Macintosh; U; Intel Mac OS X 10.6; fr; rv:1.9.2.8) Gecko/20100722 Firefox/3.6.8"
203.190.34.86 - - [10/Sep/2020:18:32:47 -0400] "POST /xmlrpc.php HTTP/1.0" 200 403 "-" "Mozilla/5.0 (Windows NT 10.0; Win64; x64) AppleWebKit/537.36 (KHTML, like Gecko) Chrome/80.0.3987.163 Safari/537.36"
10.30.94.78 - - [10/Sep/2020:18:32:51 -0400] "POST /wp-cron.php?doing_wp_cron=1599777171.4056470394134521484375 HTTP/1.0" 200 - "http://athenswideformat.com/wp-cron.php?doing_wp_cron=1599777171.4056470394134521484375" "WordPress/5.0.3; http://athenswideformat.com"
207.46.13.220 - - [10/Sep/2020:19:39:24 -0400] "GET /robots.txt HTTP/1.0" 200 67 "-" "Mozilla/5.0 (compatible; bingbot/2.0; +http://www.bing.com/bingbot.htm)"
51.75.95.185 - - [10/Sep/2020:20:05:38 -0400] "GET /wordpress/wp-content/plugins/wp-file-manager/lib/php/connector.minimal.php HTTP/1.0" 404 16660 "www.google.com" "Mozlila/5.0 (Linux; Android 7.0; SM-G892A Bulid/NRD90M; wv) AppleWebKit/537.36 (KHTML, like Gecko) Version/4.0 Chrome/60.0.3112.107 Moblie Safari/537.36"
34.249.120.137 - - [10/Sep/2020:20:43:09 -0400] "GET /my-account HTTP/1.0" 301 - "-" "Mozilla/5.0 (Windows NT 6.2; WOW64)"
10.30.83.30 - - [10/Sep/2020:23:25:59 -0400] "GET / HTTP/1.0" 301 - "http://www.athenswideformat.com/" "Mozilla/5.0 (Windows NT 10.0; Win64; x64) AppleWebKit/537.36 (KHTML, like Gecko) Chrome/67.0.3396.87 Safari/537.36 OPR/54.0.2952.71"
10.30.70.138 - - [10/Sep/2020:23:31:03 -0400] "GET /product-category/media/ HTTP/1.0" 200 17338 "-" "ZoominfoBot (zoominfobot at zoominfo dot com)"
34.249.120.137 - - [10/Sep/2020:00:17:12 -0400] "GET /product-category/ink-and-supplies/ HTTP/1.0" 200 18135 "-" "Mozilla/5.0 (Windows NT 6.2; WOW64)"
94.191.121.83 - - [10/Sep/2020:00:23:34 -0400] "GET / HTTP/1.0" 301 - "-" "python-requests/2.23.0"
10.30.94.78 - - [10/Sep/2020:00:23:38 -0400] "POST /wp-cron.php?doing_wp_cron=1599711818.0364999771118164062500 HTTP/1.0" 200 - "http://athenswideformat.com/wp-cron.php?doing_wp_cron=1599711818.0364999771118164062500" "WordPress/5.0.3; http://athenswideformat.com"
51.83.216.204 - - [10/Sep/2020:01:48:12 -0400] "GET /wp-content/plugins/wp-file-manager/lib/files/feoidasf4e0_index.php HTTP/1.0" 404 16660 "http://www.facebook.net/" "Mozilla/5.0 (Windows NT 10.0; WOW64; rv:56.0) Gecko/20100101 Firefox/72.0"
167.71.144.54 - - [10/Sep/2020:02:56:51 -0400] "GET / HTTP/1.0" 200 19877 "-" "Mozilla/5.0 (Macintosh; Intel Mac OS X 10_15_2) AppleWebKit/537.36 (KHTML, like Gecko) Chrome/79.0.3945.88 Safari/537.36"
23.228.109.146 - - [10/Sep/2020:06:10:41 -0400] "GET /wp-content/plugins/front-end-editor/lib/aloha-editor/plugins/extra/draganddropfiles/demo/index.css HTTP/1.0" 404 16160 "http://www.google.com/" "Mozilla/5.0 (Windows NT 6.1; Win64; x64) AppleWebKit/537.36 (KHTML, like Gecko) Chrome/56.0.2896.3 Safari/537.36"
51.77.137.67 - - [10/Sep/2020:08:12:13 -0400] "GET /123.php HTTP/1.0" 404 16660 "http://athenswideformat.com/123.php" "Mozilla/4.0 (compatible; MSIE 6.0; Windows NT 5.1; SV1)"
51.77.137.67 - - [10/Sep/2020:08:12:18 -0400] "GET /403.php HTTP/1.0" 404 16660 "http://athenswideformat.com/403.php" "Mozilla/4.0 (compatible; MSIE 6.0; Windows NT 5.1; SV1)"
34.75.230.95 - - [10/Sep/2020:10:35:19 -0400] "GET /product-category/latex-printers/ HTTP/1.0" 200 36745 "-" "ZoominfoBot (zoominfobot at zoominfo dot com)"
81.24.247.58 - - [10/Sep/2020:12:56:17 -0400] "POST /xmlrpc.php HTTP/1.0" 200 403 "-" "Mozilla/5.0 (Macintosh; U; Intel Mac OS X 10.6; fr; rv:1.9.2.8) Gecko/20100722 Firefox/3.6.8"
81.24.247.58 - - [10/Sep/2020:16:06:05 -0400] "POST /xmlrpc.php HTTP/1.0" 200 403 "-" "Mozilla/5.0 (Macintosh; U; Intel Mac OS X 10.6; fr; rv:1.9.2.8) Gecko/20100722 Firefox/3.6.8"
40.83.175.156 - - [10/Sep/2020:17:35:44 -0400] "POST / HTTP/1.0" 200 19877 "-" "Mozilla/5.0 (X11; Linux x86_64) AppleWebKit/537.36 (KHTML, like Gecko) Chrome/81.0.4044.129 Safari/537.36"
51.75.95.185 - - [10/Sep/2020:20:06:37 -0400] "GET /new/wp-content/plugins/wp-file-manager/lib/php/connector.minimal.php HTTP/1.0" 404 16660 "www.google.com" "Mozlila/5.0 (Linux; Android 7.0; SM-G892A Bulid/NRD90M; wv) AppleWebKit/537.36 (KHTML, like Gecko) Version/4.0 Chrome/60.0.3112.107 Moblie Safari/537.36"
207.200.8.180 - - [10/Sep/2020:20:14:15 -0400] "GET / HTTP/1.0" 200 19877 "http://athenswideformat.com" "LightspeedSystemsCrawler Mozilla/5.0 (Windows; U; MSIE 9.0; Windows NT 9.0; en-US)"
34.249.120.137 - - [10/Sep/2020:20:43:19 -0400] "GET /my-account/ HTTP/1.0" 200 19952 "-" "Mozilla/5.0 (Windows NT 6.2; WOW64)"
35.231.217.231 - - [10/Sep/2020:23:26:15 -0400] "GET /xmlrpc.php?rsd HTTP/1.0" 200 854 "-" "ZoominfoBot (zoominfobot at zoominfo dot com)"
10.30.70.137 - - [10/Sep/2020:23:30:33 -0400] "GET /feed/ HTTP/1.0" 200 1887 "-" "ZoominfoBot (zoominfobot at zoominfo dot com)"
66.249.72.93 - - [10/Sep/2020:01:05:38 -0400] "GET /robots.txt HTTP/1.0" 200 67 "-" "Mozilla/5.0 (compatible; Googlebot/2.1; +http://www.google.com/bot.html)"
81.24.247.58 - - [10/Sep/2020:01:25:59 -0400] "POST /xmlrpc.php HTTP/1.0" 200 403 "-" "Mozilla/5.0 (Macintosh; U; Intel Mac OS X 10.6; fr; rv:1.9.2.8) Gecko/20100722 Firefox/3.6.8"
10.30.94.78 - - [10/Sep/2020:02:42:28 -0400] "POST /wp-cron.php?doing_wp_cron=1599720148.0509080886840820312500 HTTP/1.0" 200 - "http://athenswideformat.com/wp-cron.php?doing_wp_cron=1599720148.0509080886840820312500" "WordPress/5.0.3; http://athenswideformat.com"
81.24.247.58 - - [10/Sep/2020:03:58:39 -0400] "POST /xmlrpc.php HTTP/1.0" 200 403 "-" "Mozilla/5.0 (Macintosh; U; Intel Mac OS X 10.6; fr; rv:1.9.2.8) Gecko/20100722 Firefox/3.6.8"
10.30.94.78 - - [10/Sep/2020:04:17:04 -0400] "POST /wp-cron.php?doing_wp_cron=1599725824.6892020702362060546875 HTTP/1.0" 200 - "http://athenswideformat.com/wp-cron.php?doing_wp_cron=1599725824.6892020702362060546875" "WordPress/5.0.3; http://athenswideformat.com"
81.24.247.58 - - [10/Sep/2020:04:36:21 -0400] "POST /xmlrpc.php HTTP/1.0" 200 403 "-" "Mozilla/5.0 (Macintosh; U; Intel Mac OS X 10.6; fr; rv:1.9.2.8) Gecko/20100722 Firefox/3.6.8"
81.24.247.58 - - [10/Sep/2020:05:33:30 -0400] "POST /xmlrpc.php HTTP/1.0" 200 403 "-" "Mozilla/5.0 (Macintosh; U; Intel Mac OS X 10.6; fr; rv:1.9.2.8) Gecko/20100722 Firefox/3.6.8"
10.30.94.78 - - [10/Sep/2020:07:33:38 -0400] "POST /wp-cron.php?doing_wp_cron=1599737618.5057530403137207031250 HTTP/1.0" 200 - "http://athenswideformat.com/wp-cron.php?doing_wp_cron=1599737618.5057530403137207031250" "WordPress/5.0.3; http://athenswideformat.com"
81.24.247.58 - - [10/Sep/2020:07:47:58 -0400] "POST /xmlrpc.php HTTP/1.0" 200 403 "-" "Mozilla/5.0 (Macintosh; U; Intel Mac OS X 10.6; fr; rv:1.9.2.8) Gecko/20100722 Firefox/3.6.8"
51.77.137.67 - - [10/Sep/2020:08:12:12 -0400] "GET /edit.php HTTP/1.0" 404 16660 "http://athenswideformat.com/edit.php" "Mozilla/4.0 (compatible; MSIE 6.0; Windows NT 5.1; SV1)"
51.77.137.67 - - [10/Sep/2020:08:12:12 -0400] "GET /error.php HTTP/1.0" 404 16660 "http://athenswideformat.com/error.php" "Mozilla/4.0 (compatible; MSIE 6.0; Windows NT 5.1; SV1)"
51.77.137.67 - - [10/Sep/2020:08:12:13 -0400] "GET /config.php HTTP/1.0" 404 16660 "http://athenswideformat.com/config.php" "Mozilla/4.0 (compatible; MSIE 6.0; Windows NT 5.1; SV1)"
51.77.137.67 - - [10/Sep/2020:08:12:15 -0400] "GET /license.php HTTP/1.0" 404 16660 "http://athenswideformat.com/license.php" "Mozilla/4.0 (compatible; MSIE 6.0; Windows NT 5.1; SV1)"
51.77.137.67 - - [10/Sep/2020:08:12:15 -0400] "GET /server.php HTTP/1.0" 404 16660 "http://athenswideformat.com/server.php" "Mozilla/4.0 (compatible; MSIE 6.0; Windows NT 5.1; SV1)"
51.77.137.67 - - [10/Sep/2020:08:12:15 -0400] "GET /admin.php HTTP/1.0" 404 16660 "http://athenswideformat.com/admin.php" "Mozilla/4.0 (compatible; MSIE 6.0; Windows NT 5.1; SV1)"
51.77.137.67 - - [10/Sep/2020:08:12:16 -0400] "GET /robots.php HTTP/1.0" 404 16660 "http://athenswideformat.com/robots.php" "Mozilla/4.0 (compatible; MSIE 6.0; Windows NT 5.1; SV1)"
51.77.137.67 - - [10/Sep/2020:08:12:19 -0400] "GET /wsi.php HTTP/1.0" 404 16660 "http://athenswideformat.com/wsi.php" "Mozilla/4.0 (compatible; MSIE 6.0; Windows NT 5.1; SV1)"
51.77.137.67 - - [10/Sep/2020:08:12:19 -0400] "GET /wp-adm.php HTTP/1.0" 404 16660 "http://athenswideformat.com/wp-adm.php" "Mozilla/4.0 (compatible; MSIE 6.0; Windows NT 5.1; SV1)"
81.24.247.58 - - [10/Sep/2020:09:25:02 -0400] "POST /xmlrpc.php HTTP/1.0" 200 403 "-" "Mozilla/5.0 (Macintosh; U; Intel Mac OS X 10.6; fr; rv:1.9.2.8) Gecko/20100722 Firefox/3.6.8"
142.54.165.194 - - [10/Sep/2020:10:01:57 -0400] "GET /wp-content/plugins/wp-file-manager/lib/php/connector.minimal.php HTTP/1.0" 404 16660 "-" "Mozilla/5.0 (Windows NT 6.1; WOW64) AppleWebKit/537.36 (KHTML, like Gecko) Chrome/58.0.3029.110 Safari/537.36 SE 2.X MetaSr 1.0"
34.75.230.95 - - [10/Sep/2020:10:09:01 -0400] "GET /robots.txt HTTP/1.0" 200 67 "-" "ZoominfoBot (zoominfobot at zoominfo dot com)"
34.75.230.95 - - [10/Sep/2020:10:23:05 -0400] "GET /product-category/ink-and-supplies/ HTTP/1.0" 200 18135 "-" "ZoominfoBot (zoominfobot at zoominfo dot com)"
81.24.247.58 - - [10/Sep/2020:10:41:14 -0400] "POST /xmlrpc.php HTTP/1.0" 200 403 "-" "Mozilla/5.0 (Macintosh; U; Intel Mac OS X 10.6; fr; rv:1.9.2.8) Gecko/20100722 Firefox/3.6.8"
10.30.94.78 - - [10/Sep/2020:15:09:19 -0400] "POST /wp-cron.php?doing_wp_cron=1599764959.6694269180297851562500 HTTP/1.0" 200 - "http://athenswideformat.com/wp-cron.php?doing_wp_cron=1599764959.6694269180297851562500" "WordPress/5.0.3; http://athenswideformat.com"
158.69.63.54 - - [10/Sep/2020:15:14:33 -0400] "POST /xmlrpc.php HTTP/1.0" 200 403 "-" "Mozilla/5.0 (Macintosh; Intel Mac OS X 10_12_6) AppleWebKit/605.1.15 (KHTML, like Gecko) Version/11.1.2 Safari/605.1.15"
10.30.94.78 - - [10/Sep/2020:15:28:02 -0400] "POST /wp-cron.php?doing_wp_cron=1599766082.8755939006805419921875 HTTP/1.0" 200 - "http://athenswideformat.com/wp-cron.php?doing_wp_cron=1599766082.8755939006805419921875" "WordPress/5.0.3; http://athenswideformat.com"
10.30.94.78 - - [10/Sep/2020:19:39:28 -0400] "POST /wp-cron.php?doing_wp_cron=1599781168.6615900993347167968750 HTTP/1.0" 200 - "http://athenswideformat.com/wp-cron.php?doing_wp_cron=1599781168.6615900993347167968750" "WordPress/5.0.3; http://athenswideformat.com"
10.30.94.78 - - [10/Sep/2020:20:04:34 -0400] "POST /wp-cron.php?doing_wp_cron=1599782674.6881880760192871093750 HTTP/1.0" 200 - "http://athenswideformat.com/wp-cron.php?doing_wp_cron=1599782674.6881880760192871093750" "WordPress/5.0.3; http://athenswideformat.com"
51.75.95.185 - - [10/Sep/2020:20:07:03 -0400] "GET /old/wp-content/plugins/wp-file-manager/lib/php/connector.minimal.php HTTP/1.0" 404 16660 "www.google.com" "Mozlila/5.0 (Linux; Android 7.0; SM-G892A Bulid/NRD90M; wv) AppleWebKit/537.36 (KHTML, like Gecko) Version/4.0 Chrome/60.0.3112.107 Moblie Safari/537.36"
207.200.8.180 - - [10/Sep/2020:20:14:10 -0400] "GET / HTTP/1.0" 200 19877 "-" "LightspeedSystemsCrawler Mozilla/5.0 (Windows; U; MSIE 9.0; Windows NT 9.0; en-US)"
207.200.8.180 - - [10/Sep/2020:20:14:14 -0400] "GET / HTTP/1.0" 200 19877 "-" "LightspeedSystemsCrawler Mozilla/5.0 (Windows; U; MSIE 9.0; Windows NT 9.0; en-US)"
10.30.94.78 - - [10/Sep/2020:21:36:27 -0400] "POST /wp-cron.php?doing_wp_cron=1599788188.7821350097656250000000 HTTP/1.0" 200 - "http://athenswideformat.com/wp-cron.php?doing_wp_cron=1599788188.7821350097656250000000" "WordPress/5.0.3; http://athenswideformat.com"
89.36.76.141 - - [10/Sep/2020:23:26:05 -0400] "GET / HTTP/1.0" 200 19877 "http://athenswideformat.com/" "Mozilla/5.0 (Windows NT 10.0; Win64; x64) AppleWebKit/537.36 (KHTML, like Gecko) Chrome/67.0.3396.87 Safari/537.36 OPR/54.0.2952.71"
34.74.76.5 - - [10/Sep/2020:00:27:13 -0400] "GET / HTTP/1.0" 301 - "-" "ZoominfoBot (zoominfobot at zoominfo dot com)"
81.24.247.58 - - [10/Sep/2020:02:23:08 -0400] "POST /xmlrpc.php HTTP/1.0" 200 403 "-" "Mozilla/5.0 (Macintosh; U; Intel Mac OS X 10.6; fr; rv:1.9.2.8) Gecko/20100722 Firefox/3.6.8"
10.30.94.78 - - [10/Sep/2020:02:23:18 -0400] "POST /wp-cron.php?doing_wp_cron=1599718998.6212840080261230468750 HTTP/1.0" 200 - "http://athenswideformat.com/wp-cron.php?doing_wp_cron=1599718998.6212840080261230468750" "WordPress/5.0.3; http://athenswideformat.com"
81.24.247.58 - - [10/Sep/2020:02:42:25 -0400] "POST /xmlrpc.php HTTP/1.0" 200 403 "-" "Mozilla/5.0 (Macintosh; U; Intel Mac OS X 10.6; fr; rv:1.9.2.8) Gecko/20100722 Firefox/3.6.8"
10.30.94.78 - - [10/Sep/2020:03:40:27 -0400] "POST /wp-cron.php?doing_wp_cron=1599723630.0260109901428222656250 HTTP/1.0" 200 - "http://athenswideformat.com/wp-cron.php?doing_wp_cron=1599723630.0260109901428222656250" "WordPress/5.0.3; http://athenswideformat.com"
40.77.167.51 - - [10/Sep/2020:07:20:02 -0400] "GET /product/hp-latex-r1000-plus-64-flatbed-printer/ HTTP/1.0" 200 39070 "-" "Mozilla/5.0 (compatible; bingbot/2.0; +http://www.bing.com/bingbot.htm)"
51.77.137.67 - - [10/Sep/2020:08:12:12 -0400] "GET /wp-mains.php HTTP/1.0" 404 16660 "http://athenswideformat.com/wp-mains.php" "Mozilla/4.0 (compatible; MSIE 6.0; Windows NT 5.1; SV1)"
51.77.137.67 - - [10/Sep/2020:08:12:12 -0400] "GET /xmlrpz.php HTTP/1.0" 404 16660 "http://athenswideformat.com/xmlrpz.php" "Mozilla/4.0 (compatible; MSIE 6.0; Windows NT 5.1; SV1)"
51.77.137.67 - - [10/Sep/2020:08:12:18 -0400] "GET /theme1.php HTTP/1.0" 404 16660 "http://athenswideformat.com/theme1.php" "Mozilla/4.0 (compatible; MSIE 6.0; Windows NT 5.1; SV1)"
51.77.137.67 - - [10/Sep/2020:08:12:18 -0400] "GET /forum1.php HTTP/1.0" 404 16660 "http://athenswideformat.com/forum1.php" "Mozilla/4.0 (compatible; MSIE 6.0; Windows NT 5.1; SV1)"
10.30.94.78 - - [10/Sep/2020:10:01:59 -0400] "POST /wp-cron.php?doing_wp_cron=1599746520.8187708854675292968750 HTTP/1.0" 200 - "http://athenswideformat.com/wp-cron.php?doing_wp_cron=1599746520.8187708854675292968750" "WordPress/5.0.3; http://athenswideformat.com"
34.75.230.95 - - [10/Sep/2020:10:09:03 -0400] "GET /xmlrpc.php?rsd HTTP/1.0" 200 854 "-" "ZoominfoBot (zoominfobot at zoominfo dot com)"
81.24.247.58 - - [10/Sep/2020:11:00:54 -0400] "POST /xmlrpc.php HTTP/1.0" 200 403 "-" "Mozilla/5.0 (Macintosh; U; Intel Mac OS X 10.6; fr; rv:1.9.2.8) Gecko/20100722 Firefox/3.6.8"
81.24.247.58 - - [10/Sep/2020:11:20:49 -0400] "POST /xmlrpc.php HTTP/1.0" 200 403 "-" "Mozilla/5.0 (Macintosh; U; Intel Mac OS X 10.6; fr; rv:1.9.2.8) Gecko/20100722 Firefox/3.6.8"
142.54.165.194 - - [10/Sep/2020:11:31:35 -0400] "GET /wp-content/plugins/wp-file-manager/lib/php/connector.minimal.php HTTP/1.0" 301 500 "-" "Mozilla/5.0 (Windows NT 6.1; WOW64) AppleWebKit/537.36 (KHTML, like Gecko) Chrome/58.0.3029.110 Safari/537.36 SE 2.X MetaSr 1.0"
81.24.247.58 - - [10/Sep/2020:12:18:01 -0400] "POST /xmlrpc.php HTTP/1.0" 200 403 "-" "Mozilla/5.0 (Macintosh; U; Intel Mac OS X 10.6; fr; rv:1.9.2.8) Gecko/20100722 Firefox/3.6.8"
10.30.94.78 - - [10/Sep/2020:13:14:57 -0400] "POST /wp-cron.php?doing_wp_cron=1599758102.6326730251312255859375 HTTP/1.0" 200 - "http://athenswideformat.com/wp-cron.php?doing_wp_cron=1599758102.6326730251312255859375" "WordPress/5.0.3; http://athenswideformat.com"
66.249.80.105 - - [10/Sep/2020:13:46:04 -0400] "GET /wp-content/uploads/2019/01/r2000.jpg HTTP/1.0" 200 225444 "-" "Mozilla/5.0 (Windows NT 5.1; rv:11.0) Gecko Firefox/11.0 (via ggpht.com GoogleImageProxy)"
81.24.247.58 - - [10/Sep/2020:13:53:24 -0400] "POST /xmlrpc.php HTTP/1.0" 200 403 "-" "Mozilla/5.0 (Macintosh; U; Intel Mac OS X 10.6; fr; rv:1.9.2.8) Gecko/20100722 Firefox/3.6.8"
10.30.94.78 - - [10/Sep/2020:15:14:31 -0400] "POST /wp-cron.php?doing_wp_cron=1599765276.6926229000091552734375 HTTP/1.0" 200 - "http://athenswideformat.com/wp-cron.php?doing_wp_cron=1599765276.6926229000091552734375" "WordPress/5.0.3; http://athenswideformat.com"
10.30.94.78 - - [10/Sep/2020:16:25:25 -0400] "POST /wp-cron.php?doing_wp_cron=1599769524.9115700721740722656250 HTTP/1.0" 200 - "http://athenswideformat.com/wp-cron.php?doing_wp_cron=1599769524.9115700721740722656250" "WordPress/5.0.3; http://athenswideformat.com"
45.63.19.243 - - [10/Sep/2020:17:38:17 -0400] "GET /adminer.php HTTP/1.0" 404 16660 "-" "Mozilla/5.0 (Macintosh; Intel Mac OS X 10_14_6) AppleWebKit/605.1.15 (KHTML, like Gecko) Version/13.0.4 Safari/605.1.15"
207.200.8.180 - - [10/Sep/2020:20:14:19 -0400] "GET /feed/ HTTP/1.0" 200 1887 "http://athenswideformat.com" "LightspeedSystemsCrawler Mozilla/5.0 (Windows; U; MSIE 9.0; Windows NT 9.0; en-US)"
10.30.94.78 - - [10/Sep/2020:20:43:13 -0400] "POST /wp-cron.php?doing_wp_cron=1599784993.7091119289398193359375 HTTP/1.0" 200 - "http://athenswideformat.com/wp-cron.php?doing_wp_cron=1599784993.7091119289398193359375" "WordPress/5.0.3; http://athenswideformat.com"
34.74.76.5 - - [10/Sep/2020:00:27:11 -0400] "GET /robots.txt HTTP/1.0" 200 67 "-" "ZoominfoBot (zoominfobot at zoominfo dot com)"
81.24.247.58 - - [10/Sep/2020:01:44:40 -0400] "POST /xmlrpc.php HTTP/1.0" 200 403 "-" "Mozilla/5.0 (Macintosh; U; Intel Mac OS X 10.6; fr; rv:1.9.2.8) Gecko/20100722 Firefox/3.6.8"
81.24.247.58 - - [10/Sep/2020:03:21:12 -0400] "POST /xmlrpc.php HTTP/1.0" 200 403 "-" "Mozilla/5.0 (Macintosh; U; Intel Mac OS X 10.6; fr; rv:1.9.2.8) Gecko/20100722 Firefox/3.6.8"
10.30.94.78 - - [10/Sep/2020:05:14:21 -0400] "POST /wp-cron.php?doing_wp_cron=1599729261.7049241065979003906250 HTTP/1.0" 200 - "http://athenswideformat.com/wp-cron.php?doing_wp_cron=1599729261.7049241065979003906250" "WordPress/5.0.3; http://athenswideformat.com"
81.24.247.58 - - [10/Sep/2020:06:12:54 -0400] "POST /xmlrpc.php HTTP/1.0" 200 403 "-" "Mozilla/5.0 (Macintosh; U; Intel Mac OS X 10.6; fr; rv:1.9.2.8) Gecko/20100722 Firefox/3.6.8"
51.195.148.18 - - [10/Sep/2020:06:31:20 -0400] "POST /xmlrpc.php HTTP/1.0" 200 403 "-" "Mozilla/5.0 (Windows NT 6.1; Win64; x64) AppleWebKit/537.36 (KHTML, like Gecko) Chrome/69.0.3497.81 Safari/537.36"
81.24.247.58 - - [10/Sep/2020:06:32:14 -0400] "POST /xmlrpc.php HTTP/1.0" 200 403 "-" "Mozilla/5.0 (Macintosh; U; Intel Mac OS X 10.6; fr; rv:1.9.2.8) Gecko/20100722 Firefox/3.6.8"
81.24.247.58 - - [10/Sep/2020:06:50:47 -0400] "POST /xmlrpc.php HTTP/1.0" 200 403 "-" "Mozilla/5.0 (Macintosh; U; Intel Mac OS X 10.6; fr; rv:1.9.2.8) Gecko/20100722 Firefox/3.6.8"
81.24.247.58 - - [10/Sep/2020:07:09:40 -0400] "POST /xmlrpc.php HTTP/1.0" 200 403 "-" "Mozilla/5.0 (Macintosh; U; Intel Mac OS X 10.6; fr; rv:1.9.2.8) Gecko/20100722 Firefox/3.6.8"
81.24.247.58 - - [10/Sep/2020:08:07:06 -0400] "POST /xmlrpc.php HTTP/1.0" 200 403 "-" "Mozilla/5.0 (Macintosh; U; Intel Mac OS X 10.6; fr; rv:1.9.2.8) Gecko/20100722 Firefox/3.6.8"
51.77.137.67 - - [10/Sep/2020:08:12:13 -0400] "GET /base.php HTTP/1.0" 404 16660 "http://athenswideformat.com/base.php" "Mozilla/4.0 (compatible; MSIE 6.0; Windows NT 5.1; SV1)"
51.77.137.67 - - [10/Sep/2020:08:12:15 -0400] "GET /meta.php HTTP/1.0" 404 16660 "http://athenswideformat.com/meta.php" "Mozilla/4.0 (compatible; MSIE 6.0; Windows NT 5.1; SV1)"
51.77.137.67 - - [10/Sep/2020:08:12:15 -0400] "GET /test.php HTTP/1.0" 404 16660 "http://athenswideformat.com/test.php" "Mozilla/4.0 (compatible; MSIE 6.0; Windows NT 5.1; SV1)"
51.77.137.67 - - [10/Sep/2020:08:12:18 -0400] "GET /wos.php HTTP/1.0" 404 16660 "http://athenswideformat.com/wos.php" "Mozilla/4.0 (compatible; MSIE 6.0; Windows NT 5.1; SV1)"
51.77.137.67 - - [10/Sep/2020:08:12:18 -0400] "GET /about.php HTTP/1.0" 404 16660 "http://athenswideformat.com/about.php" "Mozilla/4.0 (compatible; MSIE 6.0; Windows NT 5.1; SV1)"
81.24.247.58 - - [10/Sep/2020:08:46:44 -0400] "POST /xmlrpc.php HTTP/1.0" 200 403 "-" "Mozilla/5.0 (Macintosh; U; Intel Mac OS X 10.6; fr; rv:1.9.2.8) Gecko/20100722 Firefox/3.6.8"
81.24.247.58 - - [10/Sep/2020:11:40:18 -0400] "POST /xmlrpc.php HTTP/1.0" 200 403 "-" "Mozilla/5.0 (Macintosh; U; Intel Mac OS X 10.6; fr; rv:1.9.2.8) Gecko/20100722 Firefox/3.6.8"
81.24.247.58 - - [10/Sep/2020:11:59:11 -0400] "POST /xmlrpc.php HTTP/1.0" 200 403 "-" "Mozilla/5.0 (Macintosh; U; Intel Mac OS X 10.6; fr; rv:1.9.2.8) Gecko/20100722 Firefox/3.6.8"
10.30.94.78 - - [10/Sep/2020:12:18:08 -0400] "POST /wp-cron.php?doing_wp_cron=1599754683.8855469226837158203125 HTTP/1.0" 200 - "http://athenswideformat.com/wp-cron.php?doing_wp_cron=1599754683.8855469226837158203125" "WordPress/5.0.3; http://athenswideformat.com"
81.24.247.58 - - [10/Sep/2020:12:37:30 -0400] "POST /xmlrpc.php HTTP/1.0" 200 403 "-" "Mozilla/5.0 (Macintosh; U; Intel Mac OS X 10.6; fr; rv:1.9.2.8) Gecko/20100722 Firefox/3.6.8"
10.30.94.78 - - [10/Sep/2020:13:53:31 -0400] "POST /wp-cron.php?doing_wp_cron=1599760406.6394970417022705078125 HTTP/1.0" 200 - "http://athenswideformat.com/wp-cron.php?doing_wp_cron=1599760406.6394970417022705078125" "WordPress/5.0.3; http://athenswideformat.com"
81.24.247.58 - - [10/Sep/2020:17:21:16 -0400] "POST /xmlrpc.php HTTP/1.0" 200 403 "-" "Mozilla/5.0 (Macintosh; U; Intel Mac OS X 10.6; fr; rv:1.9.2.8) Gecko/20100722 Firefox/3.6.8"
51.75.95.185 - - [10/Sep/2020:20:05:12 -0400] "GET /wp/wp-content/plugins/wp-file-manager/lib/php/connector.minimal.php HTTP/1.0" 404 16660 "www.google.com" "Mozlila/5.0 (Linux; Android 7.0; SM-G892A Bulid/NRD90M; wv) AppleWebKit/537.36 (KHTML, like Gecko) Version/4.0 Chrome/60.0.3112.107 Moblie Safari/537.36"
207.200.8.180 - - [10/Sep/2020:20:14:07 -0400] "GET / HTTP/1.0" 301 - "-" "LightspeedSystemsCrawler Mozilla/5.0 (Windows; U; MSIE 9.0; Windows NT 9.0; en-US)"
10.30.70.138 - - [10/Sep/2020:23:30:37 -0400] "GET /my-account/ HTTP/1.0" 200 19952 "-" "ZoominfoBot (zoominfobot at zoominfo dot com)"
10.30.70.138 - - [10/Sep/2020:23:42:17 -0400] "GET /contact/ HTTP/1.0" 200 41055 "-" "ZoominfoBot (zoominfobot at zoominfo dot com)"
10.30.70.137 - - [10/Sep/2020:23:42:36 -0400] "GET /cart/ HTTP/1.0" 200 56737 "-" "ZoominfoBot (zoominfobot at zoominfo dot com)"
10.30.94.78 - - [10/Sep/2020:00:11:36 -0400] "POST /wp-cron.php?doing_wp_cron=1599711096.1051850318908691406250 HTTP/1.0" 200 - "http://athenswideformat.com/wp-cron.php?doing_wp_cron=1599711096.1051850318908691406250" "WordPress/5.0.3; http://athenswideformat.com"
66.249.72.89 - - [10/Sep/2020:01:05:40 -0400] "GET / HTTP/1.0" 301 - "-" "Mozilla/5.0 (compatible; Googlebot/2.1; +http://www.google.com/bot.html)"
66.249.72.65 - - [10/Sep/2020:01:05:44 -0400] "GET / HTTP/1.0" 200 19877 "-" "Mozilla/5.0 (compatible; Googlebot/2.1; +http://www.google.com/bot.html)"
81.24.247.58 - - [10/Sep/2020:01:07:34 -0400] "POST /xmlrpc.php HTTP/1.0" 200 403 "-" "Mozilla/5.0 (Macintosh; U; Intel Mac OS X 10.6; fr; rv:1.9.2.8) Gecko/20100722 Firefox/3.6.8"