27.50.79.22 - - [11/Sep/2020:20:18:28 -0400] "POST /wp-login.php HTTP/1.0" 200 4475 "http://cubscouts.org/wp-login.php" "Mozilla/5.0 (Windows NT 6.1; Win64; x64) AppleWebKit/537.36 (KHTML, like Gecko) Chrome/59.0.3071.115 Safari/537.36"
27.50.79.22 - - [11/Sep/2020:20:18:30 -0400] "POST /wp-login.php HTTP/1.0" 200 4475 "http://cubscouts.org/wp-login.php" "Mozilla/5.0 (Windows NT 6.1; Win64; x64) AppleWebKit/537.36 (KHTML, like Gecko) Chrome/59.0.3071.115 Safari/537.36"
27.50.79.22 - - [11/Sep/2020:20:19:47 -0400] "POST /wp-login.php HTTP/1.0" 200 4475 "http://cubscouts.org/wp-login.php" "Mozilla/5.0 (Windows NT 6.1; Win64; x64) AppleWebKit/537.36 (KHTML, like Gecko) Chrome/59.0.3071.115 Safari/537.36"
115.219.131.240 - - [11/Sep/2020:20:42:56 -0400] "GET /wp-content/plugins/easy-upload-files-during-checkout/css/admin.css HTTP/1.0" 404 16160 "-" "Mozilla/4.0 (compatible; MSIE 6.0; Windows NT 5.1; SV1)"
62.37.171.39 - - [11/Sep/2020:20:51:00 -0400] "GET /wp-content/plugins/woocommerce/assets/css/woocommerce-layout.css?ver=3.4.7 HTTP/1.0" 200 16542 "http://athenswideformat.com/product/hp-latex-570-64-printer/" "Mozilla/5.0 (Macintosh; Intel Mac OS X 10_13_6) AppleWebKit/537.36 (KHTML, like Gecko) Chrome/85.0.4183.83 Safari/537.36"
62.37.171.39 - - [11/Sep/2020:20:51:01 -0400] "GET /wp-includes/js/jquery/jquery-migrate.min.js?ver=1.4.1 HTTP/1.0" 200 10056 "http://athenswideformat.com/product/hp-latex-570-64-printer/" "Mozilla/5.0 (Macintosh; Intel Mac OS X 10_13_6) AppleWebKit/537.36 (KHTML, like Gecko) Chrome/85.0.4183.83 Safari/537.36"
62.37.171.39 - - [11/Sep/2020:20:51:02 -0400] "GET /wp-includes/js/wp-emoji-release.min.js?ver=5.0.3 HTTP/1.0" 200 12026 "http://athenswideformat.com/product/hp-latex-570-64-printer/" "Mozilla/5.0 (Macintosh; Intel Mac OS X 10_13_6) AppleWebKit/537.36 (KHTML, like Gecko) Chrome/85.0.4183.83 Safari/537.36"
10.30.94.78 - - [11/Sep/2020:21:28:20 -0400] "POST /wp-cron.php?doing_wp_cron=1599874100.8124771118164062500000 HTTP/1.0" 200 - "http://athenswideformat.com/wp-cron.php?doing_wp_cron=1599874100.8124771118164062500000" "WordPress/5.0.3; http://athenswideformat.com"
194.61.24.102 - - [11/Sep/2020:05:19:03 -0400] "GET / HTTP/1.0" 200 19877 "-" "Mozilla/5.0 (Windows NT 10.0; Win64; x64) AppleWebKit/537.36 (KHTML, like Gecko) Chrome/78.0.3904.108 Safari/537.36"
194.61.24.102 - - [11/Sep/2020:05:19:16 -0400] "GET /wp-json/wp/v2/users/ HTTP/1.0" 200 577 "-" "Mozilla/5.0 (Windows NT 10.0; Win64; x64) AppleWebKit/537.36 (KHTML, like Gecko) Chrome/78.0.3904.108 Safari/537.36"
23.101.184.150 - - [11/Sep/2020:08:29:31 -0400] "POST /xmlrpc.php HTTP/1.0" 200 401 "-" "Mozilla/5.0 (Windows NT 10.0; Win64; x64) AppleWebKit/537.36 (KHTML, like Gecko) Chrome/80.0.3987.149 Safari/537.36"
23.101.184.150 - - [11/Sep/2020:08:30:11 -0400] "POST /xmlrpc.php HTTP/1.0" 200 401 "-" "Mozilla/5.0 (Windows NT 10.0; Win64; x64) AppleWebKit/537.36 (KHTML, like Gecko) Chrome/80.0.3987.149 Safari/537.36"
23.101.184.150 - - [11/Sep/2020:08:30:19 -0400] "POST /xmlrpc.php HTTP/1.0" 200 401 "-" "Mozilla/5.0 (Windows NT 10.0; Win64; x64) AppleWebKit/537.36 (KHTML, like Gecko) Chrome/80.0.3987.149 Safari/537.36"
23.101.184.150 - - [11/Sep/2020:08:30:21 -0400] "POST /xmlrpc.php HTTP/1.0" 200 401 "-" "Mozilla/5.0 (Windows NT 10.0; Win64; x64) AppleWebKit/537.36 (KHTML, like Gecko) Chrome/80.0.3987.149 Safari/537.36"
23.101.184.150 - - [11/Sep/2020:08:30:35 -0400] "POST /xmlrpc.php HTTP/1.0" 200 401 "-" "Mozilla/5.0 (Windows NT 10.0; Win64; x64) AppleWebKit/537.36 (KHTML, like Gecko) Chrome/80.0.3987.149 Safari/537.36"
23.101.184.150 - - [11/Sep/2020:08:30:50 -0400] "POST /xmlrpc.php HTTP/1.0" 200 401 "-" "Mozilla/5.0 (Windows NT 10.0; Win64; x64) AppleWebKit/537.36 (KHTML, like Gecko) Chrome/80.0.3987.149 Safari/537.36"
23.101.184.150 - - [11/Sep/2020:08:30:51 -0400] "POST /xmlrpc.php HTTP/1.0" 200 401 "-" "Mozilla/5.0 (Windows NT 10.0; Win64; x64) AppleWebKit/537.36 (KHTML, like Gecko) Chrome/80.0.3987.149 Safari/537.36"
185.191.171.17 - - [11/Sep/2020:10:48:25 -0400] "GET / HTTP/1.0" 200 19877 "-" "Mozilla/5.0 (compatible; SemrushBot/6~bl; +http://www.semrush.com/bot.html)"
163.172.111.182 - - [11/Sep/2020:13:33:29 -0400] "POST /xmlrpc.php HTTP/1.0" 200 403 "-" "Mozilla/5.0 (Windows NT 6.1; Win64; x64) AppleWebKit/537.36 (KHTML, like Gecko) Chrome/59.0.3071.115 Safari/537.36"
163.172.111.182 - - [11/Sep/2020:13:34:08 -0400] "POST /xmlrpc.php HTTP/1.0" 200 403 "-" "Mozilla/5.0 (Windows NT 6.1; Win64; x64) AppleWebKit/537.36 (KHTML, like Gecko) Chrome/59.0.3071.115 Safari/537.36"
163.172.111.182 - - [11/Sep/2020:13:34:24 -0400] "POST /wp-login.php HTTP/1.0" 200 4418 "http://cubscouts.org/wp-login.php" "Mozilla/5.0 (Windows NT 6.1; Win64; x64) AppleWebKit/537.36 (KHTML, like Gecko) Chrome/59.0.3071.115 Safari/537.36"
163.172.111.182 - - [11/Sep/2020:13:34:50 -0400] "POST /wp-login.php HTTP/1.0" 200 4418 "http://cubscouts.org/wp-login.php" "Mozilla/5.0 (Windows NT 6.1; Win64; x64) AppleWebKit/537.36 (KHTML, like Gecko) Chrome/59.0.3071.115 Safari/537.36"
163.172.111.182 - - [11/Sep/2020:13:35:10 -0400] "POST /wp-login.php HTTP/1.0" 200 4475 "http://cubscouts.org/wp-login.php" "Mozilla/5.0 (Windows NT 6.1; Win64; x64) AppleWebKit/537.36 (KHTML, like Gecko) Chrome/59.0.3071.115 Safari/537.36"
163.172.111.182 - - [11/Sep/2020:13:35:21 -0400] "POST /wp-login.php HTTP/1.0" 200 4475 "http://cubscouts.org/wp-login.php" "Mozilla/5.0 (Windows NT 6.1; Win64; x64) AppleWebKit/537.36 (KHTML, like Gecko) Chrome/59.0.3071.115 Safari/537.36"
163.172.111.182 - - [11/Sep/2020:13:35:35 -0400] "POST /wp-login.php HTTP/1.0" 200 4475 "http://cubscouts.org/wp-login.php" "Mozilla/5.0 (Windows NT 6.1; Win64; x64) AppleWebKit/537.36 (KHTML, like Gecko) Chrome/59.0.3071.115 Safari/537.36"
34.73.235.76 - - [11/Sep/2020:13:50:29 -0400] "GET / HTTP/1.0" 301 - "-" "ZoominfoBot (zoominfobot at zoominfo dot com)"
35.190.142.196 - - [11/Sep/2020:18:11:35 -0400] "GET /feed/ HTTP/1.0" 200 1887 "-" "ZoominfoBot (zoominfobot at zoominfo dot com)"
27.50.79.22 - - [11/Sep/2020:20:13:13 -0400] "POST /xmlrpc.php HTTP/1.0" 200 403 "-" "Mozilla/5.0 (Windows NT 6.1; Win64; x64) AppleWebKit/537.36 (KHTML, like Gecko) Chrome/59.0.3071.115 Safari/537.36"
27.50.79.22 - - [11/Sep/2020:20:13:22 -0400] "POST /xmlrpc.php HTTP/1.0" 200 403 "-" "Mozilla/5.0 (Windows NT 6.1; Win64; x64) AppleWebKit/537.36 (KHTML, like Gecko) Chrome/59.0.3071.115 Safari/537.36"
27.50.79.22 - - [11/Sep/2020:20:13:48 -0400] "POST /xmlrpc.php HTTP/1.0" 200 403 "-" "Mozilla/5.0 (Windows NT 6.1; Win64; x64) AppleWebKit/537.36 (KHTML, like Gecko) Chrome/59.0.3071.115 Safari/537.36"
27.50.79.22 - - [11/Sep/2020:20:13:54 -0400] "POST /xmlrpc.php HTTP/1.0" 200 403 "-" "Mozilla/5.0 (Windows NT 6.1; Win64; x64) AppleWebKit/537.36 (KHTML, like Gecko) Chrome/59.0.3071.115 Safari/537.36"
27.50.79.22 - - [11/Sep/2020:20:14:07 -0400] "POST /xmlrpc.php HTTP/1.0" 200 403 "-" "Mozilla/5.0 (Windows NT 6.1; Win64; x64) AppleWebKit/537.36 (KHTML, like Gecko) Chrome/59.0.3071.115 Safari/537.36"
27.50.79.22 - - [11/Sep/2020:20:14:12 -0400] "POST /xmlrpc.php HTTP/1.0" 200 403 "-" "Mozilla/5.0 (Windows NT 6.1; Win64; x64) AppleWebKit/537.36 (KHTML, like Gecko) Chrome/59.0.3071.115 Safari/537.36"
27.50.79.22 - - [11/Sep/2020:20:14:17 -0400] "POST /xmlrpc.php HTTP/1.0" 200 403 "-" "Mozilla/5.0 (Windows NT 6.1; Win64; x64) AppleWebKit/537.36 (KHTML, like Gecko) Chrome/59.0.3071.115 Safari/537.36"
27.50.79.22 - - [11/Sep/2020:20:14:22 -0400] "POST /xmlrpc.php HTTP/1.0" 200 403 "-" "Mozilla/5.0 (Windows NT 6.1; Win64; x64) AppleWebKit/537.36 (KHTML, like Gecko) Chrome/59.0.3071.115 Safari/537.36"
27.50.79.22 - - [11/Sep/2020:20:14:41 -0400] "POST /xmlrpc.php HTTP/1.0" 200 403 "-" "Mozilla/5.0 (Windows NT 6.1; Win64; x64) AppleWebKit/537.36 (KHTML, like Gecko) Chrome/59.0.3071.115 Safari/537.36"
27.50.79.22 - - [11/Sep/2020:20:14:43 -0400] "POST /xmlrpc.php HTTP/1.0" 200 403 "-" "Mozilla/5.0 (Windows NT 6.1; Win64; x64) AppleWebKit/537.36 (KHTML, like Gecko) Chrome/59.0.3071.115 Safari/537.36"
27.50.79.22 - - [11/Sep/2020:20:14:54 -0400] "POST /xmlrpc.php HTTP/1.0" 200 403 "-" "Mozilla/5.0 (Windows NT 6.1; Win64; x64) AppleWebKit/537.36 (KHTML, like Gecko) Chrome/59.0.3071.115 Safari/537.36"
27.50.79.22 - - [11/Sep/2020:20:15:00 -0400] "POST /xmlrpc.php HTTP/1.0" 200 403 "-" "Mozilla/5.0 (Windows NT 6.1; Win64; x64) AppleWebKit/537.36 (KHTML, like Gecko) Chrome/59.0.3071.115 Safari/537.36"
27.50.79.22 - - [11/Sep/2020:20:15:07 -0400] "POST /xmlrpc.php HTTP/1.0" 200 403 "-" "Mozilla/5.0 (Windows NT 6.1; Win64; x64) AppleWebKit/537.36 (KHTML, like Gecko) Chrome/59.0.3071.115 Safari/537.36"
27.50.79.22 - - [11/Sep/2020:20:15:11 -0400] "POST /xmlrpc.php HTTP/1.0" 200 403 "-" "Mozilla/5.0 (Windows NT 6.1; Win64; x64) AppleWebKit/537.36 (KHTML, like Gecko) Chrome/59.0.3071.115 Safari/537.36"
27.50.79.22 - - [11/Sep/2020:20:15:28 -0400] "GET /wp-login.php HTTP/1.0" 200 3475 "-" "Mozilla/5.0 (Windows NT 6.1; Win64; x64) AppleWebKit/537.36 (KHTML, like Gecko) Chrome/59.0.3071.115 Safari/537.36"
27.50.79.22 - - [11/Sep/2020:20:15:48 -0400] "POST /wp-login.php HTTP/1.0" 200 4418 "http://cubscouts.org/wp-login.php" "Mozilla/5.0 (Windows NT 6.1; Win64; x64) AppleWebKit/537.36 (KHTML, like Gecko) Chrome/59.0.3071.115 Safari/537.36"
27.50.79.22 - - [11/Sep/2020:20:16:26 -0400] "POST /wp-login.php HTTP/1.0" 200 4418 "http://cubscouts.org/wp-login.php" "Mozilla/5.0 (Windows NT 6.1; Win64; x64) AppleWebKit/537.36 (KHTML, like Gecko) Chrome/59.0.3071.115 Safari/537.36"
27.50.79.22 - - [11/Sep/2020:20:16:28 -0400] "POST /wp-login.php HTTP/1.0" 200 4418 "http://cubscouts.org/wp-login.php" "Mozilla/5.0 (Windows NT 6.1; Win64; x64) AppleWebKit/537.36 (KHTML, like Gecko) Chrome/59.0.3071.115 Safari/537.36"
27.50.79.22 - - [11/Sep/2020:20:17:43 -0400] "POST /wp-login.php HTTP/1.0" 200 4475 "http://cubscouts.org/wp-login.php" "Mozilla/5.0 (Windows NT 6.1; Win64; x64) AppleWebKit/537.36 (KHTML, like Gecko) Chrome/59.0.3071.115 Safari/537.36"
27.50.79.22 - - [11/Sep/2020:20:17:53 -0400] "POST /wp-login.php HTTP/1.0" 200 4475 "http://cubscouts.org/wp-login.php" "Mozilla/5.0 (Windows NT 6.1; Win64; x64) AppleWebKit/537.36 (KHTML, like Gecko) Chrome/59.0.3071.115 Safari/537.36"
27.50.79.22 - - [11/Sep/2020:20:18:00 -0400] "POST /wp-login.php HTTP/1.0" 200 4475 "http://cubscouts.org/wp-login.php" "Mozilla/5.0 (Windows NT 6.1; Win64; x64) AppleWebKit/537.36 (KHTML, like Gecko) Chrome/59.0.3071.115 Safari/537.36"
27.50.79.22 - - [11/Sep/2020:20:18:44 -0400] "POST /wp-login.php HTTP/1.0" 200 4475 "http://cubscouts.org/wp-login.php" "Mozilla/5.0 (Windows NT 6.1; Win64; x64) AppleWebKit/537.36 (KHTML, like Gecko) Chrome/59.0.3071.115 Safari/537.36"
27.50.79.22 - - [11/Sep/2020:20:19:05 -0400] "POST /wp-login.php HTTP/1.0" 200 4475 "http://cubscouts.org/wp-login.php" "Mozilla/5.0 (Windows NT 6.1; Win64; x64) AppleWebKit/537.36 (KHTML, like Gecko) Chrome/59.0.3071.115 Safari/537.36"
27.50.79.22 - - [11/Sep/2020:20:19:11 -0400] "POST /wp-login.php HTTP/1.0" 200 4475 "http://cubscouts.org/wp-login.php" "Mozilla/5.0 (Windows NT 6.1; Win64; x64) AppleWebKit/537.36 (KHTML, like Gecko) Chrome/59.0.3071.115 Safari/537.36"
27.50.79.22 - - [11/Sep/2020:20:19:30 -0400] "POST /wp-login.php HTTP/1.0" 200 4475 "http://cubscouts.org/wp-login.php" "Mozilla/5.0 (Windows NT 6.1; Win64; x64) AppleWebKit/537.36 (KHTML, like Gecko) Chrome/59.0.3071.115 Safari/537.36"
27.50.79.22 - - [11/Sep/2020:20:20:05 -0400] "POST /wp-login.php HTTP/1.0" 200 4475 "http://cubscouts.org/wp-login.php" "Mozilla/5.0 (Windows NT 6.1; Win64; x64) AppleWebKit/537.36 (KHTML, like Gecko) Chrome/59.0.3071.115 Safari/537.36"
62.37.171.39 - - [11/Sep/2020:20:51:01 -0400] "GET /wp-content/plugins/woocommerce/assets/js/frontend/cart-fragments.min.js?ver=3.4.7 HTTP/1.0" 200 2568 "http://athenswideformat.com/product/hp-latex-570-64-printer/" "Mozilla/5.0 (Macintosh; Intel Mac OS X 10_13_6) AppleWebKit/537.36 (KHTML, like Gecko) Chrome/85.0.4183.83 Safari/537.36"
62.37.171.39 - - [11/Sep/2020:20:51:02 -0400] "GET /wp-content/plugins/woocommerce/assets/css/woocommerce-smallscreen.css?ver=3.4.7 HTTP/1.0" 200 6758 "http://athenswideformat.com/product/hp-latex-570-64-printer/" "Mozilla/5.0 (Macintosh; Intel Mac OS X 10_13_6) AppleWebKit/537.36 (KHTML, like Gecko) Chrome/85.0.4183.83 Safari/537.36"
84.17.60.215 - - [11/Sep/2020:07:20:40 -0400] "GET / HTTP/1.0" 200 19877 "http://athenswideformat.com/" "Mozilla/5.0 (Windows NT 6.1; Win64; x64) AppleWebKit/537.36 (KHTML, like Gecko) Chrome/66.0.3359.170 Safari/537.36 OPR/53.0.2907.106"
23.101.184.150 - - [11/Sep/2020:08:29:04 -0400] "GET /?author=1 HTTP/1.0" 301 - "-" "Mozilla/5.0 (Windows NT 10.0; Win64; x64) AppleWebKit/537.36 (KHTML, like Gecko) Chrome/80.0.3987.149 Safari/537.36"
23.101.184.150 - - [11/Sep/2020:08:29:49 -0400] "POST /xmlrpc.php HTTP/1.0" 200 401 "-" "Mozilla/5.0 (Windows NT 10.0; Win64; x64) AppleWebKit/537.36 (KHTML, like Gecko) Chrome/80.0.3987.149 Safari/537.36"
23.101.184.150 - - [11/Sep/2020:08:29:51 -0400] "POST /xmlrpc.php HTTP/1.0" 200 401 "-" "Mozilla/5.0 (Windows NT 10.0; Win64; x64) AppleWebKit/537.36 (KHTML, like Gecko) Chrome/80.0.3987.149 Safari/537.36"
23.101.184.150 - - [11/Sep/2020:08:30:06 -0400] "POST /xmlrpc.php HTTP/1.0" 200 401 "-" "Mozilla/5.0 (Windows NT 10.0; Win64; x64) AppleWebKit/537.36 (KHTML, like Gecko) Chrome/80.0.3987.149 Safari/537.36"
23.101.184.150 - - [11/Sep/2020:08:30:12 -0400] "POST /xmlrpc.php HTTP/1.0" 200 401 "-" "Mozilla/5.0 (Windows NT 10.0; Win64; x64) AppleWebKit/537.36 (KHTML, like Gecko) Chrome/80.0.3987.149 Safari/537.36"
23.101.184.150 - - [11/Sep/2020:08:30:14 -0400] "POST /xmlrpc.php HTTP/1.0" 200 401 "-" "Mozilla/5.0 (Windows NT 10.0; Win64; x64) AppleWebKit/537.36 (KHTML, like Gecko) Chrome/80.0.3987.149 Safari/537.36"
23.101.184.150 - - [11/Sep/2020:08:30:25 -0400] "POST /xmlrpc.php HTTP/1.0" 200 401 "-" "Mozilla/5.0 (Windows NT 10.0; Win64; x64) AppleWebKit/537.36 (KHTML, like Gecko) Chrome/80.0.3987.149 Safari/537.36"
23.101.184.150 - - [11/Sep/2020:08:30:38 -0400] "POST /xmlrpc.php HTTP/1.0" 200 401 "-" "Mozilla/5.0 (Windows NT 10.0; Win64; x64) AppleWebKit/537.36 (KHTML, like Gecko) Chrome/80.0.3987.149 Safari/537.36"
23.101.184.150 - - [11/Sep/2020:08:30:40 -0400] "POST /xmlrpc.php HTTP/1.0" 200 401 "-" "Mozilla/5.0 (Windows NT 10.0; Win64; x64) AppleWebKit/537.36 (KHTML, like Gecko) Chrome/80.0.3987.149 Safari/537.36"
10.30.94.78 - - [11/Sep/2020:13:28:51 -0400] "POST /wp-cron.php?doing_wp_cron=1599845331.8770940303802490234375 HTTP/1.0" 200 - "http://athenswideformat.com/wp-cron.php?doing_wp_cron=1599845331.8770940303802490234375" "WordPress/5.0.3; http://athenswideformat.com"
163.172.111.182 - - [11/Sep/2020:13:33:26 -0400] "POST /xmlrpc.php HTTP/1.0" 200 403 "-" "Mozilla/5.0 (Windows NT 6.1; Win64; x64) AppleWebKit/537.36 (KHTML, like Gecko) Chrome/59.0.3071.115 Safari/537.36"
163.172.111.182 - - [11/Sep/2020:13:33:43 -0400] "POST /xmlrpc.php HTTP/1.0" 200 403 "-" "Mozilla/5.0 (Windows NT 6.1; Win64; x64) AppleWebKit/537.36 (KHTML, like Gecko) Chrome/59.0.3071.115 Safari/537.36"
163.172.111.182 - - [11/Sep/2020:13:33:49 -0400] "POST /xmlrpc.php HTTP/1.0" 200 403 "-" "Mozilla/5.0 (Windows NT 6.1; Win64; x64) AppleWebKit/537.36 (KHTML, like Gecko) Chrome/59.0.3071.115 Safari/537.36"
163.172.111.182 - - [11/Sep/2020:13:33:50 -0400] "POST /xmlrpc.php HTTP/1.0" 200 403 "-" "Mozilla/5.0 (Windows NT 6.1; Win64; x64) AppleWebKit/537.36 (KHTML, like Gecko) Chrome/59.0.3071.115 Safari/537.36"
163.172.111.182 - - [11/Sep/2020:13:34:47 -0400] "POST /wp-login.php HTTP/1.0" 200 4418 "http://cubscouts.org/wp-login.php" "Mozilla/5.0 (Windows NT 6.1; Win64; x64) AppleWebKit/537.36 (KHTML, like Gecko) Chrome/59.0.3071.115 Safari/537.36"
163.172.111.182 - - [11/Sep/2020:13:34:50 -0400] "POST /wp-login.php HTTP/1.0" 200 4418 "http://cubscouts.org/wp-login.php" "Mozilla/5.0 (Windows NT 6.1; Win64; x64) AppleWebKit/537.36 (KHTML, like Gecko) Chrome/59.0.3071.115 Safari/537.36"
163.172.111.182 - - [11/Sep/2020:13:34:52 -0400] "POST /wp-login.php HTTP/1.0" 200 4418 "http://cubscouts.org/wp-login.php" "Mozilla/5.0 (Windows NT 6.1; Win64; x64) AppleWebKit/537.36 (KHTML, like Gecko) Chrome/59.0.3071.115 Safari/537.36"
163.172.111.182 - - [11/Sep/2020:13:35:19 -0400] "POST /wp-login.php HTTP/1.0" 200 4475 "http://cubscouts.org/wp-login.php" "Mozilla/5.0 (Windows NT 6.1; Win64; x64) AppleWebKit/537.36 (KHTML, like Gecko) Chrome/59.0.3071.115 Safari/537.36"
163.172.111.182 - - [11/Sep/2020:13:35:31 -0400] "POST /wp-login.php HTTP/1.0" 200 4475 "http://cubscouts.org/wp-login.php" "Mozilla/5.0 (Windows NT 6.1; Win64; x64) AppleWebKit/537.36 (KHTML, like Gecko) Chrome/59.0.3071.115 Safari/537.36"
10.30.94.78 - - [11/Sep/2020:17:25:27 -0400] "POST /wp-cron.php?doing_wp_cron=1599859527.6616339683532714843750 HTTP/1.0" 200 - "http://athenswideformat.com/wp-cron.php?doing_wp_cron=1599859527.6616339683532714843750" "WordPress/5.0.3; http://athenswideformat.com"
35.190.142.196 - - [11/Sep/2020:18:11:40 -0400] "GET /my-account/ HTTP/1.0" 200 19952 "-" "ZoominfoBot (zoominfobot at zoominfo dot com)"
35.190.142.196 - - [11/Sep/2020:18:32:22 -0400] "GET /xmlrpc.php HTTP/1.0" 405 42 "-" "ZoominfoBot (zoominfobot at zoominfo dot com)"
27.50.79.22 - - [11/Sep/2020:20:12:44 -0400] "POST /xmlrpc.php HTTP/1.0" 200 403 "-" "Mozilla/5.0 (Windows NT 6.1; Win64; x64) AppleWebKit/537.36 (KHTML, like Gecko) Chrome/59.0.3071.115 Safari/537.36"
27.50.79.22 - - [11/Sep/2020:20:13:50 -0400] "POST /xmlrpc.php HTTP/1.0" 200 403 "-" "Mozilla/5.0 (Windows NT 6.1; Win64; x64) AppleWebKit/537.36 (KHTML, like Gecko) Chrome/59.0.3071.115 Safari/537.36"
27.50.79.22 - - [11/Sep/2020:20:13:56 -0400] "POST /xmlrpc.php HTTP/1.0" 200 403 "-" "Mozilla/5.0 (Windows NT 6.1; Win64; x64) AppleWebKit/537.36 (KHTML, like Gecko) Chrome/59.0.3071.115 Safari/537.36"
27.50.79.22 - - [11/Sep/2020:20:14:01 -0400] "POST /xmlrpc.php HTTP/1.0" 200 403 "-" "Mozilla/5.0 (Windows NT 6.1; Win64; x64) AppleWebKit/537.36 (KHTML, like Gecko) Chrome/59.0.3071.115 Safari/537.36"
27.50.79.22 - - [11/Sep/2020:20:14:19 -0400] "POST /xmlrpc.php HTTP/1.0" 200 403 "-" "Mozilla/5.0 (Windows NT 6.1; Win64; x64) AppleWebKit/537.36 (KHTML, like Gecko) Chrome/59.0.3071.115 Safari/537.36"
27.50.79.22 - - [11/Sep/2020:20:14:29 -0400] "POST /xmlrpc.php HTTP/1.0" 200 403 "-" "Mozilla/5.0 (Windows NT 6.1; Win64; x64) AppleWebKit/537.36 (KHTML, like Gecko) Chrome/59.0.3071.115 Safari/537.36"
27.50.79.22 - - [11/Sep/2020:20:15:31 -0400] "POST /wp-login.php HTTP/1.0" 200 4418 "http://cubscouts.org/wp-login.php" "Mozilla/5.0 (Windows NT 6.1; Win64; x64) AppleWebKit/537.36 (KHTML, like Gecko) Chrome/59.0.3071.115 Safari/537.36"
27.50.79.22 - - [11/Sep/2020:20:17:55 -0400] "POST /wp-login.php HTTP/1.0" 200 4475 "http://cubscouts.org/wp-login.php" "Mozilla/5.0 (Windows NT 6.1; Win64; x64) AppleWebKit/537.36 (KHTML, like Gecko) Chrome/59.0.3071.115 Safari/537.36"
27.50.79.22 - - [11/Sep/2020:20:18:20 -0400] "POST /wp-login.php HTTP/1.0" 200 4475 "http://cubscouts.org/wp-login.php" "Mozilla/5.0 (Windows NT 6.1; Win64; x64) AppleWebKit/537.36 (KHTML, like Gecko) Chrome/59.0.3071.115 Safari/537.36"
27.50.79.22 - - [11/Sep/2020:20:19:19 -0400] "POST /wp-login.php HTTP/1.0" 200 4475 "http://cubscouts.org/wp-login.php" "Mozilla/5.0 (Windows NT 6.1; Win64; x64) AppleWebKit/537.36 (KHTML, like Gecko) Chrome/59.0.3071.115 Safari/537.36"
104.40.149.51 - - [11/Sep/2020:20:23:10 -0400] "GET /wp-content/plugins/ban-users/readme.txt HTTP/1.0" 404 16160 "-" "Mozilla/4.0 (compatible; MSIE 6.0; Windows NT 5.1; SV1)"
62.37.171.39 - - [11/Sep/2020:20:51:01 -0400] "GET /wp-content/themes/melos/lib/extentions/prettyPhoto/css/prettyPhoto.css?ver=3.1.6 HTTP/1.0" 200 27154 "http://athenswideformat.com/product/hp-latex-570-64-printer/" "Mozilla/5.0 (Macintosh; Intel Mac OS X 10_13_6) AppleWebKit/537.36 (KHTML, like Gecko) Chrome/85.0.4183.83 Safari/537.36"
62.37.171.39 - - [11/Sep/2020:20:51:01 -0400] "GET /wp-includes/js/jquery/jquery.js?ver=1.12.4 HTTP/1.0" 200 97184 "http://athenswideformat.com/product/hp-latex-570-64-printer/" "Mozilla/5.0 (Macintosh; Intel Mac OS X 10_13_6) AppleWebKit/537.36 (KHTML, like Gecko) Chrome/85.0.4183.83 Safari/537.36"
62.37.171.39 - - [11/Sep/2020:20:51:01 -0400] "GET /wp-content/plugins/woocommerce/assets/js/frontend/single-product.min.js?ver=3.4.7 HTTP/1.0" 200 5859 "http://athenswideformat.com/product/hp-latex-570-64-printer/" "Mozilla/5.0 (Macintosh; Intel Mac OS X 10_13_6) AppleWebKit/537.36 (KHTML, like Gecko) Chrome/85.0.4183.83 Safari/537.36"
171.112.89.176 - - [11/Sep/2020:21:00:45 -0400] "GET /wp-content/plugins/api-bing-map-2018/css/bmp-style.css HTTP/1.0" 404 16160 "-" "Mozilla/4.0 (compatible; MSIE 6.0; Windows NT 5.1; SV1)"
66.249.72.65 - - [11/Sep/2020:21:28:17 -0400] "GET /wp-content/themes/melos/lib/extentions/prettyPhoto/css/prettyPhoto.css?ver=3.1.6 HTTP/1.0" 200 27154 "http://athenswideformat.com/product/hp-latex-r1000-plus-64-flatbed-printer/" "Mozilla/5.0 AppleWebKit/537.36 (KHTML, like Gecko; compatible; Googlebot/2.1; +http://www.google.com/bot.html) Chrome/85.0.4183.105 Safari/537.36"
51.15.82.176 - - [11/Sep/2020:23:52:47 -0400] "POST /xmlrpc.php HTTP/1.0" 200 403 "-" "Mozilla/5.0 (iPad; CPU OS 12_0 like Mac OS X) AppleWebKit/605.1.15 (KHTML, like Gecko) Version/12.0 Mobile/15E148 Safari/604.1"
192.71.44.44 - - [11/Sep/2020:04:56:59 -0400] "GET / HTTP/1.0" 200 19877 "http://www.ATHENSWIDEFORMAT.COM" "Go-http-client/1.1"
194.61.24.102 - - [11/Sep/2020:05:19:19 -0400] "POST /xmlrpc.php HTTP/1.0" 200 401 "-" "Mozilla/5.0 (Windows NT 10.0; Win64; x64) AppleWebKit/537.36 (KHTML, like Gecko) Chrome/78.0.3904.108 Safari/537.36"
10.30.94.78 - - [11/Sep/2020:08:29:02 -0400] "POST /wp-cron.php?doing_wp_cron=1599827343.9143500328063964843750 HTTP/1.0" 200 - "http://athenswideformat.com/wp-cron.php?doing_wp_cron=1599827343.9143500328063964843750" "WordPress/5.0.3; http://athenswideformat.com"
23.101.184.150 - - [11/Sep/2020:08:29:47 -0400] "POST /xmlrpc.php HTTP/1.0" 200 401 "-" "Mozilla/5.0 (Windows NT 10.0; Win64; x64) AppleWebKit/537.36 (KHTML, like Gecko) Chrome/80.0.3987.149 Safari/537.36"
23.101.184.150 - - [11/Sep/2020:08:29:50 -0400] "POST /xmlrpc.php HTTP/1.0" 200 401 "-" "Mozilla/5.0 (Windows NT 10.0; Win64; x64) AppleWebKit/537.36 (KHTML, like Gecko) Chrome/80.0.3987.149 Safari/537.36"
23.101.184.150 - - [11/Sep/2020:08:29:53 -0400] "POST /xmlrpc.php HTTP/1.0" 200 401 "-" "Mozilla/5.0 (Windows NT 10.0; Win64; x64) AppleWebKit/537.36 (KHTML, like Gecko) Chrome/80.0.3987.149 Safari/537.36"
23.101.184.150 - - [11/Sep/2020:08:30:04 -0400] "POST /xmlrpc.php HTTP/1.0" 200 401 "-" "Mozilla/5.0 (Windows NT 10.0; Win64; x64) AppleWebKit/537.36 (KHTML, like Gecko) Chrome/80.0.3987.149 Safari/537.36"
23.101.184.150 - - [11/Sep/2020:08:30:11 -0400] "POST /xmlrpc.php HTTP/1.0" 200 401 "-" "Mozilla/5.0 (Windows NT 10.0; Win64; x64) AppleWebKit/537.36 (KHTML, like Gecko) Chrome/80.0.3987.149 Safari/537.36"
23.101.184.150 - - [11/Sep/2020:08:30:13 -0400] "POST /xmlrpc.php HTTP/1.0" 200 401 "-" "Mozilla/5.0 (Windows NT 10.0; Win64; x64) AppleWebKit/537.36 (KHTML, like Gecko) Chrome/80.0.3987.149 Safari/537.36"
23.101.184.150 - - [11/Sep/2020:08:30:22 -0400] "POST /xmlrpc.php HTTP/1.0" 200 401 "-" "Mozilla/5.0 (Windows NT 10.0; Win64; x64) AppleWebKit/537.36 (KHTML, like Gecko) Chrome/80.0.3987.149 Safari/537.36"
23.101.184.150 - - [11/Sep/2020:08:30:27 -0400] "POST /xmlrpc.php HTTP/1.0" 200 401 "-" "Mozilla/5.0 (Windows NT 10.0; Win64; x64) AppleWebKit/537.36 (KHTML, like Gecko) Chrome/80.0.3987.149 Safari/537.36"
23.101.184.150 - - [11/Sep/2020:08:30:27 -0400] "POST /xmlrpc.php HTTP/1.0" 200 401 "-" "Mozilla/5.0 (Windows NT 10.0; Win64; x64) AppleWebKit/537.36 (KHTML, like Gecko) Chrome/80.0.3987.149 Safari/537.36"
23.101.184.150 - - [11/Sep/2020:08:30:28 -0400] "POST /xmlrpc.php HTTP/1.0" 200 401 "-" "Mozilla/5.0 (Windows NT 10.0; Win64; x64) AppleWebKit/537.36 (KHTML, like Gecko) Chrome/80.0.3987.149 Safari/537.36"
23.101.184.150 - - [11/Sep/2020:08:30:51 -0400] "POST /xmlrpc.php HTTP/1.0" 200 401 "-" "Mozilla/5.0 (Windows NT 10.0; Win64; x64) AppleWebKit/537.36 (KHTML, like Gecko) Chrome/80.0.3987.149 Safari/537.36"
23.101.184.150 - - [11/Sep/2020:08:30:56 -0400] "POST /xmlrpc.php HTTP/1.0" 200 401 "-" "Mozilla/5.0 (Windows NT 10.0; Win64; x64) AppleWebKit/537.36 (KHTML, like Gecko) Chrome/80.0.3987.149 Safari/537.36"
163.172.111.182 - - [11/Sep/2020:13:33:06 -0400] "GET /wp-admin/ HTTP/1.0" 302 - "http://athenswideformat.com" "Mozilla/5.0 (Windows NT 6.1; Win64; x64) AppleWebKit/537.36 (KHTML, like Gecko) Chrome/59.0.3071.115 Safari/537.36"
163.172.111.182 - - [11/Sep/2020:13:34:07 -0400] "POST /xmlrpc.php HTTP/1.0" 200 403 "-" "Mozilla/5.0 (Windows NT 6.1; Win64; x64) AppleWebKit/537.36 (KHTML, like Gecko) Chrome/59.0.3071.115 Safari/537.36"
163.172.111.182 - - [11/Sep/2020:13:34:23 -0400] "POST /wp-login.php HTTP/1.0" 200 4418 "http://cubscouts.org/wp-login.php" "Mozilla/5.0 (Windows NT 6.1; Win64; x64) AppleWebKit/537.36 (KHTML, like Gecko) Chrome/59.0.3071.115 Safari/537.36"
163.172.111.182 - - [11/Sep/2020:13:34:38 -0400] "POST /wp-login.php HTTP/1.0" 200 4418 "http://cubscouts.org/wp-login.php" "Mozilla/5.0 (Windows NT 6.1; Win64; x64) AppleWebKit/537.36 (KHTML, like Gecko) Chrome/59.0.3071.115 Safari/537.36"
163.172.111.182 - - [11/Sep/2020:13:34:45 -0400] "POST /wp-login.php HTTP/1.0" 200 4418 "http://cubscouts.org/wp-login.php" "Mozilla/5.0 (Windows NT 6.1; Win64; x64) AppleWebKit/537.36 (KHTML, like Gecko) Chrome/59.0.3071.115 Safari/537.36"
163.172.111.182 - - [11/Sep/2020:13:34:54 -0400] "POST /wp-login.php HTTP/1.0" 200 4418 "http://cubscouts.org/wp-login.php" "Mozilla/5.0 (Windows NT 6.1; Win64; x64) AppleWebKit/537.36 (KHTML, like Gecko) Chrome/59.0.3071.115 Safari/537.36"
163.172.111.182 - - [11/Sep/2020:13:34:56 -0400] "POST /wp-login.php HTTP/1.0" 200 4418 "http://cubscouts.org/wp-login.php" "Mozilla/5.0 (Windows NT 6.1; Win64; x64) AppleWebKit/537.36 (KHTML, like Gecko) Chrome/59.0.3071.115 Safari/537.36"
163.172.111.182 - - [11/Sep/2020:13:35:05 -0400] "POST /wp-login.php HTTP/1.0" 200 4418 "http://cubscouts.org/wp-login.php" "Mozilla/5.0 (Windows NT 6.1; Win64; x64) AppleWebKit/537.36 (KHTML, like Gecko) Chrome/59.0.3071.115 Safari/537.36"
163.172.111.182 - - [11/Sep/2020:13:35:29 -0400] "POST /wp-login.php HTTP/1.0" 200 4475 "http://cubscouts.org/wp-login.php" "Mozilla/5.0 (Windows NT 6.1; Win64; x64) AppleWebKit/537.36 (KHTML, like Gecko) Chrome/59.0.3071.115 Safari/537.36"
163.172.111.182 - - [11/Sep/2020:13:35:29 -0400] "POST /wp-login.php HTTP/1.0" 200 4475 "http://cubscouts.org/wp-login.php" "Mozilla/5.0 (Windows NT 6.1; Win64; x64) AppleWebKit/537.36 (KHTML, like Gecko) Chrome/59.0.3071.115 Safari/537.36"
163.172.111.182 - - [11/Sep/2020:13:35:36 -0400] "POST /wp-login.php HTTP/1.0" 200 4475 "http://cubscouts.org/wp-login.php" "Mozilla/5.0 (Windows NT 6.1; Win64; x64) AppleWebKit/537.36 (KHTML, like Gecko) Chrome/59.0.3071.115 Safari/537.36"
163.172.111.182 - - [11/Sep/2020:13:35:38 -0400] "POST /wp-login.php HTTP/1.0" 200 4475 "http://cubscouts.org/wp-login.php" "Mozilla/5.0 (Windows NT 6.1; Win64; x64) AppleWebKit/537.36 (KHTML, like Gecko) Chrome/59.0.3071.115 Safari/537.36"
163.172.111.182 - - [11/Sep/2020:13:35:40 -0400] "POST /wp-login.php HTTP/1.0" 200 4475 "http://cubscouts.org/wp-login.php" "Mozilla/5.0 (Windows NT 6.1; Win64; x64) AppleWebKit/537.36 (KHTML, like Gecko) Chrome/59.0.3071.115 Safari/537.36"
163.172.111.182 - - [11/Sep/2020:13:35:42 -0400] "POST /wp-login.php HTTP/1.0" 200 4475 "http://cubscouts.org/wp-login.php" "Mozilla/5.0 (Windows NT 6.1; Win64; x64) AppleWebKit/537.36 (KHTML, like Gecko) Chrome/59.0.3071.115 Safari/537.36"
35.190.142.196 - - [11/Sep/2020:18:29:30 -0400] "GET /contact/ HTTP/1.0" 200 41055 "-" "ZoominfoBot (zoominfobot at zoominfo dot com)"
35.190.142.196 - - [11/Sep/2020:18:31:11 -0400] "GET /product-category/latex-printers/ HTTP/1.0" 200 36745 "-" "ZoominfoBot (zoominfobot at zoominfo dot com)"
27.50.79.22 - - [11/Sep/2020:20:12:21 -0400] "GET /?author=1 HTTP/1.0" 301 - "-" "Mozilla/5.0 (Windows NT 6.1; Win64; x64) AppleWebKit/537.36 (KHTML, like Gecko) Chrome/59.0.3071.115 Safari/537.36"
27.50.79.22 - - [11/Sep/2020:20:12:42 -0400] "POST /xmlrpc.php HTTP/1.0" 200 403 "-" "Mozilla/5.0 (Windows NT 6.1; Win64; x64) AppleWebKit/537.36 (KHTML, like Gecko) Chrome/59.0.3071.115 Safari/537.36"
27.50.79.22 - - [11/Sep/2020:20:12:49 -0400] "POST /xmlrpc.php HTTP/1.0" 200 403 "-" "Mozilla/5.0 (Windows NT 6.1; Win64; x64) AppleWebKit/537.36 (KHTML, like Gecko) Chrome/59.0.3071.115 Safari/537.36"
27.50.79.22 - - [11/Sep/2020:20:13:28 -0400] "POST /xmlrpc.php HTTP/1.0" 200 403 "-" "Mozilla/5.0 (Windows NT 6.1; Win64; x64) AppleWebKit/537.36 (KHTML, like Gecko) Chrome/59.0.3071.115 Safari/537.36"
27.50.79.22 - - [11/Sep/2020:20:13:33 -0400] "POST /xmlrpc.php HTTP/1.0" 200 403 "-" "Mozilla/5.0 (Windows NT 6.1; Win64; x64) AppleWebKit/537.36 (KHTML, like Gecko) Chrome/59.0.3071.115 Safari/537.36"
27.50.79.22 - - [11/Sep/2020:20:13:39 -0400] "POST /xmlrpc.php HTTP/1.0" 200 403 "-" "Mozilla/5.0 (Windows NT 6.1; Win64; x64) AppleWebKit/537.36 (KHTML, like Gecko) Chrome/59.0.3071.115 Safari/537.36"
27.50.79.22 - - [11/Sep/2020:20:13:49 -0400] "POST /xmlrpc.php HTTP/1.0" 200 403 "-" "Mozilla/5.0 (Windows NT 6.1; Win64; x64) AppleWebKit/537.36 (KHTML, like Gecko) Chrome/59.0.3071.115 Safari/537.36"
27.50.79.22 - - [11/Sep/2020:20:13:55 -0400] "POST /xmlrpc.php HTTP/1.0" 200 403 "-" "Mozilla/5.0 (Windows NT 6.1; Win64; x64) AppleWebKit/537.36 (KHTML, like Gecko) Chrome/59.0.3071.115 Safari/537.36"
27.50.79.22 - - [11/Sep/2020:20:14:09 -0400] "POST /xmlrpc.php HTTP/1.0" 200 403 "-" "Mozilla/5.0 (Windows NT 6.1; Win64; x64) AppleWebKit/537.36 (KHTML, like Gecko) Chrome/59.0.3071.115 Safari/537.36"
27.50.79.22 - - [11/Sep/2020:20:14:15 -0400] "POST /xmlrpc.php HTTP/1.0" 200 403 "-" "Mozilla/5.0 (Windows NT 6.1; Win64; x64) AppleWebKit/537.36 (KHTML, like Gecko) Chrome/59.0.3071.115 Safari/537.36"
27.50.79.22 - - [11/Sep/2020:20:14:30 -0400] "POST /xmlrpc.php HTTP/1.0" 200 403 "-" "Mozilla/5.0 (Windows NT 6.1; Win64; x64) AppleWebKit/537.36 (KHTML, like Gecko) Chrome/59.0.3071.115 Safari/537.36"
27.50.79.22 - - [11/Sep/2020:20:15:13 -0400] "POST /xmlrpc.php HTTP/1.0" 200 403 "-" "Mozilla/5.0 (Windows NT 6.1; Win64; x64) AppleWebKit/537.36 (KHTML, like Gecko) Chrome/59.0.3071.115 Safari/537.36"
27.50.79.22 - - [11/Sep/2020:20:15:50 -0400] "POST /wp-login.php HTTP/1.0" 200 4418 "http://cubscouts.org/wp-login.php" "Mozilla/5.0 (Windows NT 6.1; Win64; x64) AppleWebKit/537.36 (KHTML, like Gecko) Chrome/59.0.3071.115 Safari/537.36"
27.50.79.22 - - [11/Sep/2020:20:16:12 -0400] "POST /wp-login.php HTTP/1.0" 200 4418 "http://cubscouts.org/wp-login.php" "Mozilla/5.0 (Windows NT 6.1; Win64; x64) AppleWebKit/537.36 (KHTML, like Gecko) Chrome/59.0.3071.115 Safari/537.36"
27.50.79.22 - - [11/Sep/2020:20:16:13 -0400] "POST /wp-login.php HTTP/1.0" 200 4418 "http://cubscouts.org/wp-login.php" "Mozilla/5.0 (Windows NT 6.1; Win64; x64) AppleWebKit/537.36 (KHTML, like Gecko) Chrome/59.0.3071.115 Safari/537.36"
27.50.79.22 - - [11/Sep/2020:20:16:15 -0400] "POST /wp-login.php HTTP/1.0" 200 4418 "http://cubscouts.org/wp-login.php" "Mozilla/5.0 (Windows NT 6.1; Win64; x64) AppleWebKit/537.36 (KHTML, like Gecko) Chrome/59.0.3071.115 Safari/537.36"
27.50.79.22 - - [11/Sep/2020:20:16:51 -0400] "POST /wp-login.php HTTP/1.0" 200 4475 "http://cubscouts.org/wp-login.php" "Mozilla/5.0 (Windows NT 6.1; Win64; x64) AppleWebKit/537.36 (KHTML, like Gecko) Chrome/59.0.3071.115 Safari/537.36"
27.50.79.22 - - [11/Sep/2020:20:17:04 -0400] "POST /wp-login.php HTTP/1.0" 200 4475 "http://cubscouts.org/wp-login.php" "Mozilla/5.0 (Windows NT 6.1; Win64; x64) AppleWebKit/537.36 (KHTML, like Gecko) Chrome/59.0.3071.115 Safari/537.36"
27.50.79.22 - - [11/Sep/2020:20:17:11 -0400] "POST /wp-login.php HTTP/1.0" 200 4475 "http://cubscouts.org/wp-login.php" "Mozilla/5.0 (Windows NT 6.1; Win64; x64) AppleWebKit/537.36 (KHTML, like Gecko) Chrome/59.0.3071.115 Safari/537.36"
27.50.79.22 - - [11/Sep/2020:20:17:31 -0400] "POST /wp-login.php HTTP/1.0" 200 4475 "http://cubscouts.org/wp-login.php" "Mozilla/5.0 (Windows NT 6.1; Win64; x64) AppleWebKit/537.36 (KHTML, like Gecko) Chrome/59.0.3071.115 Safari/537.36"
27.50.79.22 - - [11/Sep/2020:20:17:36 -0400] "POST /wp-login.php HTTP/1.0" 200 4475 "http://cubscouts.org/wp-login.php" "Mozilla/5.0 (Windows NT 6.1; Win64; x64) AppleWebKit/537.36 (KHTML, like Gecko) Chrome/59.0.3071.115 Safari/537.36"
27.50.79.22 - - [11/Sep/2020:20:18:22 -0400] "POST /wp-login.php HTTP/1.0" 200 4475 "http://cubscouts.org/wp-login.php" "Mozilla/5.0 (Windows NT 6.1; Win64; x64) AppleWebKit/537.36 (KHTML, like Gecko) Chrome/59.0.3071.115 Safari/537.36"
27.50.79.22 - - [11/Sep/2020:20:18:24 -0400] "POST /wp-login.php HTTP/1.0" 200 4475 "http://cubscouts.org/wp-login.php" "Mozilla/5.0 (Windows NT 6.1; Win64; x64) AppleWebKit/537.36 (KHTML, like Gecko) Chrome/59.0.3071.115 Safari/537.36"
27.50.79.22 - - [11/Sep/2020:20:18:40 -0400] "POST /wp-login.php HTTP/1.0" 200 4475 "http://cubscouts.org/wp-login.php" "Mozilla/5.0 (Windows NT 6.1; Win64; x64) AppleWebKit/537.36 (KHTML, like Gecko) Chrome/59.0.3071.115 Safari/537.36"
27.50.79.22 - - [11/Sep/2020:20:18:49 -0400] "POST /wp-login.php HTTP/1.0" 200 4475 "http://cubscouts.org/wp-login.php" "Mozilla/5.0 (Windows NT 6.1; Win64; x64) AppleWebKit/537.36 (KHTML, like Gecko) Chrome/59.0.3071.115 Safari/537.36"
27.50.79.22 - - [11/Sep/2020:20:18:52 -0400] "POST /wp-login.php HTTP/1.0" 200 4475 "http://cubscouts.org/wp-login.php" "Mozilla/5.0 (Windows NT 6.1; Win64; x64) AppleWebKit/537.36 (KHTML, like Gecko) Chrome/59.0.3071.115 Safari/537.36"
27.50.79.22 - - [11/Sep/2020:20:18:55 -0400] "POST /wp-login.php HTTP/1.0" 200 4475 "http://cubscouts.org/wp-login.php" "Mozilla/5.0 (Windows NT 6.1; Win64; x64) AppleWebKit/537.36 (KHTML, like Gecko) Chrome/59.0.3071.115 Safari/537.36"
27.50.79.22 - - [11/Sep/2020:20:19:01 -0400] "POST /wp-login.php HTTP/1.0" 200 4475 "http://cubscouts.org/wp-login.php" "Mozilla/5.0 (Windows NT 6.1; Win64; x64) AppleWebKit/537.36 (KHTML, like Gecko) Chrome/59.0.3071.115 Safari/537.36"
27.50.79.22 - - [11/Sep/2020:20:19:27 -0400] "POST /wp-login.php HTTP/1.0" 200 4475 "http://cubscouts.org/wp-login.php" "Mozilla/5.0 (Windows NT 6.1; Win64; x64) AppleWebKit/537.36 (KHTML, like Gecko) Chrome/59.0.3071.115 Safari/537.36"
27.50.79.22 - - [11/Sep/2020:20:19:52 -0400] "POST /wp-login.php HTTP/1.0" 200 4475 "http://cubscouts.org/wp-login.php" "Mozilla/5.0 (Windows NT 6.1; Win64; x64) AppleWebKit/537.36 (KHTML, like Gecko) Chrome/59.0.3071.115 Safari/537.36"
27.50.79.22 - - [11/Sep/2020:20:20:01 -0400] "POST /wp-login.php HTTP/1.0" 200 4475 "http://cubscouts.org/wp-login.php" "Mozilla/5.0 (Windows NT 6.1; Win64; x64) AppleWebKit/537.36 (KHTML, like Gecko) Chrome/59.0.3071.115 Safari/537.36"
117.60.232.120 - - [11/Sep/2020:20:42:57 -0400] "GET /wp-content/plugins/easy-upload-files-during-checkout/readme.txt HTTP/1.0" 404 16160 "-" "Mozilla/4.0 (compatible; MSIE 6.0; Windows NT 5.1; SV1)"
62.37.171.39 - - [11/Sep/2020:20:51:01 -0400] "GET /wp-content/plugins/woocommerce/assets/js/jquery-tiptip/jquery.tipTip.min.js?ver=3.4.7 HTTP/1.0" 200 2752 "http://athenswideformat.com/product/hp-latex-570-64-printer/" "Mozilla/5.0 (Macintosh; Intel Mac OS X 10_13_6) AppleWebKit/537.36 (KHTML, like Gecko) Chrome/85.0.4183.83 Safari/537.36"
62.37.171.39 - - [11/Sep/2020:20:51:01 -0400] "GET /wp-content/themes/melos/lib/extentions/font-awesome/fonts/fontawesome-webfont.woff2?v=4.7.0 HTTP/1.0" 200 77160 "http://athenswideformat.com/wp-content/themes/melos/lib/extentions/font-awesome/css/font-awesome.min.css?ver=4.7.0" "Mozilla/5.0 (Macintosh; Intel Mac OS X 10_13_6) AppleWebKit/537.36 (KHTML, like Gecko) Chrome/85.0.4183.83 Safari/537.36"
62.37.171.39 - - [11/Sep/2020:20:51:01 -0400] "GET /wp-content/uploads/2019/01/latex-570.jpg HTTP/1.0" 200 29344 "http://athenswideformat.com/product/hp-latex-570-64-printer/" "Mozilla/5.0 (Macintosh; Intel Mac OS X 10_13_6) AppleWebKit/537.36 (KHTML, like Gecko) Chrome/85.0.4183.83 Safari/537.36"
62.37.171.39 - - [11/Sep/2020:20:51:01 -0400] "GET /wp-content/themes/melos/lib/scripts/main-frontend.js?ver=1.2.6 HTTP/1.0" 200 27053 "http://athenswideformat.com/product/hp-latex-570-64-printer/" "Mozilla/5.0 (Macintosh; Intel Mac OS X 10_13_6) AppleWebKit/537.36 (KHTML, like Gecko) Chrome/85.0.4183.83 Safari/537.36"
62.37.171.39 - - [11/Sep/2020:20:51:01 -0400] "POST /?wc-ajax=get_refreshed_fragments HTTP/1.0" 200 210 "http://athenswideformat.com/product/hp-latex-570-64-printer/" "Mozilla/5.0 (Macintosh; Intel Mac OS X 10_13_6) AppleWebKit/537.36 (KHTML, like Gecko) Chrome/85.0.4183.83 Safari/537.36"
72.11.148.222 - - [11/Sep/2020:21:00:53 -0400] "GET /wp-content/plugins/api-bing-map-2018/js/bmp_map_script_front.js HTTP/1.0" 404 16160 "-" "Mozilla/4.0 (compatible; MSIE 6.0; Windows NT 5.1; SV1)"
66.249.72.65 - - [11/Sep/2020:05:12:16 -0400] "GET /wp-content/plugins/woocommerce/assets/js/prettyPhoto/jquery.prettyPhoto.min.js?ver=3.1.6 HTTP/1.0" 200 21592 "http://athenswideformat.com/product/hp-latex-r1000-plus-64-flatbed-printer/" "Mozilla/5.0 AppleWebKit/537.36 (KHTML, like Gecko; compatible; Googlebot/2.1; +http://www.google.com/bot.html) Chrome/85.0.4183.105 Safari/537.36"
194.61.24.102 - - [11/Sep/2020:05:19:08 -0400] "GET /?author=1 HTTP/1.0" 301 - "-" "Mozilla/5.0 (Windows NT 10.0; Win64; x64) AppleWebKit/537.36 (KHTML, like Gecko) Chrome/78.0.3904.108 Safari/537.36"
10.30.94.78 - - [11/Sep/2020:07:14:33 -0400] "POST /wp-cron.php?doing_wp_cron=1599822873.1097888946533203125000 HTTP/1.0" 200 - "http://athenswideformat.com/wp-cron.php?doing_wp_cron=1599822873.1097888946533203125000" "WordPress/5.0.3; http://athenswideformat.com"
23.101.184.150 - - [11/Sep/2020:08:29:40 -0400] "POST /xmlrpc.php HTTP/1.0" 200 401 "-" "Mozilla/5.0 (Windows NT 10.0; Win64; x64) AppleWebKit/537.36 (KHTML, like Gecko) Chrome/80.0.3987.149 Safari/537.36"
23.101.184.150 - - [11/Sep/2020:08:30:01 -0400] "POST /xmlrpc.php HTTP/1.0" 200 401 "-" "Mozilla/5.0 (Windows NT 10.0; Win64; x64) AppleWebKit/537.36 (KHTML, like Gecko) Chrome/80.0.3987.149 Safari/537.36"
23.101.184.150 - - [11/Sep/2020:08:30:03 -0400] "POST /xmlrpc.php HTTP/1.0" 200 401 "-" "Mozilla/5.0 (Windows NT 10.0; Win64; x64) AppleWebKit/537.36 (KHTML, like Gecko) Chrome/80.0.3987.149 Safari/537.36"
23.101.184.150 - - [11/Sep/2020:08:30:17 -0400] "POST /xmlrpc.php HTTP/1.0" 200 401 "-" "Mozilla/5.0 (Windows NT 10.0; Win64; x64) AppleWebKit/537.36 (KHTML, like Gecko) Chrome/80.0.3987.149 Safari/537.36"
23.101.184.150 - - [11/Sep/2020:08:30:26 -0400] "POST /xmlrpc.php HTTP/1.0" 200 401 "-" "Mozilla/5.0 (Windows NT 10.0; Win64; x64) AppleWebKit/537.36 (KHTML, like Gecko) Chrome/80.0.3987.149 Safari/537.36"
23.101.184.150 - - [11/Sep/2020:08:30:28 -0400] "POST /xmlrpc.php HTTP/1.0" 200 401 "-" "Mozilla/5.0 (Windows NT 10.0; Win64; x64) AppleWebKit/537.36 (KHTML, like Gecko) Chrome/80.0.3987.149 Safari/537.36"
23.101.184.150 - - [11/Sep/2020:08:30:29 -0400] "POST /xmlrpc.php HTTP/1.0" 200 401 "-" "Mozilla/5.0 (Windows NT 10.0; Win64; x64) AppleWebKit/537.36 (KHTML, like Gecko) Chrome/80.0.3987.149 Safari/537.36"
23.101.184.150 - - [11/Sep/2020:08:30:30 -0400] "POST /xmlrpc.php HTTP/1.0" 200 401 "-" "Mozilla/5.0 (Windows NT 10.0; Win64; x64) AppleWebKit/537.36 (KHTML, like Gecko) Chrome/80.0.3987.149 Safari/537.36"
23.101.184.150 - - [11/Sep/2020:08:30:43 -0400] "POST /xmlrpc.php HTTP/1.0" 200 401 "-" "Mozilla/5.0 (Windows NT 10.0; Win64; x64) AppleWebKit/537.36 (KHTML, like Gecko) Chrome/80.0.3987.149 Safari/537.36"
23.101.184.150 - - [11/Sep/2020:08:30:47 -0400] "POST /xmlrpc.php HTTP/1.0" 200 401 "-" "Mozilla/5.0 (Windows NT 10.0; Win64; x64) AppleWebKit/537.36 (KHTML, like Gecko) Chrome/80.0.3987.149 Safari/537.36"
23.101.184.150 - - [11/Sep/2020:08:30:48 -0400] "POST /xmlrpc.php HTTP/1.0" 200 401 "-" "Mozilla/5.0 (Windows NT 10.0; Win64; x64) AppleWebKit/537.36 (KHTML, like Gecko) Chrome/80.0.3987.149 Safari/537.36"
23.101.184.150 - - [11/Sep/2020:08:30:48 -0400] "POST /xmlrpc.php HTTP/1.0" 200 401 "-" "Mozilla/5.0 (Windows NT 10.0; Win64; x64) AppleWebKit/537.36 (KHTML, like Gecko) Chrome/80.0.3987.149 Safari/537.36"
23.101.184.150 - - [11/Sep/2020:08:30:52 -0400] "POST /xmlrpc.php HTTP/1.0" 200 401 "-" "Mozilla/5.0 (Windows NT 10.0; Win64; x64) AppleWebKit/537.36 (KHTML, like Gecko) Chrome/80.0.3987.149 Safari/537.36"
185.191.171.6 - - [11/Sep/2020:10:48:22 -0400] "GET /robots.txt HTTP/1.0" 200 67 "-" "Mozilla/5.0 (compatible; SemrushBot/6~bl; +http://www.semrush.com/bot.html)"
10.30.94.78 - - [11/Sep/2020:12:21:09 -0400] "POST /wp-cron.php?doing_wp_cron=1599841268.9895679950714111328125 HTTP/1.0" 200 - "http://athenswideformat.com/wp-cron.php?doing_wp_cron=1599841268.9895679950714111328125" "WordPress/5.0.3; http://athenswideformat.com"
163.172.111.182 - - [11/Sep/2020:13:33:18 -0400] "GET /?author=3 HTTP/1.0" 404 16160 "-" "Mozilla/5.0 (Windows NT 6.1; Win64; x64) AppleWebKit/537.36 (KHTML, like Gecko) Chrome/59.0.3071.115 Safari/537.36"
163.172.111.182 - - [11/Sep/2020:13:33:38 -0400] "POST /xmlrpc.php HTTP/1.0" 200 403 "-" "Mozilla/5.0 (Windows NT 6.1; Win64; x64) AppleWebKit/537.36 (KHTML, like Gecko) Chrome/59.0.3071.115 Safari/537.36"
163.172.111.182 - - [11/Sep/2020:13:33:55 -0400] "POST /xmlrpc.php HTTP/1.0" 200 403 "-" "Mozilla/5.0 (Windows NT 6.1; Win64; x64) AppleWebKit/537.36 (KHTML, like Gecko) Chrome/59.0.3071.115 Safari/537.36"
163.172.111.182 - - [11/Sep/2020:13:34:00 -0400] "POST /xmlrpc.php HTTP/1.0" 200 403 "-" "Mozilla/5.0 (Windows NT 6.1; Win64; x64) AppleWebKit/537.36 (KHTML, like Gecko) Chrome/59.0.3071.115 Safari/537.36"
163.172.111.182 - - [11/Sep/2020:13:34:13 -0400] "POST /xmlrpc.php HTTP/1.0" 200 403 "-" "Mozilla/5.0 (Windows NT 6.1; Win64; x64) AppleWebKit/537.36 (KHTML, like Gecko) Chrome/59.0.3071.115 Safari/537.36"
163.172.111.182 - - [11/Sep/2020:13:34:16 -0400] "GET /wp-login.php HTTP/1.0" 200 3475 "-" "Mozilla/5.0 (Windows NT 6.1; Win64; x64) AppleWebKit/537.36 (KHTML, like Gecko) Chrome/59.0.3071.115 Safari/537.36"
163.172.111.182 - - [11/Sep/2020:13:34:21 -0400] "POST /wp-login.php HTTP/1.0" 200 4418 "http://cubscouts.org/wp-login.php" "Mozilla/5.0 (Windows NT 6.1; Win64; x64) AppleWebKit/537.36 (KHTML, like Gecko) Chrome/59.0.3071.115 Safari/537.36"
163.172.111.182 - - [11/Sep/2020:13:34:24 -0400] "POST /wp-login.php HTTP/1.0" 200 4418 "http://cubscouts.org/wp-login.php" "Mozilla/5.0 (Windows NT 6.1; Win64; x64) AppleWebKit/537.36 (KHTML, like Gecko) Chrome/59.0.3071.115 Safari/537.36"
163.172.111.182 - - [11/Sep/2020:13:34:36 -0400] "POST /wp-login.php HTTP/1.0" 200 4418 "http://cubscouts.org/wp-login.php" "Mozilla/5.0 (Windows NT 6.1; Win64; x64) AppleWebKit/537.36 (KHTML, like Gecko) Chrome/59.0.3071.115 Safari/537.36"
163.172.111.182 - - [11/Sep/2020:13:34:42 -0400] "POST /wp-login.php HTTP/1.0" 200 4418 "http://cubscouts.org/wp-login.php" "Mozilla/5.0 (Windows NT 6.1; Win64; x64) AppleWebKit/537.36 (KHTML, like Gecko) Chrome/59.0.3071.115 Safari/537.36"
163.172.111.182 - - [11/Sep/2020:13:34:43 -0400] "POST /wp-login.php HTTP/1.0" 200 4418 "http://cubscouts.org/wp-login.php" "Mozilla/5.0 (Windows NT 6.1; Win64; x64) AppleWebKit/537.36 (KHTML, like Gecko) Chrome/59.0.3071.115 Safari/537.36"
163.172.111.182 - - [11/Sep/2020:13:34:46 -0400] "POST /wp-login.php HTTP/1.0" 200 4418 "http://cubscouts.org/wp-login.php" "Mozilla/5.0 (Windows NT 6.1; Win64; x64) AppleWebKit/537.36 (KHTML, like Gecko) Chrome/59.0.3071.115 Safari/537.36"
163.172.111.182 - - [11/Sep/2020:13:35:10 -0400] "POST /wp-login.php HTTP/1.0" 200 4475 "http://cubscouts.org/wp-login.php" "Mozilla/5.0 (Windows NT 6.1; Win64; x64) AppleWebKit/537.36 (KHTML, like Gecko) Chrome/59.0.3071.115 Safari/537.36"
163.172.111.182 - - [11/Sep/2020:13:35:19 -0400] "POST /wp-login.php HTTP/1.0" 200 4475 "http://cubscouts.org/wp-login.php" "Mozilla/5.0 (Windows NT 6.1; Win64; x64) AppleWebKit/537.36 (KHTML, like Gecko) Chrome/59.0.3071.115 Safari/537.36"
163.172.111.182 - - [11/Sep/2020:13:35:26 -0400] "POST /wp-login.php HTTP/1.0" 200 4475 "http://cubscouts.org/wp-login.php" "Mozilla/5.0 (Windows NT 6.1; Win64; x64) AppleWebKit/537.36 (KHTML, like Gecko) Chrome/59.0.3071.115 Safari/537.36"
163.172.111.182 - - [11/Sep/2020:13:35:28 -0400] "POST /wp-login.php HTTP/1.0" 200 4475 "http://cubscouts.org/wp-login.php" "Mozilla/5.0 (Windows NT 6.1; Win64; x64) AppleWebKit/537.36 (KHTML, like Gecko) Chrome/59.0.3071.115 Safari/537.36"
163.172.111.182 - - [11/Sep/2020:13:35:30 -0400] "POST /wp-login.php HTTP/1.0" 200 4475 "http://cubscouts.org/wp-login.php" "Mozilla/5.0 (Windows NT 6.1; Win64; x64) AppleWebKit/537.36 (KHTML, like Gecko) Chrome/59.0.3071.115 Safari/537.36"
163.172.111.182 - - [11/Sep/2020:13:35:35 -0400] "POST /wp-login.php HTTP/1.0" 200 4475 "http://cubscouts.org/wp-login.php" "Mozilla/5.0 (Windows NT 6.1; Win64; x64) AppleWebKit/537.36 (KHTML, like Gecko) Chrome/59.0.3071.115 Safari/537.36"
163.172.111.182 - - [11/Sep/2020:13:35:37 -0400] "POST /wp-login.php HTTP/1.0" 200 4475 "http://cubscouts.org/wp-login.php" "Mozilla/5.0 (Windows NT 6.1; Win64; x64) AppleWebKit/537.36 (KHTML, like Gecko) Chrome/59.0.3071.115 Safari/537.36"
163.172.111.182 - - [11/Sep/2020:13:35:41 -0400] "POST /wp-login.php HTTP/1.0" 200 4475 "http://cubscouts.org/wp-login.php" "Mozilla/5.0 (Windows NT 6.1; Win64; x64) AppleWebKit/537.36 (KHTML, like Gecko) Chrome/59.0.3071.115 Safari/537.36"
34.73.235.76 - - [11/Sep/2020:13:38:48 -0400] "GET /robots.txt HTTP/1.0" 200 67 "-" "ZoominfoBot (zoominfobot at zoominfo dot com)"
34.73.235.76 - - [11/Sep/2020:13:50:28 -0400] "GET /robots.txt HTTP/1.0" 200 67 "-" "ZoominfoBot (zoominfobot at zoominfo dot com)"
40.77.167.51 - - [11/Sep/2020:17:15:47 -0400] "GET /wp-content/uploads/2019/02/c05345545.png HTTP/1.0" 200 128972 "-" "Mozilla/5.0 (compatible; bingbot/2.0; +http://www.bing.com/bingbot.htm)"
66.249.72.68 - - [11/Sep/2020:17:25:25 -0400] "GET /product/hp-latex-r1000-plus-64-flatbed-printer/ HTTP/1.0" 200 39045 "-" "Mozilla/5.0 (compatible; Googlebot/2.1; +http://www.google.com/bot.html)"
35.190.142.196 - - [11/Sep/2020:18:05:57 -0400] "GET /xmlrpc.php?rsd HTTP/1.0" 200 854 "-" "ZoominfoBot (zoominfobot at zoominfo dot com)"
35.190.142.196 - - [11/Sep/2020:18:17:46 -0400] "GET /product-category/ink-and-supplies/ HTTP/1.0" 200 18135 "-" "ZoominfoBot (zoominfobot at zoominfo dot com)"
27.50.79.22 - - [11/Sep/2020:20:16:01 -0400] "POST /wp-login.php HTTP/1.0" 200 4418 "http://cubscouts.org/wp-login.php" "Mozilla/5.0 (Windows NT 6.1; Win64; x64) AppleWebKit/537.36 (KHTML, like Gecko) Chrome/59.0.3071.115 Safari/537.36"
27.50.79.22 - - [11/Sep/2020:20:16:40 -0400] "POST /wp-login.php HTTP/1.0" 200 4418 "http://cubscouts.org/wp-login.php" "Mozilla/5.0 (Windows NT 6.1; Win64; x64) AppleWebKit/537.36 (KHTML, like Gecko) Chrome/59.0.3071.115 Safari/537.36"
27.50.79.22 - - [11/Sep/2020:20:16:44 -0400] "POST /wp-login.php HTTP/1.0" 200 4475 "http://cubscouts.org/wp-login.php" "Mozilla/5.0 (Windows NT 6.1; Win64; x64) AppleWebKit/537.36 (KHTML, like Gecko) Chrome/59.0.3071.115 Safari/537.36"
27.50.79.22 - - [11/Sep/2020:20:17:24 -0400] "POST /wp-login.php HTTP/1.0" 200 4475 "http://cubscouts.org/wp-login.php" "Mozilla/5.0 (Windows NT 6.1; Win64; x64) AppleWebKit/537.36 (KHTML, like Gecko) Chrome/59.0.3071.115 Safari/537.36"
27.50.79.22 - - [11/Sep/2020:20:17:33 -0400] "POST /wp-login.php HTTP/1.0" 200 4475 "http://cubscouts.org/wp-login.php" "Mozilla/5.0 (Windows NT 6.1; Win64; x64) AppleWebKit/537.36 (KHTML, like Gecko) Chrome/59.0.3071.115 Safari/537.36"
27.50.79.22 - - [11/Sep/2020:20:18:18 -0400] "POST /wp-login.php HTTP/1.0" 200 4475 "http://cubscouts.org/wp-login.php" "Mozilla/5.0 (Windows NT 6.1; Win64; x64) AppleWebKit/537.36 (KHTML, like Gecko) Chrome/59.0.3071.115 Safari/537.36"
27.50.79.22 - - [11/Sep/2020:20:18:21 -0400] "POST /wp-login.php HTTP/1.0" 200 4475 "http://cubscouts.org/wp-login.php" "Mozilla/5.0 (Windows NT 6.1; Win64; x64) AppleWebKit/537.36 (KHTML, like Gecko) Chrome/59.0.3071.115 Safari/537.36"
27.50.79.22 - - [11/Sep/2020:20:18:41 -0400] "POST /wp-login.php HTTP/1.0" 200 4475 "http://cubscouts.org/wp-login.php" "Mozilla/5.0 (Windows NT 6.1; Win64; x64) AppleWebKit/537.36 (KHTML, like Gecko) Chrome/59.0.3071.115 Safari/537.36"
27.50.79.22 - - [11/Sep/2020:20:18:46 -0400] "POST /wp-login.php HTTP/1.0" 200 4475 "http://cubscouts.org/wp-login.php" "Mozilla/5.0 (Windows NT 6.1; Win64; x64) AppleWebKit/537.36 (KHTML, like Gecko) Chrome/59.0.3071.115 Safari/537.36"
27.50.79.22 - - [11/Sep/2020:20:18:48 -0400] "POST /wp-login.php HTTP/1.0" 200 4475 "http://cubscouts.org/wp-login.php" "Mozilla/5.0 (Windows NT 6.1; Win64; x64) AppleWebKit/537.36 (KHTML, like Gecko) Chrome/59.0.3071.115 Safari/537.36"
27.50.79.22 - - [11/Sep/2020:20:19:07 -0400] "POST /wp-login.php HTTP/1.0" 200 4475 "http://cubscouts.org/wp-login.php" "Mozilla/5.0 (Windows NT 6.1; Win64; x64) AppleWebKit/537.36 (KHTML, like Gecko) Chrome/59.0.3071.115 Safari/537.36"
27.50.79.22 - - [11/Sep/2020:20:19:23 -0400] "POST /wp-login.php HTTP/1.0" 200 4475 "http://cubscouts.org/wp-login.php" "Mozilla/5.0 (Windows NT 6.1; Win64; x64) AppleWebKit/537.36 (KHTML, like Gecko) Chrome/59.0.3071.115 Safari/537.36"
27.50.79.22 - - [11/Sep/2020:20:19:35 -0400] "POST /wp-login.php HTTP/1.0" 200 4475 "http://cubscouts.org/wp-login.php" "Mozilla/5.0 (Windows NT 6.1; Win64; x64) AppleWebKit/537.36 (KHTML, like Gecko) Chrome/59.0.3071.115 Safari/537.36"
27.50.79.22 - - [11/Sep/2020:20:19:40 -0400] "POST /wp-login.php HTTP/1.0" 200 4475 "http://cubscouts.org/wp-login.php" "Mozilla/5.0 (Windows NT 6.1; Win64; x64) AppleWebKit/537.36 (KHTML, like Gecko) Chrome/59.0.3071.115 Safari/537.36"
