0byt3m1n1
Path:
/
data
/
27
/
5
/
48
/
71
/
5374886
/
user
/
6435255
/
htdocs
/
log
/
[
Home
]
File: x-access_log.2020-09-11
34.249.120.137 - - [11/Sep/2020:02:37:05 -0400] "GET /cart HTTP/1.0" 301 - "-" "Mozilla/5.0 (Windows NT 6.2; WOW64)"
10.30.94.78 - - [11/Sep/2020:02:37:09 -0400] "POST /wp-cron.php?doing_wp_cron=1599806229.0675830841064453125000 HTTP/1.0" 200 - "http://athenswideformat.com/wp-cron.php?doing_wp_cron=1599806229.0675830841064453125000" "WordPress/5.0.3; http://athenswideformat.com"
66.249.72.95 - - [11/Sep/2020:05:11:56 -0400] "GET /product/hp-latex-r1000-plus-64-flatbed-printer/ HTTP/1.0" 200 39515 "-" "Mozilla/5.0 (compatible; Googlebot/2.1; +http://www.google.com/bot.html)"
23.228.109.146 - - [11/Sep/2020:05:59:11 -0400] "GET /wp-content/plugins/fluid_forms/file-upload/server/php/index.php HTTP/1.0" 301 500 "http://www.google.com/" "Mozilla/5.0 (Windows NT 6.1; Win64; x64) AppleWebKit/537.36 (KHTML, like Gecko) Chrome/56.0.2896.3 Safari/537.36"
23.228.109.146 - - [11/Sep/2020:05:59:15 -0400] "GET /wp-content/plugins/fluid_forms/file-upload/server/php/ HTTP/1.0" 404 16160 "http://www.google.com/" "Mozilla/5.0 (Windows NT 6.1; Win64; x64) AppleWebKit/537.36 (KHTML, like Gecko) Chrome/56.0.2896.3 Safari/537.36"
23.101.184.150 - - [11/Sep/2020:08:29:11 -0400] "GET /wp-json/wp/v2/users/ HTTP/1.0" 200 577 "-" "Mozilla/5.0 (Windows NT 10.0; Win64; x64) AppleWebKit/537.36 (KHTML, like Gecko) Chrome/80.0.3987.149 Safari/537.36"
23.101.184.150 - - [11/Sep/2020:08:29:28 -0400] "POST /xmlrpc.php HTTP/1.0" 200 401 "-" "Mozilla/5.0 (Windows NT 10.0; Win64; x64) AppleWebKit/537.36 (KHTML, like Gecko) Chrome/80.0.3987.149 Safari/537.36"
23.101.184.150 - - [11/Sep/2020:08:29:37 -0400] "POST /xmlrpc.php HTTP/1.0" 200 401 "-" "Mozilla/5.0 (Windows NT 10.0; Win64; x64) AppleWebKit/537.36 (KHTML, like Gecko) Chrome/80.0.3987.149 Safari/537.36"
23.101.184.150 - - [11/Sep/2020:08:29:44 -0400] "POST /xmlrpc.php HTTP/1.0" 200 401 "-" "Mozilla/5.0 (Windows NT 10.0; Win64; x64) AppleWebKit/537.36 (KHTML, like Gecko) Chrome/80.0.3987.149 Safari/537.36"
23.101.184.150 - - [11/Sep/2020:08:29:47 -0400] "POST /xmlrpc.php HTTP/1.0" 200 401 "-" "Mozilla/5.0 (Windows NT 10.0; Win64; x64) AppleWebKit/537.36 (KHTML, like Gecko) Chrome/80.0.3987.149 Safari/537.36"
23.101.184.150 - - [11/Sep/2020:08:29:59 -0400] "POST /xmlrpc.php HTTP/1.0" 200 401 "-" "Mozilla/5.0 (Windows NT 10.0; Win64; x64) AppleWebKit/537.36 (KHTML, like Gecko) Chrome/80.0.3987.149 Safari/537.36"
23.101.184.150 - - [11/Sep/2020:08:30:09 -0400] "POST /xmlrpc.php HTTP/1.0" 200 401 "-" "Mozilla/5.0 (Windows NT 10.0; Win64; x64) AppleWebKit/537.36 (KHTML, like Gecko) Chrome/80.0.3987.149 Safari/537.36"
23.101.184.150 - - [11/Sep/2020:08:30:17 -0400] "POST /xmlrpc.php HTTP/1.0" 200 401 "-" "Mozilla/5.0 (Windows NT 10.0; Win64; x64) AppleWebKit/537.36 (KHTML, like Gecko) Chrome/80.0.3987.149 Safari/537.36"
23.101.184.150 - - [11/Sep/2020:08:30:21 -0400] "POST /xmlrpc.php HTTP/1.0" 200 401 "-" "Mozilla/5.0 (Windows NT 10.0; Win64; x64) AppleWebKit/537.36 (KHTML, like Gecko) Chrome/80.0.3987.149 Safari/537.36"
23.101.184.150 - - [11/Sep/2020:08:30:24 -0400] "POST /xmlrpc.php HTTP/1.0" 200 401 "-" "Mozilla/5.0 (Windows NT 10.0; Win64; x64) AppleWebKit/537.36 (KHTML, like Gecko) Chrome/80.0.3987.149 Safari/537.36"
23.101.184.150 - - [11/Sep/2020:08:30:26 -0400] "POST /xmlrpc.php HTTP/1.0" 200 401 "-" "Mozilla/5.0 (Windows NT 10.0; Win64; x64) AppleWebKit/537.36 (KHTML, like Gecko) Chrome/80.0.3987.149 Safari/537.36"
23.101.184.150 - - [11/Sep/2020:08:30:37 -0400] "POST /xmlrpc.php HTTP/1.0" 200 401 "-" "Mozilla/5.0 (Windows NT 10.0; Win64; x64) AppleWebKit/537.36 (KHTML, like Gecko) Chrome/80.0.3987.149 Safari/537.36"
23.101.184.150 - - [11/Sep/2020:08:30:39 -0400] "POST /xmlrpc.php HTTP/1.0" 200 401 "-" "Mozilla/5.0 (Windows NT 10.0; Win64; x64) AppleWebKit/537.36 (KHTML, like Gecko) Chrome/80.0.3987.149 Safari/537.36"
172.245.36.187 - - [11/Sep/2020:11:08:50 -0400] "POST /wp-content/plugins/wp-file-manager/lib/php/connector.minimal.php HTTP/1.0" 404 16660 "-" "Mozilla/5.0 (X11; Linux x86_64) AppleWebKit/537.36 (KHTML, like Gecko) Chrome/81.0.4044.129 Safari/537.36"
34.75.93.181 - - [11/Sep/2020:13:28:53 -0400] "GET / HTTP/1.0" 200 19877 "-" "ZoominfoBot (zoominfobot at zoominfo dot com)"
163.172.111.182 - - [11/Sep/2020:13:33:39 -0400] "POST /xmlrpc.php HTTP/1.0" 200 403 "-" "Mozilla/5.0 (Windows NT 6.1; Win64; x64) AppleWebKit/537.36 (KHTML, like Gecko) Chrome/59.0.3071.115 Safari/537.36"
163.172.111.182 - - [11/Sep/2020:13:33:57 -0400] "POST /xmlrpc.php HTTP/1.0" 200 403 "-" "Mozilla/5.0 (Windows NT 6.1; Win64; x64) AppleWebKit/537.36 (KHTML, like Gecko) Chrome/59.0.3071.115 Safari/537.36"
163.172.111.182 - - [11/Sep/2020:13:34:28 -0400] "POST /wp-login.php HTTP/1.0" 200 4418 "http://cubscouts.org/wp-login.php" "Mozilla/5.0 (Windows NT 6.1; Win64; x64) AppleWebKit/537.36 (KHTML, like Gecko) Chrome/59.0.3071.115 Safari/537.36"
163.172.111.182 - - [11/Sep/2020:13:34:58 -0400] "POST /wp-login.php HTTP/1.0" 200 4418 "http://cubscouts.org/wp-login.php" "Mozilla/5.0 (Windows NT 6.1; Win64; x64) AppleWebKit/537.36 (KHTML, like Gecko) Chrome/59.0.3071.115 Safari/537.36"
163.172.111.182 - - [11/Sep/2020:13:35:06 -0400] "POST /wp-login.php HTTP/1.0" 200 4418 "http://cubscouts.org/wp-login.php" "Mozilla/5.0 (Windows NT 6.1; Win64; x64) AppleWebKit/537.36 (KHTML, like Gecko) Chrome/59.0.3071.115 Safari/537.36"
163.172.111.182 - - [11/Sep/2020:13:35:21 -0400] "POST /wp-login.php HTTP/1.0" 200 4475 "http://cubscouts.org/wp-login.php" "Mozilla/5.0 (Windows NT 6.1; Win64; x64) AppleWebKit/537.36 (KHTML, like Gecko) Chrome/59.0.3071.115 Safari/537.36"
27.50.79.22 - - [11/Sep/2020:20:12:25 -0400] "GET /?author=2 HTTP/1.0" 200 16828 "-" "Mozilla/5.0 (Windows NT 6.1; Win64; x64) AppleWebKit/537.36 (KHTML, like Gecko) Chrome/59.0.3071.115 Safari/537.36"
27.50.79.22 - - [11/Sep/2020:20:12:41 -0400] "POST /xmlrpc.php HTTP/1.0" 200 403 "-" "Mozilla/5.0 (Windows NT 6.1; Win64; x64) AppleWebKit/537.36 (KHTML, like Gecko) Chrome/59.0.3071.115 Safari/537.36"
27.50.79.22 - - [11/Sep/2020:20:13:08 -0400] "POST /xmlrpc.php HTTP/1.0" 200 403 "-" "Mozilla/5.0 (Windows NT 6.1; Win64; x64) AppleWebKit/537.36 (KHTML, like Gecko) Chrome/59.0.3071.115 Safari/537.36"
27.50.79.22 - - [11/Sep/2020:20:13:47 -0400] "POST /xmlrpc.php HTTP/1.0" 200 403 "-" "Mozilla/5.0 (Windows NT 6.1; Win64; x64) AppleWebKit/537.36 (KHTML, like Gecko) Chrome/59.0.3071.115 Safari/537.36"
27.50.79.22 - - [11/Sep/2020:20:14:47 -0400] "POST /xmlrpc.php HTTP/1.0" 200 403 "-" "Mozilla/5.0 (Windows NT 6.1; Win64; x64) AppleWebKit/537.36 (KHTML, like Gecko) Chrome/59.0.3071.115 Safari/537.36"
27.50.79.22 - - [11/Sep/2020:20:15:02 -0400] "POST /xmlrpc.php HTTP/1.0" 200 403 "-" "Mozilla/5.0 (Windows NT 6.1; Win64; x64) AppleWebKit/537.36 (KHTML, like Gecko) Chrome/59.0.3071.115 Safari/537.36"
27.50.79.22 - - [11/Sep/2020:20:15:05 -0400] "POST /xmlrpc.php HTTP/1.0" 200 403 "-" "Mozilla/5.0 (Windows NT 6.1; Win64; x64) AppleWebKit/537.36 (KHTML, like Gecko) Chrome/59.0.3071.115 Safari/537.36"
27.50.79.22 - - [11/Sep/2020:20:15:57 -0400] "POST /wp-login.php HTTP/1.0" 200 4418 "http://cubscouts.org/wp-login.php" "Mozilla/5.0 (Windows NT 6.1; Win64; x64) AppleWebKit/537.36 (KHTML, like Gecko) Chrome/59.0.3071.115 Safari/537.36"
27.50.79.22 - - [11/Sep/2020:20:16:23 -0400] "POST /wp-login.php HTTP/1.0" 200 4418 "http://cubscouts.org/wp-login.php" "Mozilla/5.0 (Windows NT 6.1; Win64; x64) AppleWebKit/537.36 (KHTML, like Gecko) Chrome/59.0.3071.115 Safari/537.36"
27.50.79.22 - - [11/Sep/2020:20:16:36 -0400] "POST /wp-login.php HTTP/1.0" 200 4418 "http://cubscouts.org/wp-login.php" "Mozilla/5.0 (Windows NT 6.1; Win64; x64) AppleWebKit/537.36 (KHTML, like Gecko) Chrome/59.0.3071.115 Safari/537.36"
27.50.79.22 - - [11/Sep/2020:20:16:37 -0400] "POST /wp-login.php HTTP/1.0" 200 4418 "http://cubscouts.org/wp-login.php" "Mozilla/5.0 (Windows NT 6.1; Win64; x64) AppleWebKit/537.36 (KHTML, like Gecko) Chrome/59.0.3071.115 Safari/537.36"
27.50.79.22 - - [11/Sep/2020:20:17:00 -0400] "POST /wp-login.php HTTP/1.0" 200 4475 "http://cubscouts.org/wp-login.php" "Mozilla/5.0 (Windows NT 6.1; Win64; x64) AppleWebKit/537.36 (KHTML, like Gecko) Chrome/59.0.3071.115 Safari/537.36"
27.50.79.22 - - [11/Sep/2020:20:17:24 -0400] "POST /wp-login.php HTTP/1.0" 200 4475 "http://cubscouts.org/wp-login.php" "Mozilla/5.0 (Windows NT 6.1; Win64; x64) AppleWebKit/537.36 (KHTML, like Gecko) Chrome/59.0.3071.115 Safari/537.36"
27.50.79.22 - - [11/Sep/2020:20:17:40 -0400] "POST /wp-login.php HTTP/1.0" 200 4475 "http://cubscouts.org/wp-login.php" "Mozilla/5.0 (Windows NT 6.1; Win64; x64) AppleWebKit/537.36 (KHTML, like Gecko) Chrome/59.0.3071.115 Safari/537.36"
27.50.79.22 - - [11/Sep/2020:20:18:37 -0400] "POST /wp-login.php HTTP/1.0" 200 4475 "http://cubscouts.org/wp-login.php" "Mozilla/5.0 (Windows NT 6.1; Win64; x64) AppleWebKit/537.36 (KHTML, like Gecko) Chrome/59.0.3071.115 Safari/537.36"
27.50.79.22 - - [11/Sep/2020:20:18:45 -0400] "POST /wp-login.php HTTP/1.0" 200 4475 "http://cubscouts.org/wp-login.php" "Mozilla/5.0 (Windows NT 6.1; Win64; x64) AppleWebKit/537.36 (KHTML, like Gecko) Chrome/59.0.3071.115 Safari/537.36"
27.50.79.22 - - [11/Sep/2020:20:19:19 -0400] "POST /wp-login.php HTTP/1.0" 200 4475 "http://cubscouts.org/wp-login.php" "Mozilla/5.0 (Windows NT 6.1; Win64; x64) AppleWebKit/537.36 (KHTML, like Gecko) Chrome/59.0.3071.115 Safari/537.36"
27.50.79.22 - - [11/Sep/2020:20:19:33 -0400] "POST /wp-login.php HTTP/1.0" 200 4475 "http://cubscouts.org/wp-login.php" "Mozilla/5.0 (Windows NT 6.1; Win64; x64) AppleWebKit/537.36 (KHTML, like Gecko) Chrome/59.0.3071.115 Safari/537.36"
27.50.79.22 - - [11/Sep/2020:20:19:34 -0400] "POST /wp-login.php HTTP/1.0" 200 4475 "http://cubscouts.org/wp-login.php" "Mozilla/5.0 (Windows NT 6.1; Win64; x64) AppleWebKit/537.36 (KHTML, like Gecko) Chrome/59.0.3071.115 Safari/537.36"
62.37.171.39 - - [11/Sep/2020:20:51:01 -0400] "GET /wp-includes/css/dashicons.min.css?ver=5.0.3 HTTP/1.0" 200 46360 "http://athenswideformat.com/product/hp-latex-570-64-printer/" "Mozilla/5.0 (Macintosh; Intel Mac OS X 10_13_6) AppleWebKit/537.36 (KHTML, like Gecko) Chrome/85.0.4183.83 Safari/537.36"
62.37.171.39 - - [11/Sep/2020:20:51:01 -0400] "GET /wp-content/themes/melos/styles/style-shortcodes.css?ver=1.2.6 HTTP/1.0" 200 49288 "http://athenswideformat.com/product/hp-latex-570-64-printer/" "Mozilla/5.0 (Macintosh; Intel Mac OS X 10_13_6) AppleWebKit/537.36 (KHTML, like Gecko) Chrome/85.0.4183.83 Safari/537.36"
62.37.171.39 - - [11/Sep/2020:20:51:01 -0400] "GET /wp-content/themes/melos/styles/style-responsive.css?ver=1.2.6 HTTP/1.0" 200 11767 "http://athenswideformat.com/product/hp-latex-570-64-printer/" "Mozilla/5.0 (Macintosh; Intel Mac OS X 10_13_6) AppleWebKit/537.36 (KHTML, like Gecko) Chrome/85.0.4183.83 Safari/537.36"
62.37.171.39 - - [11/Sep/2020:20:51:01 -0400] "GET /wp-content/plugins/woocommerce/assets/js/frontend/add-to-cart.min.js?ver=3.4.7 HTTP/1.0" 200 2650 "http://athenswideformat.com/product/hp-latex-570-64-printer/" "Mozilla/5.0 (Macintosh; Intel Mac OS X 10_13_6) AppleWebKit/537.36 (KHTML, like Gecko) Chrome/85.0.4183.83 Safari/537.36"
62.37.171.39 - - [11/Sep/2020:20:51:01 -0400] "GET /wp-content/plugins/woocommerce/assets/js/zoom/jquery.zoom.min.js?ver=1.7.21 HTTP/1.0" 200 2616 "http://athenswideformat.com/product/hp-latex-570-64-printer/" "Mozilla/5.0 (Macintosh; Intel Mac OS X 10_13_6) AppleWebKit/537.36 (KHTML, like Gecko) Chrome/85.0.4183.83 Safari/537.36"
62.37.171.39 - - [11/Sep/2020:20:51:01 -0400] "GET /wp-content/plugins/woocommerce/assets/js/jquery-blockui/jquery.blockUI.min.js?ver=2.70 HTTP/1.0" 200 9566 "http://athenswideformat.com/product/hp-latex-570-64-printer/" "Mozilla/5.0 (Macintosh; Intel Mac OS X 10_13_6) AppleWebKit/537.36 (KHTML, like Gecko) Chrome/85.0.4183.83 Safari/537.36"
62.37.171.39 - - [11/Sep/2020:20:51:02 -0400] "GET /wp-content/uploads/2019/01/finance-button-sized.png HTTP/1.0" 200 16299 "http://athenswideformat.com/product/hp-latex-570-64-printer/" "Mozilla/5.0 (Macintosh; Intel Mac OS X 10_13_6) AppleWebKit/537.36 (KHTML, like Gecko) Chrome/85.0.4183.83 Safari/537.36"
62.37.171.39 - - [11/Sep/2020:20:51:02 -0400] "GET /wp-content/uploads/2019/01/latex-560-200x100.jpg HTTP/1.0" 200 6434 "http://athenswideformat.com/product/hp-latex-570-64-printer/" "Mozilla/5.0 (Macintosh; Intel Mac OS X 10_13_6) AppleWebKit/537.36 (KHTML, like Gecko) Chrome/85.0.4183.83 Safari/537.36"
10.30.94.78 - - [11/Sep/2020:23:52:51 -0400] "POST /wp-cron.php?doing_wp_cron=1599882770.5786070823669433593750 HTTP/1.0" 200 - "http://athenswideformat.com/wp-cron.php?doing_wp_cron=1599882770.5786070823669433593750" "WordPress/5.0.3; http://athenswideformat.com"
51.83.216.204 - - [11/Sep/2020:04:09:28 -0400] "GET /wpconfig.bak.php?act=ul HTTP/1.0" 404 16660 "http://www.facebook.net/" "Mozilla/5.0 (Windows NT 10.0; WOW64; rv:56.0) Gecko/20100101 Firefox/72.0"
10.30.94.78 - - [11/Sep/2020:04:51:38 -0400] "POST /wp-cron.php?doing_wp_cron=1599814298.3948299884796142578125 HTTP/1.0" 200 - "http://athenswideformat.com/wp-cron.php?doing_wp_cron=1599814298.3948299884796142578125" "WordPress/5.0.3; http://athenswideformat.com"
10.30.94.78 - - [11/Sep/2020:05:11:59 -0400] "POST /wp-cron.php?doing_wp_cron=1599815519.2778589725494384765625 HTTP/1.0" 200 - "http://athenswideformat.com/wp-cron.php?doing_wp_cron=1599815519.2778589725494384765625" "WordPress/5.0.3; http://athenswideformat.com"
84.17.60.215 - - [11/Sep/2020:07:20:44 -0400] "GET /contact/ HTTP/1.0" 200 41055 "http://athenswideformat.com/contact/" "Mozilla/5.0 (Windows NT 6.1; Win64; x64) AppleWebKit/537.36 (KHTML, like Gecko) Chrome/66.0.3359.170 Safari/537.36 OPR/53.0.2907.106"
23.101.184.150 - - [11/Sep/2020:08:29:23 -0400] "POST /xmlrpc.php HTTP/1.0" 200 401 "-" "Mozilla/5.0 (Windows NT 10.0; Win64; x64) AppleWebKit/537.36 (KHTML, like Gecko) Chrome/80.0.3987.149 Safari/537.36"
23.101.184.150 - - [11/Sep/2020:08:29:31 -0400] "POST /xmlrpc.php HTTP/1.0" 200 401 "-" "Mozilla/5.0 (Windows NT 10.0; Win64; x64) AppleWebKit/537.36 (KHTML, like Gecko) Chrome/80.0.3987.149 Safari/537.36"
23.101.184.150 - - [11/Sep/2020:08:29:45 -0400] "POST /xmlrpc.php HTTP/1.0" 200 401 "-" "Mozilla/5.0 (Windows NT 10.0; Win64; x64) AppleWebKit/537.36 (KHTML, like Gecko) Chrome/80.0.3987.149 Safari/537.36"
23.101.184.150 - - [11/Sep/2020:08:29:52 -0400] "POST /xmlrpc.php HTTP/1.0" 200 401 "-" "Mozilla/5.0 (Windows NT 10.0; Win64; x64) AppleWebKit/537.36 (KHTML, like Gecko) Chrome/80.0.3987.149 Safari/537.36"
23.101.184.150 - - [11/Sep/2020:08:29:56 -0400] "POST /xmlrpc.php HTTP/1.0" 200 401 "-" "Mozilla/5.0 (Windows NT 10.0; Win64; x64) AppleWebKit/537.36 (KHTML, like Gecko) Chrome/80.0.3987.149 Safari/537.36"
23.101.184.150 - - [11/Sep/2020:08:30:09 -0400] "POST /xmlrpc.php HTTP/1.0" 200 401 "-" "Mozilla/5.0 (Windows NT 10.0; Win64; x64) AppleWebKit/537.36 (KHTML, like Gecko) Chrome/80.0.3987.149 Safari/537.36"
23.101.184.150 - - [11/Sep/2020:08:30:30 -0400] "POST /xmlrpc.php HTTP/1.0" 200 401 "-" "Mozilla/5.0 (Windows NT 10.0; Win64; x64) AppleWebKit/537.36 (KHTML, like Gecko) Chrome/80.0.3987.149 Safari/537.36"
23.101.184.150 - - [11/Sep/2020:08:30:36 -0400] "POST /xmlrpc.php HTTP/1.0" 200 401 "-" "Mozilla/5.0 (Windows NT 10.0; Win64; x64) AppleWebKit/537.36 (KHTML, like Gecko) Chrome/80.0.3987.149 Safari/537.36"
23.101.184.150 - - [11/Sep/2020:08:30:40 -0400] "POST /xmlrpc.php HTTP/1.0" 200 401 "-" "Mozilla/5.0 (Windows NT 10.0; Win64; x64) AppleWebKit/537.36 (KHTML, like Gecko) Chrome/80.0.3987.149 Safari/537.36"
23.101.184.150 - - [11/Sep/2020:08:30:42 -0400] "POST /xmlrpc.php HTTP/1.0" 200 401 "-" "Mozilla/5.0 (Windows NT 10.0; Win64; x64) AppleWebKit/537.36 (KHTML, like Gecko) Chrome/80.0.3987.149 Safari/537.36"
23.101.184.150 - - [11/Sep/2020:08:30:43 -0400] "POST /xmlrpc.php HTTP/1.0" 200 401 "-" "Mozilla/5.0 (Windows NT 10.0; Win64; x64) AppleWebKit/537.36 (KHTML, like Gecko) Chrome/80.0.3987.149 Safari/537.36"
66.249.72.95 - - [11/Sep/2020:09:00:41 -0400] "GET /product/hp-latex-r2000-plus-98-flatbed-printer/ HTTP/1.0" 200 39219 "-" "Mozilla/5.0 (compatible; Googlebot/2.1; +http://www.google.com/bot.html)"
185.191.171.25 - - [11/Sep/2020:10:48:06 -0400] "GET /robots.txt HTTP/1.0" 200 67 "-" "Mozilla/5.0 (compatible; SemrushBot/6~bl; +http://www.semrush.com/bot.html)"
10.30.94.78 - - [11/Sep/2020:10:48:10 -0400] "POST /wp-cron.php?doing_wp_cron=1599835690.3436770439147949218750 HTTP/1.0" 200 - "http://athenswideformat.com/wp-cron.php?doing_wp_cron=1599835690.3436770439147949218750" "WordPress/5.0.3; http://athenswideformat.com"
34.75.93.181 - - [11/Sep/2020:13:28:48 -0400] "GET /robots.txt HTTP/1.0" 200 67 "-" "ZoominfoBot (zoominfobot at zoominfo dot com)"
163.172.111.182 - - [11/Sep/2020:13:33:53 -0400] "POST /xmlrpc.php HTTP/1.0" 200 403 "-" "Mozilla/5.0 (Windows NT 6.1; Win64; x64) AppleWebKit/537.36 (KHTML, like Gecko) Chrome/59.0.3071.115 Safari/537.36"
163.172.111.182 - - [11/Sep/2020:13:33:59 -0400] "POST /xmlrpc.php HTTP/1.0" 200 403 "-" "Mozilla/5.0 (Windows NT 6.1; Win64; x64) AppleWebKit/537.36 (KHTML, like Gecko) Chrome/59.0.3071.115 Safari/537.36"
163.172.111.182 - - [11/Sep/2020:13:34:17 -0400] "POST /wp-login.php HTTP/1.0" 200 4418 "http://cubscouts.org/wp-login.php" "Mozilla/5.0 (Windows NT 6.1; Win64; x64) AppleWebKit/537.36 (KHTML, like Gecko) Chrome/59.0.3071.115 Safari/537.36"
163.172.111.182 - - [11/Sep/2020:13:34:24 -0400] "POST /wp-login.php HTTP/1.0" 200 4418 "http://cubscouts.org/wp-login.php" "Mozilla/5.0 (Windows NT 6.1; Win64; x64) AppleWebKit/537.36 (KHTML, like Gecko) Chrome/59.0.3071.115 Safari/537.36"
163.172.111.182 - - [11/Sep/2020:13:34:35 -0400] "POST /wp-login.php HTTP/1.0" 200 4418 "http://cubscouts.org/wp-login.php" "Mozilla/5.0 (Windows NT 6.1; Win64; x64) AppleWebKit/537.36 (KHTML, like Gecko) Chrome/59.0.3071.115 Safari/537.36"
163.172.111.182 - - [11/Sep/2020:13:34:37 -0400] "POST /wp-login.php HTTP/1.0" 200 4418 "http://cubscouts.org/wp-login.php" "Mozilla/5.0 (Windows NT 6.1; Win64; x64) AppleWebKit/537.36 (KHTML, like Gecko) Chrome/59.0.3071.115 Safari/537.36"
163.172.111.182 - - [11/Sep/2020:13:34:46 -0400] "POST /wp-login.php HTTP/1.0" 200 4418 "http://cubscouts.org/wp-login.php" "Mozilla/5.0 (Windows NT 6.1; Win64; x64) AppleWebKit/537.36 (KHTML, like Gecko) Chrome/59.0.3071.115 Safari/537.36"
163.172.111.182 - - [11/Sep/2020:13:34:51 -0400] "POST /wp-login.php HTTP/1.0" 200 4418 "http://cubscouts.org/wp-login.php" "Mozilla/5.0 (Windows NT 6.1; Win64; x64) AppleWebKit/537.36 (KHTML, like Gecko) Chrome/59.0.3071.115 Safari/537.36"
163.172.111.182 - - [11/Sep/2020:13:34:55 -0400] "POST /wp-login.php HTTP/1.0" 200 4418 "http://cubscouts.org/wp-login.php" "Mozilla/5.0 (Windows NT 6.1; Win64; x64) AppleWebKit/537.36 (KHTML, like Gecko) Chrome/59.0.3071.115 Safari/537.36"
163.172.111.182 - - [11/Sep/2020:13:35:09 -0400] "POST /wp-login.php HTTP/1.0" 200 4475 "http://cubscouts.org/wp-login.php" "Mozilla/5.0 (Windows NT 6.1; Win64; x64) AppleWebKit/537.36 (KHTML, like Gecko) Chrome/59.0.3071.115 Safari/537.36"
27.50.79.22 - - [11/Sep/2020:20:12:14 -0400] "GET /wp-admin/ HTTP/1.0" 302 - "http://athenswideformat.com" "Mozilla/5.0 (Windows NT 6.1; Win64; x64) AppleWebKit/537.36 (KHTML, like Gecko) Chrome/59.0.3071.115 Safari/537.36"
27.50.79.22 - - [11/Sep/2020:20:12:37 -0400] "GET /xmlrpc.php HTTP/1.0" 405 42 "-" "Mozilla/5.0 (Windows NT 6.1; Win64; x64) AppleWebKit/537.36 (KHTML, like Gecko) Chrome/59.0.3071.115 Safari/537.36"
27.50.79.22 - - [11/Sep/2020:20:14:36 -0400] "POST /xmlrpc.php HTTP/1.0" 200 403 "-" "Mozilla/5.0 (Windows NT 6.1; Win64; x64) AppleWebKit/537.36 (KHTML, like Gecko) Chrome/59.0.3071.115 Safari/537.36"
27.50.79.22 - - [11/Sep/2020:20:14:57 -0400] "POST /xmlrpc.php HTTP/1.0" 200 403 "-" "Mozilla/5.0 (Windows NT 6.1; Win64; x64) AppleWebKit/537.36 (KHTML, like Gecko) Chrome/59.0.3071.115 Safari/537.36"
27.50.79.22 - - [11/Sep/2020:20:15:44 -0400] "POST /wp-login.php HTTP/1.0" 200 4418 "http://cubscouts.org/wp-login.php" "Mozilla/5.0 (Windows NT 6.1; Win64; x64) AppleWebKit/537.36 (KHTML, like Gecko) Chrome/59.0.3071.115 Safari/537.36"
27.50.79.22 - - [11/Sep/2020:20:16:07 -0400] "POST /wp-login.php HTTP/1.0" 200 4418 "http://cubscouts.org/wp-login.php" "Mozilla/5.0 (Windows NT 6.1; Win64; x64) AppleWebKit/537.36 (KHTML, like Gecko) Chrome/59.0.3071.115 Safari/537.36"
27.50.79.22 - - [11/Sep/2020:20:16:10 -0400] "POST /wp-login.php HTTP/1.0" 200 4418 "http://cubscouts.org/wp-login.php" "Mozilla/5.0 (Windows NT 6.1; Win64; x64) AppleWebKit/537.36 (KHTML, like Gecko) Chrome/59.0.3071.115 Safari/537.36"
27.50.79.22 - - [11/Sep/2020:20:16:30 -0400] "POST /wp-login.php HTTP/1.0" 200 4418 "http://cubscouts.org/wp-login.php" "Mozilla/5.0 (Windows NT 6.1; Win64; x64) AppleWebKit/537.36 (KHTML, like Gecko) Chrome/59.0.3071.115 Safari/537.36"
27.50.79.22 - - [11/Sep/2020:20:16:32 -0400] "POST /wp-login.php HTTP/1.0" 200 4418 "http://cubscouts.org/wp-login.php" "Mozilla/5.0 (Windows NT 6.1; Win64; x64) AppleWebKit/537.36 (KHTML, like Gecko) Chrome/59.0.3071.115 Safari/537.36"
27.50.79.22 - - [11/Sep/2020:20:17:07 -0400] "POST /wp-login.php HTTP/1.0" 200 4475 "http://cubscouts.org/wp-login.php" "Mozilla/5.0 (Windows NT 6.1; Win64; x64) AppleWebKit/537.36 (KHTML, like Gecko) Chrome/59.0.3071.115 Safari/537.36"
27.50.79.22 - - [11/Sep/2020:20:18:02 -0400] "POST /wp-login.php HTTP/1.0" 200 4475 "http://cubscouts.org/wp-login.php" "Mozilla/5.0 (Windows NT 6.1; Win64; x64) AppleWebKit/537.36 (KHTML, like Gecko) Chrome/59.0.3071.115 Safari/537.36"
27.50.79.22 - - [11/Sep/2020:20:18:04 -0400] "POST /wp-login.php HTTP/1.0" 200 4475 "http://cubscouts.org/wp-login.php" "Mozilla/5.0 (Windows NT 6.1; Win64; x64) AppleWebKit/537.36 (KHTML, like Gecko) Chrome/59.0.3071.115 Safari/537.36"
27.50.79.22 - - [11/Sep/2020:20:18:17 -0400] "POST /wp-login.php HTTP/1.0" 200 4475 "http://cubscouts.org/wp-login.php" "Mozilla/5.0 (Windows NT 6.1; Win64; x64) AppleWebKit/537.36 (KHTML, like Gecko) Chrome/59.0.3071.115 Safari/537.36"
27.50.79.22 - - [11/Sep/2020:20:18:31 -0400] "POST /wp-login.php HTTP/1.0" 200 4475 "http://cubscouts.org/wp-login.php" "Mozilla/5.0 (Windows NT 6.1; Win64; x64) AppleWebKit/537.36 (KHTML, like Gecko) Chrome/59.0.3071.115 Safari/537.36"
27.50.79.22 - - [11/Sep/2020:20:18:33 -0400] "POST /wp-login.php HTTP/1.0" 200 4475 "http://cubscouts.org/wp-login.php" "Mozilla/5.0 (Windows NT 6.1; Win64; x64) AppleWebKit/537.36 (KHTML, like Gecko) Chrome/59.0.3071.115 Safari/537.36"
27.50.79.22 - - [11/Sep/2020:20:18:51 -0400] "POST /wp-login.php HTTP/1.0" 200 4475 "http://cubscouts.org/wp-login.php" "Mozilla/5.0 (Windows NT 6.1; Win64; x64) AppleWebKit/537.36 (KHTML, like Gecko) Chrome/59.0.3071.115 Safari/537.36"
27.50.79.22 - - [11/Sep/2020:20:18:53 -0400] "POST /wp-login.php HTTP/1.0" 200 4475 "http://cubscouts.org/wp-login.php" "Mozilla/5.0 (Windows NT 6.1; Win64; x64) AppleWebKit/537.36 (KHTML, like Gecko) Chrome/59.0.3071.115 Safari/537.36"
27.50.79.22 - - [11/Sep/2020:20:19:36 -0400] "POST /wp-login.php HTTP/1.0" 200 4475 "http://cubscouts.org/wp-login.php" "Mozilla/5.0 (Windows NT 6.1; Win64; x64) AppleWebKit/537.36 (KHTML, like Gecko) Chrome/59.0.3071.115 Safari/537.36"
27.50.79.22 - - [11/Sep/2020:20:19:42 -0400] "POST /wp-login.php HTTP/1.0" 200 4475 "http://cubscouts.org/wp-login.php" "Mozilla/5.0 (Windows NT 6.1; Win64; x64) AppleWebKit/537.36 (KHTML, like Gecko) Chrome/59.0.3071.115 Safari/537.36"
115.219.132.61 - - [11/Sep/2020:20:42:57 -0400] "GET /wp-content/plugins/easy-upload-files-during-checkout/js/admin_scripts.js HTTP/1.0" 404 16160 "-" "Mozilla/4.0 (compatible; MSIE 6.0; Windows NT 5.1; SV1)"
62.37.171.39 - - [11/Sep/2020:20:51:01 -0400] "GET /wp-includes/css/dist/block-library/style.min.css?ver=5.0.3 HTTP/1.0" 200 25658 "http://athenswideformat.com/product/hp-latex-570-64-printer/" "Mozilla/5.0 (Macintosh; Intel Mac OS X 10_13_6) AppleWebKit/537.36 (KHTML, like Gecko) Chrome/85.0.4183.83 Safari/537.36"
62.37.171.39 - - [11/Sep/2020:20:51:02 -0400] "GET /wp-includes/js/imagesloaded.min.js?ver=3.2.0 HTTP/1.0" 200 7994 "http://athenswideformat.com/product/hp-latex-570-64-printer/" "Mozilla/5.0 (Macintosh; Intel Mac OS X 10_13_6) AppleWebKit/537.36 (KHTML, like Gecko) Chrome/85.0.4183.83 Safari/537.36"
10.30.94.78 - - [11/Sep/2020:21:28:25 -0400] "POST /wp-admin/admin-ajax.php?action=wp_1_wc_privacy_cleanup&nonce=eb7b90ff74 HTTP/1.0" 200 - "http://athenswideformat.com/wp-admin/admin-ajax.php?action=wp_1_wc_privacy_cleanup&nonce=eb7b90ff74" "WordPress/5.0.3; http://athenswideformat.com"
77.88.5.58 - - [11/Sep/2020:04:51:40 -0400] "GET /product/hp-latex-115-printer-54-printer/ HTTP/1.0" 200 42795 "-" "Mozilla/5.0 (compatible; YandexBot/3.0; +http://yandex.com/bots)"
10.30.94.78 - - [11/Sep/2020:05:19:07 -0400] "POST /wp-cron.php?doing_wp_cron=1599815946.0972089767456054687500 HTTP/1.0" 200 - "http://athenswideformat.com/wp-cron.php?doing_wp_cron=1599815946.0972089767456054687500" "WordPress/5.0.3; http://athenswideformat.com"
194.61.24.102 - - [11/Sep/2020:05:19:17 -0400] "POST /xmlrpc.php HTTP/1.0" 200 403 "-" "Mozilla/5.0 (Windows NT 10.0; Win64; x64) AppleWebKit/537.36 (KHTML, like Gecko) Chrome/78.0.3904.108 Safari/537.36"
51.178.131.71 - - [11/Sep/2020:07:14:36 -0400] "GET /wp-login.php?registration=disabled HTTP/1.0" 200 3617 "-" "Mozilla/5.0 (Windows NT 6.3; Win64; x64) AppleWebKit/537.36 (KHTML, like Gecko) Chrome/75.0.3770.100 Safari/537.36"
23.101.184.150 - - [11/Sep/2020:08:29:00 -0400] "GET / HTTP/1.0" 200 19877 "-" "Mozilla/5.0 (Windows NT 10.0; Win64; x64) AppleWebKit/537.36 (KHTML, like Gecko) Chrome/80.0.3987.149 Safari/537.36"
23.101.184.150 - - [11/Sep/2020:08:29:39 -0400] "POST /xmlrpc.php HTTP/1.0" 200 401 "-" "Mozilla/5.0 (Windows NT 10.0; Win64; x64) AppleWebKit/537.36 (KHTML, like Gecko) Chrome/80.0.3987.149 Safari/537.36"
23.101.184.150 - - [11/Sep/2020:08:29:53 -0400] "POST /xmlrpc.php HTTP/1.0" 200 401 "-" "Mozilla/5.0 (Windows NT 10.0; Win64; x64) AppleWebKit/537.36 (KHTML, like Gecko) Chrome/80.0.3987.149 Safari/537.36"
23.101.184.150 - - [11/Sep/2020:08:30:07 -0400] "POST /xmlrpc.php HTTP/1.0" 200 401 "-" "Mozilla/5.0 (Windows NT 10.0; Win64; x64) AppleWebKit/537.36 (KHTML, like Gecko) Chrome/80.0.3987.149 Safari/537.36"
23.101.184.150 - - [11/Sep/2020:08:30:26 -0400] "POST /xmlrpc.php HTTP/1.0" 200 401 "-" "Mozilla/5.0 (Windows NT 10.0; Win64; x64) AppleWebKit/537.36 (KHTML, like Gecko) Chrome/80.0.3987.149 Safari/537.36"
23.101.184.150 - - [11/Sep/2020:08:30:33 -0400] "POST /xmlrpc.php HTTP/1.0" 200 401 "-" "Mozilla/5.0 (Windows NT 10.0; Win64; x64) AppleWebKit/537.36 (KHTML, like Gecko) Chrome/80.0.3987.149 Safari/537.36"
23.101.184.150 - - [11/Sep/2020:08:30:35 -0400] "POST /xmlrpc.php HTTP/1.0" 200 401 "-" "Mozilla/5.0 (Windows NT 10.0; Win64; x64) AppleWebKit/537.36 (KHTML, like Gecko) Chrome/80.0.3987.149 Safari/537.36"
23.101.184.150 - - [11/Sep/2020:08:30:37 -0400] "POST /xmlrpc.php HTTP/1.0" 200 401 "-" "Mozilla/5.0 (Windows NT 10.0; Win64; x64) AppleWebKit/537.36 (KHTML, like Gecko) Chrome/80.0.3987.149 Safari/537.36"
23.101.184.150 - - [11/Sep/2020:08:30:55 -0400] "POST /xmlrpc.php HTTP/1.0" 200 401 "-" "Mozilla/5.0 (Windows NT 10.0; Win64; x64) AppleWebKit/537.36 (KHTML, like Gecko) Chrome/80.0.3987.149 Safari/537.36"
23.101.184.150 - - [11/Sep/2020:08:30:56 -0400] "POST /xmlrpc.php HTTP/1.0" 200 401 "-" "Mozilla/5.0 (Windows NT 10.0; Win64; x64) AppleWebKit/537.36 (KHTML, like Gecko) Chrome/80.0.3987.149 Safari/537.36"
34.249.120.137 - - [11/Sep/2020:08:40:03 -0400] "GET /contact/ HTTP/1.0" 200 41055 "-" "Mozilla/5.0 (Windows NT 6.2; WOW64)"
85.208.21.164 - - [11/Sep/2020:10:49:31 -0400] "GET / HTTP/1.0" 200 19877 "http://athenswideformat.net" "CATExplorador/1.0beta (sistemes at domini dot cat; http://domini.cat/catexplorador.html)"
163.172.111.182 - - [11/Sep/2020:13:33:10 -0400] "GET /?author=1 HTTP/1.0" 301 - "-" "Mozilla/5.0 (Windows NT 6.1; Win64; x64) AppleWebKit/537.36 (KHTML, like Gecko) Chrome/59.0.3071.115 Safari/537.36"
163.172.111.182 - - [11/Sep/2020:13:33:52 -0400] "POST /xmlrpc.php HTTP/1.0" 200 403 "-" "Mozilla/5.0 (Windows NT 6.1; Win64; x64) AppleWebKit/537.36 (KHTML, like Gecko) Chrome/59.0.3071.115 Safari/537.36"
163.172.111.182 - - [11/Sep/2020:13:34:16 -0400] "GET /wp-admin/ HTTP/1.0" 302 - "http://athenswideformat.com" "Mozilla/5.0 (Windows NT 6.1; Win64; x64) AppleWebKit/537.36 (KHTML, like Gecko) Chrome/59.0.3071.115 Safari/537.36"
163.172.111.182 - - [11/Sep/2020:13:34:54 -0400] "POST /wp-login.php HTTP/1.0" 200 4418 "http://cubscouts.org/wp-login.php" "Mozilla/5.0 (Windows NT 6.1; Win64; x64) AppleWebKit/537.36 (KHTML, like Gecko) Chrome/59.0.3071.115 Safari/537.36"
163.172.111.182 - - [11/Sep/2020:13:35:31 -0400] "POST /wp-login.php HTTP/1.0" 200 4475 "http://cubscouts.org/wp-login.php" "Mozilla/5.0 (Windows NT 6.1; Win64; x64) AppleWebKit/537.36 (KHTML, like Gecko) Chrome/59.0.3071.115 Safari/537.36"
163.172.111.182 - - [11/Sep/2020:13:35:40 -0400] "POST /wp-login.php HTTP/1.0" 200 4475 "http://cubscouts.org/wp-login.php" "Mozilla/5.0 (Windows NT 6.1; Win64; x64) AppleWebKit/537.36 (KHTML, like Gecko) Chrome/59.0.3071.115 Safari/537.36"
35.190.142.196 - - [11/Sep/2020:18:30:01 -0400] "GET /cart/ HTTP/1.0" 200 56737 "-" "ZoominfoBot (zoominfobot at zoominfo dot com)"
27.50.79.22 - - [11/Sep/2020:20:13:00 -0400] "POST /xmlrpc.php HTTP/1.0" 200 403 "-" "Mozilla/5.0 (Windows NT 6.1; Win64; x64) AppleWebKit/537.36 (KHTML, like Gecko) Chrome/59.0.3071.115 Safari/537.36"
27.50.79.22 - - [11/Sep/2020:20:13:10 -0400] "POST /xmlrpc.php HTTP/1.0" 200 403 "-" "Mozilla/5.0 (Windows NT 6.1; Win64; x64) AppleWebKit/537.36 (KHTML, like Gecko) Chrome/59.0.3071.115 Safari/537.36"
27.50.79.22 - - [11/Sep/2020:20:13:21 -0400] "POST /xmlrpc.php HTTP/1.0" 200 403 "-" "Mozilla/5.0 (Windows NT 6.1; Win64; x64) AppleWebKit/537.36 (KHTML, like Gecko) Chrome/59.0.3071.115 Safari/537.36"
10.30.94.78 - - [11/Sep/2020:20:14:10 -0400] "POST /wp-cron.php?doing_wp_cron=1599869650.2559490203857421875000 HTTP/1.0" 200 - "http://athenswideformat.com/wp-cron.php?doing_wp_cron=1599869650.2559490203857421875000" "WordPress/5.0.3; http://athenswideformat.com"
27.50.79.22 - - [11/Sep/2020:20:14:34 -0400] "POST /xmlrpc.php HTTP/1.0" 200 403 "-" "Mozilla/5.0 (Windows NT 6.1; Win64; x64) AppleWebKit/537.36 (KHTML, like Gecko) Chrome/59.0.3071.115 Safari/537.36"
27.50.79.22 - - [11/Sep/2020:20:15:40 -0400] "POST /wp-login.php HTTP/1.0" 200 4418 "http://cubscouts.org/wp-login.php" "Mozilla/5.0 (Windows NT 6.1; Win64; x64) AppleWebKit/537.36 (KHTML, like Gecko) Chrome/59.0.3071.115 Safari/537.36"
27.50.79.22 - - [11/Sep/2020:20:16:17 -0400] "POST /wp-login.php HTTP/1.0" 200 4418 "http://cubscouts.org/wp-login.php" "Mozilla/5.0 (Windows NT 6.1; Win64; x64) AppleWebKit/537.36 (KHTML, like Gecko) Chrome/59.0.3071.115 Safari/537.36"
27.50.79.22 - - [11/Sep/2020:20:16:54 -0400] "POST /wp-login.php HTTP/1.0" 200 4475 "http://cubscouts.org/wp-login.php" "Mozilla/5.0 (Windows NT 6.1; Win64; x64) AppleWebKit/537.36 (KHTML, like Gecko) Chrome/59.0.3071.115 Safari/537.36"
27.50.79.22 - - [11/Sep/2020:20:17:15 -0400] "POST /wp-login.php HTTP/1.0" 200 4475 "http://cubscouts.org/wp-login.php" "Mozilla/5.0 (Windows NT 6.1; Win64; x64) AppleWebKit/537.36 (KHTML, like Gecko) Chrome/59.0.3071.115 Safari/537.36"
27.50.79.22 - - [11/Sep/2020:20:18:10 -0400] "POST /wp-login.php HTTP/1.0" 200 4475 "http://cubscouts.org/wp-login.php" "Mozilla/5.0 (Windows NT 6.1; Win64; x64) AppleWebKit/537.36 (KHTML, like Gecko) Chrome/59.0.3071.115 Safari/537.36"
27.50.79.22 - - [11/Sep/2020:20:18:26 -0400] "POST /wp-login.php HTTP/1.0" 200 4475 "http://cubscouts.org/wp-login.php" "Mozilla/5.0 (Windows NT 6.1; Win64; x64) AppleWebKit/537.36 (KHTML, like Gecko) Chrome/59.0.3071.115 Safari/537.36"
27.50.79.22 - - [11/Sep/2020:20:18:28 -0400] "POST /wp-login.php HTTP/1.0" 200 4475 "http://cubscouts.org/wp-login.php" "Mozilla/5.0 (Windows NT 6.1; Win64; x64) AppleWebKit/537.36 (KHTML, like Gecko) Chrome/59.0.3071.115 Safari/537.36"
27.50.79.22 - - [11/Sep/2020:20:18:35 -0400] "POST /wp-login.php HTTP/1.0" 200 4475 "http://cubscouts.org/wp-login.php" "Mozilla/5.0 (Windows NT 6.1; Win64; x64) AppleWebKit/537.36 (KHTML, like Gecko) Chrome/59.0.3071.115 Safari/537.36"
27.50.79.22 - - [11/Sep/2020:20:18:43 -0400] "POST /wp-login.php HTTP/1.0" 200 4475 "http://cubscouts.org/wp-login.php" "Mozilla/5.0 (Windows NT 6.1; Win64; x64) AppleWebKit/537.36 (KHTML, like Gecko) Chrome/59.0.3071.115 Safari/537.36"
27.50.79.22 - - [11/Sep/2020:20:18:46 -0400] "POST /wp-login.php HTTP/1.0" 200 4475 "http://cubscouts.org/wp-login.php" "Mozilla/5.0 (Windows NT 6.1; Win64; x64) AppleWebKit/537.36 (KHTML, like Gecko) Chrome/59.0.3071.115 Safari/537.36"
27.50.79.22 - - [11/Sep/2020:20:19:27 -0400] "POST /wp-login.php HTTP/1.0" 200 4475 "http://cubscouts.org/wp-login.php" "Mozilla/5.0 (Windows NT 6.1; Win64; x64) AppleWebKit/537.36 (KHTML, like Gecko) Chrome/59.0.3071.115 Safari/537.36"
27.50.79.22 - - [11/Sep/2020:20:19:29 -0400] "POST /wp-login.php HTTP/1.0" 200 4475 "http://cubscouts.org/wp-login.php" "Mozilla/5.0 (Windows NT 6.1; Win64; x64) AppleWebKit/537.36 (KHTML, like Gecko) Chrome/59.0.3071.115 Safari/537.36"
27.50.79.22 - - [11/Sep/2020:20:19:35 -0400] "POST /wp-login.php HTTP/1.0" 200 4475 "http://cubscouts.org/wp-login.php" "Mozilla/5.0 (Windows NT 6.1; Win64; x64) AppleWebKit/537.36 (KHTML, like Gecko) Chrome/59.0.3071.115 Safari/537.36"
27.50.79.22 - - [11/Sep/2020:20:19:40 -0400] "POST /wp-login.php HTTP/1.0" 200 4475 "http://cubscouts.org/wp-login.php" "Mozilla/5.0 (Windows NT 6.1; Win64; x64) AppleWebKit/537.36 (KHTML, like Gecko) Chrome/59.0.3071.115 Safari/537.36"
27.50.79.22 - - [11/Sep/2020:20:19:44 -0400] "POST /wp-login.php HTTP/1.0" 200 4475 "http://cubscouts.org/wp-login.php" "Mozilla/5.0 (Windows NT 6.1; Win64; x64) AppleWebKit/537.36 (KHTML, like Gecko) Chrome/59.0.3071.115 Safari/537.36"
27.50.79.22 - - [11/Sep/2020:20:19:55 -0400] "POST /wp-login.php HTTP/1.0" 200 4475 "http://cubscouts.org/wp-login.php" "Mozilla/5.0 (Windows NT 6.1; Win64; x64) AppleWebKit/537.36 (KHTML, like Gecko) Chrome/59.0.3071.115 Safari/537.36"
27.50.79.22 - - [11/Sep/2020:20:20:00 -0400] "POST /wp-login.php HTTP/1.0" 200 4475 "http://cubscouts.org/wp-login.php" "Mozilla/5.0 (Windows NT 6.1; Win64; x64) AppleWebKit/537.36 (KHTML, like Gecko) Chrome/59.0.3071.115 Safari/537.36"
27.50.79.22 - - [11/Sep/2020:20:20:03 -0400] "POST /wp-login.php HTTP/1.0" 200 4475 "http://cubscouts.org/wp-login.php" "Mozilla/5.0 (Windows NT 6.1; Win64; x64) AppleWebKit/537.36 (KHTML, like Gecko) Chrome/59.0.3071.115 Safari/537.36"
62.37.171.39 - - [11/Sep/2020:20:51:01 -0400] "GET /wp-content/plugins/woocommerce/assets/css/photoswipe/default-skin/default-skin.css?ver=3.4.7 HTTP/1.0" 200 11589 "http://athenswideformat.com/product/hp-latex-570-64-printer/" "Mozilla/5.0 (Macintosh; Intel Mac OS X 10_13_6) AppleWebKit/537.36 (KHTML, like Gecko) Chrome/85.0.4183.83 Safari/537.36"
62.37.171.39 - - [11/Sep/2020:20:51:01 -0400] "GET /wp-content/themes/melos/lib/extentions/bootstrap/css/bootstrap.min.css?ver=2.3.2 HTTP/1.0" 200 69439 "http://athenswideformat.com/product/hp-latex-570-64-printer/" "Mozilla/5.0 (Macintosh; Intel Mac OS X 10_13_6) AppleWebKit/537.36 (KHTML, like Gecko) Chrome/85.0.4183.83 Safari/537.36"
62.37.171.39 - - [11/Sep/2020:20:51:01 -0400] "GET /wp-content/themes/melos-corporate/style.css?ver=1.0.0 HTTP/1.0" 200 9655 "http://athenswideformat.com/product/hp-latex-570-64-printer/" "Mozilla/5.0 (Macintosh; Intel Mac OS X 10_13_6) AppleWebKit/537.36 (KHTML, like Gecko) Chrome/85.0.4183.83 Safari/537.36"
62.37.171.39 - - [11/Sep/2020:20:51:01 -0400] "GET /wp-content/plugins/contact-widgets/assets/css/style.min.css?ver=1.0.1 HTTP/1.0" 200 560 "http://athenswideformat.com/product/hp-latex-570-64-printer/" "Mozilla/5.0 (Macintosh; Intel Mac OS X 10_13_6) AppleWebKit/537.36 (KHTML, like Gecko) Chrome/85.0.4183.83 Safari/537.36"
62.37.171.39 - - [11/Sep/2020:20:51:01 -0400] "GET /wp-content/plugins/woocommerce/assets/js/js-cookie/js.cookie.min.js?ver=2.1.4 HTTP/1.0" 200 1846 "http://athenswideformat.com/product/hp-latex-570-64-printer/" "Mozilla/5.0 (Macintosh; Intel Mac OS X 10_13_6) AppleWebKit/537.36 (KHTML, like Gecko) Chrome/85.0.4183.83 Safari/537.36"
62.37.171.39 - - [11/Sep/2020:20:51:02 -0400] "GET /wp-content/plugins/woocommerce/assets/js/frontend/woocommerce.min.js?ver=3.4.7 HTTP/1.0" 200 1402 "http://athenswideformat.com/product/hp-latex-570-64-printer/" "Mozilla/5.0 (Macintosh; Intel Mac OS X 10_13_6) AppleWebKit/537.36 (KHTML, like Gecko) Chrome/85.0.4183.83 Safari/537.36"
62.37.171.39 - - [11/Sep/2020:20:51:02 -0400] "GET /wp-content/uploads/2019/01/athens-wide-format-logo.png HTTP/1.0" 200 8122 "http://athenswideformat.com/product/hp-latex-570-64-printer/" "Mozilla/5.0 (Macintosh; Intel Mac OS X 10_13_6) AppleWebKit/537.36 (KHTML, like Gecko) Chrome/85.0.4183.83 Safari/537.36"
62.37.171.39 - - [11/Sep/2020:20:51:02 -0400] "GET /wp-content/plugins/woocommerce/assets/js/prettyPhoto/jquery.prettyPhoto.min.js?ver=3.1.6 HTTP/1.0" 200 21592 "http://athenswideformat.com/product/hp-latex-570-64-printer/" "Mozilla/5.0 (Macintosh; Intel Mac OS X 10_13_6) AppleWebKit/537.36 (KHTML, like Gecko) Chrome/85.0.4183.83 Safari/537.36"
62.37.171.39 - - [11/Sep/2020:20:51:02 -0400] "GET /wp-includes/js/comment-reply.min.js?ver=5.0.3 HTTP/1.0" 200 1078 "http://athenswideformat.com/product/hp-latex-570-64-printer/" "Mozilla/5.0 (Macintosh; Intel Mac OS X 10_13_6) AppleWebKit/537.36 (KHTML, like Gecko) Chrome/85.0.4183.83 Safari/537.36"
62.37.171.39 - - [11/Sep/2020:20:51:02 -0400] "GET /wp-content/uploads/2019/01/115-200x100.png HTTP/1.0" 200 30525 "http://athenswideformat.com/product/hp-latex-570-64-printer/" "Mozilla/5.0 (Macintosh; Intel Mac OS X 10_13_6) AppleWebKit/537.36 (KHTML, like Gecko) Chrome/85.0.4183.83 Safari/537.36"
66.249.72.68 - - [11/Sep/2020:21:28:18 -0400] "GET /wp-content/themes/melos/lib/scripts/plugins/scrollup/jquery.scrollUp.min.js?ver=2.4.1 HTTP/1.0" 200 2151 "http://athenswideformat.com/product/hp-latex-r1000-plus-64-flatbed-printer/" "Mozilla/5.0 AppleWebKit/537.36 (KHTML, like Gecko; compatible; Googlebot/2.1; +http://www.google.com/bot.html) Chrome/85.0.4183.105 Safari/537.36"
77.88.5.150 - - [11/Sep/2020:04:51:34 -0400] "GET /robots.txt HTTP/1.0" 200 67 "-" "Mozilla/5.0 (compatible; YandexBot/3.0; +http://yandex.com/bots)"
192.71.44.44 - - [11/Sep/2020:04:56:55 -0400] "GET / HTTP/1.0" 301 - "http://athenswideformat.net/" "Go-http-client/1.1"
194.61.24.102 - - [11/Sep/2020:05:19:11 -0400] "GET /?author=2 HTTP/1.0" 200 16828 "-" "Mozilla/5.0 (Windows NT 10.0; Win64; x64) AppleWebKit/537.36 (KHTML, like Gecko) Chrome/78.0.3904.108 Safari/537.36"
51.178.131.71 - - [11/Sep/2020:07:14:28 -0400] "GET /wp-login.php?action=register HTTP/1.0" 302 - "-" "Mozilla/5.0 (Windows NT 6.3; Win64; x64) AppleWebKit/537.36 (KHTML, like Gecko) Chrome/75.0.3770.100 Safari/537.36"
23.101.184.150 - - [11/Sep/2020:08:29:18 -0400] "POST /xmlrpc.php HTTP/1.0" 200 401 "-" "Mozilla/5.0 (Windows NT 10.0; Win64; x64) AppleWebKit/537.36 (KHTML, like Gecko) Chrome/80.0.3987.149 Safari/537.36"
23.101.184.150 - - [11/Sep/2020:08:29:23 -0400] "POST /xmlrpc.php HTTP/1.0" 200 401 "-" "Mozilla/5.0 (Windows NT 10.0; Win64; x64) AppleWebKit/537.36 (KHTML, like Gecko) Chrome/80.0.3987.149 Safari/537.36"
23.101.184.150 - - [11/Sep/2020:08:29:23 -0400] "POST /xmlrpc.php HTTP/1.0" 200 401 "-" "Mozilla/5.0 (Windows NT 10.0; Win64; x64) AppleWebKit/537.36 (KHTML, like Gecko) Chrome/80.0.3987.149 Safari/537.36"
23.101.184.150 - - [11/Sep/2020:08:29:29 -0400] "POST /xmlrpc.php HTTP/1.0" 200 401 "-" "Mozilla/5.0 (Windows NT 10.0; Win64; x64) AppleWebKit/537.36 (KHTML, like Gecko) Chrome/80.0.3987.149 Safari/537.36"
23.101.184.150 - - [11/Sep/2020:08:29:30 -0400] "POST /xmlrpc.php HTTP/1.0" 200 401 "-" "Mozilla/5.0 (Windows NT 10.0; Win64; x64) AppleWebKit/537.36 (KHTML, like Gecko) Chrome/80.0.3987.149 Safari/537.36"
23.101.184.150 - - [11/Sep/2020:08:29:39 -0400] "POST /xmlrpc.php HTTP/1.0" 200 401 "-" "Mozilla/5.0 (Windows NT 10.0; Win64; x64) AppleWebKit/537.36 (KHTML, like Gecko) Chrome/80.0.3987.149 Safari/537.36"
23.101.184.150 - - [11/Sep/2020:08:29:45 -0400] "POST /xmlrpc.php HTTP/1.0" 200 401 "-" "Mozilla/5.0 (Windows NT 10.0; Win64; x64) AppleWebKit/537.36 (KHTML, like Gecko) Chrome/80.0.3987.149 Safari/537.36"
23.101.184.150 - - [11/Sep/2020:08:29:51 -0400] "POST /xmlrpc.php HTTP/1.0" 200 401 "-" "Mozilla/5.0 (Windows NT 10.0; Win64; x64) AppleWebKit/537.36 (KHTML, like Gecko) Chrome/80.0.3987.149 Safari/537.36"
23.101.184.150 - - [11/Sep/2020:08:29:55 -0400] "POST /xmlrpc.php HTTP/1.0" 200 401 "-" "Mozilla/5.0 (Windows NT 10.0; Win64; x64) AppleWebKit/537.36 (KHTML, like Gecko) Chrome/80.0.3987.149 Safari/537.36"
23.101.184.150 - - [11/Sep/2020:08:29:57 -0400] "POST /xmlrpc.php HTTP/1.0" 200 401 "-" "Mozilla/5.0 (Windows NT 10.0; Win64; x64) AppleWebKit/537.36 (KHTML, like Gecko) Chrome/80.0.3987.149 Safari/537.36"
23.101.184.150 - - [11/Sep/2020:08:30:03 -0400] "POST /xmlrpc.php HTTP/1.0" 200 401 "-" "Mozilla/5.0 (Windows NT 10.0; Win64; x64) AppleWebKit/537.36 (KHTML, like Gecko) Chrome/80.0.3987.149 Safari/537.36"
23.101.184.150 - - [11/Sep/2020:08:30:05 -0400] "POST /xmlrpc.php HTTP/1.0" 200 401 "-" "Mozilla/5.0 (Windows NT 10.0; Win64; x64) AppleWebKit/537.36 (KHTML, like Gecko) Chrome/80.0.3987.149 Safari/537.36"
23.101.184.150 - - [11/Sep/2020:08:30:08 -0400] "POST /xmlrpc.php HTTP/1.0" 200 401 "-" "Mozilla/5.0 (Windows NT 10.0; Win64; x64) AppleWebKit/537.36 (KHTML, like Gecko) Chrome/80.0.3987.149 Safari/537.36"
23.101.184.150 - - [11/Sep/2020:08:30:15 -0400] "POST /xmlrpc.php HTTP/1.0" 200 401 "-" "Mozilla/5.0 (Windows NT 10.0; Win64; x64) AppleWebKit/537.36 (KHTML, like Gecko) Chrome/80.0.3987.149 Safari/537.36"
23.101.184.150 - - [11/Sep/2020:08:30:16 -0400] "POST /xmlrpc.php HTTP/1.0" 200 401 "-" "Mozilla/5.0 (Windows NT 10.0; Win64; x64) AppleWebKit/537.36 (KHTML, like Gecko) Chrome/80.0.3987.149 Safari/537.36"
23.101.184.150 - - [11/Sep/2020:08:30:19 -0400] "POST /xmlrpc.php HTTP/1.0" 200 401 "-" "Mozilla/5.0 (Windows NT 10.0; Win64; x64) AppleWebKit/537.36 (KHTML, like Gecko) Chrome/80.0.3987.149 Safari/537.36"
23.101.184.150 - - [11/Sep/2020:08:30:21 -0400] "POST /xmlrpc.php HTTP/1.0" 200 401 "-" "Mozilla/5.0 (Windows NT 10.0; Win64; x64) AppleWebKit/537.36 (KHTML, like Gecko) Chrome/80.0.3987.149 Safari/537.36"
23.101.184.150 - - [11/Sep/2020:08:30:29 -0400] "POST /xmlrpc.php HTTP/1.0" 200 401 "-" "Mozilla/5.0 (Windows NT 10.0; Win64; x64) AppleWebKit/537.36 (KHTML, like Gecko) Chrome/80.0.3987.149 Safari/537.36"
23.101.184.150 - - [11/Sep/2020:08:30:41 -0400] "POST /xmlrpc.php HTTP/1.0" 200 401 "-" "Mozilla/5.0 (Windows NT 10.0; Win64; x64) AppleWebKit/537.36 (KHTML, like Gecko) Chrome/80.0.3987.149 Safari/537.36"
23.101.184.150 - - [11/Sep/2020:08:30:43 -0400] "POST /xmlrpc.php HTTP/1.0" 200 401 "-" "Mozilla/5.0 (Windows NT 10.0; Win64; x64) AppleWebKit/537.36 (KHTML, like Gecko) Chrome/80.0.3987.149 Safari/537.36"
23.101.184.150 - - [11/Sep/2020:08:30:45 -0400] "POST /xmlrpc.php HTTP/1.0" 200 401 "-" "Mozilla/5.0 (Windows NT 10.0; Win64; x64) AppleWebKit/537.36 (KHTML, like Gecko) Chrome/80.0.3987.149 Safari/537.36"
23.101.184.150 - - [11/Sep/2020:08:30:45 -0400] "POST /xmlrpc.php HTTP/1.0" 200 401 "-" "Mozilla/5.0 (Windows NT 10.0; Win64; x64) AppleWebKit/537.36 (KHTML, like Gecko) Chrome/80.0.3987.149 Safari/537.36"
23.101.184.150 - - [11/Sep/2020:08:30:51 -0400] "POST /xmlrpc.php HTTP/1.0" 200 401 "-" "Mozilla/5.0 (Windows NT 10.0; Win64; x64) AppleWebKit/537.36 (KHTML, like Gecko) Chrome/80.0.3987.149 Safari/537.36"
185.191.171.26 - - [11/Sep/2020:10:48:11 -0400] "GET / HTTP/1.0" 301 - "-" "Mozilla/5.0 (compatible; SemrushBot/6~bl; +http://www.semrush.com/bot.html)"
85.208.21.164 - - [11/Sep/2020:10:49:24 -0400] "GET / HTTP/1.0" 200 19877 "-" "CATExplorador/1.0beta (sistemes at domini dot cat; http://domini.cat/catexplorador.html)"
163.172.111.182 - - [11/Sep/2020:13:33:13 -0400] "GET /?author=2 HTTP/1.0" 200 16828 "-" "Mozilla/5.0 (Windows NT 6.1; Win64; x64) AppleWebKit/537.36 (KHTML, like Gecko) Chrome/59.0.3071.115 Safari/537.36"
163.172.111.182 - - [11/Sep/2020:13:33:24 -0400] "POST /xmlrpc.php HTTP/1.0" 200 403 "-" "Mozilla/5.0 (Windows NT 6.1; Win64; x64) AppleWebKit/537.36 (KHTML, like Gecko) Chrome/59.0.3071.115 Safari/537.36"
163.172.111.182 - - [11/Sep/2020:13:33:43 -0400] "POST /xmlrpc.php HTTP/1.0" 200 403 "-" "Mozilla/5.0 (Windows NT 6.1; Win64; x64) AppleWebKit/537.36 (KHTML, like Gecko) Chrome/59.0.3071.115 Safari/537.36"
163.172.111.182 - - [11/Sep/2020:13:34:03 -0400] "POST /xmlrpc.php HTTP/1.0" 200 403 "-" "Mozilla/5.0 (Windows NT 6.1; Win64; x64) AppleWebKit/537.36 (KHTML, like Gecko) Chrome/59.0.3071.115 Safari/537.36"
163.172.111.182 - - [11/Sep/2020:13:34:17 -0400] "POST /wp-login.php HTTP/1.0" 200 4418 "http://cubscouts.org/wp-login.php" "Mozilla/5.0 (Windows NT 6.1; Win64; x64) AppleWebKit/537.36 (KHTML, like Gecko) Chrome/59.0.3071.115 Safari/537.36"
163.172.111.182 - - [11/Sep/2020:13:34:19 -0400] "POST /wp-login.php HTTP/1.0" 200 4418 "http://cubscouts.org/wp-login.php" "Mozilla/5.0 (Windows NT 6.1; Win64; x64) AppleWebKit/537.36 (KHTML, like Gecko) Chrome/59.0.3071.115 Safari/537.36"
163.172.111.182 - - [11/Sep/2020:13:34:21 -0400] "POST /wp-login.php HTTP/1.0" 200 4418 "http://cubscouts.org/wp-login.php" "Mozilla/5.0 (Windows NT 6.1; Win64; x64) AppleWebKit/537.36 (KHTML, like Gecko) Chrome/59.0.3071.115 Safari/537.36"
163.172.111.182 - - [11/Sep/2020:13:34:32 -0400] "POST /wp-login.php HTTP/1.0" 200 4418 "http://cubscouts.org/wp-login.php" "Mozilla/5.0 (Windows NT 6.1; Win64; x64) AppleWebKit/537.36 (KHTML, like Gecko) Chrome/59.0.3071.115 Safari/537.36"
163.172.111.182 - - [11/Sep/2020:13:34:33 -0400] "POST /wp-login.php HTTP/1.0" 200 4418 "http://cubscouts.org/wp-login.php" "Mozilla/5.0 (Windows NT 6.1; Win64; x64) AppleWebKit/537.36 (KHTML, like Gecko) Chrome/59.0.3071.115 Safari/537.36"
163.172.111.182 - - [11/Sep/2020:13:34:39 -0400] "POST /wp-login.php HTTP/1.0" 200 4418 "http://cubscouts.org/wp-login.php" "Mozilla/5.0 (Windows NT 6.1; Win64; x64) AppleWebKit/537.36 (KHTML, like Gecko) Chrome/59.0.3071.115 Safari/537.36"
163.172.111.182 - - [11/Sep/2020:13:34:46 -0400] "POST /wp-login.php HTTP/1.0" 200 4418 "http://cubscouts.org/wp-login.php" "Mozilla/5.0 (Windows NT 6.1; Win64; x64) AppleWebKit/537.36 (KHTML, like Gecko) Chrome/59.0.3071.115 Safari/537.36"
163.172.111.182 - - [11/Sep/2020:13:35:26 -0400] "POST /wp-login.php HTTP/1.0" 200 4475 "http://cubscouts.org/wp-login.php" "Mozilla/5.0 (Windows NT 6.1; Win64; x64) AppleWebKit/537.36 (KHTML, like Gecko) Chrome/59.0.3071.115 Safari/537.36"
163.172.111.182 - - [11/Sep/2020:13:35:32 -0400] "POST /wp-login.php HTTP/1.0" 200 4475 "http://cubscouts.org/wp-login.php" "Mozilla/5.0 (Windows NT 6.1; Win64; x64) AppleWebKit/537.36 (KHTML, like Gecko) Chrome/59.0.3071.115 Safari/537.36"
163.172.111.182 - - [11/Sep/2020:13:35:33 -0400] "POST /wp-login.php HTTP/1.0" 200 4475 "http://cubscouts.org/wp-login.php" "Mozilla/5.0 (Windows NT 6.1; Win64; x64) AppleWebKit/537.36 (KHTML, like Gecko) Chrome/59.0.3071.115 Safari/537.36"
27.50.79.22 - - [11/Sep/2020:20:12:31 -0400] "GET /?author=3 HTTP/1.0" 404 16160 "-" "Mozilla/5.0 (Windows NT 6.1; Win64; x64) AppleWebKit/537.36 (KHTML, like Gecko) Chrome/59.0.3071.115 Safari/537.36"
27.50.79.22 - - [11/Sep/2020:20:12:51 -0400] "POST /xmlrpc.php HTTP/1.0" 200 403 "-" "Mozilla/5.0 (Windows NT 6.1; Win64; x64) AppleWebKit/537.36 (KHTML, like Gecko) Chrome/59.0.3071.115 Safari/537.36"
27.50.79.22 - - [11/Sep/2020:20:13:04 -0400] "POST /xmlrpc.php HTTP/1.0" 200 403 "-" "Mozilla/5.0 (Windows NT 6.1; Win64; x64) AppleWebKit/537.36 (KHTML, like Gecko) Chrome/59.0.3071.115 Safari/537.36"
27.50.79.22 - - [11/Sep/2020:20:13:24 -0400] "POST /xmlrpc.php HTTP/1.0" 200 403 "-" "Mozilla/5.0 (Windows NT 6.1; Win64; x64) AppleWebKit/537.36 (KHTML, like Gecko) Chrome/59.0.3071.115 Safari/537.36"
27.50.79.22 - - [11/Sep/2020:20:13:36 -0400] "POST /xmlrpc.php HTTP/1.0" 200 403 "-" "Mozilla/5.0 (Windows NT 6.1; Win64; x64) AppleWebKit/537.36 (KHTML, like Gecko) Chrome/59.0.3071.115 Safari/537.36"
27.50.79.22 - - [11/Sep/2020:20:15:35 -0400] "POST /wp-login.php HTTP/1.0" 200 4418 "http://cubscouts.org/wp-login.php" "Mozilla/5.0 (Windows NT 6.1; Win64; x64) AppleWebKit/537.36 (KHTML, like Gecko) Chrome/59.0.3071.115 Safari/537.36"
27.50.79.22 - - [11/Sep/2020:20:16:05 -0400] "POST /wp-login.php HTTP/1.0" 200 4418 "http://cubscouts.org/wp-login.php" "Mozilla/5.0 (Windows NT 6.1; Win64; x64) AppleWebKit/537.36 (KHTML, like Gecko) Chrome/59.0.3071.115 Safari/537.36"
27.50.79.22 - - [11/Sep/2020:20:16:39 -0400] "POST /wp-login.php HTTP/1.0" 200 4418 "http://cubscouts.org/wp-login.php" "Mozilla/5.0 (Windows NT 6.1; Win64; x64) AppleWebKit/537.36 (KHTML, like Gecko) Chrome/59.0.3071.115 Safari/537.36"
27.50.79.22 - - [11/Sep/2020:20:16:47 -0400] "POST /wp-login.php HTTP/1.0" 200 4475 "http://cubscouts.org/wp-login.php" "Mozilla/5.0 (Windows NT 6.1; Win64; x64) AppleWebKit/537.36 (KHTML, like Gecko) Chrome/59.0.3071.115 Safari/537.36"
27.50.79.22 - - [11/Sep/2020:20:16:57 -0400] "POST /wp-login.php HTTP/1.0" 200 4475 "http://cubscouts.org/wp-login.php" "Mozilla/5.0 (Windows NT 6.1; Win64; x64) AppleWebKit/537.36 (KHTML, like Gecko) Chrome/59.0.3071.115 Safari/537.36"
27.50.79.22 - - [11/Sep/2020:20:18:05 -0400] "POST /wp-login.php HTTP/1.0" 200 4475 "http://cubscouts.org/wp-login.php" "Mozilla/5.0 (Windows NT 6.1; Win64; x64) AppleWebKit/537.36 (KHTML, like Gecko) Chrome/59.0.3071.115 Safari/537.36"
