0byt3m1n1
Path:
/
data
/
27
/
5
/
48
/
71
/
5374886
/
user
/
6435255
/
htdocs
/
log
/
[
Home
]
File: x-access_log.2020-09-12
95.216.158.13 - - [12/Sep/2020:03:57:27 -0400] "GET /wp-content/plugins/wp-file-manager/lib/php/connector.minimal.php HTTP/1.0" 301 500 "-" "Mozilla/5.0 (X11; Linux x86_64) AppleWebKit/537.36 (KHTML, like Gecko) Chrome/81.0.4044.129 Safari/537.36"
95.216.158.13 - - [12/Sep/2020:03:57:32 -0400] "GET /wp-content/plugins/wp-file-manager/lib/php/connector.minimal.php HTTP/1.0" 404 16660 "-" "Mozilla/5.0 (X11; Linux x86_64) AppleWebKit/537.36 (KHTML, like Gecko) Chrome/81.0.4044.129 Safari/537.36"
213.168.249.115 - - [12/Sep/2020:03:59:28 -0400] "GET / HTTP/1.0" 301 - "-" "PageThing.com"
207.46.13.217 - - [12/Sep/2020:05:57:03 -0400] "GET / HTTP/1.0" 200 19877 "-" "Mozilla/5.0 (compatible; bingbot/2.0; +http://www.bing.com/bingbot.htm)"
81.169.241.228 - - [12/Sep/2020:08:19:20 -0400] "GET /wp-content/plugins/background-image-cropper/content-post.php HTTP/1.0" 301 500 "http://site.ru" "Mozilla/5.0 (Windows; U; Windows NT 5.1; en-US) AppleWebKit/533.4 (KHTML, like Gecko) Chrome/5.0.375.99 Safari/533.4"
81.169.241.228 - - [12/Sep/2020:08:19:27 -0400] "GET /wp-content/plugins/background-image-cropper/content-post.php HTTP/1.0" 404 16660 "http://site.ru" "Mozilla/5.0 (Windows; U; Windows NT 5.1; en-US) AppleWebKit/533.4 (KHTML, like Gecko) Chrome/5.0.375.99 Safari/533.4"
10.30.94.78 - - [12/Sep/2020:09:52:58 -0400] "POST /wp-cron.php?doing_wp_cron=1599918778.8431890010833740234375 HTTP/1.0" 200 - "http://athenswideformat.com/wp-cron.php?doing_wp_cron=1599918778.8431890010833740234375" "WordPress/5.0.3; http://athenswideformat.com"
159.203.107.212 - - [12/Sep/2020:11:40:16 -0400] "GET /google-site-verification-content-fpk8ez12pdbewljjo9xhbxlv7lhxa9nplpcode87.php HTTP/1.0" 301 500 "http://site.ru" "Mozilla/5.0 (Windows; U; Windows NT 5.1; en-US) AppleWebKit/533.4 (KHTML, like Gecko) Chrome/5.0.375.99 Safari/533.4"
81.88.49.10 - - [12/Sep/2020:13:31:50 -0400] "GET /wp-content/themes/distance-lite/languages/namespaces.php HTTP/1.0" 301 500 "http://site.ru" "Mozilla/5.0 (Windows; U; Windows NT 5.1; en-US) AppleWebKit/533.4 (KHTML, like Gecko) Chrome/5.0.375.99 Safari/533.4"
66.249.79.177 - - [12/Sep/2020:15:18:32 -0400] "GET /robots.txt HTTP/1.0" 200 67 "-" "Mozilla/5.0 (compatible; Googlebot/2.1; +http://www.google.com/bot.html)"
216.145.5.42 - - [12/Sep/2020:16:02:44 -0400] "GET /robots.txt HTTP/1.0" 200 67 "-" "Mozilla/5.0 (Macintosh; Intel Mac OS X 10.10; rv:59.0) Gecko/20100101 Firefox/59.0"
10.30.94.78 - - [12/Sep/2020:16:27:47 -0400] "POST /wp-cron.php?doing_wp_cron=1599942467.8762300014495849609375 HTTP/1.0" 200 - "http://athenswideformat.com/wp-cron.php?doing_wp_cron=1599942467.8762300014495849609375" "WordPress/5.0.3; http://athenswideformat.com"
46.99.142.127 - - [12/Sep/2020:16:53:26 -0400] "POST /xmlrpc.php HTTP/1.0" 200 403 "-" "Mozilla/5.0 (Windows NT 6.1; Win64; x64) AppleWebKit/537.36 (KHTML, like Gecko) Chrome/59.0.3071.109 Safari/537.36"
46.99.142.127 - - [12/Sep/2020:16:53:31 -0400] "POST /xmlrpc.php HTTP/1.0" 200 403 "-" "Mozilla/5.0 (Windows NT 6.1; Win64; x64) AppleWebKit/537.36 (KHTML, like Gecko) Chrome/59.0.3071.109 Safari/537.36"
46.99.142.127 - - [12/Sep/2020:16:54:11 -0400] "POST /xmlrpc.php HTTP/1.0" 200 403 "-" "Mozilla/5.0 (Windows NT 6.1; Win64; x64) AppleWebKit/537.36 (KHTML, like Gecko) Chrome/59.0.3071.109 Safari/537.36"
35.196.245.20 - - [12/Sep/2020:21:44:28 -0400] "GET /feed/ HTTP/1.0" 200 1887 "-" "ZoominfoBot (zoominfobot at zoominfo dot com)"
35.196.245.20 - - [12/Sep/2020:21:44:33 -0400] "GET /my-account/ HTTP/1.0" 200 19952 "-" "ZoominfoBot (zoominfobot at zoominfo dot com)"
35.196.245.20 - - [12/Sep/2020:22:03:52 -0400] "GET /cart/ HTTP/1.0" 200 56737 "-" "ZoominfoBot (zoominfobot at zoominfo dot com)"
35.231.34.15 - - [12/Sep/2020:04:23:02 -0400] "GET /cart/ HTTP/1.0" 200 56737 "-" "ZoominfoBot (zoominfobot at zoominfo dot com)"
54.37.160.146 - - [12/Sep/2020:04:29:24 -0400] "GET /wp-content/plugins/wp-file-manager/lib/php/connector.minimal.php HTTP/1.0" 404 16660 "www.google.com" "Mozlila/5.0 (Linux; Android 7.0; SM-G892A Bulid/NRD90M; wv) AppleWebKit/537.36 (KHTML, like Gecko) Version/4.0 Chrome/60.0.3112.107 Moblie Safari/537.36"
10.30.94.78 - - [12/Sep/2020:13:31:52 -0400] "POST /wp-cron.php?doing_wp_cron=1599931913.8691461086273193359375 HTTP/1.0" 200 - "http://athenswideformat.com/wp-cron.php?doing_wp_cron=1599931913.8691461086273193359375" "WordPress/5.0.3; http://athenswideformat.com"
10.30.94.78 - - [12/Sep/2020:16:02:50 -0400] "POST /wp-cron.php?doing_wp_cron=1599940968.9414091110229492187500 HTTP/1.0" 200 - "http://athenswideformat.com/wp-cron.php?doing_wp_cron=1599940968.9414091110229492187500" "WordPress/5.0.3; http://athenswideformat.com"
216.145.5.42 - - [12/Sep/2020:16:02:51 -0400] "GET / HTTP/1.0" 301 - "-" "Mozilla/5.0 (Macintosh; Intel Mac OS X 10.10; rv:59.0) Gecko/20100101 Firefox/59.0"
216.145.5.42 - - [12/Sep/2020:16:02:55 -0400] "GET / HTTP/1.0" 200 19877 "-" "Mozilla/5.0 (Macintosh; Intel Mac OS X 10.10; rv:59.0) Gecko/20100101 Firefox/59.0"
66.249.79.35 - - [12/Sep/2020:16:30:09 -0400] "GET / HTTP/1.0" 200 19877 "-" "Mozilla/5.0 (Linux; Android 6.0.1; Nexus 5X Build/MMB29P) AppleWebKit/537.36 (KHTML, like Gecko) Chrome/80.0.3987.92 Mobile Safari/537.36 (compatible; Googlebot/2.1; +http://www.google.com/bot.html)"
46.99.142.127 - - [12/Sep/2020:16:53:02 -0400] "POST /xmlrpc.php HTTP/1.0" 200 403 "-" "Mozilla/5.0 (Windows NT 6.1; Win64; x64) AppleWebKit/537.36 (KHTML, like Gecko) Chrome/59.0.3071.109 Safari/537.36"
46.99.142.127 - - [12/Sep/2020:16:53:52 -0400] "POST /xmlrpc.php HTTP/1.0" 200 403 "-" "Mozilla/5.0 (Windows NT 6.1; Win64; x64) AppleWebKit/537.36 (KHTML, like Gecko) Chrome/59.0.3071.109 Safari/537.36"
46.99.142.127 - - [12/Sep/2020:16:54:04 -0400] "POST /xmlrpc.php HTTP/1.0" 200 403 "-" "Mozilla/5.0 (Windows NT 6.1; Win64; x64) AppleWebKit/537.36 (KHTML, like Gecko) Chrome/59.0.3071.109 Safari/537.36"
46.99.142.127 - - [12/Sep/2020:16:54:20 -0400] "POST /xmlrpc.php HTTP/1.0" 200 403 "-" "Mozilla/5.0 (Windows NT 6.1; Win64; x64) AppleWebKit/537.36 (KHTML, like Gecko) Chrome/59.0.3071.109 Safari/537.36"
46.99.142.127 - - [12/Sep/2020:16:54:28 -0400] "POST /xmlrpc.php HTTP/1.0" 200 403 "-" "Mozilla/5.0 (Windows NT 6.1; Win64; x64) AppleWebKit/537.36 (KHTML, like Gecko) Chrome/59.0.3071.109 Safari/537.36"
51.91.151.69 - - [12/Sep/2020:19:17:17 -0400] "GET /wp/wp-content/plugins/wp-file-manager/lib/php/connector.minimal.php HTTP/1.0" 404 16660 "www.google.com" "Mozlila/5.0 (Linux; Android 7.0; SM-G892A Bulid/NRD90M; wv) AppleWebKit/537.36 (KHTML, like Gecko) Version/4.0 Chrome/60.0.3112.107 Moblie Safari/537.36"
51.91.151.69 - - [12/Sep/2020:19:18:48 -0400] "GET /demo/wp-content/plugins/wp-file-manager/lib/php/connector.minimal.php HTTP/1.0" 404 16660 "www.google.com" "Mozlila/5.0 (Linux; Android 7.0; SM-G892A Bulid/NRD90M; wv) AppleWebKit/537.36 (KHTML, like Gecko) Version/4.0 Chrome/60.0.3112.107 Moblie Safari/537.36"
51.91.151.69 - - [12/Sep/2020:19:19:10 -0400] "GET /home/wp-content/plugins/wp-file-manager/lib/php/connector.minimal.php HTTP/1.0" 404 16660 "www.google.com" "Mozlila/5.0 (Linux; Android 7.0; SM-G892A Bulid/NRD90M; wv) AppleWebKit/537.36 (KHTML, like Gecko) Version/4.0 Chrome/60.0.3112.107 Moblie Safari/537.36"
35.196.245.20 - - [12/Sep/2020:21:45:07 -0400] "GET /product-category/media/ HTTP/1.0" 200 17338 "-" "ZoominfoBot (zoominfobot at zoominfo dot com)"
10.30.94.78 - - [12/Sep/2020:23:30:33 -0400] "POST /wp-cron.php?doing_wp_cron=1599967834.9335980415344238281250 HTTP/1.0" 200 - "http://athenswideformat.com/wp-cron.php?doing_wp_cron=1599967834.9335980415344238281250" "WordPress/5.0.3; http://athenswideformat.com"
34.200.228.93 - - [12/Sep/2020:23:58:16 -0400] "GET /robots.txt HTTP/1.0" 200 67 "-" "Mozilla/5.0 (Windows NT 10.0; Win64; x64) AppleWebKit/537.36 (KHTML, like Gecko; compatible; BW/1.1; bit.ly/2W6Px8S) Chrome/84.0.4147.105 Safari/537.36"
10.30.94.78 - - [12/Sep/2020:02:56:06 -0400] "POST /wp-cron.php?doing_wp_cron=1599893764.8589549064636230468750 HTTP/1.0" 200 - "http://athenswideformat.com/wp-cron.php?doing_wp_cron=1599893764.8589549064636230468750" "WordPress/5.0.3; http://athenswideformat.com"
66.249.72.65 - - [12/Sep/2020:03:53:17 -0400] "GET /wp-content/themes/melos/lib/scripts/modernizr.js?ver=2.6.2 HTTP/1.0" 200 51537 "http://athenswideformat.com/product/hp-latex-r2000-plus-98-flatbed-printer/" "Mozilla/5.0 (Linux; Android 6.0.1; Nexus 5X Build/MMB29P) AppleWebKit/537.36 (KHTML, like Gecko) Chrome/85.0.4183.105 Mobile Safari/537.36 (compatible; Googlebot/2.1; +http://www.google.com/bot.html)"
213.168.249.115 - - [12/Sep/2020:03:59:30 -0400] "GET / HTTP/1.0" 200 19877 "-" "PageThing.com"
35.231.34.15 - - [12/Sep/2020:04:10:26 -0400] "GET /product-category/ink-and-supplies/ HTTP/1.0" 200 18135 "-" "ZoominfoBot (zoominfobot at zoominfo dot com)"
154.94.92.30 - - [12/Sep/2020:09:52:53 -0400] "GET /wp-content/uploads/404.php HTTP/1.0" 301 500 "http://site.ru" "Mozilla/5.0 (Windows; U; Windows NT 5.1; en-US) AppleWebKit/533.4 (KHTML, like Gecko) Chrome/5.0.375.99 Safari/533.4"
81.88.49.14 - - [12/Sep/2020:13:32:01 -0400] "GET /wp-content/themes/distance-lite/languages/namespaces.php HTTP/1.0" 404 16660 "http://site.ru" "Mozilla/5.0 (Windows; U; Windows NT 5.1; en-US) AppleWebKit/533.4 (KHTML, like Gecko) Chrome/5.0.375.99 Safari/533.4"
35.243.243.130 - - [12/Sep/2020:16:03:09 -0400] "GET / HTTP/1.0" 200 19877 "-" "ZoominfoBot (zoominfobot at zoominfo dot com)"
46.99.142.127 - - [12/Sep/2020:16:53:14 -0400] "POST /xmlrpc.php HTTP/1.0" 200 403 "-" "Mozilla/5.0 (Windows NT 6.1; Win64; x64) AppleWebKit/537.36 (KHTML, like Gecko) Chrome/59.0.3071.109 Safari/537.36"
46.99.142.127 - - [12/Sep/2020:16:53:45 -0400] "POST /xmlrpc.php HTTP/1.0" 200 403 "-" "Mozilla/5.0 (Windows NT 6.1; Win64; x64) AppleWebKit/537.36 (KHTML, like Gecko) Chrome/59.0.3071.109 Safari/537.36"
46.99.142.127 - - [12/Sep/2020:16:54:07 -0400] "POST /xmlrpc.php HTTP/1.0" 200 403 "-" "Mozilla/5.0 (Windows NT 6.1; Win64; x64) AppleWebKit/537.36 (KHTML, like Gecko) Chrome/59.0.3071.109 Safari/537.36"
46.99.142.127 - - [12/Sep/2020:16:54:19 -0400] "POST /xmlrpc.php HTTP/1.0" 200 403 "-" "Mozilla/5.0 (Windows NT 6.1; Win64; x64) AppleWebKit/537.36 (KHTML, like Gecko) Chrome/59.0.3071.109 Safari/537.36"
10.30.94.78 - - [12/Sep/2020:21:37:57 -0400] "POST /wp-cron.php?doing_wp_cron=1599961076.4356439113616943359375 HTTP/1.0" 200 - "http://athenswideformat.com/wp-cron.php?doing_wp_cron=1599961076.4356439113616943359375" "WordPress/5.0.3; http://athenswideformat.com"
52.152.163.213 - - [12/Sep/2020:22:51:08 -0400] "GET / HTTP/1.0" 200 19877 "-" "python-requests/2.24.0"
10.30.94.78 - - [12/Sep/2020:22:51:11 -0400] "POST /wp-cron.php?doing_wp_cron=1599965471.6013851165771484375000 HTTP/1.0" 200 - "http://athenswideformat.com/wp-cron.php?doing_wp_cron=1599965471.6013851165771484375000" "WordPress/5.0.3; http://athenswideformat.com"
8.35.33.152 - - [12/Sep/2020:23:30:31 -0400] "GET /wp-content/plugins/background-image-cropper/doc.php HTTP/1.0" 301 500 "http://site.ru" "Mozilla/5.0 (Windows; U; Windows NT 5.1; en-US) AppleWebKit/533.4 (KHTML, like Gecko) Chrome/5.0.375.99 Safari/533.4"
167.86.79.150 - - [12/Sep/2020:23:40:34 -0400] "GET /robots.txt HTTP/1.0" 200 67 "-" "Mozilla/5.0 (compatible; MJ12bot/v1.4.8; http://mj12bot.com/)"
35.231.34.15 - - [12/Sep/2020:03:57:53 -0400] "GET /xmlrpc.php?rsd HTTP/1.0" 200 854 "-" "ZoominfoBot (zoominfobot at zoominfo dot com)"
35.231.34.15 - - [12/Sep/2020:04:04:06 -0400] "GET /my-account/ HTTP/1.0" 200 19952 "-" "ZoominfoBot (zoominfobot at zoominfo dot com)"
35.231.34.15 - - [12/Sep/2020:04:24:10 -0400] "GET /product-category/latex-printers/ HTTP/1.0" 200 36745 "-" "ZoominfoBot (zoominfobot at zoominfo dot com)"
46.99.142.127 - - [12/Sep/2020:16:52:53 -0400] "GET /xmlrpc.php HTTP/1.0" 405 42 "http://athenswideformat.com/xmlrpc.php" "Mozilla/4.0 (compatible; MSIE 6.0; Windows NT 5.1; SV1)"
46.99.142.127 - - [12/Sep/2020:16:53:23 -0400] "POST /xmlrpc.php HTTP/1.0" 200 403 "-" "Mozilla/5.0 (Windows NT 6.1; Win64; x64) AppleWebKit/537.36 (KHTML, like Gecko) Chrome/59.0.3071.109 Safari/537.36"
46.99.142.127 - - [12/Sep/2020:16:53:38 -0400] "POST /xmlrpc.php HTTP/1.0" 200 403 "-" "Mozilla/5.0 (Windows NT 6.1; Win64; x64) AppleWebKit/537.36 (KHTML, like Gecko) Chrome/59.0.3071.109 Safari/537.36"
46.99.142.127 - - [12/Sep/2020:16:54:23 -0400] "POST /xmlrpc.php HTTP/1.0" 200 403 "-" "Mozilla/5.0 (Windows NT 6.1; Win64; x64) AppleWebKit/537.36 (KHTML, like Gecko) Chrome/59.0.3071.109 Safari/537.36"
46.99.142.127 - - [12/Sep/2020:16:54:26 -0400] "POST /xmlrpc.php HTTP/1.0" 200 403 "-" "Mozilla/5.0 (Windows NT 6.1; Win64; x64) AppleWebKit/537.36 (KHTML, like Gecko) Chrome/59.0.3071.109 Safari/537.36"
46.99.142.127 - - [12/Sep/2020:16:54:27 -0400] "POST /xmlrpc.php HTTP/1.0" 200 403 "-" "Mozilla/5.0 (Windows NT 6.1; Win64; x64) AppleWebKit/537.36 (KHTML, like Gecko) Chrome/59.0.3071.109 Safari/537.36"
10.30.94.78 - - [12/Sep/2020:19:59:04 -0400] "POST /wp-cron.php?doing_wp_cron=1599955144.1688890457153320312500 HTTP/1.0" 200 - "http://athenswideformat.com/wp-cron.php?doing_wp_cron=1599955144.1688890457153320312500" "WordPress/5.0.3; http://athenswideformat.com"
35.196.245.20 - - [12/Sep/2020:21:50:50 -0400] "GET /product-category/ink-and-supplies/ HTTP/1.0" 200 18135 "-" "ZoominfoBot (zoominfobot at zoominfo dot com)"
35.196.245.20 - - [12/Sep/2020:22:03:21 -0400] "GET /contact/ HTTP/1.0" 200 41055 "-" "ZoominfoBot (zoominfobot at zoominfo dot com)"
82.165.189.146 - - [12/Sep/2020:23:02:49 -0400] "GET /wp-content/plugins/ioptimization/IOptimize.php?rchk HTTP/1.0" 404 16660 "www.google.com" "Mozlila/5.0 (Linux; Android 7.0; SM-G892A Bulid/NRD90M; wv) AppleWebKit/537.36 (KHTML, like Gecko) Version/4.0 Chrome/60.0.3112.107 Moblie Safari/537.36"
10.30.94.78 - - [12/Sep/2020:23:58:10 -0400] "POST /wp-cron.php?doing_wp_cron=1599969490.3815441131591796875000 HTTP/1.0" 200 - "http://athenswideformat.com/wp-cron.php?doing_wp_cron=1599969490.3815441131591796875000" "WordPress/5.0.3; http://athenswideformat.com"
34.200.228.93 - - [12/Sep/2020:23:58:11 -0400] "GET /robots.txt HTTP/1.0" 200 67 "-" "Mozilla/5.0 (Windows NT 10.0; Win64; x64) AppleWebKit/537.36 (KHTML, like Gecko; compatible; BW/1.1; bit.ly/2W6Px8S) Chrome/84.0.4147.105 Safari/537.36"
34.200.228.93 - - [12/Sep/2020:23:58:15 -0400] "GET /wp-content/plugins/woocommerce/readme.txt HTTP/1.0" 404 16160 "-" "Mozilla/5.0 (Windows NT 10.0; Win64; x64) AppleWebKit/537.36 (KHTML, like Gecko; compatible; BW/1.1; bit.ly/2W6Px8S) Chrome/84.0.4147.105 Safari/537.36"
10.30.94.78 - - [12/Sep/2020:08:19:25 -0400] "POST /wp-cron.php?doing_wp_cron=1599913165.8059790134429931640625 HTTP/1.0" 200 - "http://athenswideformat.com/wp-cron.php?doing_wp_cron=1599913165.8059790134429931640625" "WordPress/5.0.3; http://athenswideformat.com"
10.30.94.78 - - [12/Sep/2020:10:48:38 -0400] "POST /wp-cron.php?doing_wp_cron=1599922118.8778939247131347656250 HTTP/1.0" 200 - "http://athenswideformat.com/wp-cron.php?doing_wp_cron=1599922118.8778939247131347656250" "WordPress/5.0.3; http://athenswideformat.com"
52.151.40.180 - - [12/Sep/2020:10:49:05 -0400] "GET /wp-content/plugins/wp-file-manager-pro/lib/php/connector.minimal.php HTTP/1.0" 404 16660 "www.google.com" "Mozlila/5.0 (Linux; Android 7.0; SM-G892A Bulid/NRD90M; wv) AppleWebKit/537.36 (KHTML, like Gecko) Version/4.0 Chrome/60.0.3112.107 Moblie Safari/537.36"
81.88.49.10 - - [12/Sep/2020:13:31:54 -0400] "GET /wp-content/themes/distance-lite/languages/namespaces.php HTTP/1.0" 404 16660 "http://site.ru" "Mozilla/5.0 (Windows; U; Windows NT 5.1; en-US) AppleWebKit/533.4 (KHTML, like Gecko) Chrome/5.0.375.99 Safari/533.4"
46.99.142.127 - - [12/Sep/2020:16:52:56 -0400] "POST /xmlrpc.php HTTP/1.0" 200 403 "-" "Mozilla/5.0 (Windows NT 6.1; Win64; x64) AppleWebKit/537.36 (KHTML, like Gecko) Chrome/59.0.3071.109 Safari/537.36"
46.99.142.127 - - [12/Sep/2020:16:53:33 -0400] "POST /xmlrpc.php HTTP/1.0" 200 403 "-" "Mozilla/5.0 (Windows NT 6.1; Win64; x64) AppleWebKit/537.36 (KHTML, like Gecko) Chrome/59.0.3071.109 Safari/537.36"
138.97.236.4 - - [12/Sep/2020:17:52:10 -0400] "POST /xmlrpc.php HTTP/1.0" 200 403 "-" "Mozilla/5.0 (Windows NT 10.0; Win64; x64) AppleWebKit/537.36 (KHTML, like Gecko) Chrome/80.0.3987.163 Safari/537.36"
51.91.151.69 - - [12/Sep/2020:19:16:52 -0400] "GET //wp-content/plugins/wp-file-manager/lib/php/connector.minimal.php HTTP/1.0" 301 500 "www.google.com" "Mozlila/5.0 (Linux; Android 7.0; SM-G892A Bulid/NRD90M; wv) AppleWebKit/537.36 (KHTML, like Gecko) Version/4.0 Chrome/60.0.3112.107 Moblie Safari/537.36"
35.196.245.20 - - [12/Sep/2020:21:37:52 -0400] "GET /xmlrpc.php?rsd HTTP/1.0" 200 854 "-" "ZoominfoBot (zoominfobot at zoominfo dot com)"
35.196.245.20 - - [12/Sep/2020:21:54:21 -0400] "GET /comments/feed/ HTTP/1.0" 200 748 "-" "ZoominfoBot (zoominfobot at zoominfo dot com)"
128.199.105.100 - - [12/Sep/2020:21:57:38 -0400] "GET /wp-content/plugins/background-image-cropper/content-post.php HTTP/1.0" 404 16660 "http://site.ru" "Mozilla/5.0 (Windows; U; Windows NT 5.1; en-US) AppleWebKit/533.4 (KHTML, like Gecko) Chrome/5.0.375.99 Safari/533.4"
10.30.94.78 - - [12/Sep/2020:22:58:49 -0400] "POST /wp-cron.php?doing_wp_cron=1599965928.7684609889984130859375 HTTP/1.0" 200 - "http://athenswideformat.com/wp-cron.php?doing_wp_cron=1599965928.7684609889984130859375" "WordPress/5.0.3; http://athenswideformat.com"
35.231.34.15 - - [12/Sep/2020:04:13:46 -0400] "GET /comments/feed/ HTTP/1.0" 200 748 "-" "ZoominfoBot (zoominfobot at zoominfo dot com)"
10.30.94.78 - - [12/Sep/2020:05:57:06 -0400] "POST /wp-cron.php?doing_wp_cron=1599904627.7792630195617675781250 HTTP/1.0" 200 - "http://athenswideformat.com/wp-cron.php?doing_wp_cron=1599904627.7792630195617675781250" "WordPress/5.0.3; http://athenswideformat.com"
46.99.142.127 - - [12/Sep/2020:16:53:08 -0400] "POST /xmlrpc.php HTTP/1.0" 200 403 "-" "Mozilla/5.0 (Windows NT 6.1; Win64; x64) AppleWebKit/537.36 (KHTML, like Gecko) Chrome/59.0.3071.109 Safari/537.36"
46.99.142.127 - - [12/Sep/2020:16:53:32 -0400] "POST /xmlrpc.php HTTP/1.0" 200 403 "-" "Mozilla/5.0 (Windows NT 6.1; Win64; x64) AppleWebKit/537.36 (KHTML, like Gecko) Chrome/59.0.3071.109 Safari/537.36"
46.99.142.127 - - [12/Sep/2020:16:53:42 -0400] "POST /xmlrpc.php HTTP/1.0" 200 403 "-" "Mozilla/5.0 (Windows NT 6.1; Win64; x64) AppleWebKit/537.36 (KHTML, like Gecko) Chrome/59.0.3071.109 Safari/537.36"
10.30.94.78 - - [12/Sep/2020:19:16:56 -0400] "POST /wp-cron.php?doing_wp_cron=1599952616.2589480876922607421875 HTTP/1.0" 200 - "http://athenswideformat.com/wp-cron.php?doing_wp_cron=1599952616.2589480876922607421875" "WordPress/5.0.3; http://athenswideformat.com"
51.91.151.69 - - [12/Sep/2020:19:17:57 -0400] "GET /blog/wp-content/plugins/wp-file-manager/lib/php/connector.minimal.php HTTP/1.0" 404 16660 "www.google.com" "Mozlila/5.0 (Linux; Android 7.0; SM-G892A Bulid/NRD90M; wv) AppleWebKit/537.36 (KHTML, like Gecko) Version/4.0 Chrome/60.0.3112.107 Moblie Safari/537.36"
51.91.151.69 - - [12/Sep/2020:19:18:17 -0400] "GET /new/wp-content/plugins/wp-file-manager/lib/php/connector.minimal.php HTTP/1.0" 404 16660 "www.google.com" "Mozlila/5.0 (Linux; Android 7.0; SM-G892A Bulid/NRD90M; wv) AppleWebKit/537.36 (KHTML, like Gecko) Version/4.0 Chrome/60.0.3112.107 Moblie Safari/537.36"
51.91.151.69 - - [12/Sep/2020:19:19:41 -0400] "GET /test/wp-content/plugins/wp-file-manager/lib/php/connector.minimal.php HTTP/1.0" 404 16660 "www.google.com" "Mozlila/5.0 (Linux; Android 7.0; SM-G892A Bulid/NRD90M; wv) AppleWebKit/537.36 (KHTML, like Gecko) Version/4.0 Chrome/60.0.3112.107 Moblie Safari/537.36"
51.91.151.69 - - [12/Sep/2020:19:19:54 -0400] "GET /2020/wp-content/plugins/wp-file-manager/lib/php/connector.minimal.php HTTP/1.0" 404 16660 "www.google.com" "Mozlila/5.0 (Linux; Android 7.0; SM-G892A Bulid/NRD90M; wv) AppleWebKit/537.36 (KHTML, like Gecko) Version/4.0 Chrome/60.0.3112.107 Moblie Safari/537.36"
35.196.245.20 - - [12/Sep/2020:21:37:46 -0400] "GET /robots.txt HTTP/1.0" 200 67 "-" "ZoominfoBot (zoominfobot at zoominfo dot com)"
128.199.105.100 - - [12/Sep/2020:21:57:33 -0400] "GET /wp-content/plugins/background-image-cropper/content-post.php HTTP/1.0" 301 500 "http://site.ru" "Mozilla/5.0 (Windows; U; Windows NT 5.1; en-US) AppleWebKit/533.4 (KHTML, like Gecko) Chrome/5.0.375.99 Safari/533.4"
66.249.79.35 - - [12/Sep/2020:22:58:51 -0400] "GET /product/hp-latex-r2000-plus-98-flatbed-printer/ HTTP/1.0" 200 39271 "-" "Mozilla/5.0 (Linux; Android 6.0.1; Nexus 5X Build/MMB29P) AppleWebKit/537.36 (KHTML, like Gecko) Chrome/80.0.3987.92 Mobile Safari/537.36 (compatible; Googlebot/2.1; +http://www.google.com/bot.html)"
167.86.79.150 - - [12/Sep/2020:23:40:46 -0400] "GET / HTTP/1.0" 200 19877 "-" "Mozilla/5.0 (compatible; MJ12bot/v1.4.8; http://mj12bot.com/)"
34.200.228.93 - - [12/Sep/2020:23:58:07 -0400] "GET / HTTP/1.0" 301 - "-" "Mozilla/5.0 (Windows NT 10.0; Win64; x64) AppleWebKit/537.36 (KHTML, like Gecko; compatible; BW/1.1; bit.ly/2W6Px8S) Chrome/84.0.4147.105 Safari/537.36"
66.249.72.65 - - [12/Sep/2020:03:53:13 -0400] "GET /wp-includes/css/dist/block-library/style.min.css?ver=5.0.3 HTTP/1.0" 200 25658 "http://athenswideformat.com/product/hp-latex-r2000-plus-98-flatbed-printer/" "Mozilla/5.0 (Linux; Android 6.0.1; Nexus 5X Build/MMB29P) AppleWebKit/537.36 (KHTML, like Gecko) Chrome/85.0.4183.105 Mobile Safari/537.36 (compatible; Googlebot/2.1; +http://www.google.com/bot.html)"
10.30.94.78 - - [12/Sep/2020:03:57:29 -0400] "POST /wp-cron.php?doing_wp_cron=1599897450.2570021152496337890625 HTTP/1.0" 200 - "http://athenswideformat.com/wp-cron.php?doing_wp_cron=1599897450.2570021152496337890625" "WordPress/5.0.3; http://athenswideformat.com"
35.231.34.15 - - [12/Sep/2020:04:04:03 -0400] "GET /feed/ HTTP/1.0" 200 1887 "-" "ZoominfoBot (zoominfobot at zoominfo dot com)"
35.231.34.15 - - [12/Sep/2020:04:04:43 -0400] "GET /product-category/media/ HTTP/1.0" 200 17338 "-" "ZoominfoBot (zoominfobot at zoominfo dot com)"
35.231.34.15 - - [12/Sep/2020:04:25:19 -0400] "GET /xmlrpc.php HTTP/1.0" 405 42 "-" "ZoominfoBot (zoominfobot at zoominfo dot com)"
10.30.94.78 - - [12/Sep/2020:11:40:19 -0400] "POST /wp-cron.php?doing_wp_cron=1599925220.4162650108337402343750 HTTP/1.0" 200 - "http://athenswideformat.com/wp-cron.php?doing_wp_cron=1599925220.4162650108337402343750" "WordPress/5.0.3; http://athenswideformat.com"
172.245.36.187 - - [12/Sep/2020:11:58:07 -0400] "POST /wp-content/plugins/wp-file-manager/lib/php/connector.minimal.php HTTP/1.0" 404 16660 "-" "Mozilla/5.0 (X11; Linux x86_64) AppleWebKit/537.36 (KHTML, like Gecko) Chrome/81.0.4044.129 Safari/537.36"
66.102.9.27 - - [12/Sep/2020:13:37:24 -0400] "GET /wp-content/uploads/2019/01/r2000.jpg HTTP/1.0" 200 225444 "-" "Mozilla/5.0 (Windows NT 5.1; rv:11.0) Gecko Firefox/11.0 (via ggpht.com GoogleImageProxy)"
10.30.94.78 - - [12/Sep/2020:15:18:35 -0400] "POST /wp-cron.php?doing_wp_cron=1599938316.0036420822143554687500 HTTP/1.0" 200 - "http://athenswideformat.com/wp-cron.php?doing_wp_cron=1599938316.0036420822143554687500" "WordPress/5.0.3; http://athenswideformat.com"
35.243.243.130 - - [12/Sep/2020:16:03:06 -0400] "GET /robots.txt HTTP/1.0" 200 67 "-" "ZoominfoBot (zoominfobot at zoominfo dot com)"
35.243.243.130 - - [12/Sep/2020:16:13:53 -0400] "GET /robots.txt HTTP/1.0" 200 67 "-" "ZoominfoBot (zoominfobot at zoominfo dot com)"
35.243.243.130 - - [12/Sep/2020:16:13:55 -0400] "GET / HTTP/1.0" 301 - "-" "ZoominfoBot (zoominfobot at zoominfo dot com)"
46.99.142.127 - - [12/Sep/2020:16:53:46 -0400] "POST /xmlrpc.php HTTP/1.0" 200 403 "-" "Mozilla/5.0 (Windows NT 6.1; Win64; x64) AppleWebKit/537.36 (KHTML, like Gecko) Chrome/59.0.3071.109 Safari/537.36"
51.91.151.69 - - [12/Sep/2020:19:17:31 -0400] "GET /wordpress/wp-content/plugins/wp-file-manager/lib/php/connector.minimal.php HTTP/1.0" 404 16660 "www.google.com" "Mozlila/5.0 (Linux; Android 7.0; SM-G892A Bulid/NRD90M; wv) AppleWebKit/537.36 (KHTML, like Gecko) Version/4.0 Chrome/60.0.3112.107 Moblie Safari/537.36"
34.200.228.93 - - [12/Sep/2020:23:58:12 -0400] "GET / HTTP/1.0" 200 19877 "-" "Mozilla/5.0 (Windows NT 10.0; Win64; x64) AppleWebKit/537.36 (KHTML, like Gecko; compatible; BW/1.1; bit.ly/2W6Px8S) Chrome/84.0.4147.105 Safari/537.36"
66.249.72.95 - - [12/Sep/2020:03:53:07 -0400] "GET /product/hp-latex-r2000-plus-98-flatbed-printer/ HTTP/1.0" 200 39197 "-" "Mozilla/5.0 (Linux; Android 6.0.1; Nexus 5X Build/MMB29P) AppleWebKit/537.36 (KHTML, like Gecko) Chrome/80.0.3987.92 Mobile Safari/537.36 (compatible; Googlebot/2.1; +http://www.google.com/bot.html)"
66.249.72.65 - - [12/Sep/2020:03:53:14 -0400] "GET /wp-content/plugins/contact-widgets/assets/css/style.min.css?ver=1.0.1 HTTP/1.0" 200 560 "http://athenswideformat.com/product/hp-latex-r2000-plus-98-flatbed-printer/" "Mozilla/5.0 (Linux; Android 6.0.1; Nexus 5X Build/MMB29P) AppleWebKit/537.36 (KHTML, like Gecko) Chrome/85.0.4183.105 Mobile Safari/537.36 (compatible; Googlebot/2.1; +http://www.google.com/bot.html)"
66.249.72.65 - - [12/Sep/2020:03:53:15 -0400] "GET /wp-content/plugins/woocommerce/assets/css/woocommerce-layout.css?ver=3.4.7 HTTP/1.0" 200 16542 "http://athenswideformat.com/product/hp-latex-r2000-plus-98-flatbed-printer/" "Mozilla/5.0 (Linux; Android 6.0.1; Nexus 5X Build/MMB29P) AppleWebKit/537.36 (KHTML, like Gecko) Chrome/85.0.4183.105 Mobile Safari/537.36 (compatible; Googlebot/2.1; +http://www.google.com/bot.html)"
35.231.34.15 - - [12/Sep/2020:03:57:51 -0400] "GET /robots.txt HTTP/1.0" 200 67 "-" "ZoominfoBot (zoominfobot at zoominfo dot com)"
35.231.34.15 - - [12/Sep/2020:04:22:32 -0400] "GET /contact/ HTTP/1.0" 200 41055 "-" "ZoominfoBot (zoominfobot at zoominfo dot com)"
52.151.40.180 - - [12/Sep/2020:10:48:36 -0400] "GET /wp-content/plugins/wp-file-manager/lib/php/connector.minimal.php HTTP/1.0" 404 16660 "www.google.com" "Mozlila/5.0 (Linux; Android 7.0; SM-G892A Bulid/NRD90M; wv) AppleWebKit/537.36 (KHTML, like Gecko) Version/4.0 Chrome/60.0.3112.107 Moblie Safari/537.36"
206.72.196.30 - - [12/Sep/2020:13:36:29 -0400] "GET /wp-includes/js/jquery/jquery.js HTTP/1.0" 200 97184 "-" "python-requests/2.24.0"
27.72.122.228 - - [12/Sep/2020:16:27:45 -0400] "POST /xmlrpc.php HTTP/1.0" 200 403 "-" "Mozilla/5.0 (Windows NT 10.0; Win64; x64) AppleWebKit/537.36 (KHTML, like Gecko) Chrome/80.0.3987.163 Safari/537.36"
46.99.142.127 - - [12/Sep/2020:16:53:19 -0400] "POST /xmlrpc.php HTTP/1.0" 200 403 "-" "Mozilla/5.0 (Windows NT 6.1; Win64; x64) AppleWebKit/537.36 (KHTML, like Gecko) Chrome/59.0.3071.109 Safari/537.36"
46.99.142.127 - - [12/Sep/2020:16:53:41 -0400] "POST /xmlrpc.php HTTP/1.0" 200 403 "-" "Mozilla/5.0 (Windows NT 6.1; Win64; x64) AppleWebKit/537.36 (KHTML, like Gecko) Chrome/59.0.3071.109 Safari/537.36"
46.99.142.127 - - [12/Sep/2020:16:53:57 -0400] "POST /xmlrpc.php HTTP/1.0" 200 403 "-" "Mozilla/5.0 (Windows NT 6.1; Win64; x64) AppleWebKit/537.36 (KHTML, like Gecko) Chrome/59.0.3071.109 Safari/537.36"
46.99.142.127 - - [12/Sep/2020:16:53:59 -0400] "POST /xmlrpc.php HTTP/1.0" 200 403 "-" "Mozilla/5.0 (Windows NT 6.1; Win64; x64) AppleWebKit/537.36 (KHTML, like Gecko) Chrome/59.0.3071.109 Safari/537.36"
46.99.142.127 - - [12/Sep/2020:16:54:25 -0400] "POST /xmlrpc.php HTTP/1.0" 200 403 "-" "Mozilla/5.0 (Windows NT 6.1; Win64; x64) AppleWebKit/537.36 (KHTML, like Gecko) Chrome/59.0.3071.109 Safari/537.36"
10.30.94.78 - - [12/Sep/2020:17:52:15 -0400] "POST /wp-cron.php?doing_wp_cron=1599947533.6602709293365478515625 HTTP/1.0" 200 - "http://athenswideformat.com/wp-cron.php?doing_wp_cron=1599947533.6602709293365478515625" "WordPress/5.0.3; http://athenswideformat.com"
89.163.239.216 - - [12/Sep/2020:18:52:59 -0400] "POST /xmlrpc.php HTTP/1.0" 200 403 "-" "Mozilla/5.0 (Macintosh; Intel Mac OS X 10_13_3) AppleWebKit/604.5.6 (KHTML, like Gecko) Version/11.0.3 Safari/604.5.6"
51.91.151.69 - - [12/Sep/2020:19:18:36 -0400] "GET /old/wp-content/plugins/wp-file-manager/lib/php/connector.minimal.php HTTP/1.0" 404 16660 "www.google.com" "Mozlila/5.0 (Linux; Android 7.0; SM-G892A Bulid/NRD90M; wv) AppleWebKit/537.36 (KHTML, like Gecko) Version/4.0 Chrome/60.0.3112.107 Moblie Safari/537.36"
185.220.102.242 - - [12/Sep/2020:21:58:12 -0400] "POST /xmlrpc.php HTTP/1.0" 200 403 "-" "Mozilla/5.0 (Windows NT 10.0; Win64; x64; rv:63.0) Gecko/20100101 Firefox/63.0"
35.196.245.20 - - [12/Sep/2020:22:06:20 -0400] "GET /xmlrpc.php HTTP/1.0" 405 42 "-" "ZoominfoBot (zoominfobot at zoominfo dot com)"
34.200.228.93 - - [12/Sep/2020:23:58:20 -0400] "GET /checkout/ HTTP/1.0" 302 - "-" "Mozilla/5.0 (Windows NT 10.0; Win64; x64) AppleWebKit/537.36 (KHTML, like Gecko; compatible; BW/1.1; bit.ly/2W6Px8S) Chrome/84.0.4147.105 Safari/537.36"
34.200.228.93 - - [12/Sep/2020:23:58:16 -0400] "GET /cart/ HTTP/1.0" 200 56737 "-" "Mozilla/5.0 (Windows NT 10.0; Win64; x64) AppleWebKit/537.36 (KHTML, like Gecko; compatible; BW/1.1; bit.ly/2W6Px8S) Chrome/84.0.4147.105 Safari/537.36"
185.220.102.240 - - [12/Sep/2020:02:56:02 -0400] "POST /xmlrpc.php HTTP/1.0" 200 403 "-" "Mozilla/5.0 (Windows NT 6.3; Win64; x64) AppleWebKit/537.36 (KHTML, like Gecko) Chrome/69.0.3497.100 Safari/537.36"
23.228.109.146 - - [12/Sep/2020:04:21:36 -0400] "GET /wp-content/plugins/aviary-image-editor-add-on-for-gravity-forms/includes/upload.php HTTP/1.0" 404 16660 "http://www.google.com/" "Mozilla/5.0 (Windows NT 6.1; Win64; x64) AppleWebKit/537.36 (KHTML, like Gecko) Chrome/56.0.2896.3 Safari/537.36"
154.94.92.30 - - [12/Sep/2020:09:52:59 -0400] "GET /wp-content/uploads/404.php HTTP/1.0" 404 16660 "http://site.ru" "Mozilla/5.0 (Windows; U; Windows NT 5.1; en-US) AppleWebKit/533.4 (KHTML, like Gecko) Chrome/5.0.375.99 Safari/533.4"
159.203.107.212 - - [12/Sep/2020:11:40:20 -0400] "GET /google-site-verification-content-fpk8ez12pdbewljjo9xhbxlv7lhxa9nplpcode87.php HTTP/1.0" 404 16660 "http://site.ru" "Mozilla/5.0 (Windows; U; Windows NT 5.1; en-US) AppleWebKit/533.4 (KHTML, like Gecko) Chrome/5.0.375.99 Safari/533.4"
66.249.79.177 - - [12/Sep/2020:16:30:05 -0400] "GET / HTTP/1.0" 301 - "-" "Mozilla/5.0 (Linux; Android 6.0.1; Nexus 5X Build/MMB29P) AppleWebKit/537.36 (KHTML, like Gecko) Chrome/80.0.3987.92 Mobile Safari/537.36 (compatible; Googlebot/2.1; +http://www.google.com/bot.html)"
46.99.142.127 - - [12/Sep/2020:16:54:12 -0400] "POST /xmlrpc.php HTTP/1.0" 200 403 "-" "Mozilla/5.0 (Windows NT 6.1; Win64; x64) AppleWebKit/537.36 (KHTML, like Gecko) Chrome/59.0.3071.109 Safari/537.36"
46.99.142.127 - - [12/Sep/2020:16:54:16 -0400] "POST /xmlrpc.php HTTP/1.0" 200 403 "-" "Mozilla/5.0 (Windows NT 6.1; Win64; x64) AppleWebKit/537.36 (KHTML, like Gecko) Chrome/59.0.3071.109 Safari/537.36"
66.249.79.62 - - [12/Sep/2020:18:23:18 -0400] "GET /product/hp-latex-r2000-plus-98-flatbed-printer/ HTTP/1.0" 200 39479 "-" "Mozilla/5.0 (compatible; Googlebot/2.1; +http://www.google.com/bot.html)"
10.30.94.78 - - [12/Sep/2020:18:23:22 -0400] "POST /wp-cron.php?doing_wp_cron=1599949402.1342720985412597656250 HTTP/1.0" 200 - "http://athenswideformat.com/wp-cron.php?doing_wp_cron=1599949402.1342720985412597656250" "WordPress/5.0.3; http://athenswideformat.com"
10.30.94.78 - - [12/Sep/2020:18:53:00 -0400] "POST /wp-cron.php?doing_wp_cron=1599951181.4871659278869628906250 HTTP/1.0" 200 - "http://athenswideformat.com/wp-cron.php?doing_wp_cron=1599951181.4871659278869628906250" "WordPress/5.0.3; http://athenswideformat.com"
51.91.151.69 - - [12/Sep/2020:19:16:57 -0400] "GET /wp-content/plugins/wp-file-manager/lib/php/connector.minimal.php HTTP/1.0" 404 16660 "www.google.com" "Mozlila/5.0 (Linux; Android 7.0; SM-G892A Bulid/NRD90M; wv) AppleWebKit/537.36 (KHTML, like Gecko) Version/4.0 Chrome/60.0.3112.107 Moblie Safari/537.36"
51.91.151.69 - - [12/Sep/2020:19:19:20 -0400] "GET /web/wp-content/plugins/wp-file-manager/lib/php/connector.minimal.php HTTP/1.0" 404 16660 "www.google.com" "Mozlila/5.0 (Linux; Android 7.0; SM-G892A Bulid/NRD90M; wv) AppleWebKit/537.36 (KHTML, like Gecko) Version/4.0 Chrome/60.0.3112.107 Moblie Safari/537.36"
157.55.39.86 - - [12/Sep/2020:19:59:08 -0400] "GET /product/hp-latex-115-printer-54-printer/ HTTP/1.0" 200 42398 "-" "Mozilla/5.0 (compatible; bingbot/2.0; +http://www.bing.com/bingbot.htm)"
10.30.94.78 - - [12/Sep/2020:21:37:50 -0400] "POST /wp-cron.php?doing_wp_cron=1599961069.7204680442810058593750 HTTP/1.0" 200 - "http://athenswideformat.com/wp-cron.php?doing_wp_cron=1599961069.7204680442810058593750" "WordPress/5.0.3; http://athenswideformat.com"
10.30.94.78 - - [12/Sep/2020:21:37:53 -0400] "POST /wp-admin/admin-ajax.php?action=wp_1_wc_privacy_cleanup&nonce=3e07876478 HTTP/1.0" 200 - "http://athenswideformat.com/wp-admin/admin-ajax.php?action=wp_1_wc_privacy_cleanup&nonce=3e07876478" "WordPress/5.0.3; http://athenswideformat.com"
35.196.245.20 - - [12/Sep/2020:22:04:59 -0400] "GET /product-category/latex-printers/ HTTP/1.0" 200 36745 "-" "ZoominfoBot (zoominfobot at zoominfo dot com)"
66.249.79.39 - - [12/Sep/2020:22:58:40 -0400] "GET /robots.txt HTTP/1.0" 200 67 "-" "Mozilla/5.0 (compatible; Googlebot/2.1; +http://www.google.com/bot.html)"
34.200.228.93 - - [12/Sep/2020:23:58:18 -0400] "GET /wp-content/plugins/woocommerce/readme.txt HTTP/1.0" 404 16160 "-" "Mozilla/5.0 (Windows NT 10.0; Win64; x64) AppleWebKit/537.36 (KHTML, like Gecko; compatible; BW/1.1; bit.ly/2W6Px8S) Chrome/84.0.4147.105 Safari/537.36"
10.30.94.78 - - [12/Sep/2020:03:53:09 -0400] "POST /wp-cron.php?doing_wp_cron=1599897189.2355139255523681640625 HTTP/1.0" 200 - "http://athenswideformat.com/wp-cron.php?doing_wp_cron=1599897189.2355139255523681640625" "WordPress/5.0.3; http://athenswideformat.com"
10.30.94.78 - - [12/Sep/2020:04:21:39 -0400] "POST /wp-cron.php?doing_wp_cron=1599898899.2928569316864013671875 HTTP/1.0" 200 - "http://athenswideformat.com/wp-cron.php?doing_wp_cron=1599898899.2928569316864013671875" "WordPress/5.0.3; http://athenswideformat.com"
81.88.49.14 - - [12/Sep/2020:13:31:56 -0400] "GET /wp-content/themes/distance-lite/languages/namespaces.php HTTP/1.0" 301 500 "http://site.ru" "Mozilla/5.0 (Windows; U; Windows NT 5.1; en-US) AppleWebKit/533.4 (KHTML, like Gecko) Chrome/5.0.375.99 Safari/533.4"
88.87.69.242 - - [12/Sep/2020:13:37:15 -0400] "POST /xmlrpc.php HTTP/1.0" 200 403 "-" "Mozilla/5.0 (Windows NT 10.0; Win64; x64) AppleWebKit/537.36 (KHTML, like Gecko) Chrome/80.0.3987.163 Safari/537.36"
46.99.142.127 - - [12/Sep/2020:16:54:00 -0400] "POST /xmlrpc.php HTTP/1.0" 200 403 "-" "Mozilla/5.0 (Windows NT 6.1; Win64; x64) AppleWebKit/537.36 (KHTML, like Gecko) Chrome/59.0.3071.109 Safari/537.36"
46.99.142.127 - - [12/Sep/2020:16:54:09 -0400] "POST /xmlrpc.php HTTP/1.0" 200 403 "-" "Mozilla/5.0 (Windows NT 6.1; Win64; x64) AppleWebKit/537.36 (KHTML, like Gecko) Chrome/59.0.3071.109 Safari/537.36"
207.46.13.220 - - [12/Sep/2020:19:59:01 -0400] "GET /robots.txt HTTP/1.0" 200 67 "-" "Mozilla/5.0 (compatible; bingbot/2.0; +http://www.bing.com/bingbot.htm)"
8.35.33.152 - - [12/Sep/2020:23:30:34 -0400] "GET /wp-content/plugins/background-image-cropper/doc.php HTTP/1.0" 404 16660 "http://site.ru" "Mozilla/5.0 (Windows; U; Windows NT 5.1; en-US) AppleWebKit/533.4 (KHTML, like Gecko) Chrome/5.0.375.99 Safari/533.4"
34.200.228.93 - - [12/Sep/2020:23:58:07 -0400] "GET / HTTP/1.0" 200 19877 "-" "Mozilla/5.0 (Windows NT 10.0; Win64; x64) AppleWebKit/537.36 (KHTML, like Gecko; compatible; BW/1.1; bit.ly/2W6Px8S) Chrome/84.0.4147.105 Safari/537.36"
34.200.228.93 - - [12/Sep/2020:23:58:15 -0400] "GET /checkout/ HTTP/1.0" 302 - "-" "Mozilla/5.0 (Windows NT 10.0; Win64; x64) AppleWebKit/537.36 (KHTML, like Gecko; compatible; BW/1.1; bit.ly/2W6Px8S) Chrome/84.0.4147.105 Safari/537.36"
34.200.228.93 - - [12/Sep/2020:23:58:29 -0400] "GET /cart/ HTTP/1.0" 200 56737 "-" "Mozilla/5.0 (Windows NT 10.0; Win64; x64) AppleWebKit/537.36 (KHTML, like Gecko; compatible; BW/1.1; bit.ly/2W6Px8S) Chrome/84.0.4147.105 Safari/537.36"