184.154.139.49 - - [10/Sep/2020:08:06:25 -0400] "GET /wp-content/themes/Jingged/includes/css/font-awesome.min.css?ver=4.1.0 HTTP/1.0" 200 21984 "-" "SiteLockSpider [en] (WinNT; I ;Nav)"
184.154.139.49 - - [10/Sep/2020:08:06:28 -0400] "GET /wp-json/oembed/1.0/%5C%22https:%5C/%5C/www.auriculotherapy.org%5C/the-auriculotherapy-certification-institute%5C/%5C%22 HTTP/1.0" 404 113 "http://www.google.com/url?url=www.auriculotherapy.org&yahoo.com" "Mozilla/5.0 (compatible; MSIE 9.0; Windows NT 6.1; WOW64; Trident/6.0)"
184.154.139.49 - - [10/Sep/2020:08:06:28 -0400] "GET /search/1/feed/rss2/www.redwingbooks.com HTTP/1.0" 200 16362 "-" "SiteLockSpider [en] (WinNT; I ;Nav)"
184.154.139.49 - - [10/Sep/2020:08:06:34 -0400] "GET /search/1/feed/rss2/www.n5ev.com HTTP/1.0" 200 16322 "-" "SiteLockSpider [en] (WinNT; I ;Nav)"
184.154.139.49 - - [10/Sep/2020:08:06:36 -0400] "GET /search/1/feed/rss2/www.LhasaOMS.com/feed/rss2/ HTTP/1.0" 200 1028 "http://www.google.com/url?url=www.auriculotherapy.org&yahoo.com" "Mozilla/5.0 (compatible; MSIE 9.0; Windows NT 6.1; WOW64; Trident/6.0)"
184.154.139.49 - - [10/Sep/2020:08:06:41 -0400] "GET /search/1/feed/rss2/www.upcmedical.com/feed/rss2/ HTTP/1.0" 200 1032 "http://www.google.com/url?url=www.auriculotherapy.org&yahoo.com" "Mozilla/5.0 (compatible; MSIE 9.0; Windows NT 6.1; WOW64; Trident/6.0)"
184.154.139.49 - - [10/Sep/2020:08:06:44 -0400] "GET /wp-content/plugins/edu-expression-pro/js/bootstrap-multiselect.js?ver=5.2.6 HTTP/1.0" 200 47918 "-" "SiteLockSpider [en] (WinNT; I ;Nav)"
184.154.139.49 - - [10/Sep/2020:08:06:45 -0400] "GET /wp-content/themes/Jingged/includes/css/responsive-wp.css?ver=5.2.5 HTTP/1.0" 200 8178 "-" "SiteLockSpider [en] (WinNT; I ;Nav)"
184.154.139.49 - - [10/Sep/2020:08:06:45 -0400] "GET /wp-content/themes/Jingged/includes/css/bootstrap-wp.css?ver=5.2.6 HTTP/1.0" 200 21977 "-" "SiteLockSpider [en] (WinNT; I ;Nav)"
51.91.218.48 - - [10/Sep/2020:08:26:41 -0400] "GET /wp-content/themes/Jingged/style.css?ver=5.4.2 HTTP/1.0" 200 7370 "https://www.auriculotherapy.org/" "Mozilla/5.0 (compatible; Dataprovider.com)"
185.191.171.18 - - [10/Sep/2020:08:27:53 -0400] "GET / HTTP/1.0" 301 - "-" "Mozilla/5.0 (compatible; SemrushBot/6~bl; +http://www.semrush.com/bot.html)"
34.244.98.129 - - [10/Sep/2020:08:56:53 -0400] "GET /aci-board HTTP/1.0" 301 - "-" "Mozilla/5.0 (Windows NT 6.2; WOW64)"
114.119.141.34 - - [10/Sep/2020:11:41:48 -0400] "GET /robots.txt HTTP/1.0" 200 67 "-" "(compatible;PetalBot;+http://aspiegel.com/petalbot)"
72.79.58.112 - - [10/Sep/2020:11:58:19 -0400] "GET /aci-board/ HTTP/1.0" 200 33763 "-" "panscient.com"
72.79.58.112 - - [10/Sep/2020:11:58:23 -0400] "GET /certification-course-online/ HTTP/1.0" 200 15402 "-" "panscient.com"
72.79.58.112 - - [10/Sep/2020:11:58:37 -0400] "GET /contact-us/ HTTP/1.0" 200 16077 "-" "panscient.com"
72.79.58.112 - - [10/Sep/2020:11:58:45 -0400] "GET /privacy-policy/ HTTP/1.0" 200 19428 "-" "panscient.com"
72.79.58.112 - - [10/Sep/2020:11:59:29 -0400] "GET /wp-login.php?action=lostpassword HTTP/1.0" 200 3979 "-" "panscient.com"
72.79.58.112 - - [10/Sep/2020:12:00:06 -0400] "GET /wp-content/plugins/smart-slider-3/nextend/media/dist/n2.min.js?1584418970 HTTP/1.0" 200 3495 "-" "panscient.com"
142.93.206.184 - - [10/Sep/2020:12:21:04 -0400] "GET / HTTP/1.0" 200 28727 "-" "python-requests/2.24.0"
74.101.135.109 - - [10/Sep/2020:12:29:25 -0400] "GET /wp-content/uploads/2019/06/earbg.jpg HTTP/1.0" 200 25855 "https://www.google.com/" "Mozilla/5.0 (Windows NT 10.0; Win64; x64) AppleWebKit/537.36 (KHTML, like Gecko) Chrome/85.0.4183.83 Safari/537.36"
10.30.94.78 - - [10/Sep/2020:12:52:24 -0400] "POST /wp-cron.php?doing_wp_cron=1599756744.3075819015502929687500 HTTP/1.0" 200 - "http://www.auriculotherapy.org/wp-cron.php?doing_wp_cron=1599756744.3075819015502929687500" "WordPress/5.4.2; https://www.auriculotherapy.org"
24.108.102.75 - - [10/Sep/2020:13:13:57 -0400] "GET /wp-content/plugins/profile-builder/assets/css/style-front-end.css?ver=3.1.3 HTTP/1.0" 200 19669 "https://www.auriculotherapy.org/" "Mozilla/5.0 (Macintosh; Intel Mac OS X 10_13_6) AppleWebKit/605.1.15 (KHTML, like Gecko) Version/13.1.2 Safari/605.1.15"
24.108.102.75 - - [10/Sep/2020:13:13:59 -0400] "GET /wp-content/themes/Jingged/includes/images/footerbg.jpg HTTP/1.0" 200 24855 "https://www.auriculotherapy.org/" "Mozilla/5.0 (Macintosh; Intel Mac OS X 10_13_6) AppleWebKit/605.1.15 (KHTML, like Gecko) Version/13.1.2 Safari/605.1.15"
24.108.102.75 - - [10/Sep/2020:13:14:00 -0400] "GET /wp-content/themes/Jingged/includes/fonts/fontawesome-webfont.woff?v=4.2.0 HTTP/1.0" 200 65452 "https://www.auriculotherapy.org/" "Mozilla/5.0 (Macintosh; Intel Mac OS X 10_13_6) AppleWebKit/605.1.15 (KHTML, like Gecko) Version/13.1.2 Safari/605.1.15"
99.203.79.229 - - [10/Sep/2020:14:53:17 -0400] "GET / HTTP/1.0" 200 28727 "https://www.google.com/" "Mozilla/5.0 (Linux; Android 9; SM-G950U) AppleWebKit/537.36 (KHTML, like Gecko) Chrome/85.0.4183.81 Mobile Safari/537.36"
99.203.79.229 - - [10/Sep/2020:14:53:24 -0400] "GET /wp-content/themes/Jingged/includes/resources/bootstrap/js/bootstrap.min.js?ver=5.4.2 HTTP/1.0" 200 36868 "https://www.auriculotherapy.org/" "Mozilla/5.0 (Linux; Android 9; SM-G950U) AppleWebKit/537.36 (KHTML, like Gecko) Chrome/85.0.4183.81 Mobile Safari/537.36"
99.203.79.229 - - [10/Sep/2020:14:54:14 -0400] "GET /favicon.ico HTTP/1.0" 302 - "https://www.auriculotherapy.org/calendar-of-events/" "Mozilla/5.0 (Linux; Android 9; SM-G950U) AppleWebKit/537.36 (KHTML, like Gecko) Chrome/85.0.4183.81 Mobile Safari/537.36"
104.191.3.130 - - [10/Sep/2020:16:08:20 -0400] "GET /wp-content/themes/Jingged/includes/js/skip-link-focus-fix.js?ver=20130115 HTTP/1.0" 200 831 "https://www.auriculotherapy.org/directory/" "Mozilla/5.0 (Windows NT 10.0; Win64; x64) AppleWebKit/537.36 (KHTML, like Gecko) Chrome/85.0.4183.83 Safari/537.36 Edg/85.0.564.44"
104.191.3.130 - - [10/Sep/2020:16:08:21 -0400] "GET /wp-includes/js/wp-embed.min.js?ver=5.4.2 HTTP/1.0" 200 1434 "https://www.auriculotherapy.org/directory/" "Mozilla/5.0 (Windows NT 10.0; Win64; x64) AppleWebKit/537.36 (KHTML, like Gecko) Chrome/85.0.4183.83 Safari/537.36 Edg/85.0.564.44"
104.191.3.130 - - [10/Sep/2020:16:08:21 -0400] "GET /wp-content/themes/Jingged/includes/images/icon_filter.jpg HTTP/1.0" 200 1616 "https://www.auriculotherapy.org/wp-content/themes/Jingged/includes/css/bootstrap-wp.css?ver=5.4.2" "Mozilla/5.0 (Windows NT 10.0; Win64; x64) AppleWebKit/537.36 (KHTML, like Gecko) Chrome/85.0.4183.83 Safari/537.36 Edg/85.0.564.44"
104.191.3.130 - - [10/Sep/2020:16:08:52 -0400] "POST /wp-admin/admin-ajax.php HTTP/1.0" 200 187443 "https://www.auriculotherapy.org/directory/" "Mozilla/5.0 (Windows NT 10.0; Win64; x64) AppleWebKit/537.36 (KHTML, like Gecko) Chrome/85.0.4183.83 Safari/537.36 Edg/85.0.564.44"
104.191.3.130 - - [10/Sep/2020:16:09:15 -0400] "GET /wp-content/themes/Jingged/includes/css/jquery-ui.css HTTP/1.0" 200 35997 "https://www.auriculotherapy.org/application/" "Mozilla/5.0 (Windows NT 10.0; Win64; x64) AppleWebKit/537.36 (KHTML, like Gecko) Chrome/85.0.4183.83 Safari/537.36 Edg/85.0.564.44"
35.243.167.192 - - [10/Sep/2020:17:16:15 -0400] "GET /links/ HTTP/1.0" 200 16758 "-" "ZoominfoBot (zoominfobot at zoominfo dot com)"
35.243.167.192 - - [10/Sep/2020:17:32:58 -0400] "GET /course-study/ HTTP/1.0" 200 18026 "-" "ZoominfoBot (zoominfobot at zoominfo dot com)"
35.243.167.192 - - [10/Sep/2020:17:48:45 -0400] "GET /aci-board/ HTTP/1.0" 200 33763 "-" "ZoominfoBot (zoominfobot at zoominfo dot com)"
64.140.136.193 - - [10/Sep/2020:17:55:52 -0400] "GET /application/ HTTP/1.0" 200 28597 "-" "Dispatch/0.14.0-SNAPSHOT"
38.96.28.229 - - [10/Sep/2020:17:57:18 -0400] "GET /calendar-of-events/ HTTP/1.0" 200 20097 "-" "Dispatch/0.14.0-SNAPSHOT"
40.77.167.84 - - [10/Sep/2020:18:51:57 -0400] "GET /application/ HTTP/1.0" 200 28597 "-" "Mozilla/5.0 (compatible; bingbot/2.0; +http://www.bing.com/bingbot.htm)"
207.46.13.74 - - [10/Sep/2020:18:52:12 -0400] "GET /wp-includes/js/jquery/jquery-migrate.min.js?ver=1.4.1 HTTP/1.0" 200 10056 "-" "Mozilla/5.0 (compatible; bingbot/2.0; +http://www.bing.com/bingbot.htm)"
40.77.167.94 - - [10/Sep/2020:18:52:26 -0400] "GET /wp-content/themes/Jingged/style.css?ver=5.4.2 HTTP/1.0" 200 7370 "-" "Mozilla/5.0 (compatible; bingbot/2.0; +http://www.bing.com/bingbot.htm)"
119.45.6.53 - - [10/Sep/2020:19:01:09 -0400] "GET /author/support@jingged.com/ HTTP/1.0" 404 15977 "-" "Mozilla/5.0 (X11; U; Linux i686)Gecko/20071127 Firefox/2.0.0.11"
34.244.98.129 - - [10/Sep/2020:19:14:08 -0400] "GET /links HTTP/1.0" 301 - "-" "Mozilla/5.0 (Windows NT 6.2; WOW64)"
70.51.240.18 - - [10/Sep/2020:19:37:54 -0400] "GET / HTTP/1.0" 301 - "-" "Python-urllib/3.6"
40.77.190.43 - - [10/Sep/2020:19:53:11 -0400] "GET /wp-includes/js/wp-emoji-release.min.js?ver=5.4.2 HTTP/1.0" 200 13901 "-" "Mozilla/5.0 (Windows NT 6.1; WOW64) AppleWebKit/534+ (KHTML, like Gecko) BingPreview/1.0b"
207.46.13.4 - - [10/Sep/2020:20:03:52 -0400] "GET /wp-content/plugins/smart-slider-3/library/media/plugins/type/simple/simple/dist/smartslider-simple-type-frontend.min.js?1584418967 HTTP/1.0" 200 18726 "-" "Mozilla/5.0 (compatible; bingbot/2.0; +http://www.bing.com/bingbot.htm)"
40.77.190.103 - - [10/Sep/2020:21:04:48 -0400] "GET /wp-content/plugins/smart-slider-3/library/media/dist/smartslider-frontend.min.js?1584418967 HTTP/1.0" 200 132744 "-" "Mozilla/5.0 (Windows NT 6.1; WOW64) AppleWebKit/534+ (KHTML, like Gecko) BingPreview/1.0b"
114.119.146.241 - - [10/Sep/2020:21:53:44 -0400] "GET /wp-login.php?redirect_to=https%3A%2F%2Fwww.auriculotherapy.org%2Fthe-auriculotherapy-certification-institute%2F HTTP/1.0" 200 6340 "-" "Mozilla/5.0 (Linux; Android 7.0;) AppleWebKit/537.36 (KHTML, like Gecko) Mobile Safari/537.36 (compatible; PetalBot;+http://aspiegel.com/petalbot)"
64.140.170.243 - - [10/Sep/2020:22:07:26 -0400] "GET /robots.txt HTTP/1.0" 200 67 "-" "Mozilla/5.0 (compatible; Adsbot/3.1)"
173.231.59.213 - - [10/Sep/2020:23:49:11 -0400] "GET /course-study/ HTTP/1.0" 200 18026 "https://www.auriculotherapy.org/" "Mozilla/5.0 (compatible; Adsbot/3.1)"
66.249.66.74 - - [10/Sep/2020:01:08:25 -0400] "GET /ads.txt HTTP/1.0" 404 15977 "-" "Mozilla/5.0 (compatible; Googlebot/2.1; +http://www.google.com/bot.html)"
66.249.66.88 - - [10/Sep/2020:01:08:32 -0400] "GET /ads.txt HTTP/1.0" 301 - "-" "Mozilla/5.0 (compatible; Googlebot/2.1; +http://www.google.com/bot.html)"
35.196.38.103 - - [10/Sep/2020:01:27:15 -0400] "GET / HTTP/1.0" 301 - "-" "ZoominfoBot (zoominfobot at zoominfo dot com)"
167.71.158.134 - - [10/Sep/2020:03:21:12 -0400] "GET / HTTP/1.0" 301 - "-" "Mozilla/5.0 (Macintosh; Intel Mac OS X 10_15_2) AppleWebKit/537.36 (KHTML, like Gecko) Chrome/79.0.3945.88 Safari/537.36"
66.249.79.110 - - [10/Sep/2020:03:21:18 -0400] "GET /application/ HTTP/1.0" 200 28597 "-" "Mozilla/5.0 (Linux; Android 6.0.1; Nexus 5X Build/MMB29P) AppleWebKit/537.36 (KHTML, like Gecko) Chrome/80.0.3987.92 Mobile Safari/537.36 (compatible; Googlebot/2.1; +http://www.google.com/bot.html)"
38.128.157.245 - - [10/Sep/2020:03:47:39 -0400] "GET /robots.txt HTTP/1.0" 200 67 "-" "Dispatch/0.14.0-SNAPSHOT"
66.249.68.4 - - [10/Sep/2020:04:15:26 -0400] "GET / HTTP/1.0" 301 - "-" "Mozilla/5.0 (compatible; Googlebot/2.1; +http://www.google.com/bot.html)"
64.140.135.158 - - [10/Sep/2020:04:49:18 -0400] "GET /directory/ HTTP/1.0" 200 24058 "-" "Dispatch/0.14.0-SNAPSHOT"
77.88.5.244 - - [10/Sep/2020:06:36:17 -0400] "GET /robots.txt HTTP/1.0" 200 67 "-" "Mozilla/5.0 (compatible; YandexBot/3.0; +http://yandex.com/bots)"
117.97.182.45 - - [10/Sep/2020:06:52:06 -0400] "GET /?semalt.com HTTP/1.0" 301 - "http://google.com/search?q=semalt.com" "Mozilla/5.0 (Windows NT 10.0; Win64; x64) AppleWebKit/537.36 (KHTML, like Gecko) Chrome/74.0.3729.169 Safari/537.36"
114.119.151.206 - - [10/Sep/2020:06:55:50 -0400] "GET /certification-course-online HTTP/1.0" 301 - "-" "Mozilla/5.0 (Linux; Android 7.0;) AppleWebKit/537.36 (KHTML, like Gecko) Mobile Safari/537.36 (compatible; PetalBot;+http://aspiegel.com/petalbot)"
34.73.12.2 - - [10/Sep/2020:06:56:02 -0400] "GET /links/ HTTP/1.0" 200 16758 "-" "ZoominfoBot (zoominfobot at zoominfo dot com)"
51.222.43.147 - - [10/Sep/2020:07:30:10 -0400] "GET / HTTP/1.0" 301 - "-" "Mozilla/5.0 (compatible; Dataprovider.com)"
51.222.43.147 - - [10/Sep/2020:07:30:29 -0400] "GET /directory/ HTTP/1.0" 200 24058 "-" "Mozilla/5.0 (compatible; Dataprovider.com)"
184.154.139.49 - - [10/Sep/2020:08:04:18 -0400] "GET / HTTP/1.0" 301 - "http://www.google.com/url?url=www.auriculotherapy.org&yahoo.com" "Mozilla/5.0 (compatible; MSIE 9.0; Windows NT 6.1; WOW64; Trident/6.0)"
184.154.139.49 - - [10/Sep/2020:08:04:32 -0400] "GET /?=Search&s=1 HTTP/1.0" 200 23933 "-" "SiteLockSpider [en] (WinNT; I ;Nav)"
184.154.139.49 - - [10/Sep/2020:08:04:38 -0400] "GET /course-study/ HTTP/1.0" 200 18026 "http://www.google.com/url?url=www.auriculotherapy.org&yahoo.com" "Mozilla/5.0 (compatible; MSIE 9.0; Windows NT 6.1; WOW64; Trident/6.0)"
184.154.139.49 - - [10/Sep/2020:08:04:40 -0400] "GET /contact-us/ HTTP/1.0" 200 16077 "http://www.google.com/url?url=www.auriculotherapy.org&yahoo.com" "Mozilla/5.0 (compatible; MSIE 9.0; Windows NT 6.1; WOW64; Trident/6.0)"
184.154.139.49 - - [10/Sep/2020:08:04:40 -0400] "GET /aci-board/ HTTP/1.0" 200 33763 "http://www.google.com/url?url=www.auriculotherapy.org&yahoo.com" "Mozilla/5.0 (compatible; MSIE 9.0; Windows NT 6.1; WOW64; Trident/6.0)"
184.154.139.49 - - [10/Sep/2020:08:04:53 -0400] "GET /sample-page/feed/ HTTP/1.0" 200 775 "http://www.google.com/url?url=www.auriculotherapy.org&yahoo.com" "Mozilla/5.0 (compatible; MSIE 9.0; Windows NT 6.1; WOW64; Trident/6.0)"
184.154.139.49 - - [10/Sep/2020:08:04:55 -0400] "GET /privacy-policy/feed/ HTTP/1.0" 200 788 "http://www.google.com/url?url=www.auriculotherapy.org&yahoo.com" "Mozilla/5.0 (compatible; MSIE 9.0; Windows NT 6.1; WOW64; Trident/6.0)"
184.154.139.49 - - [10/Sep/2020:08:04:57 -0400] "GET /wp-admin/css/l10n.min.css?ver=5.4.2 HTTP/1.0" 200 2477 "-" "SiteLockSpider [en] (WinNT; I ;Nav)"
184.154.139.49 - - [10/Sep/2020:08:05:00 -0400] "GET /wp-includes/js/wp-embed.min.js?ver=5.4.2 HTTP/1.0" 200 1434 "-" "SiteLockSpider [en] (WinNT; I ;Nav)"
184.154.139.49 - - [10/Sep/2020:08:05:04 -0400] "GET /wp-includes/js/wp-util.min.js?ver=5.4.2 HTTP/1.0" 200 1079 "-" "SiteLockSpider [en] (WinNT; I ;Nav)"
184.154.139.49 - - [10/Sep/2020:08:05:34 -0400] "GET /wp-content/themes/Jingged/includes/css/bootstrap-wp.css?ver=5.4.2 HTTP/1.0" 200 21977 "-" "SiteLockSpider [en] (WinNT; I ;Nav)"
184.154.139.49 - - [10/Sep/2020:08:05:35 -0400] "GET /wp-content/plugins/smart-slider-3/library/media/smartslider.min.css?1584418967 HTTP/1.0" 200 19462 "http://www.google.com/url?url=www.auriculotherapy.org&yahoo.com" "Mozilla/5.0 (compatible; MSIE 9.0; Windows NT 6.1; WOW64; Trident/6.0)"
184.154.139.49 - - [10/Sep/2020:08:05:40 -0400] "GET /wp-content/plugins/smart-slider-3/nextend/media/dist/nextend-frontend.min.js?1584418970 HTTP/1.0" 200 77132 "-" "SiteLockSpider [en] (WinNT; I ;Nav)"
184.154.139.49 - - [10/Sep/2020:08:05:46 -0400] "GET /?p=316 HTTP/1.0" 301 - "-" "SiteLockSpider [en] (WinNT; I ;Nav)"
184.154.139.49 - - [10/Sep/2020:08:05:47 -0400] "GET /?p=42 HTTP/1.0" 301 - "-" "SiteLockSpider [en] (WinNT; I ;Nav)"
184.154.139.49 - - [10/Sep/2020:08:05:49 -0400] "GET /?s=1 HTTP/1.0" 200 23933 "-" "SiteLockSpider [en] (WinNT; I ;Nav)"
184.154.139.49 - - [10/Sep/2020:08:05:54 -0400] "GET /login/?CSRFToken-wppb=50bbbafbe5&_wp_http_referer=/login/&log=1&pwd=1&redirect_to=https://www.auriculotherapy.org/login/&rememberme=1&wp-submit=Log%20In&wppb_form_location=page&wppb_login=true&wppb_lostpassword_url=1&wppb_redirect_check=true&wppb_redirect_priority=1&wppb_referer_url=http://www.google.com/url?url=www.auriculotherapy.org&yahoo.com&wppb_request_url=https://www.auriculotherapy.org/login/ HTTP/1.0" 302 - "http://www.google.com/url?url=www.auriculotherapy.org&yahoo.com" "Mozilla/5.0 (compatible; MSIE 9.0; Windows NT 6.1; WOW64; Trident/6.0)"
184.154.139.49 - - [10/Sep/2020:08:06:04 -0400] "GET /wp-json/oembed/1.0/embed?url=https%3A%2F%2Fwww.auriculotherapy.org%2Fhello-world%2F&format=xml HTTP/1.0" 200 2477 "-" "SiteLockSpider [en] (WinNT; I ;Nav)"
184.154.139.49 - - [10/Sep/2020:08:06:13 -0400] "GET /wp-json/oembed/1.0/embed?url=https%3A%2F%2Fwww.auriculotherapy.org%2Fcontact-us%2F&format=xml HTTP/1.0" 200 2469 "-" "SiteLockSpider [en] (WinNT; I ;Nav)"
184.154.139.49 - - [10/Sep/2020:08:06:17 -0400] "GET /wp-json/oembed/1.0/%5C%22https:%5C/%5C/www.auriculotherapy.org%5C/privacy-policy%5C/%5C%22 HTTP/1.0" 404 113 "http://www.google.com/url?url=www.auriculotherapy.org&yahoo.com" "Mozilla/5.0 (compatible; MSIE 9.0; Windows NT 6.1; WOW64; Trident/6.0)"
184.154.139.49 - - [10/Sep/2020:08:06:18 -0400] "GET /wp-json/oembed/1.0/%5C%22https:%5C/%5C/www.auriculotherapy.org%5C/application%5C/%5C%22 HTTP/1.0" 404 113 "http://www.google.com/url?url=www.auriculotherapy.org&yahoo.com" "Mozilla/5.0 (compatible; MSIE 9.0; Windows NT 6.1; WOW64; Trident/6.0)"
184.154.139.49 - - [10/Sep/2020:08:06:22 -0400] "GET /wp-json/oembed/1.0/embed?url=https%3A%2F%2Fwww.auriculotherapy.org%2Fcertification-course-online%2F HTTP/1.0" 200 2462 "-" "SiteLockSpider [en] (WinNT; I ;Nav)"
184.154.139.49 - - [10/Sep/2020:08:06:22 -0400] "GET /wp-json/oembed/1.0/embed?url=https%3A%2F%2Fwww.auriculotherapy.org%2Fthe-auriculotherapy-certification-institute%2F HTTP/1.0" 200 2695 "-" "SiteLockSpider [en] (WinNT; I ;Nav)"
184.154.139.49 - - [10/Sep/2020:08:06:23 -0400] "GET /th1s_1s_a_4o4.html HTTP/1.0" 404 15957 "http://www.google.com/url?url=www.auriculotherapy.org&yahoo.com" "Mozilla/5.0 (compatible; MSIE 9.0; Windows NT 6.1; WOW64; Trident/6.0)"
184.154.139.49 - - [10/Sep/2020:08:06:24 -0400] "GET /xmlrpc.php HTTP/1.0" 405 42 "-" "SiteLockSpider [en] (WinNT; I ;Nav)"
184.154.139.49 - - [10/Sep/2020:08:06:25 -0400] "GET /wp-content/themes/Jingged/includes/js/bootstrap-wp.js?ver=5.4.2 HTTP/1.0" 200 1514 "http://www.google.com/url?url=www.auriculotherapy.org&yahoo.com" "Mozilla/5.0 (compatible; MSIE 9.0; Windows NT 6.1; WOW64; Trident/6.0)"
184.154.139.49 - - [10/Sep/2020:08:06:39 -0400] "GET /search/1/feed/rss2/www.acupunctureresearch.org/feed/rss2/ HTTP/1.0" 200 1050 "http://www.google.com/url?url=www.auriculotherapy.org&yahoo.com" "Mozilla/5.0 (compatible; MSIE 9.0; Windows NT 6.1; WOW64; Trident/6.0)"
184.154.139.49 - - [10/Sep/2020:08:06:39 -0400] "GET /search/1/feed/rss2/www.acudetox.com/feed/rss2/ HTTP/1.0" 200 1028 "http://www.google.com/url?url=www.auriculotherapy.org&yahoo.com" "Mozilla/5.0 (compatible; MSIE 9.0; Windows NT 6.1; WOW64; Trident/6.0)"
51.91.218.48 - - [10/Sep/2020:08:26:42 -0400] "GET /wp-content/themes/Jingged/includes/resources/bootstrap/css/bootstrap.min.css?ver=5.4.2 HTTP/1.0" 200 119327 "https://www.auriculotherapy.org/" "Mozilla/5.0 (compatible; Dataprovider.com)"
51.91.218.48 - - [10/Sep/2020:08:26:42 -0400] "GET /wp-includes/js/jquery/jquery-migrate.min.js?ver=1.4.1 HTTP/1.0" 200 10056 "https://www.auriculotherapy.org/" "Mozilla/5.0 (compatible; Dataprovider.com)"
51.91.218.48 - - [10/Sep/2020:08:26:43 -0400] "GET /wp-content/themes/Jingged/includes/js/skip-link-focus-fix.js?ver=20130115 HTTP/1.0" 200 831 "https://www.auriculotherapy.org/" "Mozilla/5.0 (compatible; Dataprovider.com)"
51.91.218.48 - - [10/Sep/2020:08:26:43 -0400] "GET /wp-content/uploads/2019/06/earbg-left.jpg HTTP/1.0" 200 22041 "https://www.auriculotherapy.org/" "Mozilla/5.0 (compatible; Dataprovider.com)"
185.191.171.19 - - [10/Sep/2020:08:28:09 -0400] "GET / HTTP/1.0" 200 28727 "-" "Mozilla/5.0 (compatible; SemrushBot/6~bl; +http://www.semrush.com/bot.html)"
114.119.134.148 - - [10/Sep/2020:10:20:02 -0400] "GET /defined.htm HTTP/1.0" 404 15957 "-" "Mozilla/5.0 (Linux; Android 7.0;) AppleWebKit/537.36 (KHTML, like Gecko) Mobile Safari/537.36 (compatible; PetalBot;+http://aspiegel.com/petalbot)"
72.79.58.112 - - [10/Sep/2020:11:57:40 -0400] "GET /robots.txt HTTP/1.0" 200 67 "-" "panscient.com"
72.79.58.112 - - [10/Sep/2020:11:57:46 -0400] "GET /wp-content/plugins/smart-slider-3/library/media/dist/smartslider-frontend.min.js?1584418967 HTTP/1.0" 200 132744 "-" "panscient.com"
72.79.58.112 - - [10/Sep/2020:11:58:06 -0400] "GET /wp-content/themes/Jingged/includes/js/bootstrap-wp.js?ver=5.4.2 HTTP/1.0" 200 1514 "-" "panscient.com"
72.79.58.112 - - [10/Sep/2020:11:59:12 -0400] "GET /blog/ HTTP/1.0" 200 18964 "-" "panscient.com"
72.79.58.112 - - [10/Sep/2020:12:00:31 -0400] "GET /wp-includes/js/jquery/jquery-migrate.min.js?ver=1.4.1 HTTP/1.0" 200 10056 "-" "panscient.com"
72.79.58.112 - - [10/Sep/2020:12:00:35 -0400] "GET /wp-login.php?redirect_to=https://www.auriculotherapy.org/hello-world/ HTTP/1.0" 200 6308 "-" "panscient.com"
72.79.58.112 - - [10/Sep/2020:12:00:55 -0400] "GET /wp-content/plugins/edu-expression-pro/js/bootstrap.min.js?ver=5.4.2 HTTP/1.0" 200 36979 "-" "panscient.com"
23.29.33.59 - - [10/Sep/2020:12:39:32 -0400] "GET /wp-content/uploads/2019/06/earbg-left.jpg HTTP/1.0" 200 22041 "https://www.google.com/" "Mozilla/5.0 (Windows NT 10.0; Win64; x64; rv:80.0) Gecko/20100101 Firefox/80.0"
66.249.79.108 - - [10/Sep/2020:13:07:58 -0400] "GET / HTTP/1.0" 200 28727 "-" "Mozilla/5.0 (compatible; Googlebot/2.1; +http://www.google.com/bot.html)"
24.108.102.75 - - [10/Sep/2020:13:13:57 -0400] "GET /wp-content/uploads/2019/03/banner.png HTTP/1.0" 200 105389 "https://www.auriculotherapy.org/" "Mozilla/5.0 (Macintosh; Intel Mac OS X 10_13_6) AppleWebKit/605.1.15 (KHTML, like Gecko) Version/13.1.2 Safari/605.1.15"
24.108.102.75 - - [10/Sep/2020:13:13:59 -0400] "GET /wp-content/themes/Jingged/includes/css/bootstrap-wp.css?ver=5.4.2 HTTP/1.0" 200 21977 "https://www.auriculotherapy.org/" "Mozilla/5.0 (Macintosh; Intel Mac OS X 10_13_6) AppleWebKit/605.1.15 (KHTML, like Gecko) Version/13.1.2 Safari/605.1.15"
99.203.79.229 - - [10/Sep/2020:14:53:24 -0400] "GET /wp-content/themes/Jingged/includes/css/font-awesome.min.css?ver=4.1.0 HTTP/1.0" 200 21984 "https://www.auriculotherapy.org/" "Mozilla/5.0 (Linux; Android 9; SM-G950U) AppleWebKit/537.36 (KHTML, like Gecko) Chrome/85.0.4183.81 Mobile Safari/537.36"
99.203.79.229 - - [10/Sep/2020:14:53:24 -0400] "GET /wp-content/plugins/smart-slider-3/nextend/media/dist/n2.min.js?1584418970 HTTP/1.0" 200 3495 "https://www.auriculotherapy.org/" "Mozilla/5.0 (Linux; Android 9; SM-G950U) AppleWebKit/537.36 (KHTML, like Gecko) Chrome/85.0.4183.81 Mobile Safari/537.36"
10.30.94.78 - - [10/Sep/2020:14:53:21 -0400] "POST /wp-cron.php?doing_wp_cron=1599764001.6777040958404541015625 HTTP/1.0" 200 - "https://www.auriculotherapy.org/wp-cron.php?doing_wp_cron=1599764001.6777040958404541015625" "WordPress/5.4.2; https://www.auriculotherapy.org"
99.203.79.229 - - [10/Sep/2020:14:53:24 -0400] "GET /wp-content/themes/Jingged/includes/images/jingged.png HTTP/1.0" 200 2340 "https://www.auriculotherapy.org/" "Mozilla/5.0 (Linux; Android 9; SM-G950U) AppleWebKit/537.36 (KHTML, like Gecko) Chrome/85.0.4183.81 Mobile Safari/537.36"
99.203.79.229 - - [10/Sep/2020:14:53:24 -0400] "GET /wp-includes/js/wp-emoji-release.min.js?ver=5.4.2 HTTP/1.0" 200 13901 "https://www.auriculotherapy.org/" "Mozilla/5.0 (Linux; Android 9; SM-G950U) AppleWebKit/537.36 (KHTML, like Gecko) Chrome/85.0.4183.81 Mobile Safari/537.36"
99.203.79.229 - - [10/Sep/2020:14:53:29 -0400] "GET /wp-includes/images/w-logo-blue-white-bg.png HTTP/1.0" 200 4119 "https://www.auriculotherapy.org/" "Mozilla/5.0 (Linux; Android 9; SM-G950U) AppleWebKit/537.36 (KHTML, like Gecko) Chrome/85.0.4183.81 Mobile Safari/537.36"
114.119.144.143 - - [10/Sep/2020:15:36:56 -0400] "GET /robots.txt HTTP/1.0" 200 67 "-" "(compatible;PetalBot;+http://aspiegel.com/petalbot)"
104.191.3.130 - - [10/Sep/2020:16:08:21 -0400] "GET /wp-content/themes/Jingged/includes/resources/bootstrap/css/bootstrap.min.css?ver=5.4.2 HTTP/1.0" 200 119327 "https://www.auriculotherapy.org/directory/" "Mozilla/5.0 (Windows NT 10.0; Win64; x64) AppleWebKit/537.36 (KHTML, like Gecko) Chrome/85.0.4183.83 Safari/537.36 Edg/85.0.564.44"
104.191.3.130 - - [10/Sep/2020:16:08:22 -0400] "POST /wp-admin/admin-ajax.php HTTP/1.0" 200 204196 "https://www.auriculotherapy.org/directory/" "Mozilla/5.0 (Windows NT 10.0; Win64; x64) AppleWebKit/537.36 (KHTML, like Gecko) Chrome/85.0.4183.83 Safari/537.36 Edg/85.0.564.44"
104.191.3.130 - - [10/Sep/2020:16:09:16 -0400] "GET /wp-content/themes/Jingged/includes/images/checkbox_own.png HTTP/1.0" 200 858 "https://www.auriculotherapy.org/wp-content/themes/Jingged/includes/css/bootstrap-wp.css?ver=5.4.2" "Mozilla/5.0 (Windows NT 10.0; Win64; x64) AppleWebKit/537.36 (KHTML, like Gecko) Chrome/85.0.4183.83 Safari/537.36 Edg/85.0.564.44"
35.187.67.123 - - [10/Sep/2020:16:12:42 -0400] "GET / HTTP/1.0" 200 28727 "-" "Mozilla/5.0 (Macintosh; Intel Mac OS X 10.11; rv:52.0) Gecko/20100101 Firefox/52.0"
64.140.136.74 - - [10/Sep/2020:17:07:43 -0400] "GET /course-study HTTP/1.0" 301 - "-" "Dispatch/0.14.0-SNAPSHOT"
35.243.167.192 - - [10/Sep/2020:17:16:07 -0400] "GET /directory/ HTTP/1.0" 200 24058 "-" "ZoominfoBot (zoominfobot at zoominfo dot com)"
64.140.134.192 - - [10/Sep/2020:17:51:28 -0400] "GET /aci-board/ HTTP/1.0" 200 33763 "-" "Dispatch/0.14.0-SNAPSHOT"
207.46.13.227 - - [10/Sep/2020:18:52:19 -0400] "GET /wp-content/themes/Jingged/includes/js/bootstrap-wp.js?ver=5.4.2 HTTP/1.0" 200 1514 "-" "Mozilla/5.0 (compatible; bingbot/2.0; +http://www.bing.com/bingbot.htm)"
207.46.13.227 - - [10/Sep/2020:18:52:19 -0400] "GET /wp-includes/js/jquery/jquery.js?ver=1.12.4-wp HTTP/1.0" 200 96873 "-" "Mozilla/5.0 (compatible; bingbot/2.0; +http://www.bing.com/bingbot.htm)"
77.75.76.161 - - [10/Sep/2020:19:43:57 -0400] "GET / HTTP/1.0" 301 - "-" "Mozilla/5.0 (compatible; SeznamBot/3.2; +http://napoveda.seznam.cz/en/seznambot-intro/)"
40.77.189.50 - - [10/Sep/2020:19:53:11 -0400] "GET /wp-content/themes/Jingged/includes/js/skip-link-focus-fix.js?ver=20130115 HTTP/1.0" 200 831 "-" "Mozilla/5.0 (Windows NT 6.1; WOW64) AppleWebKit/534+ (KHTML, like Gecko) BingPreview/1.0b"
40.77.188.52 - - [10/Sep/2020:21:04:47 -0400] "GET /wp-content/plugins/smart-slider-3/library/media/smartslider.min.css?1584418967 HTTP/1.0" 200 19462 "-" "Mozilla/5.0 (Windows NT 6.1; WOW64) AppleWebKit/534+ (KHTML, like Gecko) BingPreview/1.0b"
10.30.94.78 - - [10/Sep/2020:21:12:14 -0400] "POST /wp-cron.php?doing_wp_cron=1599786734.0757699012756347656250 HTTP/1.0" 200 - "http://www.auriculotherapy.org/wp-cron.php?doing_wp_cron=1599786734.0757699012756347656250" "WordPress/5.4.2; https://www.auriculotherapy.org"
10.30.94.78 - - [10/Sep/2020:21:53:46 -0400] "POST /wp-cron.php?doing_wp_cron=1599789225.8596379756927490234375 HTTP/1.0" 200 - "https://www.auriculotherapy.org/wp-cron.php?doing_wp_cron=1599789225.8596379756927490234375" "WordPress/5.4.2; https://www.auriculotherapy.org"
173.231.59.213 - - [10/Sep/2020:23:36:37 -0400] "GET /aci-board/ HTTP/1.0" 200 33763 "https://www.auriculotherapy.org/" "Mozilla/5.0 (compatible; Adsbot/3.1)"
114.119.146.241 - - [10/Sep/2020:00:12:35 -0400] "GET /calendar-of-events/ HTTP/1.0" 200 20097 "-" "Mozilla/5.0 (Linux; Android 7.0;) AppleWebKit/537.36 (KHTML, like Gecko) Mobile Safari/537.36 (compatible; PetalBot;+http://aspiegel.com/petalbot)"
176.31.252.167 - - [10/Sep/2020:00:26:34 -0400] "GET /author/support@jingged.com/ HTTP/1.0" 404 15977 "-" "Mozilla/4.0 (compatible; MSIE 6.0; Windows NT 5.1; SV1)"
207.46.13.4 - - [10/Sep/2020:02:16:55 -0400] "GET /course-study/ HTTP/1.0" 200 18026 "-" "Mozilla/5.0 (compatible; bingbot/2.0; +http://www.bing.com/bingbot.htm)"
66.249.68.6 - - [10/Sep/2020:04:06:23 -0400] "GET / HTTP/1.0" 301 - "-" "Mozilla/5.0 (Linux; Android 6.0.1; Nexus 5X Build/MMB29P) AppleWebKit/537.36 (KHTML, like Gecko) Chrome/80.0.3987.92 Mobile Safari/537.36 (compatible; Googlebot/2.1; +http://www.google.com/bot.html)"
66.249.79.119 - - [10/Sep/2020:04:14:56 -0400] "GET / HTTP/1.0" 301 - "-" "Mozilla/5.0 (compatible; Googlebot/2.1; +http://www.google.com/bot.html)"
114.119.128.40 - - [10/Sep/2020:04:56:48 -0400] "GET /robots.txt HTTP/1.0" 200 67 "-" "(compatible;PetalBot;+http://aspiegel.com/petalbot)"
114.119.134.148 - - [10/Sep/2020:05:22:00 -0400] "GET /robots.txt HTTP/1.0" 200 67 "-" "Mozilla/5.0 (Linux; Android 7.0;) AppleWebKit/537.36 (KHTML, like Gecko) Mobile Safari/537.36 (compatible; PetalBot;+http://aspiegel.com/petalbot)"
185.191.171.33 - - [10/Sep/2020:07:19:59 -0400] "GET /robots.txt HTTP/1.0" 200 67 "-" "Mozilla/5.0 (compatible; SemrushBot/6~bl; +http://www.semrush.com/bot.html)"
185.191.171.17 - - [10/Sep/2020:07:20:00 -0400] "GET /certification-course-online/ HTTP/1.0" 200 15402 "-" "Mozilla/5.0 (compatible; SemrushBot/6~bl; +http://www.semrush.com/bot.html)"
34.73.12.2 - - [10/Sep/2020:07:24:19 -0400] "GET /login HTTP/1.0" 301 - "-" "ZoominfoBot (zoominfobot at zoominfo dot com)"
34.73.12.2 - - [10/Sep/2020:07:24:20 -0400] "GET /login/ HTTP/1.0" 200 16892 "-" "ZoominfoBot (zoominfobot at zoominfo dot com)"
209.126.4.85 - - [10/Sep/2020:07:43:56 -0400] "GET /images/speake12.jpg HTTP/1.0" 404 15957 "http://www.auriculotherapy.org" "Mozilla/5.0 (compatible; YandexBot/3.0; +http://yandex.com/bots)"
184.154.139.49 - - [10/Sep/2020:08:04:37 -0400] "GET /login/ HTTP/1.0" 200 16960 "http://www.google.com/url?url=www.auriculotherapy.org&yahoo.com" "Mozilla/5.0 (compatible; MSIE 9.0; Windows NT 6.1; WOW64; Trident/6.0)"
184.154.139.49 - - [10/Sep/2020:08:04:41 -0400] "GET /links/ HTTP/1.0" 200 16758 "http://www.google.com/url?url=www.auriculotherapy.org&yahoo.com" "Mozilla/5.0 (compatible; MSIE 9.0; Windows NT 6.1; WOW64; Trident/6.0)"
184.154.139.49 - - [10/Sep/2020:08:04:42 -0400] "GET /calendar-of-events-bk/ HTTP/1.0" 200 23253 "http://www.google.com/url?url=www.auriculotherapy.org&yahoo.com" "Mozilla/5.0 (compatible; MSIE 9.0; Windows NT 6.1; WOW64; Trident/6.0)"
184.154.139.49 - - [10/Sep/2020:08:04:48 -0400] "GET /ethics/ HTTP/1.0" 200 41115 "http://www.google.com/url?url=www.auriculotherapy.org&yahoo.com" "Mozilla/5.0 (compatible; MSIE 9.0; Windows NT 6.1; WOW64; Trident/6.0)"
184.154.139.49 - - [10/Sep/2020:08:04:49 -0400] "GET /feed/ HTTP/1.0" 200 5328 "http://www.google.com/url?url=www.auriculotherapy.org&yahoo.com" "Mozilla/5.0 (compatible; MSIE 9.0; Windows NT 6.1; WOW64; Trident/6.0)"
184.154.139.49 - - [10/Sep/2020:08:04:55 -0400] "GET /the-auriculotherapy-certification-institute/feed/ HTTP/1.0" 200 891 "http://www.google.com/url?url=www.auriculotherapy.org&yahoo.com" "Mozilla/5.0 (compatible; MSIE 9.0; Windows NT 6.1; WOW64; Trident/6.0)"
184.154.139.49 - - [10/Sep/2020:08:04:57 -0400] "GET /wp-admin/js/user-profile.min.js?ver=5.4.2 HTTP/1.0" 200 5583 "http://www.google.com/url?url=www.auriculotherapy.org&yahoo.com" "Mozilla/5.0 (compatible; MSIE 9.0; Windows NT 6.1; WOW64; Trident/6.0)"
184.154.139.49 - - [10/Sep/2020:08:05:00 -0400] "GET /category/uncategorized/feed/ HTTP/1.0" 200 5373 "http://www.google.com/url?url=www.auriculotherapy.org&yahoo.com" "Mozilla/5.0 (compatible; MSIE 9.0; Windows NT 6.1; WOW64; Trident/6.0)"
184.154.139.49 - - [10/Sep/2020:08:05:46 -0400] "GET /?p=1 HTTP/1.0" 301 - "-" "SiteLockSpider [en] (WinNT; I ;Nav)"
184.154.139.49 - - [10/Sep/2020:08:05:53 -0400] "GET /xmlrpc.php?rsd HTTP/1.0" 200 852 "-" "SiteLockSpider [en] (WinNT; I ;Nav)"
184.154.139.49 - - [10/Sep/2020:08:05:55 -0400] "GET /wp-login.php?redirect_to=https%3A%2F%2Fwww.auriculotherapy.org%2Fthe-auriculotherapy-certification-institute%2F HTTP/1.0" 200 6340 "-" "SiteLockSpider [en] (WinNT; I ;Nav)"
184.154.139.49 - - [10/Sep/2020:08:06:03 -0400] "GET /wp-json/oembed/1.0/embed?url=https%3A%2F%2Fwww.auriculotherapy.org%2Fforms%2F HTTP/1.0" 200 2379 "-" "SiteLockSpider [en] (WinNT; I ;Nav)"
184.154.139.49 - - [10/Sep/2020:08:06:05 -0400] "GET /wp-json/oembed/1.0/embed?url=https%3A%2F%2Fwww.auriculotherapy.org%2Faci-board%2F HTTP/1.0" 200 2372 "-" "SiteLockSpider [en] (WinNT; I ;Nav)"
184.154.139.49 - - [10/Sep/2020:08:06:07 -0400] "GET /wp-json/oembed/1.0/%5C%22https:%5C/%5C/www.auriculotherapy.org%5C/forms%5C/%5C%22 HTTP/1.0" 404 113 "http://www.google.com/url?url=www.auriculotherapy.org&yahoo.com" "Mozilla/5.0 (compatible; MSIE 9.0; Windows NT 6.1; WOW64; Trident/6.0)"
184.154.139.49 - - [10/Sep/2020:08:06:07 -0400] "GET /?p=18 HTTP/1.0" 301 - "-" "SiteLockSpider [en] (WinNT; I ;Nav)"
184.154.139.49 - - [10/Sep/2020:08:06:13 -0400] "GET /wp-json/oembed/1.0/embed?url=https%3A%2F%2Fwww.auriculotherapy.org%2Fthe-auriculotherapy-certification-institute%2F&format=xml HTTP/1.0" 200 2825 "-" "SiteLockSpider [en] (WinNT; I ;Nav)"
184.154.139.49 - - [10/Sep/2020:08:06:13 -0400] "GET /wp-json/oembed/1.0/embed?url=https%3A%2F%2Fwww.auriculotherapy.org%2Fapplication%2F HTTP/1.0" 200 2394 "-" "SiteLockSpider [en] (WinNT; I ;Nav)"
184.154.139.49 - - [10/Sep/2020:08:06:17 -0400] "GET /wp-json/oembed/1.0/%5C%22https:%5C/%5C/www.auriculotherapy.org%5C/calendar-of-events-bk%5C/%5C%22 HTTP/1.0" 404 113 "http://www.google.com/url?url=www.auriculotherapy.org&yahoo.com" "Mozilla/5.0 (compatible; MSIE 9.0; Windows NT 6.1; WOW64; Trident/6.0)"
184.154.139.49 - - [10/Sep/2020:08:06:20 -0400] "GET /wp-json/oembed/1.0/embed?url=https%3A%2F%2Fwww.auriculotherapy.org%2Flogin%2F&format=xml HTTP/1.0" 200 2444 "-" "SiteLockSpider [en] (WinNT; I ;Nav)"
184.154.139.49 - - [10/Sep/2020:08:06:25 -0400] "GET /wp-includes/js/jquery/jquery-migrate.min.js?ver=1.4.1 HTTP/1.0" 200 10056 "-" "SiteLockSpider [en] (WinNT; I ;Nav)"
184.154.139.49 - - [10/Sep/2020:08:06:27 -0400] "GET /wp-content/plugins/profile-builder/assets/css/style-front-end.css?ver=3.1.3 HTTP/1.0" 200 19669 "http://www.google.com/url?url=www.auriculotherapy.org&yahoo.com" "Mozilla/5.0 (compatible; MSIE 9.0; Windows NT 6.1; WOW64; Trident/6.0)"
184.154.139.49 - - [10/Sep/2020:08:06:30 -0400] "GET /search/1/feed/rss2/www.redwingbooks.com/feed/rss2/ HTTP/1.0" 200 1036 "http://www.google.com/url?url=www.auriculotherapy.org&yahoo.com" "Mozilla/5.0 (compatible; MSIE 9.0; Windows NT 6.1; WOW64; Trident/6.0)"
184.154.139.49 - - [10/Sep/2020:08:06:33 -0400] "GET /search/1/feed/rss2/www.acupunctureresearch.org HTTP/1.0" 200 16397 "-" "SiteLockSpider [en] (WinNT; I ;Nav)"
184.154.139.49 - - [10/Sep/2020:08:06:59 -0400] "GET //wp-content/plugins/profile-builder/readme.txt HTTP/1.0" 200 49634 "-" "SiteLockSpider [en] (WinNT; I ;Nav)"
185.191.171.10 - - [10/Sep/2020:08:27:53 -0400] "GET /robots.txt HTTP/1.0" 200 67 "-" "Mozilla/5.0 (compatible; SemrushBot/6~bl; +http://www.semrush.com/bot.html)"
10.30.94.78 - - [10/Sep/2020:08:56:56 -0400] "POST /wp-cron.php?doing_wp_cron=1599742614.9855060577392578125000 HTTP/1.0" 200 - "http://www.auriculotherapy.org/wp-cron.php?doing_wp_cron=1599742614.9855060577392578125000" "WordPress/5.4.2; https://www.auriculotherapy.org"
114.119.146.241 - - [10/Sep/2020:10:45:21 -0400] "GET /PractSearch_USA_A_G.html HTTP/1.0" 404 15957 "-" "Mozilla/5.0 (Linux; Android 7.0;) AppleWebKit/537.36 (KHTML, like Gecko) Mobile Safari/537.36 (compatible; PetalBot;+http://aspiegel.com/petalbot)"
72.79.58.112 - - [10/Sep/2020:11:59:16 -0400] "GET /wp-login.php?redirect_to=https://www.auriculotherapy.org/the-auriculotherapy-certification-institute/ HTTP/1.0" 200 6340 "-" "panscient.com"
72.79.58.112 - - [10/Sep/2020:11:59:40 -0400] "GET /wp-includes/js/zxcvbn-async.min.js?ver=1.0 HTTP/1.0" 200 353 "-" "panscient.com"
72.79.58.112 - - [10/Sep/2020:11:59:47 -0400] "GET /wp-includes/js/wp-embed.min.js?ver=5.4.2 HTTP/1.0" 200 1434 "-" "panscient.com"
72.79.58.112 - - [10/Sep/2020:12:00:03 -0400] "GET /wp-content/plugins/smart-slider-3/library/media/plugins/type/simple/simple/dist/smartslider-simple-type-frontend.min.js?1584418967 HTTP/1.0" 200 18726 "-" "panscient.com"
66.249.79.108 - - [10/Sep/2020:13:08:05 -0400] "GET /wp-content/themes/Jingged/includes/css/font-awesome.min.css?ver=4.1.0 HTTP/1.0" 200 21984 "https://www.auriculotherapy.org/" "Mozilla/5.0 AppleWebKit/537.36 (KHTML, like Gecko; compatible; Googlebot/2.1; +http://www.google.com/bot.html) Chrome/85.0.4183.105 Safari/537.36"
66.249.68.3 - - [10/Sep/2020:13:08:50 -0400] "GET / HTTP/1.0" 301 - "-" "Mozilla/5.0 (Linux; Android 6.0.1; Nexus 5X Build/MMB29P) AppleWebKit/537.36 (KHTML, like Gecko) Chrome/80.0.3987.92 Mobile Safari/537.36 (compatible; Googlebot/2.1; +http://www.google.com/bot.html)"
24.108.102.75 - - [10/Sep/2020:13:13:55 -0400] "GET / HTTP/1.0" 200 28727 "https://www.google.com/" "Mozilla/5.0 (Macintosh; Intel Mac OS X 10_13_6) AppleWebKit/605.1.15 (KHTML, like Gecko) Version/13.1.2 Safari/605.1.15"
24.108.102.75 - - [10/Sep/2020:13:13:57 -0400] "GET /wp-content/themes/Jingged/includes/resources/bootstrap/js/bootstrap.min.js?ver=5.4.2 HTTP/1.0" 200 36868 "https://www.auriculotherapy.org/" "Mozilla/5.0 (Macintosh; Intel Mac OS X 10_13_6) AppleWebKit/605.1.15 (KHTML, like Gecko) Version/13.1.2 Safari/605.1.15"
24.108.102.75 - - [10/Sep/2020:13:13:58 -0400] "GET /wp-content/plugins/smart-slider-3/library/media/dist/smartslider-frontend.min.js?1584418967 HTTP/1.0" 200 132744 "https://www.auriculotherapy.org/" "Mozilla/5.0 (Macintosh; Intel Mac OS X 10_13_6) AppleWebKit/605.1.15 (KHTML, like Gecko) Version/13.1.2 Safari/605.1.15"
66.249.68.24 - - [10/Sep/2020:14:35:39 -0400] "GET /blog/ HTTP/1.0" 200 18964 "-" "Mozilla/5.0 (Linux; Android 6.0.1; Nexus 5X Build/MMB29P) AppleWebKit/537.36 (KHTML, like Gecko) Chrome/80.0.3987.92 Mobile Safari/537.36 (compatible; Googlebot/2.1; +http://www.google.com/bot.html)"
99.203.79.229 - - [10/Sep/2020:14:53:23 -0400] "GET /wp-includes/css/dist/block-library/style.min.css?ver=5.4.2 HTTP/1.0" 200 53593 "https://www.auriculotherapy.org/" "Mozilla/5.0 (Linux; Android 9; SM-G950U) AppleWebKit/537.36 (KHTML, like Gecko) Chrome/85.0.4183.81 Mobile Safari/537.36"
99.203.79.229 - - [10/Sep/2020:14:53:24 -0400] "GET /wp-content/themes/Jingged/style.css?ver=5.4.2 HTTP/1.0" 200 7370 "https://www.auriculotherapy.org/" "Mozilla/5.0 (Linux; Android 9; SM-G950U) AppleWebKit/537.36 (KHTML, like Gecko) Chrome/85.0.4183.81 Mobile Safari/537.36"
99.203.79.229 - - [10/Sep/2020:14:53:24 -0400] "GET /wp-content/themes/Jingged/includes/images/auriculotherapybg.png HTTP/1.0" 200 19077 "https://www.auriculotherapy.org/" "Mozilla/5.0 (Linux; Android 9; SM-G950U) AppleWebKit/537.36 (KHTML, like Gecko) Chrome/85.0.4183.81 Mobile Safari/537.36"
99.203.79.229 - - [10/Sep/2020:14:53:24 -0400] "GET /wp-content/uploads/2019/03/banner.png HTTP/1.0" 200 105389 "https://www.auriculotherapy.org/" "Mozilla/5.0 (Linux; Android 9; SM-G950U) AppleWebKit/537.36 (KHTML, like Gecko) Chrome/85.0.4183.81 Mobile Safari/537.36"
114.119.134.148 - - [10/Sep/2020:15:30:33 -0400] "GET /wp-login.php?action=lostpassword HTTP/1.0" 200 3979 "-" "Mozilla/5.0 (Linux; Android 7.0;) AppleWebKit/537.36 (KHTML, like Gecko) Mobile Safari/537.36 (compatible; PetalBot;+http://aspiegel.com/petalbot)"
104.191.3.130 - - [10/Sep/2020:16:08:20 -0400] "GET /wp-content/themes/Jingged/includes/css/font-awesome.min.css?ver=4.1.0 HTTP/1.0" 200 21984 "https://www.auriculotherapy.org/directory/" "Mozilla/5.0 (Windows NT 10.0; Win64; x64) AppleWebKit/537.36 (KHTML, like Gecko) Chrome/85.0.4183.83 Safari/537.36 Edg/85.0.564.44"
104.191.3.130 - - [10/Sep/2020:16:08:20 -0400] "GET /wp-includes/js/jquery/jquery-migrate.min.js?ver=1.4.1 HTTP/1.0" 200 10056 "https://www.auriculotherapy.org/directory/" "Mozilla/5.0 (Windows NT 10.0; Win64; x64) AppleWebKit/537.36 (KHTML, like Gecko) Chrome/85.0.4183.83 Safari/537.36 Edg/85.0.564.44"
104.191.3.130 - - [10/Sep/2020:16:08:21 -0400] "GET /wp-content/themes/Jingged/includes/images/icon_serach.jpg HTTP/1.0" 200 1687 "https://www.auriculotherapy.org/wp-content/themes/Jingged/includes/css/bootstrap-wp.css?ver=5.4.2" "Mozilla/5.0 (Windows NT 10.0; Win64; x64) AppleWebKit/537.36 (KHTML, like Gecko) Chrome/85.0.4183.83 Safari/537.36 Edg/85.0.564.44"
35.243.167.192 - - [10/Sep/2020:17:16:03 -0400] "GET /application/ HTTP/1.0" 200 28597 "-" "ZoominfoBot (zoominfobot at zoominfo dot com)"
35.243.167.192 - - [10/Sep/2020:17:24:11 -0400] "GET /xmlrpc.php?rsd HTTP/1.0" 200 852 "-" "ZoominfoBot (zoominfobot at zoominfo dot com)"
35.243.167.192 - - [10/Sep/2020:17:35:58 -0400] "GET /sample-page/feed/ HTTP/1.0" 200 775 "-" "ZoominfoBot (zoominfobot at zoominfo dot com)"
207.46.13.74 - - [10/Sep/2020:18:52:11 -0400] "GET /wp-content/themes/Jingged/includes/resources/bootstrap/css/bootstrap.min.css?ver=5.4.2 HTTP/1.0" 200 119327 "-" "Mozilla/5.0 (compatible; bingbot/2.0; +http://www.bing.com/bingbot.htm)"
119.45.6.53 - - [10/Sep/2020:19:01:06 -0400] "GET /?author=1 HTTP/1.0" 301 - "-" "Mozilla/5.0 (X11; U; Linux i686)Gecko/20071127 Firefox/2.0.0.11"
70.51.240.18 - - [10/Sep/2020:19:37:56 -0400] "GET / HTTP/1.0" 200 28727 "-" "Python-urllib/3.6"
10.30.94.78 - - [10/Sep/2020:20:03:36 -0400] "POST /wp-cron.php?doing_wp_cron=1599782615.0188219547271728515625 HTTP/1.0" 200 - "https://www.auriculotherapy.org/wp-cron.php?doing_wp_cron=1599782615.0188219547271728515625" "WordPress/5.4.2; https://www.auriculotherapy.org"
207.46.13.74 - - [10/Sep/2020:20:03:48 -0400] "GET /wp-content/plugins/smart-slider-3/nextend/media/dist/nextend-frontend.min.js?1584418970 HTTP/1.0" 200 77132 "-" "Mozilla/5.0 (compatible; bingbot/2.0; +http://www.bing.com/bingbot.htm)"
40.77.190.82 - - [10/Sep/2020:21:04:47 -0400] "GET /wp-content/plugins/smart-slider-3/library/media/plugins/type/simple/simple/dist/smartslider-simple-type-frontend.min.js?1584418967 HTTP/1.0" 200 18726 "-" "Mozilla/5.0 (Windows NT 6.1; WOW64) AppleWebKit/534+ (KHTML, like Gecko) BingPreview/1.0b"
46.229.173.68 - - [10/Sep/2020:21:12:13 -0400] "GET /robots.txt HTTP/1.0" 200 67 "-" "Mozilla/5.0 (compatible; Googlebot/2.1; +http://www.google.com/bot.html)"
166.182.249.225 - - [10/Sep/2020:21:56:05 -0400] "GET /wp-content/uploads/2019/06/earbg.jpg HTTP/1.0" 200 25855 "https://www.google.com/" "Mozilla/5.0 (Linux; Android 9; SM-J737R4 Build/PPR1.180610.011; wv) AppleWebKit/537.36 (KHTML, like Gecko) Version/4.0 Chrome/85.0.4183.81 Mobile Safari/537.36 GSA/11.25.11.21.arm"
173.231.59.213 - - [10/Sep/2020:23:39:21 -0400] "GET /directory/ HTTP/1.0" 200 24058 "https://www.auriculotherapy.org/" "Mozilla/5.0 (compatible; Adsbot/3.1)"
173.231.59.213 - - [10/Sep/2020:23:52:52 -0400] "GET /calendar-of-events/ HTTP/1.0" 200 20097 "https://www.auriculotherapy.org/" "Mozilla/5.0 (compatible; Adsbot/3.1)"
173.231.59.213 - - [10/Sep/2020:23:56:03 -0400] "GET /certification-course-online/ HTTP/1.0" 200 15402 "https://www.auriculotherapy.org/" "Mozilla/5.0 (compatible; Adsbot/3.1)"
66.249.66.76 - - [10/Sep/2020:00:32:02 -0400] "GET / HTTP/1.0" 200 28727 "-" "Mozilla/5.0 (compatible; Googlebot/2.1; +http://www.google.com/bot.html)"
95.216.96.243 - - [10/Sep/2020:00:34:11 -0400] "GET /the-auriculotherapy-certification-institute/feed/ HTTP/1.0" 200 891 "https://www.auriculotherapy.org/the-auriculotherapy-certification-institute/" "Mozilla/5.0 (compatible; SEOkicks; +https://www.seokicks.de/robot.html)"
114.119.135.201 - - [10/Sep/2020:01:48:10 -0400] "GET /blog/ HTTP/1.0" 200 18964 "-" "Mozilla/5.0 (Linux; Android 7.0;) AppleWebKit/537.36 (KHTML, like Gecko) Mobile Safari/537.36 (compatible; PetalBot;+http://aspiegel.com/petalbot)"