77.75.76.164 - - [10/Sep/2020:22:41:44 -0400] "GET /robots.txt HTTP/1.0" 200 67 "-" "Mozilla/5.0 (compatible; SeznamBot/3.2; +http://napoveda.seznam.cz/en/seznambot-intro/)"
95.216.96.243 - - [10/Sep/2020:00:33:40 -0400] "GET /certification-course-online/ HTTP/1.0" 200 15402 "https://www.auriculotherapy.org/" "Mozilla/5.0 (compatible; SEOkicks; +https://www.seokicks.de/robot.html)"
95.216.96.243 - - [10/Sep/2020:00:34:01 -0400] "GET /the-auriculotherapy-certification-institute/ HTTP/1.0" 200 20527 "https://www.auriculotherapy.org/blog/" "Mozilla/5.0 (compatible; SEOkicks; +https://www.seokicks.de/robot.html)"
35.196.38.103 - - [10/Sep/2020:01:26:23 -0400] "GET / HTTP/1.0" 200 28727 "-" "ZoominfoBot (zoominfobot at zoominfo dot com)"
114.119.135.201 - - [10/Sep/2020:01:48:07 -0400] "GET /blog HTTP/1.0" 301 - "-" "Mozilla/5.0 (Linux; Android 7.0;) AppleWebKit/537.36 (KHTML, like Gecko) Mobile Safari/537.36 (compatible; PetalBot;+http://aspiegel.com/petalbot)"
10.30.94.78 - - [10/Sep/2020:03:20:36 -0400] "POST /wp-cron.php?doing_wp_cron=1599722436.2334980964660644531250 HTTP/1.0" 200 - "https://www.auriculotherapy.org/wp-cron.php?doing_wp_cron=1599722436.2334980964660644531250" "WordPress/5.4.2; https://www.auriculotherapy.org"
38.128.157.146 - - [10/Sep/2020:03:47:42 -0400] "GET / HTTP/1.0" 301 - "-" "Dispatch/0.14.0-SNAPSHOT"
34.73.12.2 - - [10/Sep/2020:06:55:52 -0400] "GET /robots.txt HTTP/1.0" 200 67 "-" "ZoominfoBot (zoominfobot at zoominfo dot com)"
51.222.43.147 - - [10/Sep/2020:07:30:21 -0400] "GET / HTTP/1.0" 200 28727 "-" "Mozilla/5.0 (compatible; Dataprovider.com)"
51.222.43.147 - - [10/Sep/2020:07:30:25 -0400] "GET /contact-us/ HTTP/1.0" 200 16077 "-" "Mozilla/5.0 (compatible; Dataprovider.com)"
184.154.139.49 - - [10/Sep/2020:08:04:28 -0400] "GET / HTTP/1.0" 200 28727 "http://www.google.com/url?url=www.auriculotherapy.org&yahoo.com" "Mozilla/5.0 (compatible; MSIE 9.0; Windows NT 6.1; WOW64; Trident/6.0)"
184.154.139.49 - - [10/Sep/2020:08:04:47 -0400] "GET /certification-course-online/ HTTP/1.0" 200 15402 "http://www.google.com/url?url=www.auriculotherapy.org&yahoo.com" "Mozilla/5.0 (compatible; MSIE 9.0; Windows NT 6.1; WOW64; Trident/6.0)"
184.154.139.49 - - [10/Sep/2020:08:04:54 -0400] "GET /hello-world/feed/ HTTP/1.0" 200 1691 "http://www.google.com/url?url=www.auriculotherapy.org&yahoo.com" "Mozilla/5.0 (compatible; MSIE 9.0; Windows NT 6.1; WOW64; Trident/6.0)"
184.154.139.49 - - [10/Sep/2020:08:04:56 -0400] "GET /wp-admin/css/forms.min.css?ver=5.4.2 HTTP/1.0" 200 24453 "http://www.google.com/url?url=www.auriculotherapy.org&yahoo.com" "Mozilla/5.0 (compatible; MSIE 9.0; Windows NT 6.1; WOW64; Trident/6.0)"
184.154.139.49 - - [10/Sep/2020:08:04:57 -0400] "GET /wp-includes/js/comment-reply.min.js?ver=5.4.2 HTTP/1.0" 200 2420 "-" "SiteLockSpider [en] (WinNT; I ;Nav)"
184.154.139.49 - - [10/Sep/2020:08:05:01 -0400] "GET /wp-admin/js/password-strength-meter.min.js?ver=5.4.2 HTTP/1.0" 200 766 "-" "SiteLockSpider [en] (WinNT; I ;Nav)"
184.154.139.49 - - [10/Sep/2020:08:05:07 -0400] "GET /search/1/feed/rss2/ HTTP/1.0" 200 50483 "http://www.google.com/url?url=www.auriculotherapy.org&yahoo.com" "Mozilla/5.0 (compatible; MSIE 9.0; Windows NT 6.1; WOW64; Trident/6.0)"
184.154.139.49 - - [10/Sep/2020:08:05:19 -0400] "GET /wp-content/themes/Jingged/includes/css/jquery-ui.css HTTP/1.0" 200 35997 "http://www.google.com/url?url=www.auriculotherapy.org&yahoo.com" "Mozilla/5.0 (compatible; MSIE 9.0; Windows NT 6.1; WOW64; Trident/6.0)"
184.154.139.49 - - [10/Sep/2020:08:05:39 -0400] "GET /wp-content/plugins/smart-slider-3/nextend/media/dist/n2.min.js?1584418970 HTTP/1.0" 200 3495 "http://www.google.com/url?url=www.auriculotherapy.org&yahoo.com" "Mozilla/5.0 (compatible; MSIE 9.0; Windows NT 6.1; WOW64; Trident/6.0)"
184.154.139.49 - - [10/Sep/2020:08:05:43 -0400] "GET /wp-content/plugins/smart-slider-3/library/media/plugins/type/simple/simple/dist/smartslider-simple-type-frontend.min.js?1584418967 HTTP/1.0" 200 18726 "http://www.google.com/url?url=www.auriculotherapy.org&yahoo.com" "Mozilla/5.0 (compatible; MSIE 9.0; Windows NT 6.1; WOW64; Trident/6.0)"
184.154.139.49 - - [10/Sep/2020:08:05:55 -0400] "GET /wp-json/oembed/1.0/embed?url=https%3A%2F%2Fwww.auriculotherapy.org%2Fcontact-us%2F HTTP/1.0" 200 2377 "-" "SiteLockSpider [en] (WinNT; I ;Nav)"
184.154.139.49 - - [10/Sep/2020:08:06:00 -0400] "GET /wp-json/oembed/1.0/%5C%22https:%5C/%5C/www.auriculotherapy.org%5C/reset-password%5C/%5C%22 HTTP/1.0" 404 113 "http://www.google.com/url?url=www.auriculotherapy.org&yahoo.com" "Mozilla/5.0 (compatible; MSIE 9.0; Windows NT 6.1; WOW64; Trident/6.0)"
184.154.139.49 - - [10/Sep/2020:08:06:06 -0400] "GET /wp-json/oembed/1.0/%5C%22https:%5C/%5C/www.auriculotherapy.org%5C/directory%5C/%5C%22 HTTP/1.0" 404 113 "http://www.google.com/url?url=www.auriculotherapy.org&yahoo.com" "Mozilla/5.0 (compatible; MSIE 9.0; Windows NT 6.1; WOW64; Trident/6.0)"
184.154.139.49 - - [10/Sep/2020:08:06:15 -0400] "GET /wp-json/oembed/1.0/%5C%22https:%5C/%5C/www.auriculotherapy.org%5C/course-study%5C/%5C%22 HTTP/1.0" 404 113 "http://www.google.com/url?url=www.auriculotherapy.org&yahoo.com" "Mozilla/5.0 (compatible; MSIE 9.0; Windows NT 6.1; WOW64; Trident/6.0)"
184.154.139.49 - - [10/Sep/2020:08:06:30 -0400] "GET /search/1/feed/rss2/www.hmieducation.com HTTP/1.0" 200 16362 "-" "SiteLockSpider [en] (WinNT; I ;Nav)"
184.154.139.49 - - [10/Sep/2020:08:06:31 -0400] "GET /search/1/feed/rss2/www.acudetox.com HTTP/1.0" 200 16342 "-" "SiteLockSpider [en] (WinNT; I ;Nav)"
184.154.139.49 - - [10/Sep/2020:08:06:33 -0400] "GET /search/1/feed/rss2/www.integrateauricular.com HTTP/1.0" 200 16392 "-" "SiteLockSpider [en] (WinNT; I ;Nav)"
184.154.139.49 - - [10/Sep/2020:08:06:40 -0400] "GET /search/1/feed/rss2/www.miridiatech.com/feed/rss2/ HTTP/1.0" 200 1034 "http://www.google.com/url?url=www.auriculotherapy.org&yahoo.com" "Mozilla/5.0 (compatible; MSIE 9.0; Windows NT 6.1; WOW64; Trident/6.0)"
184.154.139.49 - - [10/Sep/2020:08:06:44 -0400] "GET /wp-content/plugins/edu-expression-pro/js/jquery-1.11.1.min.js?ver=5.2.6 HTTP/1.0" 200 95786 "-" "SiteLockSpider [en] (WinNT; I ;Nav)"
184.154.139.49 - - [10/Sep/2020:08:06:44 -0400] "GET /wp-content/plugins/edu-expression-pro/js/bootstrap.min.js?ver=5.2.6 HTTP/1.0" 200 36979 "-" "SiteLockSpider [en] (WinNT; I ;Nav)"
51.91.218.48 - - [10/Sep/2020:08:26:42 -0400] "GET /wp-includes/js/wp-emoji-release.min.js?ver=5.4.2 HTTP/1.0" 200 13901 "https://www.auriculotherapy.org/" "Mozilla/5.0 (compatible; Dataprovider.com)"
51.91.218.48 - - [10/Sep/2020:08:26:42 -0400] "GET /wp-content/plugins/smart-slider-3/library/media/smartslider.min.css?1584418967 HTTP/1.0" 200 19462 "https://www.auriculotherapy.org/" "Mozilla/5.0 (compatible; Dataprovider.com)"
51.91.218.48 - - [10/Sep/2020:08:26:43 -0400] "GET /wp-content/themes/Jingged/includes/images/footerbg.jpg HTTP/1.0" 200 24855 "https://www.auriculotherapy.org/wp-content/themes/Jingged/includes/css/bootstrap-wp.css?ver=5.4.2" "Mozilla/5.0 (compatible; Dataprovider.com)"
72.79.58.112 - - [10/Sep/2020:11:57:35 -0400] "GET / HTTP/1.0" 200 28727 "-" "panscient.com"
72.79.58.112 - - [10/Sep/2020:11:57:57 -0400] "GET /wp-content/plugins/smart-slider-3/nextend/media/dist/nextend-frontend.min.js?1584418970 HTTP/1.0" 200 77132 "-" "panscient.com"
72.79.58.112 - - [10/Sep/2020:11:57:59 -0400] "GET /application/ HTTP/1.0" 200 28597 "-" "panscient.com"
72.79.58.112 - - [10/Sep/2020:11:58:03 -0400] "GET /wp-includes/js/wp-embed.min.js?ver=5.4.2 HTTP/1.0" 200 1434 "-" "panscient.com"
72.79.58.112 - - [10/Sep/2020:11:58:30 -0400] "GET /wp-includes/js/jquery/jquery.js?ver=1.12.4-wp HTTP/1.0" 200 96873 "-" "panscient.com"
72.79.58.112 - - [10/Sep/2020:11:59:20 -0400] "GET /wp-content/plugins/edu-expression-pro/js/bootstrap-multiselect.js?ver=5.4.2 HTTP/1.0" 200 47918 "-" "panscient.com"
72.79.58.112 - - [10/Sep/2020:11:59:35 -0400] "GET /wp-content/plugins/edu-expression-pro/js/bootstrap.min.js?ver=5.4.2 HTTP/1.0" 200 36979 "-" "panscient.com"
72.79.58.112 - - [10/Sep/2020:12:00:13 -0400] "GET /login HTTP/1.0" 301 - "-" "panscient.com"
72.79.58.112 - - [10/Sep/2020:12:00:39 -0400] "GET /wp-includes/js/zxcvbn-async.min.js?ver=1.0 HTTP/1.0" 200 353 "-" "panscient.com"
72.79.58.112 - - [10/Sep/2020:12:00:46 -0400] "GET /wp-login.php HTTP/1.0" 200 6305 "-" "panscient.com"
72.79.58.112 - - [10/Sep/2020:12:00:50 -0400] "GET /wp-content/plugins/edu-expression-pro/js/custom.min.js?ver=5.4.2 HTTP/1.0" 200 663 "-" "panscient.com"
114.119.154.186 - - [10/Sep/2020:13:00:54 -0400] "GET /robots.txt HTTP/1.0" 200 67 "-" "(compatible;PetalBot;+http://aspiegel.com/petalbot)"
66.249.68.6 - - [10/Sep/2020:13:08:23 -0400] "GET / HTTP/1.0" 301 - "-" "Mozilla/5.0 (compatible; Googlebot/2.1; +http://www.google.com/bot.html)"
24.108.102.75 - - [10/Sep/2020:13:13:57 -0400] "GET /wp-content/themes/Jingged/includes/css/responsive-wp.css?ver=5.4.2 HTTP/1.0" 200 8178 "https://www.auriculotherapy.org/" "Mozilla/5.0 (Macintosh; Intel Mac OS X 10_13_6) AppleWebKit/605.1.15 (KHTML, like Gecko) Version/13.1.2 Safari/605.1.15"
24.108.102.75 - - [10/Sep/2020:13:13:57 -0400] "GET /wp-content/plugins/smart-slider-3/library/media/smartslider.min.css?1584418967 HTTP/1.0" 200 19462 "https://www.auriculotherapy.org/" "Mozilla/5.0 (Macintosh; Intel Mac OS X 10_13_6) AppleWebKit/605.1.15 (KHTML, like Gecko) Version/13.1.2 Safari/605.1.15"
24.108.102.75 - - [10/Sep/2020:13:13:57 -0400] "GET /wp-includes/css/dist/block-library/style.min.css?ver=5.4.2 HTTP/1.0" 200 53593 "https://www.auriculotherapy.org/" "Mozilla/5.0 (Macintosh; Intel Mac OS X 10_13_6) AppleWebKit/605.1.15 (KHTML, like Gecko) Version/13.1.2 Safari/605.1.15"
24.108.102.75 - - [10/Sep/2020:13:13:57 -0400] "GET /wp-includes/js/jquery/jquery-migrate.min.js?ver=1.4.1 HTTP/1.0" 200 10056 "https://www.auriculotherapy.org/" "Mozilla/5.0 (Macintosh; Intel Mac OS X 10_13_6) AppleWebKit/605.1.15 (KHTML, like Gecko) Version/13.1.2 Safari/605.1.15"
24.108.102.75 - - [10/Sep/2020:13:14:00 -0400] "GET /favicon.ico HTTP/1.0" 302 - "https://www.auriculotherapy.org/" "Mozilla/5.0 (Macintosh; Intel Mac OS X 10_13_6) AppleWebKit/605.1.15 (KHTML, like Gecko) Version/13.1.2 Safari/605.1.15"
66.249.68.11 - - [10/Sep/2020:13:19:17 -0400] "GET / HTTP/1.0" 301 - "-" "Mozilla/5.0 (compatible; Googlebot/2.1; +http://www.google.com/bot.html)"
51.210.177.187 - - [10/Sep/2020:13:27:18 -0400] "GET /wp-admin/ HTTP/1.0" 302 - "http://auriculotherapy.org/" "Mozilla/5.0 (Windows NT 10.0; Win64; x64) AppleWebKit/537.36 (KHTML, like Gecko) Chrome/78.0.3904.97 Safari/537.36"
34.244.98.129 - - [10/Sep/2020:14:21:45 -0400] "GET /application/ HTTP/1.0" 200 28574 "-" "Mozilla/5.0 (Windows NT 6.2; WOW64)"
99.203.79.229 - - [10/Sep/2020:14:53:24 -0400] "GET /wp-content/plugins/smart-slider-3/library/media/smartslider.min.css?1584418967 HTTP/1.0" 200 19462 "https://www.auriculotherapy.org/" "Mozilla/5.0 (Linux; Android 9; SM-G950U) AppleWebKit/537.36 (KHTML, like Gecko) Chrome/85.0.4183.81 Mobile Safari/537.36"
99.203.79.229 - - [10/Sep/2020:14:53:24 -0400] "GET /wp-content/uploads/2019/03/ear-1.jpg HTTP/1.0" 200 90265 "https://www.auriculotherapy.org/" "Mozilla/5.0 (Linux; Android 9; SM-G950U) AppleWebKit/537.36 (KHTML, like Gecko) Chrome/85.0.4183.81 Mobile Safari/537.36"
99.203.79.229 - - [10/Sep/2020:14:53:25 -0400] "GET /favicon.ico HTTP/1.0" 302 - "https://www.auriculotherapy.org/" "Mozilla/5.0 (Linux; Android 9; SM-G950U) AppleWebKit/537.36 (KHTML, like Gecko) Chrome/85.0.4183.81 Mobile Safari/537.36"
99.203.79.229 - - [10/Sep/2020:14:54:13 -0400] "GET /calendar-of-events/ HTTP/1.0" 200 20097 "https://www.auriculotherapy.org/" "Mozilla/5.0 (Linux; Android 9; SM-G950U) AppleWebKit/537.36 (KHTML, like Gecko) Chrome/85.0.4183.81 Mobile Safari/537.36"
104.191.3.130 - - [10/Sep/2020:16:08:17 -0400] "GET /directory/ HTTP/1.0" 200 24058 "https://www.bing.com/" "Mozilla/5.0 (Windows NT 10.0; Win64; x64) AppleWebKit/537.36 (KHTML, like Gecko) Chrome/85.0.4183.83 Safari/537.36 Edg/85.0.564.44"
104.191.3.130 - - [10/Sep/2020:16:08:21 -0400] "GET /wp-content/themes/Jingged/style.css?ver=5.4.2 HTTP/1.0" 200 7370 "https://www.auriculotherapy.org/directory/" "Mozilla/5.0 (Windows NT 10.0; Win64; x64) AppleWebKit/537.36 (KHTML, like Gecko) Chrome/85.0.4183.83 Safari/537.36 Edg/85.0.564.44"
104.191.3.130 - - [10/Sep/2020:16:08:21 -0400] "GET /wp-content/themes/Jingged/includes/css/bootstrap-wp.css?ver=5.4.2 HTTP/1.0" 200 21977 "https://www.auriculotherapy.org/directory/" "Mozilla/5.0 (Windows NT 10.0; Win64; x64) AppleWebKit/537.36 (KHTML, like Gecko) Chrome/85.0.4183.83 Safari/537.36 Edg/85.0.564.44"
104.191.3.130 - - [10/Sep/2020:16:08:21 -0400] "GET /wp-content/themes/Jingged/includes/images/footerbg.jpg HTTP/1.0" 200 24855 "https://www.auriculotherapy.org/wp-content/themes/Jingged/includes/css/bootstrap-wp.css?ver=5.4.2" "Mozilla/5.0 (Windows NT 10.0; Win64; x64) AppleWebKit/537.36 (KHTML, like Gecko) Chrome/85.0.4183.83 Safari/537.36 Edg/85.0.564.44"
104.191.3.130 - - [10/Sep/2020:16:08:52 -0400] "POST /wp-admin/admin-ajax.php HTTP/1.0" 200 1645 "https://www.auriculotherapy.org/directory/" "Mozilla/5.0 (Windows NT 10.0; Win64; x64) AppleWebKit/537.36 (KHTML, like Gecko) Chrome/85.0.4183.83 Safari/537.36 Edg/85.0.564.44"
104.191.3.130 - - [10/Sep/2020:16:10:11 -0400] "POST /wp-admin/admin-ajax.php HTTP/1.0" 500 - "https://www.auriculotherapy.org/directory/" "Mozilla/5.0 (Windows NT 10.0; Win64; x64) AppleWebKit/537.36 (KHTML, like Gecko) Chrome/85.0.4183.83 Safari/537.36 Edg/85.0.564.44"
10.30.94.78 - - [10/Sep/2020:16:55:37 -0400] "POST /wp-cron.php?doing_wp_cron=1599771336.3167350292205810546875 HTTP/1.0" 200 - "https://www.auriculotherapy.org/wp-cron.php?doing_wp_cron=1599771336.3167350292205810546875" "WordPress/5.4.2; https://www.auriculotherapy.org"
114.119.133.91 - - [10/Sep/2020:17:01:41 -0400] "GET /blog/ HTTP/1.0" 200 18964 "-" "Mozilla/5.0 (Linux; Android 7.0;) AppleWebKit/537.36 (KHTML, like Gecko) Mobile Safari/537.36 (compatible; PetalBot;+http://aspiegel.com/petalbot)"
64.140.134.192 - - [10/Sep/2020:17:51:25 -0400] "GET /aci-board HTTP/1.0" 301 - "-" "Dispatch/0.14.0-SNAPSHOT"
207.46.13.74 - - [10/Sep/2020:18:52:12 -0400] "GET /wp-content/themes/Jingged/includes/resources/bootstrap/js/bootstrap.min.js?ver=5.4.2 HTTP/1.0" 200 36868 "-" "Mozilla/5.0 (compatible; bingbot/2.0; +http://www.bing.com/bingbot.htm)"
119.45.6.53 - - [10/Sep/2020:19:01:00 -0400] "GET /wp-login.php HTTP/1.0" 200 6305 "-" "Mozilla/5.0 (Windows NT 6.1; WOW64; rv:45.0) Gecko/20100101 Firefox/45.0"
17.58.96.228 - - [10/Sep/2020:19:23:23 -0400] "GET /directory/ HTTP/1.0" 200 24058 "-" "Mozilla/5.0 (Macintosh; Intel Mac OS X 10_15_5) AppleWebKit/605.1.15 (KHTML, like Gecko) Version/13.1.1 Safari/605.1.15 (Applebot/0.1; +http://www.apple.com/go/applebot)"
40.77.188.5 - - [10/Sep/2020:19:53:11 -0400] "GET /wp-content/themes/Jingged/includes/js/register.js HTTP/1.0" 200 7278 "-" "Mozilla/5.0 (Windows NT 6.1; WOW64) AppleWebKit/534+ (KHTML, like Gecko) BingPreview/1.0b"
40.77.188.86 - - [10/Sep/2020:19:53:11 -0400] "GET /wp-content/themes/Jingged/includes/fonts/fontawesome-webfont.woff?v=4.2.0 HTTP/1.0" 200 65452 "-" "Mozilla/5.0 (Windows NT 6.1; WOW64) AppleWebKit/534+ (KHTML, like Gecko) BingPreview/1.0b"
77.88.5.214 - - [10/Sep/2020:20:39:24 -0400] "GET /robots.txt HTTP/1.0" 200 67 "-" "Mozilla/5.0 (compatible; YandexBot/3.0; +http://yandex.com/bots)"
40.77.190.94 - - [10/Sep/2020:21:04:47 -0400] "GET /wp-content/plugins/smart-slider-3/nextend/media/dist/n2.min.js?1584418970 HTTP/1.0" 200 3495 "-" "Mozilla/5.0 (Windows NT 6.1; WOW64) AppleWebKit/534+ (KHTML, like Gecko) BingPreview/1.0b"
46.229.173.67 - - [10/Sep/2020:21:12:15 -0400] "GET / HTTP/1.0" 301 - "-" "Mozilla/5.0 (compatible; Googlebot/2.1; +http://www.google.com/bot.html)"
173.231.59.213 - - [10/Sep/2020:22:40:44 -0400] "GET /robots.txt HTTP/1.0" 200 67 "-" "Mozilla/5.0 (compatible; Adsbot/3.1)"
149.100.187.163 - - [10/Sep/2020:22:59:35 -0400] "GET / HTTP/1.0" 200 28727 "-" "Dispatch/0.14.0-SNAPSHOT"
66.249.68.28 - - [10/Sep/2020:23:26:47 -0400] "GET /wp-content/uploads/2019/03/banner.png HTTP/1.0" 200 105389 "-" "Googlebot-Image/1.0"
173.231.59.213 - - [10/Sep/2020:23:45:31 -0400] "GET /application/ HTTP/1.0" 200 28597 "https://www.auriculotherapy.org/" "Mozilla/5.0 (compatible; Adsbot/3.1)"
85.208.22.181 - - [10/Sep/2020:23:51:20 -0400] "GET / HTTP/1.0" 200 28727 "http://auriculotherapy.org" "CATExplorador/1.0beta (sistemes at domini dot cat; http://domini.cat/catexplorador.html)"
176.31.252.167 - - [10/Sep/2020:00:26:31 -0400] "GET /?s=.&author=1&feed=rss2 HTTP/1.0" 200 74487 "-" "Mozilla/4.0 (compatible; MSIE 6.0; Windows NT 5.1; SV1)"
95.216.96.243 - - [10/Sep/2020:00:33:54 -0400] "GET /?p=6 HTTP/1.0" 301 - "https://www.auriculotherapy.org/login/" "Mozilla/5.0 (compatible; SEOkicks; +https://www.seokicks.de/robot.html)"
95.216.96.243 - - [10/Sep/2020:00:34:15 -0400] "GET /?p=458 HTTP/1.0" 301 - "https://www.auriculotherapy.org/the-auriculotherapy-certification-institute/" "Mozilla/5.0 (compatible; SEOkicks; +https://www.seokicks.de/robot.html)"
10.30.94.78 - - [10/Sep/2020:00:57:12 -0400] "POST /wp-cron.php?doing_wp_cron=1599713831.8904819488525390625000 HTTP/1.0" 200 - "http://www.auriculotherapy.org/wp-cron.php?doing_wp_cron=1599713831.8904819488525390625000" "WordPress/5.4.2; https://www.auriculotherapy.org"
66.249.66.74 - - [10/Sep/2020:01:08:08 -0400] "GET /robots.txt HTTP/1.0" 200 67 "-" "Mozilla/5.0 (compatible; Googlebot/2.1; +http://www.google.com/bot.html)"
66.249.79.108 - - [10/Sep/2020:04:06:26 -0400] "GET / HTTP/1.0" 200 28727 "-" "Mozilla/5.0 (Linux; Android 6.0.1; Nexus 5X Build/MMB29P) AppleWebKit/537.36 (KHTML, like Gecko) Chrome/80.0.3987.92 Mobile Safari/537.36 (compatible; Googlebot/2.1; +http://www.google.com/bot.html)"
149.100.187.98 - - [10/Sep/2020:04:47:26 -0400] "GET /calendar-of-events HTTP/1.0" 301 - "-" "Dispatch/0.14.0-SNAPSHOT"
209.99.163.18 - - [10/Sep/2020:05:07:14 -0400] "GET /aci-board/ HTTP/1.0" 200 33763 "-" "Dispatch/0.14.0-SNAPSHOT"
40.77.167.84 - - [10/Sep/2020:06:37:10 -0400] "GET /cgi-bin/states/states.pl?command=details&id=92 HTTP/1.0" 404 575 "-" "Mozilla/5.0 (compatible; bingbot/2.0; +http://www.bing.com/bingbot.htm)"
34.73.12.2 - - [10/Sep/2020:07:14:11 -0400] "GET /sample-page/feed/ HTTP/1.0" 200 775 "-" "ZoominfoBot (zoominfobot at zoominfo dot com)"
34.73.12.2 - - [10/Sep/2020:07:25:39 -0400] "GET /aci-board/ HTTP/1.0" 200 33763 "-" "ZoominfoBot (zoominfobot at zoominfo dot com)"
51.222.43.147 - - [10/Sep/2020:07:30:18 -0400] "GET /sitemap.xml HTTP/1.0" 404 15977 "-" "Mozilla/5.0 (compatible; Dataprovider.com)"
51.222.43.147 - - [10/Sep/2020:07:30:25 -0400] "GET /links/ HTTP/1.0" 200 16758 "-" "Mozilla/5.0 (compatible; Dataprovider.com)"
51.222.43.147 - - [10/Sep/2020:07:30:36 -0400] "GET /certification-course-online/ HTTP/1.0" 200 15402 "-" "Mozilla/5.0 (compatible; Dataprovider.com)"
184.154.139.49 - - [10/Sep/2020:08:04:15 -0400] "GET /robots.txt HTTP/1.0" 200 67 "-" "SiteLockSpider [en] (WinNT; I ;Nav)"
184.154.139.49 - - [10/Sep/2020:08:04:37 -0400] "GET /login HTTP/1.0" 301 - "-" "SiteLockSpider [en] (WinNT; I ;Nav)"
184.154.139.49 - - [10/Sep/2020:08:04:47 -0400] "GET /the-auriculotherapy-certification-institute/ HTTP/1.0" 200 20527 "http://www.google.com/url?url=www.auriculotherapy.org&yahoo.com" "Mozilla/5.0 (compatible; MSIE 9.0; Windows NT 6.1; WOW64; Trident/6.0)"
184.154.139.49 - - [10/Sep/2020:08:04:54 -0400] "GET /category/uncategorized/ HTTP/1.0" 200 18906 "http://www.google.com/url?url=www.auriculotherapy.org&yahoo.com" "Mozilla/5.0 (compatible; MSIE 9.0; Windows NT 6.1; WOW64; Trident/6.0)"
184.154.139.49 - - [10/Sep/2020:08:05:01 -0400] "GET /wp-admin/css/login.min.css?ver=5.4.2 HTTP/1.0" 200 5312 "-" "SiteLockSpider [en] (WinNT; I ;Nav)"
184.154.139.49 - - [10/Sep/2020:08:05:14 -0400] "GET /wp-includes/css/dist/block-library/style.min.css?ver=5.4.2 HTTP/1.0" 200 53593 "http://www.google.com/url?url=www.auriculotherapy.org&yahoo.com" "Mozilla/5.0 (compatible; MSIE 9.0; Windows NT 6.1; WOW64; Trident/6.0)"
184.154.139.49 - - [10/Sep/2020:08:05:14 -0400] "GET /wp-content/plugins/edu-expression-pro/js/custom.min.js?ver=5.4.2 HTTP/1.0" 200 663 "-" "SiteLockSpider [en] (WinNT; I ;Nav)"
184.154.139.49 - - [10/Sep/2020:08:05:15 -0400] "GET /wp-content/plugins/edu-expression-pro/css/bootstrap-multiselect.css?ver=5.4.2 HTTP/1.0" 200 758 "-" "SiteLockSpider [en] (WinNT; I ;Nav)"
184.154.139.49 - - [10/Sep/2020:08:05:35 -0400] "GET /wp-content/plugins/smart-slider-3/library/media/dist/smartslider-frontend.min.js?1584418967 HTTP/1.0" 200 132744 "http://www.google.com/url?url=www.auriculotherapy.org&yahoo.com" "Mozilla/5.0 (compatible; MSIE 9.0; Windows NT 6.1; WOW64; Trident/6.0)"
184.154.139.49 - - [10/Sep/2020:08:05:41 -0400] "GET /wp-content/themes/Jingged/includes/resources/bootstrap/js/bootstrap.min.js?ver=5.4.2 HTTP/1.0" 200 36868 "http://www.google.com/url?url=www.auriculotherapy.org&yahoo.com" "Mozilla/5.0 (compatible; MSIE 9.0; Windows NT 6.1; WOW64; Trident/6.0)"
184.154.139.49 - - [10/Sep/2020:08:05:50 -0400] "GET /?p=458 HTTP/1.0" 301 - "-" "SiteLockSpider [en] (WinNT; I ;Nav)"
184.154.139.49 - - [10/Sep/2020:08:05:52 -0400] "GET /wp-login.php?action=lostpassword HTTP/1.0" 200 3979 "-" "SiteLockSpider [en] (WinNT; I ;Nav)"
184.154.139.49 - - [10/Sep/2020:08:06:10 -0400] "GET /?p=46 HTTP/1.0" 301 - "-" "SiteLockSpider [en] (WinNT; I ;Nav)"
184.154.139.49 - - [10/Sep/2020:08:06:14 -0400] "GET /wp-json/oembed/1.0/embed?url=https%3A%2F%2Fwww.auriculotherapy.org%2Flinks%2F HTTP/1.0" 200 2352 "-" "SiteLockSpider [en] (WinNT; I ;Nav)"
184.154.139.49 - - [10/Sep/2020:08:06:25 -0400] "GET /wp-includes/js/wp-embed.min.js?ver=5.4.2 HTTP/1.0" 200 1434 "-" "SiteLockSpider [en] (WinNT; I ;Nav)"
184.154.139.49 - - [10/Sep/2020:08:06:25 -0400] "GET /wp-includes/js/jquery/jquery.js?ver=1.12.4-wp HTTP/1.0" 200 96873 "http://www.google.com/url?url=www.auriculotherapy.org&yahoo.com" "Mozilla/5.0 (compatible; MSIE 9.0; Windows NT 6.1; WOW64; Trident/6.0)"
184.154.139.49 - - [10/Sep/2020:08:06:26 -0400] "GET /a HTTP/1.0" 301 - "-" "SiteLockSpider [en] (WinNT; I ;Nav)"
184.154.139.49 - - [10/Sep/2020:08:06:26 -0400] "GET /wp-content/themes/Jingged/includes/js/skip-link-focus-fix.js?ver=20130115 HTTP/1.0" 200 831 "-" "SiteLockSpider [en] (WinNT; I ;Nav)"
184.154.139.49 - - [10/Sep/2020:08:06:29 -0400] "GET /search/1/feed/rss2/www.mednet.ucla.edu HTTP/1.0" 200 16357 "-" "SiteLockSpider [en] (WinNT; I ;Nav)"
184.154.139.49 - - [10/Sep/2020:08:06:32 -0400] "GET /search/1/feed/rss2/www.heliomed.com HTTP/1.0" 200 16342 "-" "SiteLockSpider [en] (WinNT; I ;Nav)"
184.154.139.49 - - [10/Sep/2020:08:06:35 -0400] "GET /search/1/feed/rss2/www.LhasaOMS.com HTTP/1.0" 200 16342 "-" "SiteLockSpider [en] (WinNT; I ;Nav)"
184.154.139.49 - - [10/Sep/2020:08:06:43 -0400] "GET /wp-admin/js/password-strength-meter.min.js?ver=5.4.1 HTTP/1.0" 200 766 "-" "SiteLockSpider [en] (WinNT; I ;Nav)"
184.154.139.49 - - [10/Sep/2020:08:06:43 -0400] "GET /wp-includes/js/wp-emoji-release.min.js?ver=5.2.5 HTTP/1.0" 200 13901 "-" "SiteLockSpider [en] (WinNT; I ;Nav)"
51.91.218.48 - - [10/Sep/2020:08:26:42 -0400] "GET /wp-includes/css/dist/block-library/style.min.css?ver=5.4.2 HTTP/1.0" 200 53593 "https://www.auriculotherapy.org/" "Mozilla/5.0 (compatible; Dataprovider.com)"
51.91.218.48 - - [10/Sep/2020:08:26:42 -0400] "GET /wp-content/themes/Jingged/includes/css/font-awesome.min.css?ver=4.1.0 HTTP/1.0" 200 21984 "https://www.auriculotherapy.org/" "Mozilla/5.0 (compatible; Dataprovider.com)"
34.244.98.129 - - [10/Sep/2020:08:57:02 -0400] "GET /aci-board/ HTTP/1.0" 200 33743 "-" "Mozilla/5.0 (Windows NT 6.2; WOW64)"
114.119.131.245 - - [10/Sep/2020:09:10:06 -0400] "GET /directory/ HTTP/1.0" 200 24058 "-" "Mozilla/5.0 (Linux; Android 7.0;) AppleWebKit/537.36 (KHTML, like Gecko) Mobile Safari/537.36 (compatible; PetalBot;+http://aspiegel.com/petalbot)"
72.79.58.112 - - [10/Sep/2020:11:57:52 -0400] "GET /wp-content/plugins/smart-slider-3/nextend/media/dist/n2.min.js?1584418970 HTTP/1.0" 200 3495 "-" "panscient.com"
72.79.58.112 - - [10/Sep/2020:11:58:38 -0400] "GET /category/uncategorized/ HTTP/1.0" 200 18906 "-" "panscient.com"
72.79.58.112 - - [10/Sep/2020:12:00:10 -0400] "GET /wp-content/plugins/smart-slider-3/nextend/media/dist/nextend-frontend.min.js?1584418970 HTTP/1.0" 200 77132 "-" "panscient.com"
72.79.58.112 - - [10/Sep/2020:12:00:43 -0400] "GET /wp-content/plugins/edu-expression-pro/js/bootstrap-multiselect.js?ver=5.4.2 HTTP/1.0" 200 47918 "-" "panscient.com"
72.79.58.112 - - [10/Sep/2020:12:00:51 -0400] "GET /wp-includes/js/wp-util.min.js?ver=5.4.2 HTTP/1.0" 200 1079 "-" "panscient.com"
66.249.79.108 - - [10/Sep/2020:13:08:04 -0400] "GET /wp-content/themes/Jingged/includes/js/bootstrap-wp.js?ver=5.4.2 HTTP/1.0" 200 1514 "https://www.auriculotherapy.org/" "Mozilla/5.0 AppleWebKit/537.36 (KHTML, like Gecko; compatible; Googlebot/2.1; +http://www.google.com/bot.html) Chrome/85.0.4183.105 Safari/537.36"
24.108.102.75 - - [10/Sep/2020:13:13:56 -0400] "GET /wp-content/themes/Jingged/includes/css/font-awesome.min.css?ver=4.1.0 HTTP/1.0" 200 21984 "https://www.auriculotherapy.org/" "Mozilla/5.0 (Macintosh; Intel Mac OS X 10_13_6) AppleWebKit/605.1.15 (KHTML, like Gecko) Version/13.1.2 Safari/605.1.15"
24.108.102.75 - - [10/Sep/2020:13:13:56 -0400] "GET /wp-includes/js/wp-emoji-release.min.js?ver=5.4.2 HTTP/1.0" 200 13901 "https://www.auriculotherapy.org/" "Mozilla/5.0 (Macintosh; Intel Mac OS X 10_13_6) AppleWebKit/605.1.15 (KHTML, like Gecko) Version/13.1.2 Safari/605.1.15"
51.210.177.187 - - [10/Sep/2020:13:27:23 -0400] "GET /wp-login.php?redirect_to=https%3A%2F%2Fauriculotherapy.org%2Fwp-admin%2F&reauth=1 HTTP/1.0" 200 6301 "http://auriculotherapy.org/" "Mozilla/5.0 (Windows NT 10.0; Win64; x64) AppleWebKit/537.36 (KHTML, like Gecko) Chrome/78.0.3904.97 Safari/537.36"
114.119.136.199 - - [10/Sep/2020:14:18:25 -0400] "GET /robots.txt HTTP/1.0" 200 67 "-" "(compatible;PetalBot;+http://aspiegel.com/petalbot)"
114.119.146.241 - - [10/Sep/2020:15:08:26 -0400] "GET /wp-login.php?redirect_to=https%3A%2F%2Fwww.auriculotherapy.org%2Fhello-world%2F HTTP/1.0" 200 6308 "-" "Mozilla/5.0 (Linux; Android 7.0;) AppleWebKit/537.36 (KHTML, like Gecko) Mobile Safari/537.36 (compatible; PetalBot;+http://aspiegel.com/petalbot)"
114.119.152.97 - - [10/Sep/2020:15:45:27 -0400] "GET / HTTP/1.0" 200 28727 "-" "Mozilla/5.0 (Linux; Android 7.0;) AppleWebKit/537.36 (KHTML, like Gecko) Mobile Safari/537.36 (compatible; PetalBot;+http://aspiegel.com/petalbot)"
104.191.3.130 - - [10/Sep/2020:16:08:20 -0400] "GET /wp-content/themes/Jingged/includes/fonts/fontawesome-webfont.woff?v=4.2.0 HTTP/1.0" 200 65452 "https://www.auriculotherapy.org/wp-content/themes/Jingged/includes/css/font-awesome.min.css?ver=4.1.0" "Mozilla/5.0 (Windows NT 10.0; Win64; x64) AppleWebKit/537.36 (KHTML, like Gecko) Chrome/85.0.4183.83 Safari/537.36 Edg/85.0.564.44"
35.243.167.192 - - [10/Sep/2020:17:46:21 -0400] "GET /xmlrpc.php HTTP/1.0" 405 42 "-" "ZoominfoBot (zoominfobot at zoominfo dot com)"
64.140.136.193 - - [10/Sep/2020:17:55:45 -0400] "GET /application HTTP/1.0" 301 - "-" "Dispatch/0.14.0-SNAPSHOT"
207.46.13.227 - - [10/Sep/2020:18:52:14 -0400] "GET /robots.txt HTTP/1.0" 200 67 "-" "Mozilla/5.0 (compatible; bingbot/2.0; +http://www.bing.com/bingbot.htm)"
34.244.98.129 - - [10/Sep/2020:19:14:10 -0400] "GET /links/ HTTP/1.0" 200 16738 "-" "Mozilla/5.0 (Windows NT 6.2; WOW64)"
40.77.189.127 - - [10/Sep/2020:19:53:08 -0400] "GET /wp-includes/css/dist/block-library/style.min.css?ver=5.4.2 HTTP/1.0" 200 53593 "-" "Mozilla/5.0 (Windows NT 6.1; WOW64) AppleWebKit/534+ (KHTML, like Gecko) BingPreview/1.0b"
40.77.189.195 - - [10/Sep/2020:19:53:09 -0400] "GET /wp-content/themes/Jingged/includes/css/jquery-ui.css HTTP/1.0" 200 35997 "-" "Mozilla/5.0 (Windows NT 6.1; WOW64) AppleWebKit/534+ (KHTML, like Gecko) BingPreview/1.0b"
207.46.13.220 - - [10/Sep/2020:23:19:33 -0400] "GET /robots.txt HTTP/1.0" 200 67 "-" "Mozilla/5.0 (compatible; bingbot/2.0; +http://www.bing.com/bingbot.htm)"
173.231.59.213 - - [10/Sep/2020:23:33:45 -0400] "GET /links/ HTTP/1.0" 200 16758 "https://www.auriculotherapy.org/" "Mozilla/5.0 (compatible; Adsbot/3.1)"
10.30.94.78 - - [10/Sep/2020:23:39:20 -0400] "POST /wp-cron.php?doing_wp_cron=1599795562.0694749355316162109375 HTTP/1.0" 200 - "https://www.auriculotherapy.org/wp-cron.php?doing_wp_cron=1599795562.0694749355316162109375" "WordPress/5.4.2; https://www.auriculotherapy.org"
85.208.22.181 - - [10/Sep/2020:23:51:09 -0400] "GET / HTTP/1.0" 301 - "-" "CATExplorador/1.0beta (sistemes at domini dot cat; http://domini.cat/catexplorador.html)"
85.208.22.181 - - [10/Sep/2020:23:51:17 -0400] "GET / HTTP/1.0" 200 28727 "-" "CATExplorador/1.0beta (sistemes at domini dot cat; http://domini.cat/catexplorador.html)"
10.30.94.78 - - [10/Sep/2020:23:52:51 -0400] "POST /wp-cron.php?doing_wp_cron=1599796373.5540699958801269531250 HTTP/1.0" 200 - "https://www.auriculotherapy.org/wp-cron.php?doing_wp_cron=1599796373.5540699958801269531250" "WordPress/5.4.2; https://www.auriculotherapy.org"
176.31.252.167 - - [10/Sep/2020:00:26:31 -0400] "GET /?author=1 HTTP/1.0" 301 - "-" "Mozilla/4.0 (compatible; MSIE 6.0; Windows NT 5.1; SV1)"
207.46.13.74 - - [10/Sep/2020:00:57:09 -0400] "GET /The%20ACI%20Board%20of%20Directors_files/The%20ACI%20Board%20of%20Directors.html HTTP/1.0" 404 15957 "-" "Mozilla/5.0 (compatible; bingbot/2.0; +http://www.bing.com/bingbot.htm)"
40.77.167.212 - - [10/Sep/2020:00:58:13 -0400] "GET /contact-us/ HTTP/1.0" 200 16077 "-" "Mozilla/5.0 (compatible; bingbot/2.0; +http://www.bing.com/bingbot.htm)"
66.249.66.92 - - [10/Sep/2020:01:08:15 -0400] "GET /ads.txt HTTP/1.0" 404 15957 "-" "Mozilla/5.0 (compatible; Googlebot/2.1; +http://www.google.com/bot.html)"
38.96.28.44 - - [10/Sep/2020:05:21:09 -0400] "GET /certification-course-online HTTP/1.0" 301 - "-" "Dispatch/0.14.0-SNAPSHOT"
10.30.94.78 - - [10/Sep/2020:06:52:09 -0400] "POST /wp-cron.php?doing_wp_cron=1599735128.9088099002838134765625 HTTP/1.0" 200 - "http://www.auriculotherapy.org/wp-cron.php?doing_wp_cron=1599735128.9088099002838134765625" "WordPress/5.4.2; https://www.auriculotherapy.org"
34.73.12.2 - - [10/Sep/2020:06:56:23 -0400] "GET /feed/ HTTP/1.0" 200 5328 "-" "ZoominfoBot (zoominfobot at zoominfo dot com)"
51.222.43.147 - - [10/Sep/2020:07:30:12 -0400] "GET / HTTP/1.0" 200 28727 "-" "Mozilla/5.0 (compatible; Dataprovider.com)"
51.222.43.147 - - [10/Sep/2020:07:30:30 -0400] "GET /aci-board/ HTTP/1.0" 200 33763 "-" "Mozilla/5.0 (compatible; Dataprovider.com)"
51.222.43.147 - - [10/Sep/2020:07:30:41 -0400] "GET / HTTP/1.0" 200 28727 "-" "Mozilla/5.0 (Linux; Android 5.1.1; SM-G925F Build/LMY47X) AppleWebKit/537.36 (KHTML, like Gecko) Chrome/45.0.2454.94 Mobile Safari/537.36"
10.30.94.78 - - [10/Sep/2020:08:04:17 -0400] "POST /wp-cron.php?doing_wp_cron=1599739457.4832940101623535156250 HTTP/1.0" 200 - "http://www.auriculotherapy.org/wp-cron.php?doing_wp_cron=1599739457.4832940101623535156250" "WordPress/5.4.2; https://www.auriculotherapy.org"
184.154.139.49 - - [10/Sep/2020:08:04:39 -0400] "GET /blog/ HTTP/1.0" 200 18964 "http://www.google.com/url?url=www.auriculotherapy.org&yahoo.com" "Mozilla/5.0 (compatible; MSIE 9.0; Windows NT 6.1; WOW64; Trident/6.0)"
184.154.139.49 - - [10/Sep/2020:08:04:57 -0400] "GET /wp-includes/css/dashicons.min.css?ver=5.4.2 HTTP/1.0" 200 47558 "http://www.google.com/url?url=www.auriculotherapy.org&yahoo.com" "Mozilla/5.0 (compatible; MSIE 9.0; Windows NT 6.1; WOW64; Trident/6.0)"
184.154.139.49 - - [10/Sep/2020:08:05:05 -0400] "GET /wp-json/oembed/1.0/embed?url=https%3A%2F%2Fwww.auriculotherapy.org%2Flogin%2F HTTP/1.0" 200 2352 "http://www.google.com/url?url=www.auriculotherapy.org&yahoo.com" "Mozilla/5.0 (compatible; MSIE 9.0; Windows NT 6.1; WOW64; Trident/6.0)"
184.154.139.49 - - [10/Sep/2020:08:05:06 -0400] "GET /wp-json/oembed/1.0/embed?url=https%3A%2F%2Fwww.auriculotherapy.org%2Faci-board%2F&format=xml HTTP/1.0" 200 2464 "-" "SiteLockSpider [en] (WinNT; I ;Nav)"
184.154.139.49 - - [10/Sep/2020:08:05:14 -0400] "GET /wp-content/plugins/edu-expression-pro/js/jquery-1.11.1.min.js?ver=5.4.2 HTTP/1.0" 200 95786 "http://www.google.com/url?url=www.auriculotherapy.org&yahoo.com" "Mozilla/5.0 (compatible; MSIE 9.0; Windows NT 6.1; WOW64; Trident/6.0)"
184.154.139.49 - - [10/Sep/2020:08:05:18 -0400] "GET /wp-content/plugins/edu-expression-pro/js/bootstrap.min.js?ver=5.4.2 HTTP/1.0" 200 36979 "-" "SiteLockSpider [en] (WinNT; I ;Nav)"
184.154.139.49 - - [10/Sep/2020:08:05:20 -0400] "GET /wp-content/themes/Jingged/includes/js/register.js HTTP/1.0" 200 7278 "http://www.google.com/url?url=www.auriculotherapy.org&yahoo.com" "Mozilla/5.0 (compatible; MSIE 9.0; Windows NT 6.1; WOW64; Trident/6.0)"
184.154.139.49 - - [10/Sep/2020:08:05:21 -0400] "GET /wp-content/themes/Jingged/includes/js/skip-link-focus-fix.js?ver=20130115 HTTP/1.0" 200 831 "-" "SiteLockSpider [en] (WinNT; I ;Nav)"
184.154.139.49 - - [10/Sep/2020:08:05:22 -0400] "GET /wp-content/themes/Jingged/includes/js/jquery-ui.js HTTP/1.0" 200 520714 "-" "SiteLockSpider [en] (WinNT; I ;Nav)"
184.154.139.49 - - [10/Sep/2020:08:05:35 -0400] "GET /wp-content/themes/Jingged/includes/css/responsive-wp.css?ver=5.4.2 HTTP/1.0" 200 8178 "-" "SiteLockSpider [en] (WinNT; I ;Nav)"
184.154.139.49 - - [10/Sep/2020:08:05:41 -0400] "GET /wp-json/oembed/1.0/%5C%22https:%5C/%5C/www.auriculotherapy.org%5C/login%5C/%5C%22 HTTP/1.0" 404 113 "http://www.google.com/url?url=www.auriculotherapy.org&yahoo.com" "Mozilla/5.0 (compatible; MSIE 9.0; Windows NT 6.1; WOW64; Trident/6.0)"
184.154.139.49 - - [10/Sep/2020:08:05:56 -0400] "GET /wp-json/oembed/1.0/embed?url=https%3A%2F%2Fwww.auriculotherapy.org%2Freset-password%2F HTTP/1.0" 200 2397 "-" "SiteLockSpider [en] (WinNT; I ;Nav)"
184.154.139.49 - - [10/Sep/2020:08:06:05 -0400] "GET /wp-json/oembed/1.0/embed?url=https%3A%2F%2Fwww.auriculotherapy.org%2Fcourse-study%2F&format=xml HTTP/1.0" 200 2467 "-" "SiteLockSpider [en] (WinNT; I ;Nav)"
184.154.139.49 - - [10/Sep/2020:08:06:07 -0400] "GET /?p=145 HTTP/1.0" 301 - "-" "SiteLockSpider [en] (WinNT; I ;Nav)"
184.154.139.49 - - [10/Sep/2020:08:06:11 -0400] "GET /wp-json/oembed/1.0/embed?url=https%3A%2F%2Fwww.auriculotherapy.org%2Fcalendar-of-events-bk%2F HTTP/1.0" 200 2432 "-" "SiteLockSpider [en] (WinNT; I ;Nav)"
184.154.139.49 - - [10/Sep/2020:08:06:20 -0400] "GET /wp-json/oembed/1.0/embed?url=https%3A%2F%2Fwww.auriculotherapy.org%2Fforms%2F&format=xml HTTP/1.0" 200 2471 "-" "SiteLockSpider [en] (WinNT; I ;Nav)"
184.154.139.49 - - [10/Sep/2020:08:06:30 -0400] "GET /search/1/feed/rss2/www.mednet.ucla.edu/feed/rss2/ HTTP/1.0" 200 1034 "http://www.google.com/url?url=www.auriculotherapy.org&yahoo.com" "Mozilla/5.0 (compatible; MSIE 9.0; Windows NT 6.1; WOW64; Trident/6.0)"
184.154.139.49 - - [10/Sep/2020:08:06:36 -0400] "GET /search/1/feed/rss2/www.heliomed.com/feed/rss2/ HTTP/1.0" 200 1028 "http://www.google.com/url?url=www.auriculotherapy.org&yahoo.com" "Mozilla/5.0 (compatible; MSIE 9.0; Windows NT 6.1; WOW64; Trident/6.0)"
184.154.139.49 - - [10/Sep/2020:08:06:42 -0400] "GET /wp-content/plugins/smart-slider-3/nextend/media/dist/nextend-frontend.min.js?1574743524 HTTP/1.0" 200 77132 "-" "SiteLockSpider [en] (WinNT; I ;Nav)"
184.154.139.49 - - [10/Sep/2020:08:06:42 -0400] "GET /wp-content/plugins/smart-slider-3/nextend/media/dist/n2.min.js?1574743524 HTTP/1.0" 200 3495 "-" "SiteLockSpider [en] (WinNT; I ;Nav)"
184.154.139.49 - - [10/Sep/2020:08:06:44 -0400] "GET /wp-includes/css/buttons.min.css?ver=5.4.1 HTTP/1.0" 200 5867 "-" "SiteLockSpider [en] (WinNT; I ;Nav)"
51.91.218.48 - - [10/Sep/2020:08:26:43 -0400] "GET /wp-content/plugins/smart-slider-3/nextend/media/dist/nextend-frontend.min.js?1584418970 HTTP/1.0" 200 77132 "https://www.auriculotherapy.org/" "Mozilla/5.0 (compatible; Dataprovider.com)"
51.91.218.48 - - [10/Sep/2020:08:26:43 -0400] "GET /wp-content/themes/Jingged/includes/images/auriculotherapybg.png HTTP/1.0" 200 19077 "https://www.auriculotherapy.org/" "Mozilla/5.0 (compatible; Dataprovider.com)"
51.91.218.48 - - [10/Sep/2020:08:26:43 -0400] "GET /wp-content/themes/Jingged/includes/images/jingged.png HTTP/1.0" 200 2340 "https://www.auriculotherapy.org/" "Mozilla/5.0 (compatible; Dataprovider.com)"
10.30.94.78 - - [10/Sep/2020:11:57:31 -0400] "POST /wp-cron.php?doing_wp_cron=1599753451.4946858882904052734375 HTTP/1.0" 200 - "http://www.auriculotherapy.org/wp-cron.php?doing_wp_cron=1599753451.4946858882904052734375" "WordPress/5.4.2; https://www.auriculotherapy.org"
72.79.58.112 - - [10/Sep/2020:11:58:08 -0400] "GET /calendar-of-events/ HTTP/1.0" 200 20097 "-" "panscient.com"
72.79.58.112 - - [10/Sep/2020:11:58:51 -0400] "GET / HTTP/1.0" 200 28727 "-" "panscient.com"
72.79.58.112 - - [10/Sep/2020:11:59:06 -0400] "GET /login/ HTTP/1.0" 200 16892 "-" "panscient.com"
72.79.58.112 - - [10/Sep/2020:11:59:23 -0400] "GET /wp-includes/js/underscore.min.js?ver=1.8.3 HTTP/1.0" 200 16154 "-" "panscient.com"
72.79.58.112 - - [10/Sep/2020:11:59:38 -0400] "GET /wp-content/plugins/edu-expression-pro/js/custom.min.js?ver=5.4.2 HTTP/1.0" 200 663 "-" "panscient.com"
72.79.58.112 - - [10/Sep/2020:11:59:50 -0400] "GET /wp-content/themes/Jingged/includes/js/bootstrap-wp.js?ver=5.4.2 HTTP/1.0" 200 1514 "-" "panscient.com"
72.79.58.112 - - [10/Sep/2020:12:00:07 -0400] "GET /wp-content/themes/Jingged/includes/resources/bootstrap/js/bootstrap.min.js?ver=5.4.2 HTTP/1.0" 200 36868 "-" "panscient.com"
72.79.58.112 - - [10/Sep/2020:12:00:17 -0400] "GET /login/ HTTP/1.0" 200 16892 "-" "panscient.com"
72.79.58.112 - - [10/Sep/2020:12:00:58 -0400] "GET /wp-includes/js/comment-reply.min.js?ver=5.4.2 HTTP/1.0" 200 2420 "-" "panscient.com"
72.79.58.112 - - [10/Sep/2020:12:01:05 -0400] "GET /wp-login.php?redirect_to=https://www.auriculotherapy.org/the-auriculotherapy-certification-institute/ HTTP/1.0" 200 6340 "-" "panscient.com"
95.217.224.116 - - [10/Sep/2020:12:52:21 -0400] "GET /wp-content/plugins/wp-file-manager/lib/php/connector.minimal.php HTTP/1.0" 404 16457 "www.google.com" "Mozlila/5.0 (Linux; Android 7.0; SM-G892A Bulid/NRD90M; wv) AppleWebKit/537.36 (KHTML, like Gecko) Version/4.0 Chrome/60.0.3112.107 Moblie Safari/537.36"
24.108.102.75 - - [10/Sep/2020:13:13:58 -0400] "GET /wp-content/themes/Jingged/includes/js/skip-link-focus-fix.js?ver=20130115 HTTP/1.0" 200 831 "https://www.auriculotherapy.org/" "Mozilla/5.0 (Macintosh; Intel Mac OS X 10_13_6) AppleWebKit/605.1.15 (KHTML, like Gecko) Version/13.1.2 Safari/605.1.15"
24.108.102.75 - - [10/Sep/2020:13:13:58 -0400] "GET /wp-content/themes/Jingged/includes/images/auriculotherapybg.png HTTP/1.0" 200 19077 "https://www.auriculotherapy.org/" "Mozilla/5.0 (Macintosh; Intel Mac OS X 10_13_6) AppleWebKit/605.1.15 (KHTML, like Gecko) Version/13.1.2 Safari/605.1.15"
24.108.102.75 - - [10/Sep/2020:13:13:58 -0400] "GET /wp-content/uploads/2019/03/ear-1.jpg HTTP/1.0" 200 90265 "https://www.auriculotherapy.org/" "Mozilla/5.0 (Macintosh; Intel Mac OS X 10_13_6) AppleWebKit/605.1.15 (KHTML, like Gecko) Version/13.1.2 Safari/605.1.15"
24.108.102.75 - - [10/Sep/2020:13:13:58 -0400] "GET /wp-content/uploads/2019/06/earbg.jpg HTTP/1.0" 200 25855 "https://www.auriculotherapy.org/" "Mozilla/5.0 (Macintosh; Intel Mac OS X 10_13_6) AppleWebKit/605.1.15 (KHTML, like Gecko) Version/13.1.2 Safari/605.1.15"
24.108.102.75 - - [10/Sep/2020:13:13:58 -0400] "GET /wp-content/themes/Jingged/includes/images/jingged.png HTTP/1.0" 200 2340 "https://www.auriculotherapy.org/" "Mozilla/5.0 (Macintosh; Intel Mac OS X 10_13_6) AppleWebKit/605.1.15 (KHTML, like Gecko) Version/13.1.2 Safari/605.1.15"
51.210.177.187 - - [10/Sep/2020:13:27:20 -0400] "GET /wp-admin/ HTTP/1.0" 302 - "http://auriculotherapy.org/" "Mozilla/5.0 (Windows NT 10.0; Win64; x64) AppleWebKit/537.36 (KHTML, like Gecko) Chrome/78.0.3904.97 Safari/537.36"
99.203.79.229 - - [10/Sep/2020:14:53:24 -0400] "GET /wp-content/plugins/profile-builder/assets/css/style-front-end.css?ver=3.1.3 HTTP/1.0" 200 19669 "https://www.auriculotherapy.org/" "Mozilla/5.0 (Linux; Android 9; SM-G950U) AppleWebKit/537.36 (KHTML, like Gecko) Chrome/85.0.4183.81 Mobile Safari/537.36"
99.203.79.229 - - [10/Sep/2020:14:53:24 -0400] "GET /wp-content/themes/Jingged/includes/js/skip-link-focus-fix.js?ver=20130115 HTTP/1.0" 200 831 "https://www.auriculotherapy.org/" "Mozilla/5.0 (Linux; Android 9; SM-G950U) AppleWebKit/537.36 (KHTML, like Gecko) Chrome/85.0.4183.81 Mobile Safari/537.36"
99.203.79.229 - - [10/Sep/2020:14:53:24 -0400] "GET /wp-content/uploads/2019/06/earbg.jpg HTTP/1.0" 200 25855 "https://www.auriculotherapy.org/" "Mozilla/5.0 (Linux; Android 9; SM-G950U) AppleWebKit/537.36 (KHTML, like Gecko) Chrome/85.0.4183.81 Mobile Safari/537.36"
99.203.79.229 - - [10/Sep/2020:14:53:25 -0400] "GET /wp-content/themes/Jingged/includes/images/footerbg.jpg HTTP/1.0" 200 24855 "https://www.auriculotherapy.org/wp-content/themes/Jingged/includes/css/bootstrap-wp.css?ver=5.4.2" "Mozilla/5.0 (Linux; Android 9; SM-G950U) AppleWebKit/537.36 (KHTML, like Gecko) Chrome/85.0.4183.81 Mobile Safari/537.36"
104.191.3.130 - - [10/Sep/2020:16:08:20 -0400] "GET /wp-content/themes/Jingged/includes/images/auriculotherapybg.png HTTP/1.0" 200 19077 "https://www.auriculotherapy.org/directory/" "Mozilla/5.0 (Windows NT 10.0; Win64; x64) AppleWebKit/537.36 (KHTML, like Gecko) Chrome/85.0.4183.83 Safari/537.36 Edg/85.0.564.44"
104.191.3.130 - - [10/Sep/2020:16:09:12 -0400] "GET /application/ HTTP/1.0" 200 28597 "https://www.auriculotherapy.org/directory/" "Mozilla/5.0 (Windows NT 10.0; Win64; x64) AppleWebKit/537.36 (KHTML, like Gecko) Chrome/85.0.4183.83 Safari/537.36 Edg/85.0.564.44"
104.191.3.130 - - [10/Sep/2020:16:09:15 -0400] "GET /wp-content/themes/Jingged/includes/js/jquery-ui.js HTTP/1.0" 200 520714 "https://www.auriculotherapy.org/application/" "Mozilla/5.0 (Windows NT 10.0; Win64; x64) AppleWebKit/537.36 (KHTML, like Gecko) Chrome/85.0.4183.83 Safari/537.36 Edg/85.0.564.44"
209.99.160.111 - - [10/Sep/2020:18:10:18 -0400] "GET /links HTTP/1.0" 301 - "-" "Dispatch/0.14.0-SNAPSHOT"
116.179.32.104 - - [10/Sep/2020:18:34:15 -0400] "GET /certification-course-online/ HTTP/1.0" 200 15402 "-" "Mozilla/5.0 (compatible; Baiduspider/2.0; +http://www.baidu.com/search/spider.html)"
207.46.13.227 - - [10/Sep/2020:18:52:18 -0400] "GET /wp-content/themes/Jingged/includes/css/font-awesome.min.css?ver=4.1.0 HTTP/1.0" 200 21984 "-" "Mozilla/5.0 (compatible; bingbot/2.0; +http://www.bing.com/bingbot.htm)"
40.77.167.94 - - [10/Sep/2020:18:52:26 -0400] "GET /wp-content/themes/Jingged/includes/js/jquery-ui.js HTTP/1.0" 200 520714 "-" "Mozilla/5.0 (compatible; bingbot/2.0; +http://www.bing.com/bingbot.htm)"
77.88.5.79 - - [10/Sep/2020:20:39:28 -0400] "GET /aci-board/ HTTP/1.0" 200 33763 "-" "Mozilla/5.0 (compatible; YandexBot/3.0; +http://yandex.com/bots)"
173.231.59.213 - - [10/Sep/2020:23:42:10 -0400] "GET /contact-us/ HTTP/1.0" 200 16077 "https://www.auriculotherapy.org/" "Mozilla/5.0 (compatible; Adsbot/3.1)"
95.216.96.243 - - [10/Sep/2020:00:33:33 -0400] "GET /wp-content/uploads/2019/06/0-ACI-Certificate-New-Example-2019Jun25-page0001.jpg%22 HTTP/1.0" 301 - "https://www.auriculotherapy.org/contact-us/" "Mozilla/5.0 (compatible; SEOkicks; +https://www.seokicks.de/robot.html)"
95.216.96.243 - - [10/Sep/2020:00:33:51 -0400] "GET /?p=42 HTTP/1.0" 301 - "https://www.auriculotherapy.org/certification-course-online/" "Mozilla/5.0 (compatible; SEOkicks; +https://www.seokicks.de/robot.html)"
35.196.38.103 - - [10/Sep/2020:01:26:16 -0400] "GET /robots.txt HTTP/1.0" 200 67 "-" "ZoominfoBot (zoominfobot at zoominfo dot com)"
35.196.38.103 - - [10/Sep/2020:01:26:20 -0400] "GET / HTTP/1.0" 301 - "-" "ZoominfoBot (zoominfobot at zoominfo dot com)"
35.196.38.103 - - [10/Sep/2020:01:26:21 -0400] "GET /robots.txt HTTP/1.0" 200 67 "-" "ZoominfoBot (zoominfobot at zoominfo dot com)"
35.196.38.103 - - [10/Sep/2020:01:27:12 -0400] "GET /robots.txt HTTP/1.0" 200 67 "-" "ZoominfoBot (zoominfobot at zoominfo dot com)"
114.119.134.148 - - [10/Sep/2020:03:20:34 -0400] "GET /links/ HTTP/1.0" 200 16758 "-" "Mozilla/5.0 (Linux; Android 7.0;) AppleWebKit/537.36 (KHTML, like Gecko) Mobile Safari/537.36 (compatible; PetalBot;+http://aspiegel.com/petalbot)"
131.220.6.152 - - [10/Sep/2020:03:20:53 -0400] "GET / HTTP/1.0" 301 - "-" "Mozilla/5.0 (X11; Linux x86_64) AppleWebKit/537.36 (KHTML, like Gecko) Chrome/79.0.3945.79 Safari/537.36"
131.220.6.152 - - [10/Sep/2020:03:20:55 -0400] "GET / HTTP/1.0" 200 28727 "-" "Mozilla/5.0 (X11; Linux x86_64) AppleWebKit/537.36 (KHTML, like Gecko) Chrome/79.0.3945.79 Safari/537.36"
167.71.158.134 - - [10/Sep/2020:03:21:32 -0400] "GET / HTTP/1.0" 200 28727 "-" "Mozilla/5.0 (Macintosh; Intel Mac OS X 10_15_2) AppleWebKit/537.36 (KHTML, like Gecko) Chrome/79.0.3945.88 Safari/537.36"
10.30.94.78 - - [10/Sep/2020:04:06:24 -0400] "POST /wp-cron.php?doing_wp_cron=1599725184.4082109928131103515625 HTTP/1.0" 200 - "https://www.auriculotherapy.org/wp-cron.php?doing_wp_cron=1599725184.4082109928131103515625" "WordPress/5.4.2; https://www.auriculotherapy.org"
38.128.159.153 - - [10/Sep/2020:05:17:29 -0400] "GET /links HTTP/1.0" 301 - "-" "Dispatch/0.14.0-SNAPSHOT"
38.128.159.153 - - [10/Sep/2020:05:17:30 -0400] "GET /links/ HTTP/1.0" 200 16758 "-" "Dispatch/0.14.0-SNAPSHOT"
114.119.147.233 - - [10/Sep/2020:06:18:55 -0400] "GET /robots.txt HTTP/1.0" 200 67 "-" "(compatible;PetalBot;+http://aspiegel.com/petalbot)"
34.73.12.2 - - [10/Sep/2020:06:55:57 -0400] "GET /directory/ HTTP/1.0" 200 24058 "-" "ZoominfoBot (zoominfobot at zoominfo dot com)"
34.73.12.2 - - [10/Sep/2020:07:23:23 -0400] "GET /xmlrpc.php HTTP/1.0" 405 42 "-" "ZoominfoBot (zoominfobot at zoominfo dot com)"
51.222.43.147 - - [10/Sep/2020:07:30:27 -0400] "GET /login HTTP/1.0" 301 - "-" "Mozilla/5.0 (compatible; Dataprovider.com)"
51.222.43.147 - - [10/Sep/2020:07:30:40 -0400] "GET /ads.txt HTTP/1.0" 404 15977 "-" "Mozilla/5.0 (compatible; Dataprovider.com)"
184.154.139.49 - - [10/Sep/2020:08:04:34 -0400] "GET /hello-world/ HTTP/1.0" 200 19899 "http://www.google.com/url?url=www.auriculotherapy.org&yahoo.com" "Mozilla/5.0 (compatible; MSIE 9.0; Windows NT 6.1; WOW64; Trident/6.0)"
184.154.139.49 - - [10/Sep/2020:08:04:41 -0400] "GET /wp-login.php?redirect_to=https%3A%2F%2Fwww.auriculotherapy.org%2Fhello-world%2F HTTP/1.0" 200 6308 "-" "SiteLockSpider [en] (WinNT; I ;Nav)"
184.154.139.49 - - [10/Sep/2020:08:04:50 -0400] "GET /application/ HTTP/1.0" 200 28597 "http://www.google.com/url?url=www.auriculotherapy.org&yahoo.com" "Mozilla/5.0 (compatible; MSIE 9.0; Windows NT 6.1; WOW64; Trident/6.0)"
184.154.139.49 - - [10/Sep/2020:08:04:51 -0400] "GET /privacy-policy/ HTTP/1.0" 200 19428 "http://www.google.com/url?url=www.auriculotherapy.org&yahoo.com" "Mozilla/5.0 (compatible; MSIE 9.0; Windows NT 6.1; WOW64; Trident/6.0)"
184.154.139.49 - - [10/Sep/2020:08:04:52 -0400] "GET /comments/feed/ HTTP/1.0" 200 1729 "http://www.google.com/url?url=www.auriculotherapy.org&yahoo.com" "Mozilla/5.0 (compatible; MSIE 9.0; Windows NT 6.1; WOW64; Trident/6.0)"
184.154.139.49 - - [10/Sep/2020:08:04:53 -0400] "GET /author/support@jingged.com/ HTTP/1.0" 404 15977 "http://www.google.com/url?url=www.auriculotherapy.org&yahoo.com" "Mozilla/5.0 (compatible; MSIE 9.0; Windows NT 6.1; WOW64; Trident/6.0)"
184.154.139.49 - - [10/Sep/2020:08:05:21 -0400] "GET /wp-content/themes/Jingged/includes/css/font-awesome.min.css?ver=4.1.0 HTTP/1.0" 200 21984 "-" "SiteLockSpider [en] (WinNT; I ;Nav)"
184.154.139.49 - - [10/Sep/2020:08:05:42 -0400] "GET /wp-json/oembed/1.0/%5C%22https:%5C/%5C/www.auriculotherapy.org%5C/hello-world%5C/%5C%22 HTTP/1.0" 404 113 "http://www.google.com/url?url=www.auriculotherapy.org&yahoo.com" "Mozilla/5.0 (compatible; MSIE 9.0; Windows NT 6.1; WOW64; Trident/6.0)"
184.154.139.49 - - [10/Sep/2020:08:05:47 -0400] "GET /?p=44 HTTP/1.0" 301 - "-" "SiteLockSpider [en] (WinNT; I ;Nav)"
184.154.139.49 - - [10/Sep/2020:08:05:51 -0400] "GET /?p=38 HTTP/1.0" 301 - "-" "SiteLockSpider [en] (WinNT; I ;Nav)"
184.154.139.49 - - [10/Sep/2020:08:05:53 -0400] "GET /wp-login.php?=1&log=1&pwd=1&redirect_to=https://www.auriculotherapy.org/hello-world/&rememberme=1&testcookie=1&wp-submit=Log%20In HTTP/1.0" 200 6308 "http://www.google.com/url?url=www.auriculotherapy.org&yahoo.com" "Mozilla/5.0 (compatible; MSIE 9.0; Windows NT 6.1; WOW64; Trident/6.0)"
184.154.139.49 - - [10/Sep/2020:08:06:03 -0400] "GET /wp-json/oembed/1.0/embed?url=https%3A%2F%2Fwww.auriculotherapy.org%2Freset-password%2F&format=xml HTTP/1.0" 200 2489 "-" "SiteLockSpider [en] (WinNT; I ;Nav)"
184.154.139.49 - - [10/Sep/2020:08:06:13 -0400] "GET /wp-json/oembed/1.0/embed?url=https%3A%2F%2Fwww.auriculotherapy.org%2Fcourse-study%2F HTTP/1.0" 200 2375 "-" "SiteLockSpider [en] (WinNT; I ;Nav)"
184.154.139.49 - - [10/Sep/2020:08:06:13 -0400] "GET /wp-json/oembed/1.0/embed?url=https%3A%2F%2Fwww.auriculotherapy.org%2Fprivacy-policy%2F HTTP/1.0" 200 2397 "-" "SiteLockSpider [en] (WinNT; I ;Nav)"
184.154.139.49 - - [10/Sep/2020:08:06:21 -0400] "GET /wp-json/oembed/1.0/embed?url=https%3A%2F%2Fwww.auriculotherapy.org%2Fcalendar-of-events%2F&format=xml HTTP/1.0" 200 2509 "-" "SiteLockSpider [en] (WinNT; I ;Nav)"
184.154.139.49 - - [10/Sep/2020:08:06:22 -0400] "GET /wp-json/oembed/1.0/embed?url=https%3A%2F%2Fwww.auriculotherapy.org%2F HTTP/1.0" 200 2335 "-" "SiteLockSpider [en] (WinNT; I ;Nav)"
184.154.139.49 - - [10/Sep/2020:08:06:25 -0400] "GET /wp-content/themes/Jingged/style.css?ver=5.4.2 HTTP/1.0" 200 7370 "http://www.google.com/url?url=www.auriculotherapy.org&yahoo.com" "Mozilla/5.0 (compatible; MSIE 9.0; Windows NT 6.1; WOW64; Trident/6.0)"
184.154.139.49 - - [10/Sep/2020:08:06:25 -0400] "GET /wp-content/themes/Jingged/includes/css/bootstrap-wp.css?ver=5.4.2 HTTP/1.0" 200 21977 "http://www.google.com/url?url=www.auriculotherapy.org&yahoo.com" "Mozilla/5.0 (compatible; MSIE 9.0; Windows NT 6.1; WOW64; Trident/6.0)"
