0byt3m1n1
Path:
/
data
/
40
/
5
/
122
/
64
/
5448064
/
user
/
6519071
/
htdocs
/
log
/
[
Home
]
File: x-access_log.2020-09-10
66.249.68.11 - - [10/Sep/2020:03:37:16 -0400] "GET / HTTP/1.0" 301 - "-" "Mozilla/5.0 (compatible; Googlebot/2.1; +http://www.google.com/bot.html)"
66.249.79.110 - - [10/Sep/2020:03:37:19 -0400] "GET / HTTP/1.0" 200 28727 "-" "Mozilla/5.0 (compatible; Googlebot/2.1; +http://www.google.com/bot.html)"
38.128.159.177 - - [10/Sep/2020:04:36:56 -0400] "GET /robots.txt HTTP/1.0" 200 67 "-" "Dispatch/0.14.0-SNAPSHOT"
64.140.135.158 - - [10/Sep/2020:04:49:15 -0400] "GET /directory HTTP/1.0" 301 - "-" "Dispatch/0.14.0-SNAPSHOT"
209.99.163.18 - - [10/Sep/2020:05:07:11 -0400] "GET /aci-board HTTP/1.0" 301 - "-" "Dispatch/0.14.0-SNAPSHOT"
114.119.157.43 - - [10/Sep/2020:05:07:50 -0400] "GET /robots.txt HTTP/1.0" 200 67 "-" "(compatible;PetalBot;+http://aspiegel.com/petalbot)"
10.30.94.78 - - [10/Sep/2020:06:07:49 -0400] "POST /wp-cron.php?doing_wp_cron=1599732469.1213510036468505859375 HTTP/1.0" 200 - "http://www.auriculotherapy.org/wp-cron.php?doing_wp_cron=1599732469.1213510036468505859375" "WordPress/5.4.2; https://www.auriculotherapy.org"
34.73.12.2 - - [10/Sep/2020:07:03:22 -0400] "GET /xmlrpc.php?rsd HTTP/1.0" 200 852 "-" "ZoominfoBot (zoominfobot at zoominfo dot com)"
34.73.12.2 - - [10/Sep/2020:07:17:59 -0400] "GET /contact-us/ HTTP/1.0" 200 16077 "-" "ZoominfoBot (zoominfobot at zoominfo dot com)"
114.119.129.184 - - [10/Sep/2020:07:20:26 -0400] "GET /robots.txt HTTP/1.0" 200 67 "-" "(compatible;PetalBot;+http://aspiegel.com/petalbot)"
51.222.43.147 - - [10/Sep/2020:07:30:19 -0400] "GET /robots.txt HTTP/1.0" 200 67 "-" "Mozilla/5.0 (compatible; Dataprovider.com)"
51.222.43.147 - - [10/Sep/2020:07:30:36 -0400] "GET /application/ HTTP/1.0" 200 28597 "-" "Mozilla/5.0 (compatible; Dataprovider.com)"
184.154.139.49 - - [10/Sep/2020:08:04:43 -0400] "GET /calendar-of-events/ HTTP/1.0" 200 20097 "http://www.google.com/url?url=www.auriculotherapy.org&yahoo.com" "Mozilla/5.0 (compatible; MSIE 9.0; Windows NT 6.1; WOW64; Trident/6.0)"
184.154.139.49 - - [10/Sep/2020:08:04:52 -0400] "GET /wp-includes/wlwmanifest.xml HTTP/1.0" 200 1045 "http://www.google.com/url?url=www.auriculotherapy.org&yahoo.com" "Mozilla/5.0 (compatible; MSIE 9.0; Windows NT 6.1; WOW64; Trident/6.0)"
184.154.139.49 - - [10/Sep/2020:08:04:58 -0400] "GET /page/2/?s=1 HTTP/1.0" 200 19786 "http://www.google.com/url?url=www.auriculotherapy.org&yahoo.com" "Mozilla/5.0 (compatible; MSIE 9.0; Windows NT 6.1; WOW64; Trident/6.0)"
184.154.139.49 - - [10/Sep/2020:08:05:01 -0400] "GET /wp-includes/js/underscore.min.js?ver=1.8.3 HTTP/1.0" 200 16154 "-" "SiteLockSpider [en] (WinNT; I ;Nav)"
184.154.139.49 - - [10/Sep/2020:08:05:03 -0400] "GET /wp-includes/css/buttons.min.css?ver=5.4.2 HTTP/1.0" 200 5867 "-" "SiteLockSpider [en] (WinNT; I ;Nav)"
184.154.139.49 - - [10/Sep/2020:08:05:03 -0400] "GET /wp-includes/js/zxcvbn-async.min.js?ver=1.0 HTTP/1.0" 200 353 "-" "SiteLockSpider [en] (WinNT; I ;Nav)"
184.154.139.49 - - [10/Sep/2020:08:05:06 -0400] "GET /wp-json/oembed/1.0/embed?url=https%3A%2F%2Fwww.auriculotherapy.org%2Fhello-world%2F HTTP/1.0" 200 2385 "-" "SiteLockSpider [en] (WinNT; I ;Nav)"
184.154.139.49 - - [10/Sep/2020:08:05:08 -0400] "GET /wp-content/themes/Jingged/style.css?ver=5.4.2 HTTP/1.0" 200 7370 "http://www.google.com/url?url=www.auriculotherapy.org&yahoo.com" "Mozilla/5.0 (compatible; MSIE 9.0; Windows NT 6.1; WOW64; Trident/6.0)"
184.154.139.49 - - [10/Sep/2020:08:05:14 -0400] "GET /wp-content/plugins/edu-expression-pro/css/bootstrap-multiselect-core.css?ver=5.4.2 HTTP/1.0" 200 115225 "http://www.google.com/url?url=www.auriculotherapy.org&yahoo.com" "Mozilla/5.0 (compatible; MSIE 9.0; Windows NT 6.1; WOW64; Trident/6.0)"
184.154.139.49 - - [10/Sep/2020:08:05:21 -0400] "GET /wp-content/themes/Jingged/includes/js/bootstrap-wp.js?ver=5.4.2 HTTP/1.0" 200 1514 "-" "SiteLockSpider [en] (WinNT; I ;Nav)"
184.154.139.49 - - [10/Sep/2020:08:05:57 -0400] "GET /wp-json/oembed/1.0/embed?url=https%3A%2F%2Fwww.auriculotherapy.org%2Flinks%2F&format=xml HTTP/1.0" 200 2444 "-" "SiteLockSpider [en] (WinNT; I ;Nav)"
184.154.139.49 - - [10/Sep/2020:08:06:08 -0400] "GET /?p=3 HTTP/1.0" 301 - "-" "SiteLockSpider [en] (WinNT; I ;Nav)"
184.154.139.49 - - [10/Sep/2020:08:06:11 -0400] "GET /wp-json/oembed/1.0/embed?url=https%3A%2F%2Fwww.auriculotherapy.org%2Fcalendar-of-events-bk%2F&format=xml HTTP/1.0" 200 2524 "-" "SiteLockSpider [en] (WinNT; I ;Nav)"
184.154.139.49 - - [10/Sep/2020:08:06:16 -0400] "GET /wp-json/oembed/1.0/%5C%22https:%5C/%5C/www.auriculotherapy.org%5C/ethics%5C/%5C%22 HTTP/1.0" 404 113 "http://www.google.com/url?url=www.auriculotherapy.org&yahoo.com" "Mozilla/5.0 (compatible; MSIE 9.0; Windows NT 6.1; WOW64; Trident/6.0)"
184.154.139.49 - - [10/Sep/2020:08:06:17 -0400] "GET /wp-json/oembed/1.0/embed?url=https%3A%2F%2Fwww.auriculotherapy.org%2Fprivacy-policy%2F&format=xml HTTP/1.0" 200 2489 "-" "SiteLockSpider [en] (WinNT; I ;Nav)"
184.154.139.49 - - [10/Sep/2020:08:06:20 -0400] "GET /wp-json/oembed/1.0/embed?url=https%3A%2F%2Fwww.auriculotherapy.org%2Fapplication%2F&format=xml HTTP/1.0" 200 2486 "-" "SiteLockSpider [en] (WinNT; I ;Nav)"
184.154.139.49 - - [10/Sep/2020:08:06:20 -0400] "GET /wp-json/oembed/1.0/embed?url=https%3A%2F%2Fwww.auriculotherapy.org%2F&format=xml HTTP/1.0" 200 2429 "-" "SiteLockSpider [en] (WinNT; I ;Nav)"
184.154.139.49 - - [10/Sep/2020:08:06:24 -0400] "GET /wp-includes/css/dist/block-library/style.min.css?ver=5.4.2 HTTP/1.0" 200 53593 "http://www.google.com/url?url=www.auriculotherapy.org&yahoo.com" "Mozilla/5.0 (compatible; MSIE 9.0; Windows NT 6.1; WOW64; Trident/6.0)"
184.154.139.49 - - [10/Sep/2020:08:06:26 -0400] "GET /wp-content/themes/Jingged/includes/resources/bootstrap/js/bootstrap.min.js?ver=5.4.2 HTTP/1.0" 200 36868 "http://www.google.com/url?url=www.auriculotherapy.org&yahoo.com" "Mozilla/5.0 (compatible; MSIE 9.0; Windows NT 6.1; WOW64; Trident/6.0)"
184.154.139.49 - - [10/Sep/2020:08:06:27 -0400] "GET /wp-json/oembed/1.0/%5C%22https:%5C/%5C/www.auriculotherapy.org%5C/certification-course-online%5C/%5C%22 HTTP/1.0" 404 113 "http://www.google.com/url?url=www.auriculotherapy.org&yahoo.com" "Mozilla/5.0 (compatible; MSIE 9.0; Windows NT 6.1; WOW64; Trident/6.0)"
184.154.139.49 - - [10/Sep/2020:08:06:33 -0400] "GET /search/1/feed/rss2/www.miridiatech.com HTTP/1.0" 200 16357 "-" "SiteLockSpider [en] (WinNT; I ;Nav)"
184.154.139.49 - - [10/Sep/2020:08:06:36 -0400] "GET /search/1/feed/rss2/www.integrateauricular.com/feed/rss2/ HTTP/1.0" 200 1048 "http://www.google.com/url?url=www.auriculotherapy.org&yahoo.com" "Mozilla/5.0 (compatible; MSIE 9.0; Windows NT 6.1; WOW64; Trident/6.0)"
184.154.139.49 - - [10/Sep/2020:08:06:41 -0400] "GET /wp-content/plugins/smart-slider-3/library/media/smartslider.min.css?1574743522 HTTP/1.0" 200 19462 "-" "SiteLockSpider [en] (WinNT; I ;Nav)"
184.154.139.49 - - [10/Sep/2020:08:06:42 -0400] "GET /wp-includes/js/wp-util.min.js?ver=5.4.1 HTTP/1.0" 200 1079 "-" "SiteLockSpider [en] (WinNT; I ;Nav)"
184.154.139.49 - - [10/Sep/2020:08:06:45 -0400] "GET /wp-content/themes/Jingged/includes/resources/bootstrap/js/bootstrap.min.js?ver=5.2.6 HTTP/1.0" 200 36868 "-" "SiteLockSpider [en] (WinNT; I ;Nav)"
184.154.139.49 - - [10/Sep/2020:08:06:58 -0400] "GET //wp-content/plugins/profile-builder/readme.txt HTTP/1.0" 200 49634 "-" "SiteLockSpider [en] (WinNT; I ;Nav)"
51.91.218.48 - - [10/Sep/2020:08:26:35 -0400] "GET / HTTP/1.0" 301 - "-" "Mozilla/5.0 (compatible; Dataprovider.com)"
51.91.218.48 - - [10/Sep/2020:08:26:42 -0400] "GET /wp-content/themes/Jingged/includes/css/bootstrap-wp.css?ver=5.4.2 HTTP/1.0" 200 21977 "https://www.auriculotherapy.org/" "Mozilla/5.0 (compatible; Dataprovider.com)"
51.91.218.48 - - [10/Sep/2020:08:26:42 -0400] "GET /wp-includes/js/jquery/jquery.js?ver=1.12.4-wp HTTP/1.0" 200 96873 "https://www.auriculotherapy.org/" "Mozilla/5.0 (compatible; Dataprovider.com)"
51.91.218.48 - - [10/Sep/2020:08:26:42 -0400] "GET /wp-content/themes/Jingged/includes/js/bootstrap-wp.js?ver=5.4.2 HTTP/1.0" 200 1514 "https://www.auriculotherapy.org/" "Mozilla/5.0 (compatible; Dataprovider.com)"
72.79.58.112 - - [10/Sep/2020:11:58:14 -0400] "GET /links/ HTTP/1.0" 200 16758 "-" "panscient.com"
72.79.58.112 - - [10/Sep/2020:11:58:32 -0400] "GET /course-study/ HTTP/1.0" 200 18026 "-" "panscient.com"
72.79.58.112 - - [10/Sep/2020:11:59:05 -0400] "GET /login HTTP/1.0" 301 - "-" "panscient.com"
72.79.58.112 - - [10/Sep/2020:11:59:25 -0400] "GET /wp-content/plugins/edu-expression-pro/js/jquery-1.11.1.min.js?ver=5.4.2 HTTP/1.0" 200 95786 "-" "panscient.com"
72.79.58.112 - - [10/Sep/2020:11:59:31 -0400] "GET /wp-login.php HTTP/1.0" 200 6305 "-" "panscient.com"
72.79.58.112 - - [10/Sep/2020:11:59:53 -0400] "GET /wp-content/plugins/smart-slider-3/library/media/dist/smartslider-frontend.min.js?1584418967 HTTP/1.0" 200 132744 "-" "panscient.com"
72.79.58.112 - - [10/Sep/2020:12:00:00 -0400] "GET /wp-includes/js/jquery/jquery.js?ver=1.12.4-wp HTTP/1.0" 200 96873 "-" "panscient.com"
72.79.58.112 - - [10/Sep/2020:12:00:36 -0400] "GET /wp-login.php?action=lostpassword HTTP/1.0" 200 3979 "-" "panscient.com"
24.108.102.75 - - [10/Sep/2020:13:13:58 -0400] "GET /wp-content/plugins/smart-slider-3/nextend/media/dist/nextend-frontend.min.js?1584418970 HTTP/1.0" 200 77132 "https://www.auriculotherapy.org/" "Mozilla/5.0 (Macintosh; Intel Mac OS X 10_13_6) AppleWebKit/605.1.15 (KHTML, like Gecko) Version/13.1.2 Safari/605.1.15"
24.108.102.75 - - [10/Sep/2020:13:13:58 -0400] "GET /wp-includes/js/wp-embed.min.js?ver=5.4.2 HTTP/1.0" 200 1434 "https://www.auriculotherapy.org/" "Mozilla/5.0 (Macintosh; Intel Mac OS X 10_13_6) AppleWebKit/605.1.15 (KHTML, like Gecko) Version/13.1.2 Safari/605.1.15"
99.203.79.229 - - [10/Sep/2020:14:53:24 -0400] "GET /wp-includes/js/jquery/jquery.js?ver=1.12.4-wp HTTP/1.0" 200 96873 "https://www.auriculotherapy.org/" "Mozilla/5.0 (Linux; Android 9; SM-G950U) AppleWebKit/537.36 (KHTML, like Gecko) Chrome/85.0.4183.81 Mobile Safari/537.36"
99.203.79.229 - - [10/Sep/2020:14:53:24 -0400] "GET /wp-includes/js/wp-embed.min.js?ver=5.4.2 HTTP/1.0" 200 1434 "https://www.auriculotherapy.org/" "Mozilla/5.0 (Linux; Android 9; SM-G950U) AppleWebKit/537.36 (KHTML, like Gecko) Chrome/85.0.4183.81 Mobile Safari/537.36"
99.203.79.229 - - [10/Sep/2020:14:53:24 -0400] "GET /wp-content/uploads/2019/06/earbg-left.jpg HTTP/1.0" 200 22041 "https://www.auriculotherapy.org/" "Mozilla/5.0 (Linux; Android 9; SM-G950U) AppleWebKit/537.36 (KHTML, like Gecko) Chrome/85.0.4183.81 Mobile Safari/537.36"
10.30.94.78 - - [10/Sep/2020:15:56:03 -0400] "POST /wp-cron.php?doing_wp_cron=1599767762.9698200225830078125000 HTTP/1.0" 200 - "https://www.auriculotherapy.org/wp-cron.php?doing_wp_cron=1599767762.9698200225830078125000" "WordPress/5.4.2; https://www.auriculotherapy.org"
64.140.136.87 - - [10/Sep/2020:15:56:13 -0400] "GET / HTTP/1.0" 200 28727 "-" "Dispatch/0.14.0-SNAPSHOT"
104.191.3.130 - - [10/Sep/2020:16:08:20 -0400] "GET /wp-content/themes/Jingged/includes/css/responsive-wp.css?ver=5.4.2 HTTP/1.0" 200 8178 "https://www.auriculotherapy.org/directory/" "Mozilla/5.0 (Windows NT 10.0; Win64; x64) AppleWebKit/537.36 (KHTML, like Gecko) Chrome/85.0.4183.83 Safari/537.36 Edg/85.0.564.44"
104.191.3.130 - - [10/Sep/2020:16:08:20 -0400] "GET /wp-content/themes/Jingged/includes/resources/bootstrap/js/bootstrap.min.js?ver=5.4.2 HTTP/1.0" 200 36868 "https://www.auriculotherapy.org/directory/" "Mozilla/5.0 (Windows NT 10.0; Win64; x64) AppleWebKit/537.36 (KHTML, like Gecko) Chrome/85.0.4183.83 Safari/537.36 Edg/85.0.564.44"
35.243.167.192 - - [10/Sep/2020:17:16:00 -0400] "GET /robots.txt HTTP/1.0" 200 67 "-" "ZoominfoBot (zoominfobot at zoominfo dot com)"
35.243.167.192 - - [10/Sep/2020:17:47:28 -0400] "GET /login/ HTTP/1.0" 200 16892 "-" "ZoominfoBot (zoominfobot at zoominfo dot com)"
10.30.94.78 - - [10/Sep/2020:17:55:51 -0400] "POST /wp-cron.php?doing_wp_cron=1599774948.8552279472351074218750 HTTP/1.0" 200 - "https://www.auriculotherapy.org/wp-cron.php?doing_wp_cron=1599774948.8552279472351074218750" "WordPress/5.4.2; https://www.auriculotherapy.org"
209.99.160.111 - - [10/Sep/2020:18:10:21 -0400] "GET /links/ HTTP/1.0" 200 16758 "-" "Dispatch/0.14.0-SNAPSHOT"
10.30.94.78 - - [10/Sep/2020:18:52:00 -0400] "POST /wp-cron.php?doing_wp_cron=1599778320.1626939773559570312500 HTTP/1.0" 200 - "https://www.auriculotherapy.org/wp-cron.php?doing_wp_cron=1599778320.1626939773559570312500" "WordPress/5.4.2; https://www.auriculotherapy.org"
207.46.13.227 - - [10/Sep/2020:18:52:19 -0400] "GET /wp-includes/js/wp-embed.min.js?ver=5.4.2 HTTP/1.0" 200 1434 "-" "Mozilla/5.0 (compatible; bingbot/2.0; +http://www.bing.com/bingbot.htm)"
40.77.167.84 - - [10/Sep/2020:18:53:16 -0400] "GET /wp-content/themes/Jingged/includes/css/responsive-wp.css?ver=5.4.2 HTTP/1.0" 200 8178 "-" "Mozilla/5.0 (compatible; bingbot/2.0; +http://www.bing.com/bingbot.htm)"
64.140.170.243 - - [10/Sep/2020:22:07:33 -0400] "GET / HTTP/1.0" 301 - "-" "Mozilla/5.0 (compatible; Adsbot/3.1)"
77.75.76.164 - - [10/Sep/2020:22:41:59 -0400] "GET /application/ HTTP/1.0" 200 28597 "-" "Mozilla/5.0 (compatible; SeznamBot/3.2; +http://napoveda.seznam.cz/en/seznambot-intro/)"
173.231.59.213 - - [10/Sep/2020:23:33:39 -0400] "GET /login HTTP/1.0" 301 - "https://www.auriculotherapy.org/" "Mozilla/5.0 (compatible; Adsbot/3.1)"
66.249.66.69 - - [10/Sep/2020:01:08:09 -0400] "GET /robots.txt HTTP/1.0" 200 67 "-" "Mozilla/5.0 (compatible; Googlebot/2.1; +http://www.google.com/bot.html)"
66.249.66.65 - - [10/Sep/2020:01:08:31 -0400] "GET /ads.txt HTTP/1.0" 301 - "-" "Mozilla/5.0 (compatible; Googlebot/2.1; +http://www.google.com/bot.html)"
180.253.163.231 - - [10/Sep/2020:01:26:58 -0400] "GET /?q=semalt.com HTTP/1.0" 301 - "http://google.com/search?q=semalt.com" "Mozilla/5.0 (Windows NT 10.0; Win64; x64) AppleWebKit/537.36 (KHTML, like Gecko) Chrome/74.0.3729.169 Safari/537.36"
114.119.152.97 - - [10/Sep/2020:03:15:00 -0400] "GET /images/speake12.jpg HTTP/1.0" 404 15957 "-" "Mozilla/5.0 (Linux; Android 7.0;) AppleWebKit/537.36 (KHTML, like Gecko) Mobile Safari/537.36 (compatible; PetalBot;+http://aspiegel.com/petalbot)"
66.249.79.110 - - [10/Sep/2020:03:21:37 -0400] "GET /wp-content/themes/Jingged/includes/js/jquery-ui.js HTTP/1.0" 200 520714 "https://www.auriculotherapy.org/application/" "Mozilla/5.0 (Linux; Android 6.0.1; Nexus 5X Build/MMB29P) AppleWebKit/537.36 (KHTML, like Gecko) Chrome/85.0.4183.93 Mobile Safari/537.36 (compatible; Googlebot/2.1; +http://www.google.com/bot.html)"
114.119.157.177 - - [10/Sep/2020:03:47:11 -0400] "GET /robots.txt HTTP/1.0" 200 67 "-" "(compatible;PetalBot;+http://aspiegel.com/petalbot)"
38.135.200.90 - - [10/Sep/2020:04:48:10 -0400] "GET /login HTTP/1.0" 301 - "-" "Dispatch/0.14.0-SNAPSHOT"
38.135.200.90 - - [10/Sep/2020:04:48:13 -0400] "GET /login/ HTTP/1.0" 200 16892 "-" "Dispatch/0.14.0-SNAPSHOT"
10.30.94.78 - - [10/Sep/2020:04:56:48 -0400] "POST /wp-cron.php?doing_wp_cron=1599728209.6534430980682373046875 HTTP/1.0" 200 - "http://www.auriculotherapy.org/wp-cron.php?doing_wp_cron=1599728209.6534430980682373046875" "WordPress/5.4.2; https://www.auriculotherapy.org"
95.70.129.31 - - [10/Sep/2020:05:12:35 -0400] "GET /?q=semalt.com HTTP/1.0" 301 - "http://google.com/search?q=semalt.com" "Mozilla/5.0 (Windows NT 10.0; Win64; x64) AppleWebKit/537.36 (KHTML, like Gecko) Chrome/74.0.3729.169 Safari/537.36"
149.100.187.185 - - [10/Sep/2020:05:30:45 -0400] "GET /application HTTP/1.0" 301 - "-" "Dispatch/0.14.0-SNAPSHOT"
114.119.151.206 - - [10/Sep/2020:06:55:52 -0400] "GET /certification-course-online/ HTTP/1.0" 200 15402 "-" "Mozilla/5.0 (Linux; Android 7.0;) AppleWebKit/537.36 (KHTML, like Gecko) Mobile Safari/537.36 (compatible; PetalBot;+http://aspiegel.com/petalbot)"
34.73.12.2 - - [10/Sep/2020:06:55:55 -0400] "GET /application/ HTTP/1.0" 200 28597 "-" "ZoominfoBot (zoominfobot at zoominfo dot com)"
34.73.12.2 - - [10/Sep/2020:06:56:01 -0400] "GET /certification-course-online/ HTTP/1.0" 200 15402 "-" "ZoominfoBot (zoominfobot at zoominfo dot com)"
34.73.12.2 - - [10/Sep/2020:07:06:26 -0400] "GET /comments/feed/ HTTP/1.0" 200 1729 "-" "ZoominfoBot (zoominfobot at zoominfo dot com)"
34.73.12.2 - - [10/Sep/2020:07:11:27 -0400] "GET /course-study/ HTTP/1.0" 200 18026 "-" "ZoominfoBot (zoominfobot at zoominfo dot com)"
184.154.139.49 - - [10/Sep/2020:08:04:24 -0400] "GET /th1s_1s_a_4o4.html HTTP/1.0" 404 15977 "-" "SiteLockSpider [en] (WinNT; I ;Nav)"
184.154.139.49 - - [10/Sep/2020:08:04:48 -0400] "GET /directory/ HTTP/1.0" 200 24058 "http://www.google.com/url?url=www.auriculotherapy.org&yahoo.com" "Mozilla/5.0 (compatible; MSIE 9.0; Windows NT 6.1; WOW64; Trident/6.0)"
184.154.139.49 - - [10/Sep/2020:08:04:50 -0400] "GET /wp-json/ HTTP/1.0" 200 89210 "http://www.google.com/url?url=www.auriculotherapy.org&yahoo.com" "Mozilla/5.0 (compatible; MSIE 9.0; Windows NT 6.1; WOW64; Trident/6.0)"
184.154.139.49 - - [10/Sep/2020:08:05:05 -0400] "GET /wp-json/oembed/1.0/embed?url=https%3A%2F%2Fwww.auriculotherapy.org%2Fcertification-course-online%2F&format=xml HTTP/1.0" 200 2554 "-" "SiteLockSpider [en] (WinNT; I ;Nav)"
184.154.139.49 - - [10/Sep/2020:08:05:12 -0400] "GET /wp-includes/js/jquery/jquery-migrate.min.js?ver=1.4.1 HTTP/1.0" 200 10056 "-" "SiteLockSpider [en] (WinNT; I ;Nav)"
184.154.139.49 - - [10/Sep/2020:08:05:16 -0400] "GET /a HTTP/1.0" 301 - "-" "SiteLockSpider [en] (WinNT; I ;Nav)"
184.154.139.49 - - [10/Sep/2020:08:05:19 -0400] "GET /wp-content/plugins/profile-builder/assets/css/style-front-end.css?ver=3.1.3 HTTP/1.0" 200 19669 "http://www.google.com/url?url=www.auriculotherapy.org&yahoo.com" "Mozilla/5.0 (compatible; MSIE 9.0; Windows NT 6.1; WOW64; Trident/6.0)"
184.154.139.49 - - [10/Sep/2020:08:05:40 -0400] "GET /wp-content/themes/Jingged/includes/resources/bootstrap/css/bootstrap.min.css?ver=5.4.2 HTTP/1.0" 200 119327 "http://www.google.com/url?url=www.auriculotherapy.org&yahoo.com" "Mozilla/5.0 (compatible; MSIE 9.0; Windows NT 6.1; WOW64; Trident/6.0)"
184.154.139.49 - - [10/Sep/2020:08:05:56 -0400] "GET /wp-json/oembed/1.0/embed?url=https%3A%2F%2Fwww.auriculotherapy.org%2Fdirectory%2F&format=xml HTTP/1.0" 200 2515 "-" "SiteLockSpider [en] (WinNT; I ;Nav)"
184.154.139.49 - - [10/Sep/2020:08:05:59 -0400] "GET /wp-json/oembed/1.0/%5C%22https:%5C/%5C/www.auriculotherapy.org%5C/contact-us%5C/%5C%22 HTTP/1.0" 404 113 "http://www.google.com/url?url=www.auriculotherapy.org&yahoo.com" "Mozilla/5.0 (compatible; MSIE 9.0; Windows NT 6.1; WOW64; Trident/6.0)"
184.154.139.49 - - [10/Sep/2020:08:06:00 -0400] "GET /wp-login.php?action=lostpassword&redirect_to=1&user_login=1&wp-submit=Get%20New%20Password HTTP/1.0" 200 3980 "-" "SiteLockSpider [en] (WinNT; I ;Nav)"
184.154.139.49 - - [10/Sep/2020:08:06:03 -0400] "GET /wp-json/oembed/1.0/embed?url=https%3A%2F%2Fwww.auriculotherapy.org%2Fdirectory%2F HTTP/1.0" 200 2423 "-" "SiteLockSpider [en] (WinNT; I ;Nav)"
184.154.139.49 - - [10/Sep/2020:08:06:09 -0400] "GET /?p=48 HTTP/1.0" 301 - "-" "SiteLockSpider [en] (WinNT; I ;Nav)"
184.154.139.49 - - [10/Sep/2020:08:06:11 -0400] "GET /wp-json/oembed/1.0/embed?url=https%3A%2F%2Fwww.auriculotherapy.org%2Fethics%2F HTTP/1.0" 200 2357 "-" "SiteLockSpider [en] (WinNT; I ;Nav)"
184.154.139.49 - - [10/Sep/2020:08:06:14 -0400] "GET /wp-json/oembed/1.0/embed?url=https%3A%2F%2Fwww.auriculotherapy.org%2Fcalendar-of-events%2F HTTP/1.0" 200 2417 "-" "SiteLockSpider [en] (WinNT; I ;Nav)"
184.154.139.49 - - [10/Sep/2020:08:06:15 -0400] "GET /wp-json/oembed/1.0/%5C%22https:%5C/%5C/www.auriculotherapy.org%5C/calendar-of-events%5C/%5C%22 HTTP/1.0" 404 113 "http://www.google.com/url?url=www.auriculotherapy.org&yahoo.com" "Mozilla/5.0 (compatible; MSIE 9.0; Windows NT 6.1; WOW64; Trident/6.0)"
184.154.139.49 - - [10/Sep/2020:08:06:18 -0400] "GET /wp-json/oembed/1.0/embed?url=https%3A%2F%2Fwww.auriculotherapy.org%2Fethics%2F&format=xml HTTP/1.0" 200 2449 "-" "SiteLockSpider [en] (WinNT; I ;Nav)"
184.154.139.49 - - [10/Sep/2020:08:06:23 -0400] "GET /wp-includes/wlwmanifest.xml HTTP/1.0" 200 1045 "http://www.google.com/url?url=www.auriculotherapy.org&yahoo.com" "Mozilla/5.0 (compatible; MSIE 9.0; Windows NT 6.1; WOW64; Trident/6.0)"
184.154.139.49 - - [10/Sep/2020:08:06:25 -0400] "GET /wp-json/oembed/1.0/%5C%22https:%5C/%5C/www.auriculotherapy.org%5C/%5C%22 HTTP/1.0" 404 113 "http://www.google.com/url?url=www.auriculotherapy.org&yahoo.com" "Mozilla/5.0 (compatible; MSIE 9.0; Windows NT 6.1; WOW64; Trident/6.0)"
184.154.139.49 - - [10/Sep/2020:08:06:26 -0400] "GET /wp-content/themes/Jingged/includes/resources/bootstrap/css/bootstrap.min.css?ver=5.4.2 HTTP/1.0" 200 119327 "http://www.google.com/url?url=www.auriculotherapy.org&yahoo.com" "Mozilla/5.0 (compatible; MSIE 9.0; Windows NT 6.1; WOW64; Trident/6.0)"
184.154.139.49 - - [10/Sep/2020:08:06:39 -0400] "GET /search/1/feed/rss2/www.upcmedical.com HTTP/1.0" 200 16352 "-" "SiteLockSpider [en] (WinNT; I ;Nav)"
184.154.139.49 - - [10/Sep/2020:08:06:41 -0400] "GET /wp-content/plugins/smart-slider-3/library/media/dist/smartslider-frontend.min.js?1574743521 HTTP/1.0" 200 132744 "-" "SiteLockSpider [en] (WinNT; I ;Nav)"
184.154.139.49 - - [10/Sep/2020:08:06:43 -0400] "GET /wp-includes/css/dist/block-library/style.min.css?ver=5.2.6 HTTP/1.0" 200 53593 "-" "SiteLockSpider [en] (WinNT; I ;Nav)"
51.91.218.48 - - [10/Sep/2020:08:26:41 -0400] "GET /wp-content/plugins/smart-slider-3/library/media/dist/smartslider-frontend.min.js?1584418967 HTTP/1.0" 200 132744 "https://www.auriculotherapy.org/" "Mozilla/5.0 (compatible; Dataprovider.com)"
51.91.218.48 - - [10/Sep/2020:08:26:42 -0400] "GET /wp-includes/js/wp-embed.min.js?ver=5.4.2 HTTP/1.0" 200 1434 "https://www.auriculotherapy.org/" "Mozilla/5.0 (compatible; Dataprovider.com)"
185.191.171.11 - - [10/Sep/2020:08:28:05 -0400] "GET /robots.txt HTTP/1.0" 200 67 "-" "Mozilla/5.0 (compatible; SemrushBot/6~bl; +http://www.semrush.com/bot.html)"
39.101.185.229 - - [10/Sep/2020:09:38:55 -0400] "GET / HTTP/1.0" 301 - "-" "Mozilla/5.0 (Windows NT 10.0; WOW64) AppleWebKit/537.36 (KHTML, like Gecko) Chrome/63.0.3239.132 Safari/537.36"
10.30.94.78 - - [10/Sep/2020:10:20:04 -0400] "POST /wp-cron.php?doing_wp_cron=1599747604.2000579833984375000000 HTTP/1.0" 200 - "http://www.auriculotherapy.org/wp-cron.php?doing_wp_cron=1599747604.2000579833984375000000" "WordPress/5.4.2; https://www.auriculotherapy.org"
114.119.152.97 - - [10/Sep/2020:10:32:20 -0400] "GET /author/support@jingged.com HTTP/1.0" 404 15977 "-" "Mozilla/5.0 (Linux; Android 7.0;) AppleWebKit/537.36 (KHTML, like Gecko) Mobile Safari/537.36 (compatible; PetalBot;+http://aspiegel.com/petalbot)"
10.30.94.78 - - [10/Sep/2020:11:41:50 -0400] "POST /wp-cron.php?doing_wp_cron=1599752510.6795380115509033203125 HTTP/1.0" 200 - "https://www.auriculotherapy.org/wp-cron.php?doing_wp_cron=1599752510.6795380115509033203125" "WordPress/5.4.2; https://www.auriculotherapy.org"
72.79.58.112 - - [10/Sep/2020:11:58:27 -0400] "GET /wp-content/themes/Jingged/includes/js/skip-link-focus-fix.js?ver=20130115 HTTP/1.0" 200 831 "-" "panscient.com"
72.79.58.112 - - [10/Sep/2020:11:58:55 -0400] "GET /directory/ HTTP/1.0" 200 24058 "-" "panscient.com"
72.79.58.112 - - [10/Sep/2020:11:59:02 -0400] "GET /the-auriculotherapy-certification-institute/ HTTP/1.0" 200 20527 "-" "panscient.com"
72.79.58.112 - - [10/Sep/2020:11:59:09 -0400] "GET /wp-content/themes/Jingged/includes/resources/bootstrap/js/bootstrap.min.js?ver=5.4.2 HTTP/1.0" 200 36868 "-" "panscient.com"
72.79.58.112 - - [10/Sep/2020:11:59:42 -0400] "GET /wp-includes/js/wp-util.min.js?ver=5.4.2 HTTP/1.0" 200 1079 "-" "panscient.com"
72.79.58.112 - - [10/Sep/2020:11:59:45 -0400] "GET /wp-includes/js/comment-reply.min.js?ver=5.4.2 HTTP/1.0" 200 2420 "-" "panscient.com"
66.249.79.108 - - [10/Sep/2020:13:08:04 -0400] "GET /wp-content/plugins/smart-slider-3/library/media/dist/smartslider-frontend.min.js?1584418967 HTTP/1.0" 200 132744 "https://www.auriculotherapy.org/" "Mozilla/5.0 AppleWebKit/537.36 (KHTML, like Gecko; compatible; Googlebot/2.1; +http://www.google.com/bot.html) Chrome/85.0.4183.105 Safari/537.36"
66.249.79.108 - - [10/Sep/2020:13:08:50 -0400] "GET / HTTP/1.0" 200 28727 "-" "Mozilla/5.0 (Linux; Android 6.0.1; Nexus 5X Build/MMB29P) AppleWebKit/537.36 (KHTML, like Gecko) Chrome/80.0.3987.92 Mobile Safari/537.36 (compatible; Googlebot/2.1; +http://www.google.com/bot.html)"
24.108.102.75 - - [10/Sep/2020:13:13:56 -0400] "GET /wp-includes/js/jquery/jquery.js?ver=1.12.4-wp HTTP/1.0" 200 96873 "https://www.auriculotherapy.org/" "Mozilla/5.0 (Macintosh; Intel Mac OS X 10_13_6) AppleWebKit/605.1.15 (KHTML, like Gecko) Version/13.1.2 Safari/605.1.15"
24.108.102.75 - - [10/Sep/2020:13:13:57 -0400] "GET /wp-content/themes/Jingged/includes/js/bootstrap-wp.js?ver=5.4.2 HTTP/1.0" 200 1514 "https://www.auriculotherapy.org/" "Mozilla/5.0 (Macintosh; Intel Mac OS X 10_13_6) AppleWebKit/605.1.15 (KHTML, like Gecko) Version/13.1.2 Safari/605.1.15"
24.108.102.75 - - [10/Sep/2020:13:13:57 -0400] "GET /wp-content/uploads/2019/06/earbg-left.jpg HTTP/1.0" 200 22041 "https://www.auriculotherapy.org/" "Mozilla/5.0 (Macintosh; Intel Mac OS X 10_13_6) AppleWebKit/605.1.15 (KHTML, like Gecko) Version/13.1.2 Safari/605.1.15"
24.108.102.75 - - [10/Sep/2020:13:13:58 -0400] "GET /wp-content/themes/Jingged/includes/resources/bootstrap/css/bootstrap.min.css?ver=5.4.2 HTTP/1.0" 200 119327 "https://www.auriculotherapy.org/" "Mozilla/5.0 (Macintosh; Intel Mac OS X 10_13_6) AppleWebKit/605.1.15 (KHTML, like Gecko) Version/13.1.2 Safari/605.1.15"
24.108.102.75 - - [10/Sep/2020:13:14:02 -0400] "GET /wp-includes/images/w-logo-blue-white-bg.png HTTP/1.0" 200 4119 "https://www.auriculotherapy.org/" "Mozilla/5.0 (Macintosh; Intel Mac OS X 10_13_6) AppleWebKit/605.1.15 (KHTML, like Gecko) Version/13.1.2 Safari/605.1.15"
34.244.98.129 - - [10/Sep/2020:14:21:36 -0400] "GET /application HTTP/1.0" 301 - "-" "Mozilla/5.0 (Windows NT 6.2; WOW64)"
99.203.79.229 - - [10/Sep/2020:14:53:23 -0400] "GET /wp-content/themes/Jingged/includes/resources/bootstrap/css/bootstrap.min.css?ver=5.4.2 HTTP/1.0" 200 119327 "https://www.auriculotherapy.org/" "Mozilla/5.0 (Linux; Android 9; SM-G950U) AppleWebKit/537.36 (KHTML, like Gecko) Chrome/85.0.4183.81 Mobile Safari/537.36"
99.203.79.229 - - [10/Sep/2020:14:53:24 -0400] "GET /wp-content/themes/Jingged/includes/css/bootstrap-wp.css?ver=5.4.2 HTTP/1.0" 200 21977 "https://www.auriculotherapy.org/" "Mozilla/5.0 (Linux; Android 9; SM-G950U) AppleWebKit/537.36 (KHTML, like Gecko) Chrome/85.0.4183.81 Mobile Safari/537.36"
99.203.79.229 - - [10/Sep/2020:14:53:24 -0400] "GET /wp-content/themes/Jingged/includes/css/responsive-wp.css?ver=5.4.2 HTTP/1.0" 200 8178 "https://www.auriculotherapy.org/" "Mozilla/5.0 (Linux; Android 9; SM-G950U) AppleWebKit/537.36 (KHTML, like Gecko) Chrome/85.0.4183.81 Mobile Safari/537.36"
99.203.79.229 - - [10/Sep/2020:14:53:24 -0400] "GET /wp-content/plugins/smart-slider-3/library/media/plugins/type/simple/simple/dist/smartslider-simple-type-frontend.min.js?1584418967 HTTP/1.0" 200 18726 "https://www.auriculotherapy.org/" "Mozilla/5.0 (Linux; Android 9; SM-G950U) AppleWebKit/537.36 (KHTML, like Gecko) Chrome/85.0.4183.81 Mobile Safari/537.36"
99.203.79.229 - - [10/Sep/2020:14:53:24 -0400] "GET /wp-content/themes/Jingged/includes/fonts/fontawesome-webfont.woff?v=4.2.0 HTTP/1.0" 200 65452 "https://www.auriculotherapy.org/wp-content/themes/Jingged/includes/css/font-awesome.min.css?ver=4.1.0" "Mozilla/5.0 (Linux; Android 9; SM-G950U) AppleWebKit/537.36 (KHTML, like Gecko) Chrome/85.0.4183.81 Mobile Safari/537.36"
17.58.99.252 - - [10/Sep/2020:15:20:01 -0400] "GET /robots.txt HTTP/1.0" 200 67 "-" "Mozilla/5.0 (Macintosh; Intel Mac OS X 10_15_5) AppleWebKit/605.1.15 (KHTML, like Gecko) Version/13.1.1 Safari/605.1.15 (Applebot/0.1; +http://www.apple.com/go/applebot)"
17.58.96.236 - - [10/Sep/2020:15:20:07 -0400] "GET /links/ HTTP/1.0" 200 16758 "-" "Mozilla/5.0 (Macintosh; Intel Mac OS X 10_15_5) AppleWebKit/605.1.15 (KHTML, like Gecko) Version/13.1.1 Safari/605.1.15 (Applebot/0.1; +http://www.apple.com/go/applebot)"
80.82.68.202 - - [10/Sep/2020:15:27:51 -0400] "GET /wp-content/plugins/ajax-store-locator-wordpress_0/sl_file_download.php?download_file=../../../wp-config.php HTTP/1.0" 301 500 "-" "Mozilla/5.0 (Windows NT 10.0; WOW64) AppleWebKit/537.36 (KHTML, like Gecko) Chrome/85.0.4183.84 Safari/537.36"
64.140.136.87 - - [10/Sep/2020:15:55:59 -0400] "GET / HTTP/1.0" 301 - "-" "Dispatch/0.14.0-SNAPSHOT"
104.191.3.130 - - [10/Sep/2020:16:08:20 -0400] "GET /wp-includes/css/dist/block-library/style.min.css?ver=5.4.2 HTTP/1.0" 200 53593 "https://www.auriculotherapy.org/directory/" "Mozilla/5.0 (Windows NT 10.0; Win64; x64) AppleWebKit/537.36 (KHTML, like Gecko) Chrome/85.0.4183.83 Safari/537.36 Edg/85.0.564.44"
104.191.3.130 - - [10/Sep/2020:16:08:20 -0400] "GET /wp-content/plugins/profile-builder/assets/css/style-front-end.css?ver=3.1.3 HTTP/1.0" 200 19669 "https://www.auriculotherapy.org/directory/" "Mozilla/5.0 (Windows NT 10.0; Win64; x64) AppleWebKit/537.36 (KHTML, like Gecko) Chrome/85.0.4183.83 Safari/537.36 Edg/85.0.564.44"
104.191.3.130 - - [10/Sep/2020:16:08:20 -0400] "GET /wp-content/themes/Jingged/includes/js/bootstrap-wp.js?ver=5.4.2 HTTP/1.0" 200 1514 "https://www.auriculotherapy.org/directory/" "Mozilla/5.0 (Windows NT 10.0; Win64; x64) AppleWebKit/537.36 (KHTML, like Gecko) Chrome/85.0.4183.83 Safari/537.36 Edg/85.0.564.44"
104.191.3.130 - - [10/Sep/2020:16:08:20 -0400] "GET /wp-includes/js/wp-emoji-release.min.js?ver=5.4.2 HTTP/1.0" 200 13901 "https://www.auriculotherapy.org/directory/" "Mozilla/5.0 (Windows NT 10.0; Win64; x64) AppleWebKit/537.36 (KHTML, like Gecko) Chrome/85.0.4183.83 Safari/537.36 Edg/85.0.564.44"
104.191.3.130 - - [10/Sep/2020:16:08:20 -0400] "GET /wp-content/themes/Jingged/includes/images/jingged.png HTTP/1.0" 200 2340 "https://www.auriculotherapy.org/directory/" "Mozilla/5.0 (Windows NT 10.0; Win64; x64) AppleWebKit/537.36 (KHTML, like Gecko) Chrome/85.0.4183.83 Safari/537.36 Edg/85.0.564.44"
104.191.3.130 - - [10/Sep/2020:16:09:15 -0400] "GET /wp-content/themes/Jingged/includes/js/register.js HTTP/1.0" 200 7278 "https://www.auriculotherapy.org/application/" "Mozilla/5.0 (Windows NT 10.0; Win64; x64) AppleWebKit/537.36 (KHTML, like Gecko) Chrome/85.0.4183.83 Safari/537.36 Edg/85.0.564.44"
64.140.136.74 - - [10/Sep/2020:17:07:44 -0400] "GET /course-study/ HTTP/1.0" 200 18026 "-" "Dispatch/0.14.0-SNAPSHOT"
35.243.167.192 - - [10/Sep/2020:17:16:10 -0400] "GET /certification-course-online/ HTTP/1.0" 200 15402 "-" "ZoominfoBot (zoominfobot at zoominfo dot com)"
35.243.167.192 - - [10/Sep/2020:17:16:41 -0400] "GET /feed/ HTTP/1.0" 200 5328 "-" "ZoominfoBot (zoominfobot at zoominfo dot com)"
35.243.167.192 - - [10/Sep/2020:17:27:38 -0400] "GET /comments/feed/ HTTP/1.0" 200 1729 "-" "ZoominfoBot (zoominfobot at zoominfo dot com)"
35.243.167.192 - - [10/Sep/2020:17:39:55 -0400] "GET /contact-us/ HTTP/1.0" 200 16077 "-" "ZoominfoBot (zoominfobot at zoominfo dot com)"
114.119.133.91 - - [10/Sep/2020:18:40:50 -0400] "GET /the-auriculotherapy-certification-institute HTTP/1.0" 301 - "-" "Mozilla/5.0 (Linux; Android 7.0;) AppleWebKit/537.36 (KHTML, like Gecko) Mobile Safari/537.36 (compatible; PetalBot;+http://aspiegel.com/petalbot)"
119.45.6.53 - - [10/Sep/2020:19:00:48 -0400] "GET /xmlrpc.php HTTP/1.0" 405 42 "-" "Mozilla/5.0 (Windows NT 6.1; WOW64; rv:45.0) Gecko/20100101 Firefox/45.0"
77.75.76.161 - - [10/Sep/2020:19:43:48 -0400] "GET /robots.txt HTTP/1.0" 200 67 "-" "Mozilla/5.0 (compatible; SeznamBot/3.2; +http://napoveda.seznam.cz/en/seznambot-intro/)"
40.77.188.244 - - [10/Sep/2020:19:53:10 -0400] "GET /wp-content/plugins/profile-builder/assets/css/style-front-end.css?ver=3.1.3 HTTP/1.0" 200 19669 "-" "Mozilla/5.0 (Windows NT 6.1; WOW64) AppleWebKit/534+ (KHTML, like Gecko) BingPreview/1.0b"
207.46.13.74 - - [10/Sep/2020:20:03:31 -0400] "GET / HTTP/1.0" 200 28727 "-" "Mozilla/5.0 (compatible; bingbot/2.0; +http://www.bing.com/bingbot.htm)"
114.119.139.224 - - [10/Sep/2020:22:08:18 -0400] "GET /directory/ HTTP/1.0" 200 24058 "-" "Mozilla/5.0 (Linux; Android 7.0;) AppleWebKit/537.36 (KHTML, like Gecko) Mobile Safari/537.36 (compatible; PetalBot;+http://aspiegel.com/petalbot)"
173.231.59.213 - - [10/Sep/2020:22:40:52 -0400] "GET / HTTP/1.0" 200 28727 "-" "Mozilla/5.0 (compatible; Adsbot/3.1)"
10.30.94.78 - - [10/Sep/2020:22:59:38 -0400] "POST /wp-cron.php?doing_wp_cron=1599793178.4438869953155517578125 HTTP/1.0" 200 - "https://www.auriculotherapy.org/wp-cron.php?doing_wp_cron=1599793178.4438869953155517578125" "WordPress/5.4.2; https://www.auriculotherapy.org"
173.231.59.213 - - [10/Sep/2020:23:31:05 -0400] "GET /blog/ HTTP/1.0" 200 18964 "https://www.auriculotherapy.org/" "Mozilla/5.0 (compatible; Adsbot/3.1)"
68.33.74.101 - - [10/Sep/2020:00:15:24 -0400] "GET /wp-content/uploads/2019/06/earbg.jpg HTTP/1.0" 200 25855 "https://www.google.com/" "Mozilla/5.0 (iPhone; CPU iPhone OS 13_6_1 like Mac OS X) AppleWebKit/605.1.15 (KHTML, like Gecko) Version/13.1.2 Mobile/15E148 Safari/604.1"
66.249.66.91 - - [10/Sep/2020:01:08:08 -0400] "GET /robots.txt HTTP/1.0" 200 67 "-" "Mozilla/5.0 (compatible; Googlebot/2.1; +http://www.google.com/bot.html)"
66.249.66.88 - - [10/Sep/2020:01:08:15 -0400] "GET /robots.txt HTTP/1.0" 200 67 "-" "Mozilla/5.0 (compatible; Googlebot/2.1; +http://www.google.com/bot.html)"
10.30.94.78 - - [10/Sep/2020:02:16:57 -0400] "POST /wp-cron.php?doing_wp_cron=1599718616.5821080207824707031250 HTTP/1.0" 200 - "https://www.auriculotherapy.org/wp-cron.php?doing_wp_cron=1599718616.5821080207824707031250" "WordPress/5.4.2; https://www.auriculotherapy.org"
66.249.79.110 - - [10/Sep/2020:03:21:37 -0400] "GET /wp-content/themes/Jingged/includes/css/jquery-ui.css HTTP/1.0" 200 35997 "https://www.auriculotherapy.org/application/" "Mozilla/5.0 (Linux; Android 6.0.1; Nexus 5X Build/MMB29P) AppleWebKit/537.36 (KHTML, like Gecko) Chrome/85.0.4183.93 Mobile Safari/537.36 (compatible; Googlebot/2.1; +http://www.google.com/bot.html)"
38.128.157.146 - - [10/Sep/2020:03:47:44 -0400] "GET / HTTP/1.0" 200 28727 "-" "Dispatch/0.14.0-SNAPSHOT"
38.135.200.76 - - [10/Sep/2020:04:37:00 -0400] "GET /blog HTTP/1.0" 301 - "-" "Dispatch/0.14.0-SNAPSHOT"
38.135.200.76 - - [10/Sep/2020:04:37:03 -0400] "GET /blog/ HTTP/1.0" 200 18964 "-" "Dispatch/0.14.0-SNAPSHOT"
149.100.187.98 - - [10/Sep/2020:04:47:30 -0400] "GET /calendar-of-events/ HTTP/1.0" 200 20097 "-" "Dispatch/0.14.0-SNAPSHOT"
209.99.162.193 - - [10/Sep/2020:04:51:51 -0400] "GET /course-study HTTP/1.0" 301 - "-" "Dispatch/0.14.0-SNAPSHOT"
209.99.162.193 - - [10/Sep/2020:04:51:53 -0400] "GET /course-study/ HTTP/1.0" 200 18026 "-" "Dispatch/0.14.0-SNAPSHOT"
38.96.28.44 - - [10/Sep/2020:05:21:13 -0400] "GET /certification-course-online/ HTTP/1.0" 200 15402 "-" "Dispatch/0.14.0-SNAPSHOT"
149.100.187.185 - - [10/Sep/2020:05:30:48 -0400] "GET /application/ HTTP/1.0" 200 28597 "-" "Dispatch/0.14.0-SNAPSHOT"
114.119.137.124 - - [10/Sep/2020:06:07:46 -0400] "GET /robots.txt HTTP/1.0" 200 67 "-" "(compatible;PetalBot;+http://aspiegel.com/petalbot)"
38.93.172.237 - - [10/Sep/2020:06:25:20 -0400] "GET / HTTP/1.0" 200 28727 "-" "Dispatch/0.14.0-SNAPSHOT"
77.88.5.235 - - [10/Sep/2020:06:36:21 -0400] "GET /feed/ HTTP/1.0" 200 5328 "-" "Mozilla/5.0 (compatible; YandexBot/3.0; +http://yandex.com/bots)"
51.222.43.147 - - [10/Sep/2020:07:30:32 -0400] "GET /calendar-of-events/ HTTP/1.0" 200 20097 "-" "Mozilla/5.0 (compatible; Dataprovider.com)"
51.222.43.147 - - [10/Sep/2020:07:30:36 -0400] "GET /course-study/ HTTP/1.0" 200 18026 "-" "Mozilla/5.0 (compatible; Dataprovider.com)"
51.222.43.147 - - [10/Sep/2020:07:30:38 -0400] "GET /blog/ HTTP/1.0" 200 18964 "-" "Mozilla/5.0 (compatible; Dataprovider.com)"
3.236.8.150 - - [10/Sep/2020:07:38:32 -0400] "GET /wp-content/plugins/wp-file-manager/lib/php/connector.minimal.php HTTP/1.0" 404 16457 "www.google.com" "Mozlila/5.0 (Linux; Android 7.0; SM-G892A Bulid/NRD90M; wv) AppleWebKit/537.36 (KHTML, like Gecko) Version/4.0 Chrome/60.0.3112.107 Moblie Safari/537.36"
184.154.139.49 - - [10/Sep/2020:08:04:20 -0400] "GET / HTTP/1.0" 200 28727 "http://www.google.com/url?url=www.auriculotherapy.org&yahoo.com" "Mozilla/5.0 (compatible; MSIE 9.0; Windows NT 6.1; WOW64; Trident/6.0)"
184.154.139.49 - - [10/Sep/2020:08:04:33 -0400] "GET /xmlrpc.php HTTP/1.0" 405 42 "-" "SiteLockSpider [en] (WinNT; I ;Nav)"
184.154.139.49 - - [10/Sep/2020:08:04:42 -0400] "GET /forms/ HTTP/1.0" 200 15936 "http://www.google.com/url?url=www.auriculotherapy.org&yahoo.com" "Mozilla/5.0 (compatible; MSIE 9.0; Windows NT 6.1; WOW64; Trident/6.0)"
184.154.139.49 - - [10/Sep/2020:08:04:43 -0400] "GET /reset-password/ HTTP/1.0" 200 16438 "http://www.google.com/url?url=www.auriculotherapy.org&yahoo.com" "Mozilla/5.0 (compatible; MSIE 9.0; Windows NT 6.1; WOW64; Trident/6.0)"
184.154.139.49 - - [10/Sep/2020:08:04:55 -0400] "GET /wp-includes/js/wp-emoji-release.min.js?ver=5.4.2 HTTP/1.0" 200 13901 "http://www.google.com/url?url=www.auriculotherapy.org&yahoo.com" "Mozilla/5.0 (compatible; MSIE 9.0; Windows NT 6.1; WOW64; Trident/6.0)"
184.154.139.49 - - [10/Sep/2020:08:05:09 -0400] "GET /wp-includes/js/jquery/jquery.js?ver=1.12.4-wp HTTP/1.0" 200 96873 "http://www.google.com/url?url=www.auriculotherapy.org&yahoo.com" "Mozilla/5.0 (compatible; MSIE 9.0; Windows NT 6.1; WOW64; Trident/6.0)"
184.154.139.49 - - [10/Sep/2020:08:05:15 -0400] "GET /wp-content/plugins/edu-expression-pro/js/bootstrap-multiselect.js?ver=5.4.2 HTTP/1.0" 200 47918 "-" "SiteLockSpider [en] (WinNT; I ;Nav)"
184.154.139.49 - - [10/Sep/2020:08:05:43 -0400] "GET /?p=6 HTTP/1.0" 301 - "-" "SiteLockSpider [en] (WinNT; I ;Nav)"
184.154.139.49 - - [10/Sep/2020:08:05:48 -0400] "GET /?p=389 HTTP/1.0" 301 - "-" "SiteLockSpider [en] (WinNT; I ;Nav)"
184.154.139.49 - - [10/Sep/2020:08:05:49 -0400] "GET /?p=348 HTTP/1.0" 301 - "-" "SiteLockSpider [en] (WinNT; I ;Nav)"
184.154.139.49 - - [10/Sep/2020:08:06:02 -0400] "GET /wp-login.php?=1&log=1&pwd=1&redirect_to=https://www.auriculotherapy.org/the-auriculotherapy-certification-institute/&rememberme=1&testcookie=1&wp-submit=Log%20In HTTP/1.0" 200 6340 "http://www.google.com/url?url=www.auriculotherapy.org&yahoo.com" "Mozilla/5.0 (compatible; MSIE 9.0; Windows NT 6.1; WOW64; Trident/6.0)"
184.154.139.49 - - [10/Sep/2020:08:06:06 -0400] "GET /wp-json/oembed/1.0/%5C%22https:%5C/%5C/www.auriculotherapy.org%5C/aci-board%5C/%5C%22 HTTP/1.0" 404 113 "http://www.google.com/url?url=www.auriculotherapy.org&yahoo.com" "Mozilla/5.0 (compatible; MSIE 9.0; Windows NT 6.1; WOW64; Trident/6.0)"
184.154.139.49 - - [10/Sep/2020:08:06:07 -0400] "GET /?p=31 HTTP/1.0" 301 - "-" "SiteLockSpider [en] (WinNT; I ;Nav)"
184.154.139.49 - - [10/Sep/2020:08:06:09 -0400] "GET /?p=40 HTTP/1.0" 301 - "-" "SiteLockSpider [en] (WinNT; I ;Nav)"
184.154.139.49 - - [10/Sep/2020:08:06:16 -0400] "GET /wp-json/oembed/1.0/%5C%22https:%5C/%5C/www.auriculotherapy.org%5C/links%5C/%5C%22 HTTP/1.0" 404 113 "http://www.google.com/url?url=www.auriculotherapy.org&yahoo.com" "Mozilla/5.0 (compatible; MSIE 9.0; Windows NT 6.1; WOW64; Trident/6.0)"
184.154.139.49 - - [10/Sep/2020:08:06:24 -0400] "GET /wp-includes/js/wp-emoji-release.min.js?ver=5.4.2 HTTP/1.0" 200 13901 "http://www.google.com/url?url=www.auriculotherapy.org&yahoo.com" "Mozilla/5.0 (compatible; MSIE 9.0; Windows NT 6.1; WOW64; Trident/6.0)"
184.154.139.49 - - [10/Sep/2020:08:06:25 -0400] "GET /wp-content/themes/Jingged/includes/css/responsive-wp.css?ver=5.4.2 HTTP/1.0" 200 8178 "-" "SiteLockSpider [en] (WinNT; I ;Nav)"
184.154.139.49 - - [10/Sep/2020:08:06:37 -0400] "GET /search/1/feed/rss2/www.hmieducation.com/feed/rss2/ HTTP/1.0" 200 1036 "http://www.google.com/url?url=www.auriculotherapy.org&yahoo.com" "Mozilla/5.0 (compatible; MSIE 9.0; Windows NT 6.1; WOW64; Trident/6.0)"
184.154.139.49 - - [10/Sep/2020:08:06:38 -0400] "GET /search/1/feed/rss2/www.n5ev.com/feed/rss2/ HTTP/1.0" 200 1020 "http://www.google.com/url?url=www.auriculotherapy.org&yahoo.com" "Mozilla/5.0 (compatible; MSIE 9.0; Windows NT 6.1; WOW64; Trident/6.0)"
184.154.139.49 - - [10/Sep/2020:08:06:42 -0400] "GET /wp-admin/css/l10n.min.css?ver=5.4.1 HTTP/1.0" 200 2477 "-" "SiteLockSpider [en] (WinNT; I ;Nav)"
184.154.139.49 - - [10/Sep/2020:08:06:43 -0400] "GET /wp-includes/js/wp-embed.min.js?ver=5.2.5 HTTP/1.0" 200 1434 "-" "SiteLockSpider [en] (WinNT; I ;Nav)"
184.154.139.49 - - [10/Sep/2020:08:06:43 -0400] "GET /wp-includes/js/comment-reply.min.js?ver=5.2.5 HTTP/1.0" 200 2420 "-" "SiteLockSpider [en] (WinNT; I ;Nav)"
184.154.139.49 - - [10/Sep/2020:08:06:43 -0400] "GET /wp-admin/css/forms.min.css?ver=5.2.6 HTTP/1.0" 200 24453 "-" "SiteLockSpider [en] (WinNT; I ;Nav)"
184.154.139.49 - - [10/Sep/2020:08:06:44 -0400] "GET /wp-content/plugins/edu-expression-pro/js/custom.min.js?ver=5.2.6 HTTP/1.0" 200 663 "-" "SiteLockSpider [en] (WinNT; I ;Nav)"
51.91.218.48 - - [10/Sep/2020:08:26:38 -0400] "GET / HTTP/1.0" 200 28727 "-" "Mozilla/5.0 (compatible; Dataprovider.com)"
51.91.218.48 - - [10/Sep/2020:08:26:41 -0400] "GET /wp-content/themes/Jingged/includes/css/responsive-wp.css?ver=5.4.2 HTTP/1.0" 200 8178 "https://www.auriculotherapy.org/" "Mozilla/5.0 (compatible; Dataprovider.com)"
51.91.218.48 - - [10/Sep/2020:08:26:41 -0400] "GET /wp-content/plugins/profile-builder/assets/css/style-front-end.css?ver=3.1.3 HTTP/1.0" 200 19669 "https://www.auriculotherapy.org/" "Mozilla/5.0 (compatible; Dataprovider.com)"
51.91.218.48 - - [10/Sep/2020:08:26:41 -0400] "GET /wp-content/themes/Jingged/includes/resources/bootstrap/js/bootstrap.min.js?ver=5.4.2 HTTP/1.0" 200 36868 "https://www.auriculotherapy.org/" "Mozilla/5.0 (compatible; Dataprovider.com)"
51.91.218.48 - - [10/Sep/2020:08:26:42 -0400] "GET /wp-content/plugins/smart-slider-3/nextend/media/dist/n2.min.js?1584418970 HTTP/1.0" 200 3495 "https://www.auriculotherapy.org/" "Mozilla/5.0 (compatible; Dataprovider.com)"
51.91.218.48 - - [10/Sep/2020:08:26:42 -0400] "GET /wp-content/plugins/smart-slider-3/library/media/plugins/type/simple/simple/dist/smartslider-simple-type-frontend.min.js?1584418967 HTTP/1.0" 200 18726 "https://www.auriculotherapy.org/" "Mozilla/5.0 (compatible; Dataprovider.com)"
51.91.218.48 - - [10/Sep/2020:08:26:42 -0400] "GET /wp-content/uploads/2019/06/earbg.jpg HTTP/1.0" 200 25855 "https://www.auriculotherapy.org/" "Mozilla/5.0 (compatible; Dataprovider.com)"
51.91.218.48 - - [10/Sep/2020:08:26:42 -0400] "GET /wp-content/uploads/2019/03/ear-1.jpg HTTP/1.0" 200 90265 "https://www.auriculotherapy.org/" "Mozilla/5.0 (compatible; Dataprovider.com)"
51.91.218.48 - - [10/Sep/2020:08:26:42 -0400] "GET /wp-content/uploads/2019/03/banner.png HTTP/1.0" 200 105389 "https://www.auriculotherapy.org/" "Mozilla/5.0 (compatible; Dataprovider.com)"
72.79.58.112 - - [10/Sep/2020:11:57:28 -0400] "GET /robots.txt HTTP/1.0" 200 67 "-" "panscient.com"
72.79.58.112 - - [10/Sep/2020:11:57:33 -0400] "GET / HTTP/1.0" 301 - "-" "panscient.com"
72.79.58.112 - - [10/Sep/2020:11:57:49 -0400] "GET /hello-world/ HTTP/1.0" 200 19899 "-" "panscient.com"
72.79.58.112 - - [10/Sep/2020:11:58:11 -0400] "GET /wp-includes/js/jquery/jquery-migrate.min.js?ver=1.4.1 HTTP/1.0" 200 10056 "-" "panscient.com"
72.79.58.112 - - [10/Sep/2020:11:58:49 -0400] "GET /wp-content/plugins/smart-slider-3/library/media/plugins/type/simple/simple/dist/smartslider-simple-type-frontend.min.js?1584418967 HTTP/1.0" 200 18726 "-" "panscient.com"
72.79.58.112 - - [10/Sep/2020:11:59:57 -0400] "GET /wp-content/themes/Jingged/includes/js/skip-link-focus-fix.js?ver=20130115 HTTP/1.0" 200 831 "-" "panscient.com"
72.79.58.112 - - [10/Sep/2020:12:00:41 -0400] "GET /wp-includes/js/underscore.min.js?ver=1.8.3 HTTP/1.0" 200 16154 "-" "panscient.com"
72.79.58.112 - - [10/Sep/2020:12:01:00 -0400] "GET /wp-content/plugins/edu-expression-pro/js/jquery-1.11.1.min.js?ver=5.4.2 HTTP/1.0" 200 95786 "-" "panscient.com"
142.93.206.184 - - [10/Sep/2020:12:20:48 -0400] "GET / HTTP/1.0" 301 - "-" "python-requests/2.24.0"
24.108.102.75 - - [10/Sep/2020:13:13:58 -0400] "GET /wp-content/plugins/smart-slider-3/nextend/media/dist/n2.min.js?1584418970 HTTP/1.0" 200 3495 "https://www.auriculotherapy.org/" "Mozilla/5.0 (Macintosh; Intel Mac OS X 10_13_6) AppleWebKit/605.1.15 (KHTML, like Gecko) Version/13.1.2 Safari/605.1.15"
24.108.102.75 - - [10/Sep/2020:13:13:58 -0400] "GET /wp-content/plugins/smart-slider-3/library/media/plugins/type/simple/simple/dist/smartslider-simple-type-frontend.min.js?1584418967 HTTP/1.0" 200 18726 "https://www.auriculotherapy.org/" "Mozilla/5.0 (Macintosh; Intel Mac OS X 10_13_6) AppleWebKit/605.1.15 (KHTML, like Gecko) Version/13.1.2 Safari/605.1.15"
24.108.102.75 - - [10/Sep/2020:13:13:58 -0400] "GET /wp-content/themes/Jingged/style.css?ver=5.4.2 HTTP/1.0" 200 7370 "https://www.auriculotherapy.org/" "Mozilla/5.0 (Macintosh; Intel Mac OS X 10_13_6) AppleWebKit/605.1.15 (KHTML, like Gecko) Version/13.1.2 Safari/605.1.15"
10.30.94.78 - - [10/Sep/2020:14:18:35 -0400] "POST /wp-cron.php?doing_wp_cron=1599761913.1941840648651123046875 HTTP/1.0" 200 - "https://www.auriculotherapy.org/wp-cron.php?doing_wp_cron=1599761913.1941840648651123046875" "WordPress/5.4.2; https://www.auriculotherapy.org"
99.203.79.229 - - [10/Sep/2020:14:53:24 -0400] "GET /wp-includes/js/jquery/jquery-migrate.min.js?ver=1.4.1 HTTP/1.0" 200 10056 "https://www.auriculotherapy.org/" "Mozilla/5.0 (Linux; Android 9; SM-G950U) AppleWebKit/537.36 (KHTML, like Gecko) Chrome/85.0.4183.81 Mobile Safari/537.36"
99.203.79.229 - - [10/Sep/2020:14:53:24 -0400] "GET /wp-content/themes/Jingged/includes/js/bootstrap-wp.js?ver=5.4.2 HTTP/1.0" 200 1514 "https://www.auriculotherapy.org/" "Mozilla/5.0 (Linux; Android 9; SM-G950U) AppleWebKit/537.36 (KHTML, like Gecko) Chrome/85.0.4183.81 Mobile Safari/537.36"
99.203.79.229 - - [10/Sep/2020:14:53:24 -0400] "GET /wp-content/plugins/smart-slider-3/nextend/media/dist/nextend-frontend.min.js?1584418970 HTTP/1.0" 200 77132 "https://www.auriculotherapy.org/" "Mozilla/5.0 (Linux; Android 9; SM-G950U) AppleWebKit/537.36 (KHTML, like Gecko) Chrome/85.0.4183.81 Mobile Safari/537.36"
99.203.79.229 - - [10/Sep/2020:14:53:24 -0400] "GET /wp-content/plugins/smart-slider-3/library/media/dist/smartslider-frontend.min.js?1584418967 HTTP/1.0" 200 132744 "https://www.auriculotherapy.org/" "Mozilla/5.0 (Linux; Android 9; SM-G950U) AppleWebKit/537.36 (KHTML, like Gecko) Chrome/85.0.4183.81 Mobile Safari/537.36"
207.46.13.222 - - [10/Sep/2020:15:20:38 -0400] "GET /robots.txt HTTP/1.0" 200 67 "-" "Mozilla/5.0 (compatible; bingbot/2.0; +http://www.bing.com/bingbot.htm)"
207.46.13.74 - - [10/Sep/2020:15:20:45 -0400] "GET /wp-content/uploads/2019/06/3-Prep-Exam-on-Auriculotherapy.pdf HTTP/1.0" 200 130714 "-" "Mozilla/5.0 (compatible; bingbot/2.0; +http://www.bing.com/bingbot.htm)"
54.36.148.212 - - [10/Sep/2020:15:30:10 -0400] "GET / HTTP/1.0" 200 28727 "-" "Mozilla/5.0 (compatible; AhrefsBot/7.0; +http://ahrefs.com/robot/)"
114.119.152.97 - - [10/Sep/2020:15:45:23 -0400] "GET / HTTP/1.0" 301 - "-" "Mozilla/5.0 (Linux; Android 7.0;) AppleWebKit/537.36 (KHTML, like Gecko) Mobile Safari/537.36 (compatible; PetalBot;+http://aspiegel.com/petalbot)"
104.191.3.130 - - [10/Sep/2020:16:08:20 -0400] "GET /wp-includes/js/jquery/jquery.js?ver=1.12.4-wp HTTP/1.0" 200 96873 "https://www.auriculotherapy.org/directory/" "Mozilla/5.0 (Windows NT 10.0; Win64; x64) AppleWebKit/537.36 (KHTML, like Gecko) Chrome/85.0.4183.83 Safari/537.36 Edg/85.0.564.44"
104.191.3.130 - - [10/Sep/2020:16:08:21 -0400] "GET /favicon.ico HTTP/1.0" 302 - "https://www.auriculotherapy.org/directory/" "Mozilla/5.0 (Windows NT 10.0; Win64; x64) AppleWebKit/537.36 (KHTML, like Gecko) Chrome/85.0.4183.83 Safari/537.36 Edg/85.0.564.44"
104.191.3.130 - - [10/Sep/2020:16:08:24 -0400] "GET /wp-includes/images/w-logo-blue-white-bg.png HTTP/1.0" 200 4119 "https://www.auriculotherapy.org/directory/" "Mozilla/5.0 (Windows NT 10.0; Win64; x64) AppleWebKit/537.36 (KHTML, like Gecko) Chrome/85.0.4183.83 Safari/537.36 Edg/85.0.564.44"
104.191.3.130 - - [10/Sep/2020:16:08:58 -0400] "POST /wp-admin/admin-ajax.php HTTP/1.0" 200 7405 "https://www.auriculotherapy.org/directory/" "Mozilla/5.0 (Windows NT 10.0; Win64; x64) AppleWebKit/537.36 (KHTML, like Gecko) Chrome/85.0.4183.83 Safari/537.36 Edg/85.0.564.44"
17.58.96.228 - - [10/Sep/2020:16:39:58 -0400] "GET /calendar-of-events/ HTTP/1.0" 200 20097 "-" "Mozilla/5.0 (Macintosh; Intel Mac OS X 10_15_5) AppleWebKit/605.1.15 (KHTML, like Gecko) Version/13.1.1 Safari/605.1.15 (Applebot/0.1; +http://www.apple.com/go/applebot)"
114.119.139.44 - - [10/Sep/2020:16:55:33 -0400] "GET /robots.txt HTTP/1.0" 200 67 "-" "(compatible;PetalBot;+http://aspiegel.com/petalbot)"
35.243.167.192 - - [10/Sep/2020:17:47:26 -0400] "GET /login HTTP/1.0" 301 - "-" "ZoominfoBot (zoominfobot at zoominfo dot com)"
38.96.28.229 - - [10/Sep/2020:17:57:16 -0400] "GET /calendar-of-events HTTP/1.0" 301 - "-" "Dispatch/0.14.0-SNAPSHOT"
114.119.133.91 - - [10/Sep/2020:18:40:53 -0400] "GET /the-auriculotherapy-certification-institute/ HTTP/1.0" 200 20527 "-" "Mozilla/5.0 (Linux; Android 7.0;) AppleWebKit/537.36 (KHTML, like Gecko) Mobile Safari/537.36 (compatible; PetalBot;+http://aspiegel.com/petalbot)"
40.77.167.84 - - [10/Sep/2020:18:53:16 -0400] "GET /wp-content/themes/Jingged/includes/css/bootstrap-wp.css?ver=5.4.2 HTTP/1.0" 200 21977 "-" "Mozilla/5.0 (compatible; bingbot/2.0; +http://www.bing.com/bingbot.htm)"
77.75.76.161 - - [10/Sep/2020:19:43:34 -0400] "GET /robots.txt HTTP/1.0" 200 67 "-" "Mozilla/5.0 (compatible; SeznamBot/3.2; +http://napoveda.seznam.cz/en/seznambot-intro/)"
77.75.76.161 - - [10/Sep/2020:19:43:45 -0400] "GET /directory/ HTTP/1.0" 200 24058 "-" "Mozilla/5.0 (compatible; SeznamBot/3.2; +http://napoveda.seznam.cz/en/seznambot-intro/)"
