184.154.76.20 - - [12/Sep/2020:08:01:20 -0400] "GET /application/ HTTP/1.0" 200 28597 "http://www.google.com/url?url=www.auriculotherapy.org&yahoo.com" "Mozilla/5.0 (compatible; MSIE 9.0; Windows NT 6.1; WOW64; Trident/6.0)"
184.154.76.20 - - [12/Sep/2020:08:02:05 -0400] "GET /wp-content/plugins/smart-slider-3/nextend/media/dist/nextend-frontend.min.js?1584418970 HTTP/1.0" 200 77132 "-" "SiteLockSpider [en] (WinNT; I ;Nav)"
184.154.76.20 - - [12/Sep/2020:08:02:06 -0400] "GET /wp-content/themes/Jingged/includes/resources/bootstrap/js/bootstrap.min.js?ver=5.4.2 HTTP/1.0" 200 36868 "http://www.google.com/url?url=www.auriculotherapy.org&yahoo.com" "Mozilla/5.0 (compatible; MSIE 9.0; Windows NT 6.1; WOW64; Trident/6.0)"
184.154.76.20 - - [12/Sep/2020:08:02:07 -0400] "GET /wp-json/oembed/1.0/%5C%22https:%5C/%5C/www.auriculotherapy.org%5C/hello-world%5C/%5C%22 HTTP/1.0" 404 113 "http://www.google.com/url?url=www.auriculotherapy.org&yahoo.com" "Mozilla/5.0 (compatible; MSIE 9.0; Windows NT 6.1; WOW64; Trident/6.0)"
184.154.76.20 - - [12/Sep/2020:08:02:07 -0400] "GET /?p=6 HTTP/1.0" 301 - "-" "SiteLockSpider [en] (WinNT; I ;Nav)"
184.154.76.20 - - [12/Sep/2020:08:02:27 -0400] "GET /wp-json/oembed/1.0/%5C%22https:%5C/%5C/www.auriculotherapy.org%5C/aci-board%5C/%5C%22 HTTP/1.0" 404 113 "http://www.google.com/url?url=www.auriculotherapy.org&yahoo.com" "Mozilla/5.0 (compatible; MSIE 9.0; Windows NT 6.1; WOW64; Trident/6.0)"
184.154.76.20 - - [12/Sep/2020:08:02:28 -0400] "GET /?p=145 HTTP/1.0" 301 - "-" "SiteLockSpider [en] (WinNT; I ;Nav)"
184.154.76.20 - - [12/Sep/2020:08:02:34 -0400] "GET /wp-json/oembed/1.0/embed?url=https%3A%2F%2Fwww.auriculotherapy.org%2Fprivacy-policy%2F HTTP/1.0" 200 2397 "-" "SiteLockSpider [en] (WinNT; I ;Nav)"
184.154.76.20 - - [12/Sep/2020:08:02:43 -0400] "GET /wp-json/oembed/1.0/embed?url=https%3A%2F%2Fwww.auriculotherapy.org%2Fthe-auriculotherapy-certification-institute%2F HTTP/1.0" 200 2695 "-" "SiteLockSpider [en] (WinNT; I ;Nav)"
184.154.76.20 - - [12/Sep/2020:08:02:46 -0400] "GET /wp-content/themes/Jingged/style.css?ver=5.4.2 HTTP/1.0" 200 7370 "http://www.google.com/url?url=www.auriculotherapy.org&yahoo.com" "Mozilla/5.0 (compatible; MSIE 9.0; Windows NT 6.1; WOW64; Trident/6.0)"
184.154.76.20 - - [12/Sep/2020:08:02:46 -0400] "GET /wp-content/themes/Jingged/includes/css/bootstrap-wp.css?ver=5.4.2 HTTP/1.0" 200 21977 "http://www.google.com/url?url=www.auriculotherapy.org&yahoo.com" "Mozilla/5.0 (compatible; MSIE 9.0; Windows NT 6.1; WOW64; Trident/6.0)"
184.154.76.20 - - [12/Sep/2020:08:02:46 -0400] "GET /wp-content/themes/Jingged/includes/css/responsive-wp.css?ver=5.4.2 HTTP/1.0" 200 8178 "-" "SiteLockSpider [en] (WinNT; I ;Nav)"
184.154.76.20 - - [12/Sep/2020:08:02:47 -0400] "GET /wp-content/themes/Jingged/includes/js/skip-link-focus-fix.js?ver=20130115 HTTP/1.0" 200 831 "-" "SiteLockSpider [en] (WinNT; I ;Nav)"
184.154.76.20 - - [12/Sep/2020:08:02:59 -0400] "GET /search/1/feed/rss2/www.miridiatech.com/feed/rss2/ HTTP/1.0" 200 1034 "http://www.google.com/url?url=www.auriculotherapy.org&yahoo.com" "Mozilla/5.0 (compatible; MSIE 9.0; Windows NT 6.1; WOW64; Trident/6.0)"
113.180.229.4 - - [12/Sep/2020:10:14:37 -0400] "GET /?q=semalt.com HTTP/1.0" 301 - "http://google.com/search?q=semalt.com" "Mozilla/5.0 (Windows NT 10.0; Win64; x64) AppleWebKit/537.36 (KHTML, like Gecko) Chrome/74.0.3729.169 Safari/537.36"
114.119.150.166 - - [12/Sep/2020:12:56:32 -0400] "GET /robots.txt HTTP/1.0" 200 67 "-" "(compatible;PetalBot;+http://aspiegel.com/petalbot)"
10.30.94.78 - - [12/Sep/2020:15:04:08 -0400] "POST /wp-cron.php?doing_wp_cron=1599937448.8055119514465332031250 HTTP/1.0" 200 - "http://www.auriculotherapy.org/wp-cron.php?doing_wp_cron=1599937448.8055119514465332031250" "WordPress/5.4.2; https://www.auriculotherapy.org"
66.249.79.108 - - [12/Sep/2020:15:28:50 -0400] "GET /wp-content/uploads/2019/06/2-Auriculotherapy-Terms-to-Know.pdf HTTP/1.0" 200 453422 "-" "Googlebot/2.1 (+http://www.google.com/bot.html)"
34.75.60.34 - - [12/Sep/2020:16:51:00 -0400] "GET /robots.txt HTTP/1.0" 200 67 "-" "ZoominfoBot (zoominfobot at zoominfo dot com)"
51.91.151.69 - - [12/Sep/2020:17:09:11 -0400] "GET /wp-content/plugins/wp-file-manager/lib/php/connector.minimal.php HTTP/1.0" 404 16457 "www.google.com" "Mozlila/5.0 (Linux; Android 7.0; SM-G892A Bulid/NRD90M; wv) AppleWebKit/537.36 (KHTML, like Gecko) Version/4.0 Chrome/60.0.3112.107 Moblie Safari/537.36"
66.249.79.121 - - [12/Sep/2020:18:01:47 -0400] "GET /Mailregistration.htm HTTP/1.0" 404 15957 "-" "Mozilla/5.0 (Linux; Android 6.0.1; Nexus 5X Build/MMB29P) AppleWebKit/537.36 (KHTML, like Gecko) Chrome/80.0.3987.92 Mobile Safari/537.36 (compatible; Googlebot/2.1; +http://www.google.com/bot.html)"
35.229.91.121 - - [12/Sep/2020:18:52:31 -0400] "GET /robots.txt HTTP/1.0" 200 67 "-" "ZoominfoBot (zoominfobot at zoominfo dot com)"
35.229.91.121 - - [12/Sep/2020:18:53:41 -0400] "GET /feed/ HTTP/1.0" 200 5328 "-" "ZoominfoBot (zoominfobot at zoominfo dot com)"
114.119.141.79 - - [12/Sep/2020:19:28:40 -0400] "GET /robots.txt HTTP/1.0" 200 67 "-" "(compatible;PetalBot;+http://aspiegel.com/petalbot)"
40.74.69.98 - - [12/Sep/2020:22:24:38 -0400] "POST /wp-content/plugins/wp-file-manager/lib/php/connector.minimal.php HTTP/1.0" 404 16477 "-" "curl/7.68.0"
24.254.183.161 - - [12/Sep/2020:22:34:36 -0400] "GET /wp-content/plugins/smart-slider-3/nextend/media/dist/n2.min.js?1584418970 HTTP/1.0" 200 3495 "https://www.auriculotherapy.org/" "Mozilla/5.0 (iPhone; CPU iPhone OS 12_4_8 like Mac OS X) AppleWebKit/605.1.15 (KHTML, like Gecko) Version/12.1.2 Mobile/15E148 Safari/604.1"
24.254.183.161 - - [12/Sep/2020:22:34:36 -0400] "GET /wp-includes/js/wp-embed.min.js?ver=5.4.2 HTTP/1.0" 200 1434 "https://www.auriculotherapy.org/" "Mozilla/5.0 (iPhone; CPU iPhone OS 12_4_8 like Mac OS X) AppleWebKit/605.1.15 (KHTML, like Gecko) Version/12.1.2 Mobile/15E148 Safari/604.1"
24.254.183.161 - - [12/Sep/2020:22:34:36 -0400] "GET /wp-content/themes/Jingged/includes/images/auriculotherapybg.png HTTP/1.0" 200 19077 "https://www.auriculotherapy.org/" "Mozilla/5.0 (iPhone; CPU iPhone OS 12_4_8 like Mac OS X) AppleWebKit/605.1.15 (KHTML, like Gecko) Version/12.1.2 Mobile/15E148 Safari/604.1"
24.254.183.161 - - [12/Sep/2020:22:34:36 -0400] "GET /wp-content/uploads/2019/03/banner.png HTTP/1.0" 200 105389 "https://www.auriculotherapy.org/" "Mozilla/5.0 (iPhone; CPU iPhone OS 12_4_8 like Mac OS X) AppleWebKit/605.1.15 (KHTML, like Gecko) Version/12.1.2 Mobile/15E148 Safari/604.1"
24.254.183.161 - - [12/Sep/2020:22:34:36 -0400] "GET /wp-content/themes/Jingged/includes/images/footerbg.jpg HTTP/1.0" 200 24855 "https://www.auriculotherapy.org/" "Mozilla/5.0 (iPhone; CPU iPhone OS 12_4_8 like Mac OS X) AppleWebKit/605.1.15 (KHTML, like Gecko) Version/12.1.2 Mobile/15E148 Safari/604.1"
10.30.94.78 - - [12/Sep/2020:22:58:50 -0400] "POST /wp-cron.php?doing_wp_cron=1599965929.8705730438232421875000 HTTP/1.0" 200 - "https://www.auriculotherapy.org/wp-cron.php?doing_wp_cron=1599965929.8705730438232421875000" "WordPress/5.4.2; https://www.auriculotherapy.org"
65.79.130.155 - - [12/Sep/2020:23:18:48 -0400] "GET /wp-includes/js/jquery/jquery.js?ver=1.12.4-wp HTTP/1.0" 200 96873 "https://www.auriculotherapy.org/" "Mozilla/5.0 (Windows NT 10.0; Win64; x64) AppleWebKit/537.36 (KHTML, like Gecko) Chrome/85.0.4183.83 Safari/537.36"
35.237.106.60 - - [12/Sep/2020:00:41:27 -0400] "GET /sample-page/feed/ HTTP/1.0" 200 775 "-" "ZoominfoBot (zoominfobot at zoominfo dot com)"
172.58.76.115 - - [12/Sep/2020:01:04:26 -0400] "GET /wp-content/themes/Jingged/includes/css/bootstrap-wp.css?ver=5.4.2 HTTP/1.0" 200 21977 "https://www.auriculotherapy.org/" "Mozilla/5.0 (iPhone; CPU iPhone OS 13_7 like Mac OS X) AppleWebKit/605.1.15 (KHTML, like Gecko) Version/13.1.2 Mobile/15E148 Safari/604.1"
172.58.76.115 - - [12/Sep/2020:01:04:27 -0400] "GET /wp-content/themes/Jingged/includes/css/font-awesome.min.css?ver=4.1.0 HTTP/1.0" 200 21984 "https://www.auriculotherapy.org/" "Mozilla/5.0 (iPhone; CPU iPhone OS 13_7 like Mac OS X) AppleWebKit/605.1.15 (KHTML, like Gecko) Version/13.1.2 Mobile/15E148 Safari/604.1"
172.58.76.115 - - [12/Sep/2020:01:04:27 -0400] "GET /wp-content/plugins/profile-builder/assets/css/style-front-end.css?ver=3.1.3 HTTP/1.0" 200 19669 "https://www.auriculotherapy.org/" "Mozilla/5.0 (iPhone; CPU iPhone OS 13_7 like Mac OS X) AppleWebKit/605.1.15 (KHTML, like Gecko) Version/13.1.2 Mobile/15E148 Safari/604.1"
172.58.76.115 - - [12/Sep/2020:01:04:27 -0400] "GET /wp-includes/js/jquery/jquery.js?ver=1.12.4-wp HTTP/1.0" 200 96873 "https://www.auriculotherapy.org/" "Mozilla/5.0 (iPhone; CPU iPhone OS 13_7 like Mac OS X) AppleWebKit/605.1.15 (KHTML, like Gecko) Version/13.1.2 Mobile/15E148 Safari/604.1"
172.58.76.115 - - [12/Sep/2020:01:04:28 -0400] "GET /wp-includes/js/wp-emoji-release.min.js?ver=5.4.2 HTTP/1.0" 200 13901 "https://www.auriculotherapy.org/" "Mozilla/5.0 (iPhone; CPU iPhone OS 13_7 like Mac OS X) AppleWebKit/605.1.15 (KHTML, like Gecko) Version/13.1.2 Mobile/15E148 Safari/604.1"
172.58.76.115 - - [12/Sep/2020:01:04:28 -0400] "GET /wp-content/themes/Jingged/includes/images/auriculotherapybg.png HTTP/1.0" 200 19077 "https://www.auriculotherapy.org/" "Mozilla/5.0 (iPhone; CPU iPhone OS 13_7 like Mac OS X) AppleWebKit/605.1.15 (KHTML, like Gecko) Version/13.1.2 Mobile/15E148 Safari/604.1"
172.58.76.115 - - [12/Sep/2020:01:05:00 -0400] "POST /wp-admin/admin-ajax.php HTTP/1.0" 200 187443 "https://www.auriculotherapy.org/directory/" "Mozilla/5.0 (iPhone; CPU iPhone OS 13_7 like Mac OS X) AppleWebKit/605.1.15 (KHTML, like Gecko) Version/13.1.2 Mobile/15E148 Safari/604.1"
87.74.52.118 - - [12/Sep/2020:03:01:41 -0400] "GET /wp-content/plugins/smart-slider-3/library/media/smartslider.min.css?1584418967 HTTP/1.0" 200 19462 "https://www.auriculotherapy.org/" "Mozilla/5.0 (Windows NT 10.0; Win64; x64; rv:80.0) Gecko/20100101 Firefox/80.0"
87.74.52.118 - - [12/Sep/2020:03:01:41 -0400] "GET /wp-includes/js/jquery/jquery.js?ver=1.12.4-wp HTTP/1.0" 200 96873 "https://www.auriculotherapy.org/" "Mozilla/5.0 (Windows NT 10.0; Win64; x64; rv:80.0) Gecko/20100101 Firefox/80.0"
87.74.52.118 - - [12/Sep/2020:03:01:41 -0400] "GET /wp-includes/js/jquery/jquery-migrate.min.js?ver=1.4.1 HTTP/1.0" 200 10056 "https://www.auriculotherapy.org/" "Mozilla/5.0 (Windows NT 10.0; Win64; x64; rv:80.0) Gecko/20100101 Firefox/80.0"
131.220.6.152 - - [12/Sep/2020:03:23:48 -0400] "GET / HTTP/1.0" 200 28727 "-" "Mozilla/5.0 (X11; Linux x86_64) AppleWebKit/537.36 (KHTML, like Gecko) Chrome/79.0.3945.79 Safari/537.36"
66.249.79.110 - - [12/Sep/2020:04:13:19 -0400] "GET /certification-course-online/ HTTP/1.0" 200 15402 "-" "Mozilla/5.0 (Linux; Android 6.0.1; Nexus 5X Build/MMB29P) AppleWebKit/537.36 (KHTML, like Gecko) Chrome/80.0.3987.92 Mobile Safari/537.36 (compatible; Googlebot/2.1; +http://www.google.com/bot.html)"
52.175.239.154 - - [12/Sep/2020:04:25:06 -0400] "POST / HTTP/1.0" 200 28677 "-" "Mozilla/5.0 (X11; Linux x86_64) AppleWebKit/537.36 (KHTML, like Gecko) Chrome/81.0.4044.129 Safari/537.36"
45.79.249.135 - - [12/Sep/2020:04:32:21 -0400] "GET / HTTP/1.0" 301 - "-" "python-requests/2.24.0"
184.154.76.20 - - [12/Sep/2020:08:01:00 -0400] "GET /?=Search&s=1 HTTP/1.0" 200 23933 "-" "SiteLockSpider [en] (WinNT; I ;Nav)"
184.154.76.20 - - [12/Sep/2020:08:01:03 -0400] "GET /hello-world/ HTTP/1.0" 200 19899 "http://www.google.com/url?url=www.auriculotherapy.org&yahoo.com" "Mozilla/5.0 (compatible; MSIE 9.0; Windows NT 6.1; WOW64; Trident/6.0)"
184.154.76.20 - - [12/Sep/2020:08:01:22 -0400] "GET /wp-json/ HTTP/1.0" 200 89210 "http://www.google.com/url?url=www.auriculotherapy.org&yahoo.com" "Mozilla/5.0 (compatible; MSIE 9.0; Windows NT 6.1; WOW64; Trident/6.0)"
184.154.76.20 - - [12/Sep/2020:08:01:28 -0400] "GET /hello-world/feed/ HTTP/1.0" 200 1691 "http://www.google.com/url?url=www.auriculotherapy.org&yahoo.com" "Mozilla/5.0 (compatible; MSIE 9.0; Windows NT 6.1; WOW64; Trident/6.0)"
184.154.76.20 - - [12/Sep/2020:08:01:31 -0400] "GET /wp-admin/css/forms.min.css?ver=5.4.2 HTTP/1.0" 200 24453 "http://www.google.com/url?url=www.auriculotherapy.org&yahoo.com" "Mozilla/5.0 (compatible; MSIE 9.0; Windows NT 6.1; WOW64; Trident/6.0)"
184.154.76.20 - - [12/Sep/2020:08:01:33 -0400] "GET /category/uncategorized/feed/ HTTP/1.0" 200 5373 "http://www.google.com/url?url=www.auriculotherapy.org&yahoo.com" "Mozilla/5.0 (compatible; MSIE 9.0; Windows NT 6.1; WOW64; Trident/6.0)"
184.154.76.20 - - [12/Sep/2020:08:01:38 -0400] "GET /wp-includes/js/wp-util.min.js?ver=5.4.2 HTTP/1.0" 200 1079 "-" "SiteLockSpider [en] (WinNT; I ;Nav)"
184.154.76.20 - - [12/Sep/2020:08:01:42 -0400] "GET /wp-content/themes/Jingged/style.css?ver=5.4.2 HTTP/1.0" 200 7370 "http://www.google.com/url?url=www.auriculotherapy.org&yahoo.com" "Mozilla/5.0 (compatible; MSIE 9.0; Windows NT 6.1; WOW64; Trident/6.0)"
184.154.76.20 - - [12/Sep/2020:08:01:48 -0400] "GET /a HTTP/1.0" 301 - "-" "SiteLockSpider [en] (WinNT; I ;Nav)"
184.154.76.20 - - [12/Sep/2020:08:01:52 -0400] "GET /wp-content/themes/Jingged/includes/js/bootstrap-wp.js?ver=5.4.2 HTTP/1.0" 200 1514 "-" "SiteLockSpider [en] (WinNT; I ;Nav)"
184.154.76.20 - - [12/Sep/2020:08:02:07 -0400] "GET /wp-json/oembed/1.0/%5C%22https:%5C/%5C/www.auriculotherapy.org%5C/login%5C/%5C%22 HTTP/1.0" 404 113 "http://www.google.com/url?url=www.auriculotherapy.org&yahoo.com" "Mozilla/5.0 (compatible; MSIE 9.0; Windows NT 6.1; WOW64; Trident/6.0)"
184.154.76.20 - - [12/Sep/2020:08:02:08 -0400] "GET /wp-content/plugins/smart-slider-3/library/media/plugins/type/simple/simple/dist/smartslider-simple-type-frontend.min.js?1584418967 HTTP/1.0" 200 18726 "http://www.google.com/url?url=www.auriculotherapy.org&yahoo.com" "Mozilla/5.0 (compatible; MSIE 9.0; Windows NT 6.1; WOW64; Trident/6.0)"
184.154.76.20 - - [12/Sep/2020:08:02:16 -0400] "GET /xmlrpc.php?rsd HTTP/1.0" 200 852 "-" "SiteLockSpider [en] (WinNT; I ;Nav)"
184.154.76.20 - - [12/Sep/2020:08:02:23 -0400] "GET /wp-login.php?=1&log=1&pwd=1&redirect_to=https://www.auriculotherapy.org/the-auriculotherapy-certification-institute/&rememberme=1&testcookie=1&wp-submit=Log%20In HTTP/1.0" 200 6340 "http://www.google.com/url?url=www.auriculotherapy.org&yahoo.com" "Mozilla/5.0 (compatible; MSIE 9.0; Windows NT 6.1; WOW64; Trident/6.0)"
184.154.76.20 - - [12/Sep/2020:08:02:26 -0400] "GET /wp-json/oembed/1.0/embed?url=https%3A%2F%2Fwww.auriculotherapy.org%2Fdirectory%2F HTTP/1.0" 200 2423 "-" "SiteLockSpider [en] (WinNT; I ;Nav)"
184.154.76.20 - - [12/Sep/2020:08:02:39 -0400] "GET /wp-json/oembed/1.0/%5C%22https:%5C/%5C/www.auriculotherapy.org%5C/calendar-of-events-bk%5C/%5C%22 HTTP/1.0" 404 113 "http://www.google.com/url?url=www.auriculotherapy.org&yahoo.com" "Mozilla/5.0 (compatible; MSIE 9.0; Windows NT 6.1; WOW64; Trident/6.0)"
184.154.76.20 - - [12/Sep/2020:08:02:41 -0400] "GET /wp-json/oembed/1.0/embed?url=https%3A%2F%2Fwww.auriculotherapy.org%2Fethics%2F&format=xml HTTP/1.0" 200 2449 "-" "SiteLockSpider [en] (WinNT; I ;Nav)"
184.154.76.20 - - [12/Sep/2020:08:02:43 -0400] "GET /wp-json/oembed/1.0/embed?url=https%3A%2F%2Fwww.auriculotherapy.org%2Fapplication%2F&format=xml HTTP/1.0" 200 2486 "-" "SiteLockSpider [en] (WinNT; I ;Nav)"
184.154.76.20 - - [12/Sep/2020:08:02:44 -0400] "GET /wp-json/oembed/1.0/embed?url=https%3A%2F%2Fwww.auriculotherapy.org%2Fcalendar-of-events%2F&format=xml HTTP/1.0" 200 2509 "-" "SiteLockSpider [en] (WinNT; I ;Nav)"
184.154.76.20 - - [12/Sep/2020:08:02:44 -0400] "GET /wp-json/oembed/1.0/embed?url=https%3A%2F%2Fwww.auriculotherapy.org%2Fcertification-course-online%2F HTTP/1.0" 200 2462 "-" "SiteLockSpider [en] (WinNT; I ;Nav)"
184.154.76.20 - - [12/Sep/2020:08:02:47 -0400] "GET /wp-content/themes/Jingged/includes/css/font-awesome.min.css?ver=4.1.0 HTTP/1.0" 200 21984 "-" "SiteLockSpider [en] (WinNT; I ;Nav)"
184.154.76.20 - - [12/Sep/2020:08:02:50 -0400] "GET /wp-json/oembed/1.0/%5C%22https:%5C/%5C/www.auriculotherapy.org%5C/the-auriculotherapy-certification-institute%5C/%5C%22 HTTP/1.0" 404 113 "http://www.google.com/url?url=www.auriculotherapy.org&yahoo.com" "Mozilla/5.0 (compatible; MSIE 9.0; Windows NT 6.1; WOW64; Trident/6.0)"
184.154.76.20 - - [12/Sep/2020:08:02:50 -0400] "GET /search/1/feed/rss2/www.redwingbooks.com HTTP/1.0" 200 16362 "-" "SiteLockSpider [en] (WinNT; I ;Nav)"
184.154.76.20 - - [12/Sep/2020:08:02:52 -0400] "GET /search/1/feed/rss2/www.mednet.ucla.edu/feed/rss2/ HTTP/1.0" 200 1034 "http://www.google.com/url?url=www.auriculotherapy.org&yahoo.com" "Mozilla/5.0 (compatible; MSIE 9.0; Windows NT 6.1; WOW64; Trident/6.0)"
184.154.76.20 - - [12/Sep/2020:08:03:03 -0400] "GET /wp-includes/js/wp-embed.min.js?ver=5.2.5 HTTP/1.0" 200 1434 "-" "SiteLockSpider [en] (WinNT; I ;Nav)"
159.89.175.59 - - [12/Sep/2020:08:06:48 -0400] "GET / HTTP/1.0" 301 - "-" "Mozilla/5.0 (Windows NT 10.0; Win64; x64) AppleWebKit/537.36 (KHTML, like Gecko) Chrome/59.0.3071.115 Safari/537.36"
54.38.138.237 - - [12/Sep/2020:08:16:04 -0400] "GET /wp-content/plugins/wp-file-manager/lib/php/connector.minimal.php HTTP/1.0" 301 500 "www.google.com" "Mozlila/5.0 (Linux; Android 7.0; SM-G892A Bulid/NRD90M; wv) AppleWebKit/537.36 (KHTML, like Gecko) Version/4.0 Chrome/60.0.3112.107 Moblie Safari/537.36"
198.27.81.188 - - [12/Sep/2020:08:48:52 -0400] "GET /wp-content/plugins/wp-file-manager/lib/files/xxx.php HTTP/1.0" 404 16457 "-" "curl/7.68.0"
198.27.81.188 - - [12/Sep/2020:08:49:10 -0400] "GET /wp-content/plugins/wp-file-manager/lib/files/x.php?cmd=whoami HTTP/1.0" 301 500 "-" "curl/7.68.0"
198.27.81.188 - - [12/Sep/2020:08:49:20 -0400] "GET /wp-content/plugins/wp-file-manager/lib/files/x.php?cmd=whoami HTTP/1.0" 404 16457 "-" "curl/7.68.0"
10.30.94.78 - - [12/Sep/2020:08:59:44 -0400] "POST /wp-cron.php?doing_wp_cron=1599915585.7212760448455810546875 HTTP/1.0" 200 - "http://www.auriculotherapy.org/wp-cron.php?doing_wp_cron=1599915585.7212760448455810546875" "WordPress/5.4.2; https://www.auriculotherapy.org"
66.249.79.108 - - [12/Sep/2020:09:12:41 -0400] "GET /wp-content/themes/Jingged/includes/css/jquery-ui.css HTTP/1.0" 200 35997 "https://www.auriculotherapy.org/application/" "Mozilla/5.0 (Linux; Android 6.0.1; Nexus 5X Build/MMB29P) AppleWebKit/537.36 (KHTML, like Gecko) Chrome/85.0.4183.105 Mobile Safari/537.36 (compatible; Googlebot/2.1; +http://www.google.com/bot.html)"
10.30.94.78 - - [12/Sep/2020:10:14:40 -0400] "POST /wp-cron.php?doing_wp_cron=1599920079.2869029045104980468750 HTTP/1.0" 200 - "http://www.auriculotherapy.org/wp-cron.php?doing_wp_cron=1599920079.2869029045104980468750" "WordPress/5.4.2; https://www.auriculotherapy.org"
182.92.85.121 - - [12/Sep/2020:12:10:49 -0400] "GET /FCKeditor/editor/filemanager/connectors/php/connector.php HTTP/1.0" 404 16457 "-" "python-requests/2.22.0"
10.30.94.78 - - [12/Sep/2020:12:56:34 -0400] "POST /wp-cron.php?doing_wp_cron=1599929794.0912361145019531250000 HTTP/1.0" 200 - "https://www.auriculotherapy.org/wp-cron.php?doing_wp_cron=1599929794.0912361145019531250000" "WordPress/5.4.2; https://www.auriculotherapy.org"
192.95.30.65 - - [12/Sep/2020:15:21:30 -0400] "POST ///wp-content/plugins/wp-file-manager/lib/php/connector.minimal.php HTTP/1.0" 404 16538 "-" "curl/7.68.0"
192.95.30.65 - - [12/Sep/2020:15:21:46 -0400] "GET ///wp-content/plugins/wp-file-manager/lib/files/admin.php HTTP/1.0" 301 500 "-" "curl/7.68.0"
146.185.201.81 - - [12/Sep/2020:16:34:41 -0400] "GET /wp-content/plugins/wp-file-manager/lib/php/connector.minimal.php HTTP/1.0" 301 500 "http://auriculotherapy.org/wp-content/plugins/wp-file-manager/lib/php/connector.minimal.php" "Mozilla/5.0 (Windows NT 10.0; Win64; x64) AppleWebKit/537.36 (KHTML, like Gecko) Chrome/72.0.3626.121 Safari/537.36"
66.249.79.121 - - [12/Sep/2020:16:55:14 -0400] "GET / HTTP/1.0" 301 - "-" "Mozilla/5.0 (Linux; Android 6.0.1; Nexus 5X Build/MMB29P) AppleWebKit/537.36 (KHTML, like Gecko) Chrome/80.0.3987.92 Mobile Safari/537.36 (compatible; Googlebot/2.1; +http://www.google.com/bot.html)"
17.58.96.228 - - [12/Sep/2020:18:36:07 -0400] "GET /course-study/ HTTP/1.0" 200 18026 "-" "Mozilla/5.0 (Macintosh; Intel Mac OS X 10_15_5) AppleWebKit/605.1.15 (KHTML, like Gecko) Version/13.1.1 Safari/605.1.15 (Applebot/0.1; +http://www.apple.com/go/applebot)"
35.229.91.121 - - [12/Sep/2020:18:52:48 -0400] "GET /links/ HTTP/1.0" 200 16758 "-" "ZoominfoBot (zoominfobot at zoominfo dot com)"
35.229.91.121 - - [12/Sep/2020:19:04:47 -0400] "GET /comments/feed/ HTTP/1.0" 200 1729 "-" "ZoominfoBot (zoominfobot at zoominfo dot com)"
35.229.91.121 - - [12/Sep/2020:19:29:39 -0400] "GET /aci-board/ HTTP/1.0" 200 33763 "-" "ZoominfoBot (zoominfobot at zoominfo dot com)"
114.119.151.206 - - [12/Sep/2020:20:23:59 -0400] "GET /course-study/ HTTP/1.0" 200 18026 "-" "Mozilla/5.0 (Linux; Android 7.0;) AppleWebKit/537.36 (KHTML, like Gecko) Mobile Safari/537.36 (compatible; PetalBot;+http://aspiegel.com/petalbot)"
96.8.168.148 - - [12/Sep/2020:22:12:06 -0400] "GET /wp-content/themes/Jingged/includes/css/responsive-wp.css?ver=5.4.2 HTTP/1.0" 200 8178 "https://www.auriculotherapy.org/course-study/" "Mozilla/5.0 (Macintosh; Intel Mac OS X 10_15_5) AppleWebKit/605.1.15 (KHTML, like Gecko) Version/13.1.1 Safari/605.1.15"
96.8.168.148 - - [12/Sep/2020:22:12:06 -0400] "GET /wp-content/themes/Jingged/includes/images/jingged.png HTTP/1.0" 200 2340 "https://www.auriculotherapy.org/course-study/" "Mozilla/5.0 (Macintosh; Intel Mac OS X 10_15_5) AppleWebKit/605.1.15 (KHTML, like Gecko) Version/13.1.1 Safari/605.1.15"
89.36.76.117 - - [12/Sep/2020:22:43:46 -0400] "GET /login/ HTTP/1.0" 200 16906 "http://www.auriculotherapy.org/login/" "Mozilla/5.0 (Windows NT 10.0; Win64; x64) AppleWebKit/537.36 (KHTML, like Gecko) Chrome/67.0.3396.87 Safari/537.36 OPR/54.0.2952.54"
45.79.249.135 - - [12/Sep/2020:22:58:58 -0400] "GET / HTTP/1.0" 301 - "-" "python-requests/2.24.0"
65.79.130.155 - - [12/Sep/2020:23:18:48 -0400] "GET /wp-content/plugins/profile-builder/assets/css/style-front-end.css?ver=3.1.3 HTTP/1.0" 200 19669 "https://www.auriculotherapy.org/" "Mozilla/5.0 (Windows NT 10.0; Win64; x64) AppleWebKit/537.36 (KHTML, like Gecko) Chrome/85.0.4183.83 Safari/537.36"
65.79.130.155 - - [12/Sep/2020:23:18:48 -0400] "GET /wp-content/plugins/smart-slider-3/nextend/media/dist/n2.min.js?1584418970 HTTP/1.0" 200 3495 "https://www.auriculotherapy.org/" "Mozilla/5.0 (Windows NT 10.0; Win64; x64) AppleWebKit/537.36 (KHTML, like Gecko) Chrome/85.0.4183.83 Safari/537.36"
65.79.130.155 - - [12/Sep/2020:23:18:48 -0400] "GET /wp-content/uploads/2019/03/ear-1.jpg HTTP/1.0" 200 90265 "https://www.auriculotherapy.org/" "Mozilla/5.0 (Windows NT 10.0; Win64; x64) AppleWebKit/537.36 (KHTML, like Gecko) Chrome/85.0.4183.83 Safari/537.36"
65.79.130.155 - - [12/Sep/2020:23:18:50 -0400] "GET /wp-includes/js/wp-emoji-release.min.js?ver=5.4.2 HTTP/1.0" 200 13901 "https://www.auriculotherapy.org/" "Mozilla/5.0 (Windows NT 10.0; Win64; x64) AppleWebKit/537.36 (KHTML, like Gecko) Chrome/85.0.4183.83 Safari/537.36"
45.79.249.135 - - [12/Sep/2020:23:30:36 -0400] "GET /wp-content/plugins/wp-file-manager/lib/php/connector.minimal.php HTTP/1.0" 404 16457 "www.google.com" "Mozlila/5.0 (Linux; Android 7.0; SM-G892A Bulid/NRD90M; wv) AppleWebKit/537.36 (KHTML, like Gecko) Version/4.0 Chrome/60.0.3112.107 Moblie Safari/537.36"
35.237.106.60 - - [12/Sep/2020:00:23:37 -0400] "GET /feed/ HTTP/1.0" 200 5328 "-" "ZoominfoBot (zoominfobot at zoominfo dot com)"
35.237.106.60 - - [12/Sep/2020:00:52:30 -0400] "GET /login HTTP/1.0" 301 - "-" "ZoominfoBot (zoominfobot at zoominfo dot com)"
35.237.106.60 - - [12/Sep/2020:00:52:32 -0400] "GET /login/ HTTP/1.0" 200 16892 "-" "ZoominfoBot (zoominfobot at zoominfo dot com)"
10.30.94.78 - - [12/Sep/2020:00:53:54 -0400] "POST /wp-cron.php?doing_wp_cron=1599886434.5929260253906250000000 HTTP/1.0" 200 - "https://www.auriculotherapy.org/wp-cron.php?doing_wp_cron=1599886434.5929260253906250000000" "WordPress/5.4.2; https://www.auriculotherapy.org"
66.249.79.110 - - [12/Sep/2020:00:54:09 -0400] "GET /ads.txt HTTP/1.0" 404 15977 "-" "Mozilla/5.0 (compatible; Googlebot/2.1; +http://www.google.com/bot.html)"
172.58.76.115 - - [12/Sep/2020:01:04:27 -0400] "GET /wp-content/themes/Jingged/includes/fonts/fontawesome-webfont.woff?v=4.2.0 HTTP/1.0" 200 65452 "https://www.auriculotherapy.org/" "Mozilla/5.0 (iPhone; CPU iPhone OS 13_7 like Mac OS X) AppleWebKit/605.1.15 (KHTML, like Gecko) Version/13.1.2 Mobile/15E148 Safari/604.1"
172.58.76.115 - - [12/Sep/2020:01:04:31 -0400] "GET /wp-includes/images/w-logo-blue-white-bg.png HTTP/1.0" 200 4119 "https://www.auriculotherapy.org/" "Mozilla/5.0 (iPhone; CPU iPhone OS 13_7 like Mac OS X) AppleWebKit/605.1.15 (KHTML, like Gecko) Version/13.1.2 Mobile/15E148 Safari/604.1"
10.30.94.78 - - [12/Sep/2020:02:09:04 -0400] "POST /wp-cron.php?doing_wp_cron=1599890944.4663460254669189453125 HTTP/1.0" 200 - "http://www.auriculotherapy.org/wp-cron.php?doing_wp_cron=1599890944.4663460254669189453125" "WordPress/5.4.2; https://www.auriculotherapy.org"
87.74.52.118 - - [12/Sep/2020:03:01:37 -0400] "GET / HTTP/1.0" 301 - "-" "Mozilla/5.0 (Windows NT 10.0; Win64; x64; rv:80.0) Gecko/20100101 Firefox/80.0"
87.74.52.118 - - [12/Sep/2020:03:01:40 -0400] "GET / HTTP/1.0" 200 28727 "-" "Mozilla/5.0 (Windows NT 10.0; Win64; x64; rv:80.0) Gecko/20100101 Firefox/80.0"
87.74.52.118 - - [12/Sep/2020:03:02:33 -0400] "GET /wp-content/themes/Jingged/includes/js/jquery-ui.js HTTP/1.0" 200 520714 "https://www.auriculotherapy.org/application/" "Mozilla/5.0 (Windows NT 10.0; Win64; x64; rv:80.0) Gecko/20100101 Firefox/80.0"
10.30.94.78 - - [12/Sep/2020:04:13:19 -0400] "POST /wp-cron.php?doing_wp_cron=1599898399.0688419342041015625000 HTTP/1.0" 200 - "https://www.auriculotherapy.org/wp-cron.php?doing_wp_cron=1599898399.0688419342041015625000" "WordPress/5.4.2; https://www.auriculotherapy.org"
184.154.76.20 - - [12/Sep/2020:08:00:58 -0400] "GET /th1s_1s_a_4o4.html HTTP/1.0" 404 15977 "-" "SiteLockSpider [en] (WinNT; I ;Nav)"
184.154.76.20 - - [12/Sep/2020:08:01:00 -0400] "GET / HTTP/1.0" 200 28727 "http://www.google.com/url?url=www.auriculotherapy.org&yahoo.com" "Mozilla/5.0 (compatible; MSIE 9.0; Windows NT 6.1; WOW64; Trident/6.0)"
184.154.76.20 - - [12/Sep/2020:08:01:10 -0400] "GET /aci-board/ HTTP/1.0" 200 33763 "http://www.google.com/url?url=www.auriculotherapy.org&yahoo.com" "Mozilla/5.0 (compatible; MSIE 9.0; Windows NT 6.1; WOW64; Trident/6.0)"
184.154.76.20 - - [12/Sep/2020:08:01:17 -0400] "GET /forms/ HTTP/1.0" 200 15936 "http://www.google.com/url?url=www.auriculotherapy.org&yahoo.com" "Mozilla/5.0 (compatible; MSIE 9.0; Windows NT 6.1; WOW64; Trident/6.0)"
184.154.76.20 - - [12/Sep/2020:08:01:40 -0400] "GET /wp-json/oembed/1.0/embed?url=https%3A%2F%2Fwww.auriculotherapy.org%2Faci-board%2F&format=xml HTTP/1.0" 200 2464 "-" "SiteLockSpider [en] (WinNT; I ;Nav)"
184.154.76.20 - - [12/Sep/2020:08:01:43 -0400] "GET /wp-includes/js/jquery/jquery.js?ver=1.12.4-wp HTTP/1.0" 200 96873 "http://www.google.com/url?url=www.auriculotherapy.org&yahoo.com" "Mozilla/5.0 (compatible; MSIE 9.0; Windows NT 6.1; WOW64; Trident/6.0)"
184.154.76.20 - - [12/Sep/2020:08:02:08 -0400] "GET /wp-content/themes/Jingged/includes/resources/bootstrap/css/bootstrap.min.css?ver=5.4.2 HTTP/1.0" 200 119327 "http://www.google.com/url?url=www.auriculotherapy.org&yahoo.com" "Mozilla/5.0 (compatible; MSIE 9.0; Windows NT 6.1; WOW64; Trident/6.0)"
184.154.76.20 - - [12/Sep/2020:08:02:10 -0400] "GET /?p=42 HTTP/1.0" 301 - "-" "SiteLockSpider [en] (WinNT; I ;Nav)"
184.154.76.20 - - [12/Sep/2020:08:02:11 -0400] "GET /?p=44 HTTP/1.0" 301 - "-" "SiteLockSpider [en] (WinNT; I ;Nav)"
184.154.76.20 - - [12/Sep/2020:08:02:18 -0400] "GET /login/?CSRFToken-wppb=82570cfe50&_wp_http_referer=/login/&log=1&pwd=1&redirect_to=https://www.auriculotherapy.org/login/&rememberme=1&wp-submit=Log%20In&wppb_form_location=page&wppb_login=true&wppb_lostpassword_url=1&wppb_redirect_check=true&wppb_redirect_priority=1&wppb_referer_url=http://www.google.com/url?url=www.auriculotherapy.org&yahoo.com&wppb_request_url=https://www.auriculotherapy.org/login/ HTTP/1.0" 302 - "http://www.google.com/url?url=www.auriculotherapy.org&yahoo.com" "Mozilla/5.0 (compatible; MSIE 9.0; Windows NT 6.1; WOW64; Trident/6.0)"
184.154.76.20 - - [12/Sep/2020:08:02:35 -0400] "GET /wp-json/oembed/1.0/embed?url=https%3A%2F%2Fwww.auriculotherapy.org%2Fcontact-us%2F&format=xml HTTP/1.0" 200 2469 "-" "SiteLockSpider [en] (WinNT; I ;Nav)"
184.154.76.20 - - [12/Sep/2020:08:02:37 -0400] "GET /wp-json/oembed/1.0/%5C%22https:%5C/%5C/www.auriculotherapy.org%5C/course-study%5C/%5C%22 HTTP/1.0" 404 113 "http://www.google.com/url?url=www.auriculotherapy.org&yahoo.com" "Mozilla/5.0 (compatible; MSIE 9.0; Windows NT 6.1; WOW64; Trident/6.0)"
184.154.76.20 - - [12/Sep/2020:08:02:44 -0400] "GET /wp-json/oembed/1.0/embed?url=https%3A%2F%2Fwww.auriculotherapy.org%2F&format=xml HTTP/1.0" 200 2429 "-" "SiteLockSpider [en] (WinNT; I ;Nav)"
184.154.76.20 - - [12/Sep/2020:08:02:46 -0400] "GET /th1s_1s_a_4o4.html HTTP/1.0" 404 15957 "http://www.google.com/url?url=www.auriculotherapy.org&yahoo.com" "Mozilla/5.0 (compatible; MSIE 9.0; Windows NT 6.1; WOW64; Trident/6.0)"
184.154.76.20 - - [12/Sep/2020:08:02:47 -0400] "GET /xmlrpc.php HTTP/1.0" 405 42 "-" "SiteLockSpider [en] (WinNT; I ;Nav)"
184.154.76.20 - - [12/Sep/2020:08:02:48 -0400] "GET /wp-includes/css/dist/block-library/style.min.css?ver=5.4.2 HTTP/1.0" 200 53593 "http://www.google.com/url?url=www.auriculotherapy.org&yahoo.com" "Mozilla/5.0 (compatible; MSIE 9.0; Windows NT 6.1; WOW64; Trident/6.0)"
184.154.76.20 - - [12/Sep/2020:08:02:52 -0400] "GET /search/1/feed/rss2/www.redwingbooks.com/feed/rss2/ HTTP/1.0" 200 1036 "http://www.google.com/url?url=www.auriculotherapy.org&yahoo.com" "Mozilla/5.0 (compatible; MSIE 9.0; Windows NT 6.1; WOW64; Trident/6.0)"
184.154.76.20 - - [12/Sep/2020:08:02:59 -0400] "GET /search/1/feed/rss2/www.hmieducation.com/feed/rss2/ HTTP/1.0" 200 1036 "http://www.google.com/url?url=www.auriculotherapy.org&yahoo.com" "Mozilla/5.0 (compatible; MSIE 9.0; Windows NT 6.1; WOW64; Trident/6.0)"
184.154.76.20 - - [12/Sep/2020:08:03:00 -0400] "GET /search/1/feed/rss2/www.acupunctureresearch.org/feed/rss2/ HTTP/1.0" 200 1050 "http://www.google.com/url?url=www.auriculotherapy.org&yahoo.com" "Mozilla/5.0 (compatible; MSIE 9.0; Windows NT 6.1; WOW64; Trident/6.0)"
184.154.76.20 - - [12/Sep/2020:08:03:04 -0400] "GET /wp-includes/js/comment-reply.min.js?ver=5.2.5 HTTP/1.0" 200 2420 "-" "SiteLockSpider [en] (WinNT; I ;Nav)"
184.154.76.20 - - [12/Sep/2020:08:03:04 -0400] "GET /wp-admin/css/forms.min.css?ver=5.2.6 HTTP/1.0" 200 24453 "-" "SiteLockSpider [en] (WinNT; I ;Nav)"
198.27.81.188 - - [12/Sep/2020:08:48:11 -0400] "GET /wp-content/plugins/wp-file-manager/lib/files/x.php?cmd=whoami HTTP/1.0" 404 16477 "-" "curl/7.68.0"
198.27.81.188 - - [12/Sep/2020:08:48:26 -0400] "POST /wp-content/plugins/wp-file-manager/lib/php/connector.minimal.php HTTP/1.0" 404 16518 "-" "curl/7.68.0"
138.197.221.77 - - [12/Sep/2020:08:50:21 -0400] "POST / HTTP/1.0" 200 28738 "-" "Mozilla/5.0 (X11; Linux x86_64) AppleWebKit/537.36 (KHTML, like Gecko) Chrome/81.0.4044.129 Safari/537.36"
66.249.79.110 - - [12/Sep/2020:09:12:42 -0400] "GET /wp-content/themes/Jingged/includes/js/jquery-ui.js HTTP/1.0" 200 520714 "https://www.auriculotherapy.org/application/" "Mozilla/5.0 (Linux; Android 6.0.1; Nexus 5X Build/MMB29P) AppleWebKit/537.36 (KHTML, like Gecko) Chrome/85.0.4183.105 Mobile Safari/537.36 (compatible; Googlebot/2.1; +http://www.google.com/bot.html)"
89.36.76.117 - - [12/Sep/2020:12:13:12 -0400] "GET /wp-json/oembed/1.0/embed?url=https%3A%2F%2Fwww.auriculotherapy.org%2Faci-board%2F HTTP/1.0" 200 2372 "https://www.auriculotherapy.org/wp-json/oembed/1.0/embed?url=https%3A%2F%2Fwww.auriculotherapy.org%2Faci-board%2F" "Mozilla/5.0 (Windows NT 6.1; Win64; x64) AppleWebKit/537.36 (KHTML, like Gecko) Chrome/67.0.3396.99 Safari/537.36"
114.119.150.127 - - [12/Sep/2020:15:25:49 -0400] "GET /robots.txt HTTP/1.0" 200 67 "-" "(compatible;PetalBot;+http://aspiegel.com/petalbot)"
66.249.79.108 - - [12/Sep/2020:15:29:46 -0400] "GET /wp-content/uploads/2019/06/6-AAF-ACI-Application-Form.pdf HTTP/1.0" 200 104435 "-" "Googlebot/2.1 (+http://www.google.com/bot.html)"
66.249.79.108 - - [12/Sep/2020:15:32:09 -0400] "GET /wp-content/uploads/2019/06/8-Ethics-ACI-Ethical-Principles.pdf HTTP/1.0" 200 134671 "-" "Googlebot/2.1 (+http://www.google.com/bot.html)"
64.246.165.210 - - [12/Sep/2020:16:02:30 -0400] "GET / HTTP/1.0" 301 - "-" "Mozilla/5.0 (Macintosh; Intel Mac OS X 10.10; rv:59.0) Gecko/20100101 Firefox/59.0"
114.119.135.207 - - [12/Sep/2020:16:31:12 -0400] "GET /robots.txt HTTP/1.0" 200 67 "-" "(compatible;PetalBot;+http://aspiegel.com/petalbot)"
114.119.134.41 - - [12/Sep/2020:16:40:13 -0400] "GET /robots.txt HTTP/1.0" 200 67 "-" "(compatible;PetalBot;+http://aspiegel.com/petalbot)"
34.75.60.34 - - [12/Sep/2020:16:51:57 -0400] "GET /robots.txt HTTP/1.0" 200 67 "-" "ZoominfoBot (zoominfobot at zoominfo dot com)"
66.249.79.112 - - [12/Sep/2020:17:14:48 -0400] "GET / HTTP/1.0" 200 28727 "-" "Mozilla/5.0 (compatible; Googlebot/2.1; +http://www.google.com/bot.html)"
54.36.148.70 - - [12/Sep/2020:17:32:26 -0400] "GET /robots.txt HTTP/1.0" 200 67 "-" "Mozilla/5.0 (compatible; AhrefsBot/6.1; +http://ahrefs.com/robot/)"
17.58.99.252 - - [12/Sep/2020:18:36:05 -0400] "GET /robots.txt HTTP/1.0" 200 67 "-" "Mozilla/5.0 (Macintosh; Intel Mac OS X 10_15_5) AppleWebKit/605.1.15 (KHTML, like Gecko) Version/13.1.1 Safari/605.1.15 (Applebot/0.1; +http://www.apple.com/go/applebot)"
45.79.249.135 - - [12/Sep/2020:18:50:29 -0400] "GET / HTTP/1.0" 301 - "-" "python-requests/2.24.0"
35.229.91.121 - - [12/Sep/2020:19:11:15 -0400] "GET /course-study/ HTTP/1.0" 200 18026 "-" "ZoominfoBot (zoominfobot at zoominfo dot com)"
17.58.96.228 - - [12/Sep/2020:20:32:22 -0400] "GET /defined.htm HTTP/1.0" 404 15957 "-" "Mozilla/5.0 (Macintosh; Intel Mac OS X 10_15_5) AppleWebKit/605.1.15 (KHTML, like Gecko) Version/13.1.1 Safari/605.1.15 (Applebot/0.1; +http://www.apple.com/go/applebot)"
45.79.249.135 - - [12/Sep/2020:21:58:32 -0400] "GET /wp-content/plugins/wp-file-manager/lib/php/connector.minimal.php HTTP/1.0" 404 16457 "www.google.com" "Mozlila/5.0 (Linux; Android 7.0; SM-G892A Bulid/NRD90M; wv) AppleWebKit/537.36 (KHTML, like Gecko) Version/4.0 Chrome/60.0.3112.107 Moblie Safari/537.36"
114.119.151.206 - - [12/Sep/2020:22:05:03 -0400] "GET / HTTP/1.0" 301 - "-" "Mozilla/5.0 (Linux; Android 7.0;) AppleWebKit/537.36 (KHTML, like Gecko) Mobile Safari/537.36 (compatible; PetalBot;+http://aspiegel.com/petalbot)"
96.8.168.148 - - [12/Sep/2020:22:12:03 -0400] "GET /course-study/ HTTP/1.0" 200 18026 "https://lms.iquim.org/login/index.php" "Mozilla/5.0 (Macintosh; Intel Mac OS X 10_15_5) AppleWebKit/605.1.15 (KHTML, like Gecko) Version/13.1.1 Safari/605.1.15"
96.8.168.148 - - [12/Sep/2020:22:12:05 -0400] "GET /wp-includes/js/jquery/jquery.js?ver=1.12.4-wp HTTP/1.0" 200 96873 "https://www.auriculotherapy.org/course-study/" "Mozilla/5.0 (Macintosh; Intel Mac OS X 10_15_5) AppleWebKit/605.1.15 (KHTML, like Gecko) Version/13.1.1 Safari/605.1.15"
96.8.168.148 - - [12/Sep/2020:22:12:05 -0400] "GET /wp-includes/js/jquery/jquery-migrate.min.js?ver=1.4.1 HTTP/1.0" 200 10056 "https://www.auriculotherapy.org/course-study/" "Mozilla/5.0 (Macintosh; Intel Mac OS X 10_15_5) AppleWebKit/605.1.15 (KHTML, like Gecko) Version/13.1.1 Safari/605.1.15"
96.8.168.148 - - [12/Sep/2020:22:12:07 -0400] "GET /favicon.ico HTTP/1.0" 302 - "https://www.auriculotherapy.org/course-study/" "Mozilla/5.0 (Macintosh; Intel Mac OS X 10_15_5) AppleWebKit/605.1.15 (KHTML, like Gecko) Version/13.1.1 Safari/605.1.15"
1.38.56.59 - - [12/Sep/2020:22:33:08 -0400] "GET /wp-content/uploads/2019/06/earbg.jpg HTTP/1.0" 200 25855 "https://www.google.com/" "Mozilla/5.0 (Windows NT 10.0; Win64; x64) AppleWebKit/537.36 (KHTML, like Gecko) Chrome/85.0.4183.102 Safari/537.36"
24.254.183.161 - - [12/Sep/2020:22:34:35 -0400] "GET /wp-content/themes/Jingged/includes/js/bootstrap-wp.js?ver=5.4.2 HTTP/1.0" 200 1514 "https://www.auriculotherapy.org/" "Mozilla/5.0 (iPhone; CPU iPhone OS 12_4_8 like Mac OS X) AppleWebKit/605.1.15 (KHTML, like Gecko) Version/12.1.2 Mobile/15E148 Safari/604.1"
24.254.183.161 - - [12/Sep/2020:22:34:35 -0400] "GET /wp-content/themes/Jingged/style.css?ver=5.4.2 HTTP/1.0" 200 7370 "https://www.auriculotherapy.org/" "Mozilla/5.0 (iPhone; CPU iPhone OS 12_4_8 like Mac OS X) AppleWebKit/605.1.15 (KHTML, like Gecko) Version/12.1.2 Mobile/15E148 Safari/604.1"
24.254.183.161 - - [12/Sep/2020:22:34:35 -0400] "GET /wp-content/themes/Jingged/includes/images/jingged.png HTTP/1.0" 200 2340 "https://www.auriculotherapy.org/" "Mozilla/5.0 (iPhone; CPU iPhone OS 12_4_8 like Mac OS X) AppleWebKit/605.1.15 (KHTML, like Gecko) Version/12.1.2 Mobile/15E148 Safari/604.1"
24.254.183.161 - - [12/Sep/2020:22:34:36 -0400] "GET /wp-includes/js/wp-emoji-release.min.js?ver=5.4.2 HTTP/1.0" 200 13901 "https://www.auriculotherapy.org/" "Mozilla/5.0 (iPhone; CPU iPhone OS 12_4_8 like Mac OS X) AppleWebKit/605.1.15 (KHTML, like Gecko) Version/12.1.2 Mobile/15E148 Safari/604.1"
24.254.183.161 - - [12/Sep/2020:22:34:36 -0400] "GET /wp-content/themes/Jingged/includes/js/skip-link-focus-fix.js?ver=20130115 HTTP/1.0" 200 831 "https://www.auriculotherapy.org/" "Mozilla/5.0 (iPhone; CPU iPhone OS 12_4_8 like Mac OS X) AppleWebKit/605.1.15 (KHTML, like Gecko) Version/12.1.2 Mobile/15E148 Safari/604.1"
194.187.171.127 - - [12/Sep/2020:22:49:59 -0400] "GET /wp-includes/images/w-logo-blue-white-bg.png HTTP/1.0" 200 4119 "-" "Qwantify/1.0"
65.79.130.155 - - [12/Sep/2020:23:18:46 -0400] "GET / HTTP/1.0" 200 28727 "https://www.google.com/" "Mozilla/5.0 (Windows NT 10.0; Win64; x64) AppleWebKit/537.36 (KHTML, like Gecko) Chrome/85.0.4183.83 Safari/537.36"
65.79.130.155 - - [12/Sep/2020:23:18:48 -0400] "GET /wp-includes/js/jquery/jquery-migrate.min.js?ver=1.4.1 HTTP/1.0" 200 10056 "https://www.auriculotherapy.org/" "Mozilla/5.0 (Windows NT 10.0; Win64; x64) AppleWebKit/537.36 (KHTML, like Gecko) Chrome/85.0.4183.83 Safari/537.36"
65.79.130.155 - - [12/Sep/2020:23:18:48 -0400] "GET /wp-content/themes/Jingged/includes/images/jingged.png HTTP/1.0" 200 2340 "https://www.auriculotherapy.org/" "Mozilla/5.0 (Windows NT 10.0; Win64; x64) AppleWebKit/537.36 (KHTML, like Gecko) Chrome/85.0.4183.83 Safari/537.36"
65.79.130.155 - - [12/Sep/2020:23:18:50 -0400] "GET /wp-content/themes/Jingged/includes/images/footerbg.jpg HTTP/1.0" 200 24855 "https://www.auriculotherapy.org/wp-content/themes/Jingged/includes/css/bootstrap-wp.css?ver=5.4.2" "Mozilla/5.0 (Windows NT 10.0; Win64; x64) AppleWebKit/537.36 (KHTML, like Gecko) Chrome/85.0.4183.83 Safari/537.36"
65.79.130.155 - - [12/Sep/2020:23:18:50 -0400] "GET /wp-content/themes/Jingged/includes/fonts/fontawesome-webfont.woff?v=4.2.0 HTTP/1.0" 200 65452 "https://www.auriculotherapy.org/wp-content/themes/Jingged/includes/css/font-awesome.min.css?ver=4.1.0" "Mozilla/5.0 (Windows NT 10.0; Win64; x64) AppleWebKit/537.36 (KHTML, like Gecko) Chrome/85.0.4183.83 Safari/537.36"
65.79.130.155 - - [12/Sep/2020:23:19:09 -0400] "GET / HTTP/1.0" 200 28727 "https://www.auriculotherapy.org/application/" "Mozilla/5.0 (Windows NT 10.0; Win64; x64) AppleWebKit/537.36 (KHTML, like Gecko) Chrome/85.0.4183.83 Safari/537.36"