172.58.76.115 - - [12/Sep/2020:01:04:49 -0400] "GET /directory/ HTTP/1.0" 200 24058 "https://www.auriculotherapy.org/" "Mozilla/5.0 (iPhone; CPU iPhone OS 13_7 like Mac OS X) AppleWebKit/605.1.15 (KHTML, like Gecko) Version/13.1.2 Mobile/15E148 Safari/604.1"
38.96.28.185 - - [12/Sep/2020:01:24:57 -0400] "GET /blog/ HTTP/1.0" 200 18964 "-" "Dispatch/0.14.0-SNAPSHOT"
114.119.133.91 - - [12/Sep/2020:01:28:07 -0400] "GET /aci-board/ HTTP/1.0" 200 33763 "-" "Mozilla/5.0 (Linux; Android 7.0;) AppleWebKit/537.36 (KHTML, like Gecko) Mobile Safari/537.36 (compatible; PetalBot;+http://aspiegel.com/petalbot)"
54.36.148.17 - - [12/Sep/2020:01:43:02 -0400] "GET / HTTP/1.0" 200 28727 "-" "Mozilla/5.0 (compatible; AhrefsBot/7.0; +http://ahrefs.com/robot/)"
78.46.90.120 - - [12/Sep/2020:01:47:25 -0400] "GET /directory/ HTTP/1.0" 200 24058 "-" "Mozilla/5.0 (Macintosh; Intel Mac OS X 10_11_6) AppleWebKit/604.5.6 (KHTML, like Gecko) Version/11.0.3 Safari/604.5.6"
87.74.52.118 - - [12/Sep/2020:03:01:41 -0400] "GET /wp-content/themes/Jingged/includes/resources/bootstrap/js/bootstrap.min.js?ver=5.4.2 HTTP/1.0" 200 36868 "https://www.auriculotherapy.org/" "Mozilla/5.0 (Windows NT 10.0; Win64; x64; rv:80.0) Gecko/20100101 Firefox/80.0"
87.74.52.118 - - [12/Sep/2020:03:01:41 -0400] "GET /wp-content/plugins/smart-slider-3/nextend/media/dist/n2.min.js?1584418970 HTTP/1.0" 200 3495 "https://www.auriculotherapy.org/" "Mozilla/5.0 (Windows NT 10.0; Win64; x64; rv:80.0) Gecko/20100101 Firefox/80.0"
87.74.52.118 - - [12/Sep/2020:03:01:41 -0400] "GET /wp-content/plugins/smart-slider-3/nextend/media/dist/nextend-frontend.min.js?1584418970 HTTP/1.0" 200 77132 "https://www.auriculotherapy.org/" "Mozilla/5.0 (Windows NT 10.0; Win64; x64; rv:80.0) Gecko/20100101 Firefox/80.0"
87.74.52.118 - - [12/Sep/2020:03:01:42 -0400] "GET /wp-includes/js/wp-emoji-release.min.js?ver=5.4.2 HTTP/1.0" 200 13901 "https://www.auriculotherapy.org/" "Mozilla/5.0 (Windows NT 10.0; Win64; x64; rv:80.0) Gecko/20100101 Firefox/80.0"
87.74.52.118 - - [12/Sep/2020:03:01:42 -0400] "GET /wp-content/themes/Jingged/includes/images/auriculotherapybg.png HTTP/1.0" 200 19077 "https://www.auriculotherapy.org/" "Mozilla/5.0 (Windows NT 10.0; Win64; x64; rv:80.0) Gecko/20100101 Firefox/80.0"
87.74.52.118 - - [12/Sep/2020:03:01:42 -0400] "GET /wp-content/uploads/2019/06/earbg-left.jpg HTTP/1.0" 200 22041 "https://www.auriculotherapy.org/" "Mozilla/5.0 (Windows NT 10.0; Win64; x64; rv:80.0) Gecko/20100101 Firefox/80.0"
10.30.94.78 - - [12/Sep/2020:03:23:46 -0400] "POST /wp-cron.php?doing_wp_cron=1599895426.2994239330291748046875 HTTP/1.0" 200 - "https://www.auriculotherapy.org/wp-cron.php?doing_wp_cron=1599895426.2994239330291748046875" "WordPress/5.4.2; https://www.auriculotherapy.org"
52.175.239.154 - - [12/Sep/2020:04:25:03 -0400] "GET /.env HTTP/1.0" 404 15957 "-" "Mozilla/5.0 (X11; Linux x86_64) AppleWebKit/537.36 (KHTML, like Gecko) Chrome/81.0.4044.129 Safari/537.36"
209.17.96.122 - - [12/Sep/2020:05:42:47 -0400] "GET / HTTP/1.0" 200 28727 "-" "Mozilla/5.0 (compatible; Nimbostratus-Bot/v1.3.2; http://cloudsystemnetworks.com)"
206.180.185.121 - - [12/Sep/2020:06:17:36 -0400] "GET / HTTP/1.0" 301 - "-" "Mozilla/5.0 (Windows NT 10.0; Win64; x64) AppleWebKit/537.36 (KHTML, like Gecko) Chrome/80.0.3987.122 Safari/537.36"
206.180.185.121 - - [12/Sep/2020:06:17:39 -0400] "GET / HTTP/1.0" 200 28727 "-" "Mozilla/5.0 (Windows NT 10.0; Win64; x64) AppleWebKit/537.36 (KHTML, like Gecko) Chrome/80.0.3987.122 Safari/537.36"
114.119.134.148 - - [12/Sep/2020:06:42:02 -0400] "GET /wp-login.php?redirect_to=https%3A%2F%2Fwww.auriculotherapy.org%2Fthe-auriculotherapy-certification-institute%2F HTTP/1.0" 200 6340 "-" "Mozilla/5.0 (Linux; Android 7.0;) AppleWebKit/537.36 (KHTML, like Gecko) Mobile Safari/537.36 (compatible; PetalBot;+http://aspiegel.com/petalbot)"
184.154.76.20 - - [12/Sep/2020:08:00:54 -0400] "GET / HTTP/1.0" 301 - "http://www.google.com/url?url=www.auriculotherapy.org&yahoo.com" "Mozilla/5.0 (compatible; MSIE 9.0; Windows NT 6.1; WOW64; Trident/6.0)"
184.154.76.20 - - [12/Sep/2020:08:01:04 -0400] "GET /login/ HTTP/1.0" 200 16960 "http://www.google.com/url?url=www.auriculotherapy.org&yahoo.com" "Mozilla/5.0 (compatible; MSIE 9.0; Windows NT 6.1; WOW64; Trident/6.0)"
184.154.76.20 - - [12/Sep/2020:08:01:20 -0400] "GET /ethics/ HTTP/1.0" 200 41115 "http://www.google.com/url?url=www.auriculotherapy.org&yahoo.com" "Mozilla/5.0 (compatible; MSIE 9.0; Windows NT 6.1; WOW64; Trident/6.0)"
184.154.76.20 - - [12/Sep/2020:08:01:26 -0400] "GET /wp-includes/wlwmanifest.xml HTTP/1.0" 200 1045 "http://www.google.com/url?url=www.auriculotherapy.org&yahoo.com" "Mozilla/5.0 (compatible; MSIE 9.0; Windows NT 6.1; WOW64; Trident/6.0)"
184.154.76.20 - - [12/Sep/2020:08:01:45 -0400] "GET /wp-content/plugins/edu-expression-pro/js/jquery-1.11.1.min.js?ver=5.4.2 HTTP/1.0" 200 95786 "http://www.google.com/url?url=www.auriculotherapy.org&yahoo.com" "Mozilla/5.0 (compatible; MSIE 9.0; Windows NT 6.1; WOW64; Trident/6.0)"
184.154.76.20 - - [12/Sep/2020:08:01:46 -0400] "GET /wp-includes/css/dist/block-library/style.min.css?ver=5.4.2 HTTP/1.0" 200 53593 "http://www.google.com/url?url=www.auriculotherapy.org&yahoo.com" "Mozilla/5.0 (compatible; MSIE 9.0; Windows NT 6.1; WOW64; Trident/6.0)"
184.154.76.20 - - [12/Sep/2020:08:01:51 -0400] "GET /wp-content/plugins/profile-builder/assets/css/style-front-end.css?ver=3.1.3 HTTP/1.0" 200 19669 "http://www.google.com/url?url=www.auriculotherapy.org&yahoo.com" "Mozilla/5.0 (compatible; MSIE 9.0; Windows NT 6.1; WOW64; Trident/6.0)"
184.154.76.20 - - [12/Sep/2020:08:01:52 -0400] "GET /wp-content/themes/Jingged/includes/css/font-awesome.min.css?ver=4.1.0 HTTP/1.0" 200 21984 "-" "SiteLockSpider [en] (WinNT; I ;Nav)"
184.154.76.20 - - [12/Sep/2020:08:01:53 -0400] "GET /wp-content/themes/Jingged/includes/js/jquery-ui.js HTTP/1.0" 200 520714 "-" "SiteLockSpider [en] (WinNT; I ;Nav)"
184.154.76.20 - - [12/Sep/2020:08:02:19 -0400] "GET /wp-json/oembed/1.0/embed?url=https%3A%2F%2Fwww.auriculotherapy.org%2Flinks%2F&format=xml HTTP/1.0" 200 2444 "-" "SiteLockSpider [en] (WinNT; I ;Nav)"
184.154.76.20 - - [12/Sep/2020:08:02:29 -0400] "GET /?p=18 HTTP/1.0" 301 - "-" "SiteLockSpider [en] (WinNT; I ;Nav)"
184.154.76.20 - - [12/Sep/2020:08:02:30 -0400] "GET /?p=3 HTTP/1.0" 301 - "-" "SiteLockSpider [en] (WinNT; I ;Nav)"
184.154.76.20 - - [12/Sep/2020:08:02:31 -0400] "GET /?p=40 HTTP/1.0" 301 - "-" "SiteLockSpider [en] (WinNT; I ;Nav)"
184.154.76.20 - - [12/Sep/2020:08:02:32 -0400] "GET /wp-json/oembed/1.0/embed?url=https%3A%2F%2Fwww.auriculotherapy.org%2Fcalendar-of-events-bk%2F HTTP/1.0" 200 2432 "-" "SiteLockSpider [en] (WinNT; I ;Nav)"
184.154.76.20 - - [12/Sep/2020:08:02:39 -0400] "GET /wp-json/oembed/1.0/%5C%22https:%5C/%5C/www.auriculotherapy.org%5C/privacy-policy%5C/%5C%22 HTTP/1.0" 404 113 "http://www.google.com/url?url=www.auriculotherapy.org&yahoo.com" "Mozilla/5.0 (compatible; MSIE 9.0; Windows NT 6.1; WOW64; Trident/6.0)"
184.154.76.20 - - [12/Sep/2020:08:02:47 -0400] "GET /wp-includes/wlwmanifest.xml HTTP/1.0" 200 1045 "http://www.google.com/url?url=www.auriculotherapy.org&yahoo.com" "Mozilla/5.0 (compatible; MSIE 9.0; Windows NT 6.1; WOW64; Trident/6.0)"
184.154.76.20 - - [12/Sep/2020:08:02:47 -0400] "GET /wp-includes/js/wp-emoji-release.min.js?ver=5.4.2 HTTP/1.0" 200 13901 "http://www.google.com/url?url=www.auriculotherapy.org&yahoo.com" "Mozilla/5.0 (compatible; MSIE 9.0; Windows NT 6.1; WOW64; Trident/6.0)"
184.154.76.20 - - [12/Sep/2020:08:02:49 -0400] "GET /wp-content/themes/Jingged/includes/resources/bootstrap/css/bootstrap.min.css?ver=5.4.2 HTTP/1.0" 200 119327 "http://www.google.com/url?url=www.auriculotherapy.org&yahoo.com" "Mozilla/5.0 (compatible; MSIE 9.0; Windows NT 6.1; WOW64; Trident/6.0)"
184.154.76.20 - - [12/Sep/2020:08:02:53 -0400] "GET /search/1/feed/rss2/www.heliomed.com HTTP/1.0" 200 16342 "-" "SiteLockSpider [en] (WinNT; I ;Nav)"
184.154.76.20 - - [12/Sep/2020:08:02:55 -0400] "GET /search/1/feed/rss2/www.integrateauricular.com HTTP/1.0" 200 16392 "-" "SiteLockSpider [en] (WinNT; I ;Nav)"
184.154.76.20 - - [12/Sep/2020:08:02:57 -0400] "GET /search/1/feed/rss2/www.LhasaOMS.com/feed/rss2/ HTTP/1.0" 200 1028 "http://www.google.com/url?url=www.auriculotherapy.org&yahoo.com" "Mozilla/5.0 (compatible; MSIE 9.0; Windows NT 6.1; WOW64; Trident/6.0)"
184.154.76.20 - - [12/Sep/2020:08:02:58 -0400] "GET /search/1/feed/rss2/www.heliomed.com/feed/rss2/ HTTP/1.0" 200 1028 "http://www.google.com/url?url=www.auriculotherapy.org&yahoo.com" "Mozilla/5.0 (compatible; MSIE 9.0; Windows NT 6.1; WOW64; Trident/6.0)"
184.154.76.20 - - [12/Sep/2020:08:02:58 -0400] "GET /search/1/feed/rss2/www.integrateauricular.com/feed/rss2/ HTTP/1.0" 200 1048 "http://www.google.com/url?url=www.auriculotherapy.org&yahoo.com" "Mozilla/5.0 (compatible; MSIE 9.0; Windows NT 6.1; WOW64; Trident/6.0)"
184.154.76.20 - - [12/Sep/2020:08:03:01 -0400] "GET /search/1/feed/rss2/www.upcmedical.com HTTP/1.0" 200 16352 "-" "SiteLockSpider [en] (WinNT; I ;Nav)"
184.154.76.20 - - [12/Sep/2020:08:03:04 -0400] "GET /wp-includes/css/dist/block-library/style.min.css?ver=5.2.6 HTTP/1.0" 200 53593 "-" "SiteLockSpider [en] (WinNT; I ;Nav)"
198.27.81.188 - - [12/Sep/2020:08:47:06 -0400] "GET /wp-content/plugins/wp-file-manager/lib/files/xxx.php HTTP/1.0" 404 16477 "-" "curl/7.68.0"
209.17.96.10 - - [12/Sep/2020:08:59:42 -0400] "GET / HTTP/1.0" 301 - "-" "Mozilla/5.0 (compatible; Nimbostratus-Bot/v1.3.2; http://cloudsystemnetworks.com)"
187.60.254.154 - - [12/Sep/2020:11:09:32 -0400] "GET /?q=semalt.com HTTP/1.0" 301 - "http://google.com/search?q=semalt.com" "Mozilla/5.0 (Windows NT 10.0; Win64; x64) AppleWebKit/537.36 (KHTML, like Gecko) Chrome/74.0.3729.169 Safari/537.36"
89.36.76.117 - - [12/Sep/2020:12:13:08 -0400] "GET /aci-board/ HTTP/1.0" 200 33763 "https://www.auriculotherapy.org/aci-board/" "Mozilla/5.0 (Windows NT 6.1; Win64; x64) AppleWebKit/537.36 (KHTML, like Gecko) Chrome/67.0.3396.99 Safari/537.36"
172.58.76.115 - - [12/Sep/2020:12:25:57 -0400] "POST /wp-admin/admin-ajax.php HTTP/1.0" 200 187443 "https://www.auriculotherapy.org/directory/" "Mozilla/5.0 (iPhone; CPU iPhone OS 13_7 like Mac OS X) AppleWebKit/605.1.15 (KHTML, like Gecko) Version/13.1.2 Mobile/15E148 Safari/604.1"
207.46.13.220 - - [12/Sep/2020:13:03:53 -0400] "GET /robots.txt HTTP/1.0" 200 67 "-" "Mozilla/5.0 (compatible; bingbot/2.0; +http://www.bing.com/bingbot.htm)"
172.58.76.115 - - [12/Sep/2020:14:28:21 -0400] "POST /wp-admin/admin-ajax.php HTTP/1.0" 500 - "https://www.auriculotherapy.org/directory/" "Mozilla/5.0 (iPhone; CPU iPhone OS 13_7 like Mac OS X) AppleWebKit/605.1.15 (KHTML, like Gecko) Version/13.1.2 Mobile/15E148 Safari/604.1"
114.119.129.74 - - [12/Sep/2020:14:40:54 -0400] "GET /contact-us/ HTTP/1.0" 200 16077 "-" "Mozilla/5.0 (Linux; Android 7.0;) AppleWebKit/537.36 (KHTML, like Gecko) Mobile Safari/537.36 (compatible; PetalBot;+http://aspiegel.com/petalbot)"
66.160.140.184 - - [12/Sep/2020:15:04:06 -0400] "GET /robots.txt HTTP/1.0" 200 67 "-" "The Knowledge AI"
192.95.30.65 - - [12/Sep/2020:15:21:58 -0400] "GET /wp-content/plugins/wp-file-manager/lib/files/admin.php HTTP/1.0" 404 16477 "-" "curl/7.68.0"
192.95.30.65 - - [12/Sep/2020:15:22:28 -0400] "POST //wp-content/plugins/wp-file-manager/lib/php/connector.minimal.php HTTP/1.0" 404 16538 "-" "curl/7.68.0"
66.249.79.121 - - [12/Sep/2020:15:41:53 -0400] "GET /course/atf.htm HTTP/1.0" 404 15957 "-" "Mozilla/5.0 (Linux; Android 6.0.1; Nexus 5X Build/MMB29P) AppleWebKit/537.36 (KHTML, like Gecko) Chrome/80.0.3987.92 Mobile Safari/537.36 (compatible; Googlebot/2.1; +http://www.google.com/bot.html)"
66.249.79.108 - - [12/Sep/2020:15:45:34 -0400] "GET /wp-content/uploads/2019/06/3-Prep-Exam-on-Auriculotherapy.pdf HTTP/1.0" 200 130714 "-" "Googlebot/2.1 (+http://www.google.com/bot.html)"
34.75.60.34 - - [12/Sep/2020:16:51:04 -0400] "GET / HTTP/1.0" 301 - "-" "ZoominfoBot (zoominfobot at zoominfo dot com)"
66.249.79.112 - - [12/Sep/2020:16:55:17 -0400] "GET / HTTP/1.0" 200 28727 "-" "Mozilla/5.0 (Linux; Android 6.0.1; Nexus 5X Build/MMB29P) AppleWebKit/537.36 (KHTML, like Gecko) Chrome/80.0.3987.92 Mobile Safari/537.36 (compatible; Googlebot/2.1; +http://www.google.com/bot.html)"
66.249.68.9 - - [12/Sep/2020:17:50:33 -0400] "GET /contact.htm HTTP/1.0" 301 - "-" "Mozilla/5.0 (Linux; Android 6.0.1; Nexus 5X Build/MMB29P) AppleWebKit/537.36 (KHTML, like Gecko) Chrome/80.0.3987.92 Mobile Safari/537.36 (compatible; Googlebot/2.1; +http://www.google.com/bot.html)"
45.79.249.135 - - [12/Sep/2020:18:50:47 -0400] "GET / HTTP/1.0" 200 28727 "-" "python-requests/2.24.0"
35.229.91.121 - - [12/Sep/2020:18:52:34 -0400] "GET /application/ HTTP/1.0" 200 28597 "-" "ZoominfoBot (zoominfobot at zoominfo dot com)"
114.119.139.224 - - [12/Sep/2020:20:44:33 -0400] "GET /certification-course-online/ HTTP/1.0" 200 15402 "-" "Mozilla/5.0 (Linux; Android 7.0;) AppleWebKit/537.36 (KHTML, like Gecko) Mobile Safari/537.36 (compatible; PetalBot;+http://aspiegel.com/petalbot)"
192.240.236.119 - - [12/Sep/2020:21:49:54 -0400] "GET / HTTP/1.0" 301 - "-" "Mozilla/5.0 (Macintosh; Intel Mac OS X 10_12_5) AppleWebKit/537.36 (KHTML, like Gecko) Chrome/58.0.3029.110 Safari/537.36"
77.90.170.152 - - [12/Sep/2020:21:50:00 -0400] "GET / HTTP/1.0" 200 28727 "-" "Mozilla/5.0 (Macintosh; Intel Mac OS X 10_12_5) AppleWebKit/537.36 (KHTML, like Gecko) Chrome/58.0.3029.110 Safari/537.36"
66.249.79.108 - - [12/Sep/2020:22:00:50 -0400] "GET /wp-content/plugins/smart-slider-3/library/media/dist/smartslider-frontend.min.js?1584418967 HTTP/1.0" 200 132744 "https://www.auriculotherapy.org/" "Mozilla/5.0 (Linux; Android 6.0.1; Nexus 5X Build/MMB29P) AppleWebKit/537.36 (KHTML, like Gecko) Chrome/85.0.4183.105 Mobile Safari/537.36 (compatible; Googlebot/2.1; +http://www.google.com/bot.html)"
66.249.79.121 - - [12/Sep/2020:22:10:31 -0400] "GET / HTTP/1.0" 301 - "-" "Mozilla/5.0 (compatible; Googlebot/2.1; +http://www.google.com/bot.html)"
96.8.168.148 - - [12/Sep/2020:22:12:06 -0400] "GET /wp-content/uploads/2019/01/downloadicon.png HTTP/1.0" 200 4037 "https://www.auriculotherapy.org/course-study/" "Mozilla/5.0 (Macintosh; Intel Mac OS X 10_15_5) AppleWebKit/605.1.15 (KHTML, like Gecko) Version/13.1.1 Safari/605.1.15"
24.254.183.161 - - [12/Sep/2020:22:34:36 -0400] "GET /wp-includes/js/jquery/jquery.js?ver=1.12.4-wp HTTP/1.0" 200 96873 "https://www.auriculotherapy.org/" "Mozilla/5.0 (iPhone; CPU iPhone OS 12_4_8 like Mac OS X) AppleWebKit/605.1.15 (KHTML, like Gecko) Version/12.1.2 Mobile/15E148 Safari/604.1"
24.254.183.161 - - [12/Sep/2020:22:34:36 -0400] "GET /wp-content/plugins/smart-slider-3/library/media/plugins/type/simple/simple/dist/smartslider-simple-type-frontend.min.js?1584418967 HTTP/1.0" 200 18726 "https://www.auriculotherapy.org/" "Mozilla/5.0 (iPhone; CPU iPhone OS 12_4_8 like Mac OS X) AppleWebKit/605.1.15 (KHTML, like Gecko) Version/12.1.2 Mobile/15E148 Safari/604.1"
24.254.183.161 - - [12/Sep/2020:22:34:36 -0400] "GET /wp-content/uploads/2019/03/ear-1.jpg HTTP/1.0" 200 90265 "https://www.auriculotherapy.org/" "Mozilla/5.0 (iPhone; CPU iPhone OS 12_4_8 like Mac OS X) AppleWebKit/605.1.15 (KHTML, like Gecko) Version/12.1.2 Mobile/15E148 Safari/604.1"
89.36.76.117 - - [12/Sep/2020:22:43:52 -0400] "GET /wp-json/oembed/1.0/embed?url=https%3A%2F%2Fwww.auriculotherapy.org%2Faci-board%2F HTTP/1.0" 200 2372 "https://www.auriculotherapy.org/wp-json/oembed/1.0/embed?url=https%3A%2F%2Fwww.auriculotherapy.org%2Faci-board%2F" "Mozilla/5.0 (Windows NT 10.0; Win64; x64) AppleWebKit/537.36 (KHTML, like Gecko) Chrome/67.0.3396.87 Safari/537.36 OPR/54.0.2952.54"
65.79.130.155 - - [12/Sep/2020:23:19:00 -0400] "GET /wp-content/themes/Jingged/includes/css/jquery-ui.css HTTP/1.0" 200 35997 "https://www.auriculotherapy.org/application/" "Mozilla/5.0 (Windows NT 10.0; Win64; x64) AppleWebKit/537.36 (KHTML, like Gecko) Chrome/85.0.4183.83 Safari/537.36"
65.79.130.155 - - [12/Sep/2020:23:19:40 -0400] "GET /calendar-of-events/ HTTP/1.0" 200 20097 "https://www.auriculotherapy.org/calendar-of-events/" "Mozilla/5.0 (Windows NT 10.0; Win64; x64) AppleWebKit/537.36 (KHTML, like Gecko) Chrome/85.0.4183.83 Safari/537.36"
162.210.196.130 - - [12/Sep/2020:02:09:14 -0400] "GET / HTTP/1.0" 200 28727 "-" "Mozilla/5.0 (compatible; MJ12bot/v1.4.8; http://mj12bot.com/)"
35.237.106.60 - - [12/Sep/2020:00:23:22 -0400] "GET /application/ HTTP/1.0" 200 28597 "-" "ZoominfoBot (zoominfobot at zoominfo dot com)"
35.237.106.60 - - [12/Sep/2020:00:53:52 -0400] "GET /aci-board/ HTTP/1.0" 200 33763 "-" "ZoominfoBot (zoominfobot at zoominfo dot com)"
172.58.76.115 - - [12/Sep/2020:01:04:26 -0400] "GET /wp-content/themes/Jingged/includes/css/responsive-wp.css?ver=5.4.2 HTTP/1.0" 200 8178 "https://www.auriculotherapy.org/" "Mozilla/5.0 (iPhone; CPU iPhone OS 13_7 like Mac OS X) AppleWebKit/605.1.15 (KHTML, like Gecko) Version/13.1.2 Mobile/15E148 Safari/604.1"
172.58.76.115 - - [12/Sep/2020:01:04:27 -0400] "GET /wp-includes/js/wp-embed.min.js?ver=5.4.2 HTTP/1.0" 200 1434 "https://www.auriculotherapy.org/" "Mozilla/5.0 (iPhone; CPU iPhone OS 13_7 like Mac OS X) AppleWebKit/605.1.15 (KHTML, like Gecko) Version/13.1.2 Mobile/15E148 Safari/604.1"
172.58.76.115 - - [12/Sep/2020:01:04:28 -0400] "GET /wp-content/uploads/2019/06/earbg.jpg HTTP/1.0" 200 25855 "https://www.auriculotherapy.org/" "Mozilla/5.0 (iPhone; CPU iPhone OS 13_7 like Mac OS X) AppleWebKit/605.1.15 (KHTML, like Gecko) Version/13.1.2 Mobile/15E148 Safari/604.1"
172.58.76.115 - - [12/Sep/2020:01:04:28 -0400] "GET /wp-content/themes/Jingged/includes/images/jingged.png HTTP/1.0" 200 2340 "https://www.auriculotherapy.org/" "Mozilla/5.0 (iPhone; CPU iPhone OS 13_7 like Mac OS X) AppleWebKit/605.1.15 (KHTML, like Gecko) Version/13.1.2 Mobile/15E148 Safari/604.1"
172.58.76.115 - - [12/Sep/2020:01:04:51 -0400] "GET /wp-content/themes/Jingged/includes/images/icon_serach.jpg HTTP/1.0" 200 1687 "https://www.auriculotherapy.org/directory/" "Mozilla/5.0 (iPhone; CPU iPhone OS 13_7 like Mac OS X) AppleWebKit/605.1.15 (KHTML, like Gecko) Version/13.1.2 Mobile/15E148 Safari/604.1"
87.74.52.118 - - [12/Sep/2020:03:01:40 -0400] "GET /wp-content/themes/Jingged/includes/resources/bootstrap/css/bootstrap.min.css?ver=5.4.2 HTTP/1.0" 200 119327 "https://www.auriculotherapy.org/" "Mozilla/5.0 (Windows NT 10.0; Win64; x64; rv:80.0) Gecko/20100101 Firefox/80.0"
87.74.52.118 - - [12/Sep/2020:03:01:40 -0400] "GET /wp-content/themes/Jingged/style.css?ver=5.4.2 HTTP/1.0" 200 7370 "https://www.auriculotherapy.org/" "Mozilla/5.0 (Windows NT 10.0; Win64; x64; rv:80.0) Gecko/20100101 Firefox/80.0"
87.74.52.118 - - [12/Sep/2020:03:01:40 -0400] "GET /wp-content/plugins/profile-builder/assets/css/style-front-end.css?ver=3.1.3 HTTP/1.0" 200 19669 "https://www.auriculotherapy.org/" "Mozilla/5.0 (Windows NT 10.0; Win64; x64; rv:80.0) Gecko/20100101 Firefox/80.0"
87.74.52.118 - - [12/Sep/2020:03:01:41 -0400] "GET /wp-content/plugins/smart-slider-3/library/media/plugins/type/simple/simple/dist/smartslider-simple-type-frontend.min.js?1584418967 HTTP/1.0" 200 18726 "https://www.auriculotherapy.org/" "Mozilla/5.0 (Windows NT 10.0; Win64; x64; rv:80.0) Gecko/20100101 Firefox/80.0"
87.74.52.118 - - [12/Sep/2020:03:01:41 -0400] "GET /wp-content/themes/Jingged/includes/fonts/fontawesome-webfont.woff?v=4.2.0 HTTP/1.0" 200 65452 "https://www.auriculotherapy.org/wp-content/themes/Jingged/includes/css/font-awesome.min.css?ver=4.1.0" "Mozilla/5.0 (Windows NT 10.0; Win64; x64; rv:80.0) Gecko/20100101 Firefox/80.0"
87.74.52.118 - - [12/Sep/2020:03:02:29 -0400] "GET /application/ HTTP/1.0" 200 28597 "https://www.auriculotherapy.org/course-study/" "Mozilla/5.0 (Windows NT 10.0; Win64; x64; rv:80.0) Gecko/20100101 Firefox/80.0"
87.74.52.118 - - [12/Sep/2020:03:02:33 -0400] "GET /wp-content/themes/Jingged/includes/images/checkbox_own.png HTTP/1.0" 200 858 "https://www.auriculotherapy.org/wp-content/themes/Jingged/includes/css/bootstrap-wp.css?ver=5.4.2" "Mozilla/5.0 (Windows NT 10.0; Win64; x64; rv:80.0) Gecko/20100101 Firefox/80.0"
40.84.216.130 - - [12/Sep/2020:06:08:35 -0400] "POST ///wp-content/plugins/wp-file-manager/lib/files/riUqzR.php HTTP/1.0" 404 16457 "-" "python-requests/2.24.0"
184.154.76.20 - - [12/Sep/2020:08:01:23 -0400] "GET /privacy-policy/ HTTP/1.0" 200 19428 "http://www.google.com/url?url=www.auriculotherapy.org&yahoo.com" "Mozilla/5.0 (compatible; MSIE 9.0; Windows NT 6.1; WOW64; Trident/6.0)"
184.154.76.20 - - [12/Sep/2020:08:01:31 -0400] "GET /wp-admin/css/l10n.min.css?ver=5.4.2 HTTP/1.0" 200 2477 "-" "SiteLockSpider [en] (WinNT; I ;Nav)"
184.154.76.20 - - [12/Sep/2020:08:01:31 -0400] "GET /wp-includes/js/comment-reply.min.js?ver=5.4.2 HTTP/1.0" 200 2420 "-" "SiteLockSpider [en] (WinNT; I ;Nav)"
184.154.76.20 - - [12/Sep/2020:08:01:34 -0400] "GET /wp-admin/css/login.min.css?ver=5.4.2 HTTP/1.0" 200 5312 "-" "SiteLockSpider [en] (WinNT; I ;Nav)"
184.154.76.20 - - [12/Sep/2020:08:01:34 -0400] "GET /wp-admin/js/password-strength-meter.min.js?ver=5.4.2 HTTP/1.0" 200 766 "-" "SiteLockSpider [en] (WinNT; I ;Nav)"
184.154.76.20 - - [12/Sep/2020:08:02:12 -0400] "GET /?p=458 HTTP/1.0" 301 - "-" "SiteLockSpider [en] (WinNT; I ;Nav)"
184.154.76.20 - - [12/Sep/2020:08:02:18 -0400] "GET /wp-json/oembed/1.0/embed?url=https%3A%2F%2Fwww.auriculotherapy.org%2Freset-password%2F HTTP/1.0" 200 2397 "-" "SiteLockSpider [en] (WinNT; I ;Nav)"
184.154.76.20 - - [12/Sep/2020:08:02:18 -0400] "GET /wp-json/oembed/1.0/embed?url=https%3A%2F%2Fwww.auriculotherapy.org%2Fdirectory%2F&format=xml HTTP/1.0" 200 2515 "-" "SiteLockSpider [en] (WinNT; I ;Nav)"
184.154.76.20 - - [12/Sep/2020:08:02:32 -0400] "GET /wp-json/oembed/1.0/embed?url=https%3A%2F%2Fwww.auriculotherapy.org%2Fcalendar-of-events-bk%2F&format=xml HTTP/1.0" 200 2524 "-" "SiteLockSpider [en] (WinNT; I ;Nav)"
184.154.76.20 - - [12/Sep/2020:08:02:35 -0400] "GET /wp-json/oembed/1.0/embed?url=https%3A%2F%2Fwww.auriculotherapy.org%2Flinks%2F HTTP/1.0" 200 2352 "-" "SiteLockSpider [en] (WinNT; I ;Nav)"
184.154.76.20 - - [12/Sep/2020:08:02:42 -0400] "GET /wp-json/oembed/1.0/embed?url=https%3A%2F%2Fwww.auriculotherapy.org%2Fforms%2F&format=xml HTTP/1.0" 200 2471 "-" "SiteLockSpider [en] (WinNT; I ;Nav)"
184.154.76.20 - - [12/Sep/2020:08:02:47 -0400] "GET /a HTTP/1.0" 301 - "-" "SiteLockSpider [en] (WinNT; I ;Nav)"
184.154.76.20 - - [12/Sep/2020:08:02:51 -0400] "GET /search/1/feed/rss2/www.hmieducation.com HTTP/1.0" 200 16362 "-" "SiteLockSpider [en] (WinNT; I ;Nav)"
184.154.76.20 - - [12/Sep/2020:08:02:56 -0400] "GET /search/1/feed/rss2/www.LhasaOMS.com HTTP/1.0" 200 16342 "-" "SiteLockSpider [en] (WinNT; I ;Nav)"
184.154.76.20 - - [12/Sep/2020:08:03:02 -0400] "GET /wp-content/plugins/smart-slider-3/library/media/dist/smartslider-frontend.min.js?1574743521 HTTP/1.0" 200 132744 "-" "SiteLockSpider [en] (WinNT; I ;Nav)"
184.154.76.20 - - [12/Sep/2020:08:03:04 -0400] "GET /wp-content/plugins/edu-expression-pro/js/bootstrap.min.js?ver=5.2.6 HTTP/1.0" 200 36979 "-" "SiteLockSpider [en] (WinNT; I ;Nav)"
184.154.76.20 - - [12/Sep/2020:08:03:04 -0400] "GET /wp-content/themes/Jingged/includes/css/responsive-wp.css?ver=5.2.5 HTTP/1.0" 200 8178 "-" "SiteLockSpider [en] (WinNT; I ;Nav)"
198.27.81.188 - - [12/Sep/2020:08:46:13 -0400] "POST /wp-content/plugins/wp-file-manager/lib/php/connector.minimal.php HTTP/1.0" 404 16538 "-" "curl/7.68.0"
13.78.227.187 - - [12/Sep/2020:15:11:30 -0400] "GET /.env HTTP/1.0" 301 - "-" "Mozilla/5.0 (X11; Linux x86_64) AppleWebKit/537.36 (KHTML, like Gecko) Chrome/81.0.4044.129 Safari/537.36"
66.249.68.9 - - [12/Sep/2020:17:50:29 -0400] "GET /robots.txt HTTP/1.0" 200 67 "-" "Mozilla/5.0 (compatible; Googlebot/2.1; +http://www.google.com/bot.html)"
10.30.94.78 - - [12/Sep/2020:18:01:47 -0400] "POST /wp-cron.php?doing_wp_cron=1599948108.5386409759521484375000 HTTP/1.0" 200 - "http://www.auriculotherapy.org/wp-cron.php?doing_wp_cron=1599948108.5386409759521484375000" "WordPress/5.4.2; https://www.auriculotherapy.org"
209.126.4.85 - - [12/Sep/2020:18:14:58 -0400] "GET /images/speake12.jpg HTTP/1.0" 404 15957 "http://www.auriculotherapy.org" "Mozilla/5.0 (Linux; Android 6.0.1; Nexus 5X Build/MMB29P) AppleWebKit/537.36 (KHTML, like Gecko) Chrome/80.0.3987.92 Mobile Safari/537.36 (compatible; Googlebot/2.1; +http://www.google.com/bot.html)"
89.36.76.117 - - [12/Sep/2020:18:27:28 -0400] "GET /aci-board/ HTTP/1.0" 200 33763 "https://www.auriculotherapy.org/aci-board/" "Mozilla/5.0 (Windows NT 6.1) AppleWebKit/537.36 (KHTML, like Gecko) Chrome/67.0.3396.87 Safari/537.36"
10.30.94.78 - - [12/Sep/2020:18:52:32 -0400] "POST /wp-cron.php?doing_wp_cron=1599951153.5442619323730468750000 HTTP/1.0" 200 - "https://www.auriculotherapy.org/wp-cron.php?doing_wp_cron=1599951153.5442619323730468750000" "WordPress/5.4.2; https://www.auriculotherapy.org"
35.229.91.121 - - [12/Sep/2020:19:19:35 -0400] "GET /contact-us/ HTTP/1.0" 200 16077 "-" "ZoominfoBot (zoominfobot at zoominfo dot com)"
35.229.91.121 - - [12/Sep/2020:19:28:06 -0400] "GET /login/ HTTP/1.0" 200 16892 "-" "ZoominfoBot (zoominfobot at zoominfo dot com)"
212.103.48.228 - - [12/Sep/2020:20:23:58 -0400] "GET /wp-content/uploads/2019/06/earbg.jpg HTTP/1.0" 200 25855 "https://www.google.com/" "Mozilla/5.0 (Windows NT 10.0; Win64; x64) AppleWebKit/537.36 (KHTML, like Gecko) Chrome/85.0.4183.102 Safari/537.36"
10.30.94.78 - - [12/Sep/2020:20:23:58 -0400] "POST /wp-cron.php?doing_wp_cron=1599956637.8069210052490234375000 HTTP/1.0" 200 - "https://www.auriculotherapy.org/wp-cron.php?doing_wp_cron=1599956637.8069210052490234375000" "WordPress/5.4.2; https://www.auriculotherapy.org"
24.254.183.161 - - [12/Sep/2020:22:34:34 -0400] "GET /wp-content/themes/Jingged/includes/css/font-awesome.min.css?ver=4.1.0 HTTP/1.0" 200 21984 "https://www.auriculotherapy.org/" "Mozilla/5.0 (iPhone; CPU iPhone OS 12_4_8 like Mac OS X) AppleWebKit/605.1.15 (KHTML, like Gecko) Version/12.1.2 Mobile/15E148 Safari/604.1"
24.254.183.161 - - [12/Sep/2020:22:34:34 -0400] "GET /wp-content/themes/Jingged/includes/css/bootstrap-wp.css?ver=5.4.2 HTTP/1.0" 200 21977 "https://www.auriculotherapy.org/" "Mozilla/5.0 (iPhone; CPU iPhone OS 12_4_8 like Mac OS X) AppleWebKit/605.1.15 (KHTML, like Gecko) Version/12.1.2 Mobile/15E148 Safari/604.1"
24.254.183.161 - - [12/Sep/2020:22:34:35 -0400] "GET /wp-content/plugins/smart-slider-3/library/media/smartslider.min.css?1584418967 HTTP/1.0" 200 19462 "https://www.auriculotherapy.org/" "Mozilla/5.0 (iPhone; CPU iPhone OS 12_4_8 like Mac OS X) AppleWebKit/605.1.15 (KHTML, like Gecko) Version/12.1.2 Mobile/15E148 Safari/604.1"
24.254.183.161 - - [12/Sep/2020:22:34:35 -0400] "GET /wp-includes/js/jquery/jquery-migrate.min.js?ver=1.4.1 HTTP/1.0" 200 10056 "https://www.auriculotherapy.org/" "Mozilla/5.0 (iPhone; CPU iPhone OS 12_4_8 like Mac OS X) AppleWebKit/605.1.15 (KHTML, like Gecko) Version/12.1.2 Mobile/15E148 Safari/604.1"
24.254.183.161 - - [12/Sep/2020:22:34:35 -0400] "GET /wp-content/plugins/profile-builder/assets/css/style-front-end.css?ver=3.1.3 HTTP/1.0" 200 19669 "https://www.auriculotherapy.org/" "Mozilla/5.0 (iPhone; CPU iPhone OS 12_4_8 like Mac OS X) AppleWebKit/605.1.15 (KHTML, like Gecko) Version/12.1.2 Mobile/15E148 Safari/604.1"
24.254.183.161 - - [12/Sep/2020:22:34:35 -0400] "GET /wp-content/plugins/smart-slider-3/library/media/dist/smartslider-frontend.min.js?1584418967 HTTP/1.0" 200 132744 "https://www.auriculotherapy.org/" "Mozilla/5.0 (iPhone; CPU iPhone OS 12_4_8 like Mac OS X) AppleWebKit/605.1.15 (KHTML, like Gecko) Version/12.1.2 Mobile/15E148 Safari/604.1"
24.254.183.161 - - [12/Sep/2020:22:34:35 -0400] "GET /wp-content/uploads/2019/06/earbg.jpg HTTP/1.0" 200 25855 "https://www.auriculotherapy.org/" "Mozilla/5.0 (iPhone; CPU iPhone OS 12_4_8 like Mac OS X) AppleWebKit/605.1.15 (KHTML, like Gecko) Version/12.1.2 Mobile/15E148 Safari/604.1"
24.254.183.161 - - [12/Sep/2020:22:34:36 -0400] "GET /wp-content/themes/Jingged/includes/fonts/fontawesome-webfont.woff?v=4.2.0 HTTP/1.0" 200 65452 "https://www.auriculotherapy.org/" "Mozilla/5.0 (iPhone; CPU iPhone OS 12_4_8 like Mac OS X) AppleWebKit/605.1.15 (KHTML, like Gecko) Version/12.1.2 Mobile/15E148 Safari/604.1"
24.254.183.161 - - [12/Sep/2020:22:34:37 -0400] "GET /favicon.ico HTTP/1.0" 302 - "https://www.auriculotherapy.org/" "Mozilla/5.0 (iPhone; CPU iPhone OS 12_4_8 like Mac OS X) AppleWebKit/605.1.15 (KHTML, like Gecko) Version/12.1.2 Mobile/15E148 Safari/604.1"
24.254.183.161 - - [12/Sep/2020:22:34:39 -0400] "GET /wp-includes/images/w-logo-blue-white-bg.png HTTP/1.0" 200 4119 "https://www.auriculotherapy.org/" "Mozilla/5.0 (iPhone; CPU iPhone OS 12_4_8 like Mac OS X) AppleWebKit/605.1.15 (KHTML, like Gecko) Version/12.1.2 Mobile/15E148 Safari/604.1"
114.119.151.206 - - [12/Sep/2020:22:58:47 -0400] "GET /links HTTP/1.0" 301 - "-" "Mozilla/5.0 (Linux; Android 7.0;) AppleWebKit/537.36 (KHTML, like Gecko) Mobile Safari/537.36 (compatible; PetalBot;+http://aspiegel.com/petalbot)"
65.79.130.155 - - [12/Sep/2020:23:18:46 -0400] "GET /wp-includes/css/dist/block-library/style.min.css?ver=5.4.2 HTTP/1.0" 200 53593 "https://www.auriculotherapy.org/" "Mozilla/5.0 (Windows NT 10.0; Win64; x64) AppleWebKit/537.36 (KHTML, like Gecko) Chrome/85.0.4183.83 Safari/537.36"
65.79.130.155 - - [12/Sep/2020:23:18:47 -0400] "GET /wp-content/themes/Jingged/includes/css/font-awesome.min.css?ver=4.1.0 HTTP/1.0" 200 21984 "https://www.auriculotherapy.org/" "Mozilla/5.0 (Windows NT 10.0; Win64; x64) AppleWebKit/537.36 (KHTML, like Gecko) Chrome/85.0.4183.83 Safari/537.36"
65.79.130.155 - - [12/Sep/2020:23:18:47 -0400] "GET /wp-content/themes/Jingged/includes/js/bootstrap-wp.js?ver=5.4.2 HTTP/1.0" 200 1514 "https://www.auriculotherapy.org/" "Mozilla/5.0 (Windows NT 10.0; Win64; x64) AppleWebKit/537.36 (KHTML, like Gecko) Chrome/85.0.4183.83 Safari/537.36"
65.79.130.155 - - [12/Sep/2020:23:18:47 -0400] "GET /wp-content/plugins/smart-slider-3/library/media/dist/smartslider-frontend.min.js?1584418967 HTTP/1.0" 200 132744 "https://www.auriculotherapy.org/" "Mozilla/5.0 (Windows NT 10.0; Win64; x64) AppleWebKit/537.36 (KHTML, like Gecko) Chrome/85.0.4183.83 Safari/537.36"
65.79.130.155 - - [12/Sep/2020:23:18:50 -0400] "GET /favicon.ico HTTP/1.0" 302 - "https://www.auriculotherapy.org/" "Mozilla/5.0 (Windows NT 10.0; Win64; x64) AppleWebKit/537.36 (KHTML, like Gecko) Chrome/85.0.4183.83 Safari/537.36"
10.30.94.78 - - [12/Sep/2020:00:23:20 -0400] "POST /wp-cron.php?doing_wp_cron=1599884601.1371068954467773437500 HTTP/1.0" 200 - "https://www.auriculotherapy.org/wp-cron.php?doing_wp_cron=1599884601.1371068954467773437500" "WordPress/5.4.2; https://www.auriculotherapy.org"
35.237.106.60 - - [12/Sep/2020:00:45:32 -0400] "GET /contact-us/ HTTP/1.0" 200 16077 "-" "ZoominfoBot (zoominfobot at zoominfo dot com)"
10.30.94.78 - - [12/Sep/2020:00:52:31 -0400] "POST /wp-cron.php?doing_wp_cron=1599886351.4778399467468261718750 HTTP/1.0" 200 - "https://www.auriculotherapy.org/wp-cron.php?doing_wp_cron=1599886351.4778399467468261718750" "WordPress/5.4.2; https://www.auriculotherapy.org"
66.249.68.4 - - [12/Sep/2020:00:54:10 -0400] "GET /ads.txt HTTP/1.0" 301 - "-" "Mozilla/5.0 (compatible; Googlebot/2.1; +http://www.google.com/bot.html)"
172.58.76.115 - - [12/Sep/2020:01:04:26 -0400] "GET /wp-content/themes/Jingged/includes/resources/bootstrap/css/bootstrap.min.css?ver=5.4.2 HTTP/1.0" 200 119327 "https://www.auriculotherapy.org/" "Mozilla/5.0 (iPhone; CPU iPhone OS 13_7 like Mac OS X) AppleWebKit/605.1.15 (KHTML, like Gecko) Version/13.1.2 Mobile/15E148 Safari/604.1"
172.58.76.115 - - [12/Sep/2020:01:04:27 -0400] "GET /wp-content/plugins/smart-slider-3/nextend/media/dist/nextend-frontend.min.js?1584418970 HTTP/1.0" 200 77132 "https://www.auriculotherapy.org/" "Mozilla/5.0 (iPhone; CPU iPhone OS 13_7 like Mac OS X) AppleWebKit/605.1.15 (KHTML, like Gecko) Version/13.1.2 Mobile/15E148 Safari/604.1"
172.58.76.115 - - [12/Sep/2020:01:04:28 -0400] "GET /wp-content/uploads/2019/06/earbg-left.jpg HTTP/1.0" 200 22041 "https://www.auriculotherapy.org/" "Mozilla/5.0 (iPhone; CPU iPhone OS 13_7 like Mac OS X) AppleWebKit/605.1.15 (KHTML, like Gecko) Version/13.1.2 Mobile/15E148 Safari/604.1"
38.96.28.185 - - [12/Sep/2020:01:24:54 -0400] "GET /blog HTTP/1.0" 301 - "-" "Dispatch/0.14.0-SNAPSHOT"
87.74.52.118 - - [12/Sep/2020:03:01:41 -0400] "GET /wp-content/themes/Jingged/includes/css/responsive-wp.css?ver=5.4.2 HTTP/1.0" 200 8178 "https://www.auriculotherapy.org/" "Mozilla/5.0 (Windows NT 10.0; Win64; x64; rv:80.0) Gecko/20100101 Firefox/80.0"
87.74.52.118 - - [12/Sep/2020:03:01:42 -0400] "GET /wp-content/themes/Jingged/includes/js/skip-link-focus-fix.js?ver=20130115 HTTP/1.0" 200 831 "https://www.auriculotherapy.org/" "Mozilla/5.0 (Windows NT 10.0; Win64; x64; rv:80.0) Gecko/20100101 Firefox/80.0"
87.74.52.118 - - [12/Sep/2020:03:01:42 -0400] "GET /wp-content/themes/Jingged/includes/images/footerbg.jpg HTTP/1.0" 200 24855 "https://www.auriculotherapy.org/wp-content/themes/Jingged/includes/css/bootstrap-wp.css?ver=5.4.2" "Mozilla/5.0 (Windows NT 10.0; Win64; x64; rv:80.0) Gecko/20100101 Firefox/80.0"
87.74.52.118 - - [12/Sep/2020:03:01:43 -0400] "GET /favicon.ico HTTP/1.0" 302 - "-" "Mozilla/5.0 (Windows NT 10.0; Win64; x64; rv:80.0) Gecko/20100101 Firefox/80.0"
131.220.6.152 - - [12/Sep/2020:03:23:44 -0400] "GET / HTTP/1.0" 301 - "-" "Mozilla/5.0 (X11; Linux x86_64) AppleWebKit/537.36 (KHTML, like Gecko) Chrome/79.0.3945.79 Safari/537.36"
114.119.141.18 - - [12/Sep/2020:04:27:18 -0400] "GET /links/ HTTP/1.0" 200 16758 "-" "Mozilla/5.0 (Linux; Android 7.0;) AppleWebKit/537.36 (KHTML, like Gecko) Mobile Safari/537.36 (compatible; PetalBot;+http://aspiegel.com/petalbot)"
114.119.139.224 - - [12/Sep/2020:07:06:24 -0400] "GET /calendar.htm HTTP/1.0" 404 15957 "-" "Mozilla/5.0 (Linux; Android 7.0;) AppleWebKit/537.36 (KHTML, like Gecko) Mobile Safari/537.36 (compatible; PetalBot;+http://aspiegel.com/petalbot)"
184.154.76.20 - - [12/Sep/2020:08:01:11 -0400] "GET /wp-login.php?redirect_to=https%3A%2F%2Fwww.auriculotherapy.org%2Fhello-world%2F HTTP/1.0" 200 6308 "-" "SiteLockSpider [en] (WinNT; I ;Nav)"
184.154.76.20 - - [12/Sep/2020:08:01:28 -0400] "GET /the-auriculotherapy-certification-institute/feed/ HTTP/1.0" 200 891 "http://www.google.com/url?url=www.auriculotherapy.org&yahoo.com" "Mozilla/5.0 (compatible; MSIE 9.0; Windows NT 6.1; WOW64; Trident/6.0)"
184.154.76.20 - - [12/Sep/2020:08:01:46 -0400] "GET /wp-content/plugins/edu-expression-pro/js/custom.min.js?ver=5.4.2 HTTP/1.0" 200 663 "-" "SiteLockSpider [en] (WinNT; I ;Nav)"
184.154.76.20 - - [12/Sep/2020:08:01:46 -0400] "GET /wp-content/plugins/edu-expression-pro/css/bootstrap-multiselect.css?ver=5.4.2 HTTP/1.0" 200 758 "-" "SiteLockSpider [en] (WinNT; I ;Nav)"
184.154.76.20 - - [12/Sep/2020:08:01:47 -0400] "GET /wp-content/plugins/edu-expression-pro/js/bootstrap-multiselect.js?ver=5.4.2 HTTP/1.0" 200 47918 "-" "SiteLockSpider [en] (WinNT; I ;Nav)"
184.154.76.20 - - [12/Sep/2020:08:02:02 -0400] "GET /wp-content/plugins/smart-slider-3/library/media/smartslider.min.css?1584418967 HTTP/1.0" 200 19462 "http://www.google.com/url?url=www.auriculotherapy.org&yahoo.com" "Mozilla/5.0 (compatible; MSIE 9.0; Windows NT 6.1; WOW64; Trident/6.0)"
184.154.76.20 - - [12/Sep/2020:08:02:02 -0400] "GET /wp-content/themes/Jingged/includes/css/responsive-wp.css?ver=5.4.2 HTTP/1.0" 200 8178 "-" "SiteLockSpider [en] (WinNT; I ;Nav)"
184.154.76.20 - - [12/Sep/2020:08:02:09 -0400] "GET /?p=1 HTTP/1.0" 301 - "-" "SiteLockSpider [en] (WinNT; I ;Nav)"
184.154.76.20 - - [12/Sep/2020:08:02:09 -0400] "GET /?p=316 HTTP/1.0" 301 - "-" "SiteLockSpider [en] (WinNT; I ;Nav)"
184.154.76.20 - - [12/Sep/2020:08:02:12 -0400] "GET /?p=348 HTTP/1.0" 301 - "-" "SiteLockSpider [en] (WinNT; I ;Nav)"
184.154.76.20 - - [12/Sep/2020:08:02:31 -0400] "GET /?p=46 HTTP/1.0" 301 - "-" "SiteLockSpider [en] (WinNT; I ;Nav)"
184.154.76.20 - - [12/Sep/2020:08:02:33 -0400] "GET /wp-json/oembed/1.0/embed?url=https%3A%2F%2Fwww.auriculotherapy.org%2Fethics%2F HTTP/1.0" 200 2357 "-" "SiteLockSpider [en] (WinNT; I ;Nav)"
184.154.76.20 - - [12/Sep/2020:08:02:34 -0400] "GET /wp-json/oembed/1.0/embed?url=https%3A%2F%2Fwww.auriculotherapy.org%2Fapplication%2F HTTP/1.0" 200 2394 "-" "SiteLockSpider [en] (WinNT; I ;Nav)"
184.154.76.20 - - [12/Sep/2020:08:02:37 -0400] "GET /wp-json/oembed/1.0/%5C%22https:%5C/%5C/www.auriculotherapy.org%5C/calendar-of-events%5C/%5C%22 HTTP/1.0" 404 113 "http://www.google.com/url?url=www.auriculotherapy.org&yahoo.com" "Mozilla/5.0 (compatible; MSIE 9.0; Windows NT 6.1; WOW64; Trident/6.0)"
184.154.76.20 - - [12/Sep/2020:08:02:38 -0400] "GET /wp-json/oembed/1.0/%5C%22https:%5C/%5C/www.auriculotherapy.org%5C/ethics%5C/%5C%22 HTTP/1.0" 404 113 "http://www.google.com/url?url=www.auriculotherapy.org&yahoo.com" "Mozilla/5.0 (compatible; MSIE 9.0; Windows NT 6.1; WOW64; Trident/6.0)"
184.154.76.20 - - [12/Sep/2020:08:02:41 -0400] "GET /wp-json/oembed/1.0/embed?url=https%3A%2F%2Fwww.auriculotherapy.org%2Flogin%2F&format=xml HTTP/1.0" 200 2444 "-" "SiteLockSpider [en] (WinNT; I ;Nav)"
184.154.76.20 - - [12/Sep/2020:08:02:48 -0400] "GET /wp-content/plugins/profile-builder/assets/css/style-front-end.css?ver=3.1.3 HTTP/1.0" 200 19669 "http://www.google.com/url?url=www.auriculotherapy.org&yahoo.com" "Mozilla/5.0 (compatible; MSIE 9.0; Windows NT 6.1; WOW64; Trident/6.0)"
184.154.76.20 - - [12/Sep/2020:08:02:49 -0400] "GET /wp-json/oembed/1.0/%5C%22https:%5C/%5C/www.auriculotherapy.org%5C/certification-course-online%5C/%5C%22 HTTP/1.0" 404 113 "http://www.google.com/url?url=www.auriculotherapy.org&yahoo.com" "Mozilla/5.0 (compatible; MSIE 9.0; Windows NT 6.1; WOW64; Trident/6.0)"
184.154.76.20 - - [12/Sep/2020:08:02:53 -0400] "GET /search/1/feed/rss2/www.acupunctureresearch.org HTTP/1.0" 200 16397 "-" "SiteLockSpider [en] (WinNT; I ;Nav)"
184.154.76.20 - - [12/Sep/2020:08:03:01 -0400] "GET /search/1/feed/rss2/www.upcmedical.com/feed/rss2/ HTTP/1.0" 200 1032 "http://www.google.com/url?url=www.auriculotherapy.org&yahoo.com" "Mozilla/5.0 (compatible; MSIE 9.0; Windows NT 6.1; WOW64; Trident/6.0)"
184.154.76.20 - - [12/Sep/2020:08:03:03 -0400] "GET /wp-admin/css/l10n.min.css?ver=5.4.1 HTTP/1.0" 200 2477 "-" "SiteLockSpider [en] (WinNT; I ;Nav)"
184.154.76.20 - - [12/Sep/2020:08:03:05 -0400] "GET /wp-content/themes/Jingged/includes/css/bootstrap-wp.css?ver=5.2.6 HTTP/1.0" 200 21977 "-" "SiteLockSpider [en] (WinNT; I ;Nav)"
184.154.76.20 - - [12/Sep/2020:08:03:06 -0400] "GET /wp-content/themes/Jingged/includes/resources/bootstrap/js/bootstrap.min.js?ver=5.2.6 HTTP/1.0" 200 36868 "-" "SiteLockSpider [en] (WinNT; I ;Nav)"
49.48.243.183 - - [12/Sep/2020:08:08:14 -0400] "GET /?q=semalt.com HTTP/1.0" 301 - "http://google.com/search?q=semalt.com" "Mozilla/5.0 (Windows NT 10.0; Win64; x64) AppleWebKit/537.36 (KHTML, like Gecko) Chrome/74.0.3729.169 Safari/537.36"
198.27.81.188 - - [12/Sep/2020:08:48:35 -0400] "GET /wp-content/plugins/wp-file-manager/lib/files/xxx.php HTTP/1.0" 301 500 "-" "curl/7.68.0"
138.197.221.77 - - [12/Sep/2020:08:50:15 -0400] "GET /.env HTTP/1.0" 301 - "-" "Mozilla/5.0 (X11; Linux x86_64) AppleWebKit/537.36 (KHTML, like Gecko) Chrome/81.0.4044.129 Safari/537.36"
66.249.79.108 - - [12/Sep/2020:09:12:41 -0400] "GET /wp-content/themes/Jingged/includes/js/register.js HTTP/1.0" 200 7278 "https://www.auriculotherapy.org/application/" "Mozilla/5.0 (Linux; Android 6.0.1; Nexus 5X Build/MMB29P) AppleWebKit/537.36 (KHTML, like Gecko) Chrome/85.0.4183.105 Mobile Safari/537.36 (compatible; Googlebot/2.1; +http://www.google.com/bot.html)"
10.30.94.78 - - [12/Sep/2020:14:02:23 -0400] "POST /wp-cron.php?doing_wp_cron=1599933743.0156779289245605468750 HTTP/1.0" 200 - "http://www.auriculotherapy.org/wp-cron.php?doing_wp_cron=1599933743.0156779289245605468750" "WordPress/5.4.2; https://www.auriculotherapy.org"
66.249.79.108 - - [12/Sep/2020:15:06:59 -0400] "GET /wp-content/uploads/2019/06/1-Overview-of-ACI-Certification.pdf HTTP/1.0" 200 151618 "-" "Googlebot/2.1 (+http://www.google.com/bot.html)"
13.78.227.187 - - [12/Sep/2020:15:11:35 -0400] "POST / HTTP/1.0" 200 28738 "-" "Mozilla/5.0 (X11; Linux x86_64) AppleWebKit/537.36 (KHTML, like Gecko) Chrome/81.0.4044.129 Safari/537.36"
192.95.30.65 - - [12/Sep/2020:15:22:18 -0400] "POST //wp-content/plugins/wp-file-manager/lib/php/connector.minimal.php HTTP/1.0" 404 16538 "-" "curl/7.68.0"
66.249.79.108 - - [12/Sep/2020:15:44:42 -0400] "GET /wp-content/uploads/2019/06/7-CAT-Courses-in-Auriculotherapy.pdf HTTP/1.0" 200 82136 "-" "Googlebot/2.1 (+http://www.google.com/bot.html)"
114.119.135.201 - - [12/Sep/2020:16:09:05 -0400] "GET / HTTP/1.0" 301 - "-" "Mozilla/5.0 (Linux; Android 7.0;) AppleWebKit/537.36 (KHTML, like Gecko) Mobile Safari/537.36 (compatible; PetalBot;+http://aspiegel.com/petalbot)"
114.119.135.201 - - [12/Sep/2020:16:09:09 -0400] "GET / HTTP/1.0" 200 28727 "-" "Mozilla/5.0 (Linux; Android 7.0;) AppleWebKit/537.36 (KHTML, like Gecko) Mobile Safari/537.36 (compatible; PetalBot;+http://aspiegel.com/petalbot)"
10.30.94.78 - - [12/Sep/2020:16:51:58 -0400] "POST /wp-cron.php?doing_wp_cron=1599943918.8486850261688232421875 HTTP/1.0" 200 - "http://www.auriculotherapy.org/wp-cron.php?doing_wp_cron=1599943918.8486850261688232421875" "WordPress/5.4.2; https://www.auriculotherapy.org"
34.75.60.34 - - [12/Sep/2020:16:51:59 -0400] "GET / HTTP/1.0" 301 - "-" "ZoominfoBot (zoominfobot at zoominfo dot com)"
114.119.140.60 - - [12/Sep/2020:17:00:22 -0400] "GET /robots.txt HTTP/1.0" 200 67 "-" "(compatible;PetalBot;+http://aspiegel.com/petalbot)"
51.91.151.69 - - [12/Sep/2020:17:08:51 -0400] "GET //wp-content/plugins/wp-file-manager/lib/php/connector.minimal.php HTTP/1.0" 301 500 "www.google.com" "Mozlila/5.0 (Linux; Android 7.0; SM-G892A Bulid/NRD90M; wv) AppleWebKit/537.36 (KHTML, like Gecko) Version/4.0 Chrome/60.0.3112.107 Moblie Safari/537.36"
66.249.68.7 - - [12/Sep/2020:18:01:45 -0400] "GET /Mailregistration.htm HTTP/1.0" 301 - "-" "Mozilla/5.0 (Linux; Android 6.0.1; Nexus 5X Build/MMB29P) AppleWebKit/537.36 (KHTML, like Gecko) Chrome/80.0.3987.92 Mobile Safari/537.36 (compatible; Googlebot/2.1; +http://www.google.com/bot.html)"
35.229.91.121 - - [12/Sep/2020:18:52:38 -0400] "GET /directory/ HTTP/1.0" 200 24058 "-" "ZoominfoBot (zoominfobot at zoominfo dot com)"
96.8.168.148 - - [12/Sep/2020:22:12:06 -0400] "GET /wp-content/themes/Jingged/includes/css/font-awesome.min.css?ver=4.1.0 HTTP/1.0" 200 21984 "https://www.auriculotherapy.org/course-study/" "Mozilla/5.0 (Macintosh; Intel Mac OS X 10_15_5) AppleWebKit/605.1.15 (KHTML, like Gecko) Version/13.1.1 Safari/605.1.15"
96.8.168.148 - - [12/Sep/2020:22:12:06 -0400] "GET /wp-content/themes/Jingged/includes/resources/bootstrap/js/bootstrap.min.js?ver=5.4.2 HTTP/1.0" 200 36868 "https://www.auriculotherapy.org/course-study/" "Mozilla/5.0 (Macintosh; Intel Mac OS X 10_15_5) AppleWebKit/605.1.15 (KHTML, like Gecko) Version/13.1.1 Safari/605.1.15"
96.8.168.148 - - [12/Sep/2020:22:12:08 -0400] "GET /wp-includes/js/wp-emoji-release.min.js?ver=5.4.2 HTTP/1.0" 200 13901 "https://www.auriculotherapy.org/course-study/" "Mozilla/5.0 (Macintosh; Intel Mac OS X 10_15_5) AppleWebKit/605.1.15 (KHTML, like Gecko) Version/13.1.1 Safari/605.1.15"
96.8.168.148 - - [12/Sep/2020:22:12:08 -0400] "GET /wp-content/themes/Jingged/includes/images/footerbg.jpg HTTP/1.0" 200 24855 "https://www.auriculotherapy.org/course-study/" "Mozilla/5.0 (Macintosh; Intel Mac OS X 10_15_5) AppleWebKit/605.1.15 (KHTML, like Gecko) Version/13.1.1 Safari/605.1.15"
24.254.183.161 - - [12/Sep/2020:22:34:53 -0400] "GET /certification-course-online/ HTTP/1.0" 200 15402 "https://www.auriculotherapy.org/" "Mozilla/5.0 (iPhone; CPU iPhone OS 12_4_8 like Mac OS X) AppleWebKit/605.1.15 (KHTML, like Gecko) Version/12.1.2 Mobile/15E148 Safari/604.1"
65.79.130.155 - - [12/Sep/2020:23:18:48 -0400] "GET /wp-content/themes/Jingged/includes/css/bootstrap-wp.css?ver=5.4.2 HTTP/1.0" 200 21977 "https://www.auriculotherapy.org/" "Mozilla/5.0 (Windows NT 10.0; Win64; x64) AppleWebKit/537.36 (KHTML, like Gecko) Chrome/85.0.4183.83 Safari/537.36"
65.79.130.155 - - [12/Sep/2020:23:18:48 -0400] "GET /wp-content/plugins/smart-slider-3/library/media/smartslider.min.css?1584418967 HTTP/1.0" 200 19462 "https://www.auriculotherapy.org/" "Mozilla/5.0 (Windows NT 10.0; Win64; x64) AppleWebKit/537.36 (KHTML, like Gecko) Chrome/85.0.4183.83 Safari/537.36"
65.79.130.155 - - [12/Sep/2020:23:19:00 -0400] "GET /wp-content/themes/Jingged/includes/js/jquery-ui.js HTTP/1.0" 200 520714 "https://www.auriculotherapy.org/application/" "Mozilla/5.0 (Windows NT 10.0; Win64; x64) AppleWebKit/537.36 (KHTML, like Gecko) Chrome/85.0.4183.83 Safari/537.36"
35.237.106.60 - - [12/Sep/2020:00:23:19 -0400] "GET /robots.txt HTTP/1.0" 200 67 "-" "ZoominfoBot (zoominfobot at zoominfo dot com)"
35.237.106.60 - - [12/Sep/2020:00:23:34 -0400] "GET /links/ HTTP/1.0" 200 16758 "-" "ZoominfoBot (zoominfobot at zoominfo dot com)"
35.237.106.60 - - [12/Sep/2020:00:33:35 -0400] "GET /comments/feed/ HTTP/1.0" 200 1729 "-" "ZoominfoBot (zoominfobot at zoominfo dot com)"
35.237.106.60 - - [12/Sep/2020:00:51:27 -0400] "GET /xmlrpc.php HTTP/1.0" 405 42 "-" "ZoominfoBot (zoominfobot at zoominfo dot com)"
66.249.68.7 - - [12/Sep/2020:00:54:13 -0400] "GET /ads.txt HTTP/1.0" 301 - "-" "Mozilla/5.0 (compatible; Googlebot/2.1; +http://www.google.com/bot.html)"
172.58.76.115 - - [12/Sep/2020:01:04:28 -0400] "GET /wp-content/themes/Jingged/includes/resources/bootstrap/js/bootstrap.min.js?ver=5.4.2 HTTP/1.0" 200 36868 "https://www.auriculotherapy.org/" "Mozilla/5.0 (iPhone; CPU iPhone OS 13_7 like Mac OS X) AppleWebKit/605.1.15 (KHTML, like Gecko) Version/13.1.2 Mobile/15E148 Safari/604.1"
172.58.76.115 - - [12/Sep/2020:01:04:52 -0400] "GET /wp-content/themes/Jingged/includes/images/icon_filter.jpg HTTP/1.0" 200 1616 "https://www.auriculotherapy.org/directory/" "Mozilla/5.0 (iPhone; CPU iPhone OS 13_7 like Mac OS X) AppleWebKit/605.1.15 (KHTML, like Gecko) Version/13.1.2 Mobile/15E148 Safari/604.1"
172.58.76.115 - - [12/Sep/2020:01:04:52 -0400] "POST /wp-admin/admin-ajax.php HTTP/1.0" 200 204196 "https://www.auriculotherapy.org/directory/" "Mozilla/5.0 (iPhone; CPU iPhone OS 13_7 like Mac OS X) AppleWebKit/605.1.15 (KHTML, like Gecko) Version/13.1.2 Mobile/15E148 Safari/604.1"
114.119.133.91 - - [12/Sep/2020:01:28:05 -0400] "GET /aci-board HTTP/1.0" 301 - "-" "Mozilla/5.0 (Linux; Android 7.0;) AppleWebKit/537.36 (KHTML, like Gecko) Mobile Safari/537.36 (compatible; PetalBot;+http://aspiegel.com/petalbot)"
162.210.196.130 - - [12/Sep/2020:02:09:07 -0400] "GET / HTTP/1.0" 301 - "-" "Mozilla/5.0 (compatible; MJ12bot/v1.4.8; http://mj12bot.com/)"
162.210.196.130 - - [12/Sep/2020:02:09:11 -0400] "GET /robots.txt HTTP/1.0" 200 67 "-" "Mozilla/5.0 (compatible; MJ12bot/v1.4.8; http://mj12bot.com/)"
10.30.94.78 - - [12/Sep/2020:03:01:38 -0400] "POST /wp-cron.php?doing_wp_cron=1599894098.4686970710754394531250 HTTP/1.0" 200 - "http://www.auriculotherapy.org/wp-cron.php?doing_wp_cron=1599894098.4686970710754394531250" "WordPress/5.4.2; https://www.auriculotherapy.org"
87.74.52.118 - - [12/Sep/2020:03:01:41 -0400] "GET /wp-content/themes/Jingged/includes/css/bootstrap-wp.css?ver=5.4.2 HTTP/1.0" 200 21977 "https://www.auriculotherapy.org/" "Mozilla/5.0 (Windows NT 10.0; Win64; x64; rv:80.0) Gecko/20100101 Firefox/80.0"
87.74.52.118 - - [12/Sep/2020:03:01:41 -0400] "GET /wp-content/themes/Jingged/includes/js/bootstrap-wp.js?ver=5.4.2 HTTP/1.0" 200 1514 "https://www.auriculotherapy.org/" "Mozilla/5.0 (Windows NT 10.0; Win64; x64; rv:80.0) Gecko/20100101 Firefox/80.0"
87.74.52.118 - - [12/Sep/2020:03:01:42 -0400] "GET /wp-content/uploads/2019/03/ear-1.jpg HTTP/1.0" 200 90265 "https://www.auriculotherapy.org/" "Mozilla/5.0 (Windows NT 10.0; Win64; x64; rv:80.0) Gecko/20100101 Firefox/80.0"
87.74.52.118 - - [12/Sep/2020:03:02:34 -0400] "GET /wp-content/themes/Jingged/includes/js/register.js HTTP/1.0" 200 7278 "https://www.auriculotherapy.org/application/" "Mozilla/5.0 (Windows NT 10.0; Win64; x64; rv:80.0) Gecko/20100101 Firefox/80.0"
184.154.76.20 - - [12/Sep/2020:08:00:50 -0400] "GET /robots.txt HTTP/1.0" 200 67 "-" "SiteLockSpider [en] (WinNT; I ;Nav)"
184.154.76.20 - - [12/Sep/2020:08:00:55 -0400] "GET / HTTP/1.0" 200 28727 "http://www.google.com/url?url=www.auriculotherapy.org&yahoo.com" "Mozilla/5.0 (compatible; MSIE 9.0; Windows NT 6.1; WOW64; Trident/6.0)"
184.154.76.20 - - [12/Sep/2020:08:01:03 -0400] "GET /login HTTP/1.0" 301 - "-" "SiteLockSpider [en] (WinNT; I ;Nav)"
184.154.76.20 - - [12/Sep/2020:08:01:04 -0400] "GET /course-study/ HTTP/1.0" 200 18026 "http://www.google.com/url?url=www.auriculotherapy.org&yahoo.com" "Mozilla/5.0 (compatible; MSIE 9.0; Windows NT 6.1; WOW64; Trident/6.0)"
184.154.76.20 - - [12/Sep/2020:08:01:09 -0400] "GET /links/ HTTP/1.0" 200 16758 "http://www.google.com/url?url=www.auriculotherapy.org&yahoo.com" "Mozilla/5.0 (compatible; MSIE 9.0; Windows NT 6.1; WOW64; Trident/6.0)"
184.154.76.20 - - [12/Sep/2020:08:01:16 -0400] "GET /calendar-of-events/ HTTP/1.0" 200 20097 "http://www.google.com/url?url=www.auriculotherapy.org&yahoo.com" "Mozilla/5.0 (compatible; MSIE 9.0; Windows NT 6.1; WOW64; Trident/6.0)"
184.154.76.20 - - [12/Sep/2020:08:01:17 -0400] "GET /the-auriculotherapy-certification-institute/ HTTP/1.0" 200 20527 "http://www.google.com/url?url=www.auriculotherapy.org&yahoo.com" "Mozilla/5.0 (compatible; MSIE 9.0; Windows NT 6.1; WOW64; Trident/6.0)"
184.154.76.20 - - [12/Sep/2020:08:01:18 -0400] "GET /certification-course-online/ HTTP/1.0" 200 15402 "http://www.google.com/url?url=www.auriculotherapy.org&yahoo.com" "Mozilla/5.0 (compatible; MSIE 9.0; Windows NT 6.1; WOW64; Trident/6.0)"
184.154.76.20 - - [12/Sep/2020:08:01:20 -0400] "GET /directory/ HTTP/1.0" 200 24058 "http://www.google.com/url?url=www.auriculotherapy.org&yahoo.com" "Mozilla/5.0 (compatible; MSIE 9.0; Windows NT 6.1; WOW64; Trident/6.0)"
