0byt3m1n1
Path:
/
data
/
40
/
5
/
122
/
64
/
5448064
/
user
/
6519071
/
htdocs
/
log
/
[
Home
]
File: x-access_log.2020-09-12
108.59.8.80 - - [12/Sep/2020:01:02:11 -0400] "GET /robots.txt HTTP/1.0" 200 67 "-" "Mozilla/5.0 (compatible; MJ12bot/v1.4.8; http://mj12bot.com/)"
172.58.76.115 - - [12/Sep/2020:01:04:25 -0400] "GET / HTTP/1.0" 200 28727 "https://www.google.com/" "Mozilla/5.0 (iPhone; CPU iPhone OS 13_7 like Mac OS X) AppleWebKit/605.1.15 (KHTML, like Gecko) Version/13.1.2 Mobile/15E148 Safari/604.1"
172.58.76.115 - - [12/Sep/2020:01:04:27 -0400] "GET /wp-includes/css/dist/block-library/style.min.css?ver=5.4.2 HTTP/1.0" 200 53593 "https://www.auriculotherapy.org/" "Mozilla/5.0 (iPhone; CPU iPhone OS 13_7 like Mac OS X) AppleWebKit/605.1.15 (KHTML, like Gecko) Version/13.1.2 Mobile/15E148 Safari/604.1"
172.58.76.115 - - [12/Sep/2020:01:04:28 -0400] "GET /wp-content/themes/Jingged/includes/js/bootstrap-wp.js?ver=5.4.2 HTTP/1.0" 200 1514 "https://www.auriculotherapy.org/" "Mozilla/5.0 (iPhone; CPU iPhone OS 13_7 like Mac OS X) AppleWebKit/605.1.15 (KHTML, like Gecko) Version/13.1.2 Mobile/15E148 Safari/604.1"
172.58.76.115 - - [12/Sep/2020:01:04:28 -0400] "GET /wp-content/plugins/smart-slider-3/nextend/media/dist/n2.min.js?1584418970 HTTP/1.0" 200 3495 "https://www.auriculotherapy.org/" "Mozilla/5.0 (iPhone; CPU iPhone OS 13_7 like Mac OS X) AppleWebKit/605.1.15 (KHTML, like Gecko) Version/13.1.2 Mobile/15E148 Safari/604.1"
172.58.76.115 - - [12/Sep/2020:01:04:28 -0400] "GET /wp-content/plugins/smart-slider-3/library/media/dist/smartslider-frontend.min.js?1584418967 HTTP/1.0" 200 132744 "https://www.auriculotherapy.org/" "Mozilla/5.0 (iPhone; CPU iPhone OS 13_7 like Mac OS X) AppleWebKit/605.1.15 (KHTML, like Gecko) Version/13.1.2 Mobile/15E148 Safari/604.1"
172.58.76.115 - - [12/Sep/2020:01:04:28 -0400] "GET /wp-content/plugins/smart-slider-3/library/media/plugins/type/simple/simple/dist/smartslider-simple-type-frontend.min.js?1584418967 HTTP/1.0" 200 18726 "https://www.auriculotherapy.org/" "Mozilla/5.0 (iPhone; CPU iPhone OS 13_7 like Mac OS X) AppleWebKit/605.1.15 (KHTML, like Gecko) Version/13.1.2 Mobile/15E148 Safari/604.1"
172.58.76.115 - - [12/Sep/2020:01:04:28 -0400] "GET /wp-content/themes/Jingged/style.css?ver=5.4.2 HTTP/1.0" 200 7370 "https://www.auriculotherapy.org/" "Mozilla/5.0 (iPhone; CPU iPhone OS 13_7 like Mac OS X) AppleWebKit/605.1.15 (KHTML, like Gecko) Version/13.1.2 Mobile/15E148 Safari/604.1"
172.58.76.115 - - [12/Sep/2020:01:04:29 -0400] "GET /wp-content/themes/Jingged/includes/images/footerbg.jpg HTTP/1.0" 200 24855 "https://www.auriculotherapy.org/" "Mozilla/5.0 (iPhone; CPU iPhone OS 13_7 like Mac OS X) AppleWebKit/605.1.15 (KHTML, like Gecko) Version/13.1.2 Mobile/15E148 Safari/604.1"
87.74.52.118 - - [12/Sep/2020:03:01:42 -0400] "GET /wp-content/plugins/smart-slider-3/library/media/dist/smartslider-frontend.min.js?1584418967 HTTP/1.0" 200 132744 "https://www.auriculotherapy.org/" "Mozilla/5.0 (Windows NT 10.0; Win64; x64; rv:80.0) Gecko/20100101 Firefox/80.0"
87.74.52.118 - - [12/Sep/2020:03:01:42 -0400] "GET /wp-includes/js/wp-embed.min.js?ver=5.4.2 HTTP/1.0" 200 1434 "https://www.auriculotherapy.org/" "Mozilla/5.0 (Windows NT 10.0; Win64; x64; rv:80.0) Gecko/20100101 Firefox/80.0"
87.74.52.118 - - [12/Sep/2020:03:01:42 -0400] "GET /wp-content/uploads/2019/06/earbg.jpg HTTP/1.0" 200 25855 "https://www.auriculotherapy.org/" "Mozilla/5.0 (Windows NT 10.0; Win64; x64; rv:80.0) Gecko/20100101 Firefox/80.0"
87.74.52.118 - - [12/Sep/2020:03:02:12 -0400] "GET /course-study/ HTTP/1.0" 200 18026 "https://www.auriculotherapy.org/" "Mozilla/5.0 (Windows NT 10.0; Win64; x64; rv:80.0) Gecko/20100101 Firefox/80.0"
87.74.52.118 - - [12/Sep/2020:03:02:15 -0400] "GET /wp-content/uploads/2019/01/downloadicon.png HTTP/1.0" 200 4037 "https://www.auriculotherapy.org/course-study/" "Mozilla/5.0 (Windows NT 10.0; Win64; x64; rv:80.0) Gecko/20100101 Firefox/80.0"
10.30.94.78 - - [12/Sep/2020:05:42:51 -0400] "POST /wp-cron.php?doing_wp_cron=1599903770.9856200218200683593750 HTTP/1.0" 200 - "https://www.auriculotherapy.org/wp-cron.php?doing_wp_cron=1599903770.9856200218200683593750" "WordPress/5.4.2; https://www.auriculotherapy.org"
184.154.76.20 - - [12/Sep/2020:08:01:05 -0400] "GET /blog/ HTTP/1.0" 200 18964 "http://www.google.com/url?url=www.auriculotherapy.org&yahoo.com" "Mozilla/5.0 (compatible; MSIE 9.0; Windows NT 6.1; WOW64; Trident/6.0)"
184.154.76.20 - - [12/Sep/2020:08:01:09 -0400] "GET /contact-us/ HTTP/1.0" 200 16077 "http://www.google.com/url?url=www.auriculotherapy.org&yahoo.com" "Mozilla/5.0 (compatible; MSIE 9.0; Windows NT 6.1; WOW64; Trident/6.0)"
184.154.76.20 - - [12/Sep/2020:08:01:29 -0400] "GET /privacy-policy/feed/ HTTP/1.0" 200 788 "http://www.google.com/url?url=www.auriculotherapy.org&yahoo.com" "Mozilla/5.0 (compatible; MSIE 9.0; Windows NT 6.1; WOW64; Trident/6.0)"
184.154.76.20 - - [12/Sep/2020:08:01:34 -0400] "GET /wp-includes/js/wp-embed.min.js?ver=5.4.2 HTTP/1.0" 200 1434 "-" "SiteLockSpider [en] (WinNT; I ;Nav)"
184.154.76.20 - - [12/Sep/2020:08:01:39 -0400] "GET /wp-json/oembed/1.0/embed?url=https%3A%2F%2Fwww.auriculotherapy.org%2Fcertification-course-online%2F&format=xml HTTP/1.0" 200 2554 "-" "SiteLockSpider [en] (WinNT; I ;Nav)"
184.154.76.20 - - [12/Sep/2020:08:01:40 -0400] "GET /wp-json/oembed/1.0/embed?url=https%3A%2F%2Fwww.auriculotherapy.org%2Fhello-world%2F HTTP/1.0" 200 2385 "-" "SiteLockSpider [en] (WinNT; I ;Nav)"
184.154.76.20 - - [12/Sep/2020:08:01:52 -0400] "GET /wp-content/themes/Jingged/includes/js/skip-link-focus-fix.js?ver=20130115 HTTP/1.0" 200 831 "-" "SiteLockSpider [en] (WinNT; I ;Nav)"
184.154.76.20 - - [12/Sep/2020:08:02:02 -0400] "GET /wp-content/plugins/smart-slider-3/library/media/dist/smartslider-frontend.min.js?1584418967 HTTP/1.0" 200 132744 "http://www.google.com/url?url=www.auriculotherapy.org&yahoo.com" "Mozilla/5.0 (compatible; MSIE 9.0; Windows NT 6.1; WOW64; Trident/6.0)"
184.154.76.20 - - [12/Sep/2020:08:02:05 -0400] "GET /wp-content/plugins/smart-slider-3/nextend/media/dist/n2.min.js?1584418970 HTTP/1.0" 200 3495 "http://www.google.com/url?url=www.auriculotherapy.org&yahoo.com" "Mozilla/5.0 (compatible; MSIE 9.0; Windows NT 6.1; WOW64; Trident/6.0)"
184.154.76.20 - - [12/Sep/2020:08:02:11 -0400] "GET /?s=1 HTTP/1.0" 200 23933 "-" "SiteLockSpider [en] (WinNT; I ;Nav)"
184.154.76.20 - - [12/Sep/2020:08:02:14 -0400] "GET /?p=38 HTTP/1.0" 301 - "-" "SiteLockSpider [en] (WinNT; I ;Nav)"
184.154.76.20 - - [12/Sep/2020:08:02:22 -0400] "GET /wp-json/oembed/1.0/%5C%22https:%5C/%5C/www.auriculotherapy.org%5C/contact-us%5C/%5C%22 HTTP/1.0" 404 113 "http://www.google.com/url?url=www.auriculotherapy.org&yahoo.com" "Mozilla/5.0 (compatible; MSIE 9.0; Windows NT 6.1; WOW64; Trident/6.0)"
184.154.76.20 - - [12/Sep/2020:08:02:29 -0400] "GET /?p=31 HTTP/1.0" 301 - "-" "SiteLockSpider [en] (WinNT; I ;Nav)"
184.154.76.20 - - [12/Sep/2020:08:02:33 -0400] "GET /wp-json/oembed/1.0/embed?url=https%3A%2F%2Fwww.auriculotherapy.org%2Fthe-auriculotherapy-certification-institute%2F&format=xml HTTP/1.0" 200 2825 "-" "SiteLockSpider [en] (WinNT; I ;Nav)"
184.154.76.20 - - [12/Sep/2020:08:02:39 -0400] "GET /wp-json/oembed/1.0/%5C%22https:%5C/%5C/www.auriculotherapy.org%5C/links%5C/%5C%22 HTTP/1.0" 404 113 "http://www.google.com/url?url=www.auriculotherapy.org&yahoo.com" "Mozilla/5.0 (compatible; MSIE 9.0; Windows NT 6.1; WOW64; Trident/6.0)"
184.154.76.20 - - [12/Sep/2020:08:02:39 -0400] "GET /wp-json/oembed/1.0/%5C%22https:%5C/%5C/www.auriculotherapy.org%5C/application%5C/%5C%22 HTTP/1.0" 404 113 "http://www.google.com/url?url=www.auriculotherapy.org&yahoo.com" "Mozilla/5.0 (compatible; MSIE 9.0; Windows NT 6.1; WOW64; Trident/6.0)"
184.154.76.20 - - [12/Sep/2020:08:02:50 -0400] "GET /search/1/feed/rss2/www.mednet.ucla.edu HTTP/1.0" 200 16357 "-" "SiteLockSpider [en] (WinNT; I ;Nav)"
184.154.76.20 - - [12/Sep/2020:08:03:00 -0400] "GET /search/1/feed/rss2/www.acudetox.com/feed/rss2/ HTTP/1.0" 200 1028 "http://www.google.com/url?url=www.auriculotherapy.org&yahoo.com" "Mozilla/5.0 (compatible; MSIE 9.0; Windows NT 6.1; WOW64; Trident/6.0)"
184.154.76.20 - - [12/Sep/2020:08:03:02 -0400] "GET /wp-content/plugins/smart-slider-3/library/media/smartslider.min.css?1574743522 HTTP/1.0" 200 19462 "-" "SiteLockSpider [en] (WinNT; I ;Nav)"
184.154.76.20 - - [12/Sep/2020:08:03:03 -0400] "GET /wp-admin/js/password-strength-meter.min.js?ver=5.4.1 HTTP/1.0" 200 766 "-" "SiteLockSpider [en] (WinNT; I ;Nav)"
184.154.76.20 - - [12/Sep/2020:08:03:03 -0400] "GET /wp-includes/js/wp-emoji-release.min.js?ver=5.2.5 HTTP/1.0" 200 13901 "-" "SiteLockSpider [en] (WinNT; I ;Nav)"
184.154.76.20 - - [12/Sep/2020:08:03:21 -0400] "GET //wp-content/plugins/profile-builder/readme.txt HTTP/1.0" 200 49634 "-" "SiteLockSpider [en] (WinNT; I ;Nav)"
184.154.76.20 - - [12/Sep/2020:08:03:21 -0400] "GET //wp-content/plugins/profile-builder/readme.txt HTTP/1.0" 200 49634 "-" "SiteLockSpider [en] (WinNT; I ;Nav)"
159.89.175.59 - - [12/Sep/2020:08:06:50 -0400] "GET / HTTP/1.0" 200 28727 "-" "Mozilla/5.0 (Windows NT 10.0; Win64; x64) AppleWebKit/537.36 (KHTML, like Gecko) Chrome/59.0.3071.115 Safari/537.36"
198.27.81.188 - - [12/Sep/2020:08:46:21 -0400] "GET /wp-content/plugins/wp-file-manager/lib/files/xxx.php HTTP/1.0" 301 500 "-" "curl/7.68.0"
198.27.81.188 - - [12/Sep/2020:08:47:34 -0400] "POST /wp-content/plugins/wp-file-manager/lib/php/connector.minimal.php HTTP/1.0" 404 16538 "-" "curl/7.68.0"
198.27.81.188 - - [12/Sep/2020:08:47:58 -0400] "GET /wp-content/plugins/wp-file-manager/lib/files/x.php?cmd=whoami HTTP/1.0" 301 500 "-" "curl/7.68.0"
198.27.81.188 - - [12/Sep/2020:08:49:01 -0400] "POST /wp-content/plugins/wp-file-manager/lib/php/connector.minimal.php HTTP/1.0" 404 16518 "-" "curl/7.68.0"
114.119.128.19 - - [12/Sep/2020:11:30:30 -0400] "GET /robots.txt HTTP/1.0" 200 67 "-" "(compatible;PetalBot;+http://aspiegel.com/petalbot)"
10.30.94.78 - - [12/Sep/2020:12:10:51 -0400] "POST /wp-cron.php?doing_wp_cron=1599927051.3362159729003906250000 HTTP/1.0" 200 - "http://www.auriculotherapy.org/wp-cron.php?doing_wp_cron=1599927051.3362159729003906250000" "WordPress/5.4.2; https://www.auriculotherapy.org"
114.119.138.140 - - [12/Sep/2020:12:47:10 -0400] "GET /robots.txt HTTP/1.0" 200 67 "-" "(compatible;PetalBot;+http://aspiegel.com/petalbot)"
66.249.79.112 - - [12/Sep/2020:14:11:12 -0400] "GET /wp-content/uploads/2019/06/4-ATF-Auricular-Treatment-Form.pdf HTTP/1.0" 200 216391 "-" "Googlebot/2.1 (+http://www.google.com/bot.html)"
66.160.140.184 - - [12/Sep/2020:15:04:22 -0400] "GET /course/atf.htm HTTP/1.0" 404 15957 "-" "The Knowledge AI"
66.249.79.121 - - [12/Sep/2020:15:41:50 -0400] "GET /robots.txt HTTP/1.0" 200 67 "-" "Mozilla/5.0 (compatible; Googlebot/2.1; +http://www.google.com/bot.html)"
207.228.78.204 - - [12/Sep/2020:15:50:03 -0400] "GET /wp-content/uploads/2019/06/earbg.jpg HTTP/1.0" 200 25855 "https://www.google.com/blank.html" "Mozilla/5.0 (Linux; Android 10; SM-G975W Build/QP1A.190711.020; wv) AppleWebKit/537.36 (KHTML, like Gecko) Version/4.0 Chrome/85.0.4183.101 Mobile Safari/537.36 GSA/11.26.7.21.arm64"
10.30.94.78 - - [12/Sep/2020:16:02:28 -0400] "POST /wp-cron.php?doing_wp_cron=1599940948.3078899383544921875000 HTTP/1.0" 200 - "http://www.auriculotherapy.org/wp-cron.php?doing_wp_cron=1599940948.3078899383544921875000" "WordPress/5.4.2; https://www.auriculotherapy.org"
89.36.76.117 - - [12/Sep/2020:18:27:32 -0400] "GET /wp-json/oembed/1.0/embed?url=https%3A%2F%2Fwww.auriculotherapy.org%2Faci-board%2F HTTP/1.0" 200 2372 "https://www.auriculotherapy.org/wp-json/oembed/1.0/embed?url=https%3A%2F%2Fwww.auriculotherapy.org%2Faci-board%2F" "Mozilla/5.0 (Windows NT 6.1) AppleWebKit/537.36 (KHTML, like Gecko) Chrome/67.0.3396.87 Safari/537.36"
35.229.91.121 - - [12/Sep/2020:19:26:59 -0400] "GET /xmlrpc.php HTTP/1.0" 405 42 "-" "ZoominfoBot (zoominfobot at zoominfo dot com)"
17.58.99.251 - - [12/Sep/2020:20:32:19 -0400] "GET /robots.txt HTTP/1.0" 200 67 "-" "Mozilla/5.0 (Macintosh; Intel Mac OS X 10_15_5) AppleWebKit/605.1.15 (KHTML, like Gecko) Version/13.1.1 Safari/605.1.15 (Applebot/0.1; +http://www.apple.com/go/applebot)"
96.8.168.148 - - [12/Sep/2020:22:12:05 -0400] "GET /wp-content/themes/Jingged/includes/js/bootstrap-wp.js?ver=5.4.2 HTTP/1.0" 200 1514 "https://www.auriculotherapy.org/course-study/" "Mozilla/5.0 (Macintosh; Intel Mac OS X 10_15_5) AppleWebKit/605.1.15 (KHTML, like Gecko) Version/13.1.1 Safari/605.1.15"
96.8.168.148 - - [12/Sep/2020:22:12:08 -0400] "GET /wp-includes/images/w-logo-blue-white-bg.png HTTP/1.0" 200 4119 "https://www.auriculotherapy.org/course-study/" "Mozilla/5.0 (Macintosh; Intel Mac OS X 10_15_5) AppleWebKit/605.1.15 (KHTML, like Gecko) Version/13.1.1 Safari/605.1.15"
24.254.183.161 - - [12/Sep/2020:22:34:35 -0400] "GET /wp-content/plugins/smart-slider-3/nextend/media/dist/nextend-frontend.min.js?1584418970 HTTP/1.0" 200 77132 "https://www.auriculotherapy.org/" "Mozilla/5.0 (iPhone; CPU iPhone OS 12_4_8 like Mac OS X) AppleWebKit/605.1.15 (KHTML, like Gecko) Version/12.1.2 Mobile/15E148 Safari/604.1"
24.254.183.161 - - [12/Sep/2020:22:34:36 -0400] "GET /wp-content/uploads/2019/06/earbg-left.jpg HTTP/1.0" 200 22041 "https://www.auriculotherapy.org/" "Mozilla/5.0 (iPhone; CPU iPhone OS 12_4_8 like Mac OS X) AppleWebKit/605.1.15 (KHTML, like Gecko) Version/12.1.2 Mobile/15E148 Safari/604.1"
89.36.76.117 - - [12/Sep/2020:22:43:48 -0400] "GET /aci-board/ HTTP/1.0" 200 33763 "https://www.auriculotherapy.org/aci-board/" "Mozilla/5.0 (Windows NT 10.0; Win64; x64) AppleWebKit/537.36 (KHTML, like Gecko) Chrome/67.0.3396.87 Safari/537.36 OPR/54.0.2952.54"
45.79.249.135 - - [12/Sep/2020:22:59:20 -0400] "GET / HTTP/1.0" 200 28727 "-" "python-requests/2.24.0"
65.79.130.155 - - [12/Sep/2020:23:18:48 -0400] "GET /wp-content/themes/Jingged/style.css?ver=5.4.2 HTTP/1.0" 200 7370 "https://www.auriculotherapy.org/" "Mozilla/5.0 (Windows NT 10.0; Win64; x64) AppleWebKit/537.36 (KHTML, like Gecko) Chrome/85.0.4183.83 Safari/537.36"
65.79.130.155 - - [12/Sep/2020:23:18:48 -0400] "GET /wp-content/uploads/2019/03/banner.png HTTP/1.0" 200 105389 "https://www.auriculotherapy.org/" "Mozilla/5.0 (Windows NT 10.0; Win64; x64) AppleWebKit/537.36 (KHTML, like Gecko) Chrome/85.0.4183.83 Safari/537.36"
65.79.130.155 - - [12/Sep/2020:23:18:53 -0400] "GET /wp-includes/images/w-logo-blue-white-bg.png HTTP/1.0" 200 4119 "https://www.auriculotherapy.org/" "Mozilla/5.0 (Windows NT 10.0; Win64; x64) AppleWebKit/537.36 (KHTML, like Gecko) Chrome/85.0.4183.83 Safari/537.36"
65.79.130.155 - - [12/Sep/2020:23:18:57 -0400] "GET /application/ HTTP/1.0" 200 28597 "https://www.auriculotherapy.org/" "Mozilla/5.0 (Windows NT 10.0; Win64; x64) AppleWebKit/537.36 (KHTML, like Gecko) Chrome/85.0.4183.83 Safari/537.36"
65.79.130.155 - - [12/Sep/2020:23:19:00 -0400] "GET /wp-content/themes/Jingged/includes/images/checkbox_own.png HTTP/1.0" 200 858 "https://www.auriculotherapy.org/wp-content/themes/Jingged/includes/css/bootstrap-wp.css?ver=5.4.2" "Mozilla/5.0 (Windows NT 10.0; Win64; x64) AppleWebKit/537.36 (KHTML, like Gecko) Chrome/85.0.4183.83 Safari/537.36"
162.210.196.130 - - [12/Sep/2020:02:09:02 -0400] "GET /robots.txt HTTP/1.0" 200 67 "-" "Mozilla/5.0 (compatible; MJ12bot/v1.4.8; http://mj12bot.com/)"
35.237.106.60 - - [12/Sep/2020:00:23:26 -0400] "GET /directory/ HTTP/1.0" 200 24058 "-" "ZoominfoBot (zoominfobot at zoominfo dot com)"
35.237.106.60 - - [12/Sep/2020:00:30:20 -0400] "GET /xmlrpc.php?rsd HTTP/1.0" 200 852 "-" "ZoominfoBot (zoominfobot at zoominfo dot com)"
64.140.133.61 - - [12/Sep/2020:00:49:52 -0400] "GET /calendar-of-events HTTP/1.0" 301 - "-" "Dispatch/0.14.0-SNAPSHOT"
64.140.133.61 - - [12/Sep/2020:00:49:55 -0400] "GET /calendar-of-events/ HTTP/1.0" 200 20097 "-" "Dispatch/0.14.0-SNAPSHOT"
172.58.76.115 - - [12/Sep/2020:01:04:29 -0400] "GET /wp-content/uploads/2019/03/banner.png HTTP/1.0" 200 105389 "https://www.auriculotherapy.org/" "Mozilla/5.0 (iPhone; CPU iPhone OS 13_7 like Mac OS X) AppleWebKit/605.1.15 (KHTML, like Gecko) Version/13.1.2 Mobile/15E148 Safari/604.1"
87.74.52.118 - - [12/Sep/2020:03:01:41 -0400] "GET /wp-content/themes/Jingged/includes/css/font-awesome.min.css?ver=4.1.0 HTTP/1.0" 200 21984 "https://www.auriculotherapy.org/" "Mozilla/5.0 (Windows NT 10.0; Win64; x64; rv:80.0) Gecko/20100101 Firefox/80.0"
87.74.52.118 - - [12/Sep/2020:03:01:42 -0400] "GET /wp-content/uploads/2019/03/banner.png HTTP/1.0" 200 105389 "https://www.auriculotherapy.org/" "Mozilla/5.0 (Windows NT 10.0; Win64; x64; rv:80.0) Gecko/20100101 Firefox/80.0"
87.74.52.118 - - [12/Sep/2020:03:01:46 -0400] "GET /wp-includes/images/w-logo-blue-white-bg.png HTTP/1.0" 200 4119 "-" "Mozilla/5.0 (Windows NT 10.0; Win64; x64; rv:80.0) Gecko/20100101 Firefox/80.0"
87.74.52.118 - - [12/Sep/2020:03:02:34 -0400] "GET /wp-content/themes/Jingged/includes/css/jquery-ui.css HTTP/1.0" 200 35997 "https://www.auriculotherapy.org/application/" "Mozilla/5.0 (Windows NT 10.0; Win64; x64; rv:80.0) Gecko/20100101 Firefox/80.0"
52.175.239.154 - - [12/Sep/2020:04:25:19 -0400] "GET /vendor/phpunit/phpunit/src/Util/PHP/eval-stdin.php HTTP/1.0" 404 16457 "-" "Mozilla/5.0 (Macintosh; Intel Mac OS X 10_10_1) AppleWebKit/537.36 (KHTML, like Gecko) Chrome/39.0.2171.95 Safari/537.36"
45.79.249.135 - - [12/Sep/2020:04:32:31 -0400] "GET / HTTP/1.0" 200 28727 "-" "python-requests/2.24.0"
40.84.216.130 - - [12/Sep/2020:06:08:34 -0400] "POST ///wp-content/plugins/wp-file-manager/lib/php/connector.minimal.php HTTP/1.0" 404 16457 "-" "python-requests/2.24.0"
10.30.94.78 - - [12/Sep/2020:08:00:52 -0400] "POST /wp-cron.php?doing_wp_cron=1599912051.9161839485168457031250 HTTP/1.0" 200 - "http://www.auriculotherapy.org/wp-cron.php?doing_wp_cron=1599912051.9161839485168457031250" "WordPress/5.4.2; https://www.auriculotherapy.org"
184.154.76.20 - - [12/Sep/2020:08:01:02 -0400] "GET /xmlrpc.php HTTP/1.0" 405 42 "-" "SiteLockSpider [en] (WinNT; I ;Nav)"
184.154.76.20 - - [12/Sep/2020:08:01:17 -0400] "GET /reset-password/ HTTP/1.0" 200 16438 "http://www.google.com/url?url=www.auriculotherapy.org&yahoo.com" "Mozilla/5.0 (compatible; MSIE 9.0; Windows NT 6.1; WOW64; Trident/6.0)"
184.154.76.20 - - [12/Sep/2020:08:01:20 -0400] "GET /feed/ HTTP/1.0" 200 5328 "http://www.google.com/url?url=www.auriculotherapy.org&yahoo.com" "Mozilla/5.0 (compatible; MSIE 9.0; Windows NT 6.1; WOW64; Trident/6.0)"
184.154.76.20 - - [12/Sep/2020:08:01:25 -0400] "GET /comments/feed/ HTTP/1.0" 200 1729 "http://www.google.com/url?url=www.auriculotherapy.org&yahoo.com" "Mozilla/5.0 (compatible; MSIE 9.0; Windows NT 6.1; WOW64; Trident/6.0)"
184.154.76.20 - - [12/Sep/2020:08:01:26 -0400] "GET /author/support@jingged.com/ HTTP/1.0" 404 15977 "http://www.google.com/url?url=www.auriculotherapy.org&yahoo.com" "Mozilla/5.0 (compatible; MSIE 9.0; Windows NT 6.1; WOW64; Trident/6.0)"
184.154.76.20 - - [12/Sep/2020:08:01:27 -0400] "GET /category/uncategorized/ HTTP/1.0" 200 18906 "http://www.google.com/url?url=www.auriculotherapy.org&yahoo.com" "Mozilla/5.0 (compatible; MSIE 9.0; Windows NT 6.1; WOW64; Trident/6.0)"
184.154.76.20 - - [12/Sep/2020:08:01:31 -0400] "GET /wp-admin/js/user-profile.min.js?ver=5.4.2 HTTP/1.0" 200 5583 "http://www.google.com/url?url=www.auriculotherapy.org&yahoo.com" "Mozilla/5.0 (compatible; MSIE 9.0; Windows NT 6.1; WOW64; Trident/6.0)"
184.154.76.20 - - [12/Sep/2020:08:01:35 -0400] "GET /wp-includes/js/underscore.min.js?ver=1.8.3 HTTP/1.0" 200 16154 "-" "SiteLockSpider [en] (WinNT; I ;Nav)"
184.154.76.20 - - [12/Sep/2020:08:01:37 -0400] "GET /wp-includes/js/zxcvbn-async.min.js?ver=1.0 HTTP/1.0" 200 353 "-" "SiteLockSpider [en] (WinNT; I ;Nav)"
184.154.76.20 - - [12/Sep/2020:08:01:38 -0400] "GET /wp-json/oembed/1.0/embed?url=https%3A%2F%2Fwww.auriculotherapy.org%2Flogin%2F HTTP/1.0" 200 2352 "http://www.google.com/url?url=www.auriculotherapy.org&yahoo.com" "Mozilla/5.0 (compatible; MSIE 9.0; Windows NT 6.1; WOW64; Trident/6.0)"
184.154.76.20 - - [12/Sep/2020:08:01:46 -0400] "GET /wp-content/plugins/edu-expression-pro/css/bootstrap-multiselect-core.css?ver=5.4.2 HTTP/1.0" 200 115225 "http://www.google.com/url?url=www.auriculotherapy.org&yahoo.com" "Mozilla/5.0 (compatible; MSIE 9.0; Windows NT 6.1; WOW64; Trident/6.0)"
184.154.76.20 - - [12/Sep/2020:08:01:48 -0400] "GET /wp-content/plugins/edu-expression-pro/js/bootstrap.min.js?ver=5.4.2 HTTP/1.0" 200 36979 "-" "SiteLockSpider [en] (WinNT; I ;Nav)"
184.154.76.20 - - [12/Sep/2020:08:01:50 -0400] "GET /wp-content/themes/Jingged/includes/css/jquery-ui.css HTTP/1.0" 200 35997 "http://www.google.com/url?url=www.auriculotherapy.org&yahoo.com" "Mozilla/5.0 (compatible; MSIE 9.0; Windows NT 6.1; WOW64; Trident/6.0)"
184.154.76.20 - - [12/Sep/2020:08:01:50 -0400] "GET /wp-content/themes/Jingged/includes/js/register.js HTTP/1.0" 200 7278 "http://www.google.com/url?url=www.auriculotherapy.org&yahoo.com" "Mozilla/5.0 (compatible; MSIE 9.0; Windows NT 6.1; WOW64; Trident/6.0)"
184.154.76.20 - - [12/Sep/2020:08:02:01 -0400] "GET /wp-content/themes/Jingged/includes/css/bootstrap-wp.css?ver=5.4.2 HTTP/1.0" 200 21977 "-" "SiteLockSpider [en] (WinNT; I ;Nav)"
184.154.76.20 - - [12/Sep/2020:08:02:15 -0400] "GET /wp-login.php?action=lostpassword HTTP/1.0" 200 3979 "-" "SiteLockSpider [en] (WinNT; I ;Nav)"
184.154.76.20 - - [12/Sep/2020:08:02:18 -0400] "GET /wp-json/oembed/1.0/embed?url=https%3A%2F%2Fwww.auriculotherapy.org%2Fcontact-us%2F HTTP/1.0" 200 2377 "-" "SiteLockSpider [en] (WinNT; I ;Nav)"
184.154.76.20 - - [12/Sep/2020:08:02:23 -0400] "GET /wp-json/oembed/1.0/embed?url=https%3A%2F%2Fwww.auriculotherapy.org%2Fforms%2F HTTP/1.0" 200 2379 "-" "SiteLockSpider [en] (WinNT; I ;Nav)"
184.154.76.20 - - [12/Sep/2020:08:02:27 -0400] "GET /wp-json/oembed/1.0/embed?url=https%3A%2F%2Fwww.auriculotherapy.org%2Fcourse-study%2F&format=xml HTTP/1.0" 200 2467 "-" "SiteLockSpider [en] (WinNT; I ;Nav)"
184.154.76.20 - - [12/Sep/2020:08:02:31 -0400] "GET /?p=48 HTTP/1.0" 301 - "-" "SiteLockSpider [en] (WinNT; I ;Nav)"
184.154.76.20 - - [12/Sep/2020:08:02:34 -0400] "GET /wp-json/oembed/1.0/embed?url=https%3A%2F%2Fwww.auriculotherapy.org%2Fcourse-study%2F HTTP/1.0" 200 2375 "-" "SiteLockSpider [en] (WinNT; I ;Nav)"
184.154.76.20 - - [12/Sep/2020:08:02:47 -0400] "GET /wp-includes/js/jquery/jquery-migrate.min.js?ver=1.4.1 HTTP/1.0" 200 10056 "-" "SiteLockSpider [en] (WinNT; I ;Nav)"
184.154.76.20 - - [12/Sep/2020:08:02:47 -0400] "GET /wp-content/themes/Jingged/includes/js/bootstrap-wp.js?ver=5.4.2 HTTP/1.0" 200 1514 "http://www.google.com/url?url=www.auriculotherapy.org&yahoo.com" "Mozilla/5.0 (compatible; MSIE 9.0; Windows NT 6.1; WOW64; Trident/6.0)"
184.154.76.20 - - [12/Sep/2020:08:02:48 -0400] "GET /wp-json/oembed/1.0/%5C%22https:%5C/%5C/www.auriculotherapy.org%5C/%5C%22 HTTP/1.0" 404 113 "http://www.google.com/url?url=www.auriculotherapy.org&yahoo.com" "Mozilla/5.0 (compatible; MSIE 9.0; Windows NT 6.1; WOW64; Trident/6.0)"
184.154.76.20 - - [12/Sep/2020:08:02:48 -0400] "GET /wp-content/themes/Jingged/includes/resources/bootstrap/js/bootstrap.min.js?ver=5.4.2 HTTP/1.0" 200 36868 "http://www.google.com/url?url=www.auriculotherapy.org&yahoo.com" "Mozilla/5.0 (compatible; MSIE 9.0; Windows NT 6.1; WOW64; Trident/6.0)"
184.154.76.20 - - [12/Sep/2020:08:02:52 -0400] "GET /search/1/feed/rss2/www.acudetox.com HTTP/1.0" 200 16342 "-" "SiteLockSpider [en] (WinNT; I ;Nav)"
184.154.76.20 - - [12/Sep/2020:08:02:55 -0400] "GET /search/1/feed/rss2/www.miridiatech.com HTTP/1.0" 200 16357 "-" "SiteLockSpider [en] (WinNT; I ;Nav)"
184.154.76.20 - - [12/Sep/2020:08:02:55 -0400] "GET /search/1/feed/rss2/www.n5ev.com HTTP/1.0" 200 16322 "-" "SiteLockSpider [en] (WinNT; I ;Nav)"
54.38.138.237 - - [12/Sep/2020:08:16:19 -0400] "GET /wp-content/plugins/wp-file-manager/lib/php/connector.minimal.php HTTP/1.0" 404 16457 "www.google.com" "Mozlila/5.0 (Linux; Android 7.0; SM-G892A Bulid/NRD90M; wv) AppleWebKit/537.36 (KHTML, like Gecko) Version/4.0 Chrome/60.0.3112.107 Moblie Safari/537.36"
89.36.76.117 - - [12/Sep/2020:12:13:04 -0400] "GET /login/ HTTP/1.0" 200 16930 "https://www.auriculotherapy.org/login/" "Mozilla/5.0 (Windows NT 6.1; Win64; x64) AppleWebKit/537.36 (KHTML, like Gecko) Chrome/67.0.3396.99 Safari/537.36"
114.119.137.67 - - [12/Sep/2020:14:02:20 -0400] "GET /robots.txt HTTP/1.0" 200 67 "-" "(compatible;PetalBot;+http://aspiegel.com/petalbot)"
66.249.79.112 - - [12/Sep/2020:15:28:37 -0400] "GET /wp-content/uploads/2019/06/5-ADX-Auricular-Diagnosis-Form.pdf HTTP/1.0" 200 882754 "-" "Googlebot/2.1 (+http://www.google.com/bot.html)"
34.75.60.34 - - [12/Sep/2020:16:51:07 -0400] "GET /robots.txt HTTP/1.0" 200 67 "-" "ZoominfoBot (zoominfobot at zoominfo dot com)"
34.75.60.34 - - [12/Sep/2020:16:51:11 -0400] "GET / HTTP/1.0" 200 28727 "-" "ZoominfoBot (zoominfobot at zoominfo dot com)"
66.249.79.123 - - [12/Sep/2020:17:50:35 -0400] "GET /contact.htm HTTP/1.0" 404 15957 "-" "Mozilla/5.0 (Linux; Android 6.0.1; Nexus 5X Build/MMB29P) AppleWebKit/537.36 (KHTML, like Gecko) Chrome/80.0.3987.92 Mobile Safari/537.36 (compatible; Googlebot/2.1; +http://www.google.com/bot.html)"
35.229.91.121 - - [12/Sep/2020:19:14:47 -0400] "GET /sample-page/feed/ HTTP/1.0" 200 775 "-" "ZoominfoBot (zoominfobot at zoominfo dot com)"
114.119.151.206 - - [12/Sep/2020:20:23:55 -0400] "GET /course-study HTTP/1.0" 301 - "-" "Mozilla/5.0 (Linux; Android 7.0;) AppleWebKit/537.36 (KHTML, like Gecko) Mobile Safari/537.36 (compatible; PetalBot;+http://aspiegel.com/petalbot)"
66.249.68.7 - - [12/Sep/2020:22:00:41 -0400] "GET / HTTP/1.0" 301 - "-" "Mozilla/5.0 (Linux; Android 6.0.1; Nexus 5X Build/MMB29P) AppleWebKit/537.36 (KHTML, like Gecko) Chrome/80.0.3987.92 Mobile Safari/537.36 (compatible; Googlebot/2.1; +http://www.google.com/bot.html)"
114.119.151.206 - - [12/Sep/2020:22:05:07 -0400] "GET / HTTP/1.0" 200 28727 "-" "Mozilla/5.0 (Linux; Android 7.0;) AppleWebKit/537.36 (KHTML, like Gecko) Mobile Safari/537.36 (compatible; PetalBot;+http://aspiegel.com/petalbot)"
96.8.168.148 - - [12/Sep/2020:22:12:06 -0400] "GET /wp-content/themes/Jingged/includes/resources/bootstrap/css/bootstrap.min.css?ver=5.4.2 HTTP/1.0" 200 119327 "https://www.auriculotherapy.org/course-study/" "Mozilla/5.0 (Macintosh; Intel Mac OS X 10_15_5) AppleWebKit/605.1.15 (KHTML, like Gecko) Version/13.1.1 Safari/605.1.15"
96.8.168.148 - - [12/Sep/2020:22:12:06 -0400] "GET /wp-content/themes/Jingged/style.css?ver=5.4.2 HTTP/1.0" 200 7370 "https://www.auriculotherapy.org/course-study/" "Mozilla/5.0 (Macintosh; Intel Mac OS X 10_15_5) AppleWebKit/605.1.15 (KHTML, like Gecko) Version/13.1.1 Safari/605.1.15"
96.8.168.148 - - [12/Sep/2020:22:12:06 -0400] "GET /wp-content/themes/Jingged/includes/css/bootstrap-wp.css?ver=5.4.2 HTTP/1.0" 200 21977 "https://www.auriculotherapy.org/course-study/" "Mozilla/5.0 (Macintosh; Intel Mac OS X 10_15_5) AppleWebKit/605.1.15 (KHTML, like Gecko) Version/13.1.1 Safari/605.1.15"
96.8.168.148 - - [12/Sep/2020:22:12:06 -0400] "GET /wp-includes/js/wp-embed.min.js?ver=5.4.2 HTTP/1.0" 200 1434 "https://www.auriculotherapy.org/course-study/" "Mozilla/5.0 (Macintosh; Intel Mac OS X 10_15_5) AppleWebKit/605.1.15 (KHTML, like Gecko) Version/13.1.1 Safari/605.1.15"
96.8.168.148 - - [12/Sep/2020:22:12:06 -0400] "GET /wp-content/themes/Jingged/includes/images/auriculotherapybg.png HTTP/1.0" 200 19077 "https://www.auriculotherapy.org/course-study/" "Mozilla/5.0 (Macintosh; Intel Mac OS X 10_15_5) AppleWebKit/605.1.15 (KHTML, like Gecko) Version/13.1.1 Safari/605.1.15"
24.254.183.161 - - [12/Sep/2020:22:34:35 -0400] "GET /wp-content/themes/Jingged/includes/resources/bootstrap/css/bootstrap.min.css?ver=5.4.2 HTTP/1.0" 200 119327 "https://www.auriculotherapy.org/" "Mozilla/5.0 (iPhone; CPU iPhone OS 12_4_8 like Mac OS X) AppleWebKit/605.1.15 (KHTML, like Gecko) Version/12.1.2 Mobile/15E148 Safari/604.1"
24.254.183.161 - - [12/Sep/2020:22:34:35 -0400] "GET /wp-content/themes/Jingged/includes/css/responsive-wp.css?ver=5.4.2 HTTP/1.0" 200 8178 "https://www.auriculotherapy.org/" "Mozilla/5.0 (iPhone; CPU iPhone OS 12_4_8 like Mac OS X) AppleWebKit/605.1.15 (KHTML, like Gecko) Version/12.1.2 Mobile/15E148 Safari/604.1"
24.254.183.161 - - [12/Sep/2020:22:34:36 -0400] "GET /wp-content/themes/Jingged/includes/resources/bootstrap/js/bootstrap.min.js?ver=5.4.2 HTTP/1.0" 200 36868 "https://www.auriculotherapy.org/" "Mozilla/5.0 (iPhone; CPU iPhone OS 12_4_8 like Mac OS X) AppleWebKit/605.1.15 (KHTML, like Gecko) Version/12.1.2 Mobile/15E148 Safari/604.1"
194.187.171.84 - - [12/Sep/2020:22:49:56 -0400] "GET /favicon.ico HTTP/1.0" 302 - "-" "Qwantify/1.0"
65.79.130.155 - - [12/Sep/2020:23:18:48 -0400] "GET /wp-content/themes/Jingged/includes/resources/bootstrap/js/bootstrap.min.js?ver=5.4.2 HTTP/1.0" 200 36868 "https://www.auriculotherapy.org/" "Mozilla/5.0 (Windows NT 10.0; Win64; x64) AppleWebKit/537.36 (KHTML, like Gecko) Chrome/85.0.4183.83 Safari/537.36"
65.79.130.155 - - [12/Sep/2020:23:18:48 -0400] "GET /wp-content/plugins/smart-slider-3/nextend/media/dist/nextend-frontend.min.js?1584418970 HTTP/1.0" 200 77132 "https://www.auriculotherapy.org/" "Mozilla/5.0 (Windows NT 10.0; Win64; x64) AppleWebKit/537.36 (KHTML, like Gecko) Chrome/85.0.4183.83 Safari/537.36"
65.79.130.155 - - [12/Sep/2020:23:18:48 -0400] "GET /wp-content/plugins/smart-slider-3/library/media/plugins/type/simple/simple/dist/smartslider-simple-type-frontend.min.js?1584418967 HTTP/1.0" 200 18726 "https://www.auriculotherapy.org/" "Mozilla/5.0 (Windows NT 10.0; Win64; x64) AppleWebKit/537.36 (KHTML, like Gecko) Chrome/85.0.4183.83 Safari/537.36"
65.79.130.155 - - [12/Sep/2020:23:18:48 -0400] "GET /wp-includes/js/wp-embed.min.js?ver=5.4.2 HTTP/1.0" 200 1434 "https://www.auriculotherapy.org/" "Mozilla/5.0 (Windows NT 10.0; Win64; x64) AppleWebKit/537.36 (KHTML, like Gecko) Chrome/85.0.4183.83 Safari/537.36"
65.79.130.155 - - [12/Sep/2020:23:19:12 -0400] "GET /calendar-of-events/ HTTP/1.0" 200 20097 "https://www.auriculotherapy.org/" "Mozilla/5.0 (Windows NT 10.0; Win64; x64) AppleWebKit/537.36 (KHTML, like Gecko) Chrome/85.0.4183.83 Safari/537.36"
35.237.106.60 - - [12/Sep/2020:00:23:30 -0400] "GET /certification-course-online/ HTTP/1.0" 200 15402 "-" "ZoominfoBot (zoominfobot at zoominfo dot com)"
66.249.79.121 - - [12/Sep/2020:00:54:04 -0400] "GET /ads.txt HTTP/1.0" 404 15957 "-" "Mozilla/5.0 (compatible; Googlebot/2.1; +http://www.google.com/bot.html)"
108.59.8.80 - - [12/Sep/2020:01:02:16 -0400] "GET / HTTP/1.0" 200 28727 "-" "Mozilla/5.0 (compatible; MJ12bot/v1.4.8; http://mj12bot.com/)"
172.58.76.115 - - [12/Sep/2020:01:04:26 -0400] "GET /wp-content/plugins/smart-slider-3/library/media/smartslider.min.css?1584418967 HTTP/1.0" 200 19462 "https://www.auriculotherapy.org/" "Mozilla/5.0 (iPhone; CPU iPhone OS 13_7 like Mac OS X) AppleWebKit/605.1.15 (KHTML, like Gecko) Version/13.1.2 Mobile/15E148 Safari/604.1"
172.58.76.115 - - [12/Sep/2020:01:04:26 -0400] "GET /wp-content/themes/Jingged/includes/js/skip-link-focus-fix.js?ver=20130115 HTTP/1.0" 200 831 "https://www.auriculotherapy.org/" "Mozilla/5.0 (iPhone; CPU iPhone OS 13_7 like Mac OS X) AppleWebKit/605.1.15 (KHTML, like Gecko) Version/13.1.2 Mobile/15E148 Safari/604.1"
172.58.76.115 - - [12/Sep/2020:01:04:27 -0400] "GET /wp-content/uploads/2019/03/ear-1.jpg HTTP/1.0" 200 90265 "https://www.auriculotherapy.org/" "Mozilla/5.0 (iPhone; CPU iPhone OS 13_7 like Mac OS X) AppleWebKit/605.1.15 (KHTML, like Gecko) Version/13.1.2 Mobile/15E148 Safari/604.1"
172.58.76.115 - - [12/Sep/2020:01:04:29 -0400] "GET /favicon.ico HTTP/1.0" 302 - "https://www.auriculotherapy.org/" "Mozilla/5.0 (iPhone; CPU iPhone OS 13_7 like Mac OS X) AppleWebKit/605.1.15 (KHTML, like Gecko) Version/13.1.2 Mobile/15E148 Safari/604.1"
172.58.76.115 - - [12/Sep/2020:01:04:59 -0400] "POST /wp-admin/admin-ajax.php HTTP/1.0" 200 1645 "https://www.auriculotherapy.org/directory/" "Mozilla/5.0 (iPhone; CPU iPhone OS 13_7 like Mac OS X) AppleWebKit/605.1.15 (KHTML, like Gecko) Version/13.1.2 Mobile/15E148 Safari/604.1"
54.36.148.246 - - [12/Sep/2020:01:42:57 -0400] "GET /robots.txt HTTP/1.0" 200 67 "-" "Mozilla/5.0 (compatible; AhrefsBot/6.1; +http://ahrefs.com/robot/)"
87.74.52.118 - - [12/Sep/2020:03:01:41 -0400] "GET /wp-includes/css/dist/block-library/style.min.css?ver=5.4.2 HTTP/1.0" 200 53593 "https://www.auriculotherapy.org/" "Mozilla/5.0 (Windows NT 10.0; Win64; x64; rv:80.0) Gecko/20100101 Firefox/80.0"
87.74.52.118 - - [12/Sep/2020:03:01:42 -0400] "GET /wp-content/themes/Jingged/includes/images/jingged.png HTTP/1.0" 200 2340 "https://www.auriculotherapy.org/" "Mozilla/5.0 (Windows NT 10.0; Win64; x64; rv:80.0) Gecko/20100101 Firefox/80.0"
66.249.79.108 - - [12/Sep/2020:04:13:16 -0400] "GET /robots.txt HTTP/1.0" 200 67 "-" "Mozilla/5.0 (compatible; Googlebot/2.1; +http://www.google.com/bot.html)"
45.79.249.135 - - [12/Sep/2020:05:57:34 -0400] "GET /wp-content/plugins/wp-file-manager/lib/php/connector.minimal.php HTTP/1.0" 404 16457 "www.google.com" "Mozlila/5.0 (Linux; Android 7.0; SM-G892A Bulid/NRD90M; wv) AppleWebKit/537.36 (KHTML, like Gecko) Version/4.0 Chrome/60.0.3112.107 Moblie Safari/537.36"
10.30.94.78 - - [12/Sep/2020:05:57:37 -0400] "POST /wp-cron.php?doing_wp_cron=1599904657.1090099811553955078125 HTTP/1.0" 200 - "http://www.auriculotherapy.org/wp-cron.php?doing_wp_cron=1599904657.1090099811553955078125" "WordPress/5.4.2; https://www.auriculotherapy.org"
45.79.249.135 - - [12/Sep/2020:06:25:21 -0400] "GET /wp-content/plugins/ioptimization/IOptimize.php?rchk HTTP/1.0" 404 16457 "www.google.com" "Mozlila/5.0 (Linux; Android 7.0; SM-G892A Bulid/NRD90M; wv) AppleWebKit/537.36 (KHTML, like Gecko) Version/4.0 Chrome/60.0.3112.107 Moblie Safari/537.36"
35.189.210.150 - - [12/Sep/2020:06:53:09 -0400] "GET /wp-content/plugins/ioptimization/IOptimize.php?rchk HTTP/1.0" 404 16457 "www.google.com" "Mozlila/5.0 (Linux; Android 7.0; SM-G892A Bulid/NRD90M; wv) AppleWebKit/537.36 (KHTML, like Gecko) Version/4.0 Chrome/60.0.3112.107 Moblie Safari/537.36"
10.30.94.78 - - [12/Sep/2020:06:53:11 -0400] "POST /wp-cron.php?doing_wp_cron=1599907991.6320650577545166015625 HTTP/1.0" 200 - "http://www.auriculotherapy.org/wp-cron.php?doing_wp_cron=1599907991.6320650577545166015625" "WordPress/5.4.2; https://www.auriculotherapy.org"
185.81.157.130 - - [12/Sep/2020:06:55:07 -0400] "GET /wp-content/plugins/wp-file-manager/lib/php/connector.minimal.php HTTP/1.0" 404 16457 "-" "Mozilla/5.0 (X11; Linux x86_64) AppleWebKit/537.36 (KHTML, like Gecko) Chrome/81.0.4044.129 Safari/537.36"
114.119.139.224 - - [12/Sep/2020:07:06:21 -0400] "GET /calendar.htm HTTP/1.0" 301 - "-" "Mozilla/5.0 (Linux; Android 7.0;) AppleWebKit/537.36 (KHTML, like Gecko) Mobile Safari/537.36 (compatible; PetalBot;+http://aspiegel.com/petalbot)"
184.154.76.20 - - [12/Sep/2020:08:01:14 -0400] "GET /calendar-of-events-bk/ HTTP/1.0" 200 23253 "http://www.google.com/url?url=www.auriculotherapy.org&yahoo.com" "Mozilla/5.0 (compatible; MSIE 9.0; Windows NT 6.1; WOW64; Trident/6.0)"
184.154.76.20 - - [12/Sep/2020:08:01:26 -0400] "GET /sample-page/feed/ HTTP/1.0" 200 775 "http://www.google.com/url?url=www.auriculotherapy.org&yahoo.com" "Mozilla/5.0 (compatible; MSIE 9.0; Windows NT 6.1; WOW64; Trident/6.0)"
184.154.76.20 - - [12/Sep/2020:08:01:29 -0400] "GET /wp-includes/js/wp-emoji-release.min.js?ver=5.4.2 HTTP/1.0" 200 13901 "http://www.google.com/url?url=www.auriculotherapy.org&yahoo.com" "Mozilla/5.0 (compatible; MSIE 9.0; Windows NT 6.1; WOW64; Trident/6.0)"
184.154.76.20 - - [12/Sep/2020:08:01:31 -0400] "GET /wp-includes/css/dashicons.min.css?ver=5.4.2 HTTP/1.0" 200 47558 "http://www.google.com/url?url=www.auriculotherapy.org&yahoo.com" "Mozilla/5.0 (compatible; MSIE 9.0; Windows NT 6.1; WOW64; Trident/6.0)"
184.154.76.20 - - [12/Sep/2020:08:01:32 -0400] "GET /page/2/?s=1 HTTP/1.0" 200 19786 "http://www.google.com/url?url=www.auriculotherapy.org&yahoo.com" "Mozilla/5.0 (compatible; MSIE 9.0; Windows NT 6.1; WOW64; Trident/6.0)"
184.154.76.20 - - [12/Sep/2020:08:01:37 -0400] "GET /wp-includes/css/buttons.min.css?ver=5.4.2 HTTP/1.0" 200 5867 "-" "SiteLockSpider [en] (WinNT; I ;Nav)"
184.154.76.20 - - [12/Sep/2020:08:01:40 -0400] "GET /search/1/feed/rss2/ HTTP/1.0" 200 50483 "http://www.google.com/url?url=www.auriculotherapy.org&yahoo.com" "Mozilla/5.0 (compatible; MSIE 9.0; Windows NT 6.1; WOW64; Trident/6.0)"
184.154.76.20 - - [12/Sep/2020:08:01:45 -0400] "GET /wp-includes/js/jquery/jquery-migrate.min.js?ver=1.4.1 HTTP/1.0" 200 10056 "-" "SiteLockSpider [en] (WinNT; I ;Nav)"
184.154.76.20 - - [12/Sep/2020:08:02:10 -0400] "GET /?p=389 HTTP/1.0" 301 - "-" "SiteLockSpider [en] (WinNT; I ;Nav)"
184.154.76.20 - - [12/Sep/2020:08:02:16 -0400] "GET /wp-login.php?=1&log=1&pwd=1&redirect_to=https://www.auriculotherapy.org/hello-world/&rememberme=1&testcookie=1&wp-submit=Log%20In HTTP/1.0" 200 6308 "http://www.google.com/url?url=www.auriculotherapy.org&yahoo.com" "Mozilla/5.0 (compatible; MSIE 9.0; Windows NT 6.1; WOW64; Trident/6.0)"
184.154.76.20 - - [12/Sep/2020:08:02:17 -0400] "GET /wp-login.php?redirect_to=https%3A%2F%2Fwww.auriculotherapy.org%2Fthe-auriculotherapy-certification-institute%2F HTTP/1.0" 200 6340 "-" "SiteLockSpider [en] (WinNT; I ;Nav)"
184.154.76.20 - - [12/Sep/2020:08:02:22 -0400] "GET /wp-json/oembed/1.0/%5C%22https:%5C/%5C/www.auriculotherapy.org%5C/reset-password%5C/%5C%22 HTTP/1.0" 404 113 "http://www.google.com/url?url=www.auriculotherapy.org&yahoo.com" "Mozilla/5.0 (compatible; MSIE 9.0; Windows NT 6.1; WOW64; Trident/6.0)"
184.154.76.20 - - [12/Sep/2020:08:02:22 -0400] "GET /wp-login.php?action=lostpassword&redirect_to=1&user_login=1&wp-submit=Get%20New%20Password HTTP/1.0" 200 3980 "-" "SiteLockSpider [en] (WinNT; I ;Nav)"
184.154.76.20 - - [12/Sep/2020:08:02:24 -0400] "GET /wp-json/oembed/1.0/embed?url=https%3A%2F%2Fwww.auriculotherapy.org%2Freset-password%2F&format=xml HTTP/1.0" 200 2489 "-" "SiteLockSpider [en] (WinNT; I ;Nav)"
184.154.76.20 - - [12/Sep/2020:08:02:24 -0400] "GET /wp-json/oembed/1.0/embed?url=https%3A%2F%2Fwww.auriculotherapy.org%2Fhello-world%2F&format=xml HTTP/1.0" 200 2477 "-" "SiteLockSpider [en] (WinNT; I ;Nav)"
184.154.76.20 - - [12/Sep/2020:08:02:26 -0400] "GET /wp-json/oembed/1.0/embed?url=https%3A%2F%2Fwww.auriculotherapy.org%2Faci-board%2F HTTP/1.0" 200 2372 "-" "SiteLockSpider [en] (WinNT; I ;Nav)"
184.154.76.20 - - [12/Sep/2020:08:02:27 -0400] "GET /wp-json/oembed/1.0/%5C%22https:%5C/%5C/www.auriculotherapy.org%5C/directory%5C/%5C%22 HTTP/1.0" 404 113 "http://www.google.com/url?url=www.auriculotherapy.org&yahoo.com" "Mozilla/5.0 (compatible; MSIE 9.0; Windows NT 6.1; WOW64; Trident/6.0)"
184.154.76.20 - - [12/Sep/2020:08:02:28 -0400] "GET /wp-json/oembed/1.0/%5C%22https:%5C/%5C/www.auriculotherapy.org%5C/forms%5C/%5C%22 HTTP/1.0" 404 113 "http://www.google.com/url?url=www.auriculotherapy.org&yahoo.com" "Mozilla/5.0 (compatible; MSIE 9.0; Windows NT 6.1; WOW64; Trident/6.0)"
184.154.76.20 - - [12/Sep/2020:08:02:36 -0400] "GET /wp-json/oembed/1.0/embed?url=https%3A%2F%2Fwww.auriculotherapy.org%2Fcalendar-of-events%2F HTTP/1.0" 200 2417 "-" "SiteLockSpider [en] (WinNT; I ;Nav)"
184.154.76.20 - - [12/Sep/2020:08:02:40 -0400] "GET /wp-json/oembed/1.0/embed?url=https%3A%2F%2Fwww.auriculotherapy.org%2Fprivacy-policy%2F&format=xml HTTP/1.0" 200 2489 "-" "SiteLockSpider [en] (WinNT; I ;Nav)"
184.154.76.20 - - [12/Sep/2020:08:02:44 -0400] "GET /wp-json/oembed/1.0/embed?url=https%3A%2F%2Fwww.auriculotherapy.org%2F HTTP/1.0" 200 2335 "-" "SiteLockSpider [en] (WinNT; I ;Nav)"
184.154.76.20 - - [12/Sep/2020:08:02:46 -0400] "GET /wp-includes/js/wp-embed.min.js?ver=5.4.2 HTTP/1.0" 200 1434 "-" "SiteLockSpider [en] (WinNT; I ;Nav)"
184.154.76.20 - - [12/Sep/2020:08:02:46 -0400] "GET /wp-includes/js/jquery/jquery.js?ver=1.12.4-wp HTTP/1.0" 200 96873 "http://www.google.com/url?url=www.auriculotherapy.org&yahoo.com" "Mozilla/5.0 (compatible; MSIE 9.0; Windows NT 6.1; WOW64; Trident/6.0)"
184.154.76.20 - - [12/Sep/2020:08:02:58 -0400] "GET /search/1/feed/rss2/www.n5ev.com/feed/rss2/ HTTP/1.0" 200 1020 "http://www.google.com/url?url=www.auriculotherapy.org&yahoo.com" "Mozilla/5.0 (compatible; MSIE 9.0; Windows NT 6.1; WOW64; Trident/6.0)"
184.154.76.20 - - [12/Sep/2020:08:03:01 -0400] "GET /wp-content/plugins/smart-slider-3/nextend/media/dist/nextend-frontend.min.js?1574743524 HTTP/1.0" 200 77132 "-" "SiteLockSpider [en] (WinNT; I ;Nav)"
184.154.76.20 - - [12/Sep/2020:08:03:02 -0400] "GET /wp-content/plugins/smart-slider-3/nextend/media/dist/n2.min.js?1574743524 HTTP/1.0" 200 3495 "-" "SiteLockSpider [en] (WinNT; I ;Nav)"
184.154.76.20 - - [12/Sep/2020:08:03:03 -0400] "GET /wp-includes/js/wp-util.min.js?ver=5.4.1 HTTP/1.0" 200 1079 "-" "SiteLockSpider [en] (WinNT; I ;Nav)"
184.154.76.20 - - [12/Sep/2020:08:03:03 -0400] "GET /wp-includes/css/buttons.min.css?ver=5.4.1 HTTP/1.0" 200 5867 "-" "SiteLockSpider [en] (WinNT; I ;Nav)"
184.154.76.20 - - [12/Sep/2020:08:03:03 -0400] "GET /wp-content/plugins/edu-expression-pro/js/jquery-1.11.1.min.js?ver=5.2.6 HTTP/1.0" 200 95786 "-" "SiteLockSpider [en] (WinNT; I ;Nav)"
184.154.76.20 - - [12/Sep/2020:08:03:04 -0400] "GET /wp-content/plugins/edu-expression-pro/js/bootstrap-multiselect.js?ver=5.2.6 HTTP/1.0" 200 47918 "-" "SiteLockSpider [en] (WinNT; I ;Nav)"
184.154.76.20 - - [12/Sep/2020:08:03:04 -0400] "GET /wp-content/plugins/edu-expression-pro/js/custom.min.js?ver=5.2.6 HTTP/1.0" 200 663 "-" "SiteLockSpider [en] (WinNT; I ;Nav)"
35.189.210.150 - - [12/Sep/2020:08:22:46 -0400] "GET /wp-content/plugins/ioptimization/IOptimize.php?rchk HTTP/1.0" 301 500 "www.google.com" "Mozlila/5.0 (Linux; Android 7.0; SM-G892A Bulid/NRD90M; wv) AppleWebKit/537.36 (KHTML, like Gecko) Version/4.0 Chrome/60.0.3112.107 Moblie Safari/537.36"
35.189.210.150 - - [12/Sep/2020:08:22:51 -0400] "GET /wp-content/plugins/ioptimization/IOptimize.php?rchk HTTP/1.0" 404 16457 "www.google.com" "Mozlila/5.0 (Linux; Android 7.0; SM-G892A Bulid/NRD90M; wv) AppleWebKit/537.36 (KHTML, like Gecko) Version/4.0 Chrome/60.0.3112.107 Moblie Safari/537.36"
209.126.4.85 - - [12/Sep/2020:08:27:21 -0400] "GET /images/speake12.jpg HTTP/1.0" 404 15957 "http://www.auriculotherapy.org" "Mozilla/5.0 (Linux; Android 6.0.1; Nexus 5X Build/MMB29P) AppleWebKit/537.36 (KHTML, like Gecko) Chrome/80.0.3987.92 Mobile Safari/537.36 (compatible; Googlebot/2.1; +http://www.google.com/bot.html)"
66.249.79.108 - - [12/Sep/2020:09:12:33 -0400] "GET /application/ HTTP/1.0" 200 28597 "-" "Mozilla/5.0 (Linux; Android 6.0.1; Nexus 5X Build/MMB29P) AppleWebKit/537.36 (KHTML, like Gecko) Chrome/80.0.3987.92 Mobile Safari/537.36 (compatible; Googlebot/2.1; +http://www.google.com/bot.html)"
10.30.94.78 - - [12/Sep/2020:11:09:36 -0400] "POST /wp-cron.php?doing_wp_cron=1599923376.1680181026458740234375 HTTP/1.0" 200 - "http://www.auriculotherapy.org/wp-cron.php?doing_wp_cron=1599923376.1680181026458740234375" "WordPress/5.4.2; https://www.auriculotherapy.org"
114.119.135.204 - - [12/Sep/2020:14:11:15 -0400] "GET /robots.txt HTTP/1.0" 200 67 "-" "(compatible;PetalBot;+http://aspiegel.com/petalbot)"
114.119.131.203 - - [12/Sep/2020:15:16:51 -0400] "GET /robots.txt HTTP/1.0" 200 67 "-" "(compatible;PetalBot;+http://aspiegel.com/petalbot)"
64.246.165.210 - - [12/Sep/2020:16:02:24 -0400] "GET /robots.txt HTTP/1.0" 200 67 "-" "Mozilla/5.0 (Macintosh; Intel Mac OS X 10.10; rv:59.0) Gecko/20100101 Firefox/59.0"
146.185.201.81 - - [12/Sep/2020:16:34:43 -0400] "GET /wp-content/plugins/wp-file-manager/lib/php/connector.minimal.php HTTP/1.0" 404 16457 "http://auriculotherapy.org/wp-content/plugins/wp-file-manager/lib/php/connector.minimal.php" "Mozilla/5.0 (Windows NT 10.0; Win64; x64) AppleWebKit/537.36 (KHTML, like Gecko) Chrome/72.0.3626.121 Safari/537.36"
114.119.146.241 - - [12/Sep/2020:16:48:18 -0400] "GET /links/ HTTP/1.0" 200 16758 "-" "Mozilla/5.0 (Linux; Android 7.0;) AppleWebKit/537.36 (KHTML, like Gecko) Mobile Safari/537.36 (compatible; PetalBot;+http://aspiegel.com/petalbot)"
114.119.135.64 - - [12/Sep/2020:18:14:41 -0400] "GET /robots.txt HTTP/1.0" 200 67 "-" "(compatible;PetalBot;+http://aspiegel.com/petalbot)"
89.36.76.117 - - [12/Sep/2020:18:27:25 -0400] "GET /login/ HTTP/1.0" 200 16930 "https://www.auriculotherapy.org/login/" "Mozilla/5.0 (Windows NT 6.1) AppleWebKit/537.36 (KHTML, like Gecko) Chrome/67.0.3396.87 Safari/537.36"
35.229.91.121 - - [12/Sep/2020:18:52:44 -0400] "GET /certification-course-online/ HTTP/1.0" 200 15402 "-" "ZoominfoBot (zoominfobot at zoominfo dot com)"
35.229.91.121 - - [12/Sep/2020:19:01:08 -0400] "GET /xmlrpc.php?rsd HTTP/1.0" 200 852 "-" "ZoominfoBot (zoominfobot at zoominfo dot com)"
35.229.91.121 - - [12/Sep/2020:19:28:04 -0400] "GET /login HTTP/1.0" 301 - "-" "ZoominfoBot (zoominfobot at zoominfo dot com)"
10.30.94.78 - - [12/Sep/2020:21:49:58 -0400] "POST /wp-cron.php?doing_wp_cron=1599961798.0949680805206298828125 HTTP/1.0" 200 - "http://www.auriculotherapy.org/wp-cron.php?doing_wp_cron=1599961798.0949680805206298828125" "WordPress/5.4.2; https://www.auriculotherapy.org"
10.30.94.78 - - [12/Sep/2020:21:58:34 -0400] "POST /wp-cron.php?doing_wp_cron=1599962313.4333710670471191406250 HTTP/1.0" 200 - "http://www.auriculotherapy.org/wp-cron.php?doing_wp_cron=1599962313.4333710670471191406250" "WordPress/5.4.2; https://www.auriculotherapy.org"
96.8.168.148 - - [12/Sep/2020:22:12:06 -0400] "GET /wp-includes/css/dist/block-library/style.min.css?ver=5.4.2 HTTP/1.0" 200 53593 "https://www.auriculotherapy.org/course-study/" "Mozilla/5.0 (Macintosh; Intel Mac OS X 10_15_5) AppleWebKit/605.1.15 (KHTML, like Gecko) Version/13.1.1 Safari/605.1.15"
96.8.168.148 - - [12/Sep/2020:22:12:06 -0400] "GET /wp-content/plugins/profile-builder/assets/css/style-front-end.css?ver=3.1.3 HTTP/1.0" 200 19669 "https://www.auriculotherapy.org/course-study/" "Mozilla/5.0 (Macintosh; Intel Mac OS X 10_15_5) AppleWebKit/605.1.15 (KHTML, like Gecko) Version/13.1.1 Safari/605.1.15"
96.8.168.148 - - [12/Sep/2020:22:12:06 -0400] "GET /wp-content/themes/Jingged/includes/js/skip-link-focus-fix.js?ver=20130115 HTTP/1.0" 200 831 "https://www.auriculotherapy.org/course-study/" "Mozilla/5.0 (Macintosh; Intel Mac OS X 10_15_5) AppleWebKit/605.1.15 (KHTML, like Gecko) Version/13.1.1 Safari/605.1.15"
96.8.168.148 - - [12/Sep/2020:22:12:08 -0400] "GET /wp-content/themes/Jingged/includes/fonts/fontawesome-webfont.woff?v=4.2.0 HTTP/1.0" 200 65452 "https://www.auriculotherapy.org/course-study/" "Mozilla/5.0 (Macintosh; Intel Mac OS X 10_15_5) AppleWebKit/605.1.15 (KHTML, like Gecko) Version/13.1.1 Safari/605.1.15"
24.254.183.161 - - [12/Sep/2020:22:34:32 -0400] "GET / HTTP/1.0" 200 28727 "https://www.google.com/" "Mozilla/5.0 (iPhone; CPU iPhone OS 12_4_8 like Mac OS X) AppleWebKit/605.1.15 (KHTML, like Gecko) Version/12.1.2 Mobile/15E148 Safari/604.1"
24.254.183.161 - - [12/Sep/2020:22:34:35 -0400] "GET /wp-includes/css/dist/block-library/style.min.css?ver=5.4.2 HTTP/1.0" 200 53593 "https://www.auriculotherapy.org/" "Mozilla/5.0 (iPhone; CPU iPhone OS 12_4_8 like Mac OS X) AppleWebKit/605.1.15 (KHTML, like Gecko) Version/12.1.2 Mobile/15E148 Safari/604.1"
114.119.151.206 - - [12/Sep/2020:22:58:52 -0400] "GET /links/ HTTP/1.0" 200 16758 "-" "Mozilla/5.0 (Linux; Android 7.0;) AppleWebKit/537.36 (KHTML, like Gecko) Mobile Safari/537.36 (compatible; PetalBot;+http://aspiegel.com/petalbot)"
65.79.130.155 - - [12/Sep/2020:23:18:48 -0400] "GET /wp-content/themes/Jingged/includes/resources/bootstrap/css/bootstrap.min.css?ver=5.4.2 HTTP/1.0" 200 119327 "https://www.auriculotherapy.org/" "Mozilla/5.0 (Windows NT 10.0; Win64; x64) AppleWebKit/537.36 (KHTML, like Gecko) Chrome/85.0.4183.83 Safari/537.36"
65.79.130.155 - - [12/Sep/2020:23:18:48 -0400] "GET /wp-content/themes/Jingged/includes/css/responsive-wp.css?ver=5.4.2 HTTP/1.0" 200 8178 "https://www.auriculotherapy.org/" "Mozilla/5.0 (Windows NT 10.0; Win64; x64) AppleWebKit/537.36 (KHTML, like Gecko) Chrome/85.0.4183.83 Safari/537.36"
65.79.130.155 - - [12/Sep/2020:23:18:48 -0400] "GET /wp-content/themes/Jingged/includes/images/auriculotherapybg.png HTTP/1.0" 200 19077 "https://www.auriculotherapy.org/" "Mozilla/5.0 (Windows NT 10.0; Win64; x64) AppleWebKit/537.36 (KHTML, like Gecko) Chrome/85.0.4183.83 Safari/537.36"
65.79.130.155 - - [12/Sep/2020:23:18:48 -0400] "GET /wp-content/uploads/2019/06/earbg.jpg HTTP/1.0" 200 25855 "https://www.auriculotherapy.org/" "Mozilla/5.0 (Windows NT 10.0; Win64; x64) AppleWebKit/537.36 (KHTML, like Gecko) Chrome/85.0.4183.83 Safari/537.36"
65.79.130.155 - - [12/Sep/2020:23:18:48 -0400] "GET /wp-content/uploads/2019/06/earbg-left.jpg HTTP/1.0" 200 22041 "https://www.auriculotherapy.org/" "Mozilla/5.0 (Windows NT 10.0; Win64; x64) AppleWebKit/537.36 (KHTML, like Gecko) Chrome/85.0.4183.83 Safari/537.36"
65.79.130.155 - - [12/Sep/2020:23:18:48 -0400] "GET /wp-content/themes/Jingged/includes/js/skip-link-focus-fix.js?ver=20130115 HTTP/1.0" 200 831 "https://www.auriculotherapy.org/" "Mozilla/5.0 (Windows NT 10.0; Win64; x64) AppleWebKit/537.36 (KHTML, like Gecko) Chrome/85.0.4183.83 Safari/537.36"
65.79.130.155 - - [12/Sep/2020:23:19:00 -0400] "GET /wp-content/themes/Jingged/includes/js/register.js HTTP/1.0" 200 7278 "https://www.auriculotherapy.org/application/" "Mozilla/5.0 (Windows NT 10.0; Win64; x64) AppleWebKit/537.36 (KHTML, like Gecko) Chrome/85.0.4183.83 Safari/537.36"
35.237.106.60 - - [12/Sep/2020:00:38:55 -0400] "GET /course-study/ HTTP/1.0" 200 18026 "-" "ZoominfoBot (zoominfobot at zoominfo dot com)"
172.58.76.115 - - [12/Sep/2020:01:04:28 -0400] "GET /wp-includes/js/jquery/jquery-migrate.min.js?ver=1.4.1 HTTP/1.0" 200 10056 "https://www.auriculotherapy.org/" "Mozilla/5.0 (iPhone; CPU iPhone OS 13_7 like Mac OS X) AppleWebKit/605.1.15 (KHTML, like Gecko) Version/13.1.2 Mobile/15E148 Safari/604.1"
