72.182.160.215 - - [11/Oct/2023:09:11:25 -0400] "GET /wp-content/themes/Jingged/includes/images/footerbg.jpg HTTP/1.0" 200 24855 "https://www.auriculotherapy.org/wp-content/themes/Jingged/includes/css/bootstrap-wp.css?ver=6.1.3" "Mozilla/5.0 (Windows NT 10.0; Win64; x64) AppleWebKit/537.36 (KHTML, like Gecko) Chrome/117.0.0.0 Safari/537.36 Edg/117.0.2045.60"
72.182.160.215 - - [11/Oct/2023:09:11:26 -0400] "GET /favicon.ico HTTP/1.0" 302 - "https://www.auriculotherapy.org/directory/" "Mozilla/5.0 (Windows NT 10.0; Win64; x64) AppleWebKit/537.36 (KHTML, like Gecko) Chrome/117.0.0.0 Safari/537.36 Edg/117.0.2045.60"
107.184.118.26 - - [11/Oct/2023:09:17:20 -0400] "GET / HTTP/1.0" 200 45193 "-" "Mozilla/5.0 (iPhone; CPU iPhone OS 16_6_1 like Mac OS X) AppleWebKit/605.1.15 (KHTML, like Gecko) Version/16.6 Mobile/15E148 Safari/604.1"
107.184.118.26 - - [11/Oct/2023:09:17:26 -0400] "GET /wp-content/themes/Jingged/includes/js/skip-link-focus-fix.js?ver=20130115 HTTP/1.0" 200 831 "https://www.auriculotherapy.org/" "Mozilla/5.0 (iPhone; CPU iPhone OS 16_6_1 like Mac OS X) AppleWebKit/605.1.15 (KHTML, like Gecko) Version/16.6 Mobile/15E148 Safari/604.1"
107.184.118.26 - - [11/Oct/2023:09:17:26 -0400] "GET /wp-content/themes/Jingged/includes/js/bootstrap-wp.js?ver=6.1.3 HTTP/1.0" 200 1514 "https://www.auriculotherapy.org/" "Mozilla/5.0 (iPhone; CPU iPhone OS 16_6_1 like Mac OS X) AppleWebKit/605.1.15 (KHTML, like Gecko) Version/16.6 Mobile/15E148 Safari/604.1"
107.184.118.26 - - [11/Oct/2023:09:17:26 -0400] "GET /wp-content/themes/Jingged/includes/css/bootstrap-wp.css?ver=6.1.3 HTTP/1.0" 200 21977 "https://www.auriculotherapy.org/" "Mozilla/5.0 (iPhone; CPU iPhone OS 16_6_1 like Mac OS X) AppleWebKit/605.1.15 (KHTML, like Gecko) Version/16.6 Mobile/15E148 Safari/604.1"
107.184.118.26 - - [11/Oct/2023:09:17:26 -0400] "GET /wp-content/plugins/smart-slider-3/Public/SmartSlider3/Widget/Bullet/Assets/dist/w-bullet.min.js?ver=23139749 HTTP/1.0" 200 5415 "https://www.auriculotherapy.org/" "Mozilla/5.0 (iPhone; CPU iPhone OS 16_6_1 like Mac OS X) AppleWebKit/605.1.15 (KHTML, like Gecko) Version/16.6 Mobile/15E148 Safari/604.1"
107.184.118.26 - - [11/Oct/2023:09:17:26 -0400] "GET /wp-content/plugins/smart-slider-3/Public/SmartSlider3/Widget/Arrow/ArrowImage/Assets/dist/w-arrow-image.min.js?ver=23139749 HTTP/1.0" 200 1248 "https://www.auriculotherapy.org/" "Mozilla/5.0 (iPhone; CPU iPhone OS 16_6_1 like Mac OS X) AppleWebKit/605.1.15 (KHTML, like Gecko) Version/16.6 Mobile/15E148 Safari/604.1"
107.184.118.26 - - [11/Oct/2023:09:17:26 -0400] "GET /wp-content/plugins/smart-slider-3/Public/SmartSlider3/Slider/SliderType/Simple/Assets/dist/ss-simple.min.js?ver=23139749 HTTP/1.0" 200 13218 "https://www.auriculotherapy.org/" "Mozilla/5.0 (iPhone; CPU iPhone OS 16_6_1 like Mac OS X) AppleWebKit/605.1.15 (KHTML, like Gecko) Version/16.6 Mobile/15E148 Safari/604.1"
107.184.118.26 - - [11/Oct/2023:09:17:26 -0400] "GET /wp-content/themes/Jingged/includes/images/auriculotherapybg.png HTTP/1.0" 200 19077 "https://www.auriculotherapy.org/" "Mozilla/5.0 (iPhone; CPU iPhone OS 16_6_1 like Mac OS X) AppleWebKit/605.1.15 (KHTML, like Gecko) Version/16.6 Mobile/15E148 Safari/604.1"
107.184.118.26 - - [11/Oct/2023:09:17:26 -0400] "GET /wp-content/uploads/2019/03/banner.png HTTP/1.0" 200 105389 "https://www.auriculotherapy.org/" "Mozilla/5.0 (iPhone; CPU iPhone OS 16_6_1 like Mac OS X) AppleWebKit/605.1.15 (KHTML, like Gecko) Version/16.6 Mobile/15E148 Safari/604.1"
107.184.118.26 - - [11/Oct/2023:09:17:26 -0400] "GET /wp-content/uploads/2019/03/ear-1.jpg HTTP/1.0" 200 90265 "https://www.auriculotherapy.org/" "Mozilla/5.0 (iPhone; CPU iPhone OS 16_6_1 like Mac OS X) AppleWebKit/605.1.15 (KHTML, like Gecko) Version/16.6 Mobile/15E148 Safari/604.1"
72.48.104.211 - - [11/Oct/2023:09:38:42 -0400] "POST / HTTP/1.0" 200 45193 "https://www.google.com" "Mozilla/5.0 (Windows NT 10.0; Win64; x64; rv:109.0) Gecko/20100101 Firefox/113.0"
193.51.159.250 - - [11/Oct/2023:09:41:25 -0400] "GET /wp-content/themes/Jingged/includes/css/responsive-wp.css?ver=6.1.3 HTTP/1.0" 200 8178 "https://www.auriculotherapy.org/aci-board/" "Mozilla/5.0 (Windows NT 10.0; Win64; x64; rv:109.0) Gecko/20100101 Firefox/118.0"
193.51.159.250 - - [11/Oct/2023:09:41:25 -0400] "GET /wp-content/uploads/2019/02/ShoresJim.jpg HTTP/1.0" 200 15175 "https://www.auriculotherapy.org/aci-board/" "Mozilla/5.0 (Windows NT 10.0; Win64; x64; rv:109.0) Gecko/20100101 Firefox/118.0"
193.51.159.250 - - [11/Oct/2023:09:41:25 -0400] "GET /wp-content/uploads/2019/02/CorbinTom.jpg HTTP/1.0" 200 12744 "https://www.auriculotherapy.org/aci-board/" "Mozilla/5.0 (Windows NT 10.0; Win64; x64; rv:109.0) Gecko/20100101 Firefox/118.0"
193.51.159.250 - - [11/Oct/2023:09:41:32 -0400] "GET /wp-content/uploads/2018/12/GaryDitson.jpg HTTP/1.0" 200 5235 "https://www.auriculotherapy.org/aci-board/" "Mozilla/5.0 (Windows NT 10.0; Win64; x64; rv:109.0) Gecko/20100101 Firefox/118.0"
123.126.68.44 - - [11/Oct/2023:09:55:27 -0400] "GET / HTTP/1.0" 200 45193 "-" "Sogou web spider/4.0(+http://www.sogou.com/docs/help/webmasters.htm#07)"
66.249.64.233 - - [11/Oct/2023:10:01:55 -0400] "GET / HTTP/1.0" 200 45193 "-" "Mozilla/5.0 (compatible; Googlebot/2.1; +http://www.google.com/bot.html)"
101.67.29.170 - - [11/Oct/2023:10:55:14 -0400] "GET /wp-content/themes/Jingged/includes/fonts/fontawesome-webfont.woff?v=4.2.0 HTTP/1.0" 200 65452 "https://www.auriculotherapy.org/wp-content/themes/Jingged/includes/css/font-awesome.min.css?ver=4.1.0" "Mozilla/5.0 (Macintosh; Intel Mac OS X 10_13_6) AppleWebKit/537.36 (KHTML, like Gecko) Chrome/73.0.3683.103 Safari/537.36"
10.30.72.4 - - [11/Oct/2023:10:57:51 -0400] "POST /wp-cron.php?doing_wp_cron=1697036271.9014749526977539062500 HTTP/1.0" 200 - "http://www.auriculotherapy.org/wp-cron.php?doing_wp_cron=1697036271.9014749526977539062500" "WordPress/6.1.3; https://www.auriculotherapy.org"
162.55.86.59 - - [11/Oct/2023:11:17:35 -0400] "GET /robots.txt HTTP/1.0" 200 124 "-" "Mozilla/5.0 (compatible; BLEXBot/1.0; +http://webmeup-crawler.com/)"
208.69.133.71 - - [11/Oct/2023:11:52:11 -0400] "GET /wp-includes/js/wp-emoji-release.min.js?ver=6.1.3 HTTP/1.0" 200 18617 "https://www.auriculotherapy.org/" "Mozilla/5.0 (Windows NT 10.0; Win64; x64) AppleWebKit/537.36 (KHTML, like Gecko) Chrome/117.0.0.0 Safari/537.36 Edg/117.0.2045.60"
172.59.168.9 - - [11/Oct/2023:11:55:45 -0400] "GET /wp-content/themes/Jingged/includes/resources/bootstrap/js/bootstrap.min.js?ver=6.1.3 HTTP/1.0" 200 36868 "https://www.auriculotherapy.org/" "Mozilla/5.0 (iPhone; CPU iPhone OS 16_3 like Mac OS X) AppleWebKit/605.1.15 (KHTML, like Gecko) GSA/277.0.555192628 Mobile/15E148 Safari/604.1"
172.59.168.9 - - [11/Oct/2023:11:55:45 -0400] "GET /wp-content/plugins/smart-slider-3/Public/SmartSlider3/Slider/SliderType/Simple/Assets/dist/ss-simple.min.js?ver=23139749 HTTP/1.0" 200 13218 "https://www.auriculotherapy.org/" "Mozilla/5.0 (iPhone; CPU iPhone OS 16_3 like Mac OS X) AppleWebKit/605.1.15 (KHTML, like Gecko) GSA/277.0.555192628 Mobile/15E148 Safari/604.1"
103.131.71.165 - - [11/Oct/2023:12:21:40 -0400] "GET /robots.txt HTTP/1.0" 301 - "-" "Mozilla/5.0 (compatible; coccocbot-web/1.0; +http://help.coccoc.com/searchengine)"
128.23.128.9 - - [11/Oct/2023:12:54:19 -0400] "GET /wp-content/themes/Jingged/includes/css/responsive-wp.css?ver=6.1.3 HTTP/1.0" 200 8178 "https://www.auriculotherapy.org/" "Mozilla/5.0 (Windows NT 10.0; Win64; x64) AppleWebKit/537.36 (KHTML, like Gecko) Chrome/117.0.0.0 Safari/537.36"
128.23.128.9 - - [11/Oct/2023:12:54:19 -0400] "GET /wp-content/themes/Jingged/includes/css/bootstrap-wp.css?ver=6.1.3 HTTP/1.0" 200 21977 "https://www.auriculotherapy.org/" "Mozilla/5.0 (Windows NT 10.0; Win64; x64) AppleWebKit/537.36 (KHTML, like Gecko) Chrome/117.0.0.0 Safari/537.36"
128.23.128.9 - - [11/Oct/2023:12:54:19 -0400] "GET /wp-content/themes/Jingged/includes/resources/bootstrap/js/bootstrap.min.js?ver=6.1.3 HTTP/1.0" 200 36868 "https://www.auriculotherapy.org/" "Mozilla/5.0 (Windows NT 10.0; Win64; x64) AppleWebKit/537.36 (KHTML, like Gecko) Chrome/117.0.0.0 Safari/537.36"
128.23.128.9 - - [11/Oct/2023:12:54:19 -0400] "GET /wp-content/themes/Jingged/includes/js/skip-link-focus-fix.js?ver=20130115 HTTP/1.0" 200 831 "https://www.auriculotherapy.org/" "Mozilla/5.0 (Windows NT 10.0; Win64; x64) AppleWebKit/537.36 (KHTML, like Gecko) Chrome/117.0.0.0 Safari/537.36"
128.23.128.9 - - [11/Oct/2023:12:54:19 -0400] "GET /wp-content/themes/Jingged/includes/fonts/fontawesome-webfont.woff?v=4.2.0 HTTP/1.0" 200 65452 "https://www.auriculotherapy.org/wp-content/themes/Jingged/includes/css/font-awesome.min.css?ver=4.1.0" "Mozilla/5.0 (Windows NT 10.0; Win64; x64) AppleWebKit/537.36 (KHTML, like Gecko) Chrome/117.0.0.0 Safari/537.36"
52.167.144.171 - - [11/Oct/2023:13:33:17 -0400] "GET /wp-sitemap.xml HTTP/1.0" 200 577 "-" "Mozilla/5.0 AppleWebKit/537.36 (KHTML, like Gecko; compatible; bingbot/2.0; +http://www.bing.com/bingbot.htm) Chrome/103.0.5060.134 Safari/537.36"
10.30.72.4 - - [11/Oct/2023:13:52:11 -0400] "POST /wp-cron.php?doing_wp_cron=1697046731.1133599281311035156250 HTTP/1.0" 200 - "http://www.auriculotherapy.org/wp-cron.php?doing_wp_cron=1697046731.1133599281311035156250" "WordPress/6.1.3; https://www.auriculotherapy.org"
23.231.32.158 - - [11/Oct/2023:13:59:30 -0400] "GET / HTTP/1.0" 200 45193 "-" "Mozilla/5.0 (Windows NT 6.3; Win64; x64) AppleWebKit/537.36 (KHTML, like Gecko) Chrome/102.0.0.0 Safari/537.36"
24.60.183.201 - - [11/Oct/2023:14:10:17 -0400] "GET /wp-content/themes/Jingged/style.css?ver=6.1.3 HTTP/1.0" 200 7370 "https://www.auriculotherapy.org/calendar-of-events/" "Mozilla/5.0 (Macintosh; Intel Mac OS X 10_15_7) AppleWebKit/537.36 (KHTML, like Gecko) Chrome/117.0.0.0 Safari/537.36 Edg/117.0.2045.55"
24.60.183.201 - - [11/Oct/2023:14:10:17 -0400] "GET /wp-content/themes/Jingged/includes/fonts/fontawesome-webfont.woff?v=4.2.0 HTTP/1.0" 200 65452 "https://www.auriculotherapy.org/wp-content/themes/Jingged/includes/css/font-awesome.min.css?ver=4.1.0" "Mozilla/5.0 (Macintosh; Intel Mac OS X 10_15_7) AppleWebKit/537.36 (KHTML, like Gecko) Chrome/117.0.0.0 Safari/537.36 Edg/117.0.2045.55"
24.60.183.201 - - [11/Oct/2023:14:10:18 -0400] "GET /favicon.ico HTTP/1.0" 302 - "https://www.auriculotherapy.org/calendar-of-events/" "Mozilla/5.0 (Macintosh; Intel Mac OS X 10_15_7) AppleWebKit/537.36 (KHTML, like Gecko) Chrome/117.0.0.0 Safari/537.36 Edg/117.0.2045.55"
176.199.211.29 - - [11/Oct/2023:14:44:01 -0400] "GET /wp-content/plugins/smart-slider-3/Public/SmartSlider3/Application/Frontend/Assets/dist/smartslider.min.css?ver=23139749 HTTP/1.0" 200 22153 "https://www.auriculotherapy.org/" "Mozilla/5.0 (iPhone; CPU iPhone OS 16_1_2 like Mac OS X) AppleWebKit/605.1.15 (KHTML, like Gecko) Version/16.1 Mobile/15E148 Safari/604.1"
176.199.211.29 - - [11/Oct/2023:14:44:01 -0400] "GET /wp-content/plugins/smart-slider-3/Public/SmartSlider3/Application/Frontend/Assets/dist/n2.min.js?ver=23139749 HTTP/1.0" 200 41234 "https://www.auriculotherapy.org/" "Mozilla/5.0 (iPhone; CPU iPhone OS 16_1_2 like Mac OS X) AppleWebKit/605.1.15 (KHTML, like Gecko) Version/16.1 Mobile/15E148 Safari/604.1"
176.199.211.29 - - [11/Oct/2023:14:44:01 -0400] "GET /wp-content/plugins/smart-slider-3/Public/SmartSlider3/Widget/Bullet/Assets/dist/w-bullet.min.js?ver=23139749 HTTP/1.0" 200 5415 "https://www.auriculotherapy.org/" "Mozilla/5.0 (iPhone; CPU iPhone OS 16_1_2 like Mac OS X) AppleWebKit/605.1.15 (KHTML, like Gecko) Version/16.1 Mobile/15E148 Safari/604.1"
176.199.211.29 - - [11/Oct/2023:14:44:01 -0400] "GET /wp-content/plugins/smart-slider-3/Public/SmartSlider3/Widget/Arrow/ArrowImage/Assets/dist/w-arrow-image.min.js?ver=23139749 HTTP/1.0" 200 1248 "https://www.auriculotherapy.org/" "Mozilla/5.0 (iPhone; CPU iPhone OS 16_1_2 like Mac OS X) AppleWebKit/605.1.15 (KHTML, like Gecko) Version/16.1 Mobile/15E148 Safari/604.1"
176.199.211.29 - - [11/Oct/2023:14:44:03 -0400] "GET /wp-content/uploads/2019/03/ear-1.jpg HTTP/1.0" 200 90265 "https://www.auriculotherapy.org/" "Mozilla/5.0 (iPhone; CPU iPhone OS 16_1_2 like Mac OS X) AppleWebKit/605.1.15 (KHTML, like Gecko) Version/16.1 Mobile/15E148 Safari/604.1"
176.199.211.29 - - [11/Oct/2023:14:44:07 -0400] "GET /wp-includes/images/w-logo-blue-white-bg.png HTTP/1.0" 200 4119 "https://www.auriculotherapy.org/" "Mozilla/5.0 (iPhone; CPU iPhone OS 16_1_2 like Mac OS X) AppleWebKit/605.1.15 (KHTML, like Gecko) Version/16.1 Mobile/15E148 Safari/604.1"
79.175.83.34 - - [11/Oct/2023:15:10:40 -0400] "GET /wp-content/themes/Jingged/includes/css/font-awesome.min.css?ver=4.1.0 HTTP/1.0" 200 21984 "https://www.auriculotherapy.org/aci-board/" "Mozilla/5.0 (Windows NT 10.0; Win64; x64) AppleWebKit/537.36 (KHTML, like Gecko) Chrome/117.0.0.0 Safari/537.36"
79.175.83.34 - - [11/Oct/2023:15:10:40 -0400] "GET /wp-content/themes/Jingged/includes/css/bootstrap-wp.css?ver=6.1.3 HTTP/1.0" 200 21977 "https://www.auriculotherapy.org/aci-board/" "Mozilla/5.0 (Windows NT 10.0; Win64; x64) AppleWebKit/537.36 (KHTML, like Gecko) Chrome/117.0.0.0 Safari/537.36"
79.175.83.34 - - [11/Oct/2023:15:10:41 -0400] "GET /wp-content/uploads/2019/02/HowardJohn.jpg HTTP/1.0" 200 12745 "https://www.auriculotherapy.org/aci-board/" "Mozilla/5.0 (Windows NT 10.0; Win64; x64) AppleWebKit/537.36 (KHTML, like Gecko) Chrome/117.0.0.0 Safari/537.36"
79.175.83.34 - - [11/Oct/2023:15:10:41 -0400] "GET /wp-content/uploads/2023/03/0-Dave-Maybee-photo.png HTTP/1.0" 200 781043 "https://www.auriculotherapy.org/aci-board/" "Mozilla/5.0 (Windows NT 10.0; Win64; x64) AppleWebKit/537.36 (KHTML, like Gecko) Chrome/117.0.0.0 Safari/537.36"
10.30.72.4 - - [11/Oct/2023:15:10:38 -0400] "POST /wp-cron.php?doing_wp_cron=1697051438.2982261180877685546875 HTTP/1.0" 200 - "https://www.auriculotherapy.org/wp-cron.php?doing_wp_cron=1697051438.2982261180877685546875" "WordPress/6.1.3; https://www.auriculotherapy.org"
79.175.83.34 - - [11/Oct/2023:15:10:43 -0400] "GET /wp-content/uploads/2018/12/RichardNiemtzow.jpg HTTP/1.0" 200 5994 "https://www.auriculotherapy.org/aci-board/" "Mozilla/5.0 (Windows NT 10.0; Win64; x64) AppleWebKit/537.36 (KHTML, like Gecko) Chrome/117.0.0.0 Safari/537.36"
66.249.70.66 - - [11/Oct/2023:16:21:15 -0400] "GET /robots.txt HTTP/1.0" 301 - "-" "Mozilla/5.0 (compatible; Googlebot/2.1; +http://www.google.com/bot.html)"
66.249.64.231 - - [11/Oct/2023:16:31:04 -0400] "GET / HTTP/1.0" 200 45193 "-" "Mozilla/5.0 (compatible; Googlebot/2.1; +http://www.google.com/bot.html)"
71.125.75.174 - - [11/Oct/2023:16:37:41 -0400] "GET /wp-includes/css/classic-themes.min.css?ver=1 HTTP/1.0" 200 217 "https://www.auriculotherapy.org/" "Mozilla/5.0 (Windows NT 10.0; Win64; x64) AppleWebKit/537.36 (KHTML, like Gecko) Chrome/117.0.0.0 Safari/537.36"
71.125.75.174 - - [11/Oct/2023:16:37:41 -0400] "GET /wp-content/themes/Jingged/includes/css/bootstrap-wp.css?ver=6.1.3 HTTP/1.0" 200 21977 "https://www.auriculotherapy.org/" "Mozilla/5.0 (Windows NT 10.0; Win64; x64) AppleWebKit/537.36 (KHTML, like Gecko) Chrome/117.0.0.0 Safari/537.36"
71.125.75.174 - - [11/Oct/2023:16:37:41 -0400] "GET /wp-content/themes/Jingged/includes/images/auriculotherapybg.png HTTP/1.0" 200 19077 "https://www.auriculotherapy.org/" "Mozilla/5.0 (Windows NT 10.0; Win64; x64) AppleWebKit/537.36 (KHTML, like Gecko) Chrome/117.0.0.0 Safari/537.36"
71.125.75.174 - - [11/Oct/2023:16:37:54 -0400] "GET /wp-content/themes/Jingged/includes/js/register.js HTTP/1.0" 200 7278 "https://www.auriculotherapy.org/application/" "Mozilla/5.0 (Windows NT 10.0; Win64; x64) AppleWebKit/537.36 (KHTML, like Gecko) Chrome/117.0.0.0 Safari/537.36"
71.125.75.174 - - [11/Oct/2023:16:37:54 -0400] "GET /wp-content/themes/Jingged/includes/js/jquery-ui.js HTTP/1.0" 200 520714 "https://www.auriculotherapy.org/application/" "Mozilla/5.0 (Windows NT 10.0; Win64; x64) AppleWebKit/537.36 (KHTML, like Gecko) Chrome/117.0.0.0 Safari/537.36"
71.125.75.174 - - [11/Oct/2023:16:37:54 -0400] "GET /wp-content/themes/Jingged/includes/css/jquery-ui.css HTTP/1.0" 200 35997 "https://www.auriculotherapy.org/application/" "Mozilla/5.0 (Windows NT 10.0; Win64; x64) AppleWebKit/537.36 (KHTML, like Gecko) Chrome/117.0.0.0 Safari/537.36"
51.158.123.91 - - [11/Oct/2023:16:41:17 -0400] "GET /wp-content/themes/Jingged/includes/resources/bootstrap/js/bootstrap.min.js?ver=6.1.3 HTTP/1.0" 200 36868 "https://www.auriculotherapy.org/certification-course-online/" "Mozilla/5.0 (Macintosh; Intel Mac OS X 10_15_7) AppleWebKit/537.36 (KHTML, like Gecko) Chrome/114.0.0.0 Safari/537.36"
98.121.179.93 - - [11/Oct/2023:17:01:52 -0400] "GET /links/ HTTP/1.0" 200 25123 "https://www.auriculotherapy.org/directory/" "Mozilla/5.0 (Macintosh; Intel Mac OS X 10_15_7) AppleWebKit/605.1.15 (KHTML, like Gecko) Version/16.6 Safari/605.1.15"
98.121.179.93 - - [11/Oct/2023:17:01:53 -0400] "GET /blog/ HTTP/1.0" 200 27589 "https://www.auriculotherapy.org/calendar-of-events/" "Mozilla/5.0 (Macintosh; Intel Mac OS X 10_15_7) AppleWebKit/605.1.15 (KHTML, like Gecko) Version/16.6 Safari/605.1.15"
98.121.179.93 - - [11/Oct/2023:17:01:58 -0400] "GET /wp-content/themes/Jingged/includes/js/skip-link-focus-fix.js?ver=20130115 HTTP/1.0" 200 831 "https://www.auriculotherapy.org/" "Mozilla/5.0 (Macintosh; Intel Mac OS X 10_15_7) AppleWebKit/605.1.15 (KHTML, like Gecko) Version/16.6 Safari/605.1.15"
98.121.179.93 - - [11/Oct/2023:17:02:05 -0400] "GET / HTTP/1.0" 200 45193 "-" "Mozilla/5.0 (Macintosh; Intel Mac OS X 10_15_7) AppleWebKit/605.1.15 (KHTML, like Gecko) Version/16.6 Safari/605.1.15"
51.15.214.167 - - [11/Oct/2023:17:11:30 -0400] "GET /course-study/ HTTP/1.0" 200 26527 "-" "Mozilla/5.0 (iPhone; CPU iPhone OS 16_5 like Mac OS X) AppleWebKit/605.1.15 (KHTML, like Gecko) CriOS/114.0.5735.124 Mobile/15E148 Safari/604.1"
73.102.3.238 - - [11/Oct/2023:17:12:26 -0400] "GET /course-study/ HTTP/1.0" 200 26527 "https://www.auriculotherapy.org/contact-us/" "Mozilla/5.0 (Macintosh; Intel Mac OS X 10_15_7) AppleWebKit/605.1.15 (KHTML, like Gecko) Version/16.5 Safari/605.1.15"
103.131.71.25 - - [11/Oct/2023:17:55:54 -0400] "GET /robots.txt HTTP/1.0" 301 - "-" "Mozilla/5.0 (compatible; coccocbot-image/1.0; +http://help.coccoc.com/searchengine)"
45.134.173.236 - - [11/Oct/2023:18:34:33 -0400] "GET /the-auriculotherapy-certification-institute/ HTTP/1.0" 200 28943 "https://www.auriculotherapy.org/the-auriculotherapy-certification-institute/" "Mozilla/5.0 (Windows NT 6.3; Win64; x64) AppleWebKit/537.36 (KHTML, like Gecko) Chrome/103.0.5060.114 Safari/537.36"
10.30.72.4 - - [11/Oct/2023:19:07:11 -0400] "POST /wp-cron.php?doing_wp_cron=1697065630.9647040367126464843750 HTTP/1.0" 200 - "http://www.auriculotherapy.org/wp-cron.php?doing_wp_cron=1697065630.9647040367126464843750" "WordPress/6.1.3; https://www.auriculotherapy.org"
108.147.94.128 - - [11/Oct/2023:19:21:57 -0400] "GET /wp-includes/css/dist/block-library/style.min.css?ver=6.1.3 HTTP/1.0" 200 95021 "https://www.auriculotherapy.org/" "Mozilla/5.0 (iPhone; CPU iPhone OS 17_0_2 like Mac OS X) AppleWebKit/605.1.15 (KHTML, like Gecko) Version/17.0 Mobile/15E148 Safari/604.1"
108.147.94.128 - - [11/Oct/2023:19:21:57 -0400] "GET /wp-content/plugins/smart-slider-3/Public/SmartSlider3/Application/Frontend/Assets/dist/smartslider-frontend.min.js?ver=23139749 HTTP/1.0" 200 113539 "https://www.auriculotherapy.org/" "Mozilla/5.0 (iPhone; CPU iPhone OS 17_0_2 like Mac OS X) AppleWebKit/605.1.15 (KHTML, like Gecko) Version/17.0 Mobile/15E148 Safari/604.1"
108.147.94.128 - - [11/Oct/2023:19:21:58 -0400] "GET /wp-content/uploads/2019/03/ear-1.jpg HTTP/1.0" 200 90265 "https://www.auriculotherapy.org/" "Mozilla/5.0 (iPhone; CPU iPhone OS 17_0_2 like Mac OS X) AppleWebKit/605.1.15 (KHTML, like Gecko) Version/17.0 Mobile/15E148 Safari/604.1"
66.249.70.64 - - [11/Oct/2023:20:27:52 -0400] "GET /ads.txt HTTP/1.0" 301 - "-" "Mozilla/5.0 (compatible; Googlebot/2.1; +http://www.google.com/bot.html)"
66.249.64.231 - - [11/Oct/2023:20:48:17 -0400] "GET /wp-content/plugins/smart-slider-3/Public/SmartSlider3/Widget/Arrow/ArrowImage/Assets/dist/w-arrow-image.min.js?ver=23139749 HTTP/1.0" 200 1248 "https://www.auriculotherapy.org/" "Mozilla/5.0 AppleWebKit/537.36 (KHTML, like Gecko; compatible; Googlebot/2.1; +http://www.google.com/bot.html) Chrome/117.0.5938.132 Safari/537.36"
114.119.155.170 - - [11/Oct/2023:21:19:16 -0400] "GET /robots.txt HTTP/1.0" 200 124 "-" "Mozilla/5.0 (compatible;PetalBot;+https://webmaster.petalsearch.com/site/petalbot)"
216.128.151.187 - - [11/Oct/2023:21:21:42 -0400] "GET / HTTP/1.0" 200 45193 "-" "python-requests/2.22.0"
184.97.121.44 - - [11/Oct/2023:22:02:45 -0400] "GET /wp-includes/css/classic-themes.min.css?ver=1 HTTP/1.0" 200 217 "https://www.auriculotherapy.org/" "Mozilla/5.0 (iPhone; CPU iPhone OS 16_6_1 like Mac OS X) AppleWebKit/605.1.15 (KHTML, like Gecko) Version/16.6 Mobile/15E148 Safari/604.1"
184.97.121.44 - - [11/Oct/2023:22:02:45 -0400] "GET /wp-includes/css/dist/block-library/style.min.css?ver=6.1.3 HTTP/1.0" 200 95021 "https://www.auriculotherapy.org/" "Mozilla/5.0 (iPhone; CPU iPhone OS 16_6_1 like Mac OS X) AppleWebKit/605.1.15 (KHTML, like Gecko) Version/16.6 Mobile/15E148 Safari/604.1"
184.97.121.44 - - [11/Oct/2023:22:02:52 -0400] "GET /wp-content/uploads/2019/06/earbg-left.jpg HTTP/1.0" 200 22041 "https://www.auriculotherapy.org/" "Mozilla/5.0 (iPhone; CPU iPhone OS 16_6_1 like Mac OS X) AppleWebKit/605.1.15 (KHTML, like Gecko) Version/16.6 Mobile/15E148 Safari/604.1"
159.89.170.84 - - [11/Oct/2023:22:35:30 -0400] "GET / HTTP/1.0" 301 - "-" "Mozilla/5.0 (X11; Linux x86_64) AppleWebKit/537.36 (KHTML, like Gecko) Chrome/108.0.0.0 Safari/537.36"
159.89.170.84 - - [11/Oct/2023:22:35:34 -0400] "GET / HTTP/1.0" 301 - "-" "Mozilla/5.0 (X11; Linux x86_64) AppleWebKit/537.36 (KHTML, like Gecko) Chrome/108.0.0.0 Safari/537.36"
76.110.81.128 - - [11/Oct/2023:23:38:15 -0400] "GET /wp-includes/css/classic-themes.min.css?ver=1 HTTP/1.0" 200 217 "https://www.auriculotherapy.org/directory/" "Mozilla/5.0 (iPhone; CPU iPhone OS 16_6 like Mac OS X) AppleWebKit/605.1.15 (KHTML, like Gecko) Version/16.6 Mobile/15E148 DuckDuckGo/7 Safari/605.1.15"
76.110.81.128 - - [11/Oct/2023:23:38:15 -0400] "GET /wp-content/plugins/profile-builder/assets/css/style-front-end.css?ver=3.8.6 HTTP/1.0" 200 23471 "https://www.auriculotherapy.org/directory/" "Mozilla/5.0 (iPhone; CPU iPhone OS 16_6 like Mac OS X) AppleWebKit/605.1.15 (KHTML, like Gecko) Version/16.6 Mobile/15E148 DuckDuckGo/7 Safari/605.1.15"
76.110.81.128 - - [11/Oct/2023:23:38:15 -0400] "GET /wp-content/themes/Jingged/includes/js/bootstrap-wp.js?ver=6.1.3 HTTP/1.0" 200 1514 "https://www.auriculotherapy.org/directory/" "Mozilla/5.0 (iPhone; CPU iPhone OS 16_6 like Mac OS X) AppleWebKit/605.1.15 (KHTML, like Gecko) Version/16.6 Mobile/15E148 DuckDuckGo/7 Safari/605.1.15"
76.110.81.128 - - [11/Oct/2023:23:38:15 -0400] "GET /wp-content/themes/Jingged/includes/css/bootstrap-wp.css?ver=6.1.3 HTTP/1.0" 200 21977 "https://www.auriculotherapy.org/directory/" "Mozilla/5.0 (iPhone; CPU iPhone OS 16_6 like Mac OS X) AppleWebKit/605.1.15 (KHTML, like Gecko) Version/16.6 Mobile/15E148 DuckDuckGo/7 Safari/605.1.15"
76.110.81.128 - - [11/Oct/2023:23:38:15 -0400] "GET /wp-content/themes/Jingged/includes/images/auriculotherapybg.png HTTP/1.0" 200 19077 "https://www.auriculotherapy.org/directory/" "Mozilla/5.0 (iPhone; CPU iPhone OS 16_6 like Mac OS X) AppleWebKit/605.1.15 (KHTML, like Gecko) Version/16.6 Mobile/15E148 DuckDuckGo/7 Safari/605.1.15"
76.110.81.128 - - [11/Oct/2023:23:38:15 -0400] "GET /apple-touch-icon-precomposed.png HTTP/1.0" 404 24288 "-" "com.apple.WebKit.Networking/8615.3.12.10.2 CFNetwork/1410.0.3 Darwin/22.6.0"
76.110.81.128 - - [11/Oct/2023:23:38:15 -0400] "GET / HTTP/1.0" 200 45193 "-" "Mozilla/5.0 (Macintosh; Intel Mac OS X 10_11_1) AppleWebKit/601.2.4 (KHTML, like Gecko) Version/9.0.1 Safari/601.2.4 facebookexternalhit/1.1 Facebot Twitterbot/1.0"
66.249.70.64 - - [11/Oct/2023:23:38:59 -0400] "GET / HTTP/1.0" 301 - "-" "Mozilla/5.0 (compatible; Googlebot/2.1; +http://www.google.com/bot.html)"
17.246.23.152 - - [11/Oct/2023:02:30:53 -0400] "GET /wp-content/themes/Jingged/includes/css/font-awesome.min.css?ver=4.1.0 HTTP/1.0" 200 21984 "https://www.auriculotherapy.org/certification-course-online/" "Mozilla/5.0 (Macintosh; Intel Mac OS X 10_15_5) AppleWebKit/605.1.15 (KHTML, like Gecko) Version/13.1.1 Safari/605.1.15 (Applebot/0.1; +http://www.apple.com/go/applebot)"
17.246.23.248 - - [11/Oct/2023:02:30:54 -0400] "GET /wp-content/themes/Jingged/style.css?ver=6.1.3 HTTP/1.0" 200 7370 "https://www.auriculotherapy.org/certification-course-online/" "Mozilla/5.0 (Macintosh; Intel Mac OS X 10_15_5) AppleWebKit/605.1.15 (KHTML, like Gecko) Version/13.1.1 Safari/605.1.15 (Applebot/0.1; +http://www.apple.com/go/applebot)"
17.246.23.152 - - [11/Oct/2023:02:30:55 -0400] "GET /wp-content/themes/Jingged/includes/js/bootstrap-wp.js?ver=6.1.3 HTTP/1.0" 200 1514 "https://www.auriculotherapy.org/certification-course-online/" "Mozilla/5.0 (Macintosh; Intel Mac OS X 10_15_5) AppleWebKit/605.1.15 (KHTML, like Gecko) Version/13.1.1 Safari/605.1.15 (Applebot/0.1; +http://www.apple.com/go/applebot)"
73.15.45.227 - - [11/Oct/2023:02:36:04 -0400] "GET / HTTP/1.0" 200 45193 "https://www.google.com/" "Mozilla/5.0 (Macintosh; Intel Mac OS X 10_15_7) AppleWebKit/537.36 (KHTML, like Gecko) Chrome/117.0.0.0 Safari/537.36"
73.15.45.227 - - [11/Oct/2023:02:36:07 -0400] "GET /wp-content/themes/Jingged/style.css?ver=6.1.3 HTTP/1.0" 200 7370 "https://www.auriculotherapy.org/" "Mozilla/5.0 (Macintosh; Intel Mac OS X 10_15_7) AppleWebKit/537.36 (KHTML, like Gecko) Chrome/117.0.0.0 Safari/537.36"
73.15.45.227 - - [11/Oct/2023:02:36:07 -0400] "GET /wp-content/themes/Jingged/includes/css/responsive-wp.css?ver=6.1.3 HTTP/1.0" 200 8178 "https://www.auriculotherapy.org/" "Mozilla/5.0 (Macintosh; Intel Mac OS X 10_15_7) AppleWebKit/537.36 (KHTML, like Gecko) Chrome/117.0.0.0 Safari/537.36"
73.15.45.227 - - [11/Oct/2023:02:36:07 -0400] "GET /wp-content/themes/Jingged/includes/css/bootstrap-wp.css?ver=6.1.3 HTTP/1.0" 200 21977 "https://www.auriculotherapy.org/" "Mozilla/5.0 (Macintosh; Intel Mac OS X 10_15_7) AppleWebKit/537.36 (KHTML, like Gecko) Chrome/117.0.0.0 Safari/537.36"
73.15.45.227 - - [11/Oct/2023:02:36:07 -0400] "GET /wp-content/themes/Jingged/includes/resources/bootstrap/js/bootstrap.min.js?ver=6.1.3 HTTP/1.0" 200 36868 "https://www.auriculotherapy.org/" "Mozilla/5.0 (Macintosh; Intel Mac OS X 10_15_7) AppleWebKit/537.36 (KHTML, like Gecko) Chrome/117.0.0.0 Safari/537.36"
73.15.45.227 - - [11/Oct/2023:02:36:07 -0400] "GET /wp-content/uploads/2019/06/earbg-left.jpg HTTP/1.0" 200 22041 "https://www.auriculotherapy.org/" "Mozilla/5.0 (Macintosh; Intel Mac OS X 10_15_7) AppleWebKit/537.36 (KHTML, like Gecko) Chrome/117.0.0.0 Safari/537.36"
52.167.144.181 - - [11/Oct/2023:02:56:24 -0400] "GET /wp-content/themes/Jingged/includes/css/responsive-wp.css?ver=6.1.3 HTTP/1.0" 200 8178 "-" "Mozilla/5.0 AppleWebKit/537.36 (KHTML, like Gecko; compatible; bingbot/2.0; +http://www.bing.com/bingbot.htm) Chrome/103.0.5060.134 Safari/537.36"
40.77.189.71 - - [11/Oct/2023:03:12:42 -0400] "GET /wp-content/themes/Jingged/includes/fonts/fontawesome-webfont.woff?v=4.2.0 HTTP/1.0" 200 65452 "-" "Mozilla/5.0 AppleWebKit/537.36 (KHTML, like Gecko; compatible; bingbot/2.0; +http://www.bing.com/bingbot.htm) Chrome/100.0.4896.127 Safari/537.36"
66.249.77.193 - - [11/Oct/2023:04:05:17 -0400] "GET / HTTP/1.0" 301 - "-" "Mozilla/5.0 (compatible; Googlebot/2.1; +http://www.google.com/bot.html)"
151.248.126.136 - - [11/Oct/2023:04:13:03 -0400] "GET /aci-board/ HTTP/1.0" 200 46943 "https://www.auriculotherapy.org/aci-board/" "Mozilla/5.0 (Windows NT 10.0) AppleWebKit/537.36 (KHTML, like Gecko) Chrome/103.0.0.0 Safari/537.36"
20.168.59.124 - - [11/Oct/2023:04:45:55 -0400] "GET //wp-head.php HTTP/1.0" 301 493 "-" "Go-http-client/1.1"
10.30.72.4 - - [11/Oct/2023:04:52:53 -0400] "POST /wp-cron.php?doing_wp_cron=1697014372.9418499469757080078125 HTTP/1.0" 200 - "https://www.auriculotherapy.org/wp-cron.php?doing_wp_cron=1697014372.9418499469757080078125" "WordPress/6.1.3; https://www.auriculotherapy.org"
17.22.237.187 - - [11/Oct/2023:05:02:01 -0400] "GET /wp-content/plugins/profile-builder/assets/css/style-front-end.css?ver=3.8.6 HTTP/1.0" 200 23471 "https://www.auriculotherapy.org/application/" "Mozilla/5.0 (Macintosh; Intel Mac OS X 10_15_5) AppleWebKit/605.1.15 (KHTML, like Gecko) Version/13.1.1 Safari/605.1.15 (Applebot/0.1; +http://www.apple.com/go/applebot)"
17.22.245.239 - - [11/Oct/2023:05:02:03 -0400] "GET /wp-content/themes/Jingged/includes/js/register.js HTTP/1.0" 200 7278 "https://www.auriculotherapy.org/application/" "Mozilla/5.0 (Macintosh; Intel Mac OS X 10_15_5) AppleWebKit/605.1.15 (KHTML, like Gecko) Version/13.1.1 Safari/605.1.15 (Applebot/0.1; +http://www.apple.com/go/applebot)"
52.167.144.225 - - [11/Oct/2023:05:17:52 -0400] "GET /wp-content/plugins/smart-slider-3/Public/SmartSlider3/Application/Frontend/Assets/dist/n2.min.js?ver=23139749 HTTP/1.0" 200 41234 "-" "Mozilla/5.0 AppleWebKit/537.36 (KHTML, like Gecko; compatible; bingbot/2.0; +http://www.bing.com/bingbot.htm) Chrome/103.0.5060.134 Safari/537.36"
66.249.69.131 - - [11/Oct/2023:06:06:38 -0400] "GET /calendar-of-events/ HTTP/1.0" 200 28630 "-" "Mozilla/5.0 (Linux; Android 6.0.1; Nexus 5X Build/MMB29P) AppleWebKit/537.36 (KHTML, like Gecko) Chrome/117.0.5938.132 Mobile Safari/537.36 (compatible; Googlebot/2.1; +http://www.google.com/bot.html)"
70.38.27.248 - - [11/Oct/2023:06:24:54 -0400] "GET / HTTP/1.0" 200 45193 "-" "Mozilla/5.0 (Windows NT 10.0; Win64; x64) AppleWebKit/537.36 (KHTML, like Gecko) Chrome/117.0.0.0 Safari/537.36"
64.15.129.116 - - [11/Oct/2023:06:25:11 -0400] "GET /wp-includes/images/w-logo-blue-white-bg.png HTTP/1.0" 200 4119 "-" "Mozilla/5.0 (Windows NT 10.0; Win64; x64) AppleWebKit/537.36 (KHTML, like Gecko) Chrome/117.0.0.0 Safari/537.36"
192.175.111.242 - - [11/Oct/2023:06:25:20 -0400] "GET / HTTP/1.0" 200 45193 "-" "Mozilla/5.0 (Windows NT 10.0; Win64; x64) AppleWebKit/537.36 (KHTML, like Gecko) Chrome/117.0.0.0 Safari/537.36"
51.158.104.74 - - [11/Oct/2023:07:22:10 -0400] "GET /aci-board/ HTTP/1.0" 200 46943 "-" "Mozilla/5.0 (Windows NT 10.0; Win64; x64) AppleWebKit/537.36 (KHTML, like Gecko) Chrome/116.0.0.0 Safari/537.36"
20.168.57.136 - - [11/Oct/2023:07:35:44 -0400] "GET / HTTP/1.0" 200 45193 "http://auriculotherapy.org/" "Go-http-client/2.0"
51.158.100.91 - - [11/Oct/2023:07:52:20 -0400] "GET /wp-includes/js/wp-emoji-release.min.js?ver=6.1.3 HTTP/1.0" 200 18617 "https://www.auriculotherapy.org/calendar-of-events/" "Mozilla/5.0 (X11; Linux x86_64) AppleWebKit/537.36 (KHTML, like Gecko) Chrome/114.0.5735.198 Safari/537.36"
184.154.139.49 - - [11/Oct/2023:08:06:17 -0400] "GET / HTTP/1.0" 200 45193 "http://www.google.com/url?url=www.auriculotherapy.org&yahoo.com" "Mozilla/5.0 (compatible; MSIE 9.0; Windows NT 6.1; WOW64; Trident/6.0)"
184.154.139.49 - - [11/Oct/2023:08:06:36 -0400] "GET /the-auriculotherapy-certification-institute/ HTTP/1.0" 200 28943 "http://www.google.com/url?url=www.auriculotherapy.org&yahoo.com" "Mozilla/5.0 (compatible; MSIE 9.0; Windows NT 6.1; WOW64; Trident/6.0)"
184.154.139.49 - - [11/Oct/2023:08:06:45 -0400] "GET /aci-board/ HTTP/1.0" 200 46943 "http://www.google.com/url?url=www.auriculotherapy.org&yahoo.com" "Mozilla/5.0 (compatible; MSIE 9.0; Windows NT 6.1; WOW64; Trident/6.0)"
184.154.139.49 - - [11/Oct/2023:08:06:48 -0400] "GET /wp-login.php?redirect_to=https%3A%2F%2Fwww.auriculotherapy.org%2Fhello-world%2F HTTP/1.0" 200 7119 "-" "SiteLockSpider [en] (WinNT; I ;Nav)"
184.154.139.49 - - [11/Oct/2023:08:06:57 -0400] "GET /application/ HTTP/1.0" 200 37314 "http://www.google.com/url?url=www.auriculotherapy.org&yahoo.com" "Mozilla/5.0 (compatible; MSIE 9.0; Windows NT 6.1; WOW64; Trident/6.0)"
184.154.139.49 - - [11/Oct/2023:08:07:11 -0400] "GET /privacy-policy/feed/ HTTP/1.0" 200 788 "http://www.google.com/url?url=www.auriculotherapy.org&yahoo.com" "Mozilla/5.0 (compatible; MSIE 9.0; Windows NT 6.1; WOW64; Trident/6.0)"
184.154.139.49 - - [11/Oct/2023:08:07:14 -0400] "GET /wp-json/oembed/1.0/embed?url=https%3A%2F%2Fwww.auriculotherapy.org%2Flogin%2F HTTP/1.0" 200 2533 "http://www.google.com/url?url=www.auriculotherapy.org&yahoo.com" "Mozilla/5.0 (compatible; MSIE 9.0; Windows NT 6.1; WOW64; Trident/6.0)"
184.154.139.49 - - [11/Oct/2023:08:07:33 -0400] "GET /wp-json/wp/v2/pages/3 HTTP/1.0" 200 5979 "-" "SiteLockSpider [en] (WinNT; I ;Nav)"
184.154.139.49 - - [11/Oct/2023:08:07:37 -0400] "GET /wp-json/wp/v2/pages/6 HTTP/1.0" 200 3649 "-" "SiteLockSpider [en] (WinNT; I ;Nav)"
184.154.139.49 - - [11/Oct/2023:08:07:38 -0400] "GET /wp-includes/css/dist/block-library/style.min.css?ver=6.1.3 HTTP/1.0" 200 95021 "http://www.google.com/url?url=www.auriculotherapy.org&yahoo.com" "Mozilla/5.0 (compatible; MSIE 9.0; Windows NT 6.1; WOW64; Trident/6.0)"
184.154.139.49 - - [11/Oct/2023:08:07:38 -0400] "GET /wp-includes/js/dist/vendor/wp-polyfill.min.js?ver=3.15.0 HTTP/1.0" 200 17823 "http://www.google.com/url?url=www.auriculotherapy.org&yahoo.com" "Mozilla/5.0 (compatible; MSIE 9.0; Windows NT 6.1; WOW64; Trident/6.0)"
184.154.139.49 - - [11/Oct/2023:08:07:39 -0400] "GET /wp-json/wp/v2/pages/48 HTTP/1.0" 200 2633 "-" "SiteLockSpider [en] (WinNT; I ;Nav)"
184.154.139.49 - - [11/Oct/2023:08:07:40 -0400] "GET /wp-content/plugins/edu-expression-pro/css/bootstrap-multiselect.css?ver=6.1.3 HTTP/1.0" 200 758 "-" "SiteLockSpider [en] (WinNT; I ;Nav)"
184.154.139.49 - - [11/Oct/2023:08:07:49 -0400] "GET /wp-content/themes/Jingged/includes/js/bootstrap-wp.js?ver=6.1.3 HTTP/1.0" 200 1514 "http://www.google.com/url?url=www.auriculotherapy.org&yahoo.com" "Mozilla/5.0 (compatible; MSIE 9.0; Windows NT 6.1; WOW64; Trident/6.0)"
184.154.139.49 - - [11/Oct/2023:08:07:53 -0400] "GET /wp-json/wp/v2/pages/%5C%22http:%5C/%5C/www.miridiatech.com%5C%22 HTTP/1.0" 404 114 "-" "SiteLockSpider [en] (WinNT; I ;Nav)"
184.154.139.49 - - [11/Oct/2023:08:07:55 -0400] "GET /wp-json/wp/v2/pages/%5C%22http:%5C/%5C/www.redwingbooks.com%5C%22 HTTP/1.0" 404 114 "-" "SiteLockSpider [en] (WinNT; I ;Nav)"
184.154.139.49 - - [11/Oct/2023:08:07:58 -0400] "GET /wp-json/wp/v2/pages/%5C%22http:%5C/%5C/www.medicalacupuncture.com%5C%22 HTTP/1.0" 404 114 "-" "SiteLockSpider [en] (WinNT; I ;Nav)"
184.154.139.49 - - [11/Oct/2023:08:07:59 -0400] "GET /wp-json/wp/v2/pages/%5C%22http:%5C/%5C/www.americanacademyofreflexology.com%5C%22 HTTP/1.0" 404 114 "-" "SiteLockSpider [en] (WinNT; I ;Nav)"
184.154.139.49 - - [11/Oct/2023:08:08:09 -0400] "GET /wp-json/wp/v2/pages/%5C%22http:%5C/%5C/www.integrateauricular.ca%5C/bundle%5C%22 HTTP/1.0" 404 114 "http://www.google.com/url?url=www.auriculotherapy.org&yahoo.com" "Mozilla/5.0 (compatible; MSIE 9.0; Windows NT 6.1; WOW64; Trident/6.0)"
184.154.139.49 - - [11/Oct/2023:08:08:24 -0400] "GET /wp-json/wp/v2/pages/%5C/%5C/www.auriculotherapy.org%5C/wp-json%5C/wp%5C/v2%5C/pages%5C/6%5C%22?%5C%22CSRFToken-wppb%5C%22=%5C%2234147fa870%5C%22&%5C%22_wp_http_referer%5C%22=%5C%22%5C/wp-json%5C/wp%5C/v2%5C/pages%5C/6%5C%22&%5C%22log%5C%22=%5C%22%5C%22&%5C%22pwd%5C%22=%5C%22%5C%22&%5C%22redirect_to%5C%22=%5C%22https:%5C/%5C/www.auriculotherapy.org%5C/wp-json%5C/wp%5C/v2%5C/pages%5C/6%5C%22&%5C%22rememberme%5C%22=%5C%22forever%5C%22&%5C%22wp-submit%5C%22=%5C%22Log&%5C%22wppb_form_location%5C%22=%5C%22widget%5C%22%5C/&%5C%22wppb_login%5C%22=%5C%22true%5C%22%5C/&%5C%22wppb_lostpassword_url%5C%22=%5C%22%5C%22%5C/&%5C%22wppb_redirect_check%5C%22=%5C%22true%5C%22%5C/&%5C%22wppb_redirect_priority%5C%22=%5C%22%5C%22%5C/&%5C%22wppb_referer_url%5C%22=%5C%22%5C%22%5C/&%5C%22wppb_request_url%5C%22=%5C%22https:%5C/%5C/www.auriculotherapy.org%5C/wp-json%5C/wp%5C/v2%5C/pages%5C/6%5C%22%5C/ HTTP/1.0" 404 114 "http://www.google.com/url?url=www.auriculotherapy.org&yahoo.com" "Mozilla/5.0 (compatible; MSIE 9.0; Windows NT 6.1; WOW64; Trident/6.0)"
184.154.139.49 - - [11/Oct/2023:08:08:25 -0400] "GET /?p=6 HTTP/1.0" 301 - "-" "SiteLockSpider [en] (WinNT; I ;Nav)"
184.154.139.49 - - [11/Oct/2023:08:08:39 -0400] "GET /ethics/ HTTP/1.0" 200 49479 "http://www.google.com/url?url=www.auriculotherapy.org&yahoo.com" "Mozilla/5.0 (compatible; MSIE 9.0; Windows NT 6.1; WOW64; Trident/6.0)"
184.154.139.49 - - [11/Oct/2023:08:08:43 -0400] "GET /reset-password/ HTTP/1.0" 200 24803 "http://www.google.com/url?url=www.auriculotherapy.org&yahoo.com" "Mozilla/5.0 (compatible; MSIE 9.0; Windows NT 6.1; WOW64; Trident/6.0)"
184.154.139.49 - - [11/Oct/2023:08:08:50 -0400] "GET /wp-login.php?action=lostpassword&redirect_to=1&user_login=1&wp-submit=Get%20New%20Password HTTP/1.0" 200 3893 "-" "SiteLockSpider [en] (WinNT; I ;Nav)"
184.154.139.49 - - [11/Oct/2023:08:09:11 -0400] "GET /wp-json/wp/v2/pages/%5C%22https:%5C/%5C/www.auriculotherapy.org%5C/wp-content%5C/uploads%5C/2019%5C/01%5C/5PrepExamforACI2019.pdf%5C%22 HTTP/1.0" 404 114 "http://www.google.com/url?url=www.auriculotherapy.org&yahoo.com" "Mozilla/5.0 (compatible; MSIE 9.0; Windows NT 6.1; WOW64; Trident/6.0)"
184.154.139.49 - - [11/Oct/2023:08:09:40 -0400] "GET /?p=18 HTTP/1.0" 301 - "-" "SiteLockSpider [en] (WinNT; I ;Nav)"
184.154.139.49 - - [11/Oct/2023:08:09:52 -0400] "GET /wp-json/oembed/1.0/embed?url=https%3A%2F%2Fwww.auriculotherapy.org%2Fdirectory%2F HTTP/1.0" 200 2604 "-" "SiteLockSpider [en] (WinNT; I ;Nav)"
184.154.139.49 - - [11/Oct/2023:08:10:17 -0400] "GET /wp-json/oembed/1.0/%5C%22https:%5C/%5C/www.auriculotherapy.org%5C/application%5C/embed%5C/ HTTP/1.0" 404 114 "http://www.google.com/url?url=www.auriculotherapy.org&yahoo.com" "Mozilla/5.0 (compatible; MSIE 9.0; Windows NT 6.1; WOW64; Trident/6.0)"
184.154.139.49 - - [11/Oct/2023:08:10:18 -0400] "GET /wp-json/oembed/1.0/%5C%22https:%5C/%5C/www.auriculotherapy.org%5C/certification-course-online%5C/%5C%22 HTTP/1.0" 404 114 "http://www.google.com/url?url=www.auriculotherapy.org&yahoo.com" "Mozilla/5.0 (compatible; MSIE 9.0; Windows NT 6.1; WOW64; Trident/6.0)"
184.154.139.49 - - [11/Oct/2023:08:10:27 -0400] "GET /th1s_1s_a_4o4.html HTTP/1.0" 404 24270 "http://www.google.com/url?url=www.auriculotherapy.org&yahoo.com" "Mozilla/5.0 (compatible; MSIE 9.0; Windows NT 6.1; WOW64; Trident/6.0)"
184.154.139.49 - - [11/Oct/2023:08:10:30 -0400] "GET /wp-includes/wlwmanifest.xml HTTP/1.0" 200 1045 "http://www.google.com/url?url=www.auriculotherapy.org&yahoo.com" "Mozilla/5.0 (compatible; MSIE 9.0; Windows NT 6.1; WOW64; Trident/6.0)"
184.154.139.49 - - [11/Oct/2023:08:10:32 -0400] "GET /wp-content/themes/Jingged/includes/css/font-awesome.min.css?ver=4.1.0 HTTP/1.0" 200 21984 "-" "SiteLockSpider [en] (WinNT; I ;Nav)"
184.154.139.49 - - [11/Oct/2023:08:10:43 -0400] "GET //wp-content/plugins/profile-builder/readme.txt HTTP/1.0" 200 71354 "-" "SiteLockSpider [en] (WinNT; I ;Nav)"
184.154.139.49 - - [11/Oct/2023:08:10:44 -0400] "GET //wp-content/plugins/profile-builder/readme.txt HTTP/1.0" 200 71354 "-" "SiteLockSpider [en] (WinNT; I ;Nav)"
163.172.144.6 - - [11/Oct/2023:08:21:10 -0400] "GET /contact-us/ HTTP/1.0" 200 24457 "-" "Mozilla/5.0 (Macintosh; Intel Mac OS X 10_15_7) AppleWebKit/537.36 (KHTML, like Gecko) Chrome/114.0.0.0 Safari/537.36"
163.172.144.6 - - [11/Oct/2023:08:21:13 -0400] "GET /wp-content/themes/Jingged/includes/resources/bootstrap/js/bootstrap.min.js?ver=6.1.3 HTTP/1.0" 200 36868 "https://www.auriculotherapy.org/contact-us/" "Mozilla/5.0 (Macintosh; Intel Mac OS X 10_15_7) AppleWebKit/537.36 (KHTML, like Gecko) Chrome/114.0.0.0 Safari/537.36"
216.128.151.187 - - [11/Oct/2023:08:23:18 -0400] "GET / HTTP/1.0" 301 - "-" "python-requests/2.22.0"
166.0.218.47 - - [11/Oct/2023:08:24:14 -0400] "GET / HTTP/1.0" 301 - "-" "Mozilla/5.0 (Windows; U; Windows NT 6.1; en-US; rv:1.9.1.5) Gecko/20091102 Firefox/3.5.5 (.NET CLR 3.5.30729)"
72.182.160.215 - - [11/Oct/2023:09:11:25 -0400] "GET /wp-content/themes/Jingged/includes/images/icon_serach.jpg HTTP/1.0" 200 1687 "https://www.auriculotherapy.org/wp-content/themes/Jingged/includes/css/bootstrap-wp.css?ver=6.1.3" "Mozilla/5.0 (Windows NT 10.0; Win64; x64) AppleWebKit/537.36 (KHTML, like Gecko) Chrome/117.0.0.0 Safari/537.36 Edg/117.0.2045.60"
72.182.160.215 - - [11/Oct/2023:09:11:30 -0400] "GET /wp-includes/images/w-logo-blue-white-bg.png HTTP/1.0" 200 4119 "https://www.auriculotherapy.org/directory/" "Mozilla/5.0 (Windows NT 10.0; Win64; x64) AppleWebKit/537.36 (KHTML, like Gecko) Chrome/117.0.0.0 Safari/537.36 Edg/117.0.2045.60"
193.51.159.250 - - [11/Oct/2023:09:41:25 -0400] "GET /wp-content/themes/Jingged/style.css?ver=6.1.3 HTTP/1.0" 200 7370 "https://www.auriculotherapy.org/aci-board/" "Mozilla/5.0 (Windows NT 10.0; Win64; x64; rv:109.0) Gecko/20100101 Firefox/118.0"
193.51.159.250 - - [11/Oct/2023:09:41:25 -0400] "GET /wp-content/uploads/2019/02/TerryOleson.jpg HTTP/1.0" 200 16129 "https://www.auriculotherapy.org/aci-board/" "Mozilla/5.0 (Windows NT 10.0; Win64; x64; rv:109.0) Gecko/20100101 Firefox/118.0"
193.51.159.250 - - [11/Oct/2023:09:41:25 -0400] "GET /wp-content/themes/Jingged/includes/resources/bootstrap/css/bootstrap.min.css?ver=6.1.3 HTTP/1.0" 200 119327 "https://www.auriculotherapy.org/aci-board/" "Mozilla/5.0 (Windows NT 10.0; Win64; x64; rv:109.0) Gecko/20100101 Firefox/118.0"
193.51.159.250 - - [11/Oct/2023:09:41:36 -0400] "GET /wp-content/uploads/2019/02/IulianoDiane.jpg HTTP/1.0" 200 14725 "https://www.auriculotherapy.org/aci-board/" "Mozilla/5.0 (Windows NT 10.0; Win64; x64; rv:109.0) Gecko/20100101 Firefox/118.0"
45.134.173.236 - - [11/Oct/2023:09:48:00 -0400] "GET /blog/ HTTP/1.0" 200 27589 "https://www.auriculotherapy.org/blog/" "Mozilla/5.0 (Windows NT 6.1; Win64; x64) AppleWebKit/537.36 (KHTML, like Gecko) Chrome/103.0.5060.66 Safari/537.36"
10.30.72.4 - - [11/Oct/2023:09:55:25 -0400] "POST /wp-cron.php?doing_wp_cron=1697032525.1907010078430175781250 HTTP/1.0" 200 - "http://www.auriculotherapy.org/wp-cron.php?doing_wp_cron=1697032525.1907010078430175781250" "WordPress/6.1.3; https://www.auriculotherapy.org"
66.249.64.232 - - [11/Oct/2023:10:10:41 -0400] "GET / HTTP/1.0" 200 45193 "-" "Mozilla/5.0 (compatible; Googlebot/2.1; +http://www.google.com/bot.html)"
162.55.86.59 - - [11/Oct/2023:11:17:27 -0400] "GET /board.htm HTTP/1.0" 404 24270 "-" "Mozilla/5.0 (compatible; BLEXBot/1.0; +http://webmeup-crawler.com/)"
66.249.64.232 - - [11/Oct/2023:11:43:30 -0400] "GET /the-auriculotherapy-certification-institute/ HTTP/1.0" 200 28943 "-" "Mozilla/5.0 (compatible; Googlebot/2.1; +http://www.google.com/bot.html)"
208.69.133.71 - - [11/Oct/2023:11:52:11 -0400] "GET /wp-content/plugins/smart-slider-3/Public/SmartSlider3/Application/Frontend/Assets/dist/smartslider.min.css?ver=23139749 HTTP/1.0" 200 22153 "https://www.auriculotherapy.org/" "Mozilla/5.0 (Windows NT 10.0; Win64; x64) AppleWebKit/537.36 (KHTML, like Gecko) Chrome/117.0.0.0 Safari/537.36 Edg/117.0.2045.60"
20.168.57.136 - - [11/Oct/2023:12:03:14 -0400] "GET / HTTP/1.0" 301 - "-" "Go-http-client/1.1"
10.30.72.4 - - [11/Oct/2023:12:09:29 -0400] "GET / HTTP/1.0" 200 45193 "https://www.auriculotherapy.org/" "WordPress/6.1.3; https://www.auriculotherapy.org"
54.90.84.194 - - [11/Oct/2023:12:45:25 -0400] "GET / HTTP/1.0" 200 45193 "-" "Mozilla/5.0 (Windows NT 6.1; WOW64; rv:50.0) Gecko/20100101 Firefox/50.0"
128.23.128.9 - - [11/Oct/2023:12:54:14 -0400] "GET / HTTP/1.0" 200 45193 "https://www.google.com/" "Mozilla/5.0 (Windows NT 10.0; Win64; x64) AppleWebKit/537.36 (KHTML, like Gecko) Chrome/117.0.0.0 Safari/537.36"
128.23.128.9 - - [11/Oct/2023:12:54:19 -0400] "GET /wp-content/uploads/2019/06/earbg.jpg HTTP/1.0" 200 25855 "https://www.auriculotherapy.org/" "Mozilla/5.0 (Windows NT 10.0; Win64; x64) AppleWebKit/537.36 (KHTML, like Gecko) Chrome/117.0.0.0 Safari/537.36"
128.23.128.9 - - [11/Oct/2023:12:54:25 -0400] "GET /contact-us/ HTTP/1.0" 200 24457 "https://www.auriculotherapy.org/" "Mozilla/5.0 (Windows NT 10.0; Win64; x64) AppleWebKit/537.36 (KHTML, like Gecko) Chrome/117.0.0.0 Safari/537.36"
24.60.183.201 - - [11/Oct/2023:14:10:17 -0400] "GET /wp-content/themes/Jingged/includes/resources/bootstrap/js/bootstrap.min.js?ver=6.1.3 HTTP/1.0" 200 36868 "https://www.auriculotherapy.org/calendar-of-events/" "Mozilla/5.0 (Macintosh; Intel Mac OS X 10_15_7) AppleWebKit/537.36 (KHTML, like Gecko) Chrome/117.0.0.0 Safari/537.36 Edg/117.0.2045.55"
24.60.183.201 - - [11/Oct/2023:14:10:17 -0400] "GET /wp-includes/css/classic-themes.min.css?ver=1 HTTP/1.0" 200 217 "https://www.auriculotherapy.org/calendar-of-events/" "Mozilla/5.0 (Macintosh; Intel Mac OS X 10_15_7) AppleWebKit/537.36 (KHTML, like Gecko) Chrome/117.0.0.0 Safari/537.36 Edg/117.0.2045.55"
24.60.183.201 - - [11/Oct/2023:14:10:27 -0400] "GET /wp-content/plugins/smart-slider-3/Public/SmartSlider3/Widget/Bullet/Assets/dist/w-bullet.min.js?ver=23139749 HTTP/1.0" 200 5415 "https://www.auriculotherapy.org/" "Mozilla/5.0 (Macintosh; Intel Mac OS X 10_15_7) AppleWebKit/537.36 (KHTML, like Gecko) Chrome/117.0.0.0 Safari/537.36 Edg/117.0.2045.55"
24.60.183.201 - - [11/Oct/2023:14:10:27 -0400] "GET /wp-content/uploads/2019/06/earbg.jpg HTTP/1.0" 200 25855 "https://www.auriculotherapy.org/" "Mozilla/5.0 (Macintosh; Intel Mac OS X 10_15_7) AppleWebKit/537.36 (KHTML, like Gecko) Chrome/117.0.0.0 Safari/537.36 Edg/117.0.2045.55"
52.167.144.238 - - [11/Oct/2023:14:23:35 -0400] "GET /course-study/ HTTP/1.0" 200 26527 "-" "Mozilla/5.0 AppleWebKit/537.36 (KHTML, like Gecko; compatible; bingbot/2.0; +http://www.bing.com/bingbot.htm) Chrome/103.0.5060.134 Safari/537.36"
52.167.144.140 - - [11/Oct/2023:14:23:54 -0400] "GET /wp-content/themes/Jingged/includes/css/bootstrap-wp.css?ver=6.1.3 HTTP/1.0" 200 21977 "-" "Mozilla/5.0 AppleWebKit/537.36 (KHTML, like Gecko; compatible; bingbot/2.0; +http://www.bing.com/bingbot.htm) Chrome/103.0.5060.134 Safari/537.36"
176.199.211.29 - - [11/Oct/2023:14:44:01 -0400] "GET /wp-content/themes/Jingged/includes/css/bootstrap-wp.css?ver=6.1.3 HTTP/1.0" 200 21977 "https://www.auriculotherapy.org/" "Mozilla/5.0 (iPhone; CPU iPhone OS 16_1_2 like Mac OS X) AppleWebKit/605.1.15 (KHTML, like Gecko) Version/16.1 Mobile/15E148 Safari/604.1"
176.199.211.29 - - [11/Oct/2023:14:44:01 -0400] "GET /wp-content/plugins/smart-slider-3/Public/SmartSlider3/Application/Frontend/Assets/dist/smartslider-frontend.min.js?ver=23139749 HTTP/1.0" 200 113539 "https://www.auriculotherapy.org/" "Mozilla/5.0 (iPhone; CPU iPhone OS 16_1_2 like Mac OS X) AppleWebKit/605.1.15 (KHTML, like Gecko) Version/16.1 Mobile/15E148 Safari/604.1"
176.199.211.29 - - [11/Oct/2023:14:44:02 -0400] "GET /wp-content/themes/Jingged/includes/images/auriculotherapybg.png HTTP/1.0" 200 19077 "https://www.auriculotherapy.org/" "Mozilla/5.0 (iPhone; CPU iPhone OS 16_1_2 like Mac OS X) AppleWebKit/605.1.15 (KHTML, like Gecko) Version/16.1 Mobile/15E148 Safari/604.1"
176.199.211.29 - - [11/Oct/2023:14:44:04 -0400] "GET /wp-content/uploads/2019/06/earbg-left.jpg HTTP/1.0" 200 22041 "https://www.auriculotherapy.org/" "Mozilla/5.0 (iPhone; CPU iPhone OS 16_1_2 like Mac OS X) AppleWebKit/605.1.15 (KHTML, like Gecko) Version/16.1 Mobile/15E148 Safari/604.1"
114.119.139.59 - - [11/Oct/2023:14:44:00 -0400] "GET /course-study/ HTTP/1.0" 200 26527 "https://www.auriculotherapy.org/application/" "Mozilla/5.0 (Linux; Android 7.0;) AppleWebKit/537.36 (KHTML, like Gecko) Mobile Safari/537.36 (compatible; PetalBot;+https://webmaster.petalsearch.com/site/petalbot)"
49.7.20.111 - - [11/Oct/2023:14:49:40 -0400] "GET / HTTP/1.0" 301 - "-" "Sogou web spider/4.0(+http://www.sogou.com/docs/help/webmasters.htm#07)"
79.175.83.34 - - [11/Oct/2023:15:10:41 -0400] "GET /wp-content/uploads/2023/03/0-Jackie-Adler-photo-.jpg HTTP/1.0" 200 258128 "https://www.auriculotherapy.org/aci-board/" "Mozilla/5.0 (Windows NT 10.0; Win64; x64) AppleWebKit/537.36 (KHTML, like Gecko) Chrome/117.0.0.0 Safari/537.36"
79.175.83.34 - - [11/Oct/2023:15:10:43 -0400] "GET /wp-includes/js/wp-emoji-release.min.js?ver=6.1.3 HTTP/1.0" 200 18617 "https://www.auriculotherapy.org/aci-board/" "Mozilla/5.0 (Windows NT 10.0; Win64; x64) AppleWebKit/537.36 (KHTML, like Gecko) Chrome/117.0.0.0 Safari/537.36"
5.173.4.35 - - [11/Oct/2023:15:10:48 -0400] "GET /wp-content/uploads/2019/06/earbg.jpg HTTP/1.0" 200 25855 "https://www.google.com/" "Mozilla/5.0 (Linux; Android 10; K) AppleWebKit/537.36 (KHTML, like Gecko) Chrome/117.0.0.0 Mobile Safari/537.36"
66.249.64.232 - - [11/Oct/2023:15:43:30 -0400] "GET /the-auriculotherapy-certification-institute/ HTTP/1.0" 200 28943 "-" "Mozilla/5.0 (Linux; Android 6.0.1; Nexus 5X Build/MMB29P) AppleWebKit/537.36 (KHTML, like Gecko) Chrome/117.0.5938.149 Mobile Safari/537.36 (compatible; Googlebot/2.1; +http://www.google.com/bot.html)"
66.249.64.231 - - [11/Oct/2023:16:21:26 -0400] "GET / HTTP/1.0" 200 45193 "-" "Mozilla/5.0 (compatible; Googlebot/2.1; +http://www.google.com/bot.html)"
66.249.64.227 - - [11/Oct/2023:16:30:59 -0400] "GET / HTTP/1.0" 301 - "-" "Mozilla/5.0 (compatible; Googlebot/2.1; +http://www.google.com/bot.html)"
71.125.75.174 - - [11/Oct/2023:16:37:41 -0400] "GET /wp-content/themes/Jingged/includes/css/responsive-wp.css?ver=6.1.3 HTTP/1.0" 200 8178 "https://www.auriculotherapy.org/" "Mozilla/5.0 (Windows NT 10.0; Win64; x64) AppleWebKit/537.36 (KHTML, like Gecko) Chrome/117.0.0.0 Safari/537.36"
71.125.75.174 - - [11/Oct/2023:16:37:42 -0400] "GET /wp-content/plugins/smart-slider-3/Public/SmartSlider3/Widget/Bullet/Assets/dist/w-bullet.min.js?ver=23139749 HTTP/1.0" 200 5415 "https://www.auriculotherapy.org/" "Mozilla/5.0 (Windows NT 10.0; Win64; x64) AppleWebKit/537.36 (KHTML, like Gecko) Chrome/117.0.0.0 Safari/537.36"
71.125.75.174 - - [11/Oct/2023:16:37:42 -0400] "GET /wp-content/plugins/smart-slider-3/Public/SmartSlider3/Application/Frontend/Assets/dist/smartslider-frontend.min.js?ver=23139749 HTTP/1.0" 200 113539 "https://www.auriculotherapy.org/" "Mozilla/5.0 (Windows NT 10.0; Win64; x64) AppleWebKit/537.36 (KHTML, like Gecko) Chrome/117.0.0.0 Safari/537.36"
