0byt3m1n1
Path:
/
data
/
40
/
5
/
122
/
64
/
5448064
/
user
/
6519071
/
htdocs
/
log
/
[
Home
]
File: x-access_log.2024-09-18
10.30.72.4 - - [18/Sep/2024:00:09:26 -0400] "POST /ar/wp-cron.php?doing_wp_cron=1726632566.4586620330810546875000 HTTP/1.0" 200 - "-" "WordPress/6.6.2; https://www.auriculotherapy.org/ar"
20.42.10.189 - - [18/Sep/2024:00:51:56 -0400] "GET /course-study/ HTTP/1.0" 200 26527 "-" "Mozilla/5.0 AppleWebKit/537.36 (KHTML, like Gecko); compatible; OAI-SearchBot/1.0; +https://openai.com/searchbot"
67.11.215.227 - - [18/Sep/2024:01:44:49 -0400] "GET /wp-content/themes/Jingged/includes/js/skip-link-focus-fix.js?ver=20130115 HTTP/1.0" 200 831 "https://www.auriculotherapy.org/directory/" "Mozilla/5.0 (iPhone; CPU iPhone OS 17_6_1 like Mac OS X) AppleWebKit/605.1.15 (KHTML, like Gecko) Version/17.6 Mobile/15E148 Safari/604.1"
67.11.215.227 - - [18/Sep/2024:01:44:50 -0400] "GET /wp-content/themes/Jingged/includes/images/auriculotherapybg.png HTTP/1.0" 200 19077 "https://www.auriculotherapy.org/directory/" "Mozilla/5.0 (iPhone; CPU iPhone OS 17_6_1 like Mac OS X) AppleWebKit/605.1.15 (KHTML, like Gecko) Version/17.6 Mobile/15E148 Safari/604.1"
67.11.215.227 - - [18/Sep/2024:01:44:50 -0400] "POST /wp-admin/admin-ajax.php HTTP/1.0" 200 210853 "https://www.auriculotherapy.org/directory/" "Mozilla/5.0 (iPhone; CPU iPhone OS 17_6_1 like Mac OS X) AppleWebKit/605.1.15 (KHTML, like Gecko) Version/17.6 Mobile/15E148 Safari/604.1"
159.89.17.243 - - [18/Sep/2024:02:06:50 -0400] "GET /ecp/Current/exporttool/microsoft.exchange.ediscovery.exporttool.application HTTP/1.0" 301 - "-" "Go-http-client/1.1"
159.89.17.243 - - [18/Sep/2024:02:07:02 -0400] "GET /s/5313e2239313e2838313e2630323/_/;/META-INF/maven/com.atlassian.jira/jira-webapp-dist/pom.properties HTTP/1.0" 301 - "-" "Go-http-client/1.1"
159.89.17.243 - - [18/Sep/2024:02:07:07 -0400] "GET /?rest_route=/wp/v2/users/ HTTP/1.0" 200 649 "-" "Go-http-client/1.1"
45.148.10.59 - - [18/Sep/2024:02:34:23 -0400] "GET //www.auriculotherapy.org/wp-content/themes/Jingged/includes/resources/bootstrap/js/bootstrap.min.js HTTP/1.0" 301 - "-" "Mozilla/5.0 (Linux; Android 9; SM-G955F) AppleWebKit/537.36 (KHTML, like Gecko) Chrome/76.0.3809.111 Mobile Safari/537.36"
45.148.10.59 - - [18/Sep/2024:02:34:27 -0400] "GET //www.auriculotherapy.org/wp-content/plugins/smart-slider-3/Public/SmartSlider3/Application/Frontend/Assets/dist/n2.min.js HTTP/1.0" 301 - "-" "Mozilla/5.0 (Maemo; Linux armv7l; rv:10.0.1) Gecko/20100101 Firefox/10.0.1 Fennec/10.0.1"
45.148.10.59 - - [18/Sep/2024:02:34:41 -0400] "GET //www.auriculotherapy.org/wp-content/plugins/smart-slider-3/Public/SmartSlider3/Application/Frontend/Assets/dist/smartslider-frontend.min.js HTTP/1.0" 301 - "-" "Mozilla/5.0 (Windows NT 6.1; Win64; x64; rv:25.0) Gecko/20100101 Firefox/29.0"
45.148.10.59 - - [18/Sep/2024:02:34:42 -0400] "GET //www.auriculotherapy.org/wp-content/plugins/smart-slider-3/Public/SmartSlider3/Widget/Bullet/Assets/dist/w-bullet.min.js HTTP/1.0" 301 - "-" "Mozilla/5.0 (Linux; Android 7.0; LGMS428) AppleWebKit/537.36 (KHTML, like Gecko) Chrome/76.0.3809.111 Mobile Safari/537.36"
45.148.10.59 - - [18/Sep/2024:02:34:46 -0400] "GET //ajax.googleapis.com/ajax/libs/jquery/2.2.4/jquery.min.js HTTP/1.0" 301 - "-" "Mozilla/5.0 (Macintosh; Intel Mac OS X 10_14_4) AppleWebKit/537.36 (KHTML, like Gecko) Chrome/77.0.3865.35 Safari/537.36"
115.96.217.30 - - [18/Sep/2024:03:27:29 -0400] "GET / HTTP/1.0" 301 - "https://www.esatm.edu/academics/library.html" "Mozilla/5.0 (Windows; U; MSIE 9.0; Windows NT 9.0; en-US)"
66.249.66.10 - - [18/Sep/2024:03:33:47 -0400] "GET /wp-content/uploads/2023/10/jpg/vibramycin.html HTTP/1.0" 200 35661 "-" "Mozilla/5.0 (Linux; Android 6.0.1; Nexus 5X Build/MMB29P) AppleWebKit/537.36 (KHTML, like Gecko) Chrome/128.0.6613.137 Mobile Safari/537.36 (compatible; Googlebot/2.1; +http://www.google.com/bot.html)"
207.46.13.7 - - [18/Sep/2024:03:52:08 -0400] "GET /wp-content/uploads/2023/10/jpg/aricept.html HTTP/1.0" 200 34245 "-" "Mozilla/5.0 AppleWebKit/537.36 (KHTML, like Gecko; compatible; bingbot/2.0; +http://www.bing.com/bingbot.htm) Chrome/116.0.1938.76 Safari/537.36"
207.46.13.7 - - [18/Sep/2024:03:53:06 -0400] "GET /wp-content/themes/Jingged/includes/resources/bootstrap/js/bootstrap.min.js?ver=6.1.5 HTTP/1.0" 200 36868 "-" "Mozilla/5.0 AppleWebKit/537.36 (KHTML, like Gecko; compatible; bingbot/2.0; +http://www.bing.com/bingbot.htm) Chrome/116.0.1938.76 Safari/537.36"
74.125.210.8 - - [18/Sep/2024:03:55:27 -0400] "GET /ar/feed/ HTTP/1.0" 200 28280 "-" "FeedFetcher-Google; (+http://www.google.com/feedfetcher.html)"
112.86.225.69 - - [18/Sep/2024:03:58:30 -0400] "GET / HTTP/1.0" 301 - "-" "Sogou web spider/4.0(+http://www.sogou.com/docs/help/webmasters.htm#07)"
10.30.72.4 - - [18/Sep/2024:04:12:10 -0400] "POST /ar/wp-cron.php?doing_wp_cron=1726647129.8743391036987304687500 HTTP/1.0" 200 - "-" "WordPress/6.6.2; https://www.auriculotherapy.org/ar"
121.229.156.63 - - [18/Sep/2024:04:59:49 -0400] "GET / HTTP/1.0" 301 - "-" "Sogou web spider/4.0(+http://www.sogou.com/docs/help/webmasters.htm#07)"
10.30.72.4 - - [18/Sep/2024:05:00:26 -0400] "POST /ar/wp-cron.php?doing_wp_cron=1726650026.6497530937194824218750 HTTP/1.0" 200 - "-" "WordPress/6.6.2; https://www.auriculotherapy.org/ar"
103.131.71.51 - - [18/Sep/2024:05:26:23 -0400] "GET /robots.txt HTTP/1.0" 301 - "-" "Mozilla/5.0 (compatible; coccocbot-image/1.0; +http://help.coccoc.com/searchengine)"
103.131.71.51 - - [18/Sep/2024:05:26:31 -0400] "GET /robots.txt HTTP/1.0" 200 124 "-" "Mozilla/5.0 (compatible; coccocbot-image/1.0; +http://help.coccoc.com/searchengine)"
207.154.197.113 - - [18/Sep/2024:06:12:34 -0400] "GET /server HTTP/1.0" 404 24270 "-" "Go-http-client/1.1"
10.30.72.4 - - [18/Sep/2024:06:35:02 -0400] "POST /ar/wp-cron.php?doing_wp_cron=1726655701.8649590015411376953125 HTTP/1.0" 200 - "-" "WordPress/6.6.2; https://www.auriculotherapy.org/ar"
3.88.58.0 - - [18/Sep/2024:06:42:33 -0400] "GET / HTTP/1.0" 301 - "-" "Mozilla/5.0 (Macintosh; Intel Mac OS X 10_14_6) AppleWebKit/537.36 (KHTML, like Gecko) Chrome/80.0.3987.87 Safari/537.36"
74.125.210.9 - - [18/Sep/2024:06:43:56 -0400] "GET /ar/feed HTTP/1.0" 301 - "-" "FeedFetcher-Google; (+http://www.google.com/feedfetcher.html)"
74.125.210.9 - - [18/Sep/2024:07:21:07 -0400] "GET /ar/feed/ HTTP/1.0" 200 28280 "-" "FeedFetcher-Google; (+http://www.google.com/feedfetcher.html)"
47.128.99.36 - - [18/Sep/2024:07:24:36 -0400] "GET /wp-content/themes/Jingged/style.css?ver=6.1.7 HTTP/1.0" 200 7370 "https://www.auriculotherapy.org/calendar-of-events/" "Mozilla/5.0 (compatible; Bytespider; spider-feedback@bytedance.com) AppleWebKit/537.36 (KHTML, like Gecko) Chrome/70.0.0.0 Safari/537.36"
178.128.207.138 - - [18/Sep/2024:07:25:44 -0400] "GET /server-status HTTP/1.0" 403 660 "-" "Go-http-client/1.1"
178.128.207.138 - - [18/Sep/2024:07:25:56 -0400] "GET /config.json HTTP/1.0" 404 24288 "-" "Go-http-client/1.1"
175.44.42.2 - - [18/Sep/2024:07:46:33 -0400] "GET / HTTP/1.0" 200 45193 "https://www.freetraffic.shop/" "Mozilla/5.0 (Windows NT 10.0; Win64; x64; rv:130.0) Gecko/20100101 Firefox/130.0"
175.44.42.2 - - [18/Sep/2024:07:46:37 -0400] "GET /wp-content/plugins/smart-slider-3/Public/SmartSlider3/Slider/SliderType/Simple/Assets/dist/ss-simple.min.js?ver=23139749 HTTP/1.0" 200 13218 "http://www.freetraffic.shop/profile/45133815/view/" "Mozilla/5.0 (Windows NT 10.0; Win64; x64; rv:130.0) Gecko/20100101 Firefox/130.0"
170.106.154.234 - - [18/Sep/2024:07:52:10 -0400] "GET / HTTP/1.0" 301 - "-" "Mozilla/5.0 (Windows NT 6.1; Win64; x64) AppleWebKit/537.36 (KHTML, like Gecko) Chrome/79.0.3945.88 Safari/537.36"
46.99.192.18 - - [18/Sep/2024:07:53:25 -0400] "GET /wp-content/plugins/profile-builder/assets/css/style-front-end.css?ver=3.8.6 HTTP/1.0" 200 23471 "https://www.auriculotherapy.org/application/" "Mozilla/5.0 (Windows NT 10.0; Win64; x64) AppleWebKit/537.36 (KHTML, like Gecko) Chrome/128.0.0.0 Safari/537.36"
46.99.192.18 - - [18/Sep/2024:07:53:26 -0400] "GET /wp-content/themes/Jingged/includes/images/checkbox_own.png HTTP/1.0" 200 858 "https://www.auriculotherapy.org/wp-content/themes/Jingged/includes/css/bootstrap-wp.css?ver=6.1.7" "Mozilla/5.0 (Windows NT 10.0; Win64; x64) AppleWebKit/537.36 (KHTML, like Gecko) Chrome/128.0.0.0 Safari/537.36"
66.249.66.202 - - [18/Sep/2024:08:02:43 -0400] "GET / HTTP/1.0" 301 - "-" "Mozilla/5.0 (compatible; Googlebot/2.1; +http://www.google.com/bot.html)"
103.230.15.181 - - [18/Sep/2024:08:29:59 -0400] "GET /index.php?c=api&m=data2&auth=d41d8cd98f00b204e9800998ecf8427e¶m=upload HTTP/1.0" 301 - "-" "Mozilla/5.0 (Windows NT 10.0; WOW64; rv:48.0) Gecko/20100101 Firefox/48.0"
40.77.167.247 - - [18/Sep/2024:09:02:14 -0400] "GET /wp-content/themes/Jingged/includes/resources/bootstrap/css/bootstrap.min.css?ver=6.1.7 HTTP/1.0" 200 119327 "-" "Mozilla/5.0 AppleWebKit/537.36 (KHTML, like Gecko; compatible; bingbot/2.0; +http://www.bing.com/bingbot.htm) Chrome/116.0.1938.76 Safari/537.36"
52.167.144.216 - - [18/Sep/2024:09:02:21 -0400] "GET /wp-includes/js/wp-emoji-release.min.js?ver=6.1.7 HTTP/1.0" 200 18617 "-" "Mozilla/5.0 AppleWebKit/537.36 (KHTML, like Gecko; compatible; bingbot/2.0; +http://www.bing.com/bingbot.htm) Chrome/116.0.1938.76 Safari/537.36"
207.46.13.92 - - [18/Sep/2024:09:02:27 -0400] "GET /wp-includes/js/comment-reply.min.js?ver=6.1.7 HTTP/1.0" 200 2981 "-" "Mozilla/5.0 AppleWebKit/537.36 (KHTML, like Gecko; compatible; bingbot/2.0; +http://www.bing.com/bingbot.htm) Chrome/116.0.1938.76 Safari/537.36"
112.86.225.12 - - [18/Sep/2024:09:11:17 -0400] "GET / HTTP/1.0" 200 45193 "-" "Sogou web spider/4.0(+http://www.sogou.com/docs/help/webmasters.htm#07)"
136.144.19.133 - - [18/Sep/2024:09:30:44 -0400] "GET /wp-content/themes/Jingged/includes/fonts/fontawesome-webfont.woff?v=4.2.0 HTTP/1.0" 200 65452 "https://www.auriculotherapy.org/directory/" "Mozilla/5.0 (iPhone; CPU iPhone OS 17_6_1 like Mac OS X) AppleWebKit/605.1.15 (KHTML, like Gecko) Version/17.6 Mobile/15E148 Safari/604.1"
136.144.19.133 - - [18/Sep/2024:09:30:45 -0400] "GET /wp-includes/images/w-logo-blue-white-bg.png HTTP/1.0" 200 4119 "https://www.auriculotherapy.org/directory/" "Mozilla/5.0 (iPhone; CPU iPhone OS 17_6_1 like Mac OS X) AppleWebKit/605.1.15 (KHTML, like Gecko) Version/17.6 Mobile/15E148 Safari/604.1"
174.228.100.145 - - [18/Sep/2024:10:08:03 -0400] "GET /wp-content/uploads/2019/06/earbg.jpg HTTP/1.0" 200 25855 "https://www.auriculotherapy.org/" "Mozilla/5.0 (iPhone; CPU iPhone OS 17_5_1 like Mac OS X) AppleWebKit/605.1.15 (KHTML, like Gecko) Version/17.5 Mobile/15E148 Safari/604.1"
174.228.100.145 - - [18/Sep/2024:10:08:06 -0400] "GET /wp-includes/images/w-logo-blue-white-bg.png HTTP/1.0" 200 4119 "https://www.auriculotherapy.org/" "Mozilla/5.0 (iPhone; CPU iPhone OS 17_5_1 like Mac OS X) AppleWebKit/605.1.15 (KHTML, like Gecko) Version/17.5 Mobile/15E148 Safari/604.1"
174.163.67.66 - - [18/Sep/2024:10:41:13 -0400] "GET / HTTP/1.0" 200 45193 "https://www.google.com/url?q=https://www.auriculotherapy.org/&sa=U&sqi=2&ved=2ahUKEwiG69_W3MyIAxUDjokEHU29D7wQFnoECBgQAQ&usg=AOvVaw269T1lJgC0fDvlWnkCu9MN" "Mozilla/5.0 (iPhone; CPU iPhone OS 17_6 like Mac OS X) AppleWebKit/605.1.15 (KHTML, like Gecko) GSA/334.0.674067880 Mobile/15E148 Safari/604.1"
174.163.67.66 - - [18/Sep/2024:10:41:25 -0400] "GET /wp-includes/css/dist/block-library/style.min.css?ver=6.1.7 HTTP/1.0" 200 95021 "https://www.auriculotherapy.org/" "Mozilla/5.0 (iPhone; CPU iPhone OS 17_6 like Mac OS X) AppleWebKit/605.1.15 (KHTML, like Gecko) GSA/334.0.674067880 Mobile/15E148 Safari/604.1"
174.163.67.66 - - [18/Sep/2024:10:41:25 -0400] "GET /wp-content/plugins/profile-builder/assets/css/style-front-end.css?ver=3.8.6 HTTP/1.0" 200 23471 "https://www.auriculotherapy.org/" "Mozilla/5.0 (iPhone; CPU iPhone OS 17_6 like Mac OS X) AppleWebKit/605.1.15 (KHTML, like Gecko) GSA/334.0.674067880 Mobile/15E148 Safari/604.1"
174.163.67.66 - - [18/Sep/2024:10:41:25 -0400] "GET /wp-content/themes/Jingged/includes/css/responsive-wp.css?ver=6.1.7 HTTP/1.0" 200 8178 "https://www.auriculotherapy.org/" "Mozilla/5.0 (iPhone; CPU iPhone OS 17_6 like Mac OS X) AppleWebKit/605.1.15 (KHTML, like Gecko) GSA/334.0.674067880 Mobile/15E148 Safari/604.1"
174.163.67.66 - - [18/Sep/2024:10:41:25 -0400] "GET /wp-content/plugins/smart-slider-3/Public/SmartSlider3/Widget/Arrow/ArrowImage/Assets/dist/w-arrow-image.min.js?ver=23139749 HTTP/1.0" 200 1248 "https://www.auriculotherapy.org/" "Mozilla/5.0 (iPhone; CPU iPhone OS 17_6 like Mac OS X) AppleWebKit/605.1.15 (KHTML, like Gecko) GSA/334.0.674067880 Mobile/15E148 Safari/604.1"
174.163.67.66 - - [18/Sep/2024:10:41:25 -0400] "GET /wp-content/plugins/smart-slider-3/Public/SmartSlider3/Slider/SliderType/Simple/Assets/dist/ss-simple.min.js?ver=23139749 HTTP/1.0" 200 13218 "https://www.auriculotherapy.org/" "Mozilla/5.0 (iPhone; CPU iPhone OS 17_6 like Mac OS X) AppleWebKit/605.1.15 (KHTML, like Gecko) GSA/334.0.674067880 Mobile/15E148 Safari/604.1"
174.163.67.66 - - [18/Sep/2024:10:41:25 -0400] "GET /wp-content/plugins/smart-slider-3/Public/SmartSlider3/Application/Frontend/Assets/dist/n2.min.js?ver=23139749 HTTP/1.0" 200 41234 "https://www.auriculotherapy.org/" "Mozilla/5.0 (iPhone; CPU iPhone OS 17_6 like Mac OS X) AppleWebKit/605.1.15 (KHTML, like Gecko) GSA/334.0.674067880 Mobile/15E148 Safari/604.1"
174.163.67.66 - - [18/Sep/2024:10:41:25 -0400] "GET /wp-includes/js/wp-emoji-release.min.js?ver=6.1.7 HTTP/1.0" 200 18617 "https://www.auriculotherapy.org/" "Mozilla/5.0 (iPhone; CPU iPhone OS 17_6 like Mac OS X) AppleWebKit/605.1.15 (KHTML, like Gecko) GSA/334.0.674067880 Mobile/15E148 Safari/604.1"
174.163.67.66 - - [18/Sep/2024:10:41:25 -0400] "GET /wp-content/uploads/2019/03/ear-1.jpg HTTP/1.0" 200 90265 "https://www.auriculotherapy.org/" "Mozilla/5.0 (iPhone; CPU iPhone OS 17_6 like Mac OS X) AppleWebKit/605.1.15 (KHTML, like Gecko) GSA/334.0.674067880 Mobile/15E148 Safari/604.1"
174.163.67.66 - - [18/Sep/2024:10:41:25 -0400] "GET /wp-content/uploads/2019/06/earbg.jpg HTTP/1.0" 200 25855 "https://www.auriculotherapy.org/" "Mozilla/5.0 (iPhone; CPU iPhone OS 17_6 like Mac OS X) AppleWebKit/605.1.15 (KHTML, like Gecko) GSA/334.0.674067880 Mobile/15E148 Safari/604.1"
47.128.60.128 - - [18/Sep/2024:10:59:24 -0400] "GET /wp-content/themes/Jingged/includes/css/font-awesome.min.css?ver=4.1.0 HTTP/1.0" 200 21984 "https://www.auriculotherapy.org/wp-content/uploads/2023/10/jpg/flomax.html" "Mozilla/5.0 (compatible; Bytespider; spider-feedback@bytedance.com) AppleWebKit/537.36 (KHTML, like Gecko) Chrome/70.0.0.0 Safari/537.36"
158.62.41.141 - - [18/Sep/2024:11:13:03 -0400] "GET /wp-content/themes/Jingged/includes/resources/bootstrap/css/bootstrap.min.css?ver=6.1.7 HTTP/1.0" 200 119327 "https://www.auriculotherapy.org/" "Mozilla/5.0 (Linux; Android 10; K) AppleWebKit/537.36 (KHTML, like Gecko) Chrome/128.0.0.0 Mobile Safari/537.36"
71.67.65.34 - - [18/Sep/2024:11:31:25 -0400] "GET /wp-content/uploads/2019/03/banner.png HTTP/1.0" 200 105389 "https://www.auriculotherapy.org/" "Mozilla/5.0 (Windows NT 10.0; Win64; x64) AppleWebKit/537.36 (KHTML, like Gecko) Chrome/122.0.0.0 Safari/537.36"
71.67.65.34 - - [18/Sep/2024:11:31:25 -0400] "GET /wp-content/uploads/2019/06/earbg-left.jpg HTTP/1.0" 200 22041 "https://www.auriculotherapy.org/" "Mozilla/5.0 (Windows NT 10.0; Win64; x64) AppleWebKit/537.36 (KHTML, like Gecko) Chrome/122.0.0.0 Safari/537.36"
72.14.201.205 - - [18/Sep/2024:11:35:26 -0400] "GET / HTTP/1.0" 200 45193 "https://www.google.com/" "Mozilla/5.0 (Windows NT 10.0; Win64; x64) AppleWebKit/537.36 (KHTML, like Gecko) Chrome/122.0.0.0 Safari/537.36"
31.15.172.56 - - [18/Sep/2024:12:15:13 -0400] "GET / HTTP/1.0" 200 45193 "-" "Mozilla/5.0 (Macintosh; Intel Mac OS X 10_15_7) AppleWebKit/605.1.15 (KHTML, like Gecko) Version/15.6.1 Safari/605.1.15"
31.15.172.56 - - [18/Sep/2024:12:15:21 -0400] "GET /wp-content/plugins/smart-slider-3/Public/SmartSlider3/Application/Frontend/Assets/dist/smartslider.min.css?ver=23139749 HTTP/1.0" 200 22153 "https://www.auriculotherapy.org/" "Mozilla/5.0 (Macintosh; Intel Mac OS X 10_15_7) AppleWebKit/605.1.15 (KHTML, like Gecko) Version/15.6.1 Safari/605.1.15"
31.15.172.56 - - [18/Sep/2024:12:15:21 -0400] "GET /wp-content/plugins/smart-slider-3/Public/SmartSlider3/Widget/Bullet/Assets/dist/w-bullet.min.js?ver=23139749 HTTP/1.0" 200 5415 "https://www.auriculotherapy.org/" "Mozilla/5.0 (Macintosh; Intel Mac OS X 10_15_7) AppleWebKit/605.1.15 (KHTML, like Gecko) Version/15.6.1 Safari/605.1.15"
31.15.172.56 - - [18/Sep/2024:12:15:21 -0400] "GET /wp-content/plugins/smart-slider-3/Public/SmartSlider3/Application/Frontend/Assets/dist/smartslider-frontend.min.js?ver=23139749 HTTP/1.0" 200 113539 "https://www.auriculotherapy.org/" "Mozilla/5.0 (Macintosh; Intel Mac OS X 10_15_7) AppleWebKit/605.1.15 (KHTML, like Gecko) Version/15.6.1 Safari/605.1.15"
74.125.210.8 - - [18/Sep/2024:12:42:37 -0400] "GET /ar/feed HTTP/1.0" 301 - "-" "FeedFetcher-Google; (+http://www.google.com/feedfetcher.html)"
74.125.210.8 - - [18/Sep/2024:12:42:43 -0400] "GET /ar/feed/ HTTP/1.0" 200 28280 "-" "FeedFetcher-Google; (+http://www.google.com/feedfetcher.html)"
10.30.72.4 - - [18/Sep/2024:12:42:42 -0400] "POST /ar/wp-cron.php?doing_wp_cron=1726677762.2560811042785644531250 HTTP/1.0" 200 - "-" "WordPress/6.6.2; https://www.auriculotherapy.org/ar"
174.181.95.145 - - [18/Sep/2024:12:42:50 -0400] "GET /wp-includes/css/dist/block-library/style.min.css?ver=6.1.7 HTTP/1.0" 200 95021 "https://www.auriculotherapy.org/directory/" "Mozilla/5.0 (Windows NT 10.0; Win64; x64) AppleWebKit/537.36 (KHTML, like Gecko) Chrome/128.0.0.0 Safari/537.36 Edg/128.0.0.0"
174.181.95.145 - - [18/Sep/2024:12:42:50 -0400] "GET /wp-content/themes/Jingged/includes/js/bootstrap-wp.js?ver=6.1.7 HTTP/1.0" 200 1514 "https://www.auriculotherapy.org/directory/" "Mozilla/5.0 (Windows NT 10.0; Win64; x64) AppleWebKit/537.36 (KHTML, like Gecko) Chrome/128.0.0.0 Safari/537.36 Edg/128.0.0.0"
174.181.95.145 - - [18/Sep/2024:12:43:50 -0400] "GET /wp-content/uploads/2019/03/banner.png HTTP/1.0" 200 105389 "https://www.auriculotherapy.org/" "Mozilla/5.0 (Windows NT 10.0; Win64; x64) AppleWebKit/537.36 (KHTML, like Gecko) Chrome/128.0.0.0 Safari/537.36 Edg/128.0.0.0"
174.181.95.145 - - [18/Sep/2024:12:43:50 -0400] "GET /wp-content/plugins/smart-slider-3/Public/SmartSlider3/Application/Frontend/Assets/dist/n2.min.js?ver=23139749 HTTP/1.0" 200 41234 "https://www.auriculotherapy.org/" "Mozilla/5.0 (Windows NT 10.0; Win64; x64) AppleWebKit/537.36 (KHTML, like Gecko) Chrome/128.0.0.0 Safari/537.36 Edg/128.0.0.0"
174.181.95.145 - - [18/Sep/2024:12:43:50 -0400] "GET /wp-content/uploads/2019/06/earbg-left.jpg HTTP/1.0" 200 22041 "https://www.auriculotherapy.org/" "Mozilla/5.0 (Windows NT 10.0; Win64; x64) AppleWebKit/537.36 (KHTML, like Gecko) Chrome/128.0.0.0 Safari/537.36 Edg/128.0.0.0"
174.181.95.145 - - [18/Sep/2024:12:43:50 -0400] "GET /wp-content/plugins/smart-slider-3/Public/SmartSlider3/Widget/Arrow/ArrowImage/Assets/dist/w-arrow-image.min.js?ver=23139749 HTTP/1.0" 200 1248 "https://www.auriculotherapy.org/" "Mozilla/5.0 (Windows NT 10.0; Win64; x64) AppleWebKit/537.36 (KHTML, like Gecko) Chrome/128.0.0.0 Safari/537.36 Edg/128.0.0.0"
74.125.210.8 - - [18/Sep/2024:13:21:54 -0400] "GET /ar/feed HTTP/1.0" 301 - "-" "FeedFetcher-Google; (+http://www.google.com/feedfetcher.html)"
74.125.210.8 - - [18/Sep/2024:13:22:00 -0400] "GET /ar/feed/ HTTP/1.0" 200 28280 "-" "FeedFetcher-Google; (+http://www.google.com/feedfetcher.html)"
174.200.117.49 - - [18/Sep/2024:13:43:01 -0400] "GET /wp-content/themes/Jingged/includes/resources/bootstrap/js/bootstrap.min.js?ver=6.1.7 HTTP/1.0" 200 36868 "https://www.auriculotherapy.org/" "Mozilla/5.0 (iPhone; CPU iPhone OS 17_6_1 like Mac OS X) AppleWebKit/605.1.15 (KHTML, like Gecko) Version/17.6 Mobile/15E148 Safari/604.1"
174.200.117.49 - - [18/Sep/2024:13:43:01 -0400] "GET /wp-content/plugins/smart-slider-3/Public/SmartSlider3/Slider/SliderType/Simple/Assets/dist/ss-simple.min.js?ver=23139749 HTTP/1.0" 200 13218 "https://www.auriculotherapy.org/" "Mozilla/5.0 (iPhone; CPU iPhone OS 17_6_1 like Mac OS X) AppleWebKit/605.1.15 (KHTML, like Gecko) Version/17.6 Mobile/15E148 Safari/604.1"
74.125.210.10 - - [18/Sep/2024:14:26:48 -0400] "GET /ar/feed HTTP/1.0" 301 - "-" "FeedFetcher-Google; (+http://www.google.com/feedfetcher.html)"
47.128.33.165 - - [18/Sep/2024:14:27:54 -0400] "GET /wp-content/uploads/2023/10/jpg/pharmacy_1.png HTTP/1.0" 200 279544 "https://www.auriculotherapy.org/wp-content/uploads/2023/10/jpg/bimatoprost.html" "Mozilla/5.0 (compatible; Bytespider; spider-feedback@bytedance.com) AppleWebKit/537.36 (KHTML, like Gecko) Chrome/70.0.0.0 Safari/537.36"
10.30.72.4 - - [18/Sep/2024:14:41:26 -0400] "POST /ar/wp-cron.php?doing_wp_cron=1726684885.9474730491638183593750 HTTP/1.0" 200 - "-" "WordPress/6.6.2; https://www.auriculotherapy.org/ar"
67.11.215.227 - - [18/Sep/2024:01:44:49 -0400] "GET /wp-content/themes/Jingged/includes/css/bootstrap-wp.css?ver=6.1.7 HTTP/1.0" 200 21977 "https://www.auriculotherapy.org/directory/" "Mozilla/5.0 (iPhone; CPU iPhone OS 17_6_1 like Mac OS X) AppleWebKit/605.1.15 (KHTML, like Gecko) Version/17.6 Mobile/15E148 Safari/604.1"
67.11.215.227 - - [18/Sep/2024:01:56:47 -0400] "GET / HTTP/1.0" 200 45193 "-" "Mozilla/5.0 (iPhone; CPU iPhone OS 17_6_1 like Mac OS X) AppleWebKit/605.1.15 (KHTML, like Gecko) Version/17.6 Mobile/15E148 Safari/604.1"
192.99.37.124 - - [18/Sep/2024:02:05:59 -0400] "GET /search/100%25+Pass+Oracle+-+Latest+1z0-1034-22+New+Cram+Materials+%E2%8F%AB+Easily+obtain+%EF%BC%88+1z0-1034-22+%EF%BC%89+for+free+download+through+[+www.pdfvce.com+]+%F0%9F%92%9BValid+1z0-1034-22+Exam+Papers/feed/rss2/ HTTP/1.0" 200 1356 "-" "Mozilla/5.0 (compatible; MJ12bot/v1.4.8; http://mj12bot.com/)"
52.5.44.107 - - [18/Sep/2024:02:14:28 -0400] "GET / HTTP/1.0" 200 45193 "-" "some agent"
52.5.44.107 - - [18/Sep/2024:02:14:42 -0400] "GET /course-study HTTP/1.0" 301 - "-" "some agent"
45.148.10.59 - - [18/Sep/2024:02:34:27 -0400] "GET //www.auriculotherapy.org/wp-content/plugins/smart-slider-3/Public/SmartSlider3/Widget/Arrow/ArrowImage/Assets/dist/w-arrow-image.min.js?ver=23139749 HTTP/1.0" 301 - "-" "Mozilla/5.0 (Macintosh; Intel Mac OS X 10_12_6) AppleWebKit/537.36 (KHTML, like Gecko) Chrome/75.0.3770.142 Safari/537.36"
45.148.10.59 - - [18/Sep/2024:02:34:27 -0400] "GET //www.auriculotherapy.org/wp-content/plugins/smart-slider-3/Public/SmartSlider3/Slider/SliderType/Simple/Assets/dist/ss-simple.min.js HTTP/1.0" 301 - "-" "Mozilla/5.0 (X11; U; NetBSD amd64; en-US; rv:1.9.2.15) Gecko/20110308 Namoroka/3.6.15"
45.148.10.59 - - [18/Sep/2024:02:34:41 -0400] "GET //www.auriculotherapy.org/wp-content/plugins/smart-slider-3/Public/SmartSlider3/Application/Frontend/Assets/dist/n2.min.js HTTP/1.0" 301 - "-" "mukewang/7.2.0 (iPhone; iOS 12.3.1; Scale/2.00) webview"
47.128.63.83 - - [18/Sep/2024:03:00:26 -0400] "GET /wp-includes/css/classic-themes.min.css?ver=1 HTTP/1.0" 200 217 "https://www.auriculotherapy.org/wp-content/uploads/2023/10/jpg/cymbalta.html" "Mozilla/5.0 (compatible; Bytespider; spider-feedback@bytedance.com) AppleWebKit/537.36 (KHTML, like Gecko) Chrome/70.0.0.0 Safari/537.36"
66.249.92.11 - - [18/Sep/2024:03:20:30 -0400] "GET /ar/feed HTTP/1.0" 301 - "-" "FeedFetcher-Google; (+http://www.google.com/feedfetcher.html)"
66.249.66.16 - - [18/Sep/2024:03:28:14 -0400] "GET /defined.htm HTTP/1.0" 404 24270 "-" "Mozilla/5.0 (Linux; Android 6.0.1; Nexus 5X Build/MMB29P) AppleWebKit/537.36 (KHTML, like Gecko) Chrome/128.0.6613.137 Mobile Safari/537.36 (compatible; Googlebot/2.1; +http://www.google.com/bot.html)"
207.46.13.7 - - [18/Sep/2024:03:52:57 -0400] "GET /wp-content/themes/Jingged/includes/js/bootstrap-wp.js?ver=6.1.5 HTTP/1.0" 200 1514 "-" "Mozilla/5.0 AppleWebKit/537.36 (KHTML, like Gecko; compatible; bingbot/2.0; +http://www.bing.com/bingbot.htm) Chrome/116.0.1938.76 Safari/537.36"
10.30.72.4 - - [18/Sep/2024:04:59:52 -0400] "POST /wp-cron.php?doing_wp_cron=1726649992.4944639205932617187500 HTTP/1.0" 200 - "http://www.auriculotherapy.org/wp-cron.php?doing_wp_cron=1726649992.4944639205932617187500" "WordPress/6.1.7; https://www.auriculotherapy.org"
103.131.71.142 - - [18/Sep/2024:05:48:26 -0400] "GET /robots.txt HTTP/1.0" 301 - "-" "Mozilla/5.0 (compatible; coccocbot-web/1.0; +http://help.coccoc.com/searchengine)"
170.106.82.193 - - [18/Sep/2024:05:58:38 -0400] "GET / HTTP/1.0" 200 45193 "http://auriculotherapy.org" "Mozilla/5.0 (iPhone; CPU iPhone OS 13_2_3 like Mac OS X) AppleWebKit/605.1.15 (KHTML, like Gecko) Version/13.0.3 Mobile/15E148 Safari/604.1"
207.154.197.113 - - [18/Sep/2024:06:12:55 -0400] "GET /.git/config HTTP/1.0" 404 24270 "-" "Go-http-client/1.1"
207.154.197.113 - - [18/Sep/2024:06:13:04 -0400] "GET /?rest_route=/wp/v2/users/ HTTP/1.0" 200 631 "-" "Go-http-client/1.1"
66.249.66.10 - - [18/Sep/2024:06:40:49 -0400] "GET /wp-includes/js/wp-emoji-release.min.js?ver=6.1.7 HTTP/1.0" 200 18617 "https://www.auriculotherapy.org/" "Mozilla/5.0 AppleWebKit/537.36 (KHTML, like Gecko; compatible; Googlebot/2.1; +http://www.google.com/bot.html) Chrome/128.0.6613.113 Safari/537.36"
66.249.66.9 - - [18/Sep/2024:07:04:12 -0400] "GET / HTTP/1.0" 200 45193 "-" "Mozilla/5.0 (compatible; Googlebot/2.1; +http://www.google.com/bot.html)"
178.128.207.138 - - [18/Sep/2024:07:25:45 -0400] "GET /login.action HTTP/1.0" 404 24288 "-" "Go-http-client/1.1"
178.128.207.138 - - [18/Sep/2024:07:25:59 -0400] "GET /telescope/requests HTTP/1.0" 404 24288 "-" "Go-http-client/1.1"
66.249.66.9 - - [18/Sep/2024:07:40:26 -0400] "GET /robots.txt HTTP/1.0" 200 124 "-" "Mozilla/5.0 (compatible; Googlebot/2.1; +http://www.google.com/bot.html)"
175.44.42.2 - - [18/Sep/2024:07:46:37 -0400] "GET /wp-includes/js/wp-emoji-release.min.js?ver=6.1.7 HTTP/1.0" 200 18617 "http://www.freetraffic.shop/profile/45133815/view/" "Mozilla/5.0 (Windows NT 10.0; Win64; x64; rv:130.0) Gecko/20100101 Firefox/130.0"
46.99.192.18 - - [18/Sep/2024:07:53:25 -0400] "GET /wp-content/themes/Jingged/includes/css/bootstrap-wp.css?ver=6.1.7 HTTP/1.0" 200 21977 "https://www.auriculotherapy.org/application/" "Mozilla/5.0 (Windows NT 10.0; Win64; x64) AppleWebKit/537.36 (KHTML, like Gecko) Chrome/128.0.0.0 Safari/537.36"
46.99.192.18 - - [18/Sep/2024:07:53:25 -0400] "GET /wp-content/themes/Jingged/includes/css/font-awesome.min.css?ver=4.1.0 HTTP/1.0" 200 21984 "https://www.auriculotherapy.org/application/" "Mozilla/5.0 (Windows NT 10.0; Win64; x64) AppleWebKit/537.36 (KHTML, like Gecko) Chrome/128.0.0.0 Safari/537.36"
46.99.192.18 - - [18/Sep/2024:07:53:26 -0400] "GET /wp-includes/js/wp-emoji-release.min.js?ver=6.1.7 HTTP/1.0" 200 18617 "https://www.auriculotherapy.org/application/" "Mozilla/5.0 (Windows NT 10.0; Win64; x64) AppleWebKit/537.36 (KHTML, like Gecko) Chrome/128.0.0.0 Safari/537.36"
46.99.192.18 - - [18/Sep/2024:07:53:26 -0400] "GET /wp-content/themes/Jingged/includes/js/skip-link-focus-fix.js?ver=20130115 HTTP/1.0" 200 831 "https://www.auriculotherapy.org/application/" "Mozilla/5.0 (Windows NT 10.0; Win64; x64) AppleWebKit/537.36 (KHTML, like Gecko) Chrome/128.0.0.0 Safari/537.36"
46.99.192.18 - - [18/Sep/2024:07:53:26 -0400] "GET /wp-content/themes/Jingged/includes/images/footerbg.jpg HTTP/1.0" 200 24855 "https://www.auriculotherapy.org/wp-content/themes/Jingged/includes/css/bootstrap-wp.css?ver=6.1.7" "Mozilla/5.0 (Windows NT 10.0; Win64; x64) AppleWebKit/537.36 (KHTML, like Gecko) Chrome/128.0.0.0 Safari/537.36"
93.165.254.55 - - [18/Sep/2024:08:28:02 -0400] "GET /wp-content/uploads/2019/06/earbg.jpg HTTP/1.0" 200 25855 "https://www.google.com/" "Mozilla/5.0 (iPhone; CPU iPhone OS 17_6_1 like Mac OS X) AppleWebKit/605.1.15 (KHTML, like Gecko) Version/17.6 Mobile/15E148 Safari/604.1"
40.77.167.247 - - [18/Sep/2024:09:01:27 -0400] "GET /hello-world/ HTTP/1.0" 200 28594 "-" "Mozilla/5.0 AppleWebKit/537.36 (KHTML, like Gecko; compatible; bingbot/2.0; +http://www.bing.com/bingbot.htm) Chrome/116.0.1938.76 Safari/537.36"
10.30.72.4 - - [18/Sep/2024:09:30:15 -0400] "GET /robots.txt HTTP/1.0" 200 124 "-" "Mozilla/5.0 (compatible;PetalBot;+https://webmaster.petalsearch.com/site/petalbot)"
136.144.19.133 - - [18/Sep/2024:09:30:42 -0400] "GET /directory/ HTTP/1.0" 200 32422 "https://duckduckgo.com/" "Mozilla/5.0 (iPhone; CPU iPhone OS 17_6_1 like Mac OS X) AppleWebKit/605.1.15 (KHTML, like Gecko) Version/17.6 Mobile/15E148 Safari/604.1"
136.144.19.133 - - [18/Sep/2024:09:30:44 -0400] "GET /wp-includes/css/classic-themes.min.css?ver=1 HTTP/1.0" 200 217 "https://www.auriculotherapy.org/directory/" "Mozilla/5.0 (iPhone; CPU iPhone OS 17_6_1 like Mac OS X) AppleWebKit/605.1.15 (KHTML, like Gecko) Version/17.6 Mobile/15E148 Safari/604.1"
136.144.19.133 - - [18/Sep/2024:09:30:44 -0400] "GET /wp-content/themes/Jingged/includes/resources/bootstrap/css/bootstrap.min.css?ver=6.1.7 HTTP/1.0" 200 119327 "https://www.auriculotherapy.org/directory/" "Mozilla/5.0 (iPhone; CPU iPhone OS 17_6_1 like Mac OS X) AppleWebKit/605.1.15 (KHTML, like Gecko) Version/17.6 Mobile/15E148 Safari/604.1"
136.144.19.133 - - [18/Sep/2024:09:30:44 -0400] "GET /wp-content/themes/Jingged/includes/images/icon_filter.jpg HTTP/1.0" 200 1616 "https://www.auriculotherapy.org/directory/" "Mozilla/5.0 (iPhone; CPU iPhone OS 17_6_1 like Mac OS X) AppleWebKit/605.1.15 (KHTML, like Gecko) Version/17.6 Mobile/15E148 Safari/604.1"
136.144.19.133 - - [18/Sep/2024:09:30:44 -0400] "GET /wp-content/themes/Jingged/includes/images/footerbg.jpg HTTP/1.0" 200 24855 "https://www.auriculotherapy.org/directory/" "Mozilla/5.0 (iPhone; CPU iPhone OS 17_6_1 like Mac OS X) AppleWebKit/605.1.15 (KHTML, like Gecko) Version/17.6 Mobile/15E148 Safari/604.1"
136.144.19.133 - - [18/Sep/2024:09:30:44 -0400] "GET /favicon.ico HTTP/1.0" 302 - "https://www.auriculotherapy.org/directory/" "Mozilla/5.0 (iPhone; CPU iPhone OS 17_6_1 like Mac OS X) AppleWebKit/605.1.15 (KHTML, like Gecko) Version/17.6 Mobile/15E148 Safari/604.1"
136.144.19.133 - - [18/Sep/2024:09:31:35 -0400] "POST /wp-admin/admin-ajax.php HTTP/1.0" 200 8738 "https://www.auriculotherapy.org/directory/" "Mozilla/5.0 (iPhone; CPU iPhone OS 17_6_1 like Mac OS X) AppleWebKit/605.1.15 (KHTML, like Gecko) Version/17.6 Mobile/15E148 Safari/604.1"
72.14.201.195 - - [18/Sep/2024:09:51:20 -0400] "GET /aci-board/ HTTP/1.0" 200 46943 "https://www.google.com/" "Mozilla/5.0 (Windows NT 10.0; Win64; x64) AppleWebKit/537.36 (KHTML, like Gecko) Chrome/128.0.0.0 Safari/537.36"
24.60.109.151 - - [18/Sep/2024:09:51:28 -0400] "GET /wp-content/uploads/2019/02/ShoresJim.jpg HTTP/1.0" 200 15175 "https://www.auriculotherapy.org/aci-board/" "Mozilla/5.0 (Windows NT 10.0; Win64; x64) AppleWebKit/537.36 (KHTML, like Gecko) Chrome/128.0.0.0 Safari/537.36"
24.60.109.151 - - [18/Sep/2024:09:51:28 -0400] "GET /wp-content/uploads/2019/02/BarnumRay.jpg HTTP/1.0" 200 11194 "https://www.auriculotherapy.org/aci-board/" "Mozilla/5.0 (Windows NT 10.0; Win64; x64) AppleWebKit/537.36 (KHTML, like Gecko) Chrome/128.0.0.0 Safari/537.36"
24.60.109.151 - - [18/Sep/2024:09:51:29 -0400] "GET /wp-content/uploads/2019/02/HowardJohn.jpg HTTP/1.0" 200 12745 "https://www.auriculotherapy.org/aci-board/" "Mozilla/5.0 (Windows NT 10.0; Win64; x64) AppleWebKit/537.36 (KHTML, like Gecko) Chrome/128.0.0.0 Safari/537.36"
24.60.109.151 - - [18/Sep/2024:09:51:29 -0400] "GET /wp-content/uploads/2018/12/GaryDitson.jpg HTTP/1.0" 200 5235 "https://www.auriculotherapy.org/aci-board/" "Mozilla/5.0 (Windows NT 10.0; Win64; x64) AppleWebKit/537.36 (KHTML, like Gecko) Chrome/128.0.0.0 Safari/537.36"
24.60.109.151 - - [18/Sep/2024:09:51:52 -0400] "POST /wp-admin/admin-ajax.php HTTP/1.0" 200 1370 "https://www.auriculotherapy.org/directory/" "Mozilla/5.0 (Windows NT 10.0; Win64; x64) AppleWebKit/537.36 (KHTML, like Gecko) Chrome/128.0.0.0 Safari/537.36"
193.26.115.60 - - [18/Sep/2024:09:52:59 -0400] "GET / HTTP/1.0" 200 45193 "https://akupunktura.start.bg/link.php?id=416065'123" "Go-http-client/1.1"
174.228.100.145 - - [18/Sep/2024:10:08:02 -0400] "GET /wp-content/themes/Jingged/includes/js/bootstrap-wp.js?ver=6.1.7 HTTP/1.0" 200 1514 "https://www.auriculotherapy.org/" "Mozilla/5.0 (iPhone; CPU iPhone OS 17_5_1 like Mac OS X) AppleWebKit/605.1.15 (KHTML, like Gecko) Version/17.5 Mobile/15E148 Safari/604.1"
174.228.100.145 - - [18/Sep/2024:10:08:02 -0400] "GET /wp-content/plugins/smart-slider-3/Public/SmartSlider3/Application/Frontend/Assets/dist/smartslider-frontend.min.js?ver=23139749 HTTP/1.0" 200 113539 "https://www.auriculotherapy.org/" "Mozilla/5.0 (iPhone; CPU iPhone OS 17_5_1 like Mac OS X) AppleWebKit/605.1.15 (KHTML, like Gecko) Version/17.5 Mobile/15E148 Safari/604.1"
174.228.100.145 - - [18/Sep/2024:10:08:03 -0400] "GET /wp-content/uploads/2019/03/ear-1.jpg HTTP/1.0" 200 90265 "https://www.auriculotherapy.org/" "Mozilla/5.0 (iPhone; CPU iPhone OS 17_5_1 like Mac OS X) AppleWebKit/605.1.15 (KHTML, like Gecko) Version/17.5 Mobile/15E148 Safari/604.1"
174.228.100.145 - - [18/Sep/2024:10:08:13 -0400] "GET /application/ HTTP/1.0" 200 37314 "https://www.auriculotherapy.org/" "Mozilla/5.0 (iPhone; CPU iPhone OS 17_5_1 like Mac OS X) AppleWebKit/605.1.15 (KHTML, like Gecko) Version/17.5 Mobile/15E148 Safari/604.1"
174.163.67.66 - - [18/Sep/2024:10:41:25 -0400] "GET /wp-content/themes/Jingged/includes/resources/bootstrap/css/bootstrap.min.css?ver=6.1.7 HTTP/1.0" 200 119327 "https://www.auriculotherapy.org/" "Mozilla/5.0 (iPhone; CPU iPhone OS 17_6 like Mac OS X) AppleWebKit/605.1.15 (KHTML, like Gecko) GSA/334.0.674067880 Mobile/15E148 Safari/604.1"
174.163.67.66 - - [18/Sep/2024:10:54:14 -0400] "GET /wp-content/themes/Jingged/includes/css/responsive-wp.css?ver=6.1.7 HTTP/1.0" 200 8178 "https://www.auriculotherapy.org/" "Mozilla/5.0 (iPhone; CPU iPhone OS 17_6 like Mac OS X) AppleWebKit/605.1.15 (KHTML, like Gecko) GSA/334.0.674067880 Mobile/15E148 Safari/604.1"
158.62.41.141 - - [18/Sep/2024:11:13:03 -0400] "GET /wp-content/themes/Jingged/includes/css/font-awesome.min.css?ver=4.1.0 HTTP/1.0" 200 21984 "https://www.auriculotherapy.org/" "Mozilla/5.0 (Linux; Android 10; K) AppleWebKit/537.36 (KHTML, like Gecko) Chrome/128.0.0.0 Mobile Safari/537.36"
158.62.41.141 - - [18/Sep/2024:11:13:07 -0400] "GET /wp-content/themes/Jingged/includes/images/footerbg.jpg HTTP/1.0" 200 24855 "https://www.auriculotherapy.org/wp-content/themes/Jingged/includes/css/bootstrap-wp.css?ver=6.1.7" "Mozilla/5.0 (Linux; Android 10; K) AppleWebKit/537.36 (KHTML, like Gecko) Chrome/128.0.0.0 Mobile Safari/537.36"
158.62.41.141 - - [18/Sep/2024:11:13:07 -0400] "GET /wp-content/plugins/smart-slider-3/Public/SmartSlider3/Application/Frontend/Assets/dist/smartslider-frontend.min.js?ver=23139749 HTTP/1.0" 200 113539 "https://www.auriculotherapy.org/" "Mozilla/5.0 (Linux; Android 10; K) AppleWebKit/537.36 (KHTML, like Gecko) Chrome/128.0.0.0 Mobile Safari/537.36"
158.62.41.141 - - [18/Sep/2024:11:13:13 -0400] "GET /favicon.ico HTTP/1.0" 302 - "https://www.auriculotherapy.org/" "Mozilla/5.0 (Linux; Android 10; K) AppleWebKit/537.36 (KHTML, like Gecko) Chrome/128.0.0.0 Mobile Safari/537.36"
71.67.65.34 - - [18/Sep/2024:11:31:25 -0400] "GET /wp-content/themes/Jingged/includes/css/bootstrap-wp.css?ver=6.1.7 HTTP/1.0" 200 21977 "https://www.auriculotherapy.org/" "Mozilla/5.0 (Windows NT 10.0; Win64; x64) AppleWebKit/537.36 (KHTML, like Gecko) Chrome/122.0.0.0 Safari/537.36"
71.67.65.34 - - [18/Sep/2024:11:31:25 -0400] "GET /favicon.ico HTTP/1.0" 302 - "https://www.auriculotherapy.org/" "Mozilla/5.0 (Windows NT 10.0; Win64; x64) AppleWebKit/537.36 (KHTML, like Gecko) Chrome/122.0.0.0 Safari/537.36"
31.15.172.56 - - [18/Sep/2024:12:15:21 -0400] "GET /wp-content/themes/Jingged/includes/js/bootstrap-wp.js?ver=6.1.7 HTTP/1.0" 200 1514 "https://www.auriculotherapy.org/" "Mozilla/5.0 (Macintosh; Intel Mac OS X 10_15_7) AppleWebKit/605.1.15 (KHTML, like Gecko) Version/15.6.1 Safari/605.1.15"
31.15.172.56 - - [18/Sep/2024:12:15:21 -0400] "GET /wp-content/themes/Jingged/includes/css/bootstrap-wp.css?ver=6.1.7 HTTP/1.0" 200 21977 "https://www.auriculotherapy.org/" "Mozilla/5.0 (Macintosh; Intel Mac OS X 10_15_7) AppleWebKit/605.1.15 (KHTML, like Gecko) Version/15.6.1 Safari/605.1.15"
31.15.172.56 - - [18/Sep/2024:12:15:21 -0400] "GET /wp-content/themes/Jingged/includes/resources/bootstrap/js/bootstrap.min.js?ver=6.1.7 HTTP/1.0" 200 36868 "https://www.auriculotherapy.org/" "Mozilla/5.0 (Macintosh; Intel Mac OS X 10_15_7) AppleWebKit/605.1.15 (KHTML, like Gecko) Version/15.6.1 Safari/605.1.15"
31.15.172.56 - - [18/Sep/2024:12:15:22 -0400] "GET /wp-content/themes/Jingged/includes/images/auriculotherapybg.png HTTP/1.0" 200 19077 "https://www.auriculotherapy.org/" "Mozilla/5.0 (Macintosh; Intel Mac OS X 10_15_7) AppleWebKit/605.1.15 (KHTML, like Gecko) Version/15.6.1 Safari/605.1.15"
174.181.95.145 - - [18/Sep/2024:12:42:50 -0400] "GET /wp-content/themes/Jingged/includes/images/auriculotherapybg.png HTTP/1.0" 200 19077 "https://www.auriculotherapy.org/directory/" "Mozilla/5.0 (Windows NT 10.0; Win64; x64) AppleWebKit/537.36 (KHTML, like Gecko) Chrome/128.0.0.0 Safari/537.36 Edg/128.0.0.0"
174.181.95.145 - - [18/Sep/2024:12:42:51 -0400] "GET /wp-content/themes/Jingged/includes/images/icon_serach.jpg HTTP/1.0" 200 1687 "https://www.auriculotherapy.org/wp-content/themes/Jingged/includes/css/bootstrap-wp.css?ver=6.1.7" "Mozilla/5.0 (Windows NT 10.0; Win64; x64) AppleWebKit/537.36 (KHTML, like Gecko) Chrome/128.0.0.0 Safari/537.36 Edg/128.0.0.0"
174.181.95.145 - - [18/Sep/2024:12:43:50 -0400] "GET /wp-content/uploads/2019/06/earbg.jpg HTTP/1.0" 200 25855 "https://www.auriculotherapy.org/" "Mozilla/5.0 (Windows NT 10.0; Win64; x64) AppleWebKit/537.36 (KHTML, like Gecko) Chrome/128.0.0.0 Safari/537.36 Edg/128.0.0.0"
40.84.221.212 - - [18/Sep/2024:13:10:56 -0400] "GET /robots.txt HTTP/1.0" 200 124 "-" "Mozilla/5.0 AppleWebKit/537.36 (KHTML, like Gecko); compatible; ChatGPT-User/1.0; +https://openai.com/bot"
40.84.221.212 - - [18/Sep/2024:13:11:00 -0400] "GET /wp-content/uploads/2019/06/1-Overview-of-ACI-Certification.pdf HTTP/1.0" 200 151618 "-" "Mozilla/5.0 AppleWebKit/537.36 (KHTML, like Gecko); compatible; ChatGPT-User/1.0; +https://openai.com/bot"
207.46.13.141 - - [18/Sep/2024:13:39:16 -0400] "GET /wp-sitemap-taxonomies-category-1.xml HTTP/1.0" 200 276 "-" "Mozilla/5.0 AppleWebKit/537.36 (KHTML, like Gecko; compatible; bingbot/2.0; +http://www.bing.com/bingbot.htm) Chrome/116.0.1938.76 Safari/537.36"
174.200.117.49 - - [18/Sep/2024:13:43:01 -0400] "GET /wp-content/themes/Jingged/includes/css/bootstrap-wp.css?ver=6.1.7 HTTP/1.0" 200 21977 "https://www.auriculotherapy.org/" "Mozilla/5.0 (iPhone; CPU iPhone OS 17_6_1 like Mac OS X) AppleWebKit/605.1.15 (KHTML, like Gecko) Version/17.6 Mobile/15E148 Safari/604.1"
174.200.117.49 - - [18/Sep/2024:13:43:01 -0400] "GET /wp-content/plugins/profile-builder/assets/css/style-front-end.css?ver=3.8.6 HTTP/1.0" 200 23471 "https://www.auriculotherapy.org/" "Mozilla/5.0 (iPhone; CPU iPhone OS 17_6_1 like Mac OS X) AppleWebKit/605.1.15 (KHTML, like Gecko) Version/17.6 Mobile/15E148 Safari/604.1"
174.200.117.49 - - [18/Sep/2024:13:43:01 -0400] "GET /wp-includes/css/dist/block-library/style.min.css?ver=6.1.7 HTTP/1.0" 200 95021 "https://www.auriculotherapy.org/" "Mozilla/5.0 (iPhone; CPU iPhone OS 17_6_1 like Mac OS X) AppleWebKit/605.1.15 (KHTML, like Gecko) Version/17.6 Mobile/15E148 Safari/604.1"
174.200.117.49 - - [18/Sep/2024:13:43:02 -0400] "GET /wp-content/themes/Jingged/includes/images/auriculotherapybg.png HTTP/1.0" 200 19077 "https://www.auriculotherapy.org/" "Mozilla/5.0 (iPhone; CPU iPhone OS 17_6_1 like Mac OS X) AppleWebKit/605.1.15 (KHTML, like Gecko) Version/17.6 Mobile/15E148 Safari/604.1"
174.200.117.49 - - [18/Sep/2024:13:43:02 -0400] "GET /wp-content/uploads/2019/03/ear-1.jpg HTTP/1.0" 200 90265 "https://www.auriculotherapy.org/" "Mozilla/5.0 (iPhone; CPU iPhone OS 17_6_1 like Mac OS X) AppleWebKit/605.1.15 (KHTML, like Gecko) Version/17.6 Mobile/15E148 Safari/604.1"
174.200.117.49 - - [18/Sep/2024:13:43:08 -0400] "GET /wp-includes/images/w-logo-blue-white-bg.png HTTP/1.0" 200 4119 "https://www.auriculotherapy.org/" "Mozilla/5.0 (iPhone; CPU iPhone OS 17_6_1 like Mac OS X) AppleWebKit/605.1.15 (KHTML, like Gecko) Version/17.6 Mobile/15E148 Safari/604.1"
74.125.210.9 - - [18/Sep/2024:14:03:15 -0400] "GET /ar/feed HTTP/1.0" 301 - "-" "FeedFetcher-Google; (+http://www.google.com/feedfetcher.html)"
74.125.210.8 - - [18/Sep/2024:14:23:43 -0400] "GET /ar/feed/ HTTP/1.0" 200 28280 "-" "FeedFetcher-Google; (+http://www.google.com/feedfetcher.html)"
184.72.89.172 - - [18/Sep/2024:14:30:30 -0400] "GET / HTTP/1.0" 301 - "-" "axios/0.21.4"
202.181.90.35 - - [22/Sep/2024:21:47:01 -0400] "GET /wp-content/uploads/2019/03/banner.png HTTP/1.0" 200 105389 "-" "Mozilla/5.0 (X11; Ubuntu; Linux x86_64; rv:72.0) Gecko/20100101 Firefox/72.0"
20.171.206.47 - - [18/Sep/2024:01:26:00 -0400] "GET / HTTP/1.0" 301 - "-" "Mozilla/5.0 AppleWebKit/537.36 (KHTML, like Gecko; compatible; GPTBot/1.0; +https://openai.com/gptbot)"
74.125.208.78 - - [18/Sep/2024:01:43:16 -0400] "GET /.well-known/traffic-advice HTTP/1.0" 404 24288 "-" "Chrome Privacy Preserving Prefetch Proxy"
67.11.215.227 - - [18/Sep/2024:01:44:49 -0400] "GET /wp-content/plugins/profile-builder/assets/css/style-front-end.css?ver=3.8.6 HTTP/1.0" 200 23471 "https://www.auriculotherapy.org/directory/" "Mozilla/5.0 (iPhone; CPU iPhone OS 17_6_1 like Mac OS X) AppleWebKit/605.1.15 (KHTML, like Gecko) Version/17.6 Mobile/15E148 Safari/604.1"
67.11.215.227 - - [18/Sep/2024:01:44:50 -0400] "GET /favicon.ico HTTP/1.0" 302 - "https://www.auriculotherapy.org/directory/" "Mozilla/5.0 (iPhone; CPU iPhone OS 17_6_1 like Mac OS X) AppleWebKit/605.1.15 (KHTML, like Gecko) Version/17.6 Mobile/15E148 Safari/604.1"
67.11.215.227 - - [18/Sep/2024:01:45:25 -0400] "GET /wp-content/plugins/smart-slider-3/Public/SmartSlider3/Widget/Bullet/Assets/dist/w-bullet.min.js?ver=23139749 HTTP/1.0" 200 5415 "https://www.auriculotherapy.org/" "Mozilla/5.0 (iPhone; CPU iPhone OS 17_6_1 like Mac OS X) AppleWebKit/605.1.15 (KHTML, like Gecko) Version/17.6 Mobile/15E148 Safari/604.1"
67.11.215.227 - - [18/Sep/2024:02:03:49 -0400] "GET / HTTP/1.0" 200 45193 "-" "Mozilla/5.0 (iPhone; CPU iPhone OS 17_6_1 like Mac OS X) AppleWebKit/605.1.15 (KHTML, like Gecko) Version/17.6 Mobile/15E148 Safari/604.1"
159.89.17.243 - - [18/Sep/2024:02:07:03 -0400] "GET /config.json HTTP/1.0" 301 - "-" "Go-http-client/1.1"
45.148.10.59 - - [18/Sep/2024:02:34:23 -0400] "GET //ajax.googleapis.com/ajax/libs/jquery/2.2.4/jquery.min.js HTTP/1.0" 301 - "-" "Mozilla/5.0 (Linux; Android 9; SAMSUNG SM-G970F Build/PPR1.180610.011) AppleWebKit/537.36 (KHTML, like Gecko) SamsungBrowser/9.4 Chrome/67.0.3396.87 Mobile Safari/537.36"
45.148.10.59 - - [18/Sep/2024:02:34:23 -0400] "GET //www.auriculotherapy.org/wp-content/plugins/smart-slider-3/Public/SmartSlider3/Application/Frontend/Assets/dist/n2.min.js?ver=23139749 HTTP/1.0" 301 - "-" "Roku/DVP-4.1 (024.01E01250A)"
45.148.10.59 - - [18/Sep/2024:02:34:23 -0400] "GET //www.auriculotherapy.org/wp-content/plugins/smart-slider-3/Public/SmartSlider3/Widget/Arrow/ArrowImage/Assets/dist/w-arrow-image.min.js HTTP/1.0" 301 - "-" "Mozilla/5.0 (Macintosh; Intel Mac OS X 10_14_0) AppleWebKit/537.36 (KHTML, like Gecko) Chrome/75.0.3770.80 Safari/537.36"
45.148.10.59 - - [18/Sep/2024:02:34:42 -0400] "GET /%5C/www.auriculotherapy.org%5C/wp-includes%5C/js%5C/wp-emoji-release.min.js HTTP/1.0" 404 24288 "-" "Mozilla/5.0 (Macintosh; Intel Mac OS X 10.10; rv:40.0) Gecko/20100101 Firefox/40.0"
45.148.10.59 - - [18/Sep/2024:02:34:42 -0400] "GET //www.auriculotherapy.org/wp-content/themes/Jingged/includes/js/skip-link-focus-fix.js?ver=20130115 HTTP/1.0" 301 - "-" "Mozilla/5.0 (X11; CrOS x86_64 5841.83.0) AppleWebKit/537.36 (KHTML like Gecko) Chrome/36.0.1985.138 Safari/537.36"
45.148.10.59 - - [18/Sep/2024:02:34:42 -0400] "GET /wp-emoji-release.min.js?ver=6 HTTP/1.0" 404 24288 "-" "Mozilla/5.0 (iPhone; CPU iPhone OS 10_3_3 like Mac OS X) AppleWebKit/603.3.8 (KHTML, like Gecko) Mobile/14G60 MicroMessenger/7.0.4(0x17000428) NetType/WIFI Language/zh_CN"
10.30.72.4 - - [18/Sep/2024:03:02:43 -0400] "POST /wp-cron.php?doing_wp_cron=1726642963.5386030673980712890625 HTTP/1.0" 200 - "http://www.auriculotherapy.org/wp-cron.php?doing_wp_cron=1726642963.5386030673980712890625" "WordPress/6.1.7; https://www.auriculotherapy.org"
115.96.217.30 - - [18/Sep/2024:03:27:22 -0400] "GET / HTTP/1.0" 301 - "https://www.esatm.edu/academics/library.html" "Mozilla/5.0 (Windows; U; MSIE 9.0; Windows NT 9.0; en-US)"